02-22 02:34:24.651 I/wm_add_to_stopping( 1503): [0,37050654,com.thundercomm.screensaver/android.service.dreams.DreamActivity,completeFinishing]
02-22 02:34:24.652 I/wm_set_resumed_activity( 1503): [0,com.android.settings/.Settings,resumeTopActivityInnerLocked]
02-22 02:34:24.653 I/wm_resume_activity( 1503): [0,250080366,45,com.android.settings/.Settings]
02-22 02:34:24.654 I/sysui_multi_action( 1503): [757,803,799,window_time_0,802,1]
02-22 02:34:24.656 I/sysui_multi_action( 1503): [757,803,799,window_time_0,802,0]
02-22 02:34:24.665 I/input_focus( 1503): [Focus leaving f856df6 com.thundercomm.screensaver/android.service.dreams.DreamActivity (server),reason=NO_WINDOW]
02-22 02:34:24.665 I/view_enqueue_input_event( 6011): [Motion - Cancel,com.thundercomm.screensaver/android.service.dreams.DreamActivity]
02-22 02:34:24.665 I/wm_on_restart_called( 4132): [250080366,com.android.settings.Settings,performRestartActivity]
02-22 02:34:24.666 I/wm_on_start_called( 4132): [250080366,com.android.settings.Settings,handleStartActivity]
02-22 02:34:24.666 I/snet_event_log( 4132): [120484087,-1,]
02-22 02:34:24.666 I/wm_on_resume_called( 4132): [250080366,com.android.settings.Settings,RESUME_ACTIVITY]
02-22 02:34:24.667 I/sysui_multi_action( 4132): [757,35,758,1,833,0,1089,0]
02-22 02:34:24.668 I/sysui_multi_action( 4132): [757,47,758,1,833,0,1089,0]
02-22 02:34:24.671 I/wm_on_top_resumed_gained_called( 4132): [250080366,com.android.settings.Settings,topWhenResuming]
02-22 02:34:24.684 I/input_focus( 1503): [Focus request ab95283 com.android.settings/com.android.settings.Settings,reason=UpdateInputWindows]
02-22 02:34:24.686 I/input_interaction( 1503): Interaction with: edge-swipe (server), swipe-up (server), PointerEventDispatcher0 (server),
02-22 02:34:24.698 I/input_focus( 1503): [Focus entering ab95283 com.android.settings/com.android.settings.Settings (server),reason=setFocusedWindow]
02-22 02:34:25.200 I/wm_destroy_activity( 1503): [0,37050654,78,com.thundercomm.screensaver/android.service.dreams.DreamActivity,finish-imm:idle]
02-22 02:34:25.217 I/wm_on_stop_called( 6011): [37050654,android.service.dreams.DreamActivity,LIFECYCLER_STOP_ACTIVITY]
02-22 02:34:25.217 I/wm_on_destroy_called( 6011): [37050654,android.service.dreams.DreamActivity,performDestroy]
02-22 02:34:25.218 I/sysui_multi_action( 1503): [757,222,758,2]
02-22 02:34:25.218 I/sysui_multi_action( 1503): [757,804,799,dreaming_minutes,801,0,802,1]
02-22 02:34:25.221 I/wm_task_removed( 1503): [78,removeChild:removeChild last r=ActivityRecord{235591e u0 com.thundercomm.screensaver/android.service.dreams.DreamActivity t-1 f}} in t=Task{7927382 #78 type=dream A=10047:android:com.thundercomm.screensaver/dream U=0 visible=false mode=fullscreen translucent=true sz=0}]
02-22 02:34:25.221 I/wm_task_removed( 1503): [78,removeChild]
02-22 02:34:25.477 I/input_interaction( 1503): Interaction with: ab95283 com.android.settings/com.android.settings.Settings (server), edge-swipe (server), swipe-up (server), PointerEventDispatcher0 (server),
02-22 02:34:25.600 I/sysui_multi_action( 4132): [757,830,758,4,833,0,854,dream_start_button_container,1089,0]
02-22 02:34:25.810 I/commit_sys_config_file( 1503): [settings-2-0,9]
02-22 02:34:26.170 I/input_interaction( 1503): Interaction with: a916dde StatusBar (server), edge-swipe (server), swipe-up (server), PointerEventDispatcher0 (server),
02-22 02:34:26.175 I/sysui_multi_action( 1966): [757,803,799,panel_open,802,1]
02-22 02:34:26.176 I/sysui_multi_action( 1966): [757,1328,758,4,1326,42,1327,7,1329,0]
02-22 02:34:26.205 I/sysui_multi_action( 1503): [757,127,758,1]
02-22 02:34:26.205 I/sysui_multi_action( 1503): [757,804,799,note_load,801,2,802,1]
02-22 02:34:26.205 I/notification_panel_revealed( 1503): 2
02-22 02:34:26.213 I/input_focus( 1503): [Focus request 91ac81d NotificationShade,reason=UpdateInputWindows]
02-22 02:34:26.223 I/sysui_multi_action( 1503): [757,128,758,1,793,4877242,794,0,795,4877242,796,26,798,0,806,android,857,DEVELOPER_IMPORTANT,858,4,947,0,1395,2,1500,4876837,1688,1]
02-22 02:34:26.224 I/sysui_multi_action( 1503): [757,804,799,note_freshness,801,4877242,802,1]
02-22 02:34:26.224 I/notification_visibility( 1503): [-1|android|26|null|1000,1,4877242,4877242,0,0]
02-22 02:34:26.224 I/sysui_multi_action( 1503): [757,128,758,1,793,4877846,794,0,795,4877846,796,32,798,1,806,android,857,USB,858,1,947,0,1395,2,1500,4877771,1688,1]
02-22 02:34:26.224 I/sysui_multi_action( 1503): [757,804,799,note_freshness,801,4877846,802,1]
02-22 02:34:26.224 I/notification_visibility( 1503): [-1|android|32|null|1000,1,4877846,4877846,0,1]
02-22 02:34:26.237 I/input_focus( 1503): [Focus leaving ab95283 com.android.settings/com.android.settings.Settings (server),reason=setFocusedWindow]
02-22 02:34:26.237 I/input_focus( 1503): [Focus entering 91ac81d NotificationShade (server),reason=setFocusedWindow]
02-22 02:34:26.251 I/sysui_multi_action( 1966): [757,111,758,1]
02-22 02:34:26.251 I/sysui_multi_action( 1966): [757,126,758,1,759,126,927,0,928,1,1593,0]
02-22 02:34:26.251 I/sysui_multi_action( 1966): [757,113,758,1,759,113,927,1,928,1,1593,0]
02-22 02:34:26.251 I/sysui_multi_action( 1966): [757,0,758,1,759,0,927,2,928,0,1593,0]
02-22 02:34:26.252 I/sysui_multi_action( 1966): [757,0,758,1,759,0,927,3,928,0,1593,0]
02-22 02:34:26.252 I/sysui_multi_action( 1966): [757,491,758,1,759,491,927,4,928,0,1311,-1,1593,0]
02-22 02:34:26.252 I/sysui_multi_action( 1966): [757,0,758,1,759,0,927,5,928,0,1593,0]
02-22 02:34:26.252 I/sysui_multi_action( 1966): [757,111,758,1]
02-22 02:34:26.252 I/sysui_multi_action( 1966): [757,126,758,1,759,126,927,0,928,1,1593,0]
02-22 02:34:26.252 I/sysui_multi_action( 1966): [757,113,758,1,759,113,927,1,928,1,1593,0]
02-22 02:34:26.253 I/sysui_multi_action( 1966): [757,0,758,1,759,0,927,2,928,0,1593,0]
02-22 02:34:26.253 I/sysui_multi_action( 1966): [757,0,758,1,759,0,927,3,928,0,1593,0]
02-22 02:34:27.041 I/input_interaction( 1503): Interaction with: 91ac81d NotificationShade (server), edge-swipe (server), swipe-up (server), PointerEventDispatcher0 (server),
02-22 02:34:27.189 I/sysui_multi_action( 1503): [757,222,758,1]
02-22 02:34:27.200 I/wm_task_created( 1503): [79,-1]
02-22 02:34:27.204 I/wm_task_moved( 1503): [79,1,9]
02-22 02:34:27.204 I/wm_task_to_front( 1503): [0,79]
02-22 02:34:27.204 I/wm_create_task( 1503): [0,79]
02-22 02:34:27.204 I/wm_create_activity( 1503): [0,191356777,79,com.thundercomm.screensaver/android.service.dreams.DreamActivity,NULL,NULL,NULL,276824064]
02-22 02:34:27.204 I/wm_task_moved( 1503): [79,1,9]
02-22 02:34:27.205 I/wm_pause_activity( 1503): [0,250080366,com.android.settings/.Settings,userLeaving=true,pauseBackTasks]
02-22 02:34:27.206 I/wm_on_top_resumed_lost_called( 4132): [250080366,com.android.settings.Settings,topStateChangedWhenResumed]
02-22 02:34:27.208 I/input_focus( 1503): [Focus request ab95283 com.android.settings/com.android.settings.Settings,reason=UpdateInputWindows]
02-22 02:34:27.209 I/sysui_multi_action( 4132): [757,35,758,2,1089,2543]
02-22 02:34:27.210 I/sysui_multi_action( 4132): [757,47,758,2,1089,2542]
02-22 02:34:27.210 I/wm_on_paused_called( 4132): [250080366,com.android.settings.Settings,performPause]
02-22 02:34:27.211 I/wm_add_to_stopping( 1503): [0,250080366,com.android.settings/.Settings,makeInvisible]
02-22 02:34:27.212 I/wm_restart_activity( 1503): [0,191356777,79,com.thundercomm.screensaver/android.service.dreams.DreamActivity]
02-22 02:34:27.213 I/wm_set_resumed_activity( 1503): [0,com.thundercomm.screensaver/android.service.dreams.DreamActivity,minimalResumeActivityLocked]
02-22 02:34:27.216 I/sysui_multi_action( 1503): [757,803,799,window_time_0,802,3]
02-22 02:34:27.218 I/wm_on_create_called( 6011): [191356777,android.service.dreams.DreamActivity,performCreate]
02-22 02:34:27.218 I/wm_on_start_called( 6011): [191356777,android.service.dreams.DreamActivity,handleStartActivity]
02-22 02:34:27.219 I/wm_on_resume_called( 6011): [191356777,android.service.dreams.DreamActivity,RESUME_ACTIVITY]
02-22 02:34:27.221 I/wm_on_top_resumed_gained_called( 6011): [191356777,android.service.dreams.DreamActivity,topStateChangedWhenResumed]
02-22 02:34:27.225 I/input_focus( 1503): [Focus leaving 91ac81d NotificationShade (server),reason=NOT_FOCUSABLE]
02-22 02:34:27.225 I/input_focus( 1503): [Focus entering ab95283 com.android.settings/com.android.settings.Settings (server),reason=setFocusedWindow]
02-22 02:34:27.226 I/input_focus( 1503): [Focus request 5c312a1 com.thundercomm.screensaver/android.service.dreams.DreamActivity,reason=UpdateInputWindows]
02-22 02:34:27.236 I/sysui_multi_action( 1503): [319,37,322,34,325,4889,757,761,758,8,759,2,806,com.thundercomm.screensaver,871,android.service.dreams.DreamActivity,904,com.thundercomm.screensaver,905,0,1320,4,1321,2]
02-22 02:34:27.236 I/wm_activity_launch_time( 1503): [0,191356777,com.thundercomm.screensaver/android.service.dreams.DreamActivity,34]
02-22 02:34:27.238 I/input_focus( 1503): [Focus leaving ab95283 com.android.settings/com.android.settings.Settings (server),reason=NO_WINDOW]
02-22 02:34:27.246 I/notification_enqueue( 1503): [10078,1966,com.android.systemui,2048,NULL,0,Notification(channel=updateNotification shortcut=null contentView=null vibrate=null sound=null defaults=0x0 flags=0x0 color=0x00000000 vis=PRIVATE),1]
02-22 02:34:27.246 I/sysui_multi_action( 1966): [757,111,758,2]
02-22 02:34:27.246 I/sysui_multi_action( 1966): [757,111,758,2]
02-22 02:34:27.253 I/sysui_multi_action( 1966): [757,111,758,1]
02-22 02:34:27.253 I/sysui_multi_action( 1966): [757,126,758,1,759,126,927,0,928,1,1593,1]
02-22 02:34:27.253 I/sysui_multi_action( 1966): [757,113,758,1,759,113,927,1,928,1,1593,1]
02-22 02:34:27.253 I/sysui_multi_action( 1966): [757,0,758,1,759,0,927,2,928,0,1593,1]
02-22 02:34:27.253 I/sysui_multi_action( 1966): [757,0,758,1,759,0,927,3,928,0,1593,1]
02-22 02:34:27.253 I/sysui_multi_action( 1966): [757,491,758,1,759,491,927,4,928,0,1311,-1,1593,0]
02-22 02:34:27.253 I/sysui_multi_action( 1966): [757,0,758,1,759,0,927,5,928,0,1593,0]
02-22 02:34:27.253 I/sysui_multi_action( 1966): [757,111,758,1]
02-22 02:34:27.253 I/sysui_multi_action( 1966): [757,126,758,1,759,126,927,0,928,1,1593,1]
02-22 02:34:27.253 I/sysui_multi_action( 1966): [757,113,758,1,759,113,927,1,928,1,1593,1]
02-22 02:34:27.253 I/sysui_multi_action( 1966): [757,0,758,1,759,0,927,2,928,0,1593,1]
02-22 02:34:27.253 I/sysui_multi_action( 1966): [757,0,758,1,759,0,927,3,928,0,1593,1]
02-22 02:34:27.254 I/input_focus( 1503): [Focus entering 5c312a1 com.thundercomm.screensaver/android.service.dreams.DreamActivity (server),reason=Window became focusable. Previous reason: NOT_VISIBLE]
02-22 02:34:27.382 I/commit_sys_config_file( 1503): [settings-2-0,2]
02-22 02:34:27.504 I/notification_enqueue( 1503): [10078,1966,com.android.systemui,2048,NULL,0,Notification(channel=updateNotification shortcut=null contentView=null vibrate=null sound=null defaults=0x0 flags=0x0 color=0x00000000 vis=PRIVATE),1]
02-22 02:34:27.504 I/sysui_multi_action( 1966): [757,111,758,2]
02-22 02:34:27.504 I/sysui_multi_action( 1966): [757,111,758,2]
02-22 02:34:27.710 I/sysui_multi_action( 1503): [757,128,758,2,793,4878729,794,1487,795,4878729,796,26,798,0,806,android,857,DEVELOPER_IMPORTANT,858,4,947,0,1395,2,1500,4878324,1688,1]
02-22 02:34:27.710 I/notification_visibility( 1503): [-1|android|26|null|1000,0,4878729,4878729,0,0]
02-22 02:34:27.710 I/sysui_multi_action( 1503): [757,128,758,2,793,4879332,794,1486,795,4879332,796,32,798,1,806,android,857,USB,858,1,947,0,1395,2,1500,4879257,1688,1]
02-22 02:34:27.711 I/notification_visibility( 1503): [-1|android|32|null|1000,0,4879332,4879332,0,1]
02-22 02:34:27.711 I/sysui_multi_action( 1503): [757,127,758,2]
02-22 02:34:27.711 I/notification_panel_hidden( 1503):
02-22 02:34:27.738 I/wm_stop_activity( 1503): [0,250080366,com.android.settings/.Settings]
02-22 02:34:27.743 I/wm_on_stop_called( 4132): [250080366,com.android.settings.Settings,STOP_ACTIVITY_ITEM]
02-22 02:34:28.136 I/input_interaction( 1503): Interaction with: 5c312a1 com.thundercomm.screensaver/android.service.dreams.DreamActivity (server), edge-swipe (server), swipe-up (server), PointerEventDispatcher0 (server),
02-22 02:34:28.136 I/wm_finish_activity( 1503): [0,191356777,79,com.thundercomm.screensaver/android.service.dreams.DreamActivity,finish-activity]
02-22 02:34:28.136 I/wm_task_moved( 1503): [45,1,8]
02-22 02:34:28.136 I/wm_task_to_front( 1503): [0,45]
02-22 02:34:28.137 I/wm_focused_root_task( 1503): [0,0,45,79,finish-top adjustFocusToNextFocusableTask]
02-22 02:34:28.137 I/wm_pause_activity( 1503): [0,191356777,com.thundercomm.screensaver/android.service.dreams.DreamActivity,userLeaving=false,finish]
02-22 02:34:28.139 I/sysui_multi_action( 1503): [757,803,799,window_time_0,802,0]
02-22 02:34:28.139 I/wm_on_top_resumed_lost_called( 6011): [191356777,android.service.dreams.DreamActivity,topStateChangedWhenResumed]
02-22 02:34:28.139 I/wm_on_paused_called( 6011): [191356777,android.service.dreams.DreamActivity,performPause]
02-22 02:34:28.140 I/wm_add_to_stopping( 1503): [0,191356777,com.thundercomm.screensaver/android.service.dreams.DreamActivity,completeFinishing]
02-22 02:34:28.141 I/wm_set_resumed_activity( 1503): [0,com.android.settings/.Settings,resumeTopActivityInnerLocked]
02-22 02:34:28.141 I/wm_resume_activity( 1503): [0,250080366,45,com.android.settings/.Settings]
02-22 02:34:28.143 I/sysui_multi_action( 1503): [757,803,799,window_time_0,802,0]
02-22 02:34:28.156 I/view_enqueue_input_event( 6011): [Motion - Cancel,com.thundercomm.screensaver/android.service.dreams.DreamActivity]
02-22 02:34:28.157 I/input_focus( 1503): [Focus leaving 5c312a1 com.thundercomm.screensaver/android.service.dreams.DreamActivity (server),reason=NO_WINDOW]
02-22 02:34:28.157 I/wm_on_restart_called( 4132): [250080366,com.android.settings.Settings,performRestartActivity]
02-22 02:34:28.158 I/wm_on_start_called( 4132): [250080366,com.android.settings.Settings,handleStartActivity]
02-22 02:34:28.158 I/snet_event_log( 4132): [120484087,-1,]
02-22 02:34:28.158 I/wm_on_resume_called( 4132): [250080366,com.android.settings.Settings,RESUME_ACTIVITY]
02-22 02:34:28.159 I/sysui_multi_action( 4132): [757,35,758,1,833,0,1089,0]
02-22 02:34:28.159 I/sysui_multi_action( 4132): [757,47,758,1,833,0,1089,0]
02-22 02:34:28.161 I/input_interaction( 1503): Interaction with: edge-swipe (server), swipe-up (server), PointerEventDispatcher0 (server),
02-22 02:34:28.163 I/wm_on_top_resumed_gained_called( 4132): [250080366,com.android.settings.Settings,topWhenResuming]
02-22 02:34:28.175 I/input_focus( 1503): [Focus request ab95283 com.android.settings/com.android.settings.Settings,reason=UpdateInputWindows]
02-22 02:34:28.190 I/input_focus( 1503): [Focus entering ab95283 com.android.settings/com.android.settings.Settings (server),reason=setFocusedWindow]
02-22 02:34:28.690 I/wm_destroy_activity( 1503): [0,191356777,79,com.thundercomm.screensaver/android.service.dreams.DreamActivity,finish-imm:idle]
02-22 02:34:28.708 I/wm_on_stop_called( 6011): [191356777,android.service.dreams.DreamActivity,LIFECYCLER_STOP_ACTIVITY]
02-22 02:34:28.709 I/wm_on_destroy_called( 6011): [191356777,android.service.dreams.DreamActivity,performDestroy]
02-22 02:34:28.709 I/sysui_multi_action( 1503): [757,222,758,2]
02-22 02:34:28.709 I/sysui_multi_action( 1503): [757,804,799,dreaming_minutes,801,0,802,1]
02-22 02:34:28.712 I/wm_task_removed( 1503): [79,removeChild:removeChild last r=ActivityRecord{b67df69 u0 com.thundercomm.screensaver/android.service.dreams.DreamActivity t-1 f}} in t=Task{c5d37dd #79 type=dream A=10047:android:com.thundercomm.screensaver/dream U=0 visible=false mode=fullscreen translucent=true sz=0}]
02-22 02:34:28.712 I/wm_task_removed( 1503): [79,removeChild]
02-22 02:34:29.041 I/input_interaction( 1503): Interaction with: ab95283 com.android.settings/com.android.settings.Settings (server), edge-swipe (server), swipe-up (server), PointerEventDispatcher0 (server),
02-22 02:34:29.177 I/sysui_multi_action( 4132): [757,830,758,4,833,0,854,dream_start_button_container,1089,0]
02-22 02:34:29.385 I/commit_sys_config_file( 1503): [settings-2-0,7]
02-22 02:34:29.852 I/input_interaction( 1503): Interaction with: a916dde StatusBar (server), edge-swipe (server), swipe-up (server), PointerEventDispatcher0 (server),
02-22 02:34:29.856 I/sysui_multi_action( 1966): [757,803,799,panel_open,802,1]
02-22 02:34:29.857 I/sysui_multi_action( 1966): [757,1328,758,4,1326,43,1327,1,1329,0]
02-22 02:34:29.883 I/sysui_multi_action( 1503): [757,127,758,1]
02-22 02:34:29.883 I/sysui_multi_action( 1503): [757,804,799,note_load,801,2,802,1]
02-22 02:34:29.883 I/notification_panel_revealed( 1503): 2
02-22 02:34:29.895 I/input_focus( 1503): [Focus request 91ac81d NotificationShade,reason=UpdateInputWindows]
02-22 02:34:29.905 I/sysui_multi_action( 1503): [757,128,758,1,793,4880924,794,0,795,4880924,796,26,798,0,806,android,857,DEVELOPER_IMPORTANT,858,4,947,0,1395,2,1500,4880519,1688,1]
02-22 02:34:29.905 I/sysui_multi_action( 1503): [757,804,799,note_freshness,801,4880924,802,1]
02-22 02:34:29.905 I/notification_visibility( 1503): [-1|android|26|null|1000,1,4880924,4880924,0,0]
02-22 02:34:29.905 I/sysui_multi_action( 1503): [757,128,758,1,793,4881527,794,0,795,4881527,796,32,798,1,806,android,857,USB,858,1,947,0,1395,2,1500,4881452,1688,1]
02-22 02:34:29.905 I/sysui_multi_action( 1503): [757,804,799,note_freshness,801,4881527,802,1]
02-22 02:34:29.905 I/notification_visibility( 1503): [-1|android|32|null|1000,1,4881527,4881527,0,1]
02-22 02:34:29.912 I/input_focus( 1503): [Focus leaving ab95283 com.android.settings/com.android.settings.Settings (server),reason=setFocusedWindow]
02-22 02:34:29.913 I/input_focus( 1503): [Focus entering 91ac81d NotificationShade (server),reason=setFocusedWindow]
02-22 02:34:29.943 I/sysui_multi_action( 1966): [757,111,758,1]
02-22 02:34:29.943 I/sysui_multi_action( 1966): [757,126,758,1,759,126,927,0,928,1,1593,0]
02-22 02:34:29.944 I/sysui_multi_action( 1966): [757,113,758,1,759,113,927,1,928,1,1593,0]
02-22 02:34:29.944 I/sysui_multi_action( 1966): [757,0,758,1,759,0,927,2,928,0,1593,0]
02-22 02:34:29.944 I/sysui_multi_action( 1966): [757,0,758,1,759,0,927,3,928,0,1593,0]
02-22 02:34:29.944 I/sysui_multi_action( 1966): [757,491,758,1,759,491,927,4,928,0,1311,-1,1593,0]
02-22 02:34:29.944 I/sysui_multi_action( 1966): [757,0,758,1,759,0,927,5,928,0,1593,0]
02-22 02:34:29.944 I/sysui_multi_action( 1966): [757,111,758,1]
02-22 02:34:29.944 I/sysui_multi_action( 1966): [757,126,758,1,759,126,927,0,928,1,1593,0]
02-22 02:34:29.945 I/sysui_multi_action( 1966): [757,113,758,1,759,113,927,1,928,1,1593,0]
02-22 02:34:29.945 I/sysui_multi_action( 1966): [757,0,758,1,759,0,927,2,928,0,1593,0]
02-22 02:34:29.945 I/sysui_multi_action( 1966): [757,0,758,1,759,0,927,3,928,0,1593,0]
02-22 02:34:31.227 I/input_interaction( 1503): Interaction with: 91ac81d NotificationShade (server), edge-swipe (server), swipe-up (server), PointerEventDispatcher0 (server),
02-22 02:34:31.364 I/sysui_multi_action( 1503): [757,222,758,1]
02-22 02:34:31.387 I/wm_task_created( 1503): [80,-1]
02-22 02:34:31.390 I/wm_task_moved( 1503): [80,1,9]
02-22 02:34:31.390 I/wm_task_to_front( 1503): [0,80]
02-22 02:34:31.391 I/wm_create_task( 1503): [0,80]
02-22 02:34:31.391 I/wm_create_activity( 1503): [0,63539771,80,com.thundercomm.screensaver/android.service.dreams.DreamActivity,NULL,NULL,NULL,276824064]
02-22 02:34:31.391 I/wm_task_moved( 1503): [80,1,9]
02-22 02:34:31.391 I/wm_pause_activity( 1503): [0,250080366,com.android.settings/.Settings,userLeaving=true,pauseBackTasks]
02-22 02:34:31.394 I/input_focus( 1503): [Focus request ab95283 com.android.settings/com.android.settings.Settings,reason=UpdateInputWindows]
02-22 02:34:31.397 I/wm_on_top_resumed_lost_called( 4132): [250080366,com.android.settings.Settings,topStateChangedWhenResumed]
02-22 02:34:31.398 I/sysui_multi_action( 4132): [757,35,758,2,1089,3239]
02-22 02:34:31.398 I/sysui_multi_action( 4132): [757,47,758,2,1089,3239]
02-22 02:34:31.399 I/wm_on_paused_called( 4132): [250080366,com.android.settings.Settings,performPause]
02-22 02:34:31.401 I/wm_add_to_stopping( 1503): [0,250080366,com.android.settings/.Settings,makeInvisible]
02-22 02:34:31.401 I/wm_restart_activity( 1503): [0,63539771,80,com.thundercomm.screensaver/android.service.dreams.DreamActivity]
02-22 02:34:31.402 I/wm_set_resumed_activity( 1503): [0,com.thundercomm.screensaver/android.service.dreams.DreamActivity,minimalResumeActivityLocked]
02-22 02:34:31.404 I/sysui_multi_action( 1503): [757,803,799,window_time_0,802,4]
02-22 02:34:31.406 I/wm_on_create_called( 6011): [63539771,android.service.dreams.DreamActivity,performCreate]
02-22 02:34:31.407 I/wm_on_start_called( 6011): [63539771,android.service.dreams.DreamActivity,handleStartActivity]
02-22 02:34:31.407 I/wm_on_resume_called( 6011): [63539771,android.service.dreams.DreamActivity,RESUME_ACTIVITY]
02-22 02:34:31.409 I/wm_on_top_resumed_gained_called( 6011): [63539771,android.service.dreams.DreamActivity,topStateChangedWhenResumed]
02-22 02:34:31.415 I/input_focus( 1503): [Focus leaving 91ac81d NotificationShade (server),reason=NOT_FOCUSABLE]
02-22 02:34:31.415 I/input_focus( 1503): [Focus entering ab95283 com.android.settings/com.android.settings.Settings (server),reason=setFocusedWindow]
02-22 02:34:31.419 I/input_focus( 1503): [Focus request 37105b3 com.thundercomm.screensaver/android.service.dreams.DreamActivity,reason=UpdateInputWindows]
02-22 02:34:31.428 I/sysui_multi_action( 1503): [319,48,322,45,325,4893,757,761,758,8,759,2,806,com.thundercomm.screensaver,871,android.service.dreams.DreamActivity,904,com.thundercomm.screensaver,905,0,1320,4,1321,2]
02-22 02:34:31.429 I/wm_activity_launch_time( 1503): [0,63539771,com.thundercomm.screensaver/android.service.dreams.DreamActivity,45]
02-22 02:34:31.433 I/sysui_multi_action( 1966): [757,111,758,2]
02-22 02:34:31.433 I/input_focus( 1503): [Focus leaving ab95283 com.android.settings/com.android.settings.Settings (server),reason=NO_WINDOW]
02-22 02:34:31.433 I/sysui_multi_action( 1966): [757,111,758,2]
02-22 02:34:31.435 I/notification_enqueue( 1503): [10078,1966,com.android.systemui,2048,NULL,0,Notification(channel=updateNotification shortcut=null contentView=null vibrate=null sound=null defaults=0x0 flags=0x0 color=0x00000000 vis=PRIVATE),1]
02-22 02:34:31.446 I/sysui_multi_action( 1966): [757,111,758,1]
02-22 02:34:31.447 I/sysui_multi_action( 1966): [757,126,758,1,759,126,927,0,928,1,1593,1]
02-22 02:34:31.447 I/sysui_multi_action( 1966): [757,113,758,1,759,113,927,1,928,1,1593,1]
02-22 02:34:31.447 I/sysui_multi_action( 1966): [757,0,758,1,759,0,927,2,928,0,1593,1]
02-22 02:34:31.447 I/sysui_multi_action( 1966): [757,0,758,1,759,0,927,3,928,0,1593,1]
02-22 02:34:31.447 I/sysui_multi_action( 1966): [757,491,758,1,759,491,927,4,928,0,1311,-1,1593,0]
02-22 02:34:31.447 I/sysui_multi_action( 1966): [757,0,758,1,759,0,927,5,928,0,1593,0]
02-22 02:34:31.447 I/sysui_multi_action( 1966): [757,111,758,1]
02-22 02:34:31.447 I/sysui_multi_action( 1966): [757,126,758,1,759,126,927,0,928,1,1593,1]
02-22 02:34:31.447 I/sysui_multi_action( 1966): [757,113,758,1,759,113,927,1,928,1,1593,1]
02-22 02:34:31.447 I/sysui_multi_action( 1966): [757,0,758,1,759,0,927,2,928,0,1593,1]
02-22 02:34:31.447 I/sysui_multi_action( 1966): [757,0,758,1,759,0,927,3,928,0,1593,1]
02-22 02:34:31.448 I/input_focus( 1503): [Focus entering 37105b3 com.thundercomm.screensaver/android.service.dreams.DreamActivity (server),reason=Window became focusable. Previous reason: NOT_VISIBLE]
02-22 02:34:31.558 I/commit_sys_config_file( 1503): [settings-2-0,2]
02-22 02:34:31.681 I/notification_enqueue( 1503): [10078,1966,com.android.systemui,2048,NULL,0,Notification(channel=updateNotification shortcut=null contentView=null vibrate=null sound=null defaults=0x0 flags=0x0 color=0x00000000 vis=PRIVATE),1]
02-22 02:34:31.681 I/sysui_multi_action( 1966): [757,111,758,2]
02-22 02:34:31.681 I/sysui_multi_action( 1966): [757,111,758,2]
02-22 02:34:31.887 I/sysui_multi_action( 1503): [757,128,758,2,793,4882906,794,1982,795,4882906,796,26,798,0,806,android,857,DEVELOPER_IMPORTANT,858,4,947,0,1395,2,1500,4882501,1688,1]
02-22 02:34:31.887 I/notification_visibility( 1503): [-1|android|26|null|1000,0,4882906,4882906,0,0]
02-22 02:34:31.887 I/sysui_multi_action( 1503): [757,128,758,2,793,4883509,794,1982,795,4883509,796,32,798,1,806,android,857,USB,858,1,947,0,1395,2,1500,4883434,1688,1]
02-22 02:34:31.887 I/notification_visibility( 1503): [-1|android|32|null|1000,0,4883509,4883509,0,1]
02-22 02:34:31.889 I/sysui_multi_action( 1503): [757,127,758,2]
02-22 02:34:31.889 I/notification_panel_hidden( 1503):
02-22 02:34:31.933 I/wm_stop_activity( 1503): [0,250080366,com.android.settings/.Settings]
02-22 02:34:31.955 I/wm_on_stop_called( 4132): [250080366,com.android.settings.Settings,STOP_ACTIVITY_ITEM]
02-22 02:34:32.230 I/input_interaction( 1503): Interaction with: 37105b3 com.thundercomm.screensaver/android.service.dreams.DreamActivity (server), edge-swipe (server), swipe-up (server), PointerEventDispatcher0 (server),
02-22 02:34:32.231 I/wm_finish_activity( 1503): [0,63539771,80,com.thundercomm.screensaver/android.service.dreams.DreamActivity,finish-activity]
02-22 02:34:32.231 I/wm_task_moved( 1503): [45,1,8]
02-22 02:34:32.231 I/wm_task_to_front( 1503): [0,45]
02-22 02:34:32.231 I/wm_focused_root_task( 1503): [0,0,45,80,finish-top adjustFocusToNextFocusableTask]
02-22 02:34:32.232 I/wm_pause_activity( 1503): [0,63539771,com.thundercomm.screensaver/android.service.dreams.DreamActivity,userLeaving=false,finish]
02-22 02:34:32.234 I/sysui_multi_action( 1503): [757,803,799,window_time_0,802,1]
02-22 02:34:32.234 I/wm_on_top_resumed_lost_called( 6011): [63539771,android.service.dreams.DreamActivity,topStateChangedWhenResumed]
02-22 02:34:32.234 I/wm_on_paused_called( 6011): [63539771,android.service.dreams.DreamActivity,performPause]
02-22 02:34:32.234 I/wm_add_to_stopping( 1503): [0,63539771,com.thundercomm.screensaver/android.service.dreams.DreamActivity,completeFinishing]
02-22 02:34:32.235 I/wm_set_resumed_activity( 1503): [0,com.android.settings/.Settings,resumeTopActivityInnerLocked]
02-22 02:34:32.236 I/wm_resume_activity( 1503): [0,250080366,45,com.android.settings/.Settings]
02-22 02:34:32.238 I/sysui_multi_action( 1503): [757,803,799,window_time_0,802,0]
02-22 02:34:32.250 I/input_focus( 1503): [Focus leaving 37105b3 com.thundercomm.screensaver/android.service.dreams.DreamActivity (server),reason=NO_WINDOW]
02-22 02:34:32.250 I/view_enqueue_input_event( 6011): [Motion - Cancel,com.thundercomm.screensaver/android.service.dreams.DreamActivity]
02-22 02:34:32.250 I/wm_on_restart_called( 4132): [250080366,com.android.settings.Settings,performRestartActivity]
02-22 02:34:32.251 I/wm_on_start_called( 4132): [250080366,com.android.settings.Settings,handleStartActivity]
02-22 02:34:32.251 I/snet_event_log( 4132): [120484087,-1,]
02-22 02:34:32.252 I/wm_on_resume_called( 4132): [250080366,com.android.settings.Settings,RESUME_ACTIVITY]
02-22 02:34:32.252 I/sysui_multi_action( 4132): [757,35,758,1,833,0,1089,0]
02-22 02:34:32.253 I/sysui_multi_action( 4132): [757,47,758,1,833,0,1089,0]
02-22 02:34:32.255 I/input_interaction( 1503): Interaction with: edge-swipe (server), swipe-up (server), PointerEventDispatcher0 (server),
02-22 02:34:32.256 I/wm_on_top_resumed_gained_called( 4132): [250080366,com.android.settings.Settings,topWhenResuming]
02-22 02:34:32.269 I/input_focus( 1503): [Focus request ab95283 com.android.settings/com.android.settings.Settings,reason=UpdateInputWindows]
02-22 02:34:32.283 I/input_focus( 1503): [Focus entering ab95283 com.android.settings/com.android.settings.Settings (server),reason=setFocusedWindow]
02-22 02:34:32.783 I/wm_destroy_activity( 1503): [0,63539771,80,com.thundercomm.screensaver/android.service.dreams.DreamActivity,finish-imm:idle]
02-22 02:34:32.801 I/wm_on_stop_called( 6011): [63539771,android.service.dreams.DreamActivity,LIFECYCLER_STOP_ACTIVITY]
02-22 02:34:32.802 I/wm_on_destroy_called( 6011): [63539771,android.service.dreams.DreamActivity,performDestroy]
02-22 02:34:32.802 I/sysui_multi_action( 1503): [757,222,758,2]
02-22 02:34:32.802 I/sysui_multi_action( 1503): [757,804,799,dreaming_minutes,801,0,802,1]
02-22 02:34:32.806 I/wm_task_removed( 1503): [80,removeChild:removeChild last r=ActivityRecord{3c98a3b u0 com.thundercomm.screensaver/android.service.dreams.DreamActivity t-1 f}} in t=Task{eec4a0f #80 type=dream A=10047:android:com.thundercomm.screensaver/dream U=0 visible=false mode=fullscreen translucent=true sz=0}]
02-22 02:34:32.806 I/wm_task_removed( 1503): [80,removeChild]
02-22 02:34:32.958 I/input_interaction( 1503): Interaction with: ab95283 com.android.settings/com.android.settings.Settings (server), edge-swipe (server), swipe-up (server), PointerEventDispatcher0 (server),
02-22 02:34:33.108 I/sysui_multi_action( 4132): [757,830,758,4,833,0,854,dream_start_button_container,1089,0]
02-22 02:34:33.310 I/commit_sys_config_file( 1503): [settings-2-0,2]
02-22 02:34:33.676 I/input_interaction( 1503): Interaction with: a916dde StatusBar (server), edge-swipe (server), swipe-up (server), PointerEventDispatcher0 (server),
02-22 02:34:33.679 I/sysui_multi_action( 1966): [757,803,799,panel_open,802,1]
02-22 02:34:33.681 I/sysui_multi_action( 1966): [757,1328,758,4,1326,42,1327,1,1329,0]
02-22 02:34:33.725 I/sysui_multi_action( 1503): [757,127,758,1]
02-22 02:34:33.725 I/sysui_multi_action( 1503): [757,804,799,note_load,801,2,802,1]
02-22 02:34:33.725 I/notification_panel_revealed( 1503): 2
02-22 02:34:33.733 I/input_focus( 1503): [Focus request 91ac81d NotificationShade,reason=UpdateInputWindows]
02-22 02:34:33.744 I/sysui_multi_action( 1503): [757,128,758,1,793,4884763,794,0,795,4884763,796,26,798,0,806,android,857,DEVELOPER_IMPORTANT,858,4,947,0,1395,2,1500,4884358,1688,1]
02-22 02:34:33.744 I/sysui_multi_action( 1503): [757,804,799,note_freshness,801,4884763,802,1]
02-22 02:34:33.744 I/notification_visibility( 1503): [-1|android|26|null|1000,1,4884763,4884763,0,0]
02-22 02:34:33.744 I/sysui_multi_action( 1503): [757,128,758,1,793,4885366,794,0,795,4885366,796,32,798,1,806,android,857,USB,858,1,947,0,1395,2,1500,4885291,1688,1]
02-22 02:34:33.744 I/sysui_multi_action( 1503): [757,804,799,note_freshness,801,4885366,802,1]
02-22 02:34:33.744 I/notification_visibility( 1503): [-1|android|32|null|1000,1,4885366,4885366,0,1]
02-22 02:34:33.755 I/input_focus( 1503): [Focus leaving ab95283 com.android.settings/com.android.settings.Settings (server),reason=setFocusedWindow]
02-22 02:34:33.755 I/input_focus( 1503): [Focus entering 91ac81d NotificationShade (server),reason=setFocusedWindow]
02-22 02:34:33.769 I/sysui_multi_action( 1966): [757,111,758,1]
02-22 02:34:33.769 I/sysui_multi_action( 1966): [757,126,758,1,759,126,927,0,928,1,1593,0]
02-22 02:34:33.769 I/sysui_multi_action( 1966): [757,113,758,1,759,113,927,1,928,1,1593,0]
02-22 02:34:33.770 I/sysui_multi_action( 1966): [757,0,758,1,759,0,927,2,928,0,1593,0]
02-22 02:34:33.770 I/sysui_multi_action( 1966): [757,0,758,1,759,0,927,3,928,0,1593,0]
02-22 02:34:33.770 I/sysui_multi_action( 1966): [757,491,758,1,759,491,927,4,928,0,1311,-1,1593,0]
02-22 02:34:33.770 I/sysui_multi_action( 1966): [757,0,758,1,759,0,927,5,928,0,1593,0]
02-22 02:34:33.770 I/sysui_multi_action( 1966): [757,111,758,1]
02-22 02:34:33.770 I/sysui_multi_action( 1966): [757,126,758,1,759,126,927,0,928,1,1593,0]
02-22 02:34:33.770 I/sysui_multi_action( 1966): [757,113,758,1,759,113,927,1,928,1,1593,0]
02-22 02:34:33.770 I/sysui_multi_action( 1966): [757,0,758,1,759,0,927,2,928,0,1593,0]
02-22 02:34:33.771 I/sysui_multi_action( 1966): [757,0,758,1,759,0,927,3,928,0,1593,0]
02-22 02:34:34.659 I/input_interaction( 1503): Interaction with: 91ac81d NotificationShade (server), edge-swipe (server), swipe-up (server), PointerEventDispatcher0 (server),
02-22 02:34:34.793 I/sysui_multi_action( 1503): [757,222,758,1]
02-22 02:34:34.804 I/wm_task_created( 1503): [81,-1]
02-22 02:34:34.807 I/wm_task_moved( 1503): [81,1,9]
02-22 02:34:34.807 I/wm_task_to_front( 1503): [0,81]
02-22 02:34:34.807 I/wm_create_task( 1503): [0,81]
02-22 02:34:34.807 I/wm_create_activity( 1503): [0,60940954,81,com.thundercomm.screensaver/android.service.dreams.DreamActivity,NULL,NULL,NULL,276824064]
02-22 02:34:34.807 I/wm_task_moved( 1503): [81,1,9]
02-22 02:34:34.808 I/wm_pause_activity( 1503): [0,250080366,com.android.settings/.Settings,userLeaving=true,pauseBackTasks]
02-22 02:34:34.809 I/wm_on_top_resumed_lost_called( 4132): [250080366,com.android.settings.Settings,topStateChangedWhenResumed]
02-22 02:34:34.810 I/sysui_multi_action( 4132): [757,35,758,2,1089,2559]
02-22 02:34:34.811 I/sysui_multi_action( 4132): [757,47,758,2,1089,2558]
02-22 02:34:34.811 I/wm_on_paused_called( 4132): [250080366,com.android.settings.Settings,performPause]
02-22 02:34:34.813 I/wm_add_to_stopping( 1503): [0,250080366,com.android.settings/.Settings,makeInvisible]
02-22 02:34:34.814 I/wm_restart_activity( 1503): [0,60940954,81,com.thundercomm.screensaver/android.service.dreams.DreamActivity]
02-22 02:34:34.814 I/wm_set_resumed_activity( 1503): [0,com.thundercomm.screensaver/android.service.dreams.DreamActivity,minimalResumeActivityLocked]
02-22 02:34:34.817 I/sysui_multi_action( 1503): [757,803,799,window_time_0,802,2]
02-22 02:34:34.819 I/wm_on_create_called( 6011): [60940954,android.service.dreams.DreamActivity,performCreate]
02-22 02:34:34.819 I/wm_on_start_called( 6011): [60940954,android.service.dreams.DreamActivity,handleStartActivity]
02-22 02:34:34.819 I/wm_on_resume_called( 6011): [60940954,android.service.dreams.DreamActivity,RESUME_ACTIVITY]
02-22 02:34:34.821 I/wm_on_top_resumed_gained_called( 6011): [60940954,android.service.dreams.DreamActivity,topStateChangedWhenResumed]
02-22 02:34:34.826 I/input_focus( 1503): [Focus request e522af2 com.thundercomm.screensaver/android.service.dreams.DreamActivity,reason=UpdateInputWindows]
02-22 02:34:34.831 I/notification_enqueue( 1503): [10078,1966,com.android.systemui,2048,NULL,0,Notification(channel=updateNotification shortcut=null contentView=null vibrate=null sound=null defaults=0x0 flags=0x0 color=0x00000000 vis=PRIVATE),1]
02-22 02:34:34.831 I/sysui_multi_action( 1966): [757,111,758,2]
02-22 02:34:34.831 I/sysui_multi_action( 1966): [757,111,758,2]
02-22 02:34:34.837 I/sysui_multi_action( 1503): [319,34,322,30,325,4896,757,761,758,8,759,2,806,com.thundercomm.screensaver,871,android.service.dreams.DreamActivity,904,com.thundercomm.screensaver,905,0,1320,4,1321,2]
02-22 02:34:34.837 I/wm_activity_launch_time( 1503): [0,60940954,com.thundercomm.screensaver/android.service.dreams.DreamActivity,30]
02-22 02:34:34.838 I/sysui_multi_action( 1966): [757,111,758,1]
02-22 02:34:34.838 I/sysui_multi_action( 1966): [757,126,758,1,759,126,927,0,928,1,1593,0]
02-22 02:34:34.838 I/sysui_multi_action( 1966): [757,113,758,1,759,113,927,1,928,1,1593,0]
02-22 02:34:34.838 I/sysui_multi_action( 1966): [757,0,758,1,759,0,927,2,928,0,1593,1]
02-22 02:34:34.838 I/sysui_multi_action( 1966): [757,0,758,1,759,0,927,3,928,0,1593,1]
02-22 02:34:34.840 I/input_focus( 1503): [Focus leaving 91ac81d NotificationShade (server),reason=NOT_FOCUSABLE]
02-22 02:34:34.840 I/sysui_multi_action( 1966): [757,491,758,1,759,491,927,4,928,0,1311,-1,1593,0]
02-22 02:34:34.840 I/sysui_multi_action( 1966): [757,0,758,1,759,0,927,5,928,0,1593,0]
02-22 02:34:34.840 I/sysui_multi_action( 1966): [757,111,758,1]
02-22 02:34:34.840 I/sysui_multi_action( 1966): [757,126,758,1,759,126,927,0,928,1,1593,1]
02-22 02:34:34.840 I/sysui_multi_action( 1966): [757,113,758,1,759,113,927,1,928,1,1593,1]
02-22 02:34:34.840 I/sysui_multi_action( 1966): [757,0,758,1,759,0,927,2,928,0,1593,1]
02-22 02:34:34.840 I/sysui_multi_action( 1966): [757,0,758,1,759,0,927,3,928,0,1593,1]
02-22 02:34:34.856 I/input_focus( 1503): [Focus entering e522af2 com.thundercomm.screensaver/android.service.dreams.DreamActivity (server),reason=Window became focusable. Previous reason: NOT_VISIBLE]
02-22 02:34:34.987 I/commit_sys_config_file( 1503): [settings-2-0,2]
02-22 02:34:35.106 I/notification_enqueue( 1503): [10078,1966,com.android.systemui,2048,NULL,0,Notification(channel=updateNotification shortcut=null contentView=null vibrate=null sound=null defaults=0x0 flags=0x0 color=0x00000000 vis=PRIVATE),1]
02-22 02:34:35.106 I/sysui_multi_action( 1966): [757,111,758,2]
02-22 02:34:35.106 I/sysui_multi_action( 1966): [757,111,758,2]
02-22 02:34:35.312 I/sysui_multi_action( 1503): [757,128,758,2,793,4886331,794,1568,795,4886331,796,26,798,0,806,android,857,DEVELOPER_IMPORTANT,858,4,947,0,1395,2,1500,4885926,1688,1]
02-22 02:34:35.312 I/notification_visibility( 1503): [-1|android|26|null|1000,0,4886331,4886331,0,0]
02-22 02:34:35.312 I/sysui_multi_action( 1503): [757,128,758,2,793,4886934,794,1568,795,4886934,796,32,798,1,806,android,857,USB,858,1,947,0,1395,2,1500,4886859,1688,1]
02-22 02:34:35.312 I/notification_visibility( 1503): [-1|android|32|null|1000,0,4886934,4886934,0,1]
02-22 02:34:35.313 I/sysui_multi_action( 1503): [757,127,758,2]
02-22 02:34:35.313 I/notification_panel_hidden( 1503):
02-22 02:34:35.341 I/wm_stop_activity( 1503): [0,250080366,com.android.settings/.Settings]
02-22 02:34:35.365 I/wm_on_stop_called( 4132): [250080366,com.android.settings.Settings,STOP_ACTIVITY_ITEM]
02-22 02:34:35.690 I/input_interaction( 1503): Interaction with: e522af2 com.thundercomm.screensaver/android.service.dreams.DreamActivity (server), edge-swipe (server), swipe-up (server), PointerEventDispatcher0 (server),
02-22 02:34:35.690 I/wm_finish_activity( 1503): [0,60940954,81,com.thundercomm.screensaver/android.service.dreams.DreamActivity,finish-activity]
02-22 02:34:35.690 I/wm_task_moved( 1503): [45,1,8]
02-22 02:34:35.690 I/wm_task_to_front( 1503): [0,45]
02-22 02:34:35.690 I/wm_focused_root_task( 1503): [0,0,45,81,finish-top adjustFocusToNextFocusableTask]
02-22 02:34:35.691 I/wm_pause_activity( 1503): [0,60940954,com.thundercomm.screensaver/android.service.dreams.DreamActivity,userLeaving=false,finish]
02-22 02:34:35.693 I/sysui_multi_action( 1503): [757,803,799,window_time_0,802,1]
02-22 02:34:35.693 I/wm_on_top_resumed_lost_called( 6011): [60940954,android.service.dreams.DreamActivity,topStateChangedWhenResumed]
02-22 02:34:35.693 I/wm_on_paused_called( 6011): [60940954,android.service.dreams.DreamActivity,performPause]
02-22 02:34:35.693 I/wm_add_to_stopping( 1503): [0,60940954,com.thundercomm.screensaver/android.service.dreams.DreamActivity,completeFinishing]
02-22 02:34:35.694 I/wm_set_resumed_activity( 1503): [0,com.android.settings/.Settings,resumeTopActivityInnerLocked]
02-22 02:34:35.695 I/wm_resume_activity( 1503): [0,250080366,45,com.android.settings/.Settings]
02-22 02:34:35.697 I/sysui_multi_action( 1503): [757,803,799,window_time_0,802,0]
02-22 02:34:35.708 I/view_enqueue_input_event( 6011): [Motion - Cancel,com.thundercomm.screensaver/android.service.dreams.DreamActivity]
02-22 02:34:35.708 I/wm_on_restart_called( 4132): [250080366,com.android.settings.Settings,performRestartActivity]
02-22 02:34:35.708 I/input_focus( 1503): [Focus leaving e522af2 com.thundercomm.screensaver/android.service.dreams.DreamActivity (server),reason=NO_WINDOW]
02-22 02:34:35.709 I/wm_on_start_called( 4132): [250080366,com.android.settings.Settings,handleStartActivity]
02-22 02:34:35.710 I/snet_event_log( 4132): [120484087,-1,]
02-22 02:34:35.710 I/wm_on_resume_called( 4132): [250080366,com.android.settings.Settings,RESUME_ACTIVITY]
02-22 02:34:35.710 I/sysui_multi_action( 4132): [757,35,758,1,833,0,1089,0]
02-22 02:34:35.711 I/sysui_multi_action( 4132): [757,47,758,1,833,0,1089,0]
02-22 02:34:35.714 I/input_interaction( 1503): Interaction with: edge-swipe (server), swipe-up (server), PointerEventDispatcher0 (server),
02-22 02:34:35.718 I/wm_on_top_resumed_gained_called( 4132): [250080366,com.android.settings.Settings,topWhenResuming]
02-22 02:34:35.727 I/input_focus( 1503): [Focus request ab95283 com.android.settings/com.android.settings.Settings,reason=UpdateInputWindows]
02-22 02:34:35.742 I/input_focus( 1503): [Focus entering ab95283 com.android.settings/com.android.settings.Settings (server),reason=setFocusedWindow]
02-22 02:34:36.243 I/wm_destroy_activity( 1503): [0,60940954,81,com.thundercomm.screensaver/android.service.dreams.DreamActivity,finish-imm:idle]
02-22 02:34:36.260 I/wm_on_stop_called( 6011): [60940954,android.service.dreams.DreamActivity,LIFECYCLER_STOP_ACTIVITY]
02-22 02:34:36.260 I/wm_on_destroy_called( 6011): [60940954,android.service.dreams.DreamActivity,performDestroy]
02-22 02:34:36.261 I/sysui_multi_action( 1503): [757,222,758,2]
02-22 02:34:36.261 I/sysui_multi_action( 1503): [757,804,799,dreaming_minutes,801,0,802,1]
02-22 02:34:36.263 I/wm_task_removed( 1503): [81,removeChild:removeChild last r=ActivityRecord{3a1e29a u0 com.thundercomm.screensaver/android.service.dreams.DreamActivity t-1 f}} in t=Task{ad4043e #81 type=dream A=10047:android:com.thundercomm.screensaver/dream U=0 visible=false mode=fullscreen translucent=true sz=0}]
02-22 02:34:36.263 I/wm_task_removed( 1503): [81,removeChild]
02-22 02:34:36.480 I/input_interaction( 1503): Interaction with: ab95283 com.android.settings/com.android.settings.Settings (server), edge-swipe (server), swipe-up (server), PointerEventDispatcher0 (server),
02-22 02:34:36.616 I/sysui_multi_action( 4132): [757,830,758,4,833,0,854,dream_start_button_container,1089,0]
02-22 02:34:36.820 I/commit_sys_config_file( 1503): [settings-2-0,4]
02-22 02:34:37.072 I/input_interaction( 1503): Interaction with: a916dde StatusBar (server), edge-swipe (server), swipe-up (server), PointerEventDispatcher0 (server),
02-22 02:34:37.075 I/sysui_multi_action( 1966): [757,803,799,panel_open,802,1]
02-22 02:34:37.077 I/sysui_multi_action( 1966): [757,1328,758,4,1326,44,1327,1,1329,0]
02-22 02:34:37.116 I/sysui_multi_action( 1503): [757,127,758,1]
02-22 02:34:37.117 I/sysui_multi_action( 1503): [757,804,799,note_load,801,2,802,1]
02-22 02:34:37.117 I/notification_panel_revealed( 1503): 2
02-22 02:34:37.125 I/input_focus( 1503): [Focus request 91ac81d NotificationShade,reason=UpdateInputWindows]
02-22 02:34:37.134 I/sysui_multi_action( 1503): [757,128,758,1,793,4888153,794,0,795,4888153,796,26,798,0,806,android,857,DEVELOPER_IMPORTANT,858,4,947,0,1395,2,1500,4887748,1688,1]
02-22 02:34:37.134 I/sysui_multi_action( 1503): [757,804,799,note_freshness,801,4888153,802,1]
02-22 02:34:37.134 I/notification_visibility( 1503): [-1|android|26|null|1000,1,4888153,4888153,0,0]
02-22 02:34:37.135 I/sysui_multi_action( 1503): [757,128,758,1,793,4888756,794,0,795,4888756,796,32,798,1,806,android,857,USB,858,1,947,0,1395,2,1500,4888681,1688,1]
02-22 02:34:37.135 I/sysui_multi_action( 1503): [757,804,799,note_freshness,801,4888756,802,1]
02-22 02:34:37.135 I/notification_visibility( 1503): [-1|android|32|null|1000,1,4888756,4888756,0,1]
02-22 02:34:37.146 I/input_focus( 1503): [Focus leaving ab95283 com.android.settings/com.android.settings.Settings (server),reason=setFocusedWindow]
02-22 02:34:37.146 I/input_focus( 1503): [Focus entering 91ac81d NotificationShade (server),reason=setFocusedWindow]
02-22 02:34:37.178 I/sysui_multi_action( 1966): [757,111,758,1]
02-22 02:34:37.178 I/sysui_multi_action( 1966): [757,126,758,1,759,126,927,0,928,1,1593,0]
02-22 02:34:37.178 I/sysui_multi_action( 1966): [757,113,758,1,759,113,927,1,928,1,1593,0]
02-22 02:34:37.178 I/sysui_multi_action( 1966): [757,0,758,1,759,0,927,2,928,0,1593,0]
02-22 02:34:37.179 I/sysui_multi_action( 1966): [757,0,758,1,759,0,927,3,928,0,1593,0]
02-22 02:34:37.179 I/sysui_multi_action( 1966): [757,491,758,1,759,491,927,4,928,0,1311,-1,1593,0]
02-22 02:34:37.180 I/sysui_multi_action( 1966): [757,0,758,1,759,0,927,5,928,0,1593,0]
02-22 02:34:37.180 I/sysui_multi_action( 1966): [757,111,758,1]
02-22 02:34:37.180 I/sysui_multi_action( 1966): [757,126,758,1,759,126,927,0,928,1,1593,0]
02-22 02:34:37.180 I/sysui_multi_action( 1966): [757,113,758,1,759,113,927,1,928,1,1593,0]
02-22 02:34:37.180 I/sysui_multi_action( 1966): [757,0,758,1,759,0,927,2,928,0,1593,0]
02-22 02:34:37.180 I/sysui_multi_action( 1966): [757,0,758,1,759,0,927,3,928,0,1593,0]
02-22 02:34:37.981 I/input_interaction( 1503): Interaction with: 91ac81d NotificationShade (server), edge-swipe (server), swipe-up (server), PointerEventDispatcher0 (server),
02-22 02:34:38.111 I/sysui_multi_action( 1503): [757,222,758,1]
02-22 02:34:38.133 I/wm_task_created( 1503): [82,-1]
02-22 02:34:38.137 I/wm_task_moved( 1503): [82,1,9]
02-22 02:34:38.137 I/wm_task_to_front( 1503): [0,82]
02-22 02:34:38.137 I/wm_create_task( 1503): [0,82]
02-22 02:34:38.137 I/wm_create_activity( 1503): [0,167297444,82,com.thundercomm.screensaver/android.service.dreams.DreamActivity,NULL,NULL,NULL,276824064]
02-22 02:34:38.137 I/wm_task_moved( 1503): [82,1,9]
02-22 02:34:38.138 I/wm_pause_activity( 1503): [0,250080366,com.android.settings/.Settings,userLeaving=true,pauseBackTasks]
02-22 02:34:38.142 I/input_focus( 1503): [Focus request ab95283 com.android.settings/com.android.settings.Settings,reason=UpdateInputWindows]
02-22 02:34:38.147 I/wm_on_top_resumed_lost_called( 4132): [250080366,com.android.settings.Settings,topStateChangedWhenResumed]
02-22 02:34:38.148 I/input_focus( 1503): [Focus leaving 91ac81d NotificationShade (server),reason=NOT_FOCUSABLE]
02-22 02:34:38.148 I/input_focus( 1503): [Focus entering ab95283 com.android.settings/com.android.settings.Settings (server),reason=setFocusedWindow]
02-22 02:34:38.148 I/sysui_multi_action( 4132): [757,35,758,2,1089,2437]
02-22 02:34:38.148 I/sysui_multi_action( 4132): [757,47,758,2,1089,2437]
02-22 02:34:38.149 I/wm_on_paused_called( 4132): [250080366,com.android.settings.Settings,performPause]
02-22 02:34:38.150 I/wm_add_to_stopping( 1503): [0,250080366,com.android.settings/.Settings,makeInvisible]
02-22 02:34:38.150 I/wm_restart_activity( 1503): [0,167297444,82,com.thundercomm.screensaver/android.service.dreams.DreamActivity]
02-22 02:34:38.150 I/wm_set_resumed_activity( 1503): [0,com.thundercomm.screensaver/android.service.dreams.DreamActivity,minimalResumeActivityLocked]
02-22 02:34:38.153 I/sysui_multi_action( 1503): [757,803,799,window_time_0,802,2]
02-22 02:34:38.153 I/wm_on_create_called( 6011): [167297444,android.service.dreams.DreamActivity,performCreate]
02-22 02:34:38.153 I/wm_on_start_called( 6011): [167297444,android.service.dreams.DreamActivity,handleStartActivity]
02-22 02:34:38.154 I/wm_on_resume_called( 6011): [167297444,android.service.dreams.DreamActivity,RESUME_ACTIVITY]
02-22 02:34:38.156 I/wm_on_top_resumed_gained_called( 6011): [167297444,android.service.dreams.DreamActivity,topStateChangedWhenResumed]
02-22 02:34:38.168 I/input_focus( 1503): [Focus request d70a13c com.thundercomm.screensaver/android.service.dreams.DreamActivity,reason=UpdateInputWindows]
02-22 02:34:38.178 I/sysui_multi_action( 1503): [319,47,322,44,325,4899,757,761,758,8,759,2,806,com.thundercomm.screensaver,871,android.service.dreams.DreamActivity,904,com.thundercomm.screensaver,905,0,1320,4,1321,2]
02-22 02:34:38.178 I/wm_activity_launch_time( 1503): [0,167297444,com.thundercomm.screensaver/android.service.dreams.DreamActivity,44]
02-22 02:34:38.182 I/input_focus( 1503): [Focus leaving ab95283 com.android.settings/com.android.settings.Settings (server),reason=NO_WINDOW]
02-22 02:34:38.182 I/notification_enqueue( 1503): [10078,1966,com.android.systemui,2048,NULL,0,Notification(channel=updateNotification shortcut=null contentView=null vibrate=null sound=null defaults=0x0 flags=0x0 color=0x00000000 vis=PRIVATE),1]
02-22 02:34:38.183 I/sysui_multi_action( 1966): [757,111,758,2]
02-22 02:34:38.183 I/sysui_multi_action( 1966): [757,111,758,2]
02-22 02:34:38.196 I/sysui_multi_action( 1966): [757,111,758,1]
02-22 02:34:38.196 I/sysui_multi_action( 1966): [757,126,758,1,759,126,927,0,928,1,1593,0]
02-22 02:34:38.196 I/sysui_multi_action( 1966): [757,113,758,1,759,113,927,1,928,1,1593,0]
02-22 02:34:38.196 I/sysui_multi_action( 1966): [757,0,758,1,759,0,927,2,928,0,1593,0]
02-22 02:34:38.196 I/sysui_multi_action( 1966): [757,0,758,1,759,0,927,3,928,0,1593,0]
02-22 02:34:38.197 I/sysui_multi_action( 1966): [757,491,758,1,759,491,927,4,928,0,1311,-1,1593,0]
02-22 02:34:38.197 I/sysui_multi_action( 1966): [757,0,758,1,759,0,927,5,928,0,1593,0]
02-22 02:34:38.197 I/sysui_multi_action( 1966): [757,111,758,1]
02-22 02:34:38.197 I/sysui_multi_action( 1966): [757,126,758,1,759,126,927,0,928,1,1593,1]
02-22 02:34:38.197 I/sysui_multi_action( 1966): [757,113,758,1,759,113,927,1,928,1,1593,1]
02-22 02:34:38.197 I/sysui_multi_action( 1966): [757,0,758,1,759,0,927,2,928,0,1593,1]
02-22 02:34:38.197 I/sysui_multi_action( 1966): [757,0,758,1,759,0,927,3,928,0,1593,1]
02-22 02:34:38.214 I/input_focus( 1503): [Focus entering d70a13c com.thundercomm.screensaver/android.service.dreams.DreamActivity (server),reason=Window became focusable. Previous reason: NOT_VISIBLE]
02-22 02:34:38.307 I/commit_sys_config_file( 1503): [settings-2-0,1]
02-22 02:34:38.431 I/sysui_multi_action( 1966): [757,111,758,2]
02-22 02:34:38.431 I/notification_enqueue( 1503): [10078,1966,com.android.systemui,2048,NULL,0,Notification(channel=updateNotification shortcut=null contentView=null vibrate=null sound=null defaults=0x0 flags=0x0 color=0x00000000 vis=PRIVATE),1]
02-22 02:34:38.431 I/sysui_multi_action( 1966): [757,111,758,2]
02-22 02:34:38.637 I/sysui_multi_action( 1503): [757,128,758,2,793,4889656,794,1503,795,4889656,796,26,798,0,806,android,857,DEVELOPER_IMPORTANT,858,4,947,0,1395,2,1500,4889251,1688,1]
02-22 02:34:38.637 I/notification_visibility( 1503): [-1|android|26|null|1000,0,4889656,4889656,0,0]
02-22 02:34:38.637 I/sysui_multi_action( 1503): [757,128,758,2,793,4890259,794,1503,795,4890259,796,32,798,1,806,android,857,USB,858,1,947,0,1395,2,1500,4890184,1688,1]
