02-22 02:37:57.809 I/mpu_uart( 644): [MSG-P:R]:recv sync frame timeout
02-22 02:37:57.809 I/am_wtf ( 1503): [0,1503,system_server,-1,DisplayDeviceConfig,requesting nits when no mapping exists.]
02-22 02:37:57.810 E/DisplayDeviceConfig( 1503): requesting nits when no mapping exists.
02-22 02:37:57.810 I/am_wtf ( 1503): [0,1503,system_server,-1,DisplayDeviceConfig,requesting nits when no mapping exists.]
02-22 02:37:57.824 W/FreeFormWindowHelper( 1503): Current Display FreeFormTask is null
02-22 02:37:57.824 W/FreeFormWindowHelper( 1503): Current Display FreeFormTask is null
02-22 02:37:57.826 E/DisplayDeviceConfig( 1503): requesting nits when no mapping exists.
02-22 02:37:57.826 E/DisplayDeviceConfig( 1503): requesting nits when no mapping exists.
02-22 02:37:57.826 I/am_wtf ( 1503): [0,1503,system_server,-1,DisplayDeviceConfig,requesting nits when no mapping exists.]
02-22 02:37:57.826 I/am_wtf ( 1503): [0,1503,system_server,-1,DisplayDeviceConfig,requesting nits when no mapping exists.]
02-22 02:37:57.828 D/CompatibilityChangeReporter( 7428): Compat change id reported: 171228096; UID 1000; state: ENABLED
02-22 02:37:57.832 I/am_uid_running( 1503): 10086
02-22 02:37:57.832 D/CompatibilityChangeReporter( 1503): Compat change id reported: 135634846; UID 10086; state: DISABLED
02-22 02:37:57.832 D/CompatibilityChangeReporter( 1503): Compat change id reported: 177438394; UID 10086; state: DISABLED
02-22 02:37:57.832 D/CompatibilityChangeReporter( 1503): Compat change id reported: 135772972; UID 10086; state: DISABLED
02-22 02:37:57.832 D/CompatibilityChangeReporter( 1503): Compat change id reported: 135754954; UID 10086; state: ENABLED
02-22 02:37:57.833 D/CompatibilityChangeReporter( 1503): Compat change id reported: 143937733; UID 10086; state: ENABLED
02-22 02:37:57.833 D/AvatarViewMixin( 7428): Feature disabled by config. Skipping
02-22 02:37:57.834 I/wm_on_create_called( 7428): [92420193,com.android.settings.Settings,performCreate]
02-22 02:37:57.835 D/PrefCtrlListHelper( 7428): Could not find Context-only controller for pref: com.android.settings.network.TopLevelNetworkEntryPreferenceController
02-22 02:37:57.836 D/PrefCtrlListHelper( 7428): Could not find Context-only controller for pref: com.android.settings.connecteddevice.TopLevelConnectedDevicesPreferenceController
02-22 02:37:57.836 D/PrefCtrlListHelper( 7428): Could not find Context-only controller for pref: com.android.settings.fuelgauge.TopLevelBatteryPreferenceController
02-22 02:37:57.836 D/PrefCtrlListHelper( 7428): Could not find Context-only controller for pref: com.android.settings.deviceinfo.TopLevelStoragePreferenceController
02-22 02:37:57.836 D/PrefCtrlListHelper( 7428): Could not find Context-only controller for pref: com.android.settings.display.TopLevelDisplayPreferenceController
02-22 02:37:57.836 D/PrefCtrlListHelper( 7428): Could not find Context-only controller for pref: com.android.settings.display.TopLevelWallpaperPreferenceController
02-22 02:37:57.836 D/PrefCtrlListHelper( 7428): Could not find Context-only controller for pref: com.android.settings.accessibility.TopLevelAccessibilityPreferenceController
02-22 02:37:57.836 D/PrefCtrlListHelper( 7428): Could not find Context-only controller for pref: com.android.settings.security.TopLevelSecurityEntryPreferenceController
02-22 02:37:57.836 D/PrefCtrlListHelper( 7428): Could not find Context-only controller for pref: com.android.settings.location.TopLevelLocationPreferenceController
02-22 02:37:57.837 D/PrefCtrlListHelper( 7428): Could not find Context-only controller for pref: com.android.settings.accounts.TopLevelAccountEntryPreferenceController
02-22 02:37:57.837 D/PrefCtrlListHelper( 7428): Could not find Context-only controller for pref: com.android.settings.deviceinfo.aboutphone.TopLevelAboutDevicePreferenceController
02-22 02:37:57.837 D/PrefCtrlListHelper( 7428): Could not find Context-only controller for pref: com.android.settings.support.SupportPreferenceController
02-22 02:37:57.838 D/Zygote ( 665): Forked child process 7506
02-22 02:37:57.838 I/am_proc_start( 1503): [0,7506,10086,com.qualcomm.qti.qccauthmgr,content provider,{com.qualcomm.qti.qccauthmgr/com.qualcomm.qti.qccauthmgr.providers.SMQContentProvider}]
02-22 02:37:57.838 I/ActivityManager( 1503): Start proc 7506:com.qualcomm.qti.qccauthmgr/u0a86 for content provider {com.qualcomm.qti.qccauthmgr/com.qualcomm.qti.qccauthmgr.providers.SMQContentProvider}
02-22 02:37:57.838 E/UserRestrictionsUtils( 1503): Unknown restriction queried by uid 1000 (com.android.inputdevices et al): null
02-22 02:37:57.838 E/UserRestrictionsUtils( 1503): Unknown restriction queried by uid 1000 (com.android.inputdevices et al): null
02-22 02:37:57.839 E/UserRestrictionsUtils( 1503): Unknown restriction queried by uid 1000 (com.android.inputdevices et al): null
02-22 02:37:57.839 E/UserRestrictionsUtils( 1503): Unknown restriction queried by uid 1000 (com.android.inputdevices et al): null
02-22 02:37:57.839 E/UserRestrictionsUtils( 1503): Unknown restriction queried by uid 1000 (com.android.inputdevices et al): null
02-22 02:37:57.839 E/UserRestrictionsUtils( 1503): Unknown restriction queried by uid 1000 (com.android.inputdevices et al): null
02-22 02:37:57.839 E/UserRestrictionsUtils( 1503): Unknown restriction queried by uid 1000 (com.android.inputdevices et al): null
02-22 02:37:57.839 E/UserRestrictionsUtils( 1503): Unknown restriction queried by uid 1000 (com.android.inputdevices et al): null
02-22 02:37:57.839 E/UserRestrictionsUtils( 1503): Unknown restriction queried by uid 1000 (com.android.inputdevices et al): null
02-22 02:37:57.840 E/UserRestrictionsUtils( 1503): Unknown restriction queried by uid 1000 (com.android.inputdevices et al): null
02-22 02:37:57.840 E/UserRestrictionsUtils( 1503): Unknown restriction queried by uid 1000 (com.android.inputdevices et al): null
02-22 02:37:57.840 E/UserRestrictionsUtils( 1503): Unknown restriction queried by uid 1000 (com.android.inputdevices et al): null
02-22 02:37:57.840 E/UserRestrictionsUtils( 1503): Unknown restriction queried by uid 1000 (com.android.inputdevices et al): null
02-22 02:37:57.840 E/UserRestrictionsUtils( 1503): Unknown restriction queried by uid 1000 (com.android.inputdevices et al): null
02-22 02:37:57.840 E/UserRestrictionsUtils( 1503): Unknown restriction queried by uid 1000 (com.android.inputdevices et al): null
02-22 02:37:57.840 E/UserRestrictionsUtils( 1503): Unknown restriction queried by uid 1000 (com.android.inputdevices et al): null
02-22 02:37:57.841 E/UserRestrictionsUtils( 1503): Unknown restriction queried by uid 1000 (com.android.inputdevices et al): null
02-22 02:37:57.841 E/UserRestrictionsUtils( 1503): Unknown restriction queried by uid 1000 (com.android.inputdevices et al): null
02-22 02:37:57.841 W/InstrumentedPrefFrag( 7428): Screen title missing for fragment com.android.settings.homepage.TopLevelSettings
02-22 02:37:57.843 E/DisplayDeviceConfig( 1503): requesting nits when no mapping exists.
02-22 02:37:57.843 E/DisplayDeviceConfig( 1503): requesting nits when no mapping exists.
02-22 02:37:57.844 D/TopLevelSettings( 7428): NO dashboard tiles for TopLevelSettings
02-22 02:37:57.844 D/TopLevelSettings( 7428): All preferences added, reporting fully drawn
02-22 02:37:57.844 I/am_wtf ( 1503): [0,1503,system_server,-1,DisplayDeviceConfig,requesting nits when no mapping exists.]
02-22 02:37:57.844 I/am_wtf ( 1503): [0,1503,system_server,-1,DisplayDeviceConfig,requesting nits when no mapping exists.]
02-22 02:37:57.845 E/.qti.qccauthmg( 7506): Not starting debugger since process cannot load the jdwp agent.
02-22 02:37:57.846 D/ProcessState( 7506): Binder ioctl to enable oneway spam detection failed: Invalid argument
02-22 02:37:57.848 I/am_proc_bound( 1503): [0,7506,com.qualcomm.qti.qccauthmgr]
01-01 13:25:45.911 I/binder ( 0): 7506:7506 ioctl 40046210 7fff12dd34 returned -22
02-22 02:37:57.848 D/CompatibilityChangeReporter( 1503): Compat change id reported: 168419799; UID 10086; state: DISABLED
02-22 02:37:57.848 D/CompatibilityInfo( 1503): mCompatibilityFlags - 4
02-22 02:37:57.848 D/CompatibilityInfo( 1503): applicationDensity - 240
02-22 02:37:57.848 D/CompatibilityInfo( 1503): applicationScale - 1.0
02-22 02:37:57.849 I/am_uid_active( 1503): 10086
02-22 02:37:57.851 D/CompatibilityChangeReporter( 7506): Compat change id reported: 171979766; UID 10086; state: ENABLED
02-22 02:37:57.857 W/BatteryBroadcastRcvr( 7428): Problem reading the battery meter.
02-22 02:37:57.858 I/wm_on_start_called( 7428): [92420193,com.android.settings.Settings,handleStartActivity]
02-22 02:37:57.859 I/Perf ( 7506): Connecting to perf service.
02-22 02:37:57.859 I/snet_event_log( 7428): [120484087,-1,]
02-22 02:37:57.859 I/TopLevelSettings( 7428): TopLevelSettings: TopLevelSettings::com.android.settings.network.NetworkDashboardFragment
02-22 02:37:57.860 I/wm_on_resume_called( 7428): [92420193,com.android.settings.Settings,RESUME_ACTIVITY]
02-22 02:37:57.860 E/DisplayDeviceConfig( 1503): requesting nits when no mapping exists.
02-22 02:37:57.860 E/DisplayDeviceConfig( 1503): requesting nits when no mapping exists.
02-22 02:37:57.861 I/am_wtf ( 1503): [0,1503,system_server,-1,DisplayDeviceConfig,requesting nits when no mapping exists.]
02-22 02:37:57.861 I/am_wtf ( 1503): [0,1503,system_server,-1,DisplayDeviceConfig,requesting nits when no mapping exists.]
02-22 02:37:57.862 I/sysui_multi_action( 7428): [757,35,758,1,833,0,1089,27]
02-22 02:37:57.862 D/BatteryInfo( 7428): time for getStats: 0ms
02-22 02:37:57.862 V/GraphicsEnvironment( 7506): ANGLE Developer option for 'com.qualcomm.qti.qccauthmgr' set to: 'default'
02-22 02:37:57.862 D/BatteryInfo( 7428): time for regular BatteryInfo: 0ms
02-22 02:37:57.862 V/GraphicsEnvironment( 7506): ANGLE GameManagerService for com.qualcomm.qti.qccauthmgr: false
02-22 02:37:57.863 D/NetworkSecurityConfig( 7506): No Network Security Config specified, using platform default
02-22 02:37:57.863 D/BatteryInfo( 7428): time for getBatteryInfo: 1ms
02-22 02:37:57.863 D/NetworkSecurityConfig( 7506): No Network Security Config specified, using platform default
02-22 02:37:57.863 D/qcc:QccAuthApp( 7506): load libqccAuthMgr
02-22 02:37:57.864 W/UnsafeUtil( 7428): platform method missing - proto runtime falling back to safer methods: java.lang.NoSuchMethodException: sun.misc.Unsafe.copyMemory [class java.lang.Object, long, class java.lang.Object, long, long]
02-22 02:37:57.865 D/QCCAuthMgr( 7506): SMQContentProvider onCreate
02-22 02:37:57.865 I/qcc:QccAuthApp( 7506): onCreate()
02-22 02:37:57.865 D/qcc:QccAuthApp( 7506): detectUninstallIsv
02-22 02:37:57.867 I/sysui_multi_action( 7428): [757,1729,758,4,854,isParalleledControllers:false,1089,32]
02-22 02:37:57.869 D/QCCAuthMgr( 7506): SMQContentProvider query uri: content://com.qti.smq.Feedback.provider/smq_settings, selection: key=?, uri_matcher: 1
02-22 02:37:57.869 D/BatteryTipLoader( 7428): BatteryInfoLoader post query: 2ms
02-22 02:37:57.869 D/BatteryInfo( 7428): time for getBatteryInfo: 0ms
02-22 02:37:57.869 D/BatteryTipLoader( 7428): BatteryInfoLoader.loadInBackground: 2ms
02-22 02:37:57.872 D/QCCAuthMgr( 7506): SMQContentProvider query tableName: smq_settings
02-22 02:37:57.873 I/wm_on_top_resumed_gained_called( 7428): [92420193,com.android.settings.Settings,topStateChangedWhenResumed]
02-22 02:37:57.873 W/BatteryBroadcastRcvr( 7428): Problem reading the battery meter.
02-22 02:37:57.873 D/BatteryInfo( 7428): time for callback: 0ms
02-22 02:37:57.877 D/BatteryInfo( 7428): time for getStats: 0ms
02-22 02:37:57.877 D/BatteryInfo( 7428): time for regular BatteryInfo: 0ms
02-22 02:37:57.877 E/DisplayDeviceConfig( 1503): requesting nits when no mapping exists.
02-22 02:37:57.877 E/DisplayDeviceConfig( 1503): requesting nits when no mapping exists.
02-22 02:37:57.878 I/am_wtf ( 1503): [0,1503,system_server,-1,DisplayDeviceConfig,requesting nits when no mapping exists.]
02-22 02:37:57.878 I/am_wtf ( 1503): [0,1503,system_server,-1,DisplayDeviceConfig,requesting nits when no mapping exists.]
02-22 02:37:57.879 D/BatteryTipLoader( 7428): BatteryInfoLoader post query: 0ms
02-22 02:37:57.879 D/BatteryInfo( 7428): time for getBatteryInfo: 0ms
02-22 02:37:57.879 D/BatteryTipLoader( 7428): BatteryInfoLoader.loadInBackground: 1ms
02-22 02:37:57.880 D/BatteryInfo( 7428): time for getBatteryInfo: 3ms
02-22 02:37:57.885 D/UsageGraph( 7428): No enabled state changed, skipping updateCategory call
02-22 02:37:57.893 E/DisplayDeviceConfig( 1503): requesting nits when no mapping exists.
02-22 02:37:57.893 E/DisplayDeviceConfig( 1503): requesting nits when no mapping exists.
02-22 02:37:57.893 I/am_wtf ( 1503): [0,1503,system_server,-1,DisplayDeviceConfig,requesting nits when no mapping exists.]
02-22 02:37:57.893 I/am_wtf ( 1503): [0,1503,system_server,-1,DisplayDeviceConfig,requesting nits when no mapping exists.]
02-22 02:37:57.896 I/input_focus( 1503): [Focus request c2feca5 com.android.settings/com.android.settings.Settings,reason=UpdateInputWindows]
02-22 02:37:57.896 I/AdrenoGLES-0( 7428): QUALCOMM build : 47421dbee6, I139f36ad46
02-22 02:37:57.896 I/AdrenoGLES-0( 7428): Build Date : 02/18/22
02-22 02:37:57.896 I/AdrenoGLES-0( 7428): OpenGL ES Shader Compiler Version: EV031.32.02.17
02-22 02:37:57.896 I/AdrenoGLES-0( 7428): Local Branch :
02-22 02:37:57.896 I/AdrenoGLES-0( 7428): Remote Branch :
02-22 02:37:57.896 I/AdrenoGLES-0( 7428): Remote Branch :
02-22 02:37:57.896 I/AdrenoGLES-0( 7428): Reconstruct Branch :
02-22 02:37:57.896 I/AdrenoGLES-0( 7428): Build Config : S P 10.0.7 AArch64
02-22 02:37:57.896 I/AdrenoGLES-0( 7428): Driver Path : /vendor/lib64/egl/libGLESv2_adreno.so
02-22 02:37:57.897 I/hwservicemanager( 506): getTransport: Cannot find entry android.hardware.graphics.mapper@4.0::IMapper/default in either framework or device VINTF manifest.
02-22 02:37:57.900 I/AdrenoGLES-0( 7428): PFP: 0x016dd093, ME: 0x00000000
02-22 02:37:57.904 D/libEGL ( 7428): MSAA-->msaa:0 gamemode:0 4x_msaa:0
02-22 02:37:57.904 D/libEGL ( 7428): MSAA-->msaa:0 gamemode:0 4x_msaa:0
02-22 02:37:57.905 D/libEGL ( 7428): MSAA-->msaa:0 gamemode:0 4x_msaa:0
02-22 02:37:57.908 I/SDM ( 833): HWCDisplay::GetColorModeCount: Supported color mode count = 1
02-22 02:37:57.908 I/SDM ( 833): HWCDisplay::GetColorModes: Color mode = 0 is supported
02-22 02:37:57.908 E/HWComposer( 974): getSupportedContentTypes: getSupportedContentTypes failed for display 4630946370410392961: Unsupported (8)
01-01 13:25:45.973 I/binder ( 0): 7428:7498 ioctl 40046210 7b1a7071f4 returned -22
02-22 02:37:57.908 D/hw-ProcessState( 7428): Binder ioctl to enable oneway spam detection failed: Invalid argument
02-22 02:37:57.909 I/hwservicemanager( 506): getTransport: Cannot find entry android.hardware.graphics.mapper@4.0::IMapper/default in either framework or device VINTF manifest.
02-22 02:37:57.909 I/Gralloc4( 7428): mapper 4.x is not supported
02-22 02:37:57.909 E/DisplayDeviceConfig( 1503): requesting nits when no mapping exists.
02-22 02:37:57.910 I/am_wtf ( 1503): [0,1503,system_server,-1,DisplayDeviceConfig,requesting nits when no mapping exists.]
02-22 02:37:57.910 E/DisplayDeviceConfig( 1503): requesting nits when no mapping exists.
02-22 02:37:57.910 I/hwservicemanager( 506): getTransport: Cannot find entry android.hardware.graphics.allocator@4.0::IAllocator/default in either framework or device VINTF manifest.
02-22 02:37:57.910 I/am_wtf ( 1503): [0,1503,system_server,-1,DisplayDeviceConfig,requesting nits when no mapping exists.]
02-22 02:37:57.910 W/Gralloc4( 7428): allocator 4.x is not supported
02-22 02:37:57.926 E/DisplayDeviceConfig( 1503): requesting nits when no mapping exists.
02-22 02:37:57.926 E/DisplayDeviceConfig( 1503): requesting nits when no mapping exists.
02-22 02:37:57.927 I/am_wtf ( 1503): [0,1503,system_server,-1,DisplayDeviceConfig,requesting nits when no mapping exists.]
02-22 02:37:57.927 I/am_wtf ( 1503): [0,1503,system_server,-1,DisplayDeviceConfig,requesting nits when no mapping exists.]
02-22 02:37:57.928 I/sysui_multi_action( 1503): [324,1,757,1090,758,12,806,com.android.settings,871,com.android.settings.Settings,1091,219]
02-22 02:37:57.928 D/BatteryInfo( 7428): time for callback: 0ms
02-22 02:37:57.931 I/EventSequenceValidator( 1503): dec AccIntentStartedEvents to 1
02-22 02:37:57.932 I/sysui_multi_action( 1503): [319,35,321,33,322,219,325,5099,757,761,758,8,759,1,806,com.android.settings,871,com.android.settings.Settings,904,com.android.launcher3,905,0,1320,21,1321,5]
02-22 02:37:57.932 I/wm_activity_launch_time( 1503): [0,92420193,com.android.settings/.Settings,219]
02-22 02:37:57.933 I/ActivityTaskManager( 1503): Displayed com.android.settings/.Settings: +219ms
02-22 02:37:57.933 I/ActivityTaskManager( 1503): Fully drawn com.android.settings/.Settings: +219ms
02-22 02:37:57.944 I/input_focus( 1503): [Focus entering c2feca5 com.android.settings/com.android.settings.Settings (server),reason=Window became focusable. Previous reason: NOT_VISIBLE]
02-22 02:37:57.945 E/DisplayDeviceConfig( 1503): requesting nits when no mapping exists.
02-22 02:37:57.945 E/DisplayDeviceConfig( 1503): requesting nits when no mapping exists.
02-22 02:37:57.945 I/am_wtf ( 1503): [0,1503,system_server,-1,DisplayDeviceConfig,requesting nits when no mapping exists.]
02-22 02:37:57.946 I/am_wtf ( 1503): [0,1503,system_server,-1,DisplayDeviceConfig,requesting nits when no mapping exists.]
02-22 02:37:57.959 E/DisplayDeviceConfig( 1503): requesting nits when no mapping exists.
02-22 02:37:57.960 E/DisplayDeviceConfig( 1503): requesting nits when no mapping exists.
02-22 02:37:57.960 I/am_wtf ( 1503): [0,1503,system_server,-1,DisplayDeviceConfig,requesting nits when no mapping exists.]
02-22 02:37:57.962 I/am_wtf ( 1503): [0,1503,system_server,-1,DisplayDeviceConfig,requesting nits when no mapping exists.]
02-22 02:37:57.965 I/TetheringManager( 7428): registerTetheringEventCallback:com.android.settings
02-22 02:37:57.965 D/PrefCtrlListHelper( 7428): Could not find Context-only controller for pref: com.android.settings.network.MultiNetworkHeaderController
02-22 02:37:57.965 D/PrefCtrlListHelper( 7428): Could not find Context-only controller for pref: com.android.settings.network.AirplaneModePreferenceController
02-22 02:37:57.965 D/PrefCtrlListHelper( 7428): Could not find Context-only controller for pref: com.android.settings.network.AllInOneTetherPreferenceController
02-22 02:37:57.966 D/PrefCtrlListHelper( 7428): Could not find Context-only controller for pref: com.android.settings.network.AdaptiveConnectivityPreferenceController
02-22 02:37:57.968 W/CarrierConfigManager( 7428): Error getting config for subId -1 ICarrierConfigLoader is null
02-22 02:37:57.968 D/MobilePlanPrefContr( 7428): onCreate: mMobilePlanDialogMessage=null
02-22 02:37:57.968 D/BluetoothPan( 7428): Binding service...
02-22 02:37:57.969 E/UserRestrictionsUtils( 1503): Unknown restriction queried by uid 1000 (com.android.inputdevices et al): null
02-22 02:37:57.974 D/NetworkDashboardFrag( 7428): NO dashboard tiles for NetworkDashboardFrag
02-22 02:37:57.974 D/NetworkDashboardFrag( 7428): All preferences added, reporting fully drawn
02-22 02:37:57.976 E/DisplayDeviceConfig( 1503): requesting nits when no mapping exists.
02-22 02:37:57.977 E/DisplayDeviceConfig( 1503): requesting nits when no mapping exists.
02-22 02:37:57.977 I/am_wtf ( 1503): [0,1503,system_server,-1,DisplayDeviceConfig,requesting nits when no mapping exists.]
02-22 02:37:57.978 I/am_wtf ( 1503): [0,1503,system_server,-1,DisplayDeviceConfig,requesting nits when no mapping exists.]
02-22 02:37:57.979 W/hpplay-java( 2708): [main]:IPManager:getActiveNets invalid networkInfo:null
02-22 02:37:57.980 I/hpplay-java( 2708): [main]:IPManager:getActiveNets eth0:false wifi:false mobile:false ap:false
02-22 02:37:57.980 I/hpplay-java( 2708): [main]:ServerTaskManager:get local ip:null
02-22 02:37:57.981 D/ConnectivityService( 1503): requestNetwork for uid/pid:1000/7428 activeRequest: null callbackRequest: 146 [NetworkRequest [ REQUEST id=147, [ Capabilities: INTERNET&NOT_RESTRICTED&TRUSTED&NOT_VCN_MANAGED Uid: 1000 RequestorUid: 1000 RequestorPkg: com.android.settings] ]] callback flags: 0 priority: 2147483647
02-22 02:37:57.981 D/ConnectivityService( 1503): NetReassign [no changes]
02-22 02:37:57.982 D/WifiNetworkFactory( 1503): got request NetworkRequest [ REQUEST id=147, [ Capabilities: INTERNET&NOT_RESTRICTED&TRUSTED&NOT_VCN_MANAGED Uid: 1000 RequestorUid: 1000 RequestorPkg: com.android.settings] ]
02-22 02:37:57.982 D/Ethernet( 1503): got request NetworkRequest [ REQUEST id=147, [ Capabilities: INTERNET&NOT_RESTRICTED&TRUSTED&NOT_VCN_MANAGED Uid: 1000 RequestorUid: 1000 RequestorPkg: com.android.settings] ]
02-22 02:37:57.982 D/UntrustedWifiNetworkFactory( 1503): got request NetworkRequest [ REQUEST id=147, [ Capabilities: INTERNET&NOT_RESTRICTED&TRUSTED&NOT_VCN_MANAGED Uid: 1000 RequestorUid: 1000 RequestorPkg: com.android.settings] ]
02-22 02:37:57.982 D/EthernetNetworkFactory( 1503): acceptRequest, request: NetworkRequest [ REQUEST id=147, [ Capabilities: INTERNET&NOT_RESTRICTED&TRUSTED&NOT_VCN_MANAGED Uid: 1000 RequestorUid: 1000 RequestorPkg: com.android.settings] ]
02-22 02:37:57.982 D/OemPaidWifiNetworkFactory( 1503): got request NetworkRequest [ REQUEST id=147, [ Capabilities: INTERNET&NOT_RESTRICTED&TRUSTED&NOT_VCN_MANAGED Uid: 1000 RequestorUid: 1000 RequestorPkg: com.android.settings] ]
02-22 02:37:57.982 I/EthernetNetworkFactory( 1503): networkForRequest, request: NetworkRequest [ REQUEST id=147, [ Capabilities: INTERNET&NOT_RESTRICTED&TRUSTED&NOT_VCN_MANAGED Uid: 1000 RequestorUid: 1000 RequestorPkg: com.android.settings] ], network: null
02-22 02:37:57.982 D/ConnectivityService( 1503): NetReassign [no changes]
02-22 02:37:57.982 D/ConnectivityService( 1503): requestNetwork for uid/pid:1000/7428 activeRequest: null callbackRequest: 149 [NetworkRequest [ REQUEST id=150, [ Capabilities: INTERNET&NOT_RESTRICTED&TRUSTED&NOT_VCN_MANAGED Uid: 1000 RequestorUid: 1000 RequestorPkg: com.android.settings] ]] callback flags: 0 priority: 2147483647
02-22 02:37:57.982 D/ConnectivityService( 1503): NetReassign [no changes]
02-22 02:37:57.983 D/Ethernet( 1503): got request NetworkRequest [ REQUEST id=150, [ Capabilities: INTERNET&NOT_RESTRICTED&TRUSTED&NOT_VCN_MANAGED Uid: 1000 RequestorUid: 1000 RequestorPkg: com.android.settings] ]
02-22 02:37:57.983 D/EthernetNetworkFactory( 1503): acceptRequest, request: NetworkRequest [ REQUEST id=150, [ Capabilities: INTERNET&NOT_RESTRICTED&TRUSTED&NOT_VCN_MANAGED Uid: 1000 RequestorUid: 1000 RequestorPkg: com.android.settings] ]
02-22 02:37:57.983 I/EthernetNetworkFactory( 1503): networkForRequest, request: NetworkRequest [ REQUEST id=150, [ Capabilities: INTERNET&NOT_RESTRICTED&TRUSTED&NOT_VCN_MANAGED Uid: 1000 RequestorUid: 1000 RequestorPkg: com.android.settings] ], network: null
02-22 02:37:57.983 D/WifiNetworkFactory( 1503): got request NetworkRequest [ REQUEST id=150, [ Capabilities: INTERNET&NOT_RESTRICTED&TRUSTED&NOT_VCN_MANAGED Uid: 1000 RequestorUid: 1000 RequestorPkg: com.android.settings] ]
02-22 02:37:57.983 D/UntrustedWifiNetworkFactory( 1503): got request NetworkRequest [ REQUEST id=150, [ Capabilities: INTERNET&NOT_RESTRICTED&TRUSTED&NOT_VCN_MANAGED Uid: 1000 RequestorUid: 1000 RequestorPkg: com.android.settings] ]
02-22 02:37:57.983 D/OemPaidWifiNetworkFactory( 1503): got request NetworkRequest [ REQUEST id=150, [ Capabilities: INTERNET&NOT_RESTRICTED&TRUSTED&NOT_VCN_MANAGED Uid: 1000 RequestorUid: 1000 RequestorPkg: com.android.settings] ]
02-22 02:37:57.983 I/TetheringManager( 7428): registerTetheringEventCallback caller:com.android.settings
02-22 02:37:57.986 D/ConnectivityService( 1503): NetReassign [no changes]
02-22 02:37:57.986 D/ConnectivityService( 1503): requestNetwork for uid/pid:1000/7428 activeRequest: null callbackRequest: 152 [NetworkRequest [ REQUEST id=153, [ Capabilities: INTERNET&NOT_RESTRICTED&TRUSTED&NOT_VCN_MANAGED Uid: 1000 RequestorUid: 1000 RequestorPkg: com.android.settings] ]] callback flags: 1 priority: 2147483647
02-22 02:37:57.986 D/ConnectivityService( 1503): NetReassign [no changes]
02-22 02:37:57.986 D/WifiNetworkFactory( 1503): got request NetworkRequest [ REQUEST id=153, [ Capabilities: INTERNET&NOT_RESTRICTED&TRUSTED&NOT_VCN_MANAGED Uid: 1000 RequestorUid: 1000 RequestorPkg: com.android.settings] ]
02-22 02:37:57.986 D/UntrustedWifiNetworkFactory( 1503): got request NetworkRequest [ REQUEST id=153, [ Capabilities: INTERNET&NOT_RESTRICTED&TRUSTED&NOT_VCN_MANAGED Uid: 1000 RequestorUid: 1000 RequestorPkg: com.android.settings] ]
02-22 02:37:57.986 D/Ethernet( 1503): got request NetworkRequest [ REQUEST id=153, [ Capabilities: INTERNET&NOT_RESTRICTED&TRUSTED&NOT_VCN_MANAGED Uid: 1000 RequestorUid: 1000 RequestorPkg: com.android.settings] ]
02-22 02:37:57.986 D/OemPaidWifiNetworkFactory( 1503): got request NetworkRequest [ REQUEST id=153, [ Capabilities: INTERNET&NOT_RESTRICTED&TRUSTED&NOT_VCN_MANAGED Uid: 1000 RequestorUid: 1000 RequestorPkg: com.android.settings] ]
02-22 02:37:57.986 D/EthernetNetworkFactory( 1503): acceptRequest, request: NetworkRequest [ REQUEST id=153, [ Capabilities: INTERNET&NOT_RESTRICTED&TRUSTED&NOT_VCN_MANAGED Uid: 1000 RequestorUid: 1000 RequestorPkg: com.android.settings] ]
02-22 02:37:57.986 I/EthernetNetworkFactory( 1503): networkForRequest, request: NetworkRequest [ REQUEST id=153, [ Capabilities: INTERNET&NOT_RESTRICTED&TRUSTED&NOT_VCN_MANAGED Uid: 1000 RequestorUid: 1000 RequestorPkg: com.android.settings] ], network: null
02-22 02:37:57.987 D/ConnectivityService( 1503): NetReassign [no changes]
02-22 02:37:57.987 D/BluetoothPan( 7428): Binding service...
02-22 02:37:57.988 I/sysui_multi_action( 7428): [757,746,758,1,833,0,1089,28]
02-22 02:37:57.989 D/SubscriptionsChangeListener( 7428): Start
02-22 02:37:57.989 D/TelephonyRegistry( 1503): listen oscl: mHasNotifySubscriptionInfoChangedOccurred==false no callback
02-22 02:37:57.990 D/MobileNetworkSummaryStatus( 7428): network summary query
02-22 02:37:57.990 W/MobileNetworkUtils( 7428): EuiccManager is not enabled.
02-22 02:37:57.990 E/TelephonyManager( 7428): Error in getUiccCardsInfo: unable to connect to Telephony service.
02-22 02:37:57.991 W/ScanResultUtil( 1503): Empty or null ScanResult list
02-22 02:37:57.991 W/WifiService( 1503): Attempt to retrieve WifiConfiguration with invalid scanResult List
02-22 02:37:57.991 W/SelectableSubscriptions( 7428): Fail to request subIdList
02-22 02:37:57.991 W/SelectableSubscriptions( 7428): java.lang.NullPointerException: Attempt to invoke interface method 'int java.util.List.size()' on a null object reference
02-22 02:37:57.991 W/SelectableSubscriptions( 7428): at com.android.settings.network.helper.SelectableSubscriptions.call(SelectableSubscriptions.java:128)
02-22 02:37:57.991 W/SelectableSubscriptions( 7428): at com.android.settings.network.MobileNetworkSummaryStatus.getSubscriptions(MobileNetworkSummaryStatus.java:158)
02-22 02:37:57.991 W/SelectableSubscriptions( 7428): at com.android.settings.network.MobileNetworkSummaryStatus.update(MobileNetworkSummaryStatus.java:88)
02-22 02:37:57.991 W/SelectableSubscriptions( 7428): at com.android.settings.network.MobileNetworkSummaryController.update(MobileNetworkSummaryController.java:170)
02-22 02:37:57.991 W/SelectableSubscriptions( 7428): at com.android.settings.network.MobileNetworkSummaryController.onResume(MobileNetworkSummaryController.java:95)
02-22 02:37:57.991 W/SelectableSubscriptions( 7428): at java.lang.reflect.Method.invoke(Native Method)
02-22 02:37:57.991 W/SelectableSubscriptions( 7428): at androidx.lifecycle.ClassesInfoCache$MethodReference.invokeCallback(ClassesInfoCache.java:216)
02-22 02:37:57.991 W/SelectableSubscriptions( 7428): at androidx.lifecycle.ClassesInfoCache$CallbackInfo.invokeMethodsForEvent(ClassesInfoCache.java:194)
02-22 02:37:57.991 W/SelectableSubscriptions( 7428): at androidx.lifecycle.ClassesInfoCache$CallbackInfo.invokeCallbacks(ClassesInfoCache.java:185)
02-22 02:37:57.991 W/SelectableSubscriptions( 7428): at androidx.lifecycle.ReflectiveGenericLifecycleObserver.onStateChanged(ReflectiveGenericLifecycleObserver.java:37)
02-22 02:37:57.991 W/SelectableSubscriptions( 7428): at androidx.lifecycle.LifecycleRegistry$ObserverWithState.dispatchEvent(LifecycleRegistry.java:354)
02-22 02:37:57.991 W/SelectableSubscriptions( 7428): at androidx.lifecycle.LifecycleRegistry.forwardPass(LifecycleRegistry.java:265)
02-22 02:37:57.991 W/SelectableSubscriptions( 7428): at androidx.lifecycle.LifecycleRegistry.sync(LifecycleRegistry.java:307)
02-22 02:37:57.991 W/SelectableSubscriptions( 7428): at androidx.lifecycle.LifecycleRegistry.moveToState(LifecycleRegistry.java:148)
02-22 02:37:57.991 W/SelectableSubscriptions( 7428): at androidx.lifecycle.LifecycleRegistry.handleLifecycleEvent(LifecycleRegistry.java:134)
02-22 02:37:57.991 W/SelectableSubscriptions( 7428): at com.android.settingslib.core.lifecycle.ObservablePreferenceFragment.onResume(ObservablePreferenceFragment.java:87)
02-22 02:37:57.991 W/SelectableSubscriptions( 7428): at com.android.settings.core.InstrumentedPreferenceFragment.onResume(InstrumentedPreferenceFragment.java:77)
02-22 02:37:57.991 W/SelectableSubscriptions( 7428): at com.android.settings.SettingsPreferenceFragment.onResume(SettingsPreferenceFragment.java:198)
02-22 02:37:57.991 W/SelectableSubscriptions( 7428): at com.android.settings.dashboard.DashboardFragment.onResume(DashboardFragment.java:220)
02-22 02:37:57.991 W/SelectableSubscriptions( 7428): at androidx.fragment.app.Fragment.performResume(Fragment.java:3029)
02-22 02:37:57.991 W/SelectableSubscriptions( 7428): at androidx.fragment.app.FragmentStateManager.resume(FragmentStateManager.java:583)
02-22 02:37:57.991 W/SelectableSubscriptions( 7428): at androidx.fragment.app.FragmentStateManager.moveToExpectedState(FragmentStateManager.java:282)
02-22 02:37:57.991 W/SelectableSubscriptions( 7428): at androidx.fragment.app.SpecialEffectsController$FragmentStateManagerOperation.complete(SpecialEffectsController.java:742)
02-22 02:37:57.991 W/SelectableSubscriptions( 7428): at androidx.fragment.app.SpecialEffectsController$Operation.completeSpecialEffect(SpecialEffectsController.java:669)
02-22 02:37:57.991 W/SelectableSubscriptions( 7428): at androidx.fragment.app.DefaultSpecialEffectsController$SpecialEffectsInfo.completeSpecialEffect(DefaultSpecialEffectsController.java:755)
02-22 02:37:57.991 W/SelectableSubscriptions( 7428): at androidx.fragment.app.DefaultSpecialEffectsController.startAnimations(DefaultSpecialEffectsController.java:147)
02-22 02:37:57.991 W/SelectableSubscriptions( 7428): at androidx.fragment.app.DefaultSpecialEffectsController.executeOperations(DefaultSpecialEffectsController.java:120)
02-22 02:37:57.991 W/SelectableSubscriptions( 7428): at androidx.fragment.app.SpecialEffectsController.executePendingOperations(SpecialEffectsController.java:294)
02-22 02:37:57.991 W/SelectableSubscriptions( 7428): at androidx.fragment.app.FragmentManager.executeOpsTogether(FragmentManager.java:2222)
02-22 02:37:57.991 W/SelectableSubscriptions( 7428): at androidx.fragment.app.FragmentManager.removeRedundantOperationsAndExecute(FragmentManager.java:2120)
02-22 02:37:57.991 W/SelectableSubscriptions( 7428): at androidx.fragment.app.FragmentManager.execPendingActions(FragmentManager.java:2022)
02-22 02:37:57.991 W/SelectableSubscriptions( 7428): at androidx.fragment.app.FragmentManager.executePendingTransactions(FragmentManager.java:603)
02-22 02:37:57.991 W/SelectableSubscriptions( 7428): at com.android.settings.homepage.SettingsHomepageActivity.addFragment(SettingsHomepageActivity.java:424)
02-22 02:37:57.991 W/SelectableSubscriptions( 7428): at com.android.settings.homepage.SettingsHomepageActivity.lambda$changeSettingsDetailsFragment$4(SettingsHomepageActivity.java:395)
02-22 02:37:57.991 W/SelectableSubscriptions( 7428): at com.android.settings.homepage.SettingsHomepageActivity.$r8$lambda$CqOfnAceDxvOR2buhHdxOyMQieE(Unknown Source:0)
02-22 02:37:57.991 W/SelectableSubscriptions( 7428): at com.android.settings.homepage.SettingsHomepageActivity$$ExternalSyntheticLambda3.run(Unknown Source:10)
02-22 02:37:57.991 W/SelectableSubscriptions( 7428): at android.os.Handler.handleCallback(Handler.java:938)
02-22 02:37:57.991 W/SelectableSubscriptions( 7428): at android.os.Handler.dispatchMessage(Handler.java:99)
02-22 02:37:57.991 W/SelectableSubscriptions( 7428): at android.os.Looper.loopOnce(Looper.java:201)
02-22 02:37:57.991 W/SelectableSubscriptions( 7428): at android.os.Looper.loop(Looper.java:288)
02-22 02:37:57.991 W/SelectableSubscriptions( 7428): at android.app.ActivityThread.main(ActivityThread.java:7880)
02-22 02:37:57.991 W/SelectableSubscriptions( 7428): at java.lang.reflect.Method.invoke(Native Method)
02-22 02:37:57.991 W/SelectableSubscriptions( 7428): at com.android.internal.os.RuntimeInit$MethodAndArgsCaller.run(RuntimeInit.java:548)
02-22 02:37:57.991 W/SelectableSubscriptions( 7428): at com.android.internal.os.ZygoteInit.main(ZygoteInit.java:1009)
02-22 02:37:57.991 D/MobileNetworkSummaryStatus( 7428): network summary query ignored
02-22 02:37:57.991 W/ScanResultUtil( 1503): Empty or null ScanResult list
02-22 02:37:57.991 D/SubscriptionsChangeListener( 7428): Start
02-22 02:37:57.991 E/WifiService( 1503): Attempt to retrieve passpoint with invalid scanResult List
02-22 02:37:57.992 D/TelephonyRegistry( 1503): listen oscl: mHasNotifySubscriptionInfoChangedOccurred==false no callback
02-22 02:37:57.992 W/ScanResultUtil( 1503): Empty or null ScanResult list
02-22 02:37:57.992 W/WifiService( 1503): Attempt to retrieve OsuProviders with invalid scanResult List
02-22 02:37:57.993 E/DisplayDeviceConfig( 1503): requesting nits when no mapping exists.
02-22 02:37:57.993 E/DisplayDeviceConfig( 1503): requesting nits when no mapping exists.
02-22 02:37:57.994 I/am_wtf ( 1503): [0,1503,system_server,-1,DisplayDeviceConfig,requesting nits when no mapping exists.]
02-22 02:37:57.994 D/ConnectivityService( 1503): NetReassign [no changes]
02-22 02:37:57.995 I/am_wtf ( 1503): [0,1503,system_server,-1,DisplayDeviceConfig,requesting nits when no mapping exists.]
02-22 02:37:57.997 I/sysui_multi_action( 7428): [757,1729,758,4,854,isParalleledControllers:false,1089,37]
02-22 02:37:57.998 I/WifiService( 1503): startScan uid=1000
02-22 02:37:58.001 D/LOWI-9.0.0.87.a( 1386): [LOWI-Scan] wait_event:Wait done with Cmd 33
02-22 02:37:58.001 D/LOWI-9.0.0.87.a( 1386): [LOWI-Scan] do_listen_events: Rcvd valid Netlink Cmd 0 Err 0
02-22 02:37:58.004 W/ScanResultUtil( 1503): Empty or null ScanResult list
02-22 02:37:58.004 W/WifiService( 1503): Attempt to retrieve WifiConfiguration with invalid scanResult List
02-22 02:37:58.005 W/ScanResultUtil( 1503): Empty or null ScanResult list
02-22 02:37:58.005 E/WifiService( 1503): Attempt to retrieve passpoint with invalid scanResult List
02-22 02:37:58.009 W/ScanResultUtil( 1503): Empty or null ScanResult list
02-22 02:37:58.009 W/WifiService( 1503): Attempt to retrieve OsuProviders with invalid scanResult List
02-22 02:37:58.010 E/DisplayDeviceConfig( 1503): requesting nits when no mapping exists.
02-22 02:37:58.010 E/DisplayDeviceConfig( 1503): requesting nits when no mapping exists.
02-22 02:37:58.010 I/am_wtf ( 1503): [0,1503,system_server,-1,DisplayDeviceConfig,requesting nits when no mapping exists.]
02-22 02:37:58.011 I/am_wtf ( 1503): [0,1503,system_server,-1,DisplayDeviceConfig,requesting nits when no mapping exists.]
02-22 02:37:58.011 D/BluetoothPan( 7428): Proxy object connected
02-22 02:37:58.013 D/BluetoothPan( 7428): Proxy object connected
02-22 02:37:58.026 E/DisplayDeviceConfig( 1503): requesting nits when no mapping exists.
02-22 02:37:58.027 E/DisplayDeviceConfig( 1503): requesting nits when no mapping exists.
02-22 02:37:58.027 I/am_wtf ( 1503): [0,1503,system_server,-1,DisplayDeviceConfig,requesting nits when no mapping exists.]
02-22 02:37:58.027 I/am_wtf ( 1503): [0,1503,system_server,-1,DisplayDeviceConfig,requesting nits when no mapping exists.]
02-22 02:37:58.044 E/DisplayDeviceConfig( 1503): requesting nits when no mapping exists.
02-22 02:37:58.044 E/DisplayDeviceConfig( 1503): requesting nits when no mapping exists.
02-22 02:37:58.044 I/am_wtf ( 1503): [0,1503,system_server,-1,DisplayDeviceConfig,requesting nits when no mapping exists.]
02-22 02:37:58.044 I/am_wtf ( 1503): [0,1503,system_server,-1,DisplayDeviceConfig,requesting nits when no mapping exists.]
01-01 13:25:46.114 I/[schedu][0x16cedce729][02:37:58.049563] wlan( 0): [3455:I:OSIF] scan start scan id 40987
02-22 02:37:58.060 E/DisplayDeviceConfig( 1503): requesting nits when no mapping exists.
02-22 02:37:58.061 E/DisplayDeviceConfig( 1503): requesting nits when no mapping exists.
02-22 02:37:58.061 I/am_wtf ( 1503): [0,1503,system_server,-1,DisplayDeviceConfig,requesting nits when no mapping exists.]
02-22 02:37:58.061 I/am_wtf ( 1503): [0,1503,system_server,-1,DisplayDeviceConfig,requesting nits when no mapping exists.]
02-22 02:37:58.077 E/DisplayDeviceConfig( 1503): requesting nits when no mapping exists.
02-22 02:37:58.077 E/DisplayDeviceConfig( 1503): requesting nits when no mapping exists.
02-22 02:37:58.077 I/am_wtf ( 1503): [0,1503,system_server,-1,DisplayDeviceConfig,requesting nits when no mapping exists.]
02-22 02:37:58.078 I/am_wtf ( 1503): [0,1503,system_server,-1,DisplayDeviceConfig,requesting nits when no mapping exists.]
02-22 02:37:58.093 E/DisplayDeviceConfig( 1503): requesting nits when no mapping exists.
02-22 02:37:58.093 E/DisplayDeviceConfig( 1503): requesting nits when no mapping exists.
02-22 02:37:58.094 I/am_wtf ( 1503): [0,1503,system_server,-1,DisplayDeviceConfig,requesting nits when no mapping exists.]
02-22 02:37:58.094 I/am_wtf ( 1503): [0,1503,system_server,-1,DisplayDeviceConfig,requesting nits when no mapping exists.]
02-22 02:37:58.215 I/mpu_uart( 644): [MSG-P:RECV]:No message received in 1000 ms
02-22 02:37:58.278 I/wm_stop_activity( 1503): [0,229498384,com.android.launcher3/.uioverrides.QuickstepLauncher]
02-22 02:37:58.299 D/StateManager( 2514): goToState: Normal
02-22 02:37:58.300 I/wm_on_stop_called( 2514): [229498384,com.android.launcher3.uioverrides.QuickstepLauncher,STOP_ACTIVITY_ITEM]
02-22 02:37:58.303 W/InputManager-JNI( 1503): Input channel object 'b919047 Splash Screen com.android.settings (client)' was disposed without first being removed with the input manager!
02-22 02:37:58.305 D/RemoteControlService( 2307): startVlanDispatchThread
02-22 02:37:58.343 W/Choreographer( 1503): Frame time is 0.378861 ms in the future! Check that graphics HAL is generating vsync timestamps using the correct timebase.
02-22 02:37:58.343 W/Choreographer( 1503): Frame time is 0.364017 ms in the future! Check that graphics HAL is generating vsync timestamps using the correct timebase.
02-22 02:37:58.343 W/Choreographer( 7428): Frame time is 0.295372 ms in the future! Check that graphics HAL is generating vsync timestamps using the correct timebase.
02-22 02:37:58.343 W/Choreographer( 2514): Frame time is 0.128601 ms in the future! Check that graphics HAL is generating vsync timestamps using the correct timebase.
01-01 13:25:46.773 E/DTC_ETH,link_delay_work_func( 0): 3003, SQI=0, link=0
02-22 02:37:58.796 I/input_interaction( 1503): Interaction with: c2feca5 com.android.settings/com.android.settings.Settings (server), edge-swipe (server), swipe-up (server), PointerEventDispatcher0 (server),
02-22 02:37:58.797 I/service_manager_stats( 1503): [135,74,5392]
02-22 02:37:58.981 W/hpplay-java( 2708): [main]:IPManager:getActiveNets invalid networkInfo:null
02-22 02:37:58.981 I/hpplay-java( 2708): [main]:IPManager:getActiveNets eth0:false wifi:false mobile:false ap:false
02-22 02:37:58.981 I/hpplay-java( 2708): [main]:ServerTaskManager:get local ip:null
02-22 02:37:59.215 I/mpu_uart( 644): [MSG-P:RECV]:No message received in 1000 ms
02-22 02:37:59.222 D/LOWI-9.0.0.87.a( 1386): [LOWI-Scan] wait_event:Wait done with Cmd 34
02-22 02:37:59.222 D/LOWI-9.0.0.87.a( 1386): [LOWI-Scan] do_listen_events: Rcvd valid Netlink Cmd 34 Err 0
02-22 02:37:59.222 D/WifiNl80211Manager( 1503): Scan result ready event
01-01 13:25:47.287 I/[schedu][0x16d0347697][02:37:59.222248] wlan( 0): [3455:I:OSIF] vdev 0, scan id 40987 type COMPLETED(1) reason COMPLETED(1) scan found 85 bss
02-22 02:37:59.222 D/WifiNative( 1503): Scan result ready event
02-22 02:37:59.222 D/LOWI-9.0.0.87.a( 1386): [LOWI-Scan]
02-22 02:37:59.222 D/LOWI-9.0.0.87.a( 1386): [LOWI-Scan] print_bss_handler: Report Probe TSF 5099944967 as it greater than Beacon TSF 5099915636
02-22 02:37:59.222 D/LOWI-9.0.0.87.a( 1386): [LOWI-Scan] decode_rsn_wpa_ie: LOWI_ENCRYPTION_TYPE_WPA_PSK
02-22 02:37:59.222 D/LOWI-9.0.0.87.a( 1386): [LOWI-Scan] is_qcom_ie, bss_age: 0
02-22 02:37:59.222 D/LOWI-9.0.0.87.a( 1386): [LOWI-Scan] BSS 38:a9:1c:35:03:06 LOWI_PHY_MODE_11NG_HT20(5), Beacon Interval: 100, LOWI_ENCRYPTION_TYPE_WPA_PSK 11mcRanging: No, ANQP: No, LCI: No, Civic: No, capability(0x0411): ESS Privacy ShortSlotTime
02-22 02:37:59.222 D/LOWI-9.0.0.87.a( 1386): [LOWI-Scan] BSS 38:a9:1c:35:03:06 FREQ: 2412, cFreq1[40:80:160] = [0:0:0] cFreq2 = 0 Country Code =
02-22 02:37:59.222 D/LOWI-9.0.0.87.a( 1386): [LOWI-Scan] BSS 38:a9:1c:35:03:06 (wlan0) ASSO: NO AddInfo: 0x0, TSF 0, 01:24:59.944, RSSI: -34, CPL: 127, AGE: 1080, SSID H3C_350304, TSFDelta: 0x4e40d2d, TXRate: 0
02-22 02:37:59.222 D/LOWI-9.0.0.87.a( 1386): [LOWI-Scan]
02-22 02:37:59.222 D/LOWI-9.0.0.87.a( 1386): [LOWI-Scan] print_bss_handler: Report Probe TSF 5099942943 as it greater than Beacon TSF 5099938787
02-22 02:37:59.222 D/LOWI-9.0.0.87.a( 1386): [LOWI-Scan] decode_rsn_wpa_ie: LOWI_ENCRYPTION_TYPE_WPA_PSK
02-22 02:37:59.222 D/LOWI-9.0.0.87.a( 1386): [LOWI-Scan] is_qcom_ie, bss_age: 0
02-22 02:37:59.222 D/LOWI-9.0.0.87.a( 1386): [LOWI-Scan] BSS 5c:02:14:f9:4f:d3 LOWI_PHY_MODE_11AC_VHT80(10), Beacon Interval: 100, LOWI_ENCRYPTION_TYPE_WPA_PSK 11mcRanging: No, ANQP: Yes, LCI: No, Civic: No, capability(0x1931): ESS Privacy ShortPreamble SpectrumMgmt APSD
02-22 02:37:59.222 D/LOWI-9.0.0.87.a( 1386): [LOWI-Scan] BSS 5c:02:14:f9:4f:d3 FREQ: 5200, cFreq1[40:80:160] = [5190:5210:0] cFreq2 = 0 Country Code = CN
02-22 02:37:59.222 D/LOWI-9.0.0.87.a( 1386): [LOWI-Scan] BSS 5c:02:14:f9:4f:d3 (wlan0) ASSO: NO AddInfo: 0x0, TSF 0, 01:24:59.942, RSSI: -104, CPL: 127, AGE: 1084, SSID ThunderSoft_XTS_5G, TSFDelta: 0xa97f334c, TXRate: 0
02-22 02:37:59.222 D/LOWI-9.0.0.87.a( 1386): [LOWI-Scan]
02-22 02:37:59.222 D/LOWI-9.0.0.87.a( 1386): [LOWI-Scan] print_bss_handler: Report beacon TSF 5100090235 as it greater than probe TSF 5100087594
02-22 02:37:59.222 D/LOWI-9.0.0.87.a( 1386): [LOWI-Scan] decode_rsn_wpa_ie: LOWI_ENCRYPTION_TYPE_WPA_PSK
02-22 02:37:59.222 D/LOWI-9.0.0.87.a( 1386): [LOWI-Scan] is_qcom_ie, bss_age: 0
02-22 02:37:59.222 D/LOWI-9.0.0.87.a( 1386): [LOWI-Scan] BSS f4:84:8d:21:25:a9 LOWI_PHY_MODE_11AC_VHT80(10), Beacon Interval: 100, LOWI_ENCRYPTION_TYPE_WPA_PSK 11mcRanging: No, ANQP: No, LCI: No, Civic: No, capability(0x1011): ESS Privacy
02-22 02:37:59.222 D/LOWI-9.0.0.87.a( 1386): [LOWI-Scan] BSS f4:84:8d:21:25:a9 FREQ: 5745, cFreq1[40:80:160] = [5755:5775:0] cFreq2 = 0 Country Code = CN
02-22 02:37:59.222 D/LOWI-9.0.0.87.a( 1386): [LOWI-Scan] BSS f4:84:8d:21:25:a9 (wlan0) ASSO: NO AddInfo: 0x1, TSF 0, 01:25:00.090, RSSI: -134, CPL: 127, AGE: 936, SSID hht, TSFDelta: 0x56ef2bbe, TXRate: 0
02-22 02:37:59.222 D/LOWI-9.0.0.87.a( 1386): [LOWI-Scan]
02-22 02:37:59.222 D/LOWI-9.0.0.87.a( 1386): [LOWI-Scan] print_bss_handler: Report Probe TSF 5100182408 as it greater than Beacon TSF 4710918397
02-22 02:37:59.222 D/LOWI-9.0.0.87.a( 1386): [LOWI-Scan] decode_rsn_wpa_ie: LOWI_ENCRYPTION_TYPE_WPA_PSK
02-22 02:37:59.222 D/LOWI-9.0.0.87.a( 1386): [LOWI-Scan] is_qcom_ie, bss_age: 0
02-22 02:37:59.222 D/LOWI-9.0.0.87.a( 1386): [LOWI-Scan] BSS 18:6f:2d:0a:b8:52 LOWI_PHY_MODE_11AC_VHT20(8), Beacon Interval: 100, LOWI_ENCRYPTION_TYPE_WPA_PSK 11mcRanging: No, ANQP: No, LCI: No, Civic: No, capability(0x0111): ESS Privacy SpectrumMgmt
02-22 02:37:59.222 D/LOWI-9.0.0.87.a( 1386): [LOWI-Scan] BSS 18:6f:2d:0a:b8:52 FREQ: 5785, cFreq1[40:80:160] = [5785:0:0] cFreq2 = 0 Country Code = CN
02-22 02:37:59.222 D/LOWI-9.0.0.87.a( 1386): [LOWI-Scan] BSS 18:6f:2d:0a:b8:52 (wlan0) ASSO: NO AddInfo: 0x0, TSF 0, 01:25:00.182, RSSI: -146, CPL: 127, AGE: 844, SSID ZXHY, TSFDelta: 0xe4df09, TXRate: 0
02-22 02:37:59.222 D/LOWI-9.0.0.87.a( 1386): [LOWI-Scan]
02-22 02:37:59.222 D/LOWI-9.0.0.87.a( 1386): [LOWI-Scan] print_bss_handler: Report beacon TSF 5100379302 as it greater than probe TSF 5100340055
02-22 02:37:59.222 D/LOWI-9.0.0.87.a( 1386): [LOWI-Scan] decode_rsn_wpa_ie: LOWI_ENCRYPTION_TYPE_WPA_PSK
02-22 02:37:59.222 D/LOWI-9.0.0.87.a( 1386): [LOWI-Scan] is_qcom_ie, bss_age: 0
02-22 02:37:59.222 D/LOWI-9.0.0.87.a( 1386): [LOWI-Scan] BSS 18:6f:2d:80:dd:70 LOWI_PHY_MODE_11AC_VHT20(8), Beacon Interval: 100, LOWI_ENCRYPTION_TYPE_WPA_PSK 11mcRanging: No, ANQP: No, LCI: No, Civic: No, capability(0x0111): ESS Privacy SpectrumMgmt
02-22 02:37:59.222 D/LOWI-9.0.0.87.a( 1386): [LOWI-Scan] BSS 18:6f:2d:80:dd:70 FREQ: 5260, cFreq1[40:80:160] = [5260:0:0] cFreq2 = 0 Country Code = CN
02-22 02:37:59.222 D/LOWI-9.0.0.87.a( 1386): [LOWI-Scan] BSS 18:6f:2d:80:dd:70 (wlan0) ASSO: NO AddInfo: 0x1, TSF 0, 01:25:00.379, RSSI: -138, CPL: 127, AGE: 648, SSID Testing , TSFDelta: 0x805fafe6, TXRate: 0
02-22 02:37:59.222 D/LOWI-9.0.0.87.a( 1386): [LOWI-Scan]
02-22 02:37:59.222 D/LOWI-9.0.0.87.a( 1386): [LOWI-Scan] print_bss_handler: Report beacon TSF 5100379561 as it greater than probe TSF 5100340808
02-22 02:37:59.222 D/LOWI-9.0.0.87.a( 1386): [LOWI-Scan] is_qcom_ie, bss_age: 0
02-22 02:37:59.222 D/LOWI-9.0.0.87.a( 1386): [LOWI-Scan] BSS 18:6f:2d:80:dd:71 LOWI_PHY_MODE_11AC_VHT20(8), Beacon Interval: 100, LOWI_ENCRYPTION_TYPE_OPEN 11mcRanging: No, ANQP: No, LCI: No, Civic: No, capability(0x0101): ESS SpectrumMgmt
02-22 02:37:59.222 D/LOWI-9.0.0.87.a( 1386): [LOWI-Scan] BSS 18:6f:2d:80:dd:71 FREQ: 5260, cFreq1[40:80:160] = [5260:0:0] cFreq2 = 0 Country Code = CN
02-22 02:37:59.222 D/LOWI-9.0.0.87.a( 1386): [LOWI-Scan] BSS 18:6f:2d:80:dd:71 (wlan0) ASSO: NO AddInfo: 0x1, TSF 0, 01:25:00.379, RSSI: -140, CPL: 127, AGE: 648, SSID Guest, TSFDelta: 0x8064e28f, TXRate: 0
02-22 02:37:59.222 D/LOWI-9.0.0.87.a( 1386): [LOWI-Scan]
02-22 02:37:59.222 D/LOWI-9.0.0.87.a( 1386): [LOWI-Scan] print_bss_handler: Report beacon TSF 5100379897 as it greater than probe TSF 5100341588
02-22 02:37:59.222 D/LOWI-9.0.0.87.a( 1386): [LOWI-Scan] decode_rsn_wpa_ie: LOWI_ENCRYPTION_TYPE_WPA_PSK
02-22 02:37:59.222 D/LOWI-9.0.0.87.a( 1386): [LOWI-Scan] is_qcom_ie, bss_age: 0
02-22 02:37:59.222 D/LOWI-9.0.0.87.a( 1386): [LOWI-Scan] BSS 18:6f:2d:80:dd:72 LOWI_PHY_MODE_11AC_VHT20(8), Beacon Interval: 100, LOWI_ENCRYPTION_TYPE_WPA_PSK 11mcRanging: No, ANQP: No, LCI: No, Civic: No, capability(0x0111): ESS Privacy SpectrumMgmt
02-22 02:37:59.222 D/LOWI-9.0.0.87.a( 1386): [LOWI-Scan] BSS 18:6f:2d:80:dd:72 FREQ: 5260, cFreq1[40:80:160] = [5260:0:0] cFreq2 = 0 Country Code = CN
02-22 02:37:59.222 D/LOWI-9.0.0.87.a( 1386): [LOWI-Scan] BSS 18:6f:2d:80:dd:72 (wlan0) ASSO: NO AddInfo: 0x1, TSF 0, 01:25:00.379, RSSI: -140, CPL: 127, AGE: 648, SSID ZXHY, TSFDelta: 0x806acb98, TXRate: 0
02-22 02:37:59.222 D/LOWI-9.0.0.87.a( 1386): [LOWI-Scan]
02-22 02:37:59.222 D/LOWI-9.0.0.87.a( 1386): [LOWI-Scan] print_bss_handler: Report beacon TSF 5100380261 as it greater than probe TSF 5100342316
02-22 02:37:59.222 D/LOWI-9.0.0.87.a( 1386): [LOWI-Scan] decode_rsn_wpa_ie: LOWI_ENCRYPTION_TYPE_WPA_PSK
02-22 02:37:59.222 D/LOWI-9.0.0.87.a( 1386): [LOWI-Scan] is_qcom_ie, bss_age: 0
02-22 02:37:59.222 D/LOWI-9.0.0.87.a( 1386): [LOWI-Scan] BSS 18:6f:2d:80:dd:73 LOWI_PHY_MODE_11AC_VHT20(8), Beacon Interval: 100, LOWI_ENCRYPTION_TYPE_WPA_PSK 11mcRanging: No, ANQP: No, LCI: No, Civic: No, capability(0x0111): ESS Privacy SpectrumMgmt
02-22 02:37:59.222 D/LOWI-9.0.0.87.a( 1386): [LOWI-Scan] BSS 18:6f:2d:80:dd:73 FREQ: 5260, cFreq1[40:80:160] = [5260:0:0] cFreq2 = 0 Country Code = CN
02-22 02:37:59.222 D/LOWI-9.0.0.87.a( 1386): [LOWI-Scan] BSS 18:6f:2d:80:dd:73 (wlan0) ASSO: NO AddInfo: 0x1, TSF 0, 01:25:00.380, RSSI: -140, CPL: 127, AGE: 644, SSID Fanya, TSFDelta: 0x80703a00, TXRate: 0
02-22 02:37:59.222 D/LOWI-9.0.0.87.a( 1386): [LOWI-Scan]
02-22 02:37:59.222 D/LOWI-9.0.0.87.a( 1386): [LOWI-Scan] print_bss_handler: Report beacon TSF 5100380565 as it greater than probe TSF 5100343108
02-22 02:37:59.222 D/LOWI-9.0.0.87.a( 1386): [LOWI-Scan] decode_rsn_wpa_ie: LOWI_ENCRYPTION_TYPE_WPA_PSK
02-22 02:37:59.222 D/LOWI-9.0.0.87.a( 1386): [LOWI-Scan] is_qcom_ie, bss_age: 0
02-22 02:37:59.222 D/LOWI-9.0.0.87.a( 1386): [LOWI-Scan] BSS 18:6f:2d:80:dd:74 LOWI_PHY_MODE_11AC_VHT20(8), Beacon Interval: 100, LOWI_ENCRYPTION_TYPE_WPA_PSK 11mcRanging: No, ANQP: No, LCI: No, Civic: No, capability(0x0111): ESS Privacy SpectrumMgmt
02-22 02:37:59.222 D/LOWI-9.0.0.87.a( 1386): [LOWI-Scan] BSS 18:6f:2d:80:dd:74 FREQ: 5260, cFreq1[40:80:160] = [5260:0:0] cFreq2 = 0 Country Code = CN
02-22 02:37:59.222 D/LOWI-9.0.0.87.a( 1386): [LOWI-Scan] BSS 18:6f:2d:80:dd:74 (wlan0) ASSO: NO AddInfo: 0x1, TSF 0, 01:25:00.380, RSSI: -140, CPL: 127, AGE: 644, SSID ThunderSoft, TSFDelta: 0x80759880, TXRate: 0
02-22 02:37:59.222 D/LOWI-9.0.0.87.a( 1386): [LOWI-Scan]
02-22 02:37:59.222 D/LOWI-9.0.0.87.a( 1386): [LOWI-Scan] print_bss_handler: Report beacon TSF 5100380904 as it greater than probe TSF 5100344203
02-22 02:37:59.222 D/LOWI-9.0.0.87.a( 1386): [LOWI-Scan] decode_rsn_wpa_ie: LOWI_ENCRYPTION_TYPE_WPA_PSK
02-22 02:37:59.222 D/LOWI-9.0.0.87.a( 1386): [LOWI-Scan] is_qcom_ie, bss_age: 0
02-22 02:37:59.222 D/LOWI-9.0.0.87.a( 1386): [LOWI-Scan] BSS 18:6f:2d:80:dd:75 LOWI_PHY_MODE_11AC_VHT20(8), Beacon Interval: 100, LOWI_ENCRYPTION_TYPE_WPA_PSK 11mcRanging: No, ANQP: No, LCI: No, Civic: No, capability(0x0111): ESS Privacy SpectrumMgmt
