02-22 02:36:39.765 I/wm_focused_root_task( 1503): [0,0,45,106,finish-top adjustFocusToNextFocusableTask]
02-22 02:36:39.766 I/wm_pause_activity( 1503): [0,184933063,com.thundercomm.screensaver/android.service.dreams.DreamActivity,userLeaving=false,finish]
02-22 02:36:39.767 I/wm_on_top_resumed_lost_called( 6011): [184933063,android.service.dreams.DreamActivity,topStateChangedWhenResumed]
02-22 02:36:39.767 I/sysui_multi_action( 1503): [757,803,799,window_time_0,802,1]
02-22 02:36:39.767 I/wm_on_paused_called( 6011): [184933063,android.service.dreams.DreamActivity,performPause]
02-22 02:36:39.768 I/wm_add_to_stopping( 1503): [0,184933063,com.thundercomm.screensaver/android.service.dreams.DreamActivity,completeFinishing]
02-22 02:36:39.769 I/wm_set_resumed_activity( 1503): [0,com.android.settings/.Settings,resumeTopActivityInnerLocked]
02-22 02:36:39.769 I/wm_resume_activity( 1503): [0,250080366,45,com.android.settings/.Settings]
02-22 02:36:39.773 I/view_enqueue_input_event( 6011): [Motion - Cancel,com.thundercomm.screensaver/android.service.dreams.DreamActivity]
02-22 02:36:39.773 I/input_focus( 1503): [Focus leaving 93d5bbf com.thundercomm.screensaver/android.service.dreams.DreamActivity (server),reason=NO_WINDOW]
02-22 02:36:39.773 I/sysui_multi_action( 1503): [757,803,799,window_time_0,802,0]
02-22 02:36:39.775 I/wm_on_restart_called( 4132): [250080366,com.android.settings.Settings,performRestartActivity]
02-22 02:36:39.775 I/input_interaction( 1503): Interaction with: edge-swipe (server), swipe-up (server), PointerEventDispatcher0 (server),
02-22 02:36:39.776 I/wm_on_start_called( 4132): [250080366,com.android.settings.Settings,handleStartActivity]
02-22 02:36:39.776 I/snet_event_log( 4132): [120484087,-1,]
02-22 02:36:39.776 I/wm_on_resume_called( 4132): [250080366,com.android.settings.Settings,RESUME_ACTIVITY]
02-22 02:36:39.777 I/sysui_multi_action( 4132): [757,35,758,1,833,0,1089,0]
02-22 02:36:39.778 I/sysui_multi_action( 4132): [757,47,758,1,833,0,1089,0]
02-22 02:36:39.781 I/wm_on_top_resumed_gained_called( 4132): [250080366,com.android.settings.Settings,topWhenResuming]
02-22 02:36:39.793 I/input_focus( 1503): [Focus request ab95283 com.android.settings/com.android.settings.Settings,reason=UpdateInputWindows]
02-22 02:36:39.807 I/input_focus( 1503): [Focus entering ab95283 com.android.settings/com.android.settings.Settings (server),reason=setFocusedWindow]
02-22 02:36:40.307 I/wm_destroy_activity( 1503): [0,184933063,106,com.thundercomm.screensaver/android.service.dreams.DreamActivity,finish-imm:idle]
02-22 02:36:40.324 I/wm_on_stop_called( 6011): [184933063,android.service.dreams.DreamActivity,LIFECYCLER_STOP_ACTIVITY]
02-22 02:36:40.324 I/wm_on_destroy_called( 6011): [184933063,android.service.dreams.DreamActivity,performDestroy]
02-22 02:36:40.325 I/sysui_multi_action( 1503): [757,222,758,2]
02-22 02:36:40.325 I/sysui_multi_action( 1503): [757,804,799,dreaming_minutes,801,0,802,1]
02-22 02:36:40.328 I/wm_task_removed( 1503): [106,removeChild:removeChild last r=ActivityRecord{b05dac7 u0 com.thundercomm.screensaver/android.service.dreams.DreamActivity t-1 f}} in t=Task{dedca8e #106 type=dream A=10047:android:com.thundercomm.screensaver/dream U=0 visible=false mode=fullscreen translucent=true sz=0}]
02-22 02:36:40.328 I/wm_task_removed( 1503): [106,removeChild]
02-22 02:36:40.520 I/input_interaction( 1503): Interaction with: ab95283 com.android.settings/com.android.settings.Settings (server), edge-swipe (server), swipe-up (server), PointerEventDispatcher0 (server),
02-22 02:36:40.670 I/sysui_multi_action( 4132): [757,830,758,4,833,0,854,dream_start_button_container,1089,0]
02-22 02:36:40.877 I/commit_sys_config_file( 1503): [settings-2-0,5]
02-22 02:36:41.097 I/input_interaction( 1503): Interaction with: a916dde StatusBar (server), edge-swipe (server), swipe-up (server), PointerEventDispatcher0 (server),
02-22 02:36:41.102 I/sysui_multi_action( 1966): [757,803,799,panel_open,802,1]
02-22 02:36:41.103 I/sysui_multi_action( 1966): [757,1328,758,4,1326,37,1327,4,1329,0]
02-22 02:36:41.148 I/sysui_multi_action( 1503): [757,127,758,1]
02-22 02:36:41.148 I/sysui_multi_action( 1503): [757,804,799,note_load,801,2,802,1]
02-22 02:36:41.148 I/notification_panel_revealed( 1503): 2
02-22 02:36:41.160 I/input_focus( 1503): [Focus request 91ac81d NotificationShade,reason=UpdateInputWindows]
02-22 02:36:41.169 I/sysui_multi_action( 1503): [757,128,758,1,793,5012188,794,0,795,5012188,796,26,798,0,806,android,857,DEVELOPER_IMPORTANT,858,4,947,0,1395,2,1500,5011783,1688,1]
02-22 02:36:41.170 I/sysui_multi_action( 1503): [757,804,799,note_freshness,801,5012188,802,1]
02-22 02:36:41.170 I/notification_visibility( 1503): [-1|android|26|null|1000,1,5012188,5012188,0,0]
02-22 02:36:41.170 I/sysui_multi_action( 1503): [757,128,758,1,793,5012792,794,0,795,5012792,796,32,798,1,806,android,857,USB,858,1,947,0,1395,2,1500,5012717,1688,1]
02-22 02:36:41.170 I/sysui_multi_action( 1503): [757,804,799,note_freshness,801,5012792,802,1]
02-22 02:36:41.170 I/notification_visibility( 1503): [-1|android|32|null|1000,1,5012792,5012792,0,1]
02-22 02:36:41.177 I/sysui_multi_action( 1966): [757,111,758,1]
02-22 02:36:41.178 I/sysui_multi_action( 1966): [757,126,758,1,759,126,927,0,928,1,1593,0]
02-22 02:36:41.178 I/sysui_multi_action( 1966): [757,113,758,1,759,113,927,1,928,1,1593,0]
02-22 02:36:41.178 I/sysui_multi_action( 1966): [757,0,758,1,759,0,927,2,928,0,1593,0]
02-22 02:36:41.178 I/sysui_multi_action( 1966): [757,0,758,1,759,0,927,3,928,0,1593,0]
02-22 02:36:41.178 I/sysui_multi_action( 1966): [757,491,758,1,759,491,927,4,928,0,1311,-1,1593,0]
02-22 02:36:41.178 I/input_focus( 1503): [Focus leaving ab95283 com.android.settings/com.android.settings.Settings (server),reason=setFocusedWindow]
02-22 02:36:41.178 I/sysui_multi_action( 1966): [757,0,758,1,759,0,927,5,928,0,1593,0]
02-22 02:36:41.178 I/input_focus( 1503): [Focus entering 91ac81d NotificationShade (server),reason=setFocusedWindow]
02-22 02:36:41.178 I/sysui_multi_action( 1966): [757,111,758,1]
02-22 02:36:41.179 I/sysui_multi_action( 1966): [757,126,758,1,759,126,927,0,928,1,1593,0]
02-22 02:36:41.179 I/sysui_multi_action( 1966): [757,113,758,1,759,113,927,1,928,1,1593,0]
02-22 02:36:41.179 I/sysui_multi_action( 1966): [757,0,758,1,759,0,927,2,928,0,1593,0]
02-22 02:36:41.179 I/sysui_multi_action( 1966): [757,0,758,1,759,0,927,3,928,0,1593,0]
02-22 02:36:41.990 I/input_interaction( 1503): Interaction with: 91ac81d NotificationShade (server), edge-swipe (server), swipe-up (server), PointerEventDispatcher0 (server),
02-22 02:36:42.153 I/sysui_multi_action( 1503): [757,222,758,1]
02-22 02:36:42.176 I/wm_task_created( 1503): [107,-1]
02-22 02:36:42.181 I/wm_task_moved( 1503): [107,1,9]
02-22 02:36:42.181 I/wm_task_to_front( 1503): [0,107]
02-22 02:36:42.182 I/wm_create_task( 1503): [0,107]
02-22 02:36:42.182 I/wm_create_activity( 1503): [0,117060167,107,com.thundercomm.screensaver/android.service.dreams.DreamActivity,NULL,NULL,NULL,276824064]
02-22 02:36:42.182 I/wm_task_moved( 1503): [107,1,9]
02-22 02:36:42.182 I/wm_pause_activity( 1503): [0,250080366,com.android.settings/.Settings,userLeaving=true,pauseBackTasks]
02-22 02:36:42.186 I/input_focus( 1503): [Focus request ab95283 com.android.settings/com.android.settings.Settings,reason=UpdateInputWindows]
02-22 02:36:42.187 I/wm_on_top_resumed_lost_called( 4132): [250080366,com.android.settings.Settings,topStateChangedWhenResumed]
02-22 02:36:42.187 I/sysui_multi_action( 4132): [757,35,758,2,1089,2411]
02-22 02:36:42.188 I/sysui_multi_action( 4132): [757,47,758,2,1089,2410]
02-22 02:36:42.188 I/wm_on_paused_called( 4132): [250080366,com.android.settings.Settings,performPause]
02-22 02:36:42.190 I/wm_add_to_stopping( 1503): [0,250080366,com.android.settings/.Settings,makeInvisible]
02-22 02:36:42.190 I/wm_restart_activity( 1503): [0,117060167,107,com.thundercomm.screensaver/android.service.dreams.DreamActivity]
02-22 02:36:42.191 I/wm_set_resumed_activity( 1503): [0,com.thundercomm.screensaver/android.service.dreams.DreamActivity,minimalResumeActivityLocked]
02-22 02:36:42.196 I/input_focus( 1503): [Focus leaving 91ac81d NotificationShade (server),reason=NOT_FOCUSABLE]
02-22 02:36:42.198 I/wm_on_create_called( 6011): [117060167,android.service.dreams.DreamActivity,performCreate]
02-22 02:36:42.198 I/wm_on_start_called( 6011): [117060167,android.service.dreams.DreamActivity,handleStartActivity]
02-22 02:36:42.200 I/sysui_multi_action( 1503): [757,803,799,window_time_0,802,3]
02-22 02:36:42.200 I/wm_on_resume_called( 6011): [117060167,android.service.dreams.DreamActivity,RESUME_ACTIVITY]
02-22 02:36:42.203 I/wm_on_top_resumed_gained_called( 6011): [117060167,android.service.dreams.DreamActivity,topStateChangedWhenResumed]
02-22 02:36:42.220 I/input_focus( 1503): [Focus request 575233f com.thundercomm.screensaver/android.service.dreams.DreamActivity,reason=UpdateInputWindows]
02-22 02:36:42.230 I/notification_enqueue( 1503): [10078,1966,com.android.systemui,2048,NULL,0,Notification(channel=updateNotification shortcut=null contentView=null vibrate=null sound=null defaults=0x0 flags=0x0 color=0x00000000 vis=PRIVATE),1]
02-22 02:36:42.230 I/sysui_multi_action( 1966): [757,111,758,2]
02-22 02:36:42.231 I/sysui_multi_action( 1966): [757,111,758,2]
02-22 02:36:42.237 I/sysui_multi_action( 1503): [319,63,322,53,325,5023,757,761,758,8,759,2,806,com.thundercomm.screensaver,871,android.service.dreams.DreamActivity,904,com.thundercomm.screensaver,905,0,1320,4,1321,2]
02-22 02:36:42.238 I/wm_activity_launch_time( 1503): [0,117060167,com.thundercomm.screensaver/android.service.dreams.DreamActivity,53]
02-22 02:36:42.244 I/sysui_multi_action( 1966): [757,111,758,1]
02-22 02:36:42.244 I/sysui_multi_action( 1966): [757,126,758,1,759,126,927,0,928,1,1593,0]
02-22 02:36:42.244 I/sysui_multi_action( 1966): [757,113,758,1,759,113,927,1,928,1,1593,0]
02-22 02:36:42.244 I/sysui_multi_action( 1966): [757,0,758,1,759,0,927,2,928,0,1593,0]
02-22 02:36:42.244 I/sysui_multi_action( 1966): [757,0,758,1,759,0,927,3,928,0,1593,0]
02-22 02:36:42.245 I/sysui_multi_action( 1966): [757,491,758,1,759,491,927,4,928,0,1311,-1,1593,0]
02-22 02:36:42.245 I/sysui_multi_action( 1966): [757,0,758,1,759,0,927,5,928,0,1593,0]
02-22 02:36:42.245 I/sysui_multi_action( 1966): [757,111,758,1]
02-22 02:36:42.245 I/sysui_multi_action( 1966): [757,126,758,1,759,126,927,0,928,1,1593,1]
02-22 02:36:42.245 I/sysui_multi_action( 1966): [757,113,758,1,759,113,927,1,928,1,1593,1]
02-22 02:36:42.245 I/sysui_multi_action( 1966): [757,0,758,1,759,0,927,2,928,0,1593,1]
02-22 02:36:42.245 I/sysui_multi_action( 1966): [757,0,758,1,759,0,927,3,928,0,1593,1]
02-22 02:36:42.262 I/input_focus( 1503): [Focus entering 575233f com.thundercomm.screensaver/android.service.dreams.DreamActivity (server),reason=Window became focusable. Previous reason: NOT_VISIBLE]
02-22 02:36:42.347 I/commit_sys_config_file( 1503): [settings-2-0,1]
02-22 02:36:42.479 I/notification_enqueue( 1503): [10078,1966,com.android.systemui,2048,NULL,0,Notification(channel=updateNotification shortcut=null contentView=null vibrate=null sound=null defaults=0x0 flags=0x0 color=0x00000000 vis=PRIVATE),1]
02-22 02:36:42.479 I/sysui_multi_action( 1966): [757,111,758,2]
02-22 02:36:42.479 I/sysui_multi_action( 1966): [757,111,758,2]
02-22 02:36:42.685 I/sysui_multi_action( 1503): [757,128,758,2,793,5013704,794,1516,795,5013704,796,26,798,0,806,android,857,DEVELOPER_IMPORTANT,858,4,947,0,1395,2,1500,5013299,1688,1]
02-22 02:36:42.685 I/notification_visibility( 1503): [-1|android|26|null|1000,0,5013704,5013704,0,0]
02-22 02:36:42.686 I/sysui_multi_action( 1503): [757,128,758,2,793,5014307,794,1515,795,5014307,796,32,798,1,806,android,857,USB,858,1,947,0,1395,2,1500,5014232,1688,1]
02-22 02:36:42.686 I/notification_visibility( 1503): [-1|android|32|null|1000,0,5014307,5014307,0,1]
02-22 02:36:42.686 I/sysui_multi_action( 1503): [757,127,758,2]
02-22 02:36:42.686 I/notification_panel_hidden( 1503):
02-22 02:36:42.731 I/wm_stop_activity( 1503): [0,250080366,com.android.settings/.Settings]
02-22 02:36:42.752 I/wm_on_stop_called( 4132): [250080366,com.android.settings.Settings,STOP_ACTIVITY_ITEM]
02-22 02:36:43.090 I/input_interaction( 1503): Interaction with: 575233f com.thundercomm.screensaver/android.service.dreams.DreamActivity (server), edge-swipe (server), swipe-up (server), PointerEventDispatcher0 (server),
02-22 02:36:43.091 I/wm_finish_activity( 1503): [0,117060167,107,com.thundercomm.screensaver/android.service.dreams.DreamActivity,finish-activity]
02-22 02:36:43.091 I/wm_task_moved( 1503): [45,1,8]
02-22 02:36:43.091 I/wm_task_to_front( 1503): [0,45]
02-22 02:36:43.091 I/wm_focused_root_task( 1503): [0,0,45,107,finish-top adjustFocusToNextFocusableTask]
02-22 02:36:43.091 I/wm_pause_activity( 1503): [0,117060167,com.thundercomm.screensaver/android.service.dreams.DreamActivity,userLeaving=false,finish]
02-22 02:36:43.093 I/wm_on_top_resumed_lost_called( 6011): [117060167,android.service.dreams.DreamActivity,topStateChangedWhenResumed]
02-22 02:36:43.093 I/wm_on_paused_called( 6011): [117060167,android.service.dreams.DreamActivity,performPause]
02-22 02:36:43.093 I/wm_add_to_stopping( 1503): [0,117060167,com.thundercomm.screensaver/android.service.dreams.DreamActivity,completeFinishing]
02-22 02:36:43.094 I/wm_set_resumed_activity( 1503): [0,com.android.settings/.Settings,resumeTopActivityInnerLocked]
02-22 02:36:43.095 I/wm_resume_activity( 1503): [0,250080366,45,com.android.settings/.Settings]
02-22 02:36:43.096 I/sysui_multi_action( 1503): [757,803,799,window_time_0,802,0]
02-22 02:36:43.098 I/input_focus( 1503): [Focus leaving 575233f com.thundercomm.screensaver/android.service.dreams.DreamActivity (server),reason=NO_WINDOW]
02-22 02:36:43.098 I/view_enqueue_input_event( 6011): [Motion - Cancel,com.thundercomm.screensaver/android.service.dreams.DreamActivity]
02-22 02:36:43.098 I/wm_on_restart_called( 4132): [250080366,com.android.settings.Settings,performRestartActivity]
02-22 02:36:43.099 I/sysui_multi_action( 1503): [757,803,799,window_time_0,802,0]
02-22 02:36:43.100 I/wm_on_start_called( 4132): [250080366,com.android.settings.Settings,handleStartActivity]
02-22 02:36:43.100 I/snet_event_log( 4132): [120484087,-1,]
02-22 02:36:43.100 I/wm_on_resume_called( 4132): [250080366,com.android.settings.Settings,RESUME_ACTIVITY]
02-22 02:36:43.101 I/sysui_multi_action( 4132): [757,35,758,1,833,0,1089,0]
02-22 02:36:43.101 I/input_interaction( 1503): Interaction with: edge-swipe (server), swipe-up (server), PointerEventDispatcher0 (server),
02-22 02:36:43.102 I/sysui_multi_action( 4132): [757,47,758,1,833,0,1089,0]
02-22 02:36:43.110 I/wm_on_top_resumed_gained_called( 4132): [250080366,com.android.settings.Settings,topWhenResuming]
02-22 02:36:43.116 I/input_focus( 1503): [Focus request ab95283 com.android.settings/com.android.settings.Settings,reason=UpdateInputWindows]
02-22 02:36:43.131 I/input_focus( 1503): [Focus entering ab95283 com.android.settings/com.android.settings.Settings (server),reason=setFocusedWindow]
02-22 02:36:43.631 I/wm_destroy_activity( 1503): [0,117060167,107,com.thundercomm.screensaver/android.service.dreams.DreamActivity,finish-imm:idle]
02-22 02:36:43.649 I/wm_on_stop_called( 6011): [117060167,android.service.dreams.DreamActivity,LIFECYCLER_STOP_ACTIVITY]
02-22 02:36:43.649 I/wm_on_destroy_called( 6011): [117060167,android.service.dreams.DreamActivity,performDestroy]
02-22 02:36:43.650 I/sysui_multi_action( 1503): [757,222,758,2]
02-22 02:36:43.650 I/sysui_multi_action( 1503): [757,804,799,dreaming_minutes,801,0,802,1]
02-22 02:36:43.653 I/wm_task_removed( 1503): [107,removeChild:removeChild last r=ActivityRecord{6fa3247 u0 com.thundercomm.screensaver/android.service.dreams.DreamActivity t-1 f}} in t=Task{9ca600e #107 type=dream A=10047:android:com.thundercomm.screensaver/dream U=0 visible=false mode=fullscreen translucent=true sz=0}]
02-22 02:36:43.653 I/wm_task_removed( 1503): [107,removeChild]
02-22 02:36:44.079 I/input_interaction( 1503): Interaction with: ab95283 com.android.settings/com.android.settings.Settings (server), edge-swipe (server), swipe-up (server), PointerEventDispatcher0 (server),
02-22 02:36:44.219 I/sysui_multi_action( 4132): [757,830,758,4,833,0,854,dream_start_button_container,1089,0]
02-22 02:36:44.429 I/commit_sys_config_file( 1503): [settings-2-0,6]
02-22 02:36:44.628 I/input_interaction( 1503): Interaction with: a916dde StatusBar (server), edge-swipe (server), swipe-up (server), PointerEventDispatcher0 (server),
02-22 02:36:44.631 I/sysui_multi_action( 1966): [757,803,799,panel_open,802,1]
02-22 02:36:44.633 I/sysui_multi_action( 1966): [757,1328,758,4,1326,40,1327,4,1329,0]
02-22 02:36:44.672 I/sysui_multi_action( 1503): [757,127,758,1]
02-22 02:36:44.672 I/sysui_multi_action( 1503): [757,804,799,note_load,801,2,802,1]
02-22 02:36:44.673 I/notification_panel_revealed( 1503): 2
02-22 02:36:44.681 I/input_focus( 1503): [Focus request 91ac81d NotificationShade,reason=UpdateInputWindows]
02-22 02:36:44.693 I/sysui_multi_action( 1503): [757,128,758,1,793,5015712,794,0,795,5015712,796,26,798,0,806,android,857,DEVELOPER_IMPORTANT,858,4,947,0,1395,2,1500,5015307,1688,1]
02-22 02:36:44.693 I/sysui_multi_action( 1503): [757,804,799,note_freshness,801,5015712,802,1]
02-22 02:36:44.693 I/notification_visibility( 1503): [-1|android|26|null|1000,1,5015712,5015712,0,0]
02-22 02:36:44.693 I/sysui_multi_action( 1503): [757,128,758,1,793,5016315,794,0,795,5016315,796,32,798,1,806,android,857,USB,858,1,947,0,1395,2,1500,5016240,1688,1]
02-22 02:36:44.693 I/sysui_multi_action( 1503): [757,804,799,note_freshness,801,5016315,802,1]
02-22 02:36:44.693 I/notification_visibility( 1503): [-1|android|32|null|1000,1,5016315,5016315,0,1]
02-22 02:36:44.703 I/input_focus( 1503): [Focus leaving ab95283 com.android.settings/com.android.settings.Settings (server),reason=setFocusedWindow]
02-22 02:36:44.703 I/input_focus( 1503): [Focus entering 91ac81d NotificationShade (server),reason=setFocusedWindow]
02-22 02:36:44.717 I/sysui_multi_action( 1966): [757,111,758,1]
02-22 02:36:44.717 I/sysui_multi_action( 1966): [757,126,758,1,759,126,927,0,928,1,1593,0]
02-22 02:36:44.717 I/sysui_multi_action( 1966): [757,113,758,1,759,113,927,1,928,1,1593,0]
02-22 02:36:44.718 I/sysui_multi_action( 1966): [757,0,758,1,759,0,927,2,928,0,1593,0]
02-22 02:36:44.718 I/sysui_multi_action( 1966): [757,0,758,1,759,0,927,3,928,0,1593,0]
02-22 02:36:44.718 I/sysui_multi_action( 1966): [757,491,758,1,759,491,927,4,928,0,1311,-1,1593,0]
02-22 02:36:44.718 I/sysui_multi_action( 1966): [757,0,758,1,759,0,927,5,928,0,1593,0]
02-22 02:36:44.718 I/sysui_multi_action( 1966): [757,111,758,1]
02-22 02:36:44.718 I/sysui_multi_action( 1966): [757,126,758,1,759,126,927,0,928,1,1593,0]
02-22 02:36:44.718 I/sysui_multi_action( 1966): [757,113,758,1,759,113,927,1,928,1,1593,0]
02-22 02:36:44.718 I/sysui_multi_action( 1966): [757,0,758,1,759,0,927,2,928,0,1593,0]
02-22 02:36:44.719 I/sysui_multi_action( 1966): [757,0,758,1,759,0,927,3,928,0,1593,0]
02-22 02:36:45.550 I/input_interaction( 1503): Interaction with: 91ac81d NotificationShade (server), edge-swipe (server), swipe-up (server), PointerEventDispatcher0 (server),
02-22 02:36:45.699 I/sysui_multi_action( 1503): [757,222,758,1]
02-22 02:36:45.729 I/wm_task_created( 1503): [108,-1]
02-22 02:36:45.734 I/wm_task_moved( 1503): [108,1,9]
02-22 02:36:45.734 I/wm_task_to_front( 1503): [0,108]
02-22 02:36:45.734 I/wm_create_task( 1503): [0,108]
02-22 02:36:45.734 I/wm_create_activity( 1503): [0,156753244,108,com.thundercomm.screensaver/android.service.dreams.DreamActivity,NULL,NULL,NULL,276824064]
02-22 02:36:45.734 I/wm_task_moved( 1503): [108,1,9]
02-22 02:36:45.735 I/wm_pause_activity( 1503): [0,250080366,com.android.settings/.Settings,userLeaving=true,pauseBackTasks]
02-22 02:36:45.737 I/wm_on_top_resumed_lost_called( 4132): [250080366,com.android.settings.Settings,topStateChangedWhenResumed]
02-22 02:36:45.738 I/input_focus( 1503): [Focus request ab95283 com.android.settings/com.android.settings.Settings,reason=UpdateInputWindows]
02-22 02:36:45.738 I/sysui_multi_action( 4132): [757,35,758,2,1089,2638]
02-22 02:36:45.739 I/sysui_multi_action( 4132): [757,47,758,2,1089,2637]
02-22 02:36:45.740 I/wm_on_paused_called( 4132): [250080366,com.android.settings.Settings,performPause]
02-22 02:36:45.741 I/wm_add_to_stopping( 1503): [0,250080366,com.android.settings/.Settings,makeInvisible]
02-22 02:36:45.741 I/wm_restart_activity( 1503): [0,156753244,108,com.thundercomm.screensaver/android.service.dreams.DreamActivity]
02-22 02:36:45.742 I/wm_set_resumed_activity( 1503): [0,com.thundercomm.screensaver/android.service.dreams.DreamActivity,minimalResumeActivityLocked]
02-22 02:36:45.747 I/wm_on_create_called( 6011): [156753244,android.service.dreams.DreamActivity,performCreate]
02-22 02:36:45.747 I/wm_on_start_called( 6011): [156753244,android.service.dreams.DreamActivity,handleStartActivity]
02-22 02:36:45.747 I/wm_on_resume_called( 6011): [156753244,android.service.dreams.DreamActivity,RESUME_ACTIVITY]
02-22 02:36:45.747 I/sysui_multi_action( 1503): [757,803,799,window_time_0,802,3]
02-22 02:36:45.750 I/wm_on_top_resumed_gained_called( 6011): [156753244,android.service.dreams.DreamActivity,topStateChangedWhenResumed]
02-22 02:36:45.755 I/input_focus( 1503): [Focus leaving 91ac81d NotificationShade (server),reason=NOT_FOCUSABLE]
02-22 02:36:45.759 I/input_focus( 1503): [Focus request 7b07bf4 com.thundercomm.screensaver/android.service.dreams.DreamActivity,reason=UpdateInputWindows]
02-22 02:36:45.773 I/sysui_multi_action( 1503): [319,50,322,46,325,5027,757,761,758,8,759,2,806,com.thundercomm.screensaver,871,android.service.dreams.DreamActivity,904,com.thundercomm.screensaver,905,0,1320,4,1321,2]
02-22 02:36:45.773 I/wm_activity_launch_time( 1503): [0,156753244,com.thundercomm.screensaver/android.service.dreams.DreamActivity,46]
02-22 02:36:45.774 I/notification_enqueue( 1503): [10078,1966,com.android.systemui,2048,NULL,0,Notification(channel=updateNotification shortcut=null contentView=null vibrate=null sound=null defaults=0x0 flags=0x0 color=0x00000000 vis=PRIVATE),1]
02-22 02:36:45.775 I/sysui_multi_action( 1966): [757,111,758,2]
02-22 02:36:45.775 I/sysui_multi_action( 1966): [757,111,758,2]
02-22 02:36:45.788 I/sysui_multi_action( 1966): [757,111,758,1]
02-22 02:36:45.788 I/sysui_multi_action( 1966): [757,126,758,1,759,126,927,0,928,1,1593,1]
02-22 02:36:45.788 I/sysui_multi_action( 1966): [757,113,758,1,759,113,927,1,928,1,1593,1]
02-22 02:36:45.788 I/sysui_multi_action( 1966): [757,0,758,1,759,0,927,2,928,0,1593,1]
02-22 02:36:45.788 I/sysui_multi_action( 1966): [757,0,758,1,759,0,927,3,928,0,1593,1]
02-22 02:36:45.788 I/sysui_multi_action( 1966): [757,491,758,1,759,491,927,4,928,0,1311,-1,1593,0]
02-22 02:36:45.789 I/sysui_multi_action( 1966): [757,0,758,1,759,0,927,5,928,0,1593,0]
02-22 02:36:45.789 I/sysui_multi_action( 1966): [757,111,758,1]
02-22 02:36:45.789 I/sysui_multi_action( 1966): [757,126,758,1,759,126,927,0,928,1,1593,1]
02-22 02:36:45.789 I/sysui_multi_action( 1966): [757,113,758,1,759,113,927,1,928,1,1593,1]
02-22 02:36:45.789 I/sysui_multi_action( 1966): [757,0,758,1,759,0,927,2,928,0,1593,1]
02-22 02:36:45.789 I/sysui_multi_action( 1966): [757,0,758,1,759,0,927,3,928,0,1593,1]
02-22 02:36:45.805 I/input_focus( 1503): [Focus entering 7b07bf4 com.thundercomm.screensaver/android.service.dreams.DreamActivity (server),reason=Window became focusable. Previous reason: NOT_VISIBLE]
02-22 02:36:45.891 I/commit_sys_config_file( 1503): [settings-2-0,1]
02-22 02:36:46.021 I/sysui_multi_action( 1966): [757,111,758,2]
02-22 02:36:46.021 I/notification_enqueue( 1503): [10078,1966,com.android.systemui,2048,NULL,0,Notification(channel=updateNotification shortcut=null contentView=null vibrate=null sound=null defaults=0x0 flags=0x0 color=0x00000000 vis=PRIVATE),1]
02-22 02:36:46.021 I/sysui_multi_action( 1966): [757,111,758,2]
02-22 02:36:46.227 I/sysui_multi_action( 1503): [757,128,758,2,793,5017246,794,1534,795,5017246,796,26,798,0,806,android,857,DEVELOPER_IMPORTANT,858,4,947,0,1395,2,1500,5016841,1688,1]
02-22 02:36:46.227 I/notification_visibility( 1503): [-1|android|26|null|1000,0,5017246,5017246,0,0]
02-22 02:36:46.227 I/sysui_multi_action( 1503): [757,128,758,2,793,5017849,794,1534,795,5017849,796,32,798,1,806,android,857,USB,858,1,947,0,1395,2,1500,5017774,1688,1]
02-22 02:36:46.227 I/notification_visibility( 1503): [-1|android|32|null|1000,0,5017849,5017849,0,1]
02-22 02:36:46.228 I/sysui_multi_action( 1503): [757,127,758,2]
02-22 02:36:46.228 I/notification_panel_hidden( 1503):
02-22 02:36:46.272 I/wm_stop_activity( 1503): [0,250080366,com.android.settings/.Settings]
02-22 02:36:46.295 I/wm_on_stop_called( 4132): [250080366,com.android.settings.Settings,STOP_ACTIVITY_ITEM]
02-22 02:36:46.553 I/input_interaction( 1503): Interaction with: 7b07bf4 com.thundercomm.screensaver/android.service.dreams.DreamActivity (server), edge-swipe (server), swipe-up (server), PointerEventDispatcher0 (server),
02-22 02:36:46.553 I/wm_finish_activity( 1503): [0,156753244,108,com.thundercomm.screensaver/android.service.dreams.DreamActivity,finish-activity]
02-22 02:36:46.553 I/wm_task_moved( 1503): [45,1,8]
02-22 02:36:46.553 I/wm_task_to_front( 1503): [0,45]
02-22 02:36:46.553 I/wm_focused_root_task( 1503): [0,0,45,108,finish-top adjustFocusToNextFocusableTask]
02-22 02:36:46.554 I/wm_pause_activity( 1503): [0,156753244,com.thundercomm.screensaver/android.service.dreams.DreamActivity,userLeaving=false,finish]
02-22 02:36:46.556 I/sysui_multi_action( 1503): [757,803,799,window_time_0,802,1]
02-22 02:36:46.556 I/wm_on_top_resumed_lost_called( 6011): [156753244,android.service.dreams.DreamActivity,topStateChangedWhenResumed]
02-22 02:36:46.556 I/wm_on_paused_called( 6011): [156753244,android.service.dreams.DreamActivity,performPause]
02-22 02:36:46.556 I/wm_add_to_stopping( 1503): [0,156753244,com.thundercomm.screensaver/android.service.dreams.DreamActivity,completeFinishing]
02-22 02:36:46.557 I/wm_set_resumed_activity( 1503): [0,com.android.settings/.Settings,resumeTopActivityInnerLocked]
02-22 02:36:46.558 I/wm_resume_activity( 1503): [0,250080366,45,com.android.settings/.Settings]
02-22 02:36:46.560 I/sysui_multi_action( 1503): [757,803,799,window_time_0,802,0]
02-22 02:36:46.573 I/wm_on_restart_called( 4132): [250080366,com.android.settings.Settings,performRestartActivity]
02-22 02:36:46.573 I/input_focus( 1503): [Focus leaving 7b07bf4 com.thundercomm.screensaver/android.service.dreams.DreamActivity (server),reason=NO_WINDOW]
02-22 02:36:46.574 I/view_enqueue_input_event( 6011): [Motion - Cancel,com.thundercomm.screensaver/android.service.dreams.DreamActivity]
02-22 02:36:46.574 I/wm_on_start_called( 4132): [250080366,com.android.settings.Settings,handleStartActivity]
02-22 02:36:46.574 I/snet_event_log( 4132): [120484087,-1,]
02-22 02:36:46.574 I/wm_on_resume_called( 4132): [250080366,com.android.settings.Settings,RESUME_ACTIVITY]
02-22 02:36:46.575 I/sysui_multi_action( 4132): [757,35,758,1,833,0,1089,0]
02-22 02:36:46.576 I/sysui_multi_action( 4132): [757,47,758,1,833,0,1089,0]
02-22 02:36:46.577 I/input_interaction( 1503): Interaction with: edge-swipe (server), swipe-up (server), PointerEventDispatcher0 (server),
02-22 02:36:46.579 I/wm_on_top_resumed_gained_called( 4132): [250080366,com.android.settings.Settings,topWhenResuming]
02-22 02:36:46.592 I/input_focus( 1503): [Focus request ab95283 com.android.settings/com.android.settings.Settings,reason=UpdateInputWindows]
02-22 02:36:46.606 I/input_focus( 1503): [Focus entering ab95283 com.android.settings/com.android.settings.Settings (server),reason=setFocusedWindow]
02-22 02:36:47.106 I/wm_destroy_activity( 1503): [0,156753244,108,com.thundercomm.screensaver/android.service.dreams.DreamActivity,finish-imm:idle]
02-22 02:36:47.124 I/wm_on_stop_called( 6011): [156753244,android.service.dreams.DreamActivity,LIFECYCLER_STOP_ACTIVITY]
02-22 02:36:47.124 I/wm_on_destroy_called( 6011): [156753244,android.service.dreams.DreamActivity,performDestroy]
02-22 02:36:47.125 I/sysui_multi_action( 1503): [757,222,758,2]
02-22 02:36:47.125 I/sysui_multi_action( 1503): [757,804,799,dreaming_minutes,801,0,802,1]
02-22 02:36:47.128 I/wm_task_removed( 1503): [108,removeChild:removeChild last r=ActivityRecord{957dd5c u0 com.thundercomm.screensaver/android.service.dreams.DreamActivity t-1 f}} in t=Task{bce72b7 #108 type=dream A=10047:android:com.thundercomm.screensaver/dream U=0 visible=false mode=fullscreen translucent=true sz=0}]
02-22 02:36:47.128 I/wm_task_removed( 1503): [108,removeChild]
02-22 02:36:47.610 I/input_interaction( 1503): Interaction with: ab95283 com.android.settings/com.android.settings.Settings (server), edge-swipe (server), swipe-up (server), PointerEventDispatcher0 (server),
02-22 02:36:47.746 I/sysui_multi_action( 4132): [757,830,758,4,833,0,854,dream_start_button_container,1089,0]
02-22 02:36:47.957 I/commit_sys_config_file( 1503): [settings-2-0,7]
02-22 02:36:48.168 I/input_interaction( 1503): Interaction with: a916dde StatusBar (server), edge-swipe (server), swipe-up (server), PointerEventDispatcher0 (server),
02-22 02:36:48.173 I/sysui_multi_action( 1966): [757,803,799,panel_open,802,1]
02-22 02:36:48.174 I/sysui_multi_action( 1966): [757,1328,758,4,1326,39,1327,1,1329,0]
02-22 02:36:48.196 I/sysui_multi_action( 1503): [757,127,758,1]
02-22 02:36:48.196 I/sysui_multi_action( 1503): [757,804,799,note_load,801,2,802,1]
02-22 02:36:48.196 I/notification_panel_revealed( 1503): 2
02-22 02:36:48.204 I/input_focus( 1503): [Focus request 91ac81d NotificationShade,reason=UpdateInputWindows]
02-22 02:36:48.216 I/sysui_multi_action( 1503): [757,128,758,1,793,5019235,794,0,795,5019235,796,26,798,0,806,android,857,DEVELOPER_IMPORTANT,858,4,947,0,1395,2,1500,5018830,1688,1]
02-22 02:36:48.216 I/sysui_multi_action( 1503): [757,804,799,note_freshness,801,5019235,802,1]
02-22 02:36:48.216 I/notification_visibility( 1503): [-1|android|26|null|1000,1,5019235,5019235,0,0]
02-22 02:36:48.216 I/sysui_multi_action( 1503): [757,128,758,1,793,5019838,794,0,795,5019838,796,32,798,1,806,android,857,USB,858,1,947,0,1395,2,1500,5019763,1688,1]
02-22 02:36:48.216 I/sysui_multi_action( 1503): [757,804,799,note_freshness,801,5019838,802,1]
02-22 02:36:48.216 I/notification_visibility( 1503): [-1|android|32|null|1000,1,5019838,5019838,0,1]
02-22 02:36:48.228 I/input_focus( 1503): [Focus leaving ab95283 com.android.settings/com.android.settings.Settings (server),reason=setFocusedWindow]
02-22 02:36:48.228 I/input_focus( 1503): [Focus entering 91ac81d NotificationShade (server),reason=setFocusedWindow]
02-22 02:36:48.260 I/sysui_multi_action( 1966): [757,111,758,1]
02-22 02:36:48.261 I/sysui_multi_action( 1966): [757,126,758,1,759,126,927,0,928,1,1593,0]
02-22 02:36:48.261 I/sysui_multi_action( 1966): [757,113,758,1,759,113,927,1,928,1,1593,0]
02-22 02:36:48.261 I/sysui_multi_action( 1966): [757,0,758,1,759,0,927,2,928,0,1593,0]
02-22 02:36:48.261 I/sysui_multi_action( 1966): [757,0,758,1,759,0,927,3,928,0,1593,0]
02-22 02:36:48.263 I/sysui_multi_action( 1966): [757,491,758,1,759,491,927,4,928,0,1311,-1,1593,0]
02-22 02:36:48.263 I/sysui_multi_action( 1966): [757,0,758,1,759,0,927,5,928,0,1593,0]
02-22 02:36:48.263 I/sysui_multi_action( 1966): [757,111,758,1]
02-22 02:36:48.263 I/sysui_multi_action( 1966): [757,126,758,1,759,126,927,0,928,1,1593,0]
02-22 02:36:48.263 I/sysui_multi_action( 1966): [757,113,758,1,759,113,927,1,928,1,1593,0]
02-22 02:36:48.263 I/sysui_multi_action( 1966): [757,0,758,1,759,0,927,2,928,0,1593,0]
02-22 02:36:48.263 I/sysui_multi_action( 1966): [757,0,758,1,759,0,927,3,928,0,1593,0]
02-22 02:36:49.026 I/input_interaction( 1503): Interaction with: 91ac81d NotificationShade (server), edge-swipe (server), swipe-up (server), PointerEventDispatcher0 (server),
02-22 02:36:49.357 I/commit_sys_config_file( 1503): [settings-2-0,5]
02-22 02:36:56.047 I/sysui_multi_action( 1503): [757,222,758,1]
02-22 02:36:56.058 I/wm_task_created( 1503): [109,-1]
02-22 02:36:56.062 I/wm_task_moved( 1503): [109,1,9]
02-22 02:36:56.062 I/wm_task_to_front( 1503): [0,109]
02-22 02:36:56.062 I/wm_create_task( 1503): [0,109]
02-22 02:36:56.062 I/wm_create_activity( 1503): [0,29453285,109,com.thundercomm.screensaver/android.service.dreams.DreamActivity,NULL,NULL,NULL,276824064]
02-22 02:36:56.062 I/wm_task_moved( 1503): [109,1,9]
02-22 02:36:56.063 I/wm_on_top_resumed_lost_called( 4132): [250080366,com.android.settings.Settings,topStateChangedWhenResumed]
02-22 02:36:56.063 I/wm_pause_activity( 1503): [0,250080366,com.android.settings/.Settings,userLeaving=true,pauseBackTasks]
02-22 02:36:56.066 I/input_focus( 1503): [Focus request ab95283 com.android.settings/com.android.settings.Settings,reason=UpdateInputWindows]
02-22 02:36:56.066 I/sysui_multi_action( 4132): [757,35,758,2,1089,9492]
02-22 02:36:56.067 I/sysui_multi_action( 4132): [757,47,758,2,1089,9491]
02-22 02:36:56.067 I/wm_on_paused_called( 4132): [250080366,com.android.settings.Settings,performPause]
02-22 02:36:56.068 I/wm_add_to_stopping( 1503): [0,250080366,com.android.settings/.Settings,makeInvisible]
02-22 02:36:56.069 I/wm_restart_activity( 1503): [0,29453285,109,com.thundercomm.screensaver/android.service.dreams.DreamActivity]
02-22 02:36:56.069 I/wm_set_resumed_activity( 1503): [0,com.thundercomm.screensaver/android.service.dreams.DreamActivity,minimalResumeActivityLocked]
02-22 02:36:56.074 I/sysui_multi_action( 1503): [757,803,799,window_time_0,802,9]
02-22 02:36:56.075 I/wm_on_create_called( 6011): [29453285,android.service.dreams.DreamActivity,performCreate]
02-22 02:36:56.075 I/wm_on_start_called( 6011): [29453285,android.service.dreams.DreamActivity,handleStartActivity]
02-22 02:36:56.075 I/wm_on_resume_called( 6011): [29453285,android.service.dreams.DreamActivity,RESUME_ACTIVITY]
02-22 02:36:56.077 I/wm_on_top_resumed_gained_called( 6011): [29453285,android.service.dreams.DreamActivity,topStateChangedWhenResumed]
02-22 02:36:56.079 I/input_focus( 1503): [Focus leaving 91ac81d NotificationShade (server),reason=NOT_FOCUSABLE]
02-22 02:36:56.087 I/input_focus( 1503): [Focus request 3ba329d com.thundercomm.screensaver/android.service.dreams.DreamActivity,reason=UpdateInputWindows]
02-22 02:36:56.097 I/notification_enqueue( 1503): [10078,1966,com.android.systemui,2048,NULL,0,Notification(channel=updateNotification shortcut=null contentView=null vibrate=null sound=null defaults=0x0 flags=0x0 color=0x00000000 vis=PRIVATE),1]
02-22 02:36:56.097 I/sysui_multi_action( 1966): [757,111,758,2]
02-22 02:36:56.097 I/sysui_multi_action( 1966): [757,111,758,2]
02-22 02:36:56.104 I/sysui_multi_action( 1503): [319,46,322,38,325,5037,757,761,758,8,759,2,806,com.thundercomm.screensaver,871,android.service.dreams.DreamActivity,904,com.thundercomm.screensaver,905,0,1320,4,1321,2]
02-22 02:36:56.104 I/wm_activity_launch_time( 1503): [0,29453285,com.thundercomm.screensaver/android.service.dreams.DreamActivity,38]
02-22 02:36:56.111 I/sysui_multi_action( 1966): [757,111,758,1]
02-22 02:36:56.111 I/sysui_multi_action( 1966): [757,126,758,1,759,126,927,0,928,1,1593,1]
02-22 02:36:56.111 I/sysui_multi_action( 1966): [757,113,758,1,759,113,927,1,928,1,1593,1]
02-22 02:36:56.111 I/sysui_multi_action( 1966): [757,0,758,1,759,0,927,2,928,0,1593,1]
02-22 02:36:56.111 I/sysui_multi_action( 1966): [757,0,758,1,759,0,927,3,928,0,1593,1]
02-22 02:36:56.111 I/sysui_multi_action( 1966): [757,491,758,1,759,491,927,4,928,0,1311,-1,1593,0]
02-22 02:36:56.111 I/sysui_multi_action( 1966): [757,0,758,1,759,0,927,5,928,0,1593,0]
02-22 02:36:56.112 I/sysui_multi_action( 1966): [757,111,758,1]
02-22 02:36:56.112 I/sysui_multi_action( 1966): [757,126,758,1,759,126,927,0,928,1,1593,1]
02-22 02:36:56.112 I/sysui_multi_action( 1966): [757,113,758,1,759,113,927,1,928,1,1593,1]
02-22 02:36:56.112 I/sysui_multi_action( 1966): [757,0,758,1,759,0,927,2,928,0,1593,1]
02-22 02:36:56.112 I/sysui_multi_action( 1966): [757,0,758,1,759,0,927,3,928,0,1593,1]
02-22 02:36:56.129 I/input_focus( 1503): [Focus entering 3ba329d com.thundercomm.screensaver/android.service.dreams.DreamActivity (server),reason=Window became focusable. Previous reason: NOT_VISIBLE]
02-22 02:36:56.362 I/sysui_multi_action( 1966): [757,111,758,2]
02-22 02:36:56.362 I/notification_enqueue( 1503): [10078,1966,com.android.systemui,2048,NULL,0,Notification(channel=updateNotification shortcut=null contentView=null vibrate=null sound=null defaults=0x0 flags=0x0 color=0x00000000 vis=PRIVATE),1]
02-22 02:36:56.362 I/sysui_multi_action( 1966): [757,111,758,2]
02-22 02:36:56.569 I/sysui_multi_action( 1503): [757,128,758,2,793,5027588,794,8353,795,5027588,796,26,798,0,806,android,857,DEVELOPER_IMPORTANT,858,4,947,0,1395,2,1500,5027183,1688,1]
02-22 02:36:56.569 I/notification_visibility( 1503): [-1|android|26|null|1000,0,5027588,5027588,0,0]
02-22 02:36:56.569 I/sysui_multi_action( 1503): [757,128,758,2,793,5028191,794,8353,795,5028191,796,32,798,1,806,android,857,USB,858,1,947,0,1395,2,1500,5028116,1688,1]
02-22 02:36:56.570 I/notification_visibility( 1503): [-1|android|32|null|1000,0,5028191,5028191,0,1]
02-22 02:36:56.570 I/sysui_multi_action( 1503): [757,127,758,2]
02-22 02:36:56.570 I/notification_panel_hidden( 1503):
02-22 02:36:56.614 I/wm_stop_activity( 1503): [0,250080366,com.android.settings/.Settings]
02-22 02:36:56.637 I/wm_on_stop_called( 4132): [250080366,com.android.settings.Settings,STOP_ACTIVITY_ITEM]
02-22 02:36:57.104 I/input_interaction( 1503): Interaction with: 3ba329d com.thundercomm.screensaver/android.service.dreams.DreamActivity (server), edge-swipe (server), swipe-up (server), PointerEventDispatcher0 (server),
02-22 02:36:57.105 I/wm_finish_activity( 1503): [0,29453285,109,com.thundercomm.screensaver/android.service.dreams.DreamActivity,finish-activity]
02-22 02:36:57.105 I/wm_task_moved( 1503): [45,1,8]
02-22 02:36:57.105 I/wm_task_to_front( 1503): [0,45]
02-22 02:36:57.105 I/wm_focused_root_task( 1503): [0,0,45,109,finish-top adjustFocusToNextFocusableTask]
02-22 02:36:57.105 I/wm_pause_activity( 1503): [0,29453285,com.thundercomm.screensaver/android.service.dreams.DreamActivity,userLeaving=false,finish]
02-22 02:36:57.107 I/sysui_multi_action( 1503): [757,803,799,window_time_0,802,1]
02-22 02:36:57.107 I/wm_on_top_resumed_lost_called( 6011): [29453285,android.service.dreams.DreamActivity,topStateChangedWhenResumed]
02-22 02:36:57.107 I/wm_on_paused_called( 6011): [29453285,android.service.dreams.DreamActivity,performPause]
02-22 02:36:57.108 I/wm_add_to_stopping( 1503): [0,29453285,com.thundercomm.screensaver/android.service.dreams.DreamActivity,completeFinishing]
02-22 02:36:57.109 I/wm_set_resumed_activity( 1503): [0,com.android.settings/.Settings,resumeTopActivityInnerLocked]
02-22 02:36:57.109 I/wm_resume_activity( 1503): [0,250080366,45,com.android.settings/.Settings]
02-22 02:36:57.111 I/sysui_multi_action( 1503): [757,803,799,window_time_0,802,0]
02-22 02:36:57.115 I/view_enqueue_input_event( 6011): [Motion - Cancel,com.thundercomm.screensaver/android.service.dreams.DreamActivity]
02-22 02:36:57.115 I/input_focus( 1503): [Focus leaving 3ba329d com.thundercomm.screensaver/android.service.dreams.DreamActivity (server),reason=NO_WINDOW]
02-22 02:36:57.115 I/input_interaction( 1503): Interaction with: edge-swipe (server), swipe-up (server), PointerEventDispatcher0 (server),
02-22 02:36:57.115 I/wm_on_restart_called( 4132): [250080366,com.android.settings.Settings,performRestartActivity]
02-22 02:36:57.117 I/wm_on_start_called( 4132): [250080366,com.android.settings.Settings,handleStartActivity]
02-22 02:36:57.117 I/snet_event_log( 4132): [120484087,-1,]
02-22 02:36:57.117 I/wm_on_resume_called( 4132): [250080366,com.android.settings.Settings,RESUME_ACTIVITY]
02-22 02:36:57.118 I/sysui_multi_action( 4132): [757,35,758,1,833,0,1089,0]
02-22 02:36:57.118 I/sysui_multi_action( 4132): [757,47,758,1,833,0,1089,0]
02-22 02:36:57.122 I/wm_on_top_resumed_gained_called( 4132): [250080366,com.android.settings.Settings,topWhenResuming]
02-22 02:36:57.134 I/input_focus( 1503): [Focus request ab95283 com.android.settings/com.android.settings.Settings,reason=UpdateInputWindows]
02-22 02:36:57.148 I/input_focus( 1503): [Focus entering ab95283 com.android.settings/com.android.settings.Settings (server),reason=setFocusedWindow]
02-22 02:36:57.650 I/wm_destroy_activity( 1503): [0,29453285,109,com.thundercomm.screensaver/android.service.dreams.DreamActivity,finish-imm:idle]
02-22 02:36:57.666 I/wm_on_stop_called( 6011): [29453285,android.service.dreams.DreamActivity,LIFECYCLER_STOP_ACTIVITY]
02-22 02:36:57.666 I/wm_on_destroy_called( 6011): [29453285,android.service.dreams.DreamActivity,performDestroy]
02-22 02:36:57.667 I/sysui_multi_action( 1503): [757,222,758,2]
02-22 02:36:57.667 I/sysui_multi_action( 1503): [757,804,799,dreaming_minutes,801,0,802,1]
02-22 02:36:57.669 I/wm_task_removed( 1503): [109,removeChild:removeChild last r=ActivityRecord{1c16be5 u0 com.thundercomm.screensaver/android.service.dreams.DreamActivity t-1 f}} in t=Task{ae06ba4 #109 type=dream A=10047:android:com.thundercomm.screensaver/dream U=0 visible=false mode=fullscreen translucent=true sz=0}]
02-22 02:36:57.669 I/wm_task_removed( 1503): [109,removeChild]
02-22 02:36:57.927 I/input_interaction( 1503): Interaction with: ab95283 com.android.settings/com.android.settings.Settings (server), edge-swipe (server), swipe-up (server), PointerEventDispatcher0 (server),
02-22 02:36:57.931 I/wm_task_moved( 1503): [1,0,0]
02-22 02:36:57.931 I/wm_task_moved( 1503): [1,0,7]
02-22 02:36:57.951 I/wm_on_restart_called( 2514): [229498384,com.android.launcher3.uioverrides.QuickstepLauncher,performRestartActivity]
02-22 02:36:57.967 I/wm_on_start_called( 2514): [229498384,com.android.launcher3.uioverrides.QuickstepLauncher,handleStartActivity]
02-22 02:36:57.968 I/view_enqueue_input_event( 4132): [Motion - Cancel,com.android.settings/com.android.settings.Settings]
02-22 02:36:57.968 I/input_focus( 1503): [Focus request recents_animation_input_consumer,reason=UpdateInputWindows]
02-22 02:36:57.973 I/sysui_latency( 2514): [1,45]
02-22 02:36:57.978 I/sysui_multi_action( 1503): [319,3,322,46,325,5039,757,761,758,9,759,5,806,com.android.launcher3,871,com.android.launcher3.uioverrides.QuickstepLauncher,905,0,1320,8,1321,5]
02-22 02:36:57.981 I/input_interaction( 1503): Interaction with: edge-swipe (server), swipe-up (server), PointerEventDispatcher0 (server),
02-22 02:36:57.983 I/input_focus( 1503): [Focus leaving ab95283 com.android.settings/com.android.settings.Settings (server),reason=NOT_FOCUSABLE]
02-22 02:36:57.983 I/input_focus( 1503): [Focus entering recents_animation_input_consumer (server),reason=setFocusedWindow]
02-22 02:36:58.171 I/commit_sys_config_file( 1503): [settings-1-0,6]
02-22 02:36:58.278 I/sysui_latency( 1503): [8,49]
02-22 02:36:58.604 I/wm_task_moved( 1503): [1,1,8]
02-22 02:36:58.611 I/wm_focused_root_task( 1503): [0,0,1,45,RecentsAnimation.onAnimationFinished()]
02-22 02:36:58.611 I/wm_on_top_resumed_lost_called( 4132): [250080366,com.android.settings.Settings,topStateChangedWhenResumed]
02-22 02:36:58.613 I/wm_pause_activity( 1503): [0,250080366,com.android.settings/.Settings,userLeaving=false,pauseBackTasks]
02-22 02:36:58.615 I/wm_set_resumed_activity( 1503): [0,com.android.launcher3/.uioverrides.QuickstepLauncher,resumeTopActivityInnerLocked]
02-22 02:36:58.617 I/wm_resume_activity( 1503): [0,229498384,41,com.android.launcher3/.uioverrides.QuickstepLauncher]
02-22 02:36:58.618 I/wm_add_to_stopping( 1503): [0,250080366,com.android.settings/.Settings,makeInvisible]
02-22 02:36:58.624 I/input_focus( 1503): [Focus request e3555c3 com.android.launcher3/com.android.launcher3.uioverrides.QuickstepLauncher,reason=UpdateInputWindows]
02-22 02:36:58.625 I/sysui_multi_action( 4132): [757,35,758,2,1089,1508]
02-22 02:36:58.626 I/sysui_multi_action( 4132): [757,47,758,2,1089,1507]
02-22 02:36:58.626 I/sysui_multi_action( 1503): [757,803,799,window_time_0,802,2]
02-22 02:36:58.626 I/wm_on_paused_called( 4132): [250080366,com.android.settings.Settings,performPause]
02-22 02:36:58.627 I/wm_on_resume_called( 2514): [229498384,com.android.launcher3.uioverrides.QuickstepLauncher,RESUME_ACTIVITY]
02-22 02:36:58.635 I/input_focus( 1503): [Focus leaving recents_animation_input_consumer (server),reason=NOT_VISIBLE]
02-22 02:36:58.636 I/input_focus( 1503): [Focus entering e3555c3 com.android.launcher3/com.android.launcher3.uioverrides.QuickstepLauncher (server),reason=setFocusedWindow]
02-22 02:36:58.638 I/wm_stop_activity( 1503): [0,250080366,com.android.settings/.Settings]
02-22 02:36:58.640 I/sysui_multi_action( 1503): [757,803,799,window_time_0,802,0]
02-22 02:36:58.646 I/wm_on_stop_called( 4132): [250080366,com.android.settings.Settings,STOP_ACTIVITY_ITEM]
02-22 02:36:58.656 I/wm_on_top_resumed_gained_called( 2514): [229498384,com.android.launcher3.uioverrides.QuickstepLauncher,topStateChangedWhenResumed]
02-22 02:36:58.847 I/commit_sys_config_file( 1503): [settings-1-0,5]
02-22 02:36:59.298 I/input_interaction( 1503): Interaction with: e3555c3 com.android.launcher3/com.android.launcher3.uioverrides.QuickstepLauncher (server), 1fcc036 com.android.systemui.ImageWallpaper (server), edge-swipe (server), swipe-up (server), PointerEventDispatcher0 (server),
02-22 02:36:59.856 I/wm_finish_activity( 1503): [0,120691896,47,com.android.music/.VideoBrowserActivity,recent-task-trimmed]
02-22 02:36:59.858 I/wm_destroy_activity( 1503): [0,120691896,47,com.android.music/.VideoBrowserActivity,finish-imm:finishIfPossible]
02-22 02:36:59.860 I/wm_task_removed( 1503): [47,removeChild:removeChild last r=ActivityRecord{7319cb8 u0 com.android.music/.VideoBrowserActivity t-1 f}} in t=Task{3c31382 #47 type=standard A=10087:android.task.video U=0 visible=false mode=fullscreen translucent=true sz=0}]
02-22 02:36:59.860 I/wm_task_removed( 1503): [47,removeChild]
02-22 02:36:59.868 I/wm_finish_activity( 1503): [0,92612313,46,com.android.music/.MusicBrowserActivity,recent-task-trimmed]
02-22 02:36:59.869 I/wm_destroy_activity( 1503): [0,92612313,46,com.android.music/.MusicBrowserActivity,finish-imm:finishIfPossible]
02-22 02:36:59.870 I/wm_task_removed( 1503): [46,removeChild:removeChild last r=ActivityRecord{58526d9 u0 com.android.music/.MusicBrowserActivity t-1 f}} in t=Task{2d60c13 #46 type=standard A=10087:android.task.music U=0 visible=false mode=fullscreen translucent=true sz=0}]
02-22 02:36:59.870 I/wm_task_removed( 1503): [46,removeChild]
02-22 02:36:59.874 I/wm_finish_activity( 1503): [0,250080366,45,com.android.settings/.Settings,recent-task-trimmed]
02-22 02:36:59.875 I/wm_destroy_activity( 1503): [0,250080366,45,com.android.settings/.Settings,finish-imm:finishIfPossible]
02-22 02:36:59.878 I/am_kill ( 1503): [0,6051,com.android.music,925,remove task]
02-22 02:36:59.881 I/sysui_multi_action( 1503): [757,803,799,window_time_0,802,1]
02-22 02:36:59.883 I/sysui_multi_action( 1503): [757,803,799,window_time_0,802,0]
02-22 02:36:59.885 I/am_kill ( 1503): [0,4132,com.android.settings,900,remove task]
02-22 02:36:59.887 I/sysui_multi_action( 1503): [757,803,799,window_time_0,802,0]
02-22 02:36:59.907 I/am_proc_died( 1503): [0,6051,com.android.music,925,19]
02-22 02:36:59.907 I/am_uid_stopped( 1503): 10087
02-22 02:36:59.915 I/am_uid_running( 1503): 10087
02-22 02:36:59.952 I/am_proc_died( 1503): [0,4132,com.android.settings,900,18]
02-22 02:36:59.958 I/wm_task_removed( 1503): [45,removeChild:removeChild last r=ActivityRecord{ee7ec6e u0 com.android.settings/.Settings t-1 f}} in t=Task{b957588 #45 type=standard A=1000:com.android.settings.root U=0 visible=false mode=fullscreen translucent=true sz=0}]
02-22 02:36:59.958 I/wm_task_removed( 1503): [45,removeChild]
02-22 02:36:59.970 I/am_proc_start( 1503): [0,7428,1000,com.android.settings,NULL,]
02-22 02:36:59.989 I/am_proc_start( 1503): [0,7429,10087,com.android.music,NULL,]
02-22 02:36:59.998 I/am_proc_bound( 1503): [0,7428,com.android.settings]
02-22 02:37:00.021 I/am_proc_bound( 1503): [0,7429,com.android.music]
02-22 02:37:00.049 I/am_wtf ( 1503): [0,7428,com.android.settings,952647173,RoleParser,com.android.permissioncontroller.role.model.AssistantRoleBehavior]
02-22 02:37:00.051 I/am_wtf ( 1503): [0,7428,com.android.settings,952647173,RoleParser,com.android.permissioncontroller.role.model.BrowserRoleBehavior]
02-22 02:37:00.053 I/am_wtf ( 1503): [0,7428,com.android.settings,952647173,RoleParser,com.android.permissioncontroller.role.model.DialerRoleBehavior]
02-22 02:37:00.055 I/am_wtf ( 1503): [0,7428,com.android.settings,952647173,RoleParser,com.android.permissioncontroller.role.model.SmsRoleBehavior]
02-22 02:37:00.056 I/am_wtf ( 1503): [0,7428,com.android.settings,952647173,RoleParser,com.android.permissioncontroller.role.model.EmergencyRoleBehavior]
02-22 02:37:00.058 I/am_wtf ( 1503): [0,7428,com.android.settings,952647173,RoleParser,com.android.permissioncontroller.role.model.HomeRoleBehavior]
02-22 02:37:00.060 I/am_wtf ( 1503): [0,7428,com.android.settings,952647173,RoleParser,com.android.permissioncontroller.role.model.SystemAutomotiveClusterRoleBehavior]
02-22 02:37:00.061 I/am_wtf ( 1503): [0,7428,com.android.settings,952647173,RoleParser,com.android.permissioncontroller.role.model.CompanionDeviceWatchRoleBehavior]
02-22 02:37:00.063 I/am_wtf ( 1503): [0,7428,com.android.settings,952647173,RoleParser,com.android.permissioncontroller.role.model.SystemShellRoleBehavior]
02-22 02:37:00.064 I/am_wtf ( 1503): [0,7428,com.android.settings,952647173,RoleParser,com.android.permissioncontroller.role.model.TelevisionRoleBehavior]
02-22 02:37:00.066 I/am_wtf ( 1503): [0,7428,com.android.settings,952647173,RoleParser,com.android.permissioncontroller.role.model.TelevisionRoleBehavior]
02-22 02:37:14.841 I/am_freeze( 1503): [5263,com.qti.diagservices]
