02-22 02:37:59.224 D/LOWI-9.0.0.87.a( 1386): [LOWI-Scan] BSS 18:6f:2d:81:1f:d5 FREQ: 5280, cFreq1[40:80:160] = [5280:0:0] cFreq2 = 0 Country Code = CN
02-22 02:37:59.224 I/liblog ( 1386): 1
02-22 02:37:59.224 D/LOWI-9.0.0.87.a( 1386): [LOWI-Scan]
02-22 02:37:59.224 D/LOWI-9.0.0.87.a( 1386): [LOWI-Scan] print_bss_handler: Report beacon TSF 5100506448 as it greater than probe TSF 5020145276
02-22 02:37:59.224 D/LOWI-9.0.0.87.a( 1386): [LOWI-Scan] decode_rsn_wpa_ie: LOWI_ENCRYPTION_TYPE_WPA_PSK
02-22 02:37:59.224 D/LOWI-9.0.0.87.a( 1386): [LOWI-Scan] is_qcom_ie, bss_age: 0
02-22 02:37:59.224 D/LOWI-9.0.0.87.a( 1386): [LOWI-Scan] BSS 18:6f:2d:81:1f:d2 LOWI_PHY_MODE_11AC_VHT20(8), Beacon Interval: 100, LOWI_ENCRYPTION_TYPE_WPA_PSK 11mcRanging: No, ANQP: No, LCI: No, Civic: No, capability(0x0111): ESS Privacy SpectrumMgmt
02-22 02:37:59.224 I/liblog ( 1386): 1
02-22 02:37:59.224 I/liblog ( 1386): 1
02-22 02:37:59.224 D/LOWI-9.0.0.87.a( 1386): [LOWI-Scan]
02-22 02:37:59.224 D/LOWI-9.0.0.87.a( 1386): [LOWI-Scan] print_bss_handler: Report beacon TSF 5100506883 as it greater than probe TSF 5020147585
02-22 02:37:59.224 I/liblog ( 1386): 1
02-22 02:37:59.224 I/liblog ( 1386): 1
02-22 02:37:59.224 D/LOWI-9.0.0.87.a( 1386): [LOWI-Scan] BSS 18:6f:2d:81:1f:d4 LOWI_PHY_MODE_11AC_VHT20(8), Beacon Interval: 100, LOWI_ENCRYPTION_TYPE_WPA_PSK 11mcRanging: No, ANQP: No, LCI: No, Civic: No, capability(0x0111): ESS Privacy SpectrumMgmt
02-22 02:37:59.224 I/liblog ( 1386): 2
02-22 02:37:59.224 D/LOWI-9.0.0.87.a( 1386): [LOWI-Scan]
02-22 02:37:59.224 D/LOWI-9.0.0.87.a( 1386): [LOWI-Scan] print_bss_handler: Report Probe TSF 5100674522 as it greater than Beacon TSF 0
02-22 02:37:59.224 I/liblog ( 1386): 1
02-22 02:37:59.224 I/liblog ( 1386): 1
02-22 02:37:59.224 I/liblog ( 1386): 1
02-22 02:37:59.224 D/LOWI-9.0.0.87.a( 1386): [LOWI-Scan] BSS 18:6f:2d:81:23:c4 FREQ: 2452, cFreq1[40:80:160] = [2452:0:0] cFreq2 = 0 Country Code = CN
02-22 02:37:59.224 D/LOWI-9.0.0.87.a( 1386): [LOWI-Scan] BSS 18:6f:2d:81:23:c4 (wlan0) ASSO: NO AddInfo: 0x0, TSF 0, 01:25:00.674, RSSI: -148, CPL: 127, AGE: 352, SSID Fanya, TSFDelta: 0x77971a7d, TXRate: 0
02-22 02:37:59.224 D/LOWI-9.0.0.87.a( 1386): [LOWI-Scan]
02-22 02:37:59.224 D/LOWI-9.0.0.87.a( 1386): [LOWI-Scan] print_bss_handler: Report beacon TSF 5100869641 as it greater than probe TSF 5100861842
02-22 02:37:59.224 D/LOWI-9.0.0.87.a( 1386): [LOWI-Scan] is_qcom_ie, bss_age: 0
02-22 02:37:59.224 D/LOWI-9.0.0.87.a( 1386): [LOWI-Scan] BSS 18:6f:2d:0a:b8:41 LOWI_PHY_MODE_11NG_HT20(5), Beacon Interval: 100, LOWI_ENCRYPTION_TYPE_OPEN 11mcRanging: No, ANQP: No, LCI: No, Civic: No, capability(0x0521): ESS ShortPreamble SpectrumMgmt ShortSlotTime
02-22 02:37:59.224 D/LOWI-9.0.0.87.a( 1386): [LOWI-Scan] BSS 18:6f:2d:0a:b8:41 FREQ: 2467, cFreq1[40:80:160] = [2467:0:0] cFreq2 = 0 Country Code = CN
02-22 02:37:59.224 D/LOWI-9.0.0.87.a( 1386): [LOWI-Scan] BSS 18:6f:2d:0a:b8:41 (wlan0) ASSO: NO AddInfo: 0x1, TSF 0, 01:25:00.869, RSSI: -130, CPL: 127, AGE: 156, SSID Guest, TSFDelta: 0x6396e86, TXRate: 0
02-22 02:37:59.224 D/LOWI-9.0.0.87.a( 1386): [LOWI-Scan]
02-22 02:37:59.224 D/LOWI-9.0.0.87.a( 1386): [LOWI-Scan] print_bss_handler: Report beacon TSF 5099887130 as it greater than probe TSF 5099887130
02-22 02:37:59.224 D/LOWI-9.0.0.87.a( 1386): [LOWI-Scan] is_qcom_ie, bss_age: 0
02-22 02:37:59.224 D/LOWI-9.0.0.87.a( 1386): [LOWI-Scan] BSS 18:6f:2d:81:20:61 LOWI_PHY_MODE_11NG_HT20(5), Beacon Interval: 100, LOWI_ENCRYPTION_TYPE_OPEN 11mcRanging: No, ANQP: No, LCI: No, Civic: No, capability(0x0521): ESS ShortPreamble SpectrumMgmt ShortSlotTime
02-22 02:37:59.224 D/LOWI-9.0.0.87.a( 1386): [LOWI-Scan] BSS 18:6f:2d:81:20:61 FREQ: 2412, cFreq1[40:80:160] = [2412:0:0] cFreq2 = 0 Country Code = CN
02-22 02:37:59.224 D/LOWI-9.0.0.87.a( 1386): [LOWI-Scan] BSS 18:6f:2d:81:20:61 (wlan0) ASSO: NO AddInfo: 0x1, TSF 0, 01:24:59.887, RSSI: -136, CPL: 127, AGE: 1140, SSID Guest, TSFDelta: 0xe6495421, TXRate: 0
02-22 02:37:59.224 D/LOWI-9.0.0.87.a( 1386): [LOWI-Scan]
02-22 02:37:59.224 D/LOWI-9.0.0.87.a( 1386): [LOWI-Scan] print_bss_handler: Report Probe TSF 5099939269 as it greater than Beacon TSF 0
02-22 02:37:59.224 D/LOWI-9.0.0.87.a( 1386): [LOWI-Scan] decode_rsn_wpa_ie: LOWI_ENCRYPTION_TYPE_WPA_PSK
02-22 02:37:59.224 D/LOWI-9.0.0.87.a( 1386): [LOWI-Scan] is_qcom_ie, bss_age: 0
02-22 02:37:59.224 D/LOWI-9.0.0.87.a( 1386): [LOWI-Scan] BSS 6c:b0:ce:42:57:6f LOWI_PHY_MODE_11NG_HT20(5), Beacon Interval: 100, LOWI_ENCRYPTION_TYPE_WPA_PSK 11mcRanging: No, ANQP: No, LCI: No, Civic: No, capability(0x1411): ESS Privacy ShortSlotTime
02-22 02:37:59.224 D/LOWI-9.0.0.87.a( 1386): [LOWI-Scan] BSS 6c:b0:ce:42:57:6f FREQ: 2412, cFreq1[40:80:160] = [0:0:0] cFreq2 = 0 Country Code =
02-22 02:37:59.224 D/LOWI-9.0.0.87.a( 1386): [LOWI-Scan] BSS 6c:b0:ce:42:57:6f (wlan0) ASSO: NO AddInfo: 0x0, TSF 0, 01:24:59.939, RSSI: -128, CPL: 127, AGE: 1088, SSID NETGEAR60, TSFDelta: 0x95930986, TXRate: 0
02-22 02:37:59.224 D/LOWI-9.0.0.87.a( 1386): [LOWI-Scan]
02-22 02:37:59.224 D/LOWI-9.0.0.87.a( 1386): [LOWI-Scan] print_bss_handler: Report beacon TSF 5100189992 as it greater than probe TSF 5100179512
02-22 02:37:59.224 D/LOWI-9.0.0.87.a( 1386): [LOWI-Scan] decode_rsn_wpa_ie: LOWI_ENCRYPTION_TYPE_WPA_PSK
02-22 02:37:59.224 D/LOWI-9.0.0.87.a( 1386): [LOWI-Scan] is_qcom_ie, bss_age: 0
02-22 02:37:59.224 D/LOWI-9.0.0.87.a( 1386): [LOWI-Scan] BSS dc:fe:18:77:4e:9c LOWI_PHY_MODE_11AC_VHT80(10), Beacon Interval: 100, LOWI_ENCRYPTION_TYPE_WPA_PSK 11mcRanging: No, ANQP: No, LCI: No, Civic: No, capability(0x0511): ESS Privacy SpectrumMgmt ShortSlotTime
02-22 02:37:59.224 D/LOWI-9.0.0.87.a( 1386): [LOWI-Scan] BSS dc:fe:18:77:4e:9c FREQ: 5785, cFreq1[40:80:160] = [5795:5775:0] cFreq2 = 0 Country Code =
02-22 02:37:59.224 D/LOWI-9.0.0.87.a( 1386): [LOWI-Scan] BSS dc:fe:18:77:4e:9c (wlan0) ASSO: NO AddInfo: 0x1, TSF 0, 01:25:00.189, RSSI: -154, CPL: 127, AGE: 836, SSID TP-LINK_5G_4E9A, TSFDelta: 0x5bdf20c2, TXRate: 0
02-22 02:37:59.224 D/LOWI-9.0.0.87.a( 1386): [LOWI-Scan]
02-22 02:37:59.224 D/LOWI-9.0.0.87.a( 1386): [LOWI-Scan] print_bss_handler: Report beacon TSF 5100277438 as it greater than probe TSF 5100268531
02-22 02:37:59.224 D/LOWI-9.0.0.87.a( 1386): [LOWI-Scan] decode_rsn_wpa_ie: LOWI_ENCRYPTION_TYPE_WPA_PSK
02-22 02:37:59.224 D/LOWI-9.0.0.87.a( 1386): [LOWI-Scan] is_qcom_ie, bss_age: 0
02-22 02:37:59.224 D/LOWI-9.0.0.87.a( 1386): [LOWI-Scan] BSS 18:6f:2d:81:18:40 LOWI_PHY_MODE_11NG_HT20(5), Beacon Interval: 100, LOWI_ENCRYPTION_TYPE_WPA_PSK 11mcRanging: No, ANQP: No, LCI: No, Civic: No, capability(0x0531): ESS Privacy ShortPreamble SpectrumMgmt ShortSlotTime
02-22 02:37:59.224 D/LOWI-9.0.0.87.a( 1386): [LOWI-Scan] BSS 18:6f:2d:81:18:40 FREQ: 2432, cFreq1[40:80:160] = [2432:0:0] cFreq2 = 0 Country Code = CN
02-22 02:37:59.224 I/liblog ( 1386): 18
02-22 02:37:59.224 I/liblog ( 1386): 2
02-22 02:37:59.224 I/liblog ( 1386): 1
02-22 02:37:59.224 D/LOWI-9.0.0.87.a( 1386): [LOWI-Scan]
02-22 02:37:59.224 D/LOWI-9.0.0.87.a( 1386): [LOWI-Scan] print_bss_handler: Report Probe TSF 5100824595 as it greater than Beacon TSF 0
02-22 02:37:59.224 D/LOWI-9.0.0.87.a( 1386): [LOWI-Scan] decode_rsn_wpa_ie: LOWI_ENCRYPTION_TYPE_WPA_PSK
02-22 02:37:59.224 I/liblog ( 1386): 1
02-22 02:37:59.224 I/liblog ( 1386): 1
02-22 02:37:59.224 D/LOWI-9.0.0.87.a( 1386): [LOWI-Scan] BSS b4:cd:27:3f:c9:a3 FREQ: 2462, cFreq1[40:80:160] = [0:0:0] cFreq2 = 0 Country Code = CN
02-22 02:37:59.224 I/liblog ( 1386): 1
02-22 02:37:59.224 D/LOWI-9.0.0.87.a( 1386): [LOWI-Scan]
02-22 02:37:59.224 D/LOWI-9.0.0.87.a( 1386): [LOWI-Scan] print_bss_handler: Report Probe TSF 5100872337 as it greater than Beacon TSF 5100870363
02-22 02:37:59.224 D/LOWI-9.0.0.87.a( 1386): [LOWI-Scan] decode_rsn_wpa_ie: LOWI_ENCRYPTION_TYPE_WPA_PSK
02-22 02:37:59.224 D/LOWI-9.0.0.87.a( 1386): [LOWI-Scan] is_qcom_ie, bss_age: 0
02-22 02:37:59.224 D/LOWI-9.0.0.87.a( 1386): [LOWI-Scan] BSS 18:6f:2d:0a:b8:42 LOWI_PHY_MODE_11NG_HT20(5), Beacon Interval: 100, LOWI_ENCRYPTION_TYPE_WPA_PSK 11mcRanging: No, ANQP: No, LCI: No, Civic: No, capability(0x0531): ESS Privacy ShortPreamble SpectrumMgmt ShortSlotTime
02-22 02:37:59.224 D/LOWI-9.0.0.87.a( 1386): [LOWI-Scan] BSS 18:6f:2d:0a:b8:42 FREQ: 2467, cFreq1[40:80:160] = [2467:0:0] cFreq2 = 0 Country Code = CN
02-22 02:37:59.224 D/LOWI-9.0.0.87.a( 1386): [LOWI-Scan] BSS 18:6f:2d:0a:b8:42 (wlan0) ASSO: NO AddInfo: 0x0, TSF 0, 01:25:00.872, RSSI: -132, CPL: 127, AGE: 152, SSID ThunderSoft_2.4G, TSFDelta: 0x688dd1f, TXRate: 0
02-22 02:37:59.224 D/LOWI-9.0.0.87.a( 1386): [LOWI-Scan]
02-22 02:37:59.224 D/LOWI-9.0.0.87.a( 1386): [LOWI-Scan] print_bss_handler: Report Probe TSF 5100896856 as it greater than Beacon TSF 5100871114
02-22 02:37:59.224 D/LOWI-9.0.0.87.a( 1386): [LOWI-Scan] decode_rsn_wpa_ie: LOWI_ENCRYPTION_TYPE_WPA_PSK
02-22 02:37:59.224 D/LOWI-9.0.0.87.a( 1386): [LOWI-Scan] is_qcom_ie, bss_age: 0
02-22 02:37:59.224 D/LOWI-9.0.0.87.a( 1386): [LOWI-Scan] BSS 18:6f:2d:0a:b8:43 LOWI_PHY_MODE_11NG_HT20(5), Beacon Interval: 100, LOWI_ENCRYPTION_TYPE_WPA_PSK 11mcRanging: No, ANQP: No, LCI: No, Civic: No, capability(0x0531): ESS Privacy ShortPreamble SpectrumMgmt ShortSlotTime
02-22 02:37:59.224 D/LOWI-9.0.0.87.a( 1386): [LOWI-Scan] BSS 18:6f:2d:0a:b8:43 FREQ: 2467, cFreq1[40:80:160] = [2467:0:0] cFreq2 = 0 Country Code = CN
02-22 02:37:59.224 D/LOWI-9.0.0.87.a( 1386): [LOWI-Scan] BSS 18:6f:2d:0a:b8:43 (wlan0) ASSO: NO AddInfo: 0x0, TSF 0, 01:25:00.896, RSSI: -118, CPL: 127, AGE: 128, SSID ZXHY, TSFDelta: 0x73bfab4, TXRate: 0
02-22 02:37:59.224 D/LOWI-9.0.0.87.a( 1386): [LOWI-Scan]
02-22 02:37:59.224 D/LOWI-9.0.0.87.a( 1386): [LOWI-Scan] print_bss_handler: Report Probe TSF 5100878031 as it greater than Beacon TSF 5100871886
02-22 02:37:59.224 D/LOWI-9.0.0.87.a( 1386): [LOWI-Scan] decode_rsn_wpa_ie: LOWI_ENCRYPTION_TYPE_WPA_PSK
02-22 02:37:59.224 D/LOWI-9.0.0.87.a( 1386): [LOWI-Scan] is_qcom_ie, bss_age: 0
02-22 02:37:59.224 D/LOWI-9.0.0.87.a( 1386): [LOWI-Scan] BSS 18:6f:2d:0a:b8:44 LOWI_PHY_MODE_11NG_HT20(5), Beacon Interval: 100, LOWI_ENCRYPTION_TYPE_WPA_PSK 11mcRanging: No, ANQP: No, LCI: No, Civic: No, capability(0x0531): ESS Privacy ShortPreamble SpectrumMgmt ShortSlotTime
02-22 02:37:59.224 D/LOWI-9.0.0.87.a( 1386): [LOWI-Scan] BSS 18:6f:2d:0a:b8:44 FREQ: 2467, cFreq1[40:80:160] = [2467:0:0] cFreq2 = 0 Country Code = CN
02-22 02:37:59.224 D/LOWI-9.0.0.87.a( 1386): [LOWI-Scan] BSS 18:6f:2d:0a:b8:44 (wlan0) ASSO: NO AddInfo: 0x0, TSF 0, 01:25:00.878, RSSI: -128, CPL: 127, AGE: 148, SSID Fanya, TSFDelta: 0x6b28dc6, TXRate: 0
02-22 02:37:59.224 D/LOWI-9.0.0.87.a( 1386): [LOWIDiagLog] Log: lowiMeasResult->request: invalid null argument
02-22 02:37:59.224 I/LOWI-9.0.0.87.a( 1386): [LOWI-Scan] lowi_close_record:Scan done in 5087441ms, 75 APs in scan results
02-22 02:37:59.224 D/LOWI-9.0.0.87.a( 1386): [LOWI-Scan] WipsScanUsingNL: passive scan cached 0, took 80350 ms, err 0
02-22 02:37:59.224 D/LOWI-9.0.0.87.a( 1386): [LOWI-Scan] lowi_proc_req_passive_scan_with_live_meas - No WLAN Frames to be parsed
02-22 02:37:59.224 D/LOWI-9.0.0.87.a( 1386): [LOWIScanResultReceiver] Send scan meas to listener
02-22 02:37:59.224 D/LOWI-9.0.0.87.a( 1386): [LOWIScanResultReceiver] Enter passive listening mode
02-22 02:37:59.224 D/LOWI-9.0.0.87.a( 1386): [LOWIWifiDriverInterface] getMeasurements - Passive listening mode
02-22 02:37:59.224 D/LOWI-9.0.0.87.a( 1386): [LOWI-Scan] WipsScanUsingNL:wait -1 sec for netlink message
02-22 02:37:59.224 D/LOWI-9.0.0.87.a( 1386): [LOWIEventReceiver] handleEvent:FROM:NA, TO:NA, REQ:NA, IREQ:NA, REQ_ID:0, RESP:NA, INFO:NA
02-22 02:37:59.224 D/LOWI-9.0.0.87.a( 1386): [LOWIBackgroundScanMgr] isRspForBgScanMgr: evt(LOWI_NO_EVT) - not handled
02-22 02:37:59.224 D/LOWI-9.0.0.87.a( 1386): [LOWIScheduler] manageMsg: NULL results or NULL request in results
02-22 02:37:59.224 D/LOWI-9.0.0.87.a( 1386): [LOWIController] Measurements received
02-22 02:37:59.224 D/LOWI-9.0.0.87.a( 1386): [LOWICacheManager] putInCache:Num of Meas to add: 75
02-22 02:37:59.225 D/LOWI-9.0.0.87.a( 1386): [LOWIController] processMeasurementResults: No current Request. Cache measurements
02-22 02:37:59.225 D/LOWI-9.0.0.87.a( 1386): [LOWIController] sendAsyncScanResponse: Request FreeWifiScanObserver_0 is from a different client.
02-22 02:37:59.225 D/LOWI-9.0.0.87.a( 1386): [LOWIController] generateResponse: Type (ASYNC_DISCOVERY_SCAN_RESULTS) ScanStatus (1) request FreeWifiScanObserver_0
02-22 02:37:59.225 D/LOWI-9.0.0.87.a( 1386): [LOWIEventDispatcher] sendResponse - originator = FreeWifiScanObserver
02-22 02:37:59.225 D/LOWI-9.0.0.87.a( 1386): [LOWIUtils] injectScanMeasurements - num of APs = 75
02-22 02:37:59.225 I/LOWI-9.0.0.87.a( 1386): [LOWIUtils] responseToOutPostcard - TO: FreeWifiScanObserver, FROM: LOWI-SERVER, RESP: LOWI_ASYNC_DISCOVERY_SCAN_RESULTS
02-22 02:37:59.225 D/LOWI-9.0.0.87.a( 1386): [LOWIControllerExtn] sendLOWILpDiscoveryScanResponse: Not a discovery scan response
02-22 02:37:59.235 D/PasspointManager( 1503): ANQP entry not found for: 2e:dc:ad:4e:a7:6b:
02-22 02:37:59.270 W/WifiDebugService( 2334): Can not find target wifi network : hht_test_wifi_fc4318c9
02-22 02:37:59.985 W/hpplay-java( 2708): [main]:IPManager:getActiveNets invalid networkInfo:null
02-22 02:37:59.985 I/hpplay-java( 2708): [main]:IPManager:getActiveNets eth0:false wifi:false mobile:false ap:false
02-22 02:37:59.985 I/hpplay-java( 2708): [main]:ServerTaskManager:get local ip:null
02-22 02:38:00.002 D/KeyguardUpdateMonitor( 1966): received broadcast android.intent.action.TIME_TICK
02-22 02:38:00.006 D/KeyguardUpdateMonitor( 1966): handleTimeUpdate
02-22 02:38:00.020 D/KeyguardUpdateMonitor( 1966): received broadcast android.intent.action.TIME_TICK
02-22 02:38:00.024 D/KeyguardUpdateMonitor( 1966): handleTimeUpdate
02-22 02:38:00.216 I/mpu_uart( 644): [MSG-P:RECV]:No message received in 1000 ms
02-22 02:38:00.592 I/DashboardFragment( 7428): onPreferenceTreeClick: onPreferenceTreeClick::com.android.settings.DisplaySettings
02-22 02:38:00.592 I/sysui_multi_action( 7428): [757,830,758,4,833,0,854,top_level_display,1089,0]
02-22 02:38:00.593 I/TopLevelSettings( 7428): TopLevelSettings: TopLevelSettings::com.android.settings.DisplaySettings
02-22 02:38:00.703 I/sysui_multi_action( 7428): [757,746,758,2,1089,2714]
02-22 02:38:00.708 D/BluetoothPan( 7428): Unbinding service...
02-22 02:38:00.712 I/TetheringManager( 7428): unregisterTetheringEventCallback caller:com.android.settings
02-22 02:38:00.721 D/BluetoothPan( 7428): Unbinding service...
02-22 02:38:00.723 E/TaskPersister( 1503): File error accessing recents directory (directory doesn't exist?).
02-22 02:38:00.727 D/PrefCtrlListHelper( 7428): Could not find Context-only controller for pref: com.android.settings.display.AutoBrightnessPreferenceController
02-22 02:38:00.728 D/PrefCtrlListHelper( 7428): Could not find Context-only controller for pref: com.android.settings.security.screenlock.LockScreenPreferenceController
02-22 02:38:00.728 D/PrefCtrlListHelper( 7428): Could not find Context-only controller for pref: com.android.settings.display.DarkUIPreferenceController
02-22 02:38:00.729 D/PrefCtrlListHelper( 7428): Could not find Context-only controller for pref: com.android.settings.display.FontSizePreferenceController
02-22 02:38:00.729 D/PrefCtrlListHelper( 7428): Could not find Context-only controller for pref: com.android.settings.display.NightDisplayPreferenceController
02-22 02:38:00.735 D/PrefCtrlListHelper( 7428): Could not find Context-only controller for pref: com.android.settings.display.ColorModePreferenceController
02-22 02:38:00.735 D/PrefCtrlListHelper( 7428): Could not find Context-only controller for pref: com.android.settings.display.AutoRotatePreferenceController
02-22 02:38:00.736 D/PrefCtrlListHelper( 7428): Could not find Context-only controller for pref: com.android.settings.display.DisplayWhiteBalancePreferenceController
02-22 02:38:00.736 D/PrefCtrlListHelper( 7428): Could not find Context-only controller for pref: com.android.settings.display.PeakRefreshRatePreferenceController
02-22 02:38:00.736 D/RefreshRatePrefCtr( 7428): DEFAULT_REFRESH_RATE : 60.0 mPeakRefreshRate : 60.0
02-22 02:38:00.737 D/PrefCtrlListHelper( 7428): Could not find Context-only controller for pref: com.android.settings.display.HotSeatDirPreferenceController
02-22 02:38:00.740 E/UserRestrictionsUtils( 1503): Unknown restriction queried by uid 1000 (com.android.inputdevices et al): null
02-22 02:38:00.741 E/UserRestrictionsUtils( 1503): Unknown restriction queried by uid 1000 (com.android.inputdevices et al): null
02-22 02:38:00.742 E/UserRestrictionsUtils( 1503): Unknown restriction queried by uid 1000 (com.android.inputdevices et al): null
02-22 02:38:00.743 E/UserRestrictionsUtils( 1503): Unknown restriction queried by uid 1000 (com.android.inputdevices et al): null
02-22 02:38:00.743 E/UserRestrictionsUtils( 1503): Unknown restriction queried by uid 1000 (com.android.inputdevices et al): null
02-22 02:38:00.747 D/DisplaySettings( 7428): NO dashboard tiles for DisplaySettings
02-22 02:38:00.747 D/DisplaySettings( 7428): All preferences added, reporting fully drawn
02-22 02:38:00.759 I/sysui_multi_action( 7428): [757,46,758,1,833,0,1089,36]
02-22 02:38:00.768 I/sysui_multi_action( 7428): [757,1729,758,4,854,isParalleledControllers:false,1089,45]
02-22 02:38:00.812 I/mpu_uart( 644): [MSG-P:R]:recv sync frame timeout
02-22 02:38:00.925 E/tlogd ( 1270): [TzLogger](isPathReadable) file /sys/kernel/debug/tzdbg/qsee_log isn't exist or no permission, err: No such file or directory
02-22 02:38:00.926 E/tlogd ( 1270): [TzLogger](saveTzlogAsync) /sys/kernel/debug/tzdbg/qsee_log can not read.
02-22 02:38:00.926 E/tlogd ( 1270): [TzLogger](isPathReadable) file /sys/kernel/debug/tzdbg/log isn't exist or no permission, err: No such file or directory
02-22 02:38:00.926 E/tlogd ( 1270): [TzLogger](saveTzlogAsync) /sys/kernel/debug/tzdbg/log can not read.
02-22 02:38:00.987 W/hpplay-java( 2708): [main]:IPManager:getActiveNets invalid networkInfo:null
02-22 02:38:00.987 I/hpplay-java( 2708): [main]:IPManager:getActiveNets eth0:false wifi:false mobile:false ap:false
02-22 02:38:00.987 I/hpplay-java( 2708): [main]:ServerTaskManager:get local ip:null
02-22 02:38:01.216 I/mpu_uart( 644): [MSG-P:RECV]:No message received in 1000 ms
02-22 02:38:01.990 W/hpplay-java( 2708): [main]:IPManager:getActiveNets invalid networkInfo:null
02-22 02:38:01.990 I/hpplay-java( 2708): [main]:IPManager:getActiveNets eth0:false wifi:false mobile:false ap:false
02-22 02:38:01.990 I/hpplay-java( 2708): [main]:ServerTaskManager:get local ip:null
02-22 02:38:02.216 I/mpu_uart( 644): [MSG-P:RECV]:No message received in 1000 ms
02-22 02:38:02.992 W/hpplay-java( 2708): [main]:IPManager:getActiveNets invalid networkInfo:null
02-22 02:38:02.992 I/hpplay-java( 2708): [main]:IPManager:getActiveNets eth0:false wifi:false mobile:false ap:false
02-22 02:38:02.992 I/hpplay-java( 2708): [main]:ServerTaskManager:get local ip:null
02-22 02:38:03.195 I/DashboardFragment( 7428): onPreferenceTreeClick: onPreferenceTreeClick::com.android.settings.dream.DreamSettings
02-22 02:38:03.196 I/sysui_multi_action( 7428): [757,830,758,4,833,0,854,screensaver,1089,0]
02-22 02:38:03.197 W/PreferenceFragment( 7428): onPreferenceStartFragment is not implemented in the parent activity - attempting to use a fallback implementation. You should implement this method so that you can configure the new fragment that will be displayed, and set a transition between the fragments.
02-22 02:38:03.209 I/sysui_multi_action( 7428): [757,46,758,2,1089,2450]
02-22 02:38:03.216 I/OpenGLRenderer( 7428): Davey! duration=9223366931862ms; Flags=0, FrameTimelineVsyncId=105691, IntendedVsync=5104992534113, Vsync=5104992534113, InputEventId=464755146, HandleInputStart=5104993073050, AnimationStart=5104993074768, PerformTraversalsStart=5104993076123, DrawStart=5104993172581, FrameDeadline=5105009200779, FrameInterval=5104993068154, FrameStartTime=16666666, SyncQueued=5104997127216, SyncStart=5104997334977, IssueDrawCommandsStart=5104998196123, SwapBuffers=5105002824508, FrameCompleted=9223372036854775807, DequeueBufferDuration=46354, QueueBufferDuration=953646, GpuCompleted=9223372036854775807, SwapBuffersCompleted=5105004396904, DisplayPresentTime=72057628414509838,
02-22 02:38:03.216 I/mpu_uart( 644): [MSG-P:RECV]:No message received in 1000 ms
02-22 02:38:03.218 D/PrefCtrlListHelper( 7428): Could not find Context-only controller for pref: com.android.settings.dream.CurrentDreamPreferenceController
02-22 02:38:03.219 D/PrefCtrlListHelper( 7428): Could not find Context-only controller for pref: com.android.settings.dream.ScreenTimeoutPreferenceController
02-22 02:38:03.221 E/UserRestrictionsUtils( 1503): Unknown restriction queried by uid 1000 (com.android.inputdevices et al): null
02-22 02:38:03.222 E/UserRestrictionsUtils( 1503): Unknown restriction queried by uid 1000 (com.android.inputdevices et al): null
02-22 02:38:03.245 D/DreamSettings( 7428): NO dashboard tiles for DreamSettings
02-22 02:38:03.245 D/DreamSettings( 7428): All preferences added, reporting fully drawn
02-22 02:38:03.253 I/sysui_multi_action( 7428): [757,47,758,1,833,0,1089,36]
02-22 02:38:03.258 D/DashboardFragment( 7428): Cannot find preference with key when_to_start in Controller WhenToDreamPreferenceController
02-22 02:38:03.258 I/sysui_multi_action( 7428): [757,1729,758,4,854,isParalleledControllers:false,1089,41]
02-22 02:38:03.311 D/RemoteControlService( 2307): startVlanDispatchThread
02-22 02:38:03.816 I/mpu_uart( 644): [MSG-P:R]:recv sync frame timeout
01-01 13:25:51.896 E/DTC_ETH,link_delay_work_func( 0): 3003, SQI=0, link=0
02-22 02:38:03.995 W/hpplay-java( 2708): [main]:IPManager:getActiveNets invalid networkInfo:null
02-22 02:38:03.995 I/hpplay-java( 2708): [main]:IPManager:getActiveNets eth0:false wifi:false mobile:false ap:false
02-22 02:38:03.995 I/hpplay-java( 2708): [main]:ServerTaskManager:get local ip:null
02-22 02:38:04.217 I/mpu_uart( 644): [MSG-P:RECV]:No message received in 1000 ms
02-22 02:38:04.920 I/DashboardFragment( 7428): onPreferenceTreeClick: onPreferenceTreeClick::null
02-22 02:38:04.920 I/sysui_multi_action( 7428): [757,830,758,4,833,0,854,dream_start_button_container,1089,0]
02-22 02:38:04.935 D/CompatibilityChangeReporter( 7428): Compat change id reported: 150939131; UID 1000; state: ENABLED
02-22 02:38:04.996 W/hpplay-java( 2708): [main]:IPManager:getActiveNets invalid networkInfo:null
02-22 02:38:04.996 I/hpplay-java( 2708): [main]:IPManager:getActiveNets eth0:false wifi:false mobile:false ap:false
02-22 02:38:04.997 I/hpplay-java( 2708): [main]:ServerTaskManager:get local ip:null
02-22 02:38:05.125 I/commit_sys_config_file( 1503): [settings-2-0,6]
02-22 02:38:05.218 I/mpu_uart( 644): [MSG-P:RECV]:No message received in 1000 ms
02-22 02:38:05.927 E/tlogd ( 1270): [TzLogger](isPathReadable) file /sys/kernel/debug/tzdbg/qsee_log isn't exist or no permission, err: No such file or directory
02-22 02:38:05.927 E/tlogd ( 1270): [TzLogger](saveTzlogAsync) /sys/kernel/debug/tzdbg/qsee_log can not read.
02-22 02:38:05.927 E/tlogd ( 1270): [TzLogger](isPathReadable) file /sys/kernel/debug/tzdbg/log isn't exist or no permission, err: No such file or directory
02-22 02:38:05.927 E/tlogd ( 1270): [TzLogger](saveTzlogAsync) /sys/kernel/debug/tzdbg/log can not read.
02-22 02:38:05.985 I/input_interaction( 1503): Interaction with: a916dde StatusBar (server), edge-swipe (server), swipe-up (server), PointerEventDispatcher0 (server),
02-22 02:38:05.988 I/sysui_multi_action( 1966): [757,803,799,panel_open,802,1]
02-22 02:38:05.990 I/sysui_multi_action( 1966): [757,1328,758,4,1326,46,1327,5,1329,0]
02-22 02:38:05.998 W/hpplay-java( 2708): [main]:IPManager:getActiveNets invalid networkInfo:null
02-22 02:38:05.998 I/hpplay-java( 2708): [main]:IPManager:getActiveNets eth0:false wifi:false mobile:false ap:false
02-22 02:38:05.998 I/hpplay-java( 2708): [main]:ServerTaskManager:get local ip:null
02-22 02:38:06.018 D/StatusBar( 1966): disable disable2
02-22 02:38:06.018 I/sysui_multi_action( 1503): [757,127,758,1]
02-22 02:38:06.018 I/sysui_multi_action( 1503): [757,804,799,note_load,801,2,802,1]
02-22 02:38:06.018 I/notification_panel_revealed( 1503): 2
02-22 02:38:06.033 I/input_focus( 1503): [Focus request 91ac81d NotificationShade,reason=UpdateInputWindows]
02-22 02:38:06.042 I/sysui_multi_action( 1503): [757,128,758,1,793,5097061,794,0,795,5097061,796,26,798,0,806,android,857,DEVELOPER_IMPORTANT,858,4,947,0,1395,2,1500,5096656,1688,1]
02-22 02:38:06.042 I/sysui_multi_action( 1503): [757,804,799,note_freshness,801,5097061,802,1]
02-22 02:38:06.042 I/notification_visibility( 1503): [-1|android|26|null|1000,1,5097061,5097061,0,0]
02-22 02:38:06.042 I/sysui_multi_action( 1503): [757,128,758,1,793,5097664,794,0,795,5097664,796,32,798,1,806,android,857,USB,858,1,947,0,1395,2,1500,5097589,1688,1]
02-22 02:38:06.042 I/sysui_multi_action( 1503): [757,804,799,note_freshness,801,5097664,802,1]
02-22 02:38:06.042 I/notification_visibility( 1503): [-1|android|32|null|1000,1,5097664,5097664,0,1]
02-22 02:38:06.049 I/input_focus( 1503): [Focus leaving c2feca5 com.android.settings/com.android.settings.Settings (server),reason=setFocusedWindow]
02-22 02:38:06.049 I/input_focus( 1503): [Focus entering 91ac81d NotificationShade (server),reason=setFocusedWindow]
02-22 02:38:06.079 I/sysui_multi_action( 1966): [757,111,758,1]
02-22 02:38:06.080 I/sysui_multi_action( 1966): [757,126,758,1,759,126,927,0,928,1,1593,0]
02-22 02:38:06.080 I/sysui_multi_action( 1966): [757,113,758,1,759,113,927,1,928,1,1593,0]
02-22 02:38:06.080 I/sysui_multi_action( 1966): [757,0,758,1,759,0,927,2,928,0,1593,0]
02-22 02:38:06.080 I/sysui_multi_action( 1966): [757,0,758,1,759,0,927,3,928,0,1593,0]
02-22 02:38:06.080 I/sysui_multi_action( 1966): [757,491,758,1,759,491,927,4,928,0,1311,-1,1593,0]
02-22 02:38:06.080 I/sysui_multi_action( 1966): [757,0,758,1,759,0,927,5,928,0,1593,0]
02-22 02:38:06.080 I/sysui_multi_action( 1966): [757,111,758,1]
02-22 02:38:06.081 I/sysui_multi_action( 1966): [757,126,758,1,759,126,927,0,928,1,1593,0]
02-22 02:38:06.081 I/sysui_multi_action( 1966): [757,113,758,1,759,113,927,1,928,1,1593,0]
02-22 02:38:06.081 I/sysui_multi_action( 1966): [757,0,758,1,759,0,927,2,928,0,1593,0]
02-22 02:38:06.081 I/sysui_multi_action( 1966): [757,0,758,1,759,0,927,3,928,0,1593,0]
02-22 02:38:06.219 I/mpu_uart( 644): [MSG-P:RECV]:No message received in 1000 ms
02-22 02:38:06.819 I/mpu_uart( 644): [MSG-P:R]:recv sync frame timeout
02-22 02:38:06.955 W/System ( 1966): A resource failed to call close.
02-22 02:38:06.956 W/System ( 1966): A resource failed to call close.
02-22 02:38:06.956 W/System ( 1966): A resource failed to call release.
02-22 02:38:06.957 W/System ( 1966): A resource failed to call close.
02-22 02:38:06.957 W/System ( 1966): A resource failed to call release.
02-22 02:38:06.957 W/System ( 1966): A resource failed to call release.
02-22 02:38:06.957 W/System ( 1966): A resource failed to call release.
02-22 02:38:06.958 W/System ( 1966): A resource failed to call release.
02-22 02:38:07.001 W/hpplay-java( 2708): [main]:IPManager:getActiveNets invalid networkInfo:null
02-22 02:38:07.001 I/hpplay-java( 2708): [main]:IPManager:getActiveNets eth0:false wifi:false mobile:false ap:false
02-22 02:38:07.001 I/hpplay-java( 2708): [main]:ServerTaskManager:get local ip:null
02-22 02:38:07.139 I/input_interaction( 1503): Interaction with: 91ac81d NotificationShade (server), edge-swipe (server), swipe-up (server), PointerEventDispatcher0 (server),
02-22 02:38:07.219 I/mpu_uart( 644): [MSG-P:RECV]:No message received in 1000 ms
02-22 02:38:07.309 I/PowerManagerService( 1503): Napping display group (groupId=0, uid=1000)...
02-22 02:38:07.309 I/PowerManagerService( 1503): Nap time (uid 1000)...
02-22 02:38:07.311 I/DreamManagerService( 1503): Entering dreamland.
02-22 02:38:07.313 I/PowerManagerService( 1503): Dreaming...
02-22 02:38:07.314 I/DreamController( 1503): Starting dream: name=ComponentInfo{com.thundercomm.screensaver/com.thundercomm.saverclock.service.ClockScreensaver}, isTest=false, canDoze=false, userId=0
02-22 02:38:07.314 I/sysui_multi_action( 1503): [757,222,758,1]
02-22 02:38:07.317 I/am_uid_active( 1503): 10047
02-22 02:38:07.321 V/ShadeControllerImpl( 1966): NotificationShadeWindow: com.android.systemui.statusbar.phone.NotificationShadeWindowView{cd0ea98 V.E...... ........ 0,0-2380,1020} canPanelBeCollapsed(): true
02-22 02:38:07.326 D/CompatibilityInfo( 1503): mCompatibilityFlags - 4
02-22 02:38:07.326 D/CompatibilityInfo( 1503): applicationDensity - 240
02-22 02:38:07.326 D/CompatibilityInfo( 1503): applicationScale - 1.0
02-22 02:38:07.331 I/ActivityTaskManager( 1503): START u0 {flg=0x10000000 pkg=com.thundercomm.screensaver cmp=com.thundercomm.screensaver/android.service.dreams.DreamActivity (has extras)} from uid 10047
02-22 02:38:07.331 I/EventSequenceValidator( 1503): inc AccIntentStartedEvents to 2
02-22 02:38:07.334 I/wm_task_created( 1503): [111,-1]
02-22 02:38:07.334 W/ActivityTaskManager( 1503): Can't find TaskDisplayArea to determine support for multi window. Task id=111 attached=false
02-22 02:38:07.337 I/wm_task_moved( 1503): [111,1,7]
02-22 02:38:07.337 I/wm_task_to_front( 1503): [0,111]
02-22 02:38:07.337 I/wm_create_task( 1503): [0,111]
02-22 02:38:07.337 I/wm_create_activity( 1503): [0,236006164,111,com.thundercomm.screensaver/android.service.dreams.DreamActivity,NULL,NULL,NULL,276824064]
02-22 02:38:07.337 I/wm_task_moved( 1503): [111,1,7]
02-22 02:38:07.337 D/CompatibilityInfo( 1503): mCompatibilityFlags - 4
02-22 02:38:07.337 D/CompatibilityInfo( 1503): applicationDensity - 240
02-22 02:38:07.337 D/CompatibilityInfo( 1503): applicationScale - 1.0
02-22 02:38:07.338 D/ActivityTrigger( 1503): ActivityTrigger activityPauseTrigger
02-22 02:38:07.338 I/wm_pause_activity( 1503): [0,92420193,com.android.settings/.Settings,userLeaving=true,pauseBackTasks]
02-22 02:38:07.341 I/input_focus( 1503): [Focus request c2feca5 com.android.settings/com.android.settings.Settings,reason=UpdateInputWindows]
02-22 02:38:07.350 I/wm_on_top_resumed_lost_called( 7428): [92420193,com.android.settings.Settings,topStateChangedWhenResumed]
02-22 02:38:07.350 I/input_focus( 1503): [Focus leaving 91ac81d NotificationShade (server),reason=NOT_FOCUSABLE]
02-22 02:38:07.351 I/sysui_multi_action( 7428): [757,35,758,2,1089,9489]
02-22 02:38:07.351 I/sysui_multi_action( 7428): [757,47,758,2,1089,4099]
02-22 02:38:07.351 I/input_focus( 1503): [Focus entering c2feca5 com.android.settings/com.android.settings.Settings (server),reason=setFocusedWindow]
02-22 02:38:07.352 I/wm_on_paused_called( 7428): [92420193,com.android.settings.Settings,performPause]
02-22 02:38:07.352 I/ActivityTaskManager( 1503): FOREGROUND_APPLICATION_CHANGED to android.service.dreams.DreamActivity
02-22 02:38:07.353 I/ActivityTaskManager( 1503): The Process com.thundercomm.screensaver Already Exists in BG. So sending its PID: 6011
02-22 02:38:07.353 W/ActivityTaskManager( 1503): Tried to set launchTime (0) < mLastActivityLaunchTime (5037872)
02-22 02:38:07.353 I/wm_add_to_stopping( 1503): [0,92420193,com.android.settings/.Settings,makeInvisible]
02-22 02:38:07.354 I/wm_restart_activity( 1503): [0,236006164,111,com.thundercomm.screensaver/android.service.dreams.DreamActivity]
02-22 02:38:07.354 D/CompatibilityInfo( 1503): mCompatibilityFlags - 4
02-22 02:38:07.354 D/CompatibilityInfo( 1503): applicationDensity - 240
02-22 02:38:07.354 D/CompatibilityInfo( 1503): applicationScale - 1.0
02-22 02:38:07.354 I/wm_set_resumed_activity( 1503): [0,com.thundercomm.screensaver/android.service.dreams.DreamActivity,minimalResumeActivityLocked]
02-22 02:38:07.357 I/sysui_multi_action( 1503): [757,803,799,window_time_0,802,10]
02-22 02:38:07.357 I/wm_on_create_called( 6011): [236006164,android.service.dreams.DreamActivity,performCreate]
02-22 02:38:07.358 I/wm_on_start_called( 6011): [236006164,android.service.dreams.DreamActivity,handleStartActivity]
02-22 02:38:07.358 I/wm_on_resume_called( 6011): [236006164,android.service.dreams.DreamActivity,RESUME_ACTIVITY]
02-22 02:38:07.358 I/GameMode_ActivityMonitoringService( 2087): Notifying about top task: com.thundercomm.screensaver, isInMiniWindowMode: false
02-22 02:38:07.358 I/GameMode_ActivityMonitoringService( 2087): onActivityLaunch: com.thundercomm.screensaver, isGameApp: false
02-22 02:38:07.359 V/GameMode_GpuUtils( 2087): fps:60
02-22 02:38:07.360 D/GameModeIF_GameModeSettings( 2087): getUriFor setting_content_uri_root = content://com.thundercomm.gamemode.api/gamemode_settings , name = gamemode_enable
02-22 02:38:07.360 D/KeyguardViewMediator( 1966): setOccluded true
02-22 02:38:07.360 I/wm_on_top_resumed_gained_called( 6011): [236006164,android.service.dreams.DreamActivity,topStateChangedWhenResumed]
02-22 02:38:07.361 V/KeyguardUpdateMonitor( 1966): startListeningForFingerprint()
02-22 02:38:07.361 D/KeyguardViewMediator( 1966): adjustStatusBarLocked: mShowing=false mOccluded=true isSecure=false force=false --> flags=0x0
02-22 02:38:07.370 E/ThemeUtils( 6011): View class androidx.appcompat.widget.AppCompatImageView is an AppCompat widget that can only be used with a Theme.AppCompat theme (or descendant).
02-22 02:38:07.370 E/ThemeUtils( 6011): View class androidx.appcompat.widget.AppCompatImageView is an AppCompat widget that can only be used with a Theme.AppCompat theme (or descendant).
02-22 02:38:07.371 E/ThemeUtils( 6011): View class androidx.appcompat.widget.AppCompatImageView is an AppCompat widget that can only be used with a Theme.AppCompat theme (or descendant).
02-22 02:38:07.371 E/ThemeUtils( 6011): View class androidx.appcompat.widget.AppCompatImageView is an AppCompat widget that can only be used with a Theme.AppCompat theme (or descendant).
02-22 02:38:07.378 I/input_focus( 1503): [Focus request e1ec8ac com.thundercomm.screensaver/android.service.dreams.DreamActivity,reason=UpdateInputWindows]
02-22 02:38:07.384 I/GameModeConfig( 1503): isGameModeOn = false
02-22 02:38:07.384 I/input_focus( 1503): [Focus leaving c2feca5 com.android.settings/com.android.settings.Settings (server),reason=NO_WINDOW]
02-22 02:38:07.386 I/GameModeConfig( 1503): isGameModeOn = false
02-22 02:38:07.386 I/GameModeConfig( 1503): isGameModeOn = false
02-22 02:38:07.386 I/GameModeConfig( 1503): isGameModeOn = false
02-22 02:38:07.386 I/notification_enqueue( 1503): [10078,1966,com.android.systemui,2048,NULL,0,Notification(channel=updateNotification shortcut=null contentView=null vibrate=null sound=null defaults=0x0 flags=0x0 color=0x00000000 vis=PRIVATE),1]
02-22 02:38:07.386 I/sysui_multi_action( 1966): [757,111,758,2]
02-22 02:38:07.387 I/sysui_multi_action( 1966): [757,111,758,2]
02-22 02:38:07.394 I/sysui_multi_action( 1503): [319,61,322,58,325,5109,757,761,758,8,759,2,806,com.thundercomm.screensaver,871,android.service.dreams.DreamActivity,904,com.thundercomm.screensaver,905,0,1320,4,1321,2]
02-22 02:38:07.394 I/wm_activity_launch_time( 1503): [0,236006164,com.thundercomm.screensaver/android.service.dreams.DreamActivity,58]
02-22 02:38:07.395 I/ActivityTaskManager( 1503): Displayed com.thundercomm.screensaver/android.service.dreams.DreamActivity: +58ms
02-22 02:38:07.395 I/EventSequenceValidator( 1503): dec AccIntentStartedEvents to 1
02-22 02:38:07.399 I/sysui_multi_action( 1966): [757,111,758,1]
02-22 02:38:07.399 I/sysui_multi_action( 1966): [757,126,758,1,759,126,927,0,928,1,1593,0]
02-22 02:38:07.399 I/sysui_multi_action( 1966): [757,113,758,1,759,113,927,1,928,1,1593,0]
02-22 02:38:07.399 I/sysui_multi_action( 1966): [757,0,758,1,759,0,927,2,928,0,1593,0]
02-22 02:38:07.399 I/sysui_multi_action( 1966): [757,0,758,1,759,0,927,3,928,0,1593,0]
02-22 02:38:07.401 I/sysui_multi_action( 1966): [757,491,758,1,759,491,927,4,928,0,1311,-1,1593,0]
02-22 02:38:07.401 I/sysui_multi_action( 1966): [757,0,758,1,759,0,927,5,928,0,1593,0]
02-22 02:38:07.401 I/sysui_multi_action( 1966): [757,111,758,1]
02-22 02:38:07.401 I/sysui_multi_action( 1966): [757,126,758,1,759,126,927,0,928,1,1593,1]
02-22 02:38:07.401 I/sysui_multi_action( 1966): [757,113,758,1,759,113,927,1,928,1,1593,1]
02-22 02:38:07.401 I/sysui_multi_action( 1966): [757,0,758,1,759,0,927,2,928,0,1593,1]
02-22 02:38:07.401 I/sysui_multi_action( 1966): [757,0,758,1,759,0,927,3,928,0,1593,1]
02-22 02:38:07.412 D/StatusBar( 1966): disable disable2
02-22 02:38:07.417 I/input_focus( 1503): [Focus entering e1ec8ac com.thundercomm.screensaver/android.service.dreams.DreamActivity (server),reason=Window became focusable. Previous reason: NOT_VISIBLE]
02-22 02:38:07.454 W/System ( 1503): A resource failed to call release.
02-22 02:38:07.454 W/System ( 1503): A resource failed to call release.
02-22 02:38:07.454 W/System ( 1503): A resource failed to call close.
02-22 02:38:07.454 W/System ( 1503): A resource failed to call close.
02-22 02:38:07.454 W/System ( 1503): A resource failed to call close.
02-22 02:38:07.455 W/System ( 1503): A resource failed to call close.
02-22 02:38:07.455 W/System ( 1503): A resource failed to call close.
02-22 02:38:07.455 W/System ( 1503): A resource failed to call close.
02-22 02:38:07.455 W/FreeFormWindowHelper( 1503): Current Display FreeFormTask is null
02-22 02:38:07.456 W/FreeFormWindowHelper( 1503): Current Display FreeFormTask is null
02-22 02:38:07.509 I/commit_sys_config_file( 1503): [settings-2-0,1]
02-22 02:38:07.587 I/GameModeConfig( 1503): isGameModeOn = false
02-22 02:38:07.618 D/InterruptionStateProvider( 1966): No bubble up: not allowed to bubble: 0|com.android.systemui|2048|null|10078
02-22 02:38:07.618 D/InterruptionStateProvider( 1966): No heads up: unimportant notification: 0|com.android.systemui|2048|null|10078
02-22 02:38:07.619 D/PeopleSpaceWidgetMgr( 1966): Sbn doesn't contain valid PeopleTileKey: null/0/com.android.systemui
02-22 02:38:07.633 I/GameModeConfig( 1503): isGameModeOn = false
02-22 02:38:07.633 I/GameModeConfig( 1503): isGameModeOn = false
02-22 02:38:07.633 I/GameModeConfig( 1503): isGameModeOn = false
02-22 02:38:07.633 I/GameModeConfig( 1503): isGameModeOn = false
02-22 02:38:07.634 I/notification_enqueue( 1503): [10078,1966,com.android.systemui,2048,NULL,0,Notification(channel=updateNotification shortcut=null contentView=null vibrate=null sound=null defaults=0x0 flags=0x0 color=0x00000000 vis=PRIVATE),1]
02-22 02:38:07.634 I/sysui_multi_action( 1966): [757,111,758,2]
02-22 02:38:07.634 I/sysui_multi_action( 1966): [757,111,758,2]
02-22 02:38:07.716 I/BpBinder( 974): onLastStrongRef automatically unlinking death recipients:
02-22 02:38:07.834 I/GameModeConfig( 1503): isGameModeOn = false
02-22 02:38:07.834 E/NotificationService( 1503): Muting recently noisy 0|com.android.systemui|2048|null|10078
02-22 02:38:07.840 I/sysui_multi_action( 1503): [757,128,758,2,793,5098859,794,1798,795,5098859,796,26,798,0,806,android,857,DEVELOPER_IMPORTANT,858,4,947,0,1395,2,1500,5098454,1688,1]
02-22 02:38:07.840 I/notification_visibility( 1503): [-1|android|26|null|1000,0,5098859,5098859,0,0]
02-22 02:38:07.840 I/sysui_multi_action( 1503): [757,128,758,2,793,5099462,794,1798,795,5099462,796,32,798,1,806,android,857,USB,858,1,947,0,1395,2,1500,5099387,1688,1]
02-22 02:38:07.840 I/notification_visibility( 1503): [-1|android|32|null|1000,0,5099462,5099462,0,1]
02-22 02:38:07.841 D/StatusBar( 1966): disable disable2
02-22 02:38:07.841 I/sysui_multi_action( 1503): [757,127,758,2]
02-22 02:38:07.841 I/notification_panel_hidden( 1503):
02-22 02:38:07.841 I/BpBinder( 974): onLastStrongRef automatically unlinking death recipients:
02-22 02:38:07.854 D/InterruptionStateProvider( 1966): No bubble up: not allowed to bubble: 0|com.android.systemui|2048|null|10078
02-22 02:38:07.854 D/InterruptionStateProvider( 1966): No heads up: unimportant notification: 0|com.android.systemui|2048|null|10078
02-22 02:38:07.855 D/PeopleSpaceWidgetMgr( 1966): Sbn doesn't contain valid PeopleTileKey: null/0/com.android.systemui
02-22 02:38:07.868 V/KeyguardUpdateMonitor( 1966): *** unregister callback for com.android.keyguard.CarrierTextManager$2@ed72c51
02-22 02:38:07.902 I/wm_stop_activity( 1503): [0,92420193,com.android.settings/.Settings]
02-22 02:38:07.919 D/OpenGLRenderer( 7428): endAllActiveAnimators on 0xb400007c4fcbde50 (RippleDrawable) with handle 0xb400007b5fc9ec80
02-22 02:38:07.924 I/wm_on_stop_called( 7428): [92420193,com.android.settings.Settings,STOP_ACTIVITY_ITEM]
02-22 02:38:07.966 W/Choreographer( 1966): Frame time is 0.239513 ms in the future! Check that graphics HAL is generating vsync timestamps using the correct timebase.
02-22 02:38:07.966 W/Choreographer( 1503): Frame time is 0.240138 ms in the future! Check that graphics HAL is generating vsync timestamps using the correct timebase.
02-22 02:38:07.966 W/Choreographer( 6011): Frame time is 0.224253 ms in the future! Check that graphics HAL is generating vsync timestamps using the correct timebase.
02-22 02:38:08.002 W/hpplay-java( 2708): [main]:IPManager:getActiveNets invalid networkInfo:null
02-22 02:38:08.002 I/hpplay-java( 2708): [main]:IPManager:getActiveNets eth0:false wifi:false mobile:false ap:false
02-22 02:38:08.002 I/hpplay-java( 2708): [main]:ServerTaskManager:get local ip:null
02-22 02:38:08.044 I/selfinstaller( 1191): create socket failed: Network is unreachable 101
02-22 02:38:08.219 I/mpu_uart( 644): [MSG-P:RECV]:No message received in 1000 ms
02-22 02:38:08.316 D/RemoteControlService( 2307): startVlanDispatchThread
02-22 02:38:08.397 I/input_interaction( 1503): Interaction with: e1ec8ac com.thundercomm.screensaver/android.service.dreams.DreamActivity (server), edge-swipe (server), swipe-up (server), PointerEventDispatcher0 (server),
02-22 02:38:08.397 I/wm_finish_activity( 1503): [0,236006164,111,com.thundercomm.screensaver/android.service.dreams.DreamActivity,finish-activity]
02-22 02:38:08.397 I/wm_task_moved( 1503): [110,1,6]
02-22 02:38:08.397 I/wm_task_to_front( 1503): [0,110]
02-22 02:38:08.398 I/wm_focused_root_task( 1503): [0,0,110,111,finish-top adjustFocusToNextFocusableTask]
02-22 02:38:08.398 D/ActivityTrigger( 1503): ActivityTrigger activityPauseTrigger
02-22 02:38:08.398 I/wm_pause_activity( 1503): [0,236006164,com.thundercomm.screensaver/android.service.dreams.DreamActivity,userLeaving=false,finish]
02-22 02:38:08.399 I/DreamManagerService( 1503): Gently waking up from dream.
02-22 02:38:08.399 I/DreamManagerService( 1503): Performing gentle wake from dream.
02-22 02:38:08.399 I/wm_on_top_resumed_lost_called( 6011): [236006164,android.service.dreams.DreamActivity,topStateChangedWhenResumed]
02-22 02:38:08.400 I/sysui_multi_action( 1503): [757,803,799,window_time_0,802,1]
02-22 02:38:08.400 I/wm_on_paused_called( 6011): [236006164,android.service.dreams.DreamActivity,performPause]
02-22 02:38:08.400 I/wm_add_to_stopping( 1503): [0,236006164,com.thundercomm.screensaver/android.service.dreams.DreamActivity,completeFinishing]
02-22 02:38:08.401 I/ActivityTaskManager( 1503): FOREGROUND_APPLICATION_CHANGED to com.android.settings.homepage.SettingsHomepageActivity
02-22 02:38:08.401 I/wm_set_resumed_activity( 1503): [0,com.android.settings/.Settings,resumeTopActivityInnerLocked]
02-22 02:38:08.402 D/KeyguardViewMediator( 1966): setOccluded false
02-22 02:38:08.402 I/wm_resume_activity( 1503): [0,92420193,110,com.android.settings/.Settings]
02-22 02:38:08.403 D/StatusBar( 1966): disable disable2
02-22 02:38:08.403 D/KeyguardViewMediator( 1966): adjustStatusBarLocked: mShowing=false mOccluded=false isSecure=false force=false --> flags=0x0
02-22 02:38:08.404 I/sysui_multi_action( 1503): [757,803,799,window_time_0,802,0]
02-22 02:38:08.406 I/GameMode_ActivityMonitoringService( 2087): Notifying about top task: com.android.settings, isInMiniWindowMode: false
02-22 02:38:08.406 I/GameMode_ActivityMonitoringService( 2087): onActivityLaunch: com.android.settings, isGameApp: false
02-22 02:38:08.406 V/GameMode_GpuUtils( 2087): fps:60
02-22 02:38:08.406 D/GameModeIF_GameModeSettings( 2087): getUriFor setting_content_uri_root = content://com.thundercomm.gamemode.api/gamemode_settings , name = gamemode_enable
02-22 02:38:08.419 I/view_enqueue_input_event( 6011): [Motion - Cancel,com.thundercomm.screensaver/android.service.dreams.DreamActivity]
02-22 02:38:08.419 I/input_focus( 1503): [Focus leaving e1ec8ac com.thundercomm.screensaver/android.service.dreams.DreamActivity (server),reason=NO_WINDOW]
02-22 02:38:08.419 I/wm_on_restart_called( 7428): [92420193,com.android.settings.Settings,performRestartActivity]
02-22 02:38:08.420 W/BatteryBroadcastRcvr( 7428): Problem reading the battery meter.
02-22 02:38:08.420 I/wm_on_start_called( 7428): [92420193,com.android.settings.Settings,handleStartActivity]
02-22 02:38:08.421 I/snet_event_log( 7428): [120484087,-1,]
02-22 02:38:08.421 I/wm_on_resume_called( 7428): [92420193,com.android.settings.Settings,RESUME_ACTIVITY]
02-22 02:38:08.421 I/sysui_multi_action( 7428): [757,35,758,1,833,0,1089,0]
02-22 02:38:08.421 I/input_interaction( 1503): Interaction with: edge-swipe (server), swipe-up (server), PointerEventDispatcher0 (server),
02-22 02:38:08.422 I/sysui_multi_action( 7428): [757,47,758,1,833,0,1089,0]
02-22 02:38:08.423 D/UsageGraph( 7428): No enabled state changed, skipping updateCategory call
02-22 02:38:08.428 D/DashboardFragment( 7428): Cannot find preference with key when_to_start in Controller WhenToDreamPreferenceController
02-22 02:38:08.428 D/BatteryInfo( 7428): time for getStats: 0ms
02-22 02:38:08.429 D/BatteryInfo( 7428): time for regular BatteryInfo: 1ms
02-22 02:38:08.429 D/BatteryTipLoader( 7428): BatteryInfoLoader post query: 1ms
02-22 02:38:08.429 D/BatteryInfo( 7428): time for getBatteryInfo: 0ms
02-22 02:38:08.429 D/BatteryTipLoader( 7428): BatteryInfoLoader.loadInBackground: 1ms
02-22 02:38:08.429 D/BatteryInfo( 7428): time for getBatteryInfo: 0ms
02-22 02:38:08.429 I/wm_on_top_resumed_gained_called( 7428): [92420193,com.android.settings.Settings,topWhenResuming]
02-22 02:38:08.438 I/input_focus( 1503): [Focus request c2feca5 com.android.settings/com.android.settings.Settings,reason=UpdateInputWindows]
02-22 02:38:08.442 W/BatteryBroadcastRcvr( 7428): Problem reading the battery meter.
02-22 02:38:08.443 D/BatteryInfo( 7428): time for callback: 0ms
02-22 02:38:08.445 D/BatteryInfo( 7428): time for getStats: 0ms
02-22 02:38:08.446 D/BatteryInfo( 7428): time for regular BatteryInfo: 1ms
02-22 02:38:08.446 D/BatteryInfo( 7428): time for getBatteryInfo: 0ms
02-22 02:38:08.446 D/BatteryTipLoader( 7428): BatteryInfoLoader post query: 0ms
02-22 02:38:08.446 D/BatteryInfo( 7428): time for getBatteryInfo: 0ms
02-22 02:38:08.446 D/BatteryTipLoader( 7428): BatteryInfoLoader.loadInBackground: 0ms
02-22 02:38:08.453 D/BatteryInfo( 7428): time for callback: 0ms
02-22 02:38:08.453 I/input_focus( 1503): [Focus entering c2feca5 com.android.settings/com.android.settings.Settings (server),reason=setFocusedWindow]
02-22 02:38:08.454 I/PowerManagerService( 1503): Powering on display group fromDreaming (groupId=0, uid=1000, reason=WAKE_REASON_UNKNOWN, details=android.server.power:DREAM_FINISHED)...
02-22 02:38:08.454 I/PowerManagerService( 1503): Waking up from Dreaming (uid=1000, reason=WAKE_REASON_UNKNOWN, details=android.server.power:DREAM_FINISHED)...
02-22 02:38:08.503 W/FreeFormWindowHelper( 1503): Current Display FreeFormTask is null
02-22 02:38:08.504 W/FreeFormWindowHelper( 1503): Current Display FreeFormTask is null
02-22 02:38:08.785 I/BpBinder( 974): onLastStrongRef automatically unlinking death recipients:
01-01 13:25:57.013 E/DTC_ETH,link_delay_work_func( 0): 3003, SQI=0, link=0
02-22 02:38:08.954 I/wm_destroy_activity( 1503): [0,236006164,111,com.thundercomm.screensaver/android.service.dreams.DreamActivity,finish-imm:idle]
02-22 02:38:08.971 I/wm_on_stop_called( 6011): [236006164,android.service.dreams.DreamActivity,LIFECYCLER_STOP_ACTIVITY]
02-22 02:38:08.971 I/wm_on_destroy_called( 6011): [236006164,android.service.dreams.DreamActivity,performDestroy]
02-22 02:38:08.972 I/DreamManagerService( 1503): Leaving dreamland.
02-22 02:38:08.972 I/DreamManagerService( 1503): Performing gentle wake from dream.
02-22 02:38:08.972 I/DreamController( 1503): Stopping dream: name=ComponentInfo{com.thundercomm.screensaver/com.thundercomm.saverclock.service.ClockScreensaver}, isTest=false, canDoze=false, userId=0, reason='finished self'(from 'finished self')
02-22 02:38:08.972 I/sysui_multi_action( 1503): [757,222,758,2]
02-22 02:38:08.972 I/sysui_multi_action( 1503): [757,804,799,dreaming_minutes,801,0,802,1]
02-22 02:38:08.973 W/InputManager-JNI( 1503): Input channel object 'e1ec8ac com.thundercomm.screensaver/android.service.dreams.DreamActivity (client)' was disposed without first being removed with the input manager!
02-22 02:38:08.975 I/wm_task_removed( 1503): [111,removeChild:removeChild last r=ActivityRecord{e112b14 u0 com.thundercomm.screensaver/android.service.dreams.DreamActivity t-1 f}} in t=Task{687f54f #111 type=dream A=10047:android:com.thundercomm.screensaver/dream U=0 visible=false mode=fullscreen translucent=true sz=0}]
02-22 02:38:08.975 I/wm_task_removed( 1503): [111,removeChild]
02-22 02:38:08.976 W/ActivityTaskManager( 1503): Can't find TaskDisplayArea to determine support for multi window. Task id=111 attached=false
02-22 02:38:09.003 W/hpplay-java( 2708): [main]:IPManager:getActiveNets invalid networkInfo:null
02-22 02:38:09.003 I/hpplay-java( 2708): [main]:IPManager:getActiveNets eth0:false wifi:false mobile:false ap:false
02-22 02:38:09.003 I/hpplay-java( 2708): [main]:ServerTaskManager:get local ip:null
02-22 02:38:09.219 I/mpu_uart( 644): [MSG-P:RECV]:No message received in 1000 ms
02-22 02:38:09.303 I/input_interaction( 1503): Interaction with: c2feca5 com.android.settings/com.android.settings.Settings (server), edge-swipe (server), swipe-up (server), PointerEventDispatcher0 (server),
