--------- beginning of radio
02-22 01:13:07.224 D/TelephonyRegistry( 1503): listen oscl: mHasNotifySubscriptionInfoChangedOccurred==false no callback
02-22 01:13:07.810 D/TelephonyRegistry( 1503): listen oscl: mHasNotifySubscriptionInfoChangedOccurred==false no callback
02-22 01:13:07.829 D/TelephonyRegistry( 1503): listen oscl: mHasNotifySubscriptionInfoChangedOccurred==false no callback
02-22 01:13:07.831 D/TelephonyRegistry( 1503): listen oscl: mHasNotifySubscriptionInfoChangedOccurred==false no callback
02-22 01:13:07.855 D/TelephonyRegistry( 1503): listen oscl: mHasNotifySubscriptionInfoChangedOccurred==false no callback
02-22 01:13:07.876 W/CarrierConfigManager( 1503): Error getting config for subId -1 ICarrierConfigLoader is null
02-22 01:13:07.890 D/TelephonyRegistry( 1503): systemRunning register for intents
02-22 01:13:08.018 D/TelephonyRegistry( 1503): listen oscl: mHasNotifySubscriptionInfoChangedOccurred==false no callback
02-22 01:13:08.288 D/TelephonyRegistry( 1503): listen oscl: mHasNotifySubscriptionInfoChangedOccurred==false no callback
02-22 01:13:08.424 D/TelephonyRegistry( 1503): listen oscl: mHasNotifySubscriptionInfoChangedOccurred==false no callback
02-22 01:13:08.436 D/TelephonyRegistry( 1503): notifyCellLocationForSubscriber: subId=2147483647 cellIdentity=null
02-22 01:13:08.531 W/CarrierConfigManager( 1966): Error getting config for subId -1 ICarrierConfigLoader is null
02-22 01:13:08.541 D/TelephonyRegistry( 1503): listen oscl: mHasNotifySubscriptionInfoChangedOccurred==false no callback
02-22 01:13:09.662 D/TelephonyRegistry( 1503): listen oscl: mHasNotifySubscriptionInfoChangedOccurred==false no callback
02-22 01:13:09.805 D/TelephonyRegistry( 1503): listen oscl: mHasNotifySubscriptionInfoChangedOccurred==false no callback
02-22 01:13:09.899 D/TelephonyRegistry( 1503): listen oscl: mHasNotifySubscriptionInfoChangedOccurred==false no callback
02-22 01:28:53.036 W/CarrierConfigManager( 4132): Error getting config for subId -1 ICarrierConfigLoader is null
02-22 01:28:53.061 D/TelephonyRegistry( 1503): listen oscl: mHasNotifySubscriptionInfoChangedOccurred==false no callback
02-22 01:28:53.067 D/TelephonyRegistry( 1503): listen oscl: mHasNotifySubscriptionInfoChangedOccurred==false no callback
02-22 01:29:17.510 D/TelephonyRegistry( 1503): listen oscl: mHasNotifySubscriptionInfoChangedOccurred==false no callback
02-22 01:29:17.512 D/TelephonyRegistry( 1503): listen oscl: mHasNotifySubscriptionInfoChangedOccurred==false no callback
02-22 01:29:19.481 W/FeatureConnector( 4132): [ImsConnector, 0] connect: not supported.
02-22 01:29:23.661 W/CarrierConfigManager( 4132): Error getting config for subId -1 ICarrierConfigLoader is null
02-22 01:29:23.700 D/TelephonyRegistry( 1503): listen oscl: mHasNotifySubscriptionInfoChangedOccurred==false no callback
02-22 01:29:23.702 D/TelephonyRegistry( 1503): listen oscl: mHasNotifySubscriptionInfoChangedOccurred==false no callback --------- beginning of events
02-22 01:31:47.344 I/wm_on_resume_called( 2514): [229498384,com.android.launcher3.uioverrides.QuickstepLauncher,RESUME_ACTIVITY]
02-22 01:31:47.347 I/wm_on_top_resumed_gained_called( 2514): [229498384,com.android.launcher3.uioverrides.QuickstepLauncher,topStateChangedWhenResumed]
02-22 01:31:47.347 I/wm_on_paused_called( 4140): [92612313,com.android.music.MusicBrowserActivity,performPause]
02-22 01:31:47.361 I/wm_stop_activity( 1503): [0,92612313,com.android.music/.MusicBrowserActivity]
02-22 01:31:47.362 I/sysui_multi_action( 1503): [757,803,799,window_time_0,802,7]
02-22 01:31:47.363 I/sysui_multi_action( 1503): [757,803,799,window_time_0,802,0]
02-22 01:31:47.367 I/wm_on_stop_called( 4140): [92612313,com.android.music.MusicBrowserActivity,STOP_ACTIVITY_ITEM]
02-22 01:31:48.941 I/input_interaction( 1503): Interaction with: 91ac81d NotificationShade (server), edge-swipe (server), swipe-up (server), PointerEventDispatcher0 (server),
02-22 01:31:49.126 I/notification_enqueue( 1503): [10087,4140,com.android.music,1,NULL,0,Notification(channel=Channel-music shortcut=null contentView=null vibrate=null sound=null defaults=0x0 flags=0x40 color=0x00000000 category=transport actions=4 vis=PRIVATE),1]
02-22 01:31:49.143 I/snet_event_log( 1503): [172655291,-1,]
02-22 01:31:50.462 I/notification_enqueue( 1503): [10078,1966,com.android.systemui,2048,NULL,0,Notification(channel=updateNotification shortcut=null contentView=null vibrate=null sound=null defaults=0x0 flags=0x0 color=0x00000000 vis=PRIVATE),1]
02-22 01:31:50.464 I/sysui_multi_action( 1966): [757,111,758,2]
02-22 01:31:50.465 I/sysui_multi_action( 1966): [757,111,758,2]
02-22 01:31:50.682 I/input_focus( 1503): [Focus request e3555c3 com.android.launcher3/com.android.launcher3.uioverrides.QuickstepLauncher,reason=UpdateInputWindows]
02-22 01:31:50.689 I/sysui_multi_action( 1503): [757,128,758,2,793,1121708,794,3445,795,1121708,796,26,798,0,806,android,857,DEVELOPER_IMPORTANT,858,4,947,0,1395,2,1500,1121303,1688,1]
02-22 01:31:50.690 I/notification_visibility( 1503): [-1|android|26|null|1000,0,1121708,1121708,0,0]
02-22 01:31:50.690 I/sysui_multi_action( 1503): [757,128,758,2,793,1122312,794,3446,795,1122312,796,32,798,1,806,android,857,USB,858,1,947,0,1395,2,1500,1122237,1688,1]
02-22 01:31:50.691 I/notification_visibility( 1503): [-1|android|32|null|1000,0,1122312,1122312,0,1]
02-22 01:31:50.692 I/sysui_multi_action( 1503): [757,127,758,2]
02-22 01:31:50.692 I/notification_panel_hidden( 1503):
02-22 01:31:50.709 I/input_focus( 1503): [Focus leaving 91ac81d NotificationShade (server),reason=NO_WINDOW]
02-22 01:31:50.709 I/input_focus( 1503): [Focus entering e3555c3 com.android.launcher3/com.android.launcher3.uioverrides.QuickstepLauncher (server),reason=setFocusedWindow]
02-22 01:31:51.292 I/input_interaction( 1503): Interaction with: e3555c3 com.android.launcher3/com.android.launcher3.uioverrides.QuickstepLauncher (server), 1fcc036 com.android.systemui.ImageWallpaper (server), edge-swipe (server), swipe-up (server), PointerEventDispatcher0 (server),
02-22 01:31:51.423 I/wm_task_moved( 1503): [47,1,8]
02-22 01:31:51.423 I/wm_task_to_front( 1503): [0,47]
02-22 01:31:51.424 I/wm_focused_root_task( 1503): [0,0,47,1,bringingFoundTaskToFront]
02-22 01:31:51.424 I/wm_set_resumed_activity( 1503): [0,com.android.music/.VideoBrowserActivity,bringingFoundTaskToFront]
02-22 01:31:51.427 I/wm_pause_activity( 1503): [0,229498384,com.android.launcher3/.uioverrides.QuickstepLauncher,userLeaving=true,pauseBackTasks]
02-22 01:31:51.434 I/wm_on_top_resumed_lost_called( 2514): [229498384,com.android.launcher3.uioverrides.QuickstepLauncher,topStateChangedWhenResumed]
02-22 01:31:51.436 I/wm_on_paused_called( 2514): [229498384,com.android.launcher3.uioverrides.QuickstepLauncher,performPause]
02-22 01:31:51.438 I/wm_set_resumed_activity( 1503): [0,com.android.music/.VideoBrowserActivity,resumeTopActivityInnerLocked]
02-22 01:31:51.439 I/wm_add_to_stopping( 1503): [0,229498384,com.android.launcher3/.uioverrides.QuickstepLauncher,makeInvisible]
02-22 01:31:51.441 I/wm_resume_activity( 1503): [0,120691896,47,com.android.music/.VideoBrowserActivity]
02-22 01:31:51.452 I/sysui_multi_action( 1503): [757,803,799,window_time_0,802,4]
02-22 01:31:51.453 I/wm_on_restart_called( 4140): [120691896,com.android.music.VideoBrowserActivity,performRestartActivity]
02-22 01:31:51.453 I/wm_on_start_called( 4140): [120691896,com.android.music.VideoBrowserActivity,handleStartActivity]
02-22 01:31:51.454 I/wm_on_resume_called( 4140): [120691896,com.android.music.VideoBrowserActivity,RESUME_ACTIVITY]
02-22 01:31:51.454 I/wm_on_top_resumed_gained_called( 4140): [120691896,com.android.music.VideoBrowserActivity,topWhenResuming]
02-22 01:31:51.460 I/input_focus( 1503): [Focus leaving e3555c3 com.android.launcher3/com.android.launcher3.uioverrides.QuickstepLauncher (server),reason=NO_WINDOW]
02-22 01:31:51.463 I/input_focus( 1503): [Focus request 95b490b com.android.music/com.android.music.VideoBrowserActivity,reason=UpdateInputWindows]
02-22 01:31:51.473 I/sysui_multi_action( 1503): [319,27,321,24,322,47,325,1133,757,761,758,9,759,4,806,com.android.music,871,com.android.music.VideoBrowserActivity,904,com.android.launcher3,905,0,1320,4,1321,1]
02-22 01:31:51.477 I/input_focus( 1503): [Focus entering 95b490b com.android.music/com.android.music.VideoBrowserActivity (server),reason=setFocusedWindow]
02-22 01:31:51.983 I/wm_stop_activity( 1503): [0,229498384,com.android.launcher3/.uioverrides.QuickstepLauncher]
02-22 01:31:52.014 I/wm_on_stop_called( 2514): [229498384,com.android.launcher3.uioverrides.QuickstepLauncher,STOP_ACTIVITY_ITEM]
02-22 01:31:52.171 I/input_interaction( 1503): Interaction with: 95b490b com.android.music/com.android.music.VideoBrowserActivity (server), edge-swipe (server), swipe-up (server), PointerEventDispatcher0 (server),
02-22 01:31:52.190 I/wm_task_moved( 1503): [1,0,0]
02-22 01:31:52.191 I/wm_task_moved( 1503): [1,0,7]
02-22 01:31:52.202 I/wm_on_restart_called( 2514): [229498384,com.android.launcher3.uioverrides.QuickstepLauncher,performRestartActivity]
02-22 01:31:52.229 I/wm_on_start_called( 2514): [229498384,com.android.launcher3.uioverrides.QuickstepLauncher,handleStartActivity]
02-22 01:31:52.231 I/view_enqueue_input_event( 4140): [Motion - Cancel,com.android.music/com.android.music.VideoBrowserActivity]
02-22 01:31:52.236 I/input_interaction( 1503): Interaction with: edge-swipe (server), swipe-up (server), PointerEventDispatcher0 (server),
02-22 01:31:52.238 I/sysui_latency( 2514): [1,67]
02-22 01:31:52.252 I/sysui_multi_action( 1503): [319,8,322,56,325,1133,757,761,758,9,759,5,806,com.android.launcher3,871,com.android.launcher3.uioverrides.QuickstepLauncher,905,0,1320,4,1321,1]
02-22 01:31:52.254 I/input_focus( 1503): [Focus request recents_animation_input_consumer,reason=UpdateInputWindows]
02-22 01:31:52.261 I/input_focus( 1503): [Focus leaving 95b490b com.android.music/com.android.music.VideoBrowserActivity (server),reason=NOT_FOCUSABLE]
02-22 01:31:52.262 I/input_focus( 1503): [Focus entering recents_animation_input_consumer (server),reason=setFocusedWindow]
02-22 01:31:52.432 I/commit_sys_config_file( 1503): [settings-1-0,7]
02-22 01:31:52.548 I/sysui_latency( 1503): [8,71]
02-22 01:31:52.982 I/input_interaction( 1503): Interaction with: recents_animation_input_consumer (server), edge-swipe (server), swipe-up (server), PointerEventDispatcher0 (server),
02-22 01:31:53.012 I/wm_task_moved( 1503): [1,1,8]
02-22 01:31:53.017 I/wm_task_moved( 1503): [41,1,2147483647]
02-22 01:31:53.017 I/wm_task_to_front( 1503): [0,41]
02-22 01:31:53.017 I/wm_focused_root_task( 1503): [0,0,1,47,RecentsAnimation.onAnimationFinished()]
02-22 01:31:53.018 I/wm_on_top_resumed_lost_called( 4140): [120691896,com.android.music.VideoBrowserActivity,topStateChangedWhenResumed]
02-22 01:31:53.018 I/wm_set_resumed_activity( 1503): [0,com.android.launcher3/.uioverrides.QuickstepLauncher,RecentsAnimation.onAnimationFinished()]
02-22 01:31:53.019 I/wm_pause_activity( 1503): [0,120691896,com.android.music/.VideoBrowserActivity,userLeaving=true,pauseBackTasks]
02-22 01:31:53.020 I/wm_add_to_stopping( 1503): [0,120691896,com.android.music/.VideoBrowserActivity,makeInvisible]
02-22 01:31:53.021 I/wm_set_resumed_activity( 1503): [0,com.android.launcher3/.uioverrides.QuickstepLauncher,resumeTopActivityInnerLocked]
02-22 01:31:53.024 I/wm_resume_activity( 1503): [0,229498384,41,com.android.launcher3/.uioverrides.QuickstepLauncher]
02-22 01:31:53.031 I/input_focus( 1503): [Focus request e3555c3 com.android.launcher3/com.android.launcher3.uioverrides.QuickstepLauncher,reason=UpdateInputWindows]
02-22 01:31:53.032 I/wm_on_resume_called( 2514): [229498384,com.android.launcher3.uioverrides.QuickstepLauncher,RESUME_ACTIVITY]
02-22 01:31:53.034 I/wm_stop_activity( 1503): [0,120691896,com.android.music/.VideoBrowserActivity]
02-22 01:31:53.035 I/sysui_multi_action( 1503): [757,803,799,window_time_0,802,1]
02-22 01:31:53.039 I/wm_on_top_resumed_gained_called( 2514): [229498384,com.android.launcher3.uioverrides.QuickstepLauncher,topStateChangedWhenResumed]
02-22 01:31:53.039 I/wm_on_paused_called( 4140): [120691896,com.android.music.VideoBrowserActivity,performPause]
02-22 01:31:53.040 I/wm_on_stop_called( 4140): [120691896,com.android.music.VideoBrowserActivity,STOP_ACTIVITY_ITEM]
02-22 01:31:53.042 I/sysui_multi_action( 1503): [757,803,799,window_time_0,802,0]
02-22 01:31:53.047 I/input_focus( 1503): [Focus leaving recents_animation_input_consumer (server),reason=NOT_VISIBLE]
02-22 01:31:53.047 I/input_focus( 1503): [Focus entering e3555c3 com.android.launcher3/com.android.launcher3.uioverrides.QuickstepLauncher (server),reason=setFocusedWindow]
02-22 01:31:53.125 I/wm_task_moved( 1503): [46,1,8]
02-22 01:31:53.125 I/wm_task_to_front( 1503): [0,46]
02-22 01:31:53.126 I/wm_focused_root_task( 1503): [0,0,46,1,bringingFoundTaskToFront]
02-22 01:31:53.127 I/wm_set_resumed_activity( 1503): [0,com.android.music/.MusicBrowserActivity,bringingFoundTaskToFront]
02-22 01:31:53.127 I/wm_new_intent( 1503): [0,92612313,46,com.android.music/.MusicBrowserActivity,android.intent.action.MAIN,NULL,NULL,270532608]
02-22 01:31:53.129 I/wm_pause_activity( 1503): [0,229498384,com.android.launcher3/.uioverrides.QuickstepLauncher,userLeaving=true,pauseBackTasks]
02-22 01:31:53.135 I/wm_on_top_resumed_lost_called( 2514): [229498384,com.android.launcher3.uioverrides.QuickstepLauncher,topStateChangedWhenResumed]
02-22 01:31:53.136 I/wm_on_paused_called( 2514): [229498384,com.android.launcher3.uioverrides.QuickstepLauncher,performPause]
02-22 01:31:53.141 I/wm_set_resumed_activity( 1503): [0,com.android.music/.MusicBrowserActivity,resumeTopActivityInnerLocked]
02-22 01:31:53.142 I/wm_add_to_stopping( 1503): [0,229498384,com.android.launcher3/.uioverrides.QuickstepLauncher,makeInvisible]
02-22 01:31:53.144 I/wm_resume_activity( 1503): [0,92612313,46,com.android.music/.MusicBrowserActivity]
02-22 01:31:53.163 I/wm_on_restart_called( 4140): [92612313,com.android.music.MusicBrowserActivity,performRestartActivity]
02-22 01:31:53.165 I/input_focus( 1503): [Focus leaving e3555c3 com.android.launcher3/com.android.launcher3.uioverrides.QuickstepLauncher (server),reason=NO_WINDOW]
02-22 01:31:53.165 I/sysui_multi_action( 1503): [757,803,799,window_time_0,802,0]
02-22 01:31:53.168 I/wm_on_start_called( 4140): [92612313,com.android.music.MusicBrowserActivity,handleStartActivity]
02-22 01:31:53.170 I/wm_on_resume_called( 4140): [92612313,com.android.music.MusicBrowserActivity,RESUME_ACTIVITY]
02-22 01:31:53.172 I/wm_on_top_resumed_gained_called( 4140): [92612313,com.android.music.MusicBrowserActivity,topWhenResuming]
02-22 01:31:53.186 I/input_focus( 1503): [Focus request 1a9d499 com.android.music/com.android.music.MusicBrowserActivity,reason=UpdateInputWindows]
02-22 01:31:53.201 I/sysui_multi_action( 1503): [319,26,321,24,322,74,325,1134,757,761,758,9,759,4,806,com.android.music,871,com.android.music.MusicBrowserActivity,904,com.android.launcher3,905,0,1320,4,1321,1]
02-22 01:31:53.214 I/notification_enqueue( 1503): [10087,4140,com.android.music,1,NULL,0,Notification(channel=Channel-music shortcut=null contentView=null vibrate=null sound=null defaults=0x0 flags=0x40 color=0x00000000 category=transport actions=4 vis=PRIVATE),1]
02-22 01:31:53.215 I/input_focus( 1503): [Focus entering 1a9d499 com.android.music/com.android.music.MusicBrowserActivity (server),reason=setFocusedWindow]
02-22 01:31:53.216 I/notification_enqueue( 1503): [10087,4140,com.android.music,1,NULL,0,Notification(channel=Channel-music shortcut=null contentView=null vibrate=null sound=null defaults=0x0 flags=0x40 color=0x00000000 category=transport actions=4 vis=PRIVATE),1]
02-22 01:31:53.687 I/wm_stop_activity( 1503): [0,229498384,com.android.launcher3/.uioverrides.QuickstepLauncher]
02-22 01:31:53.708 I/wm_on_stop_called( 2514): [229498384,com.android.launcher3.uioverrides.QuickstepLauncher,STOP_ACTIVITY_ITEM]
02-22 01:31:54.118 I/input_interaction( 1503): Interaction with: 1a9d499 com.android.music/com.android.music.MusicBrowserActivity (server), edge-swipe (server), swipe-up (server), PointerEventDispatcher0 (server),
02-22 01:31:54.135 I/wm_task_moved( 1503): [1,0,0]
02-22 01:31:54.138 I/wm_task_moved( 1503): [1,0,7]
02-22 01:31:54.143 I/view_enqueue_input_event( 4140): [Motion - Cancel,com.android.music/com.android.music.MusicBrowserActivity]
02-22 01:31:54.156 I/wm_on_restart_called( 2514): [229498384,com.android.launcher3.uioverrides.QuickstepLauncher,performRestartActivity]
02-22 01:31:54.156 I/input_interaction( 1503): Interaction with: edge-swipe (server), swipe-up (server), PointerEventDispatcher0 (server),
02-22 01:31:54.180 I/wm_on_start_called( 2514): [229498384,com.android.launcher3.uioverrides.QuickstepLauncher,handleStartActivity]
02-22 01:31:54.183 I/input_focus( 1503): [Focus request recents_animation_input_consumer,reason=UpdateInputWindows]
02-22 01:31:54.188 I/sysui_latency( 2514): [1,70]
02-22 01:31:54.201 I/input_focus( 1503): [Focus leaving 1a9d499 com.android.music/com.android.music.MusicBrowserActivity (server),reason=NOT_FOCUSABLE]
02-22 01:31:54.201 I/input_focus( 1503): [Focus entering recents_animation_input_consumer (server),reason=setFocusedWindow]
02-22 01:31:54.207 I/sysui_multi_action( 1503): [319,12,322,60,325,1135,757,761,758,9,759,5,806,com.android.launcher3,871,com.android.launcher3.uioverrides.QuickstepLauncher,905,0,1320,4,1321,1]
02-22 01:31:54.382 I/commit_sys_config_file( 1503): [settings-1-0,4]
02-22 01:31:54.498 I/sysui_latency( 1503): [8,72]
02-22 01:31:54.654 I/input_interaction( 1503): Interaction with: a916dde StatusBar (server), edge-swipe (server), swipe-up (server), PointerEventDispatcher0 (server),
02-22 01:31:54.658 I/sysui_multi_action( 1966): [757,803,799,panel_open,802,1]
02-22 01:31:54.659 I/sysui_multi_action( 1966): [757,1328,758,4,1326,48,1327,1,1329,0]
02-22 01:31:54.725 I/sysui_multi_action( 1503): [757,127,758,1]
02-22 01:31:54.725 I/sysui_multi_action( 1503): [757,804,799,note_load,801,2,802,1]
02-22 01:31:54.726 I/notification_panel_revealed( 1503): 2
02-22 01:31:54.736 I/input_focus( 1503): [Focus request 91ac81d NotificationShade,reason=UpdateInputWindows]
02-22 01:31:54.745 I/sysui_multi_action( 1503): [757,128,758,1,793,1125764,794,0,795,1125764,796,26,798,0,806,android,857,DEVELOPER_IMPORTANT,858,4,947,0,1395,2,1500,1125359,1688,1]
02-22 01:31:54.745 I/sysui_multi_action( 1503): [757,804,799,note_freshness,801,1125764,802,1]
02-22 01:31:54.745 I/notification_visibility( 1503): [-1|android|26|null|1000,1,1125764,1125764,0,0]
02-22 01:31:54.746 I/sysui_multi_action( 1503): [757,128,758,1,793,1126368,794,0,795,1126368,796,32,798,1,806,android,857,USB,858,1,947,0,1395,2,1500,1126293,1688,1]
02-22 01:31:54.746 I/sysui_multi_action( 1503): [757,804,799,note_freshness,801,1126368,802,1]
02-22 01:31:54.746 I/notification_visibility( 1503): [-1|android|32|null|1000,1,1126368,1126368,0,1]
02-22 01:31:54.753 I/input_focus( 1503): [Focus leaving recents_animation_input_consumer (server),reason=setFocusedWindow]
02-22 01:31:54.753 I/input_focus( 1503): [Focus entering 91ac81d NotificationShade (server),reason=setFocusedWindow]
02-22 01:31:54.762 I/service_manager_stats( 1503): [100,55,66132]
02-22 01:31:54.800 I/sysui_multi_action( 1966): [757,111,758,1]
02-22 01:31:54.800 I/sysui_multi_action( 1966): [757,126,758,1,759,126,927,0,928,1,1593,0]
02-22 01:31:54.800 I/sysui_multi_action( 1966): [757,113,758,1,759,113,927,1,928,1,1593,0]
02-22 01:31:54.800 I/sysui_multi_action( 1966): [757,0,758,1,759,0,927,2,928,0,1593,0]
02-22 01:31:54.801 I/sysui_multi_action( 1966): [757,0,758,1,759,0,927,3,928,0,1593,0]
02-22 01:31:54.801 I/sysui_multi_action( 1966): [757,491,758,1,759,491,927,4,928,0,1311,-1,1593,0]
02-22 01:31:54.801 I/sysui_multi_action( 1966): [757,0,758,1,759,0,927,5,928,0,1593,0]
02-22 01:31:54.801 I/sysui_multi_action( 1966): [757,111,758,1]
02-22 01:31:54.801 I/sysui_multi_action( 1966): [757,126,758,1,759,126,927,0,928,1,1593,0]
02-22 01:31:54.802 I/sysui_multi_action( 1966): [757,113,758,1,759,113,927,1,928,1,1593,0]
02-22 01:31:54.802 I/sysui_multi_action( 1966): [757,0,758,1,759,0,927,2,928,0,1593,0]
02-22 01:31:54.802 I/sysui_multi_action( 1966): [757,0,758,1,759,0,927,3,928,0,1593,0]
02-22 01:31:54.961 I/wm_task_moved( 1503): [1,1,8]
02-22 01:31:54.961 I/wm_task_moved( 1503): [41,1,2147483647]
02-22 01:31:54.961 I/wm_task_to_front( 1503): [0,41]
02-22 01:31:54.961 I/wm_focused_root_task( 1503): [0,0,1,46,RecentsAnimation.onAnimationFinished()]
02-22 01:31:54.961 I/wm_set_resumed_activity( 1503): [0,com.android.launcher3/.uioverrides.QuickstepLauncher,RecentsAnimation.onAnimationFinished()]
02-22 01:31:54.962 I/wm_pause_activity( 1503): [0,92612313,com.android.music/.MusicBrowserActivity,userLeaving=true,pauseBackTasks]
02-22 01:31:54.963 I/wm_add_to_stopping( 1503): [0,92612313,com.android.music/.MusicBrowserActivity,makeInvisible]
02-22 01:31:54.963 I/wm_set_resumed_activity( 1503): [0,com.android.launcher3/.uioverrides.QuickstepLauncher,resumeTopActivityInnerLocked]
02-22 01:31:54.966 I/wm_resume_activity( 1503): [0,229498384,41,com.android.launcher3/.uioverrides.QuickstepLauncher]
02-22 01:31:54.968 I/wm_on_top_resumed_lost_called( 4140): [92612313,com.android.music.MusicBrowserActivity,topStateChangedWhenResumed]
02-22 01:31:54.970 I/wm_on_resume_called( 2514): [229498384,com.android.launcher3.uioverrides.QuickstepLauncher,RESUME_ACTIVITY]
02-22 01:31:54.974 I/wm_on_top_resumed_gained_called( 2514): [229498384,com.android.launcher3.uioverrides.QuickstepLauncher,topStateChangedWhenResumed]
02-22 01:31:54.975 I/wm_on_paused_called( 4140): [92612313,com.android.music.MusicBrowserActivity,performPause]
02-22 01:31:54.983 I/wm_stop_activity( 1503): [0,92612313,com.android.music/.MusicBrowserActivity]
02-22 01:31:54.992 I/sysui_multi_action( 1503): [757,803,799,window_time_0,802,2]
02-22 01:31:54.994 I/sysui_multi_action( 1503): [757,803,799,window_time_0,802,0]
02-22 01:31:55.009 I/wm_on_stop_called( 4140): [92612313,com.android.music.MusicBrowserActivity,STOP_ACTIVITY_ITEM]
02-22 01:31:55.616 I/input_interaction( 1503): Interaction with: 91ac81d NotificationShade (server), edge-swipe (server), swipe-up (server), PointerEventDispatcher0 (server),
02-22 01:31:55.831 I/notification_enqueue( 1503): [10087,4140,com.android.music,1,NULL,0,Notification(channel=Channel-music shortcut=null contentView=null vibrate=null sound=null defaults=0x0 flags=0x42 color=0x00000000 category=transport actions=4 vis=PRIVATE),1]
02-22 01:31:56.845 I/notification_enqueue( 1503): [10078,1966,com.android.systemui,2048,NULL,0,Notification(channel=updateNotification shortcut=null contentView=null vibrate=null sound=null defaults=0x0 flags=0x0 color=0x00000000 vis=PRIVATE),1]
02-22 01:31:56.845 I/sysui_multi_action( 1966): [757,111,758,2]
02-22 01:31:56.848 I/sysui_multi_action( 1966): [757,111,758,2]
02-22 01:31:57.060 I/input_focus( 1503): [Focus request e3555c3 com.android.launcher3/com.android.launcher3.uioverrides.QuickstepLauncher,reason=UpdateInputWindows]
02-22 01:31:57.065 I/sysui_multi_action( 1503): [757,128,758,2,793,1128084,794,2320,795,1128084,796,26,798,0,806,android,857,DEVELOPER_IMPORTANT,858,4,947,0,1395,2,1500,1127679,1688,1]
02-22 01:31:57.066 I/notification_visibility( 1503): [-1|android|26|null|1000,0,1128084,1128084,0,0]
02-22 01:31:57.066 I/sysui_multi_action( 1503): [757,128,758,2,793,1128688,794,2320,795,1128688,796,32,798,1,806,android,857,USB,858,1,947,0,1395,2,1500,1128613,1688,1]
02-22 01:31:57.066 I/notification_visibility( 1503): [-1|android|32|null|1000,0,1128688,1128688,0,1]
02-22 01:31:57.067 I/sysui_multi_action( 1503): [757,127,758,2]
02-22 01:31:57.067 I/notification_panel_hidden( 1503):
02-22 01:31:57.091 I/input_focus( 1503): [Focus leaving 91ac81d NotificationShade (server),reason=NO_WINDOW]
02-22 01:31:57.092 I/input_focus( 1503): [Focus entering e3555c3 com.android.launcher3/com.android.launcher3.uioverrides.QuickstepLauncher (server),reason=setFocusedWindow]
02-22 01:31:57.452 I/input_interaction( 1503): Interaction with: e3555c3 com.android.launcher3/com.android.launcher3.uioverrides.QuickstepLauncher (server), 1fcc036 com.android.systemui.ImageWallpaper (server), edge-swipe (server), swipe-up (server), PointerEventDispatcher0 (server),
02-22 01:31:57.587 I/wm_task_moved( 1503): [46,1,8]
02-22 01:31:57.587 I/wm_task_to_front( 1503): [0,46]
02-22 01:31:57.587 I/wm_focused_root_task( 1503): [0,0,46,1,bringingFoundTaskToFront]
02-22 01:31:57.588 I/wm_set_resumed_activity( 1503): [0,com.android.music/.MusicBrowserActivity,bringingFoundTaskToFront]
02-22 01:31:57.588 I/wm_new_intent( 1503): [0,92612313,46,com.android.music/.MusicBrowserActivity,android.intent.action.MAIN,NULL,NULL,270532608]
02-22 01:31:57.590 I/wm_pause_activity( 1503): [0,229498384,com.android.launcher3/.uioverrides.QuickstepLauncher,userLeaving=true,pauseBackTasks]
02-22 01:31:57.598 I/wm_on_top_resumed_lost_called( 2514): [229498384,com.android.launcher3.uioverrides.QuickstepLauncher,topStateChangedWhenResumed]
02-22 01:31:57.600 I/wm_on_paused_called( 2514): [229498384,com.android.launcher3.uioverrides.QuickstepLauncher,performPause]
02-22 01:31:57.603 I/wm_set_resumed_activity( 1503): [0,com.android.music/.MusicBrowserActivity,resumeTopActivityInnerLocked]
02-22 01:31:57.603 I/wm_add_to_stopping( 1503): [0,229498384,com.android.launcher3/.uioverrides.QuickstepLauncher,makeInvisible]
02-22 01:31:57.607 I/wm_resume_activity( 1503): [0,92612313,46,com.android.music/.MusicBrowserActivity]
02-22 01:31:57.614 I/sysui_multi_action( 1503): [757,803,799,window_time_0,802,3]
02-22 01:31:57.625 I/input_focus( 1503): [Focus leaving e3555c3 com.android.launcher3/com.android.launcher3.uioverrides.QuickstepLauncher (server),reason=NO_WINDOW]
02-22 01:31:57.626 I/wm_on_restart_called( 4140): [92612313,com.android.music.MusicBrowserActivity,performRestartActivity]
02-22 01:31:57.629 I/wm_on_start_called( 4140): [92612313,com.android.music.MusicBrowserActivity,handleStartActivity]
02-22 01:31:57.631 I/wm_on_resume_called( 4140): [92612313,com.android.music.MusicBrowserActivity,RESUME_ACTIVITY]
02-22 01:31:57.632 I/wm_on_top_resumed_gained_called( 4140): [92612313,com.android.music.MusicBrowserActivity,topWhenResuming]
02-22 01:31:57.649 I/input_focus( 1503): [Focus request 1a9d499 com.android.music/com.android.music.MusicBrowserActivity,reason=UpdateInputWindows]
02-22 01:31:57.662 I/sysui_multi_action( 1503): [319,33,321,30,322,75,325,1139,757,761,758,9,759,4,806,com.android.music,871,com.android.music.MusicBrowserActivity,904,com.android.launcher3,905,0,1320,4,1321,1]
02-22 01:31:57.675 I/input_focus( 1503): [Focus entering 1a9d499 com.android.music/com.android.music.MusicBrowserActivity (server),reason=setFocusedWindow]
02-22 01:31:57.679 I/notification_enqueue( 1503): [10087,4140,com.android.music,1,NULL,0,Notification(channel=Channel-music shortcut=null contentView=null vibrate=null sound=null defaults=0x0 flags=0x42 color=0x00000000 category=transport actions=4 vis=PRIVATE),1]
02-22 01:31:57.679 I/notification_enqueue( 1503): [10087,4140,com.android.music,1,NULL,0,Notification(channel=Channel-music shortcut=null contentView=null vibrate=null sound=null defaults=0x0 flags=0x42 color=0x00000000 category=transport actions=4 vis=PRIVATE),1]
02-22 01:31:58.146 I/wm_stop_activity( 1503): [0,229498384,com.android.launcher3/.uioverrides.QuickstepLauncher]
02-22 01:31:58.170 I/wm_on_stop_called( 2514): [229498384,com.android.launcher3.uioverrides.QuickstepLauncher,STOP_ACTIVITY_ITEM]
02-22 01:31:58.816 I/input_interaction( 1503): Interaction with: 1a9d499 com.android.music/com.android.music.MusicBrowserActivity (server), edge-swipe (server), swipe-up (server), PointerEventDispatcher0 (server),
02-22 01:31:58.832 I/wm_task_moved( 1503): [1,0,0]
02-22 01:31:58.833 I/wm_task_moved( 1503): [1,0,7]
02-22 01:31:58.844 I/wm_on_restart_called( 2514): [229498384,com.android.launcher3.uioverrides.QuickstepLauncher,performRestartActivity]
02-22 01:31:58.867 I/wm_on_start_called( 2514): [229498384,com.android.launcher3.uioverrides.QuickstepLauncher,handleStartActivity]
02-22 01:31:58.884 I/sysui_multi_action( 1503): [319,9,322,46,325,1140,757,761,758,9,759,5,806,com.android.launcher3,871,com.android.launcher3.uioverrides.QuickstepLauncher,905,0,1320,4,1321,1]
02-22 01:31:58.949 I/view_enqueue_input_event( 4140): [Motion - Cancel,com.android.music/com.android.music.MusicBrowserActivity]
02-22 01:31:58.958 I/sysui_latency( 2514): [1,60]
02-22 01:31:58.962 I/input_interaction( 1503): Interaction with: edge-swipe (server), swipe-up (server), PointerEventDispatcher0 (server),
02-22 01:31:58.964 I/input_focus( 1503): [Focus request recents_animation_input_consumer,reason=UpdateInputWindows]
02-22 01:31:58.994 I/input_focus( 1503): [Focus leaving 1a9d499 com.android.music/com.android.music.MusicBrowserActivity (server),reason=NOT_FOCUSABLE]
02-22 01:31:58.994 I/input_focus( 1503): [Focus entering recents_animation_input_consumer (server),reason=setFocusedWindow]
02-22 01:31:59.068 I/commit_sys_config_file( 1503): [settings-1-0,4]
02-22 01:31:59.180 I/sysui_latency( 1503): [8,57]
02-22 01:31:59.438 I/commit_sys_config_file( 1503): [settings-1-0,5]
02-22 01:31:59.882 I/wm_task_moved( 1503): [1,1,8]
02-22 01:31:59.886 I/wm_task_moved( 1503): [41,1,2147483647]
02-22 01:31:59.886 I/wm_task_to_front( 1503): [0,41]
02-22 01:31:59.886 I/wm_focused_root_task( 1503): [0,0,1,46,RecentsAnimation.onAnimationFinished()]
02-22 01:31:59.886 I/wm_on_top_resumed_lost_called( 4140): [92612313,com.android.music.MusicBrowserActivity,topStateChangedWhenResumed]
02-22 01:31:59.886 I/wm_set_resumed_activity( 1503): [0,com.android.launcher3/.uioverrides.QuickstepLauncher,RecentsAnimation.onAnimationFinished()]
02-22 01:31:59.888 I/wm_pause_activity( 1503): [0,92612313,com.android.music/.MusicBrowserActivity,userLeaving=true,pauseBackTasks]
02-22 01:31:59.889 I/wm_add_to_stopping( 1503): [0,92612313,com.android.music/.MusicBrowserActivity,makeInvisible]
02-22 01:31:59.889 I/wm_set_resumed_activity( 1503): [0,com.android.launcher3/.uioverrides.QuickstepLauncher,resumeTopActivityInnerLocked]
02-22 01:31:59.891 I/wm_resume_activity( 1503): [0,229498384,41,com.android.launcher3/.uioverrides.QuickstepLauncher]
02-22 01:31:59.891 I/wm_on_resume_called( 2514): [229498384,com.android.launcher3.uioverrides.QuickstepLauncher,RESUME_ACTIVITY]
02-22 01:31:59.897 I/input_focus( 1503): [Focus leaving recents_animation_input_consumer (server),reason=NOT_VISIBLE]
02-22 01:31:59.898 I/input_focus( 1503): [Focus request e3555c3 com.android.launcher3/com.android.launcher3.uioverrides.QuickstepLauncher,reason=UpdateInputWindows]
02-22 01:31:59.899 I/wm_on_top_resumed_gained_called( 2514): [229498384,com.android.launcher3.uioverrides.QuickstepLauncher,topStateChangedWhenResumed]
02-22 01:31:59.899 I/wm_on_paused_called( 4140): [92612313,com.android.music.MusicBrowserActivity,performPause]
02-22 01:31:59.904 I/wm_stop_activity( 1503): [0,92612313,com.android.music/.MusicBrowserActivity]
02-22 01:31:59.907 I/sysui_multi_action( 1503): [757,803,799,window_time_0,802,2]
02-22 01:31:59.909 I/sysui_multi_action( 1503): [757,803,799,window_time_0,802,0]
02-22 01:31:59.913 I/input_focus( 1503): [Focus entering e3555c3 com.android.launcher3/com.android.launcher3.uioverrides.QuickstepLauncher (server),reason=setFocusedWindow]
02-22 01:31:59.926 I/wm_on_stop_called( 4140): [92612313,com.android.music.MusicBrowserActivity,STOP_ACTIVITY_ITEM]
02-22 01:32:37.233 I/input_interaction( 1503): Interaction with: a916dde StatusBar (server), edge-swipe (server), swipe-up (server), PointerEventDispatcher0 (server),
02-22 01:32:37.238 I/sysui_multi_action( 1966): [757,803,799,panel_open,802,1]
02-22 01:32:37.240 I/sysui_multi_action( 1966): [757,1328,758,4,1326,47,1327,5,1329,0]
02-22 01:32:37.269 I/sysui_multi_action( 1503): [757,127,758,1]
02-22 01:32:37.270 I/sysui_multi_action( 1503): [757,804,799,note_load,801,2,802,1]
02-22 01:32:37.270 I/notification_panel_revealed( 1503): 2
02-22 01:32:37.280 I/input_focus( 1503): [Focus request 91ac81d NotificationShade,reason=UpdateInputWindows]
02-22 01:32:37.295 I/sysui_multi_action( 1503): [757,128,758,1,793,1168314,794,0,795,1168314,796,26,798,0,806,android,857,DEVELOPER_IMPORTANT,858,4,947,0,1395,2,1500,1167909,1688,1]
02-22 01:32:37.296 I/sysui_multi_action( 1503): [757,804,799,note_freshness,801,1168314,802,1]
02-22 01:32:37.296 I/notification_visibility( 1503): [-1|android|26|null|1000,1,1168314,1168314,0,0]
02-22 01:32:37.297 I/sysui_multi_action( 1503): [757,128,758,1,793,1168919,794,0,795,1168919,796,32,798,1,806,android,857,USB,858,1,947,0,1395,2,1500,1168844,1688,1]
02-22 01:32:37.297 I/sysui_multi_action( 1503): [757,804,799,note_freshness,801,1168919,802,1]
02-22 01:32:37.298 I/notification_visibility( 1503): [-1|android|32|null|1000,1,1168919,1168919,0,1]
02-22 01:32:37.304 I/input_focus( 1503): [Focus leaving e3555c3 com.android.launcher3/com.android.launcher3.uioverrides.QuickstepLauncher (server),reason=setFocusedWindow]
02-22 01:32:37.304 I/input_focus( 1503): [Focus entering 91ac81d NotificationShade (server),reason=setFocusedWindow]
02-22 01:32:37.319 I/sysui_multi_action( 1966): [757,111,758,1]
02-22 01:32:37.319 I/sysui_multi_action( 1966): [757,126,758,1,759,126,927,0,928,1,1593,0]
02-22 01:32:37.319 I/sysui_multi_action( 1966): [757,113,758,1,759,113,927,1,928,1,1593,0]
02-22 01:32:37.319 I/sysui_multi_action( 1966): [757,0,758,1,759,0,927,2,928,0,1593,0]
02-22 01:32:37.319 I/sysui_multi_action( 1966): [757,0,758,1,759,0,927,3,928,0,1593,0]
02-22 01:32:37.319 I/sysui_multi_action( 1966): [757,491,758,1,759,491,927,4,928,0,1311,-1,1593,0]
02-22 01:32:37.320 I/sysui_multi_action( 1966): [757,0,758,1,759,0,927,5,928,0,1593,0]
02-22 01:32:37.320 I/sysui_multi_action( 1966): [757,111,758,1]
02-22 01:32:37.320 I/sysui_multi_action( 1966): [757,126,758,1,759,126,927,0,928,1,1593,0]
02-22 01:32:37.320 I/sysui_multi_action( 1966): [757,113,758,1,759,113,927,1,928,1,1593,0]
02-22 01:32:37.320 I/sysui_multi_action( 1966): [757,0,758,1,759,0,927,2,928,0,1593,0]
02-22 01:32:37.320 I/sysui_multi_action( 1966): [757,0,758,1,759,0,927,3,928,0,1593,0]
02-22 01:32:38.291 I/input_interaction( 1503): Interaction with: 91ac81d NotificationShade (server), edge-swipe (server), swipe-up (server), PointerEventDispatcher0 (server),
02-22 01:32:38.514 I/notification_enqueue( 1503): [10087,4140,com.android.music,1,NULL,0,Notification(channel=Channel-music shortcut=null contentView=null vibrate=null sound=null defaults=0x0 flags=0x62 color=0x00000000 category=transport actions=4 vis=PRIVATE),1]
02-22 01:32:38.615 I/notification_enqueue( 1503): [10087,4140,com.android.music,1,NULL,0,Notification(channel=Channel-music shortcut=null contentView=null vibrate=null sound=null defaults=0x0 flags=0x2 color=0x00000000 category=transport actions=4 vis=PRIVATE),1]
02-22 01:32:38.816 I/sysui_multi_action( 1503): [757,1501,758,1,793,180057,794,0,795,203,796,1,806,com.android.music,857,Channel-music,858,2,947,0,1500,0,1641,transport,1688,1,1745,1043716538]
02-22 01:32:38.817 I/sysui_multi_action( 1503): [757,804,799,note_interruptive,801,0,802,1]
02-22 01:32:39.698 I/notification_enqueue( 1503): [10078,1966,com.android.systemui,2048,NULL,0,Notification(channel=updateNotification shortcut=null contentView=null vibrate=null sound=null defaults=0x0 flags=0x0 color=0x00000000 vis=PRIVATE),1]
02-22 01:32:39.698 I/sysui_multi_action( 1966): [757,111,758,2]
02-22 01:32:39.702 I/sysui_multi_action( 1966): [757,111,758,2]
02-22 01:32:39.914 I/input_focus( 1503): [Focus request e3555c3 com.android.launcher3/com.android.launcher3.uioverrides.QuickstepLauncher,reason=UpdateInputWindows]
02-22 01:32:39.921 I/sysui_multi_action( 1503): [757,128,758,2,793,1170940,794,2626,795,1170940,796,26,798,0,806,android,857,DEVELOPER_IMPORTANT,858,4,947,0,1395,2,1500,1170535,1688,1]
02-22 01:32:39.921 I/notification_visibility( 1503): [-1|android|26|null|1000,0,1170940,1170940,0,0]
02-22 01:32:39.923 I/sysui_multi_action( 1503): [757,128,758,2,793,1171544,794,2625,795,1171544,796,32,798,1,806,android,857,USB,858,1,947,0,1395,2,1500,1171469,1688,1]
02-22 01:32:39.923 I/notification_visibility( 1503): [-1|android|32|null|1000,0,1171544,1171544,0,1]
02-22 01:32:39.924 I/sysui_multi_action( 1503): [757,127,758,2]
02-22 01:32:39.924 I/notification_panel_hidden( 1503):
02-22 01:32:39.943 I/input_focus( 1503): [Focus leaving 91ac81d NotificationShade (server),reason=NO_WINDOW]
02-22 01:32:39.943 I/input_focus( 1503): [Focus entering e3555c3 com.android.launcher3/com.android.launcher3.uioverrides.QuickstepLauncher (server),reason=setFocusedWindow]
02-22 01:32:40.530 I/input_interaction( 1503): Interaction with: e3555c3 com.android.launcher3/com.android.launcher3.uioverrides.QuickstepLauncher (server), 1fcc036 com.android.systemui.ImageWallpaper (server), edge-swipe (server), swipe-up (server), PointerEventDispatcher0 (server),
02-22 01:32:40.679 I/wm_task_moved( 1503): [47,1,8]
02-22 01:32:40.679 I/wm_task_to_front( 1503): [0,47]
02-22 01:32:40.680 I/wm_focused_root_task( 1503): [0,0,47,1,bringingFoundTaskToFront]
02-22 01:32:40.681 I/wm_set_resumed_activity( 1503): [0,com.android.music/.VideoBrowserActivity,bringingFoundTaskToFront]
02-22 01:32:40.683 I/wm_pause_activity( 1503): [0,229498384,com.android.launcher3/.uioverrides.QuickstepLauncher,userLeaving=true,pauseBackTasks]
02-22 01:32:40.691 I/wm_on_top_resumed_lost_called( 2514): [229498384,com.android.launcher3.uioverrides.QuickstepLauncher,topStateChangedWhenResumed]
02-22 01:32:40.697 I/wm_on_paused_called( 2514): [229498384,com.android.launcher3.uioverrides.QuickstepLauncher,performPause]
02-22 01:32:40.699 I/wm_set_resumed_activity( 1503): [0,com.android.music/.VideoBrowserActivity,resumeTopActivityInnerLocked]
02-22 01:32:40.699 I/wm_add_to_stopping( 1503): [0,229498384,com.android.launcher3/.uioverrides.QuickstepLauncher,makeInvisible]
02-22 01:32:40.702 I/wm_resume_activity( 1503): [0,120691896,47,com.android.music/.VideoBrowserActivity]
02-22 01:32:40.715 I/sysui_multi_action( 1503): [757,803,799,window_time_0,802,41]
02-22 01:32:40.715 I/wm_on_restart_called( 4140): [120691896,com.android.music.VideoBrowserActivity,performRestartActivity]
02-22 01:32:40.715 I/wm_on_start_called( 4140): [120691896,com.android.music.VideoBrowserActivity,handleStartActivity]
02-22 01:32:40.716 I/wm_on_resume_called( 4140): [120691896,com.android.music.VideoBrowserActivity,RESUME_ACTIVITY]
02-22 01:32:40.716 I/wm_on_top_resumed_gained_called( 4140): [120691896,com.android.music.VideoBrowserActivity,topWhenResuming]
02-22 01:32:40.728 I/input_focus( 1503): [Focus leaving e3555c3 com.android.launcher3/com.android.launcher3.uioverrides.QuickstepLauncher (server),reason=NO_WINDOW]
02-22 01:32:40.734 I/input_focus( 1503): [Focus request 95b490b com.android.music/com.android.music.VideoBrowserActivity,reason=UpdateInputWindows]
02-22 01:32:40.741 I/sysui_multi_action( 1503): [319,30,321,26,322,62,325,1182,757,761,758,9,759,4,806,com.android.music,871,com.android.music.VideoBrowserActivity,904,com.android.launcher3,905,0,1320,4,1321,1]
02-22 01:32:40.745 I/input_focus( 1503): [Focus entering 95b490b com.android.music/com.android.music.VideoBrowserActivity (server),reason=setFocusedWindow]
02-22 01:32:41.256 I/wm_stop_activity( 1503): [0,229498384,com.android.launcher3/.uioverrides.QuickstepLauncher]
02-22 01:32:41.277 I/wm_on_stop_called( 2514): [229498384,com.android.launcher3.uioverrides.QuickstepLauncher,STOP_ACTIVITY_ITEM]
02-22 01:32:41.365 I/input_interaction( 1503): Interaction with: 95b490b com.android.music/com.android.music.VideoBrowserActivity (server), edge-swipe (server), swipe-up (server), PointerEventDispatcher0 (server),
02-22 01:32:41.381 I/wm_task_moved( 1503): [1,0,0]
02-22 01:32:41.382 I/wm_task_moved( 1503): [1,0,7]
02-22 01:32:41.396 I/wm_on_restart_called( 2514): [229498384,com.android.launcher3.uioverrides.QuickstepLauncher,performRestartActivity]
02-22 01:32:41.416 I/wm_on_start_called( 2514): [229498384,com.android.launcher3.uioverrides.QuickstepLauncher,handleStartActivity]
02-22 01:32:41.416 I/view_enqueue_input_event( 4140): [Motion - Cancel,com.android.music/com.android.music.VideoBrowserActivity]
02-22 01:32:41.418 I/input_focus( 1503): [Focus request recents_animation_input_consumer,reason=UpdateInputWindows]
02-22 01:32:41.418 I/input_interaction( 1503): Interaction with: edge-swipe (server), swipe-up (server), PointerEventDispatcher0 (server),
02-22 01:32:41.423 I/sysui_latency( 2514): [1,58]
02-22 01:32:41.430 I/input_focus( 1503): [Focus leaving 95b490b com.android.music/com.android.music.VideoBrowserActivity (server),reason=NOT_FOCUSABLE]
02-22 01:32:41.430 I/input_focus( 1503): [Focus entering recents_animation_input_consumer (server),reason=setFocusedWindow]
02-22 01:32:41.437 I/sysui_multi_action( 1503): [319,9,322,51,325,1183,757,761,758,9,759,5,806,com.android.launcher3,871,com.android.launcher3.uioverrides.QuickstepLauncher,905,0,1320,4,1321,1]
02-22 01:32:41.623 I/commit_sys_config_file( 1503): [settings-1-0,10]
02-22 01:32:41.733 I/sysui_latency( 1503): [8,62]
02-22 01:32:42.150 I/input_interaction( 1503): Interaction with: recents_animation_input_consumer (server), edge-swipe (server), swipe-up (server), PointerEventDispatcher0 (server),
02-22 01:32:42.183 I/wm_task_moved( 1503): [1,1,8]
02-22 01:32:42.183 I/wm_task_moved( 1503): [41,1,2147483647]
02-22 01:32:42.183 I/wm_task_to_front( 1503): [0,41]
02-22 01:32:42.183 I/wm_focused_root_task( 1503): [0,0,1,47,RecentsAnimation.onAnimationFinished()]
02-22 01:32:42.184 I/wm_set_resumed_activity( 1503): [0,com.android.launcher3/.uioverrides.QuickstepLauncher,RecentsAnimation.onAnimationFinished()]
02-22 01:32:42.184 I/wm_on_top_resumed_lost_called( 4140): [120691896,com.android.music.VideoBrowserActivity,topStateChangedWhenResumed]
02-22 01:32:42.186 I/wm_pause_activity( 1503): [0,120691896,com.android.music/.VideoBrowserActivity,userLeaving=true,pauseBackTasks]
02-22 01:32:42.187 I/wm_add_to_stopping( 1503): [0,120691896,com.android.music/.VideoBrowserActivity,makeInvisible]
02-22 01:32:42.187 I/wm_set_resumed_activity( 1503): [0,com.android.launcher3/.uioverrides.QuickstepLauncher,resumeTopActivityInnerLocked]
02-22 01:32:42.190 I/wm_resume_activity( 1503): [0,229498384,41,com.android.launcher3/.uioverrides.QuickstepLauncher]
02-22 01:32:42.191 I/wm_on_resume_called( 2514): [229498384,com.android.launcher3.uioverrides.QuickstepLauncher,RESUME_ACTIVITY]
02-22 01:32:42.199 I/input_focus( 1503): [Focus request e3555c3 com.android.launcher3/com.android.launcher3.uioverrides.QuickstepLauncher,reason=UpdateInputWindows]
02-22 01:32:42.204 I/wm_stop_activity( 1503): [0,120691896,com.android.music/.VideoBrowserActivity]
02-22 01:32:42.205 I/sysui_multi_action( 1503): [757,803,799,window_time_0,802,2]
02-22 01:32:42.205 I/wm_on_top_resumed_gained_called( 2514): [229498384,com.android.launcher3.uioverrides.QuickstepLauncher,topStateChangedWhenResumed]
02-22 01:32:42.205 I/wm_on_paused_called( 4140): [120691896,com.android.music.VideoBrowserActivity,performPause]
02-22 01:32:42.206 I/wm_on_stop_called( 4140): [120691896,com.android.music.VideoBrowserActivity,STOP_ACTIVITY_ITEM]
02-22 01:32:42.208 I/sysui_multi_action( 1503): [757,803,799,window_time_0,802,0]
02-22 01:32:42.216 I/input_focus( 1503): [Focus leaving recents_animation_input_consumer (server),reason=NOT_VISIBLE]
02-22 01:32:42.216 I/input_focus( 1503): [Focus entering e3555c3 com.android.launcher3/com.android.launcher3.uioverrides.QuickstepLauncher (server),reason=setFocusedWindow]
02-22 01:32:42.278 I/wm_task_moved( 1503): [46,1,8]
02-22 01:32:42.279 I/wm_task_to_front( 1503): [0,46]
02-22 01:32:42.280 I/wm_focused_root_task( 1503): [0,0,46,1,bringingFoundTaskToFront]
02-22 01:32:42.282 I/wm_set_resumed_activity( 1503): [0,com.android.music/.MusicBrowserActivity,bringingFoundTaskToFront]
02-22 01:32:42.283 I/wm_new_intent( 1503): [0,92612313,46,com.android.music/.MusicBrowserActivity,android.intent.action.MAIN,NULL,NULL,270532608]
02-22 01:32:42.285 I/wm_pause_activity( 1503): [0,229498384,com.android.launcher3/.uioverrides.QuickstepLauncher,userLeaving=true,pauseBackTasks]
02-22 01:32:42.290 I/wm_on_top_resumed_lost_called( 2514): [229498384,com.android.launcher3.uioverrides.QuickstepLauncher,topStateChangedWhenResumed]
02-22 01:32:42.291 I/wm_on_paused_called( 2514): [229498384,com.android.launcher3.uioverrides.QuickstepLauncher,performPause]
02-22 01:32:42.296 I/wm_set_resumed_activity( 1503): [0,com.android.music/.MusicBrowserActivity,resumeTopActivityInnerLocked]
02-22 01:32:42.296 I/wm_add_to_stopping( 1503): [0,229498384,com.android.launcher3/.uioverrides.QuickstepLauncher,makeInvisible]
02-22 01:32:42.298 I/wm_resume_activity( 1503): [0,92612313,46,com.android.music/.MusicBrowserActivity]
02-22 01:32:42.302 I/sysui_multi_action( 1503): [757,803,799,window_time_0,802,0]
02-22 01:32:42.305 I/wm_on_restart_called( 4140): [92612313,com.android.music.MusicBrowserActivity,performRestartActivity]
02-22 01:32:42.311 I/wm_on_start_called( 4140): [92612313,com.android.music.MusicBrowserActivity,handleStartActivity]
02-22 01:32:42.313 I/wm_on_resume_called( 4140): [92612313,com.android.music.MusicBrowserActivity,RESUME_ACTIVITY]
02-22 01:32:42.314 I/wm_on_top_resumed_gained_called( 4140): [92612313,com.android.music.MusicBrowserActivity,topWhenResuming]
02-22 01:32:42.317 I/input_focus( 1503): [Focus leaving e3555c3 com.android.launcher3/com.android.launcher3.uioverrides.QuickstepLauncher (server),reason=NO_WINDOW]
02-22 01:32:42.322 I/input_focus( 1503): [Focus request 1a9d499 com.android.music/com.android.music.MusicBrowserActivity,reason=UpdateInputWindows]
02-22 01:32:42.338 I/sysui_multi_action( 1503): [319,30,321,29,322,57,325,1184,757,761,758,9,759,4,806,com.android.music,871,com.android.music.MusicBrowserActivity,904,com.android.launcher3,905,0,1320,4,1321,1]
02-22 01:32:42.349 I/input_focus( 1503): [Focus entering 1a9d499 com.android.music/com.android.music.MusicBrowserActivity (server),reason=setFocusedWindow]
02-22 01:32:42.354 I/notification_enqueue( 1503): [10087,4140,com.android.music,1,NULL,0,Notification(channel=Channel-music shortcut=null contentView=null vibrate=null sound=null defaults=0x0 flags=0x2 color=0x00000000 category=transport actions=4 vis=PRIVATE),1]
02-22 01:32:42.356 I/notification_enqueue( 1503): [10087,4140,com.android.music,1,NULL,0,Notification(channel=Channel-music shortcut=null contentView=null vibrate=null sound=null defaults=0x0 flags=0x42 color=0x00000000 category=transport actions=4 vis=PRIVATE),1]
02-22 01:32:42.839 I/wm_stop_activity( 1503): [0,229498384,com.android.launcher3/.uioverrides.QuickstepLauncher]
02-22 01:32:42.860 I/wm_on_stop_called( 2514): [229498384,com.android.launcher3.uioverrides.QuickstepLauncher,STOP_ACTIVITY_ITEM]
02-22 01:32:43.760 I/input_interaction( 1503): Interaction with: 1a9d499 com.android.music/com.android.music.MusicBrowserActivity (server), edge-swipe (server), swipe-up (server), PointerEventDispatcher0 (server),
02-22 01:32:43.776 I/wm_task_moved( 1503): [1,0,0]
02-22 01:32:43.777 I/wm_task_moved( 1503): [1,0,7]
02-22 01:32:43.785 I/wm_on_restart_called( 2514): [229498384,com.android.launcher3.uioverrides.QuickstepLauncher,performRestartActivity]
02-22 01:32:43.813 I/wm_on_start_called( 2514): [229498384,com.android.launcher3.uioverrides.QuickstepLauncher,handleStartActivity]
02-22 01:32:43.814 I/view_enqueue_input_event( 4140): [Motion - Cancel,com.android.music/com.android.music.MusicBrowserActivity]
02-22 01:32:43.815 I/input_focus( 1503): [Focus request recents_animation_input_consumer,reason=UpdateInputWindows]
02-22 01:32:43.821 I/sysui_latency( 2514): [1,61]
02-22 01:32:43.826 I/input_interaction( 1503): Interaction with: edge-swipe (server), swipe-up (server), PointerEventDispatcher0 (server),
02-22 01:32:43.836 I/input_focus( 1503): [Focus leaving 1a9d499 com.android.music/com.android.music.MusicBrowserActivity (server),reason=NOT_FOCUSABLE]
02-22 01:32:43.836 I/input_focus( 1503): [Focus entering recents_animation_input_consumer (server),reason=setFocusedWindow]
02-22 01:32:43.837 I/sysui_multi_action( 1503): [319,11,322,53,325,1185,757,761,758,9,759,5,806,com.android.launcher3,871,com.android.launcher3.uioverrides.QuickstepLauncher,905,0,1320,4,1321,1]
02-22 01:32:44.014 I/commit_sys_config_file( 1503): [settings-1-0,4]
02-22 01:32:44.132 I/sysui_latency( 1503): [8,65]
02-22 01:32:44.404 I/input_interaction( 1503): Interaction with: a916dde StatusBar (server), edge-swipe (server), swipe-up (server), PointerEventDispatcher0 (server),
02-22 01:32:44.409 I/sysui_multi_action( 1966): [757,803,799,panel_open,802,1]
02-22 01:32:44.411 I/sysui_multi_action( 1966): [757,1328,758,4,1326,52,1327,2,1329,0]
02-22 01:32:44.441 I/sysui_multi_action( 1503): [757,127,758,1]
02-22 01:32:44.441 I/sysui_multi_action( 1503): [757,804,799,note_load,801,2,802,1]
02-22 01:32:44.441 I/notification_panel_revealed( 1503): 2
02-22 01:32:44.453 I/input_focus( 1503): [Focus request 91ac81d NotificationShade,reason=UpdateInputWindows]
02-22 01:32:44.464 I/sysui_multi_action( 1503): [757,128,758,1,793,1175483,794,0,795,1175483,796,26,798,0,806,android,857,DEVELOPER_IMPORTANT,858,4,947,0,1395,2,1500,1175078,1688,1]
02-22 01:32:44.465 I/sysui_multi_action( 1503): [757,804,799,note_freshness,801,1175483,802,1]
02-22 01:32:44.465 I/notification_visibility( 1503): [-1|android|26|null|1000,1,1175483,1175483,0,0]
02-22 01:32:44.465 I/sysui_multi_action( 1503): [757,128,758,1,793,1176087,794,0,795,1176087,796,32,798,1,806,android,857,USB,858,1,947,0,1395,2,1500,1176012,1688,1]
02-22 01:32:44.465 I/sysui_multi_action( 1503): [757,804,799,note_freshness,801,1176087,802,1]
02-22 01:32:44.465 I/notification_visibility( 1503): [-1|android|32|null|1000,1,1176087,1176087,0,1]
