02-22 02:38:39.400 I/sysui_multi_action( 1503): [757,128,758,2,793,5131022,794,1547,795,5131022,796,32,798,1,806,android,857,USB,858,1,947,0,1395,2,1500,5130947,1688,1]
02-22 02:38:39.400 I/notification_visibility( 1503): [-1|android|32|null|1000,0,5131022,5131022,0,1]
02-22 02:38:39.400 D/StatusBar( 1966): disable disable2
02-22 02:38:39.400 I/sysui_multi_action( 1503): [757,127,758,2]
02-22 02:38:39.400 I/notification_panel_hidden( 1503):
02-22 02:38:39.401 I/BpBinder( 974): onLastStrongRef automatically unlinking death recipients:
02-22 02:38:39.413 D/InterruptionStateProvider( 1966): No bubble up: not allowed to bubble: 0|com.android.systemui|2048|null|10078
02-22 02:38:39.413 D/InterruptionStateProvider( 1966): No heads up: unimportant notification: 0|com.android.systemui|2048|null|10078
02-22 02:38:39.415 D/PeopleSpaceWidgetMgr( 1966): Sbn doesn't contain valid PeopleTileKey: null/0/com.android.systemui
02-22 02:38:39.427 V/KeyguardUpdateMonitor( 1966): *** unregister callback for com.android.keyguard.CarrierTextManager$2@ed72c51
02-22 02:38:39.461 I/wm_stop_activity( 1503): [0,92420193,com.android.settings/.Settings]
02-22 02:38:39.482 I/wm_on_stop_called( 7428): [92420193,com.android.settings.Settings,STOP_ACTIVITY_ITEM]
02-22 02:38:39.526 W/Choreographer( 1966): Frame time is 0.206339 ms in the future! Check that graphics HAL is generating vsync timestamps using the correct timebase.
02-22 02:38:39.526 W/Choreographer( 1503): Frame time is 0.198527 ms in the future! Check that graphics HAL is generating vsync timestamps using the correct timebase.
02-22 02:38:39.526 W/Choreographer( 6011): Frame time is 0.185037 ms in the future! Check that graphics HAL is generating vsync timestamps using the correct timebase.
02-22 02:38:39.541 W/System ( 1503): A resource failed to call close.
02-22 02:38:39.541 W/System ( 1503): A resource failed to call release.
02-22 02:38:39.541 W/System ( 1503): A resource failed to call release.
02-22 02:38:39.541 W/System ( 1503): A resource failed to call close.
01-01 13:26:27.733 E/DTC_ETH,link_delay_work_func( 0): 3003, SQI=0, link=0
02-22 02:38:39.821 I/input_interaction( 1503): Interaction with: b6db5b2 com.thundercomm.screensaver/android.service.dreams.DreamActivity (server), edge-swipe (server), swipe-up (server), PointerEventDispatcher0 (server),
02-22 02:38:39.822 I/wm_finish_activity( 1503): [0,58715430,119,com.thundercomm.screensaver/android.service.dreams.DreamActivity,finish-activity]
02-22 02:38:39.822 I/wm_task_moved( 1503): [110,1,6]
02-22 02:38:39.822 I/wm_task_to_front( 1503): [0,110]
02-22 02:38:39.822 I/wm_focused_root_task( 1503): [0,0,110,119,finish-top adjustFocusToNextFocusableTask]
02-22 02:38:39.822 D/ActivityTrigger( 1503): ActivityTrigger activityPauseTrigger
02-22 02:38:39.822 I/wm_pause_activity( 1503): [0,58715430,com.thundercomm.screensaver/android.service.dreams.DreamActivity,userLeaving=false,finish]
02-22 02:38:39.823 I/DreamManagerService( 1503): Gently waking up from dream.
02-22 02:38:39.824 I/DreamManagerService( 1503): Performing gentle wake from dream.
02-22 02:38:39.824 I/wm_on_top_resumed_lost_called( 6011): [58715430,android.service.dreams.DreamActivity,topStateChangedWhenResumed]
02-22 02:38:39.824 I/sysui_multi_action( 1503): [757,803,799,window_time_0,802,1]
02-22 02:38:39.824 I/wm_on_paused_called( 6011): [58715430,android.service.dreams.DreamActivity,performPause]
02-22 02:38:39.825 I/wm_add_to_stopping( 1503): [0,58715430,com.thundercomm.screensaver/android.service.dreams.DreamActivity,completeFinishing]
02-22 02:38:39.825 I/ActivityTaskManager( 1503): FOREGROUND_APPLICATION_CHANGED to com.android.settings.homepage.SettingsHomepageActivity
02-22 02:38:39.826 I/wm_set_resumed_activity( 1503): [0,com.android.settings/.Settings,resumeTopActivityInnerLocked]
02-22 02:38:39.826 D/KeyguardViewMediator( 1966): setOccluded false
02-22 02:38:39.826 D/StatusBar( 1966): disable disable2
02-22 02:38:39.826 I/wm_resume_activity( 1503): [0,92420193,110,com.android.settings/.Settings]
02-22 02:38:39.826 D/KeyguardViewMediator( 1966): adjustStatusBarLocked: mShowing=false mOccluded=false isSecure=false force=false --> flags=0x0
02-22 02:38:39.829 I/sysui_multi_action( 1503): [757,803,799,window_time_0,802,0]
02-22 02:38:39.829 I/wm_on_restart_called( 7428): [92420193,com.android.settings.Settings,performRestartActivity]
02-22 02:38:39.830 W/BatteryBroadcastRcvr( 7428): Problem reading the battery meter.
02-22 02:38:39.830 I/wm_on_start_called( 7428): [92420193,com.android.settings.Settings,handleStartActivity]
02-22 02:38:39.831 I/snet_event_log( 7428): [120484087,-1,]
02-22 02:38:39.831 I/wm_on_resume_called( 7428): [92420193,com.android.settings.Settings,RESUME_ACTIVITY]
02-22 02:38:39.831 I/sysui_multi_action( 7428): [757,35,758,1,833,0,1089,0]
02-22 02:38:39.832 I/sysui_multi_action( 7428): [757,47,758,1,833,0,1089,0]
02-22 02:38:39.832 D/UsageGraph( 7428): No enabled state changed, skipping updateCategory call
02-22 02:38:39.833 D/BatteryInfo( 7428): time for getStats: 0ms
02-22 02:38:39.833 D/BatteryTipLoader( 7428): BatteryInfoLoader post query: 1ms
02-22 02:38:39.833 D/BatteryInfo( 7428): time for getBatteryInfo: 0ms
02-22 02:38:39.833 D/BatteryTipLoader( 7428): BatteryInfoLoader.loadInBackground: 1ms
02-22 02:38:39.834 I/GameMode_ActivityMonitoringService( 2087): Notifying about top task: com.android.settings, isInMiniWindowMode: false
02-22 02:38:39.834 I/GameMode_ActivityMonitoringService( 2087): onActivityLaunch: com.android.settings, isGameApp: false
02-22 02:38:39.834 V/GameMode_GpuUtils( 2087): fps:60
02-22 02:38:39.835 D/GameModeIF_GameModeSettings( 2087): getUriFor setting_content_uri_root = content://com.thundercomm.gamemode.api/gamemode_settings , name = gamemode_enable
02-22 02:38:39.836 D/BatteryInfo( 7428): time for regular BatteryInfo: 3ms
02-22 02:38:39.836 D/BatteryInfo( 7428): time for getBatteryInfo: 0ms
02-22 02:38:39.840 D/DashboardFragment( 7428): Cannot find preference with key when_to_start in Controller WhenToDreamPreferenceController
02-22 02:38:39.840 I/wm_on_top_resumed_gained_called( 7428): [92420193,com.android.settings.Settings,topWhenResuming]
02-22 02:38:39.845 I/input_focus( 1503): [Focus leaving b6db5b2 com.thundercomm.screensaver/android.service.dreams.DreamActivity (server),reason=NO_WINDOW]
02-22 02:38:39.845 I/view_enqueue_input_event( 6011): [Motion - Cancel,com.thundercomm.screensaver/android.service.dreams.DreamActivity]
02-22 02:38:39.845 I/input_interaction( 1503): Interaction with: edge-swipe (server), swipe-up (server), PointerEventDispatcher0 (server),
02-22 02:38:39.847 I/input_focus( 1503): [Focus request c2feca5 com.android.settings/com.android.settings.Settings,reason=UpdateInputWindows]
02-22 02:38:39.848 I/mpu_uart( 644): [MSG-P:R]:recv sync frame timeout
02-22 02:38:39.851 W/BatteryBroadcastRcvr( 7428): Problem reading the battery meter.
02-22 02:38:39.851 D/BatteryInfo( 7428): time for callback: 0ms
02-22 02:38:39.854 D/BatteryTipLoader( 7428): BatteryInfoLoader post query: 1ms
02-22 02:38:39.855 D/BatteryInfo( 7428): time for getBatteryInfo: 1ms
02-22 02:38:39.855 D/BatteryTipLoader( 7428): BatteryInfoLoader.loadInBackground: 2ms
02-22 02:38:39.855 D/BatteryInfo( 7428): time for getStats: 0ms
02-22 02:38:39.856 D/BatteryInfo( 7428): time for regular BatteryInfo: 1ms
02-22 02:38:39.856 D/BatteryInfo( 7428): time for getBatteryInfo: 0ms
02-22 02:38:39.862 I/input_focus( 1503): [Focus entering c2feca5 com.android.settings/com.android.settings.Settings (server),reason=setFocusedWindow]
02-22 02:38:39.863 D/BatteryInfo( 7428): time for callback: 0ms
02-22 02:38:39.894 I/PowerManagerService( 1503): Powering on display group fromDreaming (groupId=0, uid=1000, reason=WAKE_REASON_UNKNOWN, details=android.server.power:DREAM_FINISHED)...
02-22 02:38:39.894 I/PowerManagerService( 1503): Waking up from Dreaming (uid=1000, reason=WAKE_REASON_UNKNOWN, details=android.server.power:DREAM_FINISHED)...
02-22 02:38:39.927 W/FreeFormWindowHelper( 1503): Current Display FreeFormTask is null
02-22 02:38:39.927 W/FreeFormWindowHelper( 1503): Current Display FreeFormTask is null
02-22 02:38:40.057 W/hpplay-java( 2708): [main]:IPManager:getActiveNets invalid networkInfo:null
02-22 02:38:40.057 I/hpplay-java( 2708): [main]:IPManager:getActiveNets eth0:false wifi:false mobile:false ap:false
02-22 02:38:40.057 I/hpplay-java( 2708): [main]:ServerTaskManager:get local ip:null
02-22 02:38:40.211 I/BpBinder( 974): onLastStrongRef automatically unlinking death recipients:
02-22 02:38:40.231 I/mpu_uart( 644): [MSG-P:RECV]:No message received in 1000 ms
02-22 02:38:40.362 I/wm_destroy_activity( 1503): [0,58715430,119,com.thundercomm.screensaver/android.service.dreams.DreamActivity,finish-imm:idle]
02-22 02:38:40.379 I/wm_on_stop_called( 6011): [58715430,android.service.dreams.DreamActivity,LIFECYCLER_STOP_ACTIVITY]
02-22 02:38:40.380 I/wm_on_destroy_called( 6011): [58715430,android.service.dreams.DreamActivity,performDestroy]
02-22 02:38:40.380 I/DreamManagerService( 1503): Leaving dreamland.
02-22 02:38:40.381 I/DreamManagerService( 1503): Performing gentle wake from dream.
02-22 02:38:40.381 I/DreamController( 1503): Stopping dream: name=ComponentInfo{com.thundercomm.screensaver/com.thundercomm.saverclock.service.ClockScreensaver}, isTest=false, canDoze=false, userId=0, reason='finished self'(from 'finished self')
02-22 02:38:40.381 I/sysui_multi_action( 1503): [757,222,758,2]
02-22 02:38:40.381 I/sysui_multi_action( 1503): [757,804,799,dreaming_minutes,801,0,802,1]
02-22 02:38:40.381 W/InputManager-JNI( 1503): Input channel object 'b6db5b2 com.thundercomm.screensaver/android.service.dreams.DreamActivity (client)' was disposed without first being removed with the input manager!
02-22 02:38:40.385 I/wm_task_removed( 1503): [119,removeChild:removeChild last r=ActivityRecord{37fed26 u0 com.thundercomm.screensaver/android.service.dreams.DreamActivity t-1 f}} in t=Task{a690e2d #119 type=dream A=10047:android:com.thundercomm.screensaver/dream U=0 visible=false mode=fullscreen translucent=true sz=0}]
02-22 02:38:40.385 I/wm_task_removed( 1503): [119,removeChild]
02-22 02:38:40.386 W/ActivityTaskManager( 1503): Can't find TaskDisplayArea to determine support for multi window. Task id=119 attached=false
02-22 02:38:40.713 I/input_interaction( 1503): Interaction with: c2feca5 com.android.settings/com.android.settings.Settings (server), edge-swipe (server), swipe-up (server), PointerEventDispatcher0 (server),
02-22 02:38:40.831 I/DashboardFragment( 7428): onPreferenceTreeClick: onPreferenceTreeClick::null
02-22 02:38:40.831 I/sysui_multi_action( 7428): [757,830,758,4,833,0,854,dream_start_button_container,1089,0]
02-22 02:38:40.862 W/Choreographer( 7428): Frame time is 0.32092 ms in the future! Check that graphics HAL is generating vsync timestamps using the correct timebase.
02-22 02:38:40.931 E/tlogd ( 1270): [TzLogger](isPathReadable) file /sys/kernel/debug/tzdbg/qsee_log isn't exist or no permission, err: No such file or directory
02-22 02:38:40.931 E/tlogd ( 1270): [TzLogger](saveTzlogAsync) /sys/kernel/debug/tzdbg/qsee_log can not read.
02-22 02:38:40.931 E/tlogd ( 1270): [TzLogger](isPathReadable) file /sys/kernel/debug/tzdbg/log isn't exist or no permission, err: No such file or directory
02-22 02:38:40.931 E/tlogd ( 1270): [TzLogger](saveTzlogAsync) /sys/kernel/debug/tzdbg/log can not read.
02-22 02:38:41.039 I/commit_sys_config_file( 1503): [settings-2-0,7]
02-22 02:38:41.059 W/hpplay-java( 2708): [main]:IPManager:getActiveNets invalid networkInfo:null
02-22 02:38:41.060 I/hpplay-java( 2708): [main]:IPManager:getActiveNets eth0:false wifi:false mobile:false ap:false
02-22 02:38:41.060 I/hpplay-java( 2708): [main]:ServerTaskManager:get local ip:null
02-22 02:38:41.231 I/mpu_uart( 644): [MSG-P:RECV]:No message received in 1000 ms
02-22 02:38:41.319 I/input_interaction( 1503): Interaction with: a916dde StatusBar (server), edge-swipe (server), swipe-up (server), PointerEventDispatcher0 (server),
02-22 02:38:41.326 I/sysui_multi_action( 1966): [757,803,799,panel_open,802,1]
02-22 02:38:41.327 I/sysui_multi_action( 1966): [757,1328,758,4,1326,35,1327,1,1329,0]
02-22 02:38:41.351 D/StatusBar( 1966): disable disable2
02-22 02:38:41.351 I/sysui_multi_action( 1503): [757,127,758,1]
02-22 02:38:41.351 I/sysui_multi_action( 1503): [757,804,799,note_load,801,2,802,1]
02-22 02:38:41.351 I/notification_panel_revealed( 1503): 2
02-22 02:38:41.360 I/input_focus( 1503): [Focus request 91ac81d NotificationShade,reason=UpdateInputWindows]
02-22 02:38:41.368 I/sysui_multi_action( 1503): [757,128,758,1,793,5132387,794,0,795,5132387,796,26,798,0,806,android,857,DEVELOPER_IMPORTANT,858,4,947,0,1395,2,1500,5131982,1688,1]
02-22 02:38:41.368 I/sysui_multi_action( 1503): [757,804,799,note_freshness,801,5132387,802,1]
02-22 02:38:41.369 I/notification_visibility( 1503): [-1|android|26|null|1000,1,5132387,5132387,0,0]
02-22 02:38:41.369 I/sysui_multi_action( 1503): [757,128,758,1,793,5132991,794,0,795,5132991,796,32,798,1,806,android,857,USB,858,1,947,0,1395,2,1500,5132916,1688,1]
02-22 02:38:41.369 I/sysui_multi_action( 1503): [757,804,799,note_freshness,801,5132991,802,1]
02-22 02:38:41.369 I/notification_visibility( 1503): [-1|android|32|null|1000,1,5132991,5132991,0,1]
02-22 02:38:41.383 I/input_focus( 1503): [Focus leaving c2feca5 com.android.settings/com.android.settings.Settings (server),reason=setFocusedWindow]
02-22 02:38:41.383 I/input_focus( 1503): [Focus entering 91ac81d NotificationShade (server),reason=setFocusedWindow]
02-22 02:38:41.414 I/sysui_multi_action( 1966): [757,111,758,1]
02-22 02:38:41.415 I/sysui_multi_action( 1966): [757,126,758,1,759,126,927,0,928,1,1593,0]
02-22 02:38:41.415 I/sysui_multi_action( 1966): [757,113,758,1,759,113,927,1,928,1,1593,0]
02-22 02:38:41.415 I/sysui_multi_action( 1966): [757,0,758,1,759,0,927,2,928,0,1593,0]
02-22 02:38:41.415 I/sysui_multi_action( 1966): [757,0,758,1,759,0,927,3,928,0,1593,0]
02-22 02:38:41.415 I/sysui_multi_action( 1966): [757,491,758,1,759,491,927,4,928,0,1311,-1,1593,0]
02-22 02:38:41.416 I/sysui_multi_action( 1966): [757,0,758,1,759,0,927,5,928,0,1593,0]
02-22 02:38:41.416 I/sysui_multi_action( 1966): [757,111,758,1]
02-22 02:38:41.416 I/sysui_multi_action( 1966): [757,126,758,1,759,126,927,0,928,1,1593,0]
02-22 02:38:41.416 I/sysui_multi_action( 1966): [757,113,758,1,759,113,927,1,928,1,1593,0]
02-22 02:38:41.416 I/sysui_multi_action( 1966): [757,0,758,1,759,0,927,2,928,0,1593,0]
02-22 02:38:41.416 I/sysui_multi_action( 1966): [757,0,758,1,759,0,927,3,928,0,1593,0]
02-22 02:38:41.939 I/GameModeConfig( 1503): isGameModeOn = false
02-22 02:38:42.062 W/hpplay-java( 2708): [main]:IPManager:getActiveNets invalid networkInfo:null
02-22 02:38:42.062 I/hpplay-java( 2708): [main]:IPManager:getActiveNets eth0:false wifi:false mobile:false ap:false
02-22 02:38:42.062 I/hpplay-java( 2708): [main]:ServerTaskManager:get local ip:null
02-22 02:38:42.129 I/GameModeConfig( 1503): isGameModeOn = false
02-22 02:38:42.176 I/GameModeConfig( 1503): isGameModeOn = false
02-22 02:38:42.197 I/input_interaction( 1503): Interaction with: 91ac81d NotificationShade (server), edge-swipe (server), swipe-up (server), PointerEventDispatcher0 (server),
02-22 02:38:42.232 I/mpu_uart( 644): [MSG-P:RECV]:No message received in 1000 ms
02-22 02:38:42.353 I/PowerManagerService( 1503): Napping display group (groupId=0, uid=1000)...
02-22 02:38:42.353 I/PowerManagerService( 1503): Nap time (uid 1000)...
02-22 02:38:42.356 I/DreamManagerService( 1503): Entering dreamland.
02-22 02:38:42.362 I/PowerManagerService( 1503): Dreaming...
02-22 02:38:42.365 I/DreamController( 1503): Starting dream: name=ComponentInfo{com.thundercomm.screensaver/com.thundercomm.saverclock.service.ClockScreensaver}, isTest=false, canDoze=false, userId=0
02-22 02:38:42.365 I/sysui_multi_action( 1503): [757,222,758,1]
02-22 02:38:42.370 D/CompatibilityInfo( 1503): mCompatibilityFlags - 4
02-22 02:38:42.370 D/CompatibilityInfo( 1503): applicationDensity - 240
02-22 02:38:42.370 D/CompatibilityInfo( 1503): applicationScale - 1.0
02-22 02:38:42.372 V/ShadeControllerImpl( 1966): NotificationShadeWindow: com.android.systemui.statusbar.phone.NotificationShadeWindowView{cd0ea98 V.E...... ........ 0,0-2380,1020} canPanelBeCollapsed(): true
02-22 02:38:42.382 I/ActivityTaskManager( 1503): START u0 {flg=0x10000000 pkg=com.thundercomm.screensaver cmp=com.thundercomm.screensaver/android.service.dreams.DreamActivity (has extras)} from uid 10047
02-22 02:38:42.382 I/EventSequenceValidator( 1503): inc AccIntentStartedEvents to 2
02-22 02:38:42.383 I/wm_task_created( 1503): [120,-1]
02-22 02:38:42.383 W/ActivityTaskManager( 1503): Can't find TaskDisplayArea to determine support for multi window. Task id=120 attached=false
02-22 02:38:42.387 I/wm_task_moved( 1503): [120,1,7]
02-22 02:38:42.387 I/wm_task_to_front( 1503): [0,120]
02-22 02:38:42.387 I/wm_create_task( 1503): [0,120]
02-22 02:38:42.387 I/wm_create_activity( 1503): [0,210838675,120,com.thundercomm.screensaver/android.service.dreams.DreamActivity,NULL,NULL,NULL,276824064]
02-22 02:38:42.387 I/wm_task_moved( 1503): [120,1,7]
02-22 02:38:42.387 D/CompatibilityInfo( 1503): mCompatibilityFlags - 4
02-22 02:38:42.387 D/CompatibilityInfo( 1503): applicationDensity - 240
02-22 02:38:42.387 D/CompatibilityInfo( 1503): applicationScale - 1.0
02-22 02:38:42.388 D/ActivityTrigger( 1503): ActivityTrigger activityPauseTrigger
02-22 02:38:42.388 I/wm_pause_activity( 1503): [0,92420193,com.android.settings/.Settings,userLeaving=true,pauseBackTasks]
02-22 02:38:42.389 I/GameModeConfig( 1503): isGameModeOn = false
02-22 02:38:42.392 I/input_focus( 1503): [Focus request c2feca5 com.android.settings/com.android.settings.Settings,reason=UpdateInputWindows]
02-22 02:38:42.400 I/wm_on_top_resumed_lost_called( 7428): [92420193,com.android.settings.Settings,topStateChangedWhenResumed]
02-22 02:38:42.401 I/sysui_multi_action( 7428): [757,35,758,2,1089,2570]
02-22 02:38:42.401 I/sysui_multi_action( 7428): [757,47,758,2,1089,2570]
02-22 02:38:42.402 I/wm_on_paused_called( 7428): [92420193,com.android.settings.Settings,performPause]
02-22 02:38:42.402 I/input_focus( 1503): [Focus leaving 91ac81d NotificationShade (server),reason=NOT_FOCUSABLE]
02-22 02:38:42.402 I/input_focus( 1503): [Focus entering c2feca5 com.android.settings/com.android.settings.Settings (server),reason=setFocusedWindow]
02-22 02:38:42.402 I/ActivityTaskManager( 1503): FOREGROUND_APPLICATION_CHANGED to android.service.dreams.DreamActivity
02-22 02:38:42.403 I/ActivityTaskManager( 1503): The Process com.thundercomm.screensaver Already Exists in BG. So sending its PID: 6011
02-22 02:38:42.403 W/ActivityTaskManager( 1503): Tried to set launchTime (0) < mLastActivityLaunchTime (5140728)
02-22 02:38:42.403 I/wm_add_to_stopping( 1503): [0,92420193,com.android.settings/.Settings,makeInvisible]
02-22 02:38:42.403 I/wm_restart_activity( 1503): [0,210838675,120,com.thundercomm.screensaver/android.service.dreams.DreamActivity]
02-22 02:38:42.403 D/CompatibilityInfo( 1503): mCompatibilityFlags - 4
02-22 02:38:42.403 D/CompatibilityInfo( 1503): applicationDensity - 240
02-22 02:38:42.403 D/CompatibilityInfo( 1503): applicationScale - 1.0
02-22 02:38:42.404 I/wm_set_resumed_activity( 1503): [0,com.thundercomm.screensaver/android.service.dreams.DreamActivity,minimalResumeActivityLocked]
02-22 02:38:42.407 I/wm_on_create_called( 6011): [210838675,android.service.dreams.DreamActivity,performCreate]
02-22 02:38:42.407 I/wm_on_start_called( 6011): [210838675,android.service.dreams.DreamActivity,handleStartActivity]
02-22 02:38:42.407 I/sysui_multi_action( 1503): [757,803,799,window_time_0,802,3]
02-22 02:38:42.408 I/wm_on_resume_called( 6011): [210838675,android.service.dreams.DreamActivity,RESUME_ACTIVITY]
02-22 02:38:42.409 W/WindowManager( 1503): Failed looking up window session=Session{49d8732 6011:u0a10047} callers=com.android.server.wm.WindowManagerService.windowForClientLocked:5628 com.android.server.wm.Session.insetsModified:629 android.view.IWindowSession$Stub.onTransact:1151
02-22 02:38:42.409 D/KeyguardViewMediator( 1966): setOccluded true
02-22 02:38:42.410 I/wm_on_top_resumed_gained_called( 6011): [210838675,android.service.dreams.DreamActivity,topStateChangedWhenResumed]
02-22 02:38:42.410 V/KeyguardUpdateMonitor( 1966): startListeningForFingerprint()
02-22 02:38:42.410 I/GameMode_ActivityMonitoringService( 2087): Notifying about top task: com.thundercomm.screensaver, isInMiniWindowMode: false
02-22 02:38:42.410 I/GameMode_ActivityMonitoringService( 2087): onActivityLaunch: com.thundercomm.screensaver, isGameApp: false
02-22 02:38:42.410 V/GameMode_GpuUtils( 2087): fps:60
02-22 02:38:42.410 D/KeyguardViewMediator( 1966): adjustStatusBarLocked: mShowing=false mOccluded=true isSecure=false force=false --> flags=0x0
02-22 02:38:42.411 D/GameModeIF_GameModeSettings( 2087): getUriFor setting_content_uri_root = content://com.thundercomm.gamemode.api/gamemode_settings , name = gamemode_enable
02-22 02:38:42.417 E/ThemeUtils( 6011): View class androidx.appcompat.widget.AppCompatImageView is an AppCompat widget that can only be used with a Theme.AppCompat theme (or descendant).
02-22 02:38:42.417 E/ThemeUtils( 6011): View class androidx.appcompat.widget.AppCompatImageView is an AppCompat widget that can only be used with a Theme.AppCompat theme (or descendant).
02-22 02:38:42.418 E/ThemeUtils( 6011): View class androidx.appcompat.widget.AppCompatImageView is an AppCompat widget that can only be used with a Theme.AppCompat theme (or descendant).
02-22 02:38:42.418 E/ThemeUtils( 6011): View class androidx.appcompat.widget.AppCompatImageView is an AppCompat widget that can only be used with a Theme.AppCompat theme (or descendant).
02-22 02:38:42.425 I/input_focus( 1503): [Focus request a96930b com.thundercomm.screensaver/android.service.dreams.DreamActivity,reason=UpdateInputWindows]
02-22 02:38:42.433 I/BpBinder( 974): onLastStrongRef automatically unlinking death recipients:
02-22 02:38:42.435 I/input_focus( 1503): [Focus leaving c2feca5 com.android.settings/com.android.settings.Settings (server),reason=NO_WINDOW]
02-22 02:38:42.435 I/GameModeConfig( 1503): isGameModeOn = false
02-22 02:38:42.435 I/GameModeConfig( 1503): isGameModeOn = false
02-22 02:38:42.435 I/GameModeConfig( 1503): isGameModeOn = false
02-22 02:38:42.435 I/GameModeConfig( 1503): isGameModeOn = false
02-22 02:38:42.435 I/sysui_multi_action( 1966): [757,111,758,2]
02-22 02:38:42.436 I/sysui_multi_action( 1966): [757,111,758,2]
02-22 02:38:42.436 I/notification_enqueue( 1503): [10078,1966,com.android.systemui,2048,NULL,0,Notification(channel=updateNotification shortcut=null contentView=null vibrate=null sound=null defaults=0x0 flags=0x0 color=0x00000000 vis=PRIVATE),1]
02-22 02:38:42.443 I/sysui_multi_action( 1503): [319,60,322,53,325,5144,757,761,758,8,759,2,806,com.thundercomm.screensaver,871,android.service.dreams.DreamActivity,904,com.thundercomm.screensaver,905,0,1320,4,1321,2]
02-22 02:38:42.443 I/wm_activity_launch_time( 1503): [0,210838675,com.thundercomm.screensaver/android.service.dreams.DreamActivity,53]
02-22 02:38:42.444 I/ActivityTaskManager( 1503): Displayed com.thundercomm.screensaver/android.service.dreams.DreamActivity: +53ms
02-22 02:38:42.446 I/EventSequenceValidator( 1503): dec AccIntentStartedEvents to 1
02-22 02:38:42.450 I/sysui_multi_action( 1966): [757,111,758,1]
02-22 02:38:42.450 I/sysui_multi_action( 1966): [757,126,758,1,759,126,927,0,928,1,1593,0]
02-22 02:38:42.450 I/sysui_multi_action( 1966): [757,113,758,1,759,113,927,1,928,1,1593,0]
02-22 02:38:42.450 I/sysui_multi_action( 1966): [757,0,758,1,759,0,927,2,928,0,1593,0]
02-22 02:38:42.450 I/sysui_multi_action( 1966): [757,0,758,1,759,0,927,3,928,0,1593,0]
02-22 02:38:42.450 I/sysui_multi_action( 1966): [757,491,758,1,759,491,927,4,928,0,1311,-1,1593,0]
02-22 02:38:42.450 I/sysui_multi_action( 1966): [757,0,758,1,759,0,927,5,928,0,1593,0]
02-22 02:38:42.450 I/sysui_multi_action( 1966): [757,111,758,1]
02-22 02:38:42.451 I/sysui_multi_action( 1966): [757,126,758,1,759,126,927,0,928,1,1593,0]
02-22 02:38:42.451 I/sysui_multi_action( 1966): [757,113,758,1,759,113,927,1,928,1,1593,0]
02-22 02:38:42.451 I/sysui_multi_action( 1966): [757,0,758,1,759,0,927,2,928,0,1593,0]
02-22 02:38:42.451 I/sysui_multi_action( 1966): [757,0,758,1,759,0,927,3,928,0,1593,0]
02-22 02:38:42.460 D/StatusBar( 1966): disable disable2
02-22 02:38:42.469 I/input_focus( 1503): [Focus entering a96930b com.thundercomm.screensaver/android.service.dreams.DreamActivity (server),reason=Window became focusable. Previous reason: NOT_VISIBLE]
02-22 02:38:42.505 W/FreeFormWindowHelper( 1503): Current Display FreeFormTask is null
02-22 02:38:42.506 W/FreeFormWindowHelper( 1503): Current Display FreeFormTask is null
02-22 02:38:42.554 I/commit_sys_config_file( 1503): [settings-2-0,2]
02-22 02:38:42.636 I/GameModeConfig( 1503): isGameModeOn = false
02-22 02:38:42.670 D/InterruptionStateProvider( 1966): No bubble up: not allowed to bubble: 0|com.android.systemui|2048|null|10078
02-22 02:38:42.670 D/InterruptionStateProvider( 1966): No heads up: unimportant notification: 0|com.android.systemui|2048|null|10078
02-22 02:38:42.671 D/PeopleSpaceWidgetMgr( 1966): Sbn doesn't contain valid PeopleTileKey: null/0/com.android.systemui
02-22 02:38:42.684 I/GameModeConfig( 1503): isGameModeOn = false
02-22 02:38:42.684 I/GameModeConfig( 1503): isGameModeOn = false
02-22 02:38:42.685 I/GameModeConfig( 1503): isGameModeOn = false
02-22 02:38:42.685 I/GameModeConfig( 1503): isGameModeOn = false
02-22 02:38:42.685 I/sysui_multi_action( 1966): [757,111,758,2]
02-22 02:38:42.685 I/notification_enqueue( 1503): [10078,1966,com.android.systemui,2048,NULL,0,Notification(channel=updateNotification shortcut=null contentView=null vibrate=null sound=null defaults=0x0 flags=0x0 color=0x00000000 vis=PRIVATE),1]
02-22 02:38:42.685 I/sysui_multi_action( 1966): [757,111,758,2]
02-22 02:38:42.851 I/mpu_uart( 644): [MSG-P:R]:recv sync frame timeout
02-22 02:38:42.886 I/GameModeConfig( 1503): isGameModeOn = false
02-22 02:38:42.886 E/NotificationService( 1503): Muting recently noisy 0|com.android.systemui|2048|null|10078
02-22 02:38:42.891 I/sysui_multi_action( 1503): [757,128,758,2,793,5133910,794,1523,795,5133910,796,26,798,0,806,android,857,DEVELOPER_IMPORTANT,858,4,947,0,1395,2,1500,5133505,1688,1]
02-22 02:38:42.891 I/notification_visibility( 1503): [-1|android|26|null|1000,0,5133910,5133910,0,0]
02-22 02:38:42.891 D/StatusBar( 1966): disable disable2
02-22 02:38:42.892 I/BpBinder( 974): onLastStrongRef automatically unlinking death recipients:
02-22 02:38:42.893 I/sysui_multi_action( 1503): [757,128,758,2,793,5134513,794,1522,795,5134513,796,32,798,1,806,android,857,USB,858,1,947,0,1395,2,1500,5134438,1688,1]
02-22 02:38:42.893 I/notification_visibility( 1503): [-1|android|32|null|1000,0,5134513,5134513,0,1]
02-22 02:38:42.893 I/sysui_multi_action( 1503): [757,127,758,2]
02-22 02:38:42.893 I/notification_panel_hidden( 1503):
02-22 02:38:42.905 D/InterruptionStateProvider( 1966): No bubble up: not allowed to bubble: 0|com.android.systemui|2048|null|10078
02-22 02:38:42.905 D/InterruptionStateProvider( 1966): No heads up: unimportant notification: 0|com.android.systemui|2048|null|10078
02-22 02:38:42.907 D/PeopleSpaceWidgetMgr( 1966): Sbn doesn't contain valid PeopleTileKey: null/0/com.android.systemui
02-22 02:38:42.919 V/KeyguardUpdateMonitor( 1966): *** unregister callback for com.android.keyguard.CarrierTextManager$2@ed72c51
02-22 02:38:42.953 I/wm_stop_activity( 1503): [0,92420193,com.android.settings/.Settings]
02-22 02:38:42.975 I/wm_on_stop_called( 7428): [92420193,com.android.settings.Settings,STOP_ACTIVITY_ITEM]
02-22 02:38:43.017 W/Choreographer( 1966): Frame time is 0.234012 ms in the future! Check that graphics HAL is generating vsync timestamps using the correct timebase.
02-22 02:38:43.017 W/Choreographer( 1503): Frame time is 0.234324 ms in the future! Check that graphics HAL is generating vsync timestamps using the correct timebase.
02-22 02:38:43.017 W/Choreographer( 6011): Frame time is 0.218907 ms in the future! Check that graphics HAL is generating vsync timestamps using the correct timebase.
02-22 02:38:43.018 W/Choreographer( 6011): Frame time is 0.048647 ms in the future! Check that graphics HAL is generating vsync timestamps using the correct timebase.
02-22 02:38:43.063 W/hpplay-java( 2708): [main]:IPManager:getActiveNets invalid networkInfo:null
02-22 02:38:43.063 I/hpplay-java( 2708): [main]:IPManager:getActiveNets eth0:false wifi:false mobile:false ap:false
02-22 02:38:43.063 I/hpplay-java( 2708): [main]:ServerTaskManager:get local ip:null
02-22 02:38:43.232 I/mpu_uart( 644): [MSG-P:RECV]:No message received in 1000 ms
02-22 02:38:43.261 I/input_interaction( 1503): Interaction with: a96930b com.thundercomm.screensaver/android.service.dreams.DreamActivity (server), edge-swipe (server), swipe-up (server), PointerEventDispatcher0 (server),
02-22 02:38:43.261 I/wm_finish_activity( 1503): [0,210838675,120,com.thundercomm.screensaver/android.service.dreams.DreamActivity,finish-activity]
02-22 02:38:43.262 I/wm_task_moved( 1503): [110,1,6]
02-22 02:38:43.262 I/wm_task_to_front( 1503): [0,110]
02-22 02:38:43.262 I/wm_focused_root_task( 1503): [0,0,110,120,finish-top adjustFocusToNextFocusableTask]
02-22 02:38:43.262 D/ActivityTrigger( 1503): ActivityTrigger activityPauseTrigger
02-22 02:38:43.262 I/wm_pause_activity( 1503): [0,210838675,com.thundercomm.screensaver/android.service.dreams.DreamActivity,userLeaving=false,finish]
02-22 02:38:43.264 I/DreamManagerService( 1503): Gently waking up from dream.
02-22 02:38:43.264 I/sysui_multi_action( 1503): [757,803,799,window_time_0,802,1]
02-22 02:38:43.264 I/DreamManagerService( 1503): Performing gentle wake from dream.
02-22 02:38:43.265 I/wm_on_top_resumed_lost_called( 6011): [210838675,android.service.dreams.DreamActivity,topStateChangedWhenResumed]
02-22 02:38:43.265 I/wm_on_paused_called( 6011): [210838675,android.service.dreams.DreamActivity,performPause]
02-22 02:38:43.265 I/wm_add_to_stopping( 1503): [0,210838675,com.thundercomm.screensaver/android.service.dreams.DreamActivity,completeFinishing]
02-22 02:38:43.265 I/ActivityTaskManager( 1503): FOREGROUND_APPLICATION_CHANGED to com.android.settings.homepage.SettingsHomepageActivity
02-22 02:38:43.266 I/wm_set_resumed_activity( 1503): [0,com.android.settings/.Settings,resumeTopActivityInnerLocked]
02-22 02:38:43.266 D/KeyguardViewMediator( 1966): setOccluded false
02-22 02:38:43.266 D/StatusBar( 1966): disable disable2
02-22 02:38:43.266 I/wm_resume_activity( 1503): [0,92420193,110,com.android.settings/.Settings]
02-22 02:38:43.267 D/KeyguardViewMediator( 1966): adjustStatusBarLocked: mShowing=false mOccluded=false isSecure=false force=false --> flags=0x0
02-22 02:38:43.269 I/sysui_multi_action( 1503): [757,803,799,window_time_0,802,0]
02-22 02:38:43.270 I/view_enqueue_input_event( 6011): [Motion - Cancel,com.thundercomm.screensaver/android.service.dreams.DreamActivity]
02-22 02:38:43.270 I/input_focus( 1503): [Focus leaving a96930b com.thundercomm.screensaver/android.service.dreams.DreamActivity (server),reason=NO_WINDOW]
02-22 02:38:43.271 I/wm_on_restart_called( 7428): [92420193,com.android.settings.Settings,performRestartActivity]
02-22 02:38:43.272 I/input_interaction( 1503): Interaction with: edge-swipe (server), swipe-up (server), PointerEventDispatcher0 (server),
02-22 02:38:43.272 I/GameMode_ActivityMonitoringService( 2087): Notifying about top task: com.android.settings, isInMiniWindowMode: false
02-22 02:38:43.272 I/GameMode_ActivityMonitoringService( 2087): onActivityLaunch: com.android.settings, isGameApp: false
02-22 02:38:43.272 V/GameMode_GpuUtils( 2087): fps:60
02-22 02:38:43.273 W/BatteryBroadcastRcvr( 7428): Problem reading the battery meter.
02-22 02:38:43.273 I/wm_on_start_called( 7428): [92420193,com.android.settings.Settings,handleStartActivity]
02-22 02:38:43.273 I/snet_event_log( 7428): [120484087,-1,]
02-22 02:38:43.273 I/wm_on_resume_called( 7428): [92420193,com.android.settings.Settings,RESUME_ACTIVITY]
02-22 02:38:43.273 I/sysui_multi_action( 7428): [757,35,758,1,833,0,1089,0]
02-22 02:38:43.274 D/BatteryInfo( 7428): time for getStats: 0ms
02-22 02:38:43.274 D/BatteryInfo( 7428): time for regular BatteryInfo: 0ms
02-22 02:38:43.274 D/BatteryInfo( 7428): time for getBatteryInfo: 0ms
02-22 02:38:43.275 D/GameModeIF_GameModeSettings( 2087): getUriFor setting_content_uri_root = content://com.thundercomm.gamemode.api/gamemode_settings , name = gamemode_enable
02-22 02:38:43.275 D/UsageGraph( 7428): No enabled state changed, skipping updateCategory call
02-22 02:38:43.275 I/sysui_multi_action( 7428): [757,47,758,1,833,0,1089,0]
02-22 02:38:43.276 D/BatteryTipLoader( 7428): BatteryInfoLoader post query: 1ms
02-22 02:38:43.276 D/BatteryInfo( 7428): time for getBatteryInfo: 0ms
02-22 02:38:43.276 D/BatteryTipLoader( 7428): BatteryInfoLoader.loadInBackground: 1ms
02-22 02:38:43.277 D/DashboardFragment( 7428): Cannot find preference with key when_to_start in Controller WhenToDreamPreferenceController
02-22 02:38:43.278 I/wm_on_top_resumed_gained_called( 7428): [92420193,com.android.settings.Settings,topWhenResuming]
02-22 02:38:43.289 I/input_focus( 1503): [Focus request c2feca5 com.android.settings/com.android.settings.Settings,reason=UpdateInputWindows]
02-22 02:38:43.293 W/BatteryBroadcastRcvr( 7428): Problem reading the battery meter.
02-22 02:38:43.293 D/BatteryInfo( 7428): time for callback: 0ms
02-22 02:38:43.294 D/BatteryInfo( 7428): time for getStats: 0ms
02-22 02:38:43.295 D/BatteryInfo( 7428): time for regular BatteryInfo: 0ms
02-22 02:38:43.295 D/BatteryInfo( 7428): time for getBatteryInfo: 0ms
02-22 02:38:43.296 D/BatteryTipLoader( 7428): BatteryInfoLoader post query: 0ms
02-22 02:38:43.296 D/BatteryInfo( 7428): time for getBatteryInfo: 0ms
02-22 02:38:43.296 D/BatteryTipLoader( 7428): BatteryInfoLoader.loadInBackground: 0ms
02-22 02:38:43.304 I/input_focus( 1503): [Focus entering c2feca5 com.android.settings/com.android.settings.Settings (server),reason=setFocusedWindow]
02-22 02:38:43.304 D/BatteryInfo( 7428): time for callback: 0ms
02-22 02:38:43.336 I/PowerManagerService( 1503): Powering on display group fromDreaming (groupId=0, uid=1000, reason=WAKE_REASON_UNKNOWN, details=android.server.power:DREAM_FINISHED)...
02-22 02:38:43.336 I/PowerManagerService( 1503): Waking up from Dreaming (uid=1000, reason=WAKE_REASON_UNKNOWN, details=android.server.power:DREAM_FINISHED)...
02-22 02:38:43.359 D/RemoteControlService( 2307): startVlanDispatchThread
02-22 02:38:43.367 W/FreeFormWindowHelper( 1503): Current Display FreeFormTask is null
02-22 02:38:43.367 W/FreeFormWindowHelper( 1503): Current Display FreeFormTask is null
02-22 02:38:43.702 I/BpBinder( 974): onLastStrongRef automatically unlinking death recipients:
02-22 02:38:43.805 I/wm_destroy_activity( 1503): [0,210838675,120,com.thundercomm.screensaver/android.service.dreams.DreamActivity,finish-imm:idle]
02-22 02:38:43.821 I/wm_on_stop_called( 6011): [210838675,android.service.dreams.DreamActivity,LIFECYCLER_STOP_ACTIVITY]
02-22 02:38:43.821 I/wm_on_destroy_called( 6011): [210838675,android.service.dreams.DreamActivity,performDestroy]
02-22 02:38:43.822 I/DreamManagerService( 1503): Leaving dreamland.
02-22 02:38:43.822 I/DreamManagerService( 1503): Performing gentle wake from dream.
02-22 02:38:43.822 I/DreamController( 1503): Stopping dream: name=ComponentInfo{com.thundercomm.screensaver/com.thundercomm.saverclock.service.ClockScreensaver}, isTest=false, canDoze=false, userId=0, reason='finished self'(from 'finished self')
02-22 02:38:43.822 I/sysui_multi_action( 1503): [757,222,758,2]
02-22 02:38:43.822 I/sysui_multi_action( 1503): [757,804,799,dreaming_minutes,801,0,802,1]
02-22 02:38:43.823 W/InputManager-JNI( 1503): Input channel object 'a96930b com.thundercomm.screensaver/android.service.dreams.DreamActivity (client)' was disposed without first being removed with the input manager!
02-22 02:38:43.826 I/wm_task_removed( 1503): [120,removeChild:removeChild last r=ActivityRecord{c912493 u0 com.thundercomm.screensaver/android.service.dreams.DreamActivity t-1 f}} in t=Task{60c968a #120 type=dream A=10047:android:com.thundercomm.screensaver/dream U=0 visible=false mode=fullscreen translucent=true sz=0}]
02-22 02:38:43.826 I/wm_task_removed( 1503): [120,removeChild]
02-22 02:38:43.827 W/ActivityTaskManager( 1503): Can't find TaskDisplayArea to determine support for multi window. Task id=120 attached=false
02-22 02:38:44.043 I/input_interaction( 1503): Interaction with: c2feca5 com.android.settings/com.android.settings.Settings (server), edge-swipe (server), swipe-up (server), PointerEventDispatcher0 (server),
02-22 02:38:44.064 W/hpplay-java( 2708): [main]:IPManager:getActiveNets invalid networkInfo:null
02-22 02:38:44.064 I/hpplay-java( 2708): [main]:IPManager:getActiveNets eth0:false wifi:false mobile:false ap:false
02-22 02:38:44.064 I/hpplay-java( 2708): [main]:ServerTaskManager:get local ip:null
02-22 02:38:44.180 I/DashboardFragment( 7428): onPreferenceTreeClick: onPreferenceTreeClick::null
02-22 02:38:44.180 I/sysui_multi_action( 7428): [757,830,758,4,833,0,854,dream_start_button_container,1089,0]
02-22 02:38:44.187 W/Choreographer( 7428): Frame time is 0.340246 ms in the future! Check that graphics HAL is generating vsync timestamps using the correct timebase.
02-22 02:38:44.232 I/mpu_uart( 644): [MSG-P:RECV]:No message received in 1000 ms
02-22 02:38:44.382 I/commit_sys_config_file( 1503): [settings-2-0,1]
02-22 02:38:44.661 I/input_interaction( 1503): Interaction with: a916dde StatusBar (server), edge-swipe (server), swipe-up (server), PointerEventDispatcher0 (server),
02-22 02:38:44.669 I/sysui_multi_action( 1966): [757,803,799,panel_open,802,1]
02-22 02:38:44.670 I/sysui_multi_action( 1966): [757,1328,758,4,1326,36,1327,1,1329,0]
02-22 02:38:44.728 D/StatusBar( 1966): disable disable2
02-22 02:38:44.729 I/sysui_multi_action( 1503): [757,127,758,1]
02-22 02:38:44.729 I/sysui_multi_action( 1503): [757,804,799,note_load,801,2,802,1]
02-22 02:38:44.729 I/notification_panel_revealed( 1503): 2
02-22 02:38:44.740 I/input_focus( 1503): [Focus request 91ac81d NotificationShade,reason=UpdateInputWindows]
02-22 02:38:44.750 I/sysui_multi_action( 1503): [757,128,758,1,793,5135768,794,0,795,5135768,796,26,798,0,806,android,857,DEVELOPER_IMPORTANT,858,4,947,0,1395,2,1500,5135363,1688,1]
02-22 02:38:44.750 I/sysui_multi_action( 1503): [757,804,799,note_freshness,801,5135768,802,1]
02-22 02:38:44.750 I/notification_visibility( 1503): [-1|android|26|null|1000,1,5135768,5135768,0,0]
02-22 02:38:44.750 I/sysui_multi_action( 1503): [757,128,758,1,793,5136372,794,0,795,5136372,796,32,798,1,806,android,857,USB,858,1,947,0,1395,2,1500,5136297,1688,1]
02-22 02:38:44.750 I/sysui_multi_action( 1503): [757,804,799,note_freshness,801,5136372,802,1]
02-22 02:38:44.750 I/notification_visibility( 1503): [-1|android|32|null|1000,1,5136372,5136372,0,1]
02-22 02:38:44.758 I/input_focus( 1503): [Focus leaving c2feca5 com.android.settings/com.android.settings.Settings (server),reason=setFocusedWindow]
02-22 02:38:44.758 I/input_focus( 1503): [Focus entering 91ac81d NotificationShade (server),reason=setFocusedWindow]
02-22 02:38:44.781 I/OpenGLRenderer( 1966): Davey! duration=9223366890287ms; Flags=0, FrameTimelineVsyncId=111018, IntendedVsync=5146559115681, Vsync=5146559115681, InputEventId=0, HandleInputStart=5146559412878, AnimationStart=5146559872721, PerformTraversalsStart=5146559984440, DrawStart=5146561268451, FrameDeadline=5146592449013, FrameInterval=5146559409440, FrameStartTime=16666666, SyncQueued=5146561374753, SyncStart=5146569855221, IssueDrawCommandsStart=5146569970117, SwapBuffers=5146570571003, FrameCompleted=9223372036854775807, DequeueBufferDuration=10105, QueueBufferDuration=407813, GpuCompleted=9223372036854775807, SwapBuffersCompleted=5146571138971, DisplayPresentTime=0,
01-01 13:26:32.853 E/DTC_ETH,link_delay_work_func( 0): 3003, SQI=0, link=0
02-22 02:38:44.806 I/sysui_multi_action( 1966): [757,111,758,1]
02-22 02:38:44.806 I/sysui_multi_action( 1966): [757,126,758,1,759,126,927,0,928,1,1593,0]
02-22 02:38:44.806 I/sysui_multi_action( 1966): [757,113,758,1,759,113,927,1,928,1,1593,0]
02-22 02:38:44.806 I/sysui_multi_action( 1966): [757,0,758,1,759,0,927,2,928,0,1593,0]
02-22 02:38:44.806 I/sysui_multi_action( 1966): [757,0,758,1,759,0,927,3,928,0,1593,0]
02-22 02:38:44.807 I/sysui_multi_action( 1966): [757,491,758,1,759,491,927,4,928,0,1311,-1,1593,0]
02-22 02:38:44.807 I/sysui_multi_action( 1966): [757,0,758,1,759,0,927,5,928,0,1593,0]
02-22 02:38:44.807 I/sysui_multi_action( 1966): [757,111,758,1]
02-22 02:38:44.807 I/sysui_multi_action( 1966): [757,126,758,1,759,126,927,0,928,1,1593,0]
02-22 02:38:44.807 I/sysui_multi_action( 1966): [757,113,758,1,759,113,927,1,928,1,1593,0]
02-22 02:38:44.807 I/sysui_multi_action( 1966): [757,0,758,1,759,0,927,2,928,0,1593,0]
02-22 02:38:44.807 I/sysui_multi_action( 1966): [757,0,758,1,759,0,927,3,928,0,1593,0]
02-22 02:38:45.066 W/hpplay-java( 2708): [main]:IPManager:getActiveNets invalid networkInfo:null
02-22 02:38:45.066 I/hpplay-java( 2708): [main]:IPManager:getActiveNets eth0:false wifi:false mobile:false ap:false
02-22 02:38:45.066 I/hpplay-java( 2708): [main]:ServerTaskManager:get local ip:null
02-22 02:38:45.163 I/OpenGLRenderer( 1966): Davey! duration=9223366889911ms; Flags=0, FrameTimelineVsyncId=111066, IntendedVsync=5146943414239, Vsync=5146943414239, InputEventId=0, HandleInputStart=5146943773294, AnimationStart=5146943775013, PerformTraversalsStart=5146947705325, DrawStart=5146950124805, FrameDeadline=5146976747571, FrameInterval=5146943768815, FrameStartTime=16666666, SyncQueued=5146951990325, SyncStart=5146952252305, IssueDrawCommandsStart=5146953233034, SwapBuffers=5146957954857, FrameCompleted=9223372036854775807, DequeueBufferDuration=21979, QueueBufferDuration=692291, GpuCompleted=9223372036854775807, SwapBuffersCompleted=5146959158919, DisplayPresentTime=0,
02-22 02:38:45.232 I/mpu_uart( 644): [MSG-P:RECV]:No message received in 1000 ms
02-22 02:38:45.617 I/GameModeConfig( 1503): isGameModeOn = false
02-22 02:38:45.726 I/input_interaction( 1503): Interaction with: 91ac81d NotificationShade (server), edge-swipe (server), swipe-up (server), PointerEventDispatcher0 (server),
02-22 02:38:45.804 I/GameModeConfig( 1503): isGameModeOn = false
02-22 02:38:45.835 I/GameModeConfig( 1503): isGameModeOn = false
02-22 02:38:45.855 I/mpu_uart( 644): [MSG-P:R]:recv sync frame timeout
02-22 02:38:45.885 I/PowerManagerService( 1503): Napping display group (groupId=0, uid=1000)...
02-22 02:38:45.885 I/PowerManagerService( 1503): Nap time (uid 1000)...
02-22 02:38:45.887 I/DreamManagerService( 1503): Entering dreamland.
02-22 02:38:45.890 I/PowerManagerService( 1503): Dreaming...
02-22 02:38:45.891 I/DreamController( 1503): Starting dream: name=ComponentInfo{com.thundercomm.screensaver/com.thundercomm.saverclock.service.ClockScreensaver}, isTest=false, canDoze=false, userId=0
02-22 02:38:45.891 I/sysui_multi_action( 1503): [757,222,758,1]
02-22 02:38:45.898 I/am_pss ( 1503): [7506,10086,com.qualcomm.qti.qccauthmgr,6539264,4300800,0,95002624,0,19,8]
02-22 02:38:45.900 V/ShadeControllerImpl( 1966): NotificationShadeWindow: com.android.systemui.statusbar.phone.NotificationShadeWindowView{cd0ea98 V.E...... ........ 0,0-2380,1020} canPanelBeCollapsed(): true
02-22 02:38:45.909 D/CompatibilityInfo( 1503): mCompatibilityFlags - 4
02-22 02:38:45.909 D/CompatibilityInfo( 1503): applicationDensity - 240
02-22 02:38:45.909 D/CompatibilityInfo( 1503): applicationScale - 1.0
02-22 02:38:45.912 I/input_focus( 1503): [Focus request c2feca5 com.android.settings/com.android.settings.Settings,reason=UpdateInputWindows]
02-22 02:38:45.923 I/ActivityTaskManager( 1503): START u0 {flg=0x10000000 pkg=com.thundercomm.screensaver cmp=com.thundercomm.screensaver/android.service.dreams.DreamActivity (has extras)} from uid 10047
02-22 02:38:45.924 I/EventSequenceValidator( 1503): inc AccIntentStartedEvents to 2
02-22 02:38:45.925 I/wm_task_created( 1503): [121,-1]
02-22 02:38:45.925 W/ActivityTaskManager( 1503): Can't find TaskDisplayArea to determine support for multi window. Task id=121 attached=false
02-22 02:38:45.929 I/wm_task_moved( 1503): [121,1,7]
02-22 02:38:45.929 I/wm_task_to_front( 1503): [0,121]
02-22 02:38:45.930 I/wm_create_task( 1503): [0,121]
02-22 02:38:45.930 I/wm_create_activity( 1503): [0,122986095,121,com.thundercomm.screensaver/android.service.dreams.DreamActivity,NULL,NULL,NULL,276824064]
02-22 02:38:45.930 I/wm_task_moved( 1503): [121,1,7]
02-22 02:38:45.930 D/CompatibilityInfo( 1503): mCompatibilityFlags - 4
02-22 02:38:45.930 D/CompatibilityInfo( 1503): applicationDensity - 240
02-22 02:38:45.930 D/CompatibilityInfo( 1503): applicationScale - 1.0
02-22 02:38:45.930 D/ActivityTrigger( 1503): ActivityTrigger activityPauseTrigger
02-22 02:38:45.931 I/wm_pause_activity( 1503): [0,92420193,com.android.settings/.Settings,userLeaving=true,pauseBackTasks]
02-22 02:38:45.931 E/tlogd ( 1270): [TzLogger](isPathReadable) file /sys/kernel/debug/tzdbg/qsee_log isn't exist or no permission, err: No such file or directory
02-22 02:38:45.931 E/tlogd ( 1270): [TzLogger](saveTzlogAsync) /sys/kernel/debug/tzdbg/qsee_log can not read.
02-22 02:38:45.931 E/tlogd ( 1270): [TzLogger](isPathReadable) file /sys/kernel/debug/tzdbg/log isn't exist or no permission, err: No such file or directory
02-22 02:38:45.931 E/tlogd ( 1270): [TzLogger](saveTzlogAsync) /sys/kernel/debug/tzdbg/log can not read.
02-22 02:38:45.933 I/OpenGLRenderer( 1966): Davey! duration=9223366889142ms; Flags=0, FrameTimelineVsyncId=111141, IntendedVsync=5147711946381, Vsync=5147711946381, InputEventId=0, HandleInputStart=5147712353815, AnimationStart=5147712355273, PerformTraversalsStart=5147712789856, DrawStart=5147721968867, FrameDeadline=5147745279713, FrameInterval=5147712349231, FrameStartTime=16666666, SyncQueued=5147722261888, SyncStart=5147722330950, IssueDrawCommandsStart=5147723015846, SwapBuffers=5147726302408, FrameCompleted=9223372036854775807, DequeueBufferDuration=24896, QueueBufferDuration=555782, GpuCompleted=9223372036854775807, SwapBuffersCompleted=5147727366679, DisplayPresentTime=0,
02-22 02:38:45.942 I/wm_on_top_resumed_lost_called( 7428): [92420193,com.android.settings.Settings,topStateChangedWhenResumed]
02-22 02:38:45.943 I/sysui_multi_action( 7428): [757,35,758,2,1089,2669]
02-22 02:38:45.943 I/sysui_multi_action( 7428): [757,47,758,2,1089,2668]
02-22 02:38:45.943 I/input_focus( 1503): [Focus leaving 91ac81d NotificationShade (server),reason=NOT_FOCUSABLE]
02-22 02:38:45.943 I/input_focus( 1503): [Focus entering c2feca5 com.android.settings/com.android.settings.Settings (server),reason=setFocusedWindow]
02-22 02:38:45.944 I/wm_on_paused_called( 7428): [92420193,com.android.settings.Settings,performPause]
02-22 02:38:45.944 I/ActivityTaskManager( 1503): FOREGROUND_APPLICATION_CHANGED to android.service.dreams.DreamActivity
02-22 02:38:45.945 I/ActivityTaskManager( 1503): The Process com.thundercomm.screensaver Already Exists in BG. So sending its PID: 6011
02-22 02:38:45.945 W/ActivityTaskManager( 1503): Tried to set launchTime (0) < mLastActivityLaunchTime (5144207)
02-22 02:38:45.945 I/wm_add_to_stopping( 1503): [0,92420193,com.android.settings/.Settings,makeInvisible]
02-22 02:38:45.945 I/wm_restart_activity( 1503): [0,122986095,121,com.thundercomm.screensaver/android.service.dreams.DreamActivity]
02-22 02:38:45.945 D/CompatibilityInfo( 1503): mCompatibilityFlags - 4
02-22 02:38:45.945 D/CompatibilityInfo( 1503): applicationDensity - 240
02-22 02:38:45.945 D/CompatibilityInfo( 1503): applicationScale - 1.0
02-22 02:38:45.946 I/wm_set_resumed_activity( 1503): [0,com.thundercomm.screensaver/android.service.dreams.DreamActivity,minimalResumeActivityLocked]
02-22 02:38:45.949 I/sysui_multi_action( 1503): [757,803,799,window_time_0,802,2]
02-22 02:38:45.950 I/wm_on_create_called( 6011): [122986095,android.service.dreams.DreamActivity,performCreate]
02-22 02:38:45.950 I/wm_on_start_called( 6011): [122986095,android.service.dreams.DreamActivity,handleStartActivity]
02-22 02:38:45.951 I/wm_on_resume_called( 6011): [122986095,android.service.dreams.DreamActivity,RESUME_ACTIVITY]
02-22 02:38:45.952 W/WindowManager( 1503): Failed looking up window session=Session{49d8732 6011:u0a10047} callers=com.android.server.wm.WindowManagerService.windowForClientLocked:5628 com.android.server.wm.Session.insetsModified:629 android.view.IWindowSession$Stub.onTransact:1151
02-22 02:38:45.952 D/KeyguardViewMediator( 1966): setOccluded true
02-22 02:38:45.953 I/wm_on_top_resumed_gained_called( 6011): [122986095,android.service.dreams.DreamActivity,topStateChangedWhenResumed]
02-22 02:38:45.953 I/GameMode_ActivityMonitoringService( 2087): Notifying about top task: com.thundercomm.screensaver, isInMiniWindowMode: false
02-22 02:38:45.953 I/GameMode_ActivityMonitoringService( 2087): onActivityLaunch: com.thundercomm.screensaver, isGameApp: false
02-22 02:38:45.953 V/GameMode_GpuUtils( 2087): fps:60
02-22 02:38:45.953 V/KeyguardUpdateMonitor( 1966): startListeningForFingerprint()
02-22 02:38:45.953 D/KeyguardViewMediator( 1966): adjustStatusBarLocked: mShowing=false mOccluded=true isSecure=false force=false --> flags=0x0
02-22 02:38:45.954 D/GameModeIF_GameModeSettings( 2087): getUriFor setting_content_uri_root = content://com.thundercomm.gamemode.api/gamemode_settings , name = gamemode_enable
02-22 02:38:45.959 E/ThemeUtils( 6011): View class androidx.appcompat.widget.AppCompatImageView is an AppCompat widget that can only be used with a Theme.AppCompat theme (or descendant).
