02-22 01:32:44.473 I/input_focus( 1503): [Focus leaving recents_animation_input_consumer (server),reason=setFocusedWindow]
02-22 01:32:44.473 I/input_focus( 1503): [Focus entering 91ac81d NotificationShade (server),reason=setFocusedWindow]
02-22 01:32:44.502 I/sysui_multi_action( 1966): [757,111,758,1]
02-22 01:32:44.503 I/sysui_multi_action( 1966): [757,126,758,1,759,126,927,0,928,1,1593,0]
02-22 01:32:44.503 I/sysui_multi_action( 1966): [757,113,758,1,759,113,927,1,928,1,1593,0]
02-22 01:32:44.503 I/sysui_multi_action( 1966): [757,0,758,1,759,0,927,2,928,0,1593,0]
02-22 01:32:44.503 I/sysui_multi_action( 1966): [757,0,758,1,759,0,927,3,928,0,1593,0]
02-22 01:32:44.503 I/sysui_multi_action( 1966): [757,491,758,1,759,491,927,4,928,0,1311,-1,1593,0]
02-22 01:32:44.504 I/sysui_multi_action( 1966): [757,0,758,1,759,0,927,5,928,0,1593,0]
02-22 01:32:44.504 I/sysui_multi_action( 1966): [757,111,758,1]
02-22 01:32:44.504 I/sysui_multi_action( 1966): [757,126,758,1,759,126,927,0,928,1,1593,0]
02-22 01:32:44.504 I/sysui_multi_action( 1966): [757,113,758,1,759,113,927,1,928,1,1593,0]
02-22 01:32:44.504 I/sysui_multi_action( 1966): [757,0,758,1,759,0,927,2,928,0,1593,0]
02-22 01:32:44.504 I/sysui_multi_action( 1966): [757,0,758,1,759,0,927,3,928,0,1593,0]
02-22 01:32:44.610 I/wm_task_moved( 1503): [1,1,8]
02-22 01:32:44.610 I/wm_task_moved( 1503): [41,1,2147483647]
02-22 01:32:44.610 I/wm_task_to_front( 1503): [0,41]
02-22 01:32:44.610 I/wm_focused_root_task( 1503): [0,0,1,46,RecentsAnimation.onAnimationFinished()]
02-22 01:32:44.610 I/wm_on_top_resumed_lost_called( 4140): [92612313,com.android.music.MusicBrowserActivity,topStateChangedWhenResumed]
02-22 01:32:44.610 I/wm_set_resumed_activity( 1503): [0,com.android.launcher3/.uioverrides.QuickstepLauncher,RecentsAnimation.onAnimationFinished()]
02-22 01:32:44.611 I/wm_pause_activity( 1503): [0,92612313,com.android.music/.MusicBrowserActivity,userLeaving=true,pauseBackTasks]
02-22 01:32:44.612 I/wm_add_to_stopping( 1503): [0,92612313,com.android.music/.MusicBrowserActivity,makeInvisible]
02-22 01:32:44.613 I/wm_set_resumed_activity( 1503): [0,com.android.launcher3/.uioverrides.QuickstepLauncher,resumeTopActivityInnerLocked]
02-22 01:32:44.615 I/wm_resume_activity( 1503): [0,229498384,41,com.android.launcher3/.uioverrides.QuickstepLauncher]
02-22 01:32:44.615 I/wm_on_resume_called( 2514): [229498384,com.android.launcher3.uioverrides.QuickstepLauncher,RESUME_ACTIVITY]
02-22 01:32:44.621 I/wm_on_top_resumed_gained_called( 2514): [229498384,com.android.launcher3.uioverrides.QuickstepLauncher,topStateChangedWhenResumed]
02-22 01:32:44.622 I/wm_on_paused_called( 4140): [92612313,com.android.music.MusicBrowserActivity,performPause]
02-22 01:32:44.625 I/wm_stop_activity( 1503): [0,92612313,com.android.music/.MusicBrowserActivity]
02-22 01:32:44.629 I/sysui_multi_action( 1503): [757,803,799,window_time_0,802,2]
02-22 01:32:44.630 I/sysui_multi_action( 1503): [757,803,799,window_time_0,802,0]
02-22 01:32:44.647 I/wm_on_stop_called( 4140): [92612313,com.android.music.MusicBrowserActivity,STOP_ACTIVITY_ITEM]
02-22 01:32:45.284 I/input_interaction( 1503): Interaction with: 91ac81d NotificationShade (server), edge-swipe (server), swipe-up (server), PointerEventDispatcher0 (server),
02-22 01:32:45.527 I/notification_enqueue( 1503): [10087,4140,com.android.music,1,NULL,0,Notification(channel=Channel-music shortcut=null contentView=null vibrate=null sound=null defaults=0x0 flags=0x62 color=0x00000000 category=transport actions=4 vis=PRIVATE),1]
02-22 01:32:45.624 I/notification_enqueue( 1503): [10087,4140,com.android.music,1,NULL,0,Notification(channel=Channel-music shortcut=null contentView=null vibrate=null sound=null defaults=0x0 flags=0x2 color=0x00000000 category=transport actions=4 vis=PRIVATE),1]
02-22 01:32:45.824 I/sysui_multi_action( 1503): [757,1501,758,1,793,187065,794,0,795,201,796,1,806,com.android.music,857,Channel-music,858,2,947,0,1500,0,1641,transport,1688,1,1745,1043716538]
02-22 01:32:45.825 I/sysui_multi_action( 1503): [757,804,799,note_interruptive,801,0,802,1]
02-22 01:32:46.629 I/notification_enqueue( 1503): [10078,1966,com.android.systemui,2048,NULL,0,Notification(channel=updateNotification shortcut=null contentView=null vibrate=null sound=null defaults=0x0 flags=0x0 color=0x00000000 vis=PRIVATE),1]
02-22 01:32:46.629 I/sysui_multi_action( 1966): [757,111,758,2]
02-22 01:32:46.630 I/sysui_multi_action( 1966): [757,111,758,2]
02-22 01:32:46.738 I/input_focus( 1503): [Focus request e3555c3 com.android.launcher3/com.android.launcher3.uioverrides.QuickstepLauncher,reason=UpdateInputWindows]
02-22 01:32:46.742 I/sysui_multi_action( 1503): [757,128,758,2,793,1177760,794,2277,795,1177760,796,26,798,0,806,android,857,DEVELOPER_IMPORTANT,858,4,947,0,1395,2,1500,1177355,1688,1]
02-22 01:32:46.743 I/notification_visibility( 1503): [-1|android|26|null|1000,0,1177760,1177760,0,0]
02-22 01:32:46.750 I/sysui_multi_action( 1503): [757,128,758,2,793,1178372,794,2285,795,1178372,796,32,798,1,806,android,857,USB,858,1,947,0,1395,2,1500,1178297,1688,1]
02-22 01:32:46.750 I/notification_visibility( 1503): [-1|android|32|null|1000,0,1178372,1178372,0,1]
02-22 01:32:46.751 I/sysui_multi_action( 1503): [757,127,758,2]
02-22 01:32:46.751 I/notification_panel_hidden( 1503):
02-22 01:32:46.761 I/input_focus( 1503): [Focus leaving 91ac81d NotificationShade (server),reason=NO_WINDOW]
02-22 01:32:46.761 I/input_focus( 1503): [Focus entering e3555c3 com.android.launcher3/com.android.launcher3.uioverrides.QuickstepLauncher (server),reason=setFocusedWindow]
02-22 01:32:47.253 I/input_interaction( 1503): Interaction with: e3555c3 com.android.launcher3/com.android.launcher3.uioverrides.QuickstepLauncher (server), 1fcc036 com.android.systemui.ImageWallpaper (server), edge-swipe (server), swipe-up (server), PointerEventDispatcher0 (server),
02-22 01:32:47.388 I/wm_task_moved( 1503): [46,1,8]
02-22 01:32:47.388 I/wm_task_to_front( 1503): [0,46]
02-22 01:32:47.389 I/wm_focused_root_task( 1503): [0,0,46,1,bringingFoundTaskToFront]
02-22 01:32:47.389 I/wm_set_resumed_activity( 1503): [0,com.android.music/.MusicBrowserActivity,bringingFoundTaskToFront]
02-22 01:32:47.390 I/wm_new_intent( 1503): [0,92612313,46,com.android.music/.MusicBrowserActivity,android.intent.action.MAIN,NULL,NULL,270532608]
02-22 01:32:47.391 I/wm_pause_activity( 1503): [0,229498384,com.android.launcher3/.uioverrides.QuickstepLauncher,userLeaving=true,pauseBackTasks]
02-22 01:32:47.398 I/wm_on_top_resumed_lost_called( 2514): [229498384,com.android.launcher3.uioverrides.QuickstepLauncher,topStateChangedWhenResumed]
02-22 01:32:47.400 I/wm_on_paused_called( 2514): [229498384,com.android.launcher3.uioverrides.QuickstepLauncher,performPause]
02-22 01:32:47.405 I/wm_set_resumed_activity( 1503): [0,com.android.music/.MusicBrowserActivity,resumeTopActivityInnerLocked]
02-22 01:32:47.406 I/wm_add_to_stopping( 1503): [0,229498384,com.android.launcher3/.uioverrides.QuickstepLauncher,makeInvisible]
02-22 01:32:47.408 I/wm_resume_activity( 1503): [0,92612313,46,com.android.music/.MusicBrowserActivity]
02-22 01:32:47.424 I/wm_on_restart_called( 4140): [92612313,com.android.music.MusicBrowserActivity,performRestartActivity]
02-22 01:32:47.424 I/sysui_multi_action( 1503): [757,803,799,window_time_0,802,3]
02-22 01:32:47.426 I/wm_on_start_called( 4140): [92612313,com.android.music.MusicBrowserActivity,handleStartActivity]
02-22 01:32:47.427 I/wm_on_resume_called( 4140): [92612313,com.android.music.MusicBrowserActivity,RESUME_ACTIVITY]
02-22 01:32:47.428 I/input_focus( 1503): [Focus leaving e3555c3 com.android.launcher3/com.android.launcher3.uioverrides.QuickstepLauncher (server),reason=NO_WINDOW]
02-22 01:32:47.429 I/wm_on_top_resumed_gained_called( 4140): [92612313,com.android.music.MusicBrowserActivity,topWhenResuming]
02-22 01:32:47.438 I/input_focus( 1503): [Focus request 1a9d499 com.android.music/com.android.music.MusicBrowserActivity,reason=UpdateInputWindows]
02-22 01:32:47.453 I/sysui_multi_action( 1503): [319,26,321,23,322,64,325,1189,757,761,758,9,759,4,806,com.android.music,871,com.android.music.MusicBrowserActivity,904,com.android.launcher3,905,0,1320,4,1321,1]
02-22 01:32:47.461 I/input_focus( 1503): [Focus entering 1a9d499 com.android.music/com.android.music.MusicBrowserActivity (server),reason=setFocusedWindow]
02-22 01:32:47.480 I/notification_enqueue( 1503): [10087,4140,com.android.music,1,NULL,0,Notification(channel=Channel-music shortcut=null contentView=null vibrate=null sound=null defaults=0x0 flags=0x2 color=0x00000000 category=transport actions=4 vis=PRIVATE),1]
02-22 01:32:47.481 I/notification_enqueue( 1503): [10087,4140,com.android.music,1,NULL,0,Notification(channel=Channel-music shortcut=null contentView=null vibrate=null sound=null defaults=0x0 flags=0x42 color=0x00000000 category=transport actions=4 vis=PRIVATE),1]
02-22 01:32:47.950 I/wm_stop_activity( 1503): [0,229498384,com.android.launcher3/.uioverrides.QuickstepLauncher]
02-22 01:32:47.974 I/wm_on_stop_called( 2514): [229498384,com.android.launcher3.uioverrides.QuickstepLauncher,STOP_ACTIVITY_ITEM]
02-22 01:32:48.643 I/input_interaction( 1503): Interaction with: 1a9d499 com.android.music/com.android.music.MusicBrowserActivity (server), edge-swipe (server), swipe-up (server), PointerEventDispatcher0 (server),
02-22 01:32:48.662 I/wm_task_moved( 1503): [1,0,0]
02-22 01:32:48.663 I/wm_task_moved( 1503): [1,0,7]
02-22 01:32:48.673 I/wm_on_restart_called( 2514): [229498384,com.android.launcher3.uioverrides.QuickstepLauncher,performRestartActivity]
02-22 01:32:48.697 I/wm_on_start_called( 2514): [229498384,com.android.launcher3.uioverrides.QuickstepLauncher,handleStartActivity]
02-22 01:32:48.698 I/view_enqueue_input_event( 4140): [Motion - Cancel,com.android.music/com.android.music.MusicBrowserActivity]
02-22 01:32:48.699 I/input_focus( 1503): [Focus request recents_animation_input_consumer,reason=UpdateInputWindows]
02-22 01:32:48.705 I/sysui_latency( 2514): [1,62]
02-22 01:32:48.708 I/input_interaction( 1503): Interaction with: edge-swipe (server), swipe-up (server), PointerEventDispatcher0 (server),
02-22 01:32:48.714 I/input_focus( 1503): [Focus leaving 1a9d499 com.android.music/com.android.music.MusicBrowserActivity (server),reason=NOT_FOCUSABLE]
02-22 01:32:48.714 I/input_focus( 1503): [Focus entering recents_animation_input_consumer (server),reason=setFocusedWindow]
02-22 01:32:48.721 I/sysui_multi_action( 1503): [319,8,322,51,325,1190,757,761,758,9,759,5,806,com.android.launcher3,871,com.android.launcher3.uioverrides.QuickstepLauncher,905,0,1320,4,1321,1]
02-22 01:32:48.898 I/commit_sys_config_file( 1503): [settings-1-0,4]
02-22 01:32:49.015 I/sysui_latency( 1503): [8,66]
02-22 01:32:49.122 I/commit_sys_config_file( 1503): [settings-1-0,9]
02-22 01:32:49.556 I/wm_task_moved( 1503): [1,1,8]
02-22 01:32:49.556 I/wm_task_moved( 1503): [41,1,2147483647]
02-22 01:32:49.556 I/wm_task_to_front( 1503): [0,41]
02-22 01:32:49.556 I/wm_focused_root_task( 1503): [0,0,1,46,RecentsAnimation.onAnimationFinished()]
02-22 01:32:49.557 I/wm_set_resumed_activity( 1503): [0,com.android.launcher3/.uioverrides.QuickstepLauncher,RecentsAnimation.onAnimationFinished()]
02-22 01:32:49.557 I/wm_on_top_resumed_lost_called( 4140): [92612313,com.android.music.MusicBrowserActivity,topStateChangedWhenResumed]
02-22 01:32:49.557 I/wm_pause_activity( 1503): [0,92612313,com.android.music/.MusicBrowserActivity,userLeaving=true,pauseBackTasks]
02-22 01:32:49.558 I/wm_add_to_stopping( 1503): [0,92612313,com.android.music/.MusicBrowserActivity,makeInvisible]
02-22 01:32:49.558 I/wm_set_resumed_activity( 1503): [0,com.android.launcher3/.uioverrides.QuickstepLauncher,resumeTopActivityInnerLocked]
02-22 01:32:49.559 I/wm_resume_activity( 1503): [0,229498384,41,com.android.launcher3/.uioverrides.QuickstepLauncher]
02-22 01:32:49.562 I/wm_on_resume_called( 2514): [229498384,com.android.launcher3.uioverrides.QuickstepLauncher,RESUME_ACTIVITY]
02-22 01:32:49.563 I/input_focus( 1503): [Focus request e3555c3 com.android.launcher3/com.android.launcher3.uioverrides.QuickstepLauncher,reason=UpdateInputWindows]
02-22 01:32:49.564 I/wm_on_top_resumed_gained_called( 2514): [229498384,com.android.launcher3.uioverrides.QuickstepLauncher,topStateChangedWhenResumed]
02-22 01:32:49.565 I/wm_on_paused_called( 4140): [92612313,com.android.music.MusicBrowserActivity,performPause]
02-22 01:32:49.567 I/input_focus( 1503): [Focus leaving recents_animation_input_consumer (server),reason=NOT_VISIBLE]
02-22 01:32:49.567 I/wm_stop_activity( 1503): [0,92612313,com.android.music/.MusicBrowserActivity]
02-22 01:32:49.575 I/sysui_multi_action( 1503): [757,803,799,window_time_0,802,2]
02-22 01:32:49.576 I/sysui_multi_action( 1503): [757,803,799,window_time_0,802,0]
02-22 01:32:49.582 I/input_focus( 1503): [Focus entering e3555c3 com.android.launcher3/com.android.launcher3.uioverrides.QuickstepLauncher (server),reason=setFocusedWindow]
02-22 01:32:49.597 I/wm_on_stop_called( 4140): [92612313,com.android.music.MusicBrowserActivity,STOP_ACTIVITY_ITEM]
02-22 01:33:41.913 I/sysui_multi_action( 1503): [757,1696,758,6,759,2]
02-22 01:33:41.925 I/am_wtf ( 1503): [0,1503,system_server,-1,DisplayDeviceConfig,requesting nits when no mapping exists.]
02-22 01:33:41.929 I/am_wtf ( 1503): [0,1503,system_server,-1,DisplayDeviceConfig,requesting nits when no mapping exists.]
02-22 01:33:41.941 I/am_wtf ( 1503): [0,1503,system_server,-1,DisplayDeviceConfig,requesting nits when no mapping exists.]
02-22 01:33:41.943 I/am_wtf ( 1503): [0,1503,system_server,-1,DisplayDeviceConfig,requesting nits when no mapping exists.]
02-22 01:33:41.958 I/am_wtf ( 1503): [0,1503,system_server,-1,DisplayDeviceConfig,requesting nits when no mapping exists.]
02-22 01:33:41.960 I/am_wtf ( 1503): [0,1503,system_server,-1,DisplayDeviceConfig,requesting nits when no mapping exists.]
02-22 01:33:41.976 I/am_wtf ( 1503): [0,1503,system_server,-1,DisplayDeviceConfig,requesting nits when no mapping exists.]
02-22 01:33:41.977 I/service_manager_stats( 1503): [100,55,107215]
02-22 01:33:41.977 I/am_wtf ( 1503): [0,1503,system_server,-1,DisplayDeviceConfig,requesting nits when no mapping exists.]
02-22 01:33:41.992 I/am_wtf ( 1503): [0,1503,system_server,-1,DisplayDeviceConfig,requesting nits when no mapping exists.]
02-22 01:33:41.993 I/am_wtf ( 1503): [0,1503,system_server,-1,DisplayDeviceConfig,requesting nits when no mapping exists.]
02-22 01:33:42.008 I/am_wtf ( 1503): [0,1503,system_server,-1,DisplayDeviceConfig,requesting nits when no mapping exists.]
02-22 01:33:42.009 I/am_wtf ( 1503): [0,1503,system_server,-1,DisplayDeviceConfig,requesting nits when no mapping exists.]
02-22 01:33:42.025 I/am_wtf ( 1503): [0,1503,system_server,-1,DisplayDeviceConfig,requesting nits when no mapping exists.]
02-22 01:33:42.026 I/am_wtf ( 1503): [0,1503,system_server,-1,DisplayDeviceConfig,requesting nits when no mapping exists.]
02-22 01:33:42.042 I/am_wtf ( 1503): [0,1503,system_server,-1,DisplayDeviceConfig,requesting nits when no mapping exists.]
02-22 01:33:42.043 I/am_wtf ( 1503): [0,1503,system_server,-1,DisplayDeviceConfig,requesting nits when no mapping exists.]
02-22 01:33:42.059 I/am_wtf ( 1503): [0,1503,system_server,-1,DisplayDeviceConfig,requesting nits when no mapping exists.]
02-22 01:33:42.059 I/am_wtf ( 1503): [0,1503,system_server,-1,DisplayDeviceConfig,requesting nits when no mapping exists.]
02-22 01:33:42.075 I/am_wtf ( 1503): [0,1503,system_server,-1,DisplayDeviceConfig,requesting nits when no mapping exists.]
02-22 01:33:42.076 I/am_wtf ( 1503): [0,1503,system_server,-1,DisplayDeviceConfig,requesting nits when no mapping exists.]
02-22 01:33:42.092 I/am_wtf ( 1503): [0,1503,system_server,-1,DisplayDeviceConfig,requesting nits when no mapping exists.]
02-22 01:33:42.093 I/am_wtf ( 1503): [0,1503,system_server,-1,DisplayDeviceConfig,requesting nits when no mapping exists.]
02-22 01:33:42.109 I/am_wtf ( 1503): [0,1503,system_server,-1,DisplayDeviceConfig,requesting nits when no mapping exists.]
02-22 01:33:42.110 I/am_wtf ( 1503): [0,1503,system_server,-1,DisplayDeviceConfig,requesting nits when no mapping exists.]
02-22 01:33:42.126 I/am_wtf ( 1503): [0,1503,system_server,-1,DisplayDeviceConfig,requesting nits when no mapping exists.]
02-22 01:33:42.126 I/am_wtf ( 1503): [0,1503,system_server,-1,DisplayDeviceConfig,requesting nits when no mapping exists.]
02-22 01:33:42.142 I/am_wtf ( 1503): [0,1503,system_server,-1,DisplayDeviceConfig,requesting nits when no mapping exists.]
02-22 01:33:42.143 I/am_wtf ( 1503): [0,1503,system_server,-1,DisplayDeviceConfig,requesting nits when no mapping exists.]
02-22 01:33:42.159 I/am_wtf ( 1503): [0,1503,system_server,-1,DisplayDeviceConfig,requesting nits when no mapping exists.]
02-22 01:33:42.160 I/am_wtf ( 1503): [0,1503,system_server,-1,DisplayDeviceConfig,requesting nits when no mapping exists.]
02-22 01:33:42.175 I/am_wtf ( 1503): [0,1503,system_server,-1,DisplayDeviceConfig,requesting nits when no mapping exists.]
02-22 01:33:42.176 I/am_wtf ( 1503): [0,1503,system_server,-1,DisplayDeviceConfig,requesting nits when no mapping exists.]
02-22 01:33:42.193 I/am_wtf ( 1503): [0,1503,system_server,-1,DisplayDeviceConfig,requesting nits when no mapping exists.]
02-22 01:33:42.194 I/am_wtf ( 1503): [0,1503,system_server,-1,DisplayDeviceConfig,requesting nits when no mapping exists.]
02-22 01:33:42.209 I/am_wtf ( 1503): [0,1503,system_server,-1,DisplayDeviceConfig,requesting nits when no mapping exists.]
02-22 01:33:42.210 I/am_wtf ( 1503): [0,1503,system_server,-1,DisplayDeviceConfig,requesting nits when no mapping exists.]
02-22 01:33:42.226 I/am_wtf ( 1503): [0,1503,system_server,-1,DisplayDeviceConfig,requesting nits when no mapping exists.]
02-22 01:33:42.227 I/am_wtf ( 1503): [0,1503,system_server,-1,DisplayDeviceConfig,requesting nits when no mapping exists.]
02-22 01:33:42.243 I/am_wtf ( 1503): [0,1503,system_server,-1,DisplayDeviceConfig,requesting nits when no mapping exists.]
02-22 01:33:42.244 I/am_wtf ( 1503): [0,1503,system_server,-1,DisplayDeviceConfig,requesting nits when no mapping exists.]
02-22 01:33:42.259 I/am_wtf ( 1503): [0,1503,system_server,-1,DisplayDeviceConfig,requesting nits when no mapping exists.]
02-22 01:33:42.260 I/am_wtf ( 1503): [0,1503,system_server,-1,DisplayDeviceConfig,requesting nits when no mapping exists.]
02-22 01:33:42.276 I/am_wtf ( 1503): [0,1503,system_server,-1,DisplayDeviceConfig,requesting nits when no mapping exists.]
02-22 01:33:42.277 I/am_wtf ( 1503): [0,1503,system_server,-1,DisplayDeviceConfig,requesting nits when no mapping exists.]
02-22 01:33:42.293 I/am_wtf ( 1503): [0,1503,system_server,-1,DisplayDeviceConfig,requesting nits when no mapping exists.]
02-22 01:33:42.293 I/am_wtf ( 1503): [0,1503,system_server,-1,DisplayDeviceConfig,requesting nits when no mapping exists.]
02-22 01:33:42.309 I/am_wtf ( 1503): [0,1503,system_server,-1,DisplayDeviceConfig,requesting nits when no mapping exists.]
02-22 01:33:42.310 I/am_wtf ( 1503): [0,1503,system_server,-1,DisplayDeviceConfig,requesting nits when no mapping exists.]
02-22 01:33:42.326 I/am_wtf ( 1503): [0,1503,system_server,-1,DisplayDeviceConfig,requesting nits when no mapping exists.]
02-22 01:33:42.327 I/am_wtf ( 1503): [0,1503,system_server,-1,DisplayDeviceConfig,requesting nits when no mapping exists.]
02-22 01:33:42.343 I/am_wtf ( 1503): [0,1503,system_server,-1,DisplayDeviceConfig,requesting nits when no mapping exists.]
02-22 01:33:42.343 I/am_wtf ( 1503): [0,1503,system_server,-1,DisplayDeviceConfig,requesting nits when no mapping exists.]
02-22 01:33:42.360 I/am_wtf ( 1503): [0,1503,system_server,-1,DisplayDeviceConfig,requesting nits when no mapping exists.]
02-22 01:33:42.360 I/am_wtf ( 1503): [0,1503,system_server,-1,DisplayDeviceConfig,requesting nits when no mapping exists.]
02-22 01:33:42.365 I/input_interaction( 1503): Interaction with: a916dde StatusBar (server), edge-swipe (server), swipe-up (server), PointerEventDispatcher0 (server),
02-22 01:33:42.368 I/sysui_multi_action( 1503): [757,1696,758,6,759,3]
02-22 01:33:42.369 I/sysui_multi_action( 1966): [757,803,799,panel_open,802,1]
02-22 01:33:42.371 I/sysui_multi_action( 1966): [757,1328,758,4,1326,47,1327,2,1329,0]
02-22 01:33:42.375 I/am_wtf ( 1503): [0,1503,system_server,-1,DisplayDeviceConfig,requesting nits when no mapping exists.]
02-22 01:33:42.376 I/am_wtf ( 1503): [0,1503,system_server,-1,DisplayDeviceConfig,requesting nits when no mapping exists.]
02-22 01:33:42.392 I/am_wtf ( 1503): [0,1503,system_server,-1,DisplayDeviceConfig,requesting nits when no mapping exists.]
02-22 01:33:42.393 I/am_wtf ( 1503): [0,1503,system_server,-1,DisplayDeviceConfig,requesting nits when no mapping exists.]
02-22 01:33:42.409 I/am_wtf ( 1503): [0,1503,system_server,-1,DisplayDeviceConfig,requesting nits when no mapping exists.]
02-22 01:33:42.410 I/am_wtf ( 1503): [0,1503,system_server,-1,DisplayDeviceConfig,requesting nits when no mapping exists.]
02-22 01:33:42.425 I/am_wtf ( 1503): [0,1503,system_server,-1,DisplayDeviceConfig,requesting nits when no mapping exists.]
02-22 01:33:42.426 I/am_wtf ( 1503): [0,1503,system_server,-1,DisplayDeviceConfig,requesting nits when no mapping exists.]
02-22 01:33:42.431 I/sysui_multi_action( 1503): [757,127,758,1]
02-22 01:33:42.431 I/sysui_multi_action( 1503): [757,804,799,note_load,801,2,802,1]
02-22 01:33:42.431 I/notification_panel_revealed( 1503): 2
02-22 01:33:42.439 I/input_focus( 1503): [Focus request 91ac81d NotificationShade,reason=UpdateInputWindows]
02-22 01:33:42.443 I/am_wtf ( 1503): [0,1503,system_server,-1,DisplayDeviceConfig,requesting nits when no mapping exists.]
02-22 01:33:42.444 I/am_wtf ( 1503): [0,1503,system_server,-1,DisplayDeviceConfig,requesting nits when no mapping exists.]
02-22 01:33:42.453 I/sysui_multi_action( 1503): [757,128,758,1,793,1233472,794,0,795,1233472,796,26,798,0,806,android,857,DEVELOPER_IMPORTANT,858,4,947,0,1395,2,1500,1233067,1688,1]
02-22 01:33:42.453 I/sysui_multi_action( 1503): [757,804,799,note_freshness,801,1233472,802,1]
02-22 01:33:42.453 I/notification_visibility( 1503): [-1|android|26|null|1000,1,1233472,1233472,0,0]
02-22 01:33:42.453 I/sysui_multi_action( 1503): [757,128,758,1,793,1234075,794,0,795,1234075,796,32,798,1,806,android,857,USB,858,1,947,0,1395,2,1500,1234000,1688,1]
02-22 01:33:42.453 I/sysui_multi_action( 1503): [757,804,799,note_freshness,801,1234075,802,1]
02-22 01:33:42.453 I/notification_visibility( 1503): [-1|android|32|null|1000,1,1234075,1234075,0,1]
02-22 01:33:42.460 I/am_wtf ( 1503): [0,1503,system_server,-1,DisplayDeviceConfig,requesting nits when no mapping exists.]
02-22 01:33:42.460 I/input_focus( 1503): [Focus leaving e3555c3 com.android.launcher3/com.android.launcher3.uioverrides.QuickstepLauncher (server),reason=setFocusedWindow]
02-22 01:33:42.461 I/input_focus( 1503): [Focus entering 91ac81d NotificationShade (server),reason=setFocusedWindow]
02-22 01:33:42.462 I/am_wtf ( 1503): [0,1503,system_server,-1,DisplayDeviceConfig,requesting nits when no mapping exists.]
02-22 01:33:42.476 I/am_wtf ( 1503): [0,1503,system_server,-1,DisplayDeviceConfig,requesting nits when no mapping exists.]
02-22 01:33:42.477 I/am_wtf ( 1503): [0,1503,system_server,-1,DisplayDeviceConfig,requesting nits when no mapping exists.]
02-22 01:33:42.496 I/am_wtf ( 1503): [0,1503,system_server,-1,DisplayDeviceConfig,requesting nits when no mapping exists.]
02-22 01:33:42.497 I/am_wtf ( 1503): [0,1503,system_server,-1,DisplayDeviceConfig,requesting nits when no mapping exists.]
02-22 01:33:42.510 I/sysui_multi_action( 1966): [757,111,758,1]
02-22 01:33:42.511 I/sysui_multi_action( 1966): [757,126,758,1,759,126,927,0,928,1,1593,0]
02-22 01:33:42.511 I/sysui_multi_action( 1966): [757,113,758,1,759,113,927,1,928,1,1593,0]
02-22 01:33:42.511 I/sysui_multi_action( 1966): [757,0,758,1,759,0,927,2,928,0,1593,0]
02-22 01:33:42.511 I/sysui_multi_action( 1966): [757,0,758,1,759,0,927,3,928,0,1593,0]
02-22 01:33:42.512 I/sysui_multi_action( 1966): [757,491,758,1,759,491,927,4,928,0,1311,-1,1593,0]
02-22 01:33:42.512 I/sysui_multi_action( 1966): [757,0,758,1,759,0,927,5,928,0,1593,0]
02-22 01:33:42.512 I/sysui_multi_action( 1966): [757,111,758,1]
02-22 01:33:42.512 I/sysui_multi_action( 1966): [757,126,758,1,759,126,927,0,928,1,1593,0]
02-22 01:33:42.512 I/sysui_multi_action( 1966): [757,113,758,1,759,113,927,1,928,1,1593,0]
02-22 01:33:42.512 I/sysui_multi_action( 1966): [757,0,758,1,759,0,927,2,928,0,1593,0]
02-22 01:33:42.512 I/sysui_multi_action( 1966): [757,0,758,1,759,0,927,3,928,0,1593,0]
02-22 01:33:42.513 I/am_wtf ( 1503): [0,1503,system_server,-1,DisplayDeviceConfig,requesting nits when no mapping exists.]
02-22 01:33:42.514 I/am_wtf ( 1503): [0,1503,system_server,-1,DisplayDeviceConfig,requesting nits when no mapping exists.]
02-22 01:33:42.529 I/am_wtf ( 1503): [0,1503,system_server,-1,DisplayDeviceConfig,requesting nits when no mapping exists.]
02-22 01:33:42.529 I/am_wtf ( 1503): [0,1503,system_server,-1,DisplayDeviceConfig,requesting nits when no mapping exists.]
02-22 01:33:42.543 I/am_wtf ( 1503): [0,1503,system_server,-1,DisplayDeviceConfig,requesting nits when no mapping exists.]
02-22 01:33:42.544 I/am_wtf ( 1503): [0,1503,system_server,-1,DisplayDeviceConfig,requesting nits when no mapping exists.]
02-22 01:33:42.563 I/am_wtf ( 1503): [0,1503,system_server,-1,DisplayDeviceConfig,requesting nits when no mapping exists.]
02-22 01:33:42.564 I/am_wtf ( 1503): [0,1503,system_server,-1,DisplayDeviceConfig,requesting nits when no mapping exists.]
02-22 01:33:42.577 I/am_wtf ( 1503): [0,1503,system_server,-1,DisplayDeviceConfig,requesting nits when no mapping exists.]
02-22 01:33:42.578 I/am_wtf ( 1503): [0,1503,system_server,-1,DisplayDeviceConfig,requesting nits when no mapping exists.]
02-22 01:33:42.596 I/am_wtf ( 1503): [0,1503,system_server,-1,DisplayDeviceConfig,requesting nits when no mapping exists.]
02-22 01:33:42.597 I/am_wtf ( 1503): [0,1503,system_server,-1,DisplayDeviceConfig,requesting nits when no mapping exists.]
02-22 01:33:42.612 I/am_wtf ( 1503): [0,1503,system_server,-1,DisplayDeviceConfig,requesting nits when no mapping exists.]
02-22 01:33:42.613 I/am_wtf ( 1503): [0,1503,system_server,-1,DisplayDeviceConfig,requesting nits when no mapping exists.]
02-22 01:33:42.628 I/am_wtf ( 1503): [0,1503,system_server,-1,DisplayDeviceConfig,requesting nits when no mapping exists.]
02-22 01:33:42.629 I/am_wtf ( 1503): [0,1503,system_server,-1,DisplayDeviceConfig,requesting nits when no mapping exists.]
02-22 01:33:42.645 I/am_wtf ( 1503): [0,1503,system_server,-1,DisplayDeviceConfig,requesting nits when no mapping exists.]
02-22 01:33:42.645 I/am_wtf ( 1503): [0,1503,system_server,-1,DisplayDeviceConfig,requesting nits when no mapping exists.]
02-22 01:33:42.661 I/am_wtf ( 1503): [0,1503,system_server,-1,DisplayDeviceConfig,requesting nits when no mapping exists.]
02-22 01:33:42.662 I/am_wtf ( 1503): [0,1503,system_server,-1,DisplayDeviceConfig,requesting nits when no mapping exists.]
02-22 01:33:42.679 I/am_wtf ( 1503): [0,1503,system_server,-1,DisplayDeviceConfig,requesting nits when no mapping exists.]
02-22 01:33:42.679 I/am_wtf ( 1503): [0,1503,system_server,-1,DisplayDeviceConfig,requesting nits when no mapping exists.]
02-22 01:33:42.694 I/am_wtf ( 1503): [0,1503,system_server,-1,DisplayDeviceConfig,requesting nits when no mapping exists.]
02-22 01:33:42.695 I/am_wtf ( 1503): [0,1503,system_server,-1,DisplayDeviceConfig,requesting nits when no mapping exists.]
02-22 01:33:42.711 I/am_wtf ( 1503): [0,1503,system_server,-1,DisplayDeviceConfig,requesting nits when no mapping exists.]
02-22 01:33:42.712 I/am_wtf ( 1503): [0,1503,system_server,-1,DisplayDeviceConfig,requesting nits when no mapping exists.]
02-22 01:33:42.727 I/am_wtf ( 1503): [0,1503,system_server,-1,DisplayDeviceConfig,requesting nits when no mapping exists.]
02-22 01:33:42.728 I/am_wtf ( 1503): [0,1503,system_server,-1,DisplayDeviceConfig,requesting nits when no mapping exists.]
02-22 01:33:42.748 I/am_wtf ( 1503): [0,1503,system_server,-1,DisplayDeviceConfig,requesting nits when no mapping exists.]
02-22 01:33:42.749 I/am_wtf ( 1503): [0,1503,system_server,-1,DisplayDeviceConfig,requesting nits when no mapping exists.]
02-22 01:33:42.761 I/am_wtf ( 1503): [0,1503,system_server,-1,DisplayDeviceConfig,requesting nits when no mapping exists.]
02-22 01:33:42.762 I/am_wtf ( 1503): [0,1503,system_server,-1,DisplayDeviceConfig,requesting nits when no mapping exists.]
02-22 01:33:42.778 I/am_wtf ( 1503): [0,1503,system_server,-1,DisplayDeviceConfig,requesting nits when no mapping exists.]
02-22 01:33:42.779 I/am_wtf ( 1503): [0,1503,system_server,-1,DisplayDeviceConfig,requesting nits when no mapping exists.]
02-22 01:33:42.794 I/am_wtf ( 1503): [0,1503,system_server,-1,DisplayDeviceConfig,requesting nits when no mapping exists.]
02-22 01:33:42.796 I/am_wtf ( 1503): [0,1503,system_server,-1,DisplayDeviceConfig,requesting nits when no mapping exists.]
02-22 01:33:42.811 I/am_wtf ( 1503): [0,1503,system_server,-1,DisplayDeviceConfig,requesting nits when no mapping exists.]
02-22 01:33:42.812 I/am_wtf ( 1503): [0,1503,system_server,-1,DisplayDeviceConfig,requesting nits when no mapping exists.]
02-22 01:33:53.474 I/am_uid_idle( 1503): 10061
02-22 01:33:56.846 I/input_interaction( 1503): Interaction with: 91ac81d NotificationShade (server), edge-swipe (server), swipe-up (server), PointerEventDispatcher0 (server),
02-22 01:33:56.852 I/service_manager_stats( 1503): [106,48,14875]
02-22 01:34:06.700 I/sysui_multi_action( 1966): [757,219,758,4,759,47]
02-22 01:34:06.706 I/commit_sys_config_file( 1503): [display-state,5]
02-22 01:34:06.708 I/am_wtf ( 1503): [0,1503,system_server,-1,DisplayDeviceConfig,requesting nits when no mapping exists.]
02-22 01:34:06.713 I/am_wtf ( 1503): [0,1503,system_server,-1,DisplayDeviceConfig,requesting nits when no mapping exists.]
02-22 01:34:06.916 I/commit_sys_config_file( 1503): [settings-1-0,6]
02-22 01:34:07.800 I/sysui_multi_action( 1966): [757,219,758,4,759,57]
02-22 01:34:07.801 I/am_wtf ( 1503): [0,1503,system_server,-1,DisplayDeviceConfig,requesting nits when no mapping exists.]
02-22 01:34:07.803 I/am_wtf ( 1503): [0,1503,system_server,-1,DisplayDeviceConfig,requesting nits when no mapping exists.]
02-22 01:34:07.808 I/commit_sys_config_file( 1503): [display-state,1106]
02-22 01:34:08.017 I/commit_sys_config_file( 1503): [settings-1-0,6]
02-22 01:34:09.106 I/volume_changed( 1503): [3,26,20,39,com.android.systemui]
02-22 01:34:09.824 I/commit_sys_config_file( 1503): [settings-1-0,4]
02-22 01:34:09.852 I/volume_changed( 1503): [3,20,22,39,com.android.systemui]
02-22 01:34:10.573 I/commit_sys_config_file( 1503): [settings-1-0,7]
02-22 01:34:11.581 I/volume_changed( 1503): [3,22,24,39,com.android.systemui]
02-22 01:34:12.255 I/volume_changed( 1503): [3,24,19,39,com.android.systemui]
02-22 01:34:12.299 I/commit_sys_config_file( 1503): [settings-1-0,6]
02-22 01:34:12.889 I/volume_changed( 1503): [3,19,20,39,com.android.systemui]
02-22 01:34:12.973 I/commit_sys_config_file( 1503): [settings-1-0,7]
02-22 01:34:13.565 I/volume_changed( 1503): [3,20,22,39,com.android.systemui]
02-22 01:34:13.610 I/commit_sys_config_file( 1503): [settings-1-0,3]
02-22 01:34:14.282 I/commit_sys_config_file( 1503): [settings-1-0,6]
02-22 01:34:16.610 I/sysui_multi_action( 1966): [757,366,758,4,759,113,927,1,928,1,1592,0,1593,1]
02-22 01:34:16.634 I/wm_task_created( 1503): [48,-1]
02-22 01:34:16.637 I/wm_task_moved( 1503): [48,1,9]
02-22 01:34:16.637 I/wm_task_to_front( 1503): [0,48]
02-22 01:34:16.637 I/wm_create_task( 1503): [0,48]
02-22 01:34:16.637 I/wm_create_activity( 1503): [0,140718968,48,com.android.settings/.Settings$ConnectedDeviceDashboardActivity,android.settings.BLUETOOTH_SETTINGS,NULL,NULL,335544320]
02-22 01:34:16.637 I/wm_task_moved( 1503): [48,1,9]
02-22 01:34:16.637 I/wm_on_top_resumed_lost_called( 2514): [229498384,com.android.launcher3.uioverrides.QuickstepLauncher,topStateChangedWhenResumed]
02-22 01:34:16.638 I/wm_pause_activity( 1503): [0,229498384,com.android.launcher3/.uioverrides.QuickstepLauncher,userLeaving=true,pauseBackTasks]
02-22 01:34:16.640 I/wm_on_paused_called( 2514): [229498384,com.android.launcher3.uioverrides.QuickstepLauncher,performPause]
02-22 01:34:16.642 I/wm_add_to_stopping( 1503): [0,229498384,com.android.launcher3/.uioverrides.QuickstepLauncher,makeInvisible]
02-22 01:34:16.643 I/wm_restart_activity( 1503): [0,140718968,48,com.android.settings/.Settings$ConnectedDeviceDashboardActivity]
02-22 01:34:16.643 I/wm_set_resumed_activity( 1503): [0,com.android.settings/.Settings$ConnectedDeviceDashboardActivity,minimalResumeActivityLocked]
02-22 01:34:16.648 I/sysui_multi_action( 1503): [757,803,799,window_time_0,802,87]
02-22 01:34:16.648 I/am_uid_active( 1503): 10061
02-22 01:34:16.656 I/am_uid_active( 1503): 10086
02-22 01:34:16.657 I/am_pss ( 1503): [4140,10087,com.android.music,60178432,50987008,0,189255680,0,4,7]
02-22 01:34:16.666 I/wm_task_moved( 1503): [45,1,9]
02-22 01:34:16.666 I/wm_task_to_front( 1503): [0,45]
02-22 01:34:16.667 I/wm_focused_root_task( 1503): [0,0,45,48,bringingFoundTaskToFront]
02-22 01:34:16.667 I/wm_set_resumed_activity( 1503): [0,com.android.settings/.Settings,bringingFoundTaskToFront]
02-22 01:34:16.667 I/wm_new_intent( 1503): [0,250080366,45,com.android.settings/.Settings,android.intent.action.MAIN,NULL,NULL,270532608]
02-22 01:34:16.667 I/wm_pause_activity( 1503): [0,140718968,com.android.settings/.Settings$ConnectedDeviceDashboardActivity,userLeaving=true,pauseBackTasks]
02-22 01:34:16.669 I/wm_finish_activity( 1503): [0,140718968,48,com.android.settings/.Settings$ConnectedDeviceDashboardActivity,app-request]
02-22 01:34:16.669 I/wm_on_create_called( 4132): [140718968,com.android.settings.Settings$ConnectedDeviceDashboardActivity,performCreate]
02-22 01:34:16.670 I/wm_add_to_stopping( 1503): [0,140718968,com.android.settings/.Settings$ConnectedDeviceDashboardActivity,completeFinishing]
02-22 01:34:16.671 I/wm_set_resumed_activity( 1503): [0,com.android.settings/.Settings,resumeTopActivityInnerLocked]
02-22 01:34:16.671 I/wm_resume_activity( 1503): [0,250080366,45,com.android.settings/.Settings]
02-22 01:34:16.673 I/wm_on_restart_called( 4132): [250080366,com.android.settings.Settings,performRestartActivity]
02-22 01:34:16.677 I/sysui_multi_action( 1503): [757,803,799,window_time_0,802,0]
02-22 01:34:16.680 I/wm_on_start_called( 4132): [250080366,com.android.settings.Settings,handleStartActivity]
02-22 01:34:16.680 I/snet_event_log( 4132): [120484087,-1,]
02-22 01:34:16.681 I/wm_on_resume_called( 4132): [250080366,com.android.settings.Settings,RESUME_ACTIVITY]
02-22 01:34:16.681 I/sysui_multi_action( 4132): [757,35,758,1,833,0,1089,0]
02-22 01:34:16.695 I/sysui_multi_action( 4132): [757,746,758,1,833,0,1089,0]
02-22 01:34:16.696 D/TelephonyRegistry( 1503): listen oscl: mHasNotifySubscriptionInfoChangedOccurred==false no callback
02-22 01:34:16.698 D/TelephonyRegistry( 1503): listen oscl: mHasNotifySubscriptionInfoChangedOccurred==false no callback
02-22 01:34:16.699 I/auditd ( 566): type=1400 audit(0.0:383): avc: denied { read } for comm="Binder:566_2" name="wakeup58" dev="sysfs" ino=71806 scontext=u:r:system_suspend:s0 tcontext=u:object_r:sysfs:s0 tclass=dir permissive=0
02-22 01:34:16.699 I/auditd ( 566): type=1400 audit(0.0:384): avc: denied { read } for comm="Binder:566_2" name="wakeup4" dev="sysfs" ino=47054 scontext=u:r:system_suspend:s0 tcontext=u:object_r:sysfs:s0 tclass=dir permissive=0
02-22 01:34:16.699 I/auditd ( 566): type=1400 audit(0.0:385): avc: denied { read } for comm="Binder:566_2" name="wakeup76" dev="sysfs" ino=76771 scontext=u:r:system_suspend:s0 tcontext=u:object_r:sysfs:s0 tclass=dir permissive=0
02-22 01:34:16.699 I/auditd ( 566): type=1400 audit(0.0:386): avc: denied { read } for comm="Binder:566_2" name="wakeup28" dev="sysfs" ino=53259 scontext=u:r:system_suspend:s0 tcontext=u:object_r:sysfs:s0 tclass=dir permissive=0
02-22 01:34:16.699 I/auditd ( 566): type=1400 audit(0.0:387): avc: denied { read } for comm="Binder:566_2" name="wakeup56" dev="sysfs" ino=71734 scontext=u:r:system_suspend:s0 tcontext=u:object_r:sysfs:s0 tclass=dir permissive=0
02-22 01:34:16.710 I/wm_on_top_resumed_gained_called( 4132): [250080366,com.android.settings.Settings,topWhenResuming]
02-22 01:34:16.742 I/sysui_multi_action( 1503): [319,39,321,37,322,114,325,1278,757,761,758,8,759,1,806,com.android.settings,871,com.android.settings.Settings,904,com.android.launcher3,905,0,1320,17,1321,1]
02-22 01:34:16.743 I/wm_activity_launch_time( 1503): [0,250080366,com.android.settings/.Settings,114]
02-22 01:34:16.883 I/sysui_multi_action( 4132): [757,746,758,2,1089,187]
02-22 01:34:16.905 I/sysui_multi_action( 4132): [757,747,758,1,833,0,1089,16]
02-22 01:34:16.906 I/sysui_multi_action( 4132): [757,1729,758,4,854,isParalleledControllers:false,1089,17]
02-22 01:34:17.176 I/wm_stop_activity( 1503): [0,229498384,com.android.launcher3/.uioverrides.QuickstepLauncher]
02-22 01:34:17.176 I/notification_enqueue( 1503): [10078,1966,com.android.systemui,2048,NULL,0,Notification(channel=updateNotification shortcut=null contentView=null vibrate=null sound=null defaults=0x0 flags=0x0 color=0x00000000 vis=PRIVATE),1]
02-22 01:34:17.177 I/sysui_multi_action( 1966): [757,111,758,2]
02-22 01:34:17.177 I/sysui_multi_action( 1966): [757,111,758,2]
02-22 01:34:17.181 I/input_focus( 1503): [Focus request ab95283 com.android.settings/com.android.settings.Settings,reason=UpdateInputWindows]
02-22 01:34:17.185 I/sysui_multi_action( 1503): [757,128,758,2,793,1268204,794,34732,795,1268204,796,26,798,0,806,android,857,DEVELOPER_IMPORTANT,858,4,947,0,1395,2,1500,1267799,1688,1]
02-22 01:34:17.186 I/notification_visibility( 1503): [-1|android|26|null|1000,0,1268204,1268204,0,0]
02-22 01:34:17.186 I/sysui_multi_action( 1503): [757,128,758,2,793,1268808,794,34733,795,1268808,796,32,798,1,806,android,857,USB,858,1,947,0,1395,2,1500,1268733,1688,1]
02-22 01:34:17.186 I/notification_visibility( 1503): [-1|android|32|null|1000,0,1268808,1268808,0,1]
02-22 01:34:17.186 I/sysui_multi_action( 1503): [757,127,758,2]
02-22 01:34:17.186 I/notification_panel_hidden( 1503):
02-22 01:34:17.194 I/input_focus( 1503): [Focus leaving 91ac81d NotificationShade (server),reason=NOT_FOCUSABLE]
02-22 01:34:17.194 I/input_focus( 1503): [Focus entering ab95283 com.android.settings/com.android.settings.Settings (server),reason=setFocusedWindow]
02-22 01:34:17.197 I/wm_on_stop_called( 2514): [229498384,com.android.launcher3.uioverrides.QuickstepLauncher,STOP_ACTIVITY_ITEM]
02-22 01:34:17.244 I/wm_destroy_activity( 1503): [0,140718968,48,com.android.settings/.Settings$ConnectedDeviceDashboardActivity,finish-imm:idle]
02-22 01:34:17.245 I/wm_on_destroy_called( 4132): [140718968,com.android.settings.Settings$ConnectedDeviceDashboardActivity,performDestroy]
02-22 01:34:17.245 I/wm_task_removed( 1503): [48,removeChild:removeChild last r=ActivityRecord{8633378 u0 com.android.settings/.Settings$ConnectedDeviceDashboardActivity t-1 f}} in t=Task{a3f9a8d #48 type=standard A=1000:com.android.settings U=0 visible=false mode=fullscreen translucent=true sz=0}]
02-22 01:34:17.245 I/wm_task_removed( 1503): [48,removeChild]
02-22 01:34:17.943 I/liblog ( 1386): 81
02-22 01:34:21.144 I/input_interaction( 1503): Interaction with: ab95283 com.android.settings/com.android.settings.Settings (server), edge-swipe (server), swipe-up (server), PointerEventDispatcher0 (server),
02-22 01:34:21.223 I/view_enqueue_input_event( 4132): [Motion - Cancel,com.android.settings/com.android.settings.Settings]
02-22 01:34:21.236 I/input_interaction( 1503): Interaction with: edge-swipe (server), swipe-up (server), PointerEventDispatcher0 (server),
02-22 01:34:21.360 I/service_manager_stats( 1503): [100,58,24509]
02-22 01:34:21.558 I/sysui_multi_action( 1503): [757,803,799,key_back_press,802,1]
02-22 01:34:21.559 I/input_interaction( 1503): Interaction with: ab95283 com.android.settings/com.android.settings.Settings (server), PointerEventDispatcher0 (server),
02-22 01:34:21.562 I/wm_task_moved( 1503): [45,0,0]
02-22 01:34:21.565 I/wm_focused_root_task( 1503): [0,0,1,45,moveTaskToBackLocked]
02-22 01:34:21.566 I/wm_add_to_stopping( 1503): [0,250080366,com.android.settings/.Settings,makeInvisible]
02-22 01:34:21.567 I/wm_pause_activity( 1503): [0,250080366,com.android.settings/.Settings,userLeaving=false,pauseBackTasks]
02-22 01:34:21.569 I/wm_set_resumed_activity( 1503): [0,com.android.launcher3/.uioverrides.QuickstepLauncher,resumeTopActivityInnerLocked]
02-22 01:34:21.572 I/wm_resume_activity( 1503): [0,229498384,41,com.android.launcher3/.uioverrides.QuickstepLauncher]
02-22 01:34:21.573 I/wm_on_top_resumed_lost_called( 4132): [250080366,com.android.settings.Settings,topStateChangedWhenResumed]
02-22 01:34:21.578 I/wm_on_restart_called( 2514): [229498384,com.android.launcher3.uioverrides.QuickstepLauncher,performRestartActivity]
02-22 01:34:21.578 I/wm_on_start_called( 2514): [229498384,com.android.launcher3.uioverrides.QuickstepLauncher,handleStartActivity]
02-22 01:34:21.579 I/wm_on_resume_called( 2514): [229498384,com.android.launcher3.uioverrides.QuickstepLauncher,RESUME_ACTIVITY]
02-22 01:34:21.579 I/sysui_multi_action( 4132): [757,35,758,2,1089,4897]
02-22 01:34:21.579 I/wm_on_top_resumed_gained_called( 2514): [229498384,com.android.launcher3.uioverrides.QuickstepLauncher,topStateChangedWhenResumed]
02-22 01:34:21.580 I/sysui_multi_action( 4132): [757,747,758,2,1089,4675]
02-22 01:34:21.580 I/wm_on_paused_called( 4132): [250080366,com.android.settings.Settings,performPause]
02-22 01:34:21.584 I/sysui_multi_action( 1503): [757,803,799,window_time_0,802,5]
02-22 01:34:21.588 I/input_focus( 1503): [Focus leaving ab95283 com.android.settings/com.android.settings.Settings (server),reason=NO_WINDOW]
02-22 01:34:21.592 I/input_focus( 1503): [Focus request e3555c3 com.android.launcher3/com.android.launcher3.uioverrides.QuickstepLauncher,reason=UpdateInputWindows]
02-22 01:34:21.621 I/input_focus( 1503): [Focus entering e3555c3 com.android.launcher3/com.android.launcher3.uioverrides.QuickstepLauncher (server),reason=Window became focusable. Previous reason: NOT_VISIBLE]
02-22 01:34:21.979 I/wm_stop_activity( 1503): [0,250080366,com.android.settings/.Settings]
02-22 01:34:22.010 I/wm_on_stop_called( 4132): [250080366,com.android.settings.Settings,STOP_ACTIVITY_ITEM]
02-22 01:34:22.353 I/input_interaction( 1503): Interaction with: a916dde StatusBar (server), edge-swipe (server), swipe-up (server), PointerEventDispatcher0 (server),
02-22 01:34:22.357 I/sysui_multi_action( 1966): [757,803,799,panel_open,802,1]
02-22 01:34:22.359 I/sysui_multi_action( 1966): [757,1328,758,4,1326,43,1327,5,1329,0]
02-22 01:34:22.392 I/sysui_multi_action( 1503): [757,127,758,1]
02-22 01:34:22.392 I/sysui_multi_action( 1503): [757,804,799,note_load,801,2,802,1]
02-22 01:34:22.392 I/notification_panel_revealed( 1503): 2
02-22 01:34:22.403 I/input_focus( 1503): [Focus request 91ac81d NotificationShade,reason=UpdateInputWindows]
02-22 01:34:22.411 I/sysui_multi_action( 1503): [757,128,758,1,793,1273430,794,0,795,1273430,796,26,798,0,806,android,857,DEVELOPER_IMPORTANT,858,4,947,0,1395,2,1500,1273025,1688,1]
02-22 01:34:22.411 I/sysui_multi_action( 1503): [757,804,799,note_freshness,801,1273430,802,1]
02-22 01:34:22.411 I/notification_visibility( 1503): [-1|android|26|null|1000,1,1273430,1273430,0,0]
02-22 01:34:22.412 I/sysui_multi_action( 1503): [757,128,758,1,793,1274034,794,0,795,1274034,796,32,798,1,806,android,857,USB,858,1,947,0,1395,2,1500,1273959,1688,1]
02-22 01:34:22.412 I/sysui_multi_action( 1503): [757,804,799,note_freshness,801,1274034,802,1]
02-22 01:34:22.413 I/notification_visibility( 1503): [-1|android|32|null|1000,1,1274034,1274034,0,1]
02-22 01:34:22.423 I/input_focus( 1503): [Focus leaving e3555c3 com.android.launcher3/com.android.launcher3.uioverrides.QuickstepLauncher (server),reason=setFocusedWindow]
02-22 01:34:22.424 I/input_focus( 1503): [Focus entering 91ac81d NotificationShade (server),reason=setFocusedWindow]
02-22 01:34:22.456 I/sysui_multi_action( 1966): [757,111,758,1]
02-22 01:34:22.456 I/sysui_multi_action( 1966): [757,126,758,1,759,126,927,0,928,1,1593,0]
02-22 01:34:22.457 I/sysui_multi_action( 1966): [757,113,758,1,759,113,927,1,928,1,1593,0]
02-22 01:34:22.457 I/sysui_multi_action( 1966): [757,0,758,1,759,0,927,2,928,0,1593,0]
02-22 01:34:22.457 I/sysui_multi_action( 1966): [757,0,758,1,759,0,927,3,928,0,1593,0]
02-22 01:34:22.458 I/sysui_multi_action( 1966): [757,491,758,1,759,491,927,4,928,0,1311,-1,1593,0]
02-22 01:34:22.458 I/sysui_multi_action( 1966): [757,0,758,1,759,0,927,5,928,0,1593,0]
02-22 01:34:22.458 I/sysui_multi_action( 1966): [757,111,758,1]
02-22 01:34:22.458 I/sysui_multi_action( 1966): [757,126,758,1,759,126,927,0,928,1,1593,1]
02-22 01:34:22.458 I/sysui_multi_action( 1966): [757,113,758,1,759,113,927,1,928,1,1593,1]
02-22 01:34:22.458 I/sysui_multi_action( 1966): [757,0,758,1,759,0,927,2,928,0,1593,1]
02-22 01:34:22.458 I/sysui_multi_action( 1966): [757,0,758,1,759,0,927,3,928,0,1593,1]
02-22 01:34:57.085 I/input_interaction( 1503): Interaction with: 91ac81d NotificationShade (server), edge-swipe (server), swipe-up (server), PointerEventDispatcher0 (server),
02-22 01:34:57.490 I/sysui_multi_action( 1966): [757,366,758,4,759,113,927,1,928,1,1592,0,1593,1]
02-22 01:34:57.509 I/wm_task_created( 1503): [49,-1]
02-22 01:34:57.510 I/wm_task_moved( 1503): [49,1,9]
02-22 01:34:57.510 I/wm_task_to_front( 1503): [0,49]
02-22 01:34:57.510 I/wm_create_task( 1503): [0,49]
02-22 01:34:57.510 I/wm_create_activity( 1503): [0,59400115,49,com.android.settings/.Settings$ConnectedDeviceDashboardActivity,android.settings.BLUETOOTH_SETTINGS,NULL,NULL,335544320]
02-22 01:34:57.510 I/wm_task_moved( 1503): [49,1,9]
02-22 01:34:57.510 I/wm_on_top_resumed_lost_called( 2514): [229498384,com.android.launcher3.uioverrides.QuickstepLauncher,topStateChangedWhenResumed]
02-22 01:34:57.511 I/wm_pause_activity( 1503): [0,229498384,com.android.launcher3/.uioverrides.QuickstepLauncher,userLeaving=true,pauseBackTasks]
02-22 01:34:57.513 I/wm_on_paused_called( 2514): [229498384,com.android.launcher3.uioverrides.QuickstepLauncher,performPause]
02-22 01:34:57.515 I/wm_add_to_stopping( 1503): [0,229498384,com.android.launcher3/.uioverrides.QuickstepLauncher,makeInvisible]
02-22 01:34:57.516 I/wm_restart_activity( 1503): [0,59400115,49,com.android.settings/.Settings$ConnectedDeviceDashboardActivity]
02-22 01:34:57.516 I/wm_set_resumed_activity( 1503): [0,com.android.settings/.Settings$ConnectedDeviceDashboardActivity,minimalResumeActivityLocked]
02-22 01:34:57.519 I/sysui_multi_action( 1503): [757,803,799,window_time_0,802,36]
02-22 01:34:57.538 I/wm_task_moved( 1503): [45,1,9]
02-22 01:34:57.538 I/wm_task_to_front( 1503): [0,45]
02-22 01:34:57.539 I/wm_focused_root_task( 1503): [0,0,45,49,bringingFoundTaskToFront]
02-22 01:34:57.539 I/wm_set_resumed_activity( 1503): [0,com.android.settings/.Settings,bringingFoundTaskToFront]
02-22 01:34:57.539 I/wm_new_intent( 1503): [0,250080366,45,com.android.settings/.Settings,android.intent.action.MAIN,NULL,NULL,270532608]
02-22 01:34:57.539 I/wm_pause_activity( 1503): [0,59400115,com.android.settings/.Settings$ConnectedDeviceDashboardActivity,userLeaving=true,pauseBackTasks]
02-22 01:34:57.541 I/wm_finish_activity( 1503): [0,59400115,49,com.android.settings/.Settings$ConnectedDeviceDashboardActivity,app-request]
02-22 01:34:57.541 I/wm_on_create_called( 4132): [59400115,com.android.settings.Settings$ConnectedDeviceDashboardActivity,performCreate]
02-22 01:34:57.542 I/wm_add_to_stopping( 1503): [0,59400115,com.android.settings/.Settings$ConnectedDeviceDashboardActivity,completeFinishing]
02-22 01:34:57.543 I/wm_set_resumed_activity( 1503): [0,com.android.settings/.Settings,resumeTopActivityInnerLocked]
02-22 01:34:57.545 I/wm_resume_activity( 1503): [0,250080366,45,com.android.settings/.Settings]
02-22 01:34:57.547 I/wm_on_restart_called( 4132): [250080366,com.android.settings.Settings,performRestartActivity]
02-22 01:34:57.547 I/sysui_multi_action( 1503): [757,803,799,window_time_0,802,0]
02-22 01:34:57.552 I/wm_on_start_called( 4132): [250080366,com.android.settings.Settings,handleStartActivity]
02-22 01:34:57.552 I/snet_event_log( 4132): [120484087,-1,]
02-22 01:34:57.553 I/wm_on_resume_called( 4132): [250080366,com.android.settings.Settings,RESUME_ACTIVITY]
02-22 01:34:57.553 I/sysui_multi_action( 4132): [757,35,758,1,833,0,1089,0]
02-22 01:34:57.554 I/sysui_multi_action( 4132): [757,747,758,1,833,0,1089,0]
02-22 01:34:57.564 I/wm_on_top_resumed_gained_called( 4132): [250080366,com.android.settings.Settings,topWhenResuming]
02-22 01:34:57.594 I/sysui_multi_action( 1503): [319,31,321,29,322,89,325,1319,757,761,758,8,759,1,806,com.android.settings,871,com.android.settings.Settings,904,com.android.launcher3,905,0,1320,17,1321,1]
02-22 01:34:57.595 I/wm_activity_launch_time( 1503): [0,250080366,com.android.settings/.Settings,89]
02-22 01:34:57.754 I/sysui_multi_action( 4132): [757,747,758,2,1089,200]
02-22 01:34:57.771 I/sysui_multi_action( 4132): [757,747,758,1,833,0,1089,14]
02-22 01:34:57.772 I/sysui_multi_action( 4132): [757,1729,758,4,854,isParalleledControllers:false,1089,15]
02-22 01:34:58.041 I/wm_stop_activity( 1503): [0,229498384,com.android.launcher3/.uioverrides.QuickstepLauncher]
02-22 01:34:58.041 I/sysui_multi_action( 1966): [757,111,758,2]
02-22 01:34:58.042 I/notification_enqueue( 1503): [10078,1966,com.android.systemui,2048,NULL,0,Notification(channel=updateNotification shortcut=null contentView=null vibrate=null sound=null defaults=0x0 flags=0x0 color=0x00000000 vis=PRIVATE),1]
02-22 01:34:58.042 I/sysui_multi_action( 1966): [757,111,758,2]
02-22 01:34:58.046 I/input_focus( 1503): [Focus request ab95283 com.android.settings/com.android.settings.Settings,reason=UpdateInputWindows]
