02-22 02:38:09.447 I/OpenGLRenderer( 7428): Davey! duration=9223366925631ms; Flags=0, FrameTimelineVsyncId=106494, IntendedVsync=5111223695005, Vsync=5111223695005, InputEventId=239669916, HandleInputStart=5111224463933, AnimationStart=5111224498516, PerformTraversalsStart=5111224500183, DrawStart=5111224606224, FrameDeadline=5111240361671, FrameInterval=5111224460079, FrameStartTime=16666666, SyncQueued=5111230664401, SyncStart=5111230725651, IssueDrawCommandsStart=5111231500026, SwapBuffers=5111236585391, FrameCompleted=9223372036854775807, DequeueBufferDuration=58125, QueueBufferDuration=1723646, GpuCompleted=9223372036854775807, SwapBuffersCompleted=5111239274141, DisplayPresentTime=2131689473,
02-22 02:38:09.448 I/DashboardFragment( 7428): onPreferenceTreeClick: onPreferenceTreeClick::null
02-22 02:38:09.448 I/sysui_multi_action( 7428): [757,830,758,4,833,0,854,dream_start_button_container,1089,0]
02-22 02:38:09.453 W/Choreographer( 7428): Frame time is 0.207582 ms in the future! Check that graphics HAL is generating vsync timestamps using the correct timebase.
02-22 02:38:09.653 I/commit_sys_config_file( 1503): [settings-2-0,6]
02-22 02:38:09.820 I/mpu_uart( 644): [MSG-P:R]:recv sync frame timeout
02-22 02:38:10.006 W/hpplay-java( 2708): [main]:IPManager:getActiveNets invalid networkInfo:null
02-22 02:38:10.007 I/hpplay-java( 2708): [main]:IPManager:getActiveNets eth0:false wifi:false mobile:false ap:false
02-22 02:38:10.007 I/hpplay-java( 2708): [main]:ServerTaskManager:get local ip:null
02-22 02:38:10.047 I/input_interaction( 1503): Interaction with: a916dde StatusBar (server), edge-swipe (server), swipe-up (server), PointerEventDispatcher0 (server),
02-22 02:38:10.050 I/sysui_multi_action( 1966): [757,803,799,panel_open,802,1]
02-22 02:38:10.051 I/sysui_multi_action( 1966): [757,1328,758,4,1326,40,1327,4,1329,0]
02-22 02:38:10.094 D/StatusBar( 1966): disable disable2
02-22 02:38:10.094 I/sysui_multi_action( 1503): [757,127,758,1]
02-22 02:38:10.094 I/sysui_multi_action( 1503): [757,804,799,note_load,801,2,802,1]
02-22 02:38:10.094 I/notification_panel_revealed( 1503): 2
02-22 02:38:10.102 I/input_focus( 1503): [Focus request 91ac81d NotificationShade,reason=UpdateInputWindows]
02-22 02:38:10.113 I/sysui_multi_action( 1503): [757,128,758,1,793,5101132,794,0,795,5101132,796,26,798,0,806,android,857,DEVELOPER_IMPORTANT,858,4,947,0,1395,2,1500,5100727,1688,1]
02-22 02:38:10.113 I/sysui_multi_action( 1503): [757,804,799,note_freshness,801,5101132,802,1]
02-22 02:38:10.113 I/notification_visibility( 1503): [-1|android|26|null|1000,1,5101132,5101132,0,0]
02-22 02:38:10.113 I/sysui_multi_action( 1503): [757,128,758,1,793,5101735,794,0,795,5101735,796,32,798,1,806,android,857,USB,858,1,947,0,1395,2,1500,5101660,1688,1]
02-22 02:38:10.113 I/sysui_multi_action( 1503): [757,804,799,note_freshness,801,5101735,802,1]
02-22 02:38:10.113 I/notification_visibility( 1503): [-1|android|32|null|1000,1,5101735,5101735,0,1]
02-22 02:38:10.125 I/input_focus( 1503): [Focus leaving c2feca5 com.android.settings/com.android.settings.Settings (server),reason=setFocusedWindow]
02-22 02:38:10.125 I/input_focus( 1503): [Focus entering 91ac81d NotificationShade (server),reason=setFocusedWindow]
02-22 02:38:10.156 I/sysui_multi_action( 1966): [757,111,758,1]
02-22 02:38:10.156 I/sysui_multi_action( 1966): [757,126,758,1,759,126,927,0,928,1,1593,0]
02-22 02:38:10.156 I/sysui_multi_action( 1966): [757,113,758,1,759,113,927,1,928,1,1593,0]
02-22 02:38:10.157 I/sysui_multi_action( 1966): [757,0,758,1,759,0,927,2,928,0,1593,0]
02-22 02:38:10.157 I/sysui_multi_action( 1966): [757,0,758,1,759,0,927,3,928,0,1593,0]
02-22 02:38:10.157 I/sysui_multi_action( 1966): [757,491,758,1,759,491,927,4,928,0,1311,-1,1593,0]
02-22 02:38:10.157 I/sysui_multi_action( 1966): [757,0,758,1,759,0,927,5,928,0,1593,0]
02-22 02:38:10.157 I/sysui_multi_action( 1966): [757,111,758,1]
02-22 02:38:10.157 I/sysui_multi_action( 1966): [757,126,758,1,759,126,927,0,928,1,1593,0]
02-22 02:38:10.157 I/sysui_multi_action( 1966): [757,113,758,1,759,113,927,1,928,1,1593,0]
02-22 02:38:10.158 I/sysui_multi_action( 1966): [757,0,758,1,759,0,927,2,928,0,1593,0]
02-22 02:38:10.158 I/sysui_multi_action( 1966): [757,0,758,1,759,0,927,3,928,0,1593,0]
02-22 02:38:10.219 I/mpu_uart( 644): [MSG-P:RECV]:No message received in 1000 ms
02-22 02:38:10.929 E/tlogd ( 1270): [TzLogger](isPathReadable) file /sys/kernel/debug/tzdbg/qsee_log isn't exist or no permission, err: No such file or directory
02-22 02:38:10.929 E/tlogd ( 1270): [TzLogger](saveTzlogAsync) /sys/kernel/debug/tzdbg/qsee_log can not read.
02-22 02:38:10.929 E/tlogd ( 1270): [TzLogger](isPathReadable) file /sys/kernel/debug/tzdbg/log isn't exist or no permission, err: No such file or directory
02-22 02:38:10.929 E/tlogd ( 1270): [TzLogger](saveTzlogAsync) /sys/kernel/debug/tzdbg/log can not read.
02-22 02:38:11.008 W/hpplay-java( 2708): [main]:IPManager:getActiveNets invalid networkInfo:null
02-22 02:38:11.009 I/hpplay-java( 2708): [main]:IPManager:getActiveNets eth0:false wifi:false mobile:false ap:false
02-22 02:38:11.009 I/hpplay-java( 2708): [main]:ServerTaskManager:get local ip:null
02-22 02:38:11.220 I/mpu_uart( 644): [MSG-P:RECV]:No message received in 1000 ms
02-22 02:38:11.256 I/input_interaction( 1503): Interaction with: 91ac81d NotificationShade (server), edge-swipe (server), swipe-up (server), PointerEventDispatcher0 (server),
02-22 02:38:11.410 I/PowerManagerService( 1503): Napping display group (groupId=0, uid=1000)...
02-22 02:38:11.411 I/PowerManagerService( 1503): Nap time (uid 1000)...
02-22 02:38:11.413 I/DreamManagerService( 1503): Entering dreamland.
02-22 02:38:11.415 I/PowerManagerService( 1503): Dreaming...
02-22 02:38:11.421 I/DreamController( 1503): Starting dream: name=ComponentInfo{com.thundercomm.screensaver/com.thundercomm.saverclock.service.ClockScreensaver}, isTest=false, canDoze=false, userId=0
02-22 02:38:11.421 I/sysui_multi_action( 1503): [757,222,758,1]
02-22 02:38:11.425 D/CompatibilityInfo( 1503): mCompatibilityFlags - 4
02-22 02:38:11.425 D/CompatibilityInfo( 1503): applicationDensity - 240
02-22 02:38:11.425 D/CompatibilityInfo( 1503): applicationScale - 1.0
02-22 02:38:11.430 V/ShadeControllerImpl( 1966): NotificationShadeWindow: com.android.systemui.statusbar.phone.NotificationShadeWindowView{cd0ea98 V.E...... ........ 0,0-2380,1020} canPanelBeCollapsed(): true
02-22 02:38:11.440 I/ActivityTaskManager( 1503): START u0 {flg=0x10000000 pkg=com.thundercomm.screensaver cmp=com.thundercomm.screensaver/android.service.dreams.DreamActivity (has extras)} from uid 10047
02-22 02:38:11.440 I/EventSequenceValidator( 1503): inc AccIntentStartedEvents to 2
02-22 02:38:11.442 I/wm_task_created( 1503): [112,-1]
02-22 02:38:11.442 W/ActivityTaskManager( 1503): Can't find TaskDisplayArea to determine support for multi window. Task id=112 attached=false
02-22 02:38:11.446 I/wm_task_moved( 1503): [112,1,7]
02-22 02:38:11.446 I/wm_task_to_front( 1503): [0,112]
02-22 02:38:11.447 I/wm_create_task( 1503): [0,112]
02-22 02:38:11.447 I/wm_create_activity( 1503): [0,93386157,112,com.thundercomm.screensaver/android.service.dreams.DreamActivity,NULL,NULL,NULL,276824064]
02-22 02:38:11.447 I/wm_task_moved( 1503): [112,1,7]
02-22 02:38:11.447 D/CompatibilityInfo( 1503): mCompatibilityFlags - 4
02-22 02:38:11.447 D/CompatibilityInfo( 1503): applicationDensity - 240
02-22 02:38:11.447 D/CompatibilityInfo( 1503): applicationScale - 1.0
02-22 02:38:11.448 D/ActivityTrigger( 1503): ActivityTrigger activityPauseTrigger
02-22 02:38:11.448 I/wm_pause_activity( 1503): [0,92420193,com.android.settings/.Settings,userLeaving=true,pauseBackTasks]
02-22 02:38:11.451 I/input_focus( 1503): [Focus request c2feca5 com.android.settings/com.android.settings.Settings,reason=UpdateInputWindows]
02-22 02:38:11.459 I/wm_on_top_resumed_lost_called( 7428): [92420193,com.android.settings.Settings,topStateChangedWhenResumed]
02-22 02:38:11.460 I/sysui_multi_action( 7428): [757,35,758,2,1089,3039]
02-22 02:38:11.460 I/sysui_multi_action( 7428): [757,47,758,2,1089,3039]
02-22 02:38:11.460 I/input_focus( 1503): [Focus leaving 91ac81d NotificationShade (server),reason=NOT_FOCUSABLE]
02-22 02:38:11.461 I/wm_on_paused_called( 7428): [92420193,com.android.settings.Settings,performPause]
02-22 02:38:11.461 I/input_focus( 1503): [Focus entering c2feca5 com.android.settings/com.android.settings.Settings (server),reason=setFocusedWindow]
02-22 02:38:11.461 I/ActivityTaskManager( 1503): FOREGROUND_APPLICATION_CHANGED to android.service.dreams.DreamActivity
02-22 02:38:11.462 I/ActivityTaskManager( 1503): The Process com.thundercomm.screensaver Already Exists in BG. So sending its PID: 6011
02-22 02:38:11.462 W/ActivityTaskManager( 1503): Tried to set launchTime (0) < mLastActivityLaunchTime (5109157)
02-22 02:38:11.462 I/wm_add_to_stopping( 1503): [0,92420193,com.android.settings/.Settings,makeInvisible]
02-22 02:38:11.463 I/wm_restart_activity( 1503): [0,93386157,112,com.thundercomm.screensaver/android.service.dreams.DreamActivity]
02-22 02:38:11.463 D/CompatibilityInfo( 1503): mCompatibilityFlags - 4
02-22 02:38:11.463 D/CompatibilityInfo( 1503): applicationDensity - 240
02-22 02:38:11.463 D/CompatibilityInfo( 1503): applicationScale - 1.0
02-22 02:38:11.463 I/wm_set_resumed_activity( 1503): [0,com.thundercomm.screensaver/android.service.dreams.DreamActivity,minimalResumeActivityLocked]
02-22 02:38:11.466 I/sysui_multi_action( 1503): [757,803,799,window_time_0,802,3]
02-22 02:38:11.466 I/wm_on_create_called( 6011): [93386157,android.service.dreams.DreamActivity,performCreate]
02-22 02:38:11.466 I/wm_on_start_called( 6011): [93386157,android.service.dreams.DreamActivity,handleStartActivity]
02-22 02:38:11.467 I/wm_on_resume_called( 6011): [93386157,android.service.dreams.DreamActivity,RESUME_ACTIVITY]
02-22 02:38:11.468 I/GameMode_ActivityMonitoringService( 2087): Notifying about top task: com.thundercomm.screensaver, isInMiniWindowMode: false
02-22 02:38:11.468 I/GameMode_ActivityMonitoringService( 2087): onActivityLaunch: com.thundercomm.screensaver, isGameApp: false
02-22 02:38:11.468 V/GameMode_GpuUtils( 2087): fps:60
02-22 02:38:11.468 W/WindowManager( 1503): Failed looking up window session=Session{49d8732 6011:u0a10047} callers=com.android.server.wm.WindowManagerService.windowForClientLocked:5628 com.android.server.wm.Session.insetsModified:629 android.view.IWindowSession$Stub.onTransact:1151
02-22 02:38:11.469 D/KeyguardViewMediator( 1966): setOccluded true
02-22 02:38:11.469 D/GameModeIF_GameModeSettings( 2087): getUriFor setting_content_uri_root = content://com.thundercomm.gamemode.api/gamemode_settings , name = gamemode_enable
02-22 02:38:11.469 I/wm_on_top_resumed_gained_called( 6011): [93386157,android.service.dreams.DreamActivity,topStateChangedWhenResumed]
02-22 02:38:11.469 V/KeyguardUpdateMonitor( 1966): startListeningForFingerprint()
02-22 02:38:11.470 D/KeyguardViewMediator( 1966): adjustStatusBarLocked: mShowing=false mOccluded=true isSecure=false force=false --> flags=0x0
02-22 02:38:11.476 E/ThemeUtils( 6011): View class androidx.appcompat.widget.AppCompatImageView is an AppCompat widget that can only be used with a Theme.AppCompat theme (or descendant).
02-22 02:38:11.477 E/ThemeUtils( 6011): View class androidx.appcompat.widget.AppCompatImageView is an AppCompat widget that can only be used with a Theme.AppCompat theme (or descendant).
02-22 02:38:11.477 E/ThemeUtils( 6011): View class androidx.appcompat.widget.AppCompatImageView is an AppCompat widget that can only be used with a Theme.AppCompat theme (or descendant).
02-22 02:38:11.477 E/ThemeUtils( 6011): View class androidx.appcompat.widget.AppCompatImageView is an AppCompat widget that can only be used with a Theme.AppCompat theme (or descendant).
02-22 02:38:11.485 I/input_focus( 1503): [Focus request 4282d65 com.thundercomm.screensaver/android.service.dreams.DreamActivity,reason=UpdateInputWindows]
02-22 02:38:11.492 I/BpBinder( 974): onLastStrongRef automatically unlinking death recipients:
02-22 02:38:11.494 I/input_focus( 1503): [Focus leaving c2feca5 com.android.settings/com.android.settings.Settings (server),reason=NO_WINDOW]
02-22 02:38:11.495 I/GameModeConfig( 1503): isGameModeOn = false
02-22 02:38:11.495 I/GameModeConfig( 1503): isGameModeOn = false
02-22 02:38:11.495 I/GameModeConfig( 1503): isGameModeOn = false
02-22 02:38:11.495 I/GameModeConfig( 1503): isGameModeOn = false
02-22 02:38:11.496 I/notification_enqueue( 1503): [10078,1966,com.android.systemui,2048,NULL,0,Notification(channel=updateNotification shortcut=null contentView=null vibrate=null sound=null defaults=0x0 flags=0x0 color=0x00000000 vis=PRIVATE),1]
02-22 02:38:11.496 I/sysui_multi_action( 1966): [757,111,758,2]
02-22 02:38:11.496 I/sysui_multi_action( 1966): [757,111,758,2]
02-22 02:38:11.502 I/sysui_multi_action( 1503): [319,61,322,53,325,5113,757,761,758,8,759,2,806,com.thundercomm.screensaver,871,android.service.dreams.DreamActivity,904,com.thundercomm.screensaver,905,0,1320,4,1321,2]
02-22 02:38:11.503 I/wm_activity_launch_time( 1503): [0,93386157,com.thundercomm.screensaver/android.service.dreams.DreamActivity,53]
02-22 02:38:11.503 I/ActivityTaskManager( 1503): Displayed com.thundercomm.screensaver/android.service.dreams.DreamActivity: +53ms
02-22 02:38:11.505 I/EventSequenceValidator( 1503): dec AccIntentStartedEvents to 1
02-22 02:38:11.509 I/sysui_multi_action( 1966): [757,111,758,1]
02-22 02:38:11.509 I/sysui_multi_action( 1966): [757,126,758,1,759,126,927,0,928,1,1593,1]
02-22 02:38:11.509 I/sysui_multi_action( 1966): [757,113,758,1,759,113,927,1,928,1,1593,1]
02-22 02:38:11.509 I/sysui_multi_action( 1966): [757,0,758,1,759,0,927,2,928,0,1593,1]
02-22 02:38:11.509 I/sysui_multi_action( 1966): [757,0,758,1,759,0,927,3,928,0,1593,1]
02-22 02:38:11.509 I/sysui_multi_action( 1966): [757,491,758,1,759,491,927,4,928,0,1311,-1,1593,0]
02-22 02:38:11.509 I/sysui_multi_action( 1966): [757,0,758,1,759,0,927,5,928,0,1593,0]
02-22 02:38:11.509 I/sysui_multi_action( 1966): [757,111,758,1]
02-22 02:38:11.509 I/sysui_multi_action( 1966): [757,126,758,1,759,126,927,0,928,1,1593,1]
02-22 02:38:11.509 I/sysui_multi_action( 1966): [757,113,758,1,759,113,927,1,928,1,1593,1]
02-22 02:38:11.509 I/sysui_multi_action( 1966): [757,0,758,1,759,0,927,2,928,0,1593,1]
02-22 02:38:11.510 I/sysui_multi_action( 1966): [757,0,758,1,759,0,927,3,928,0,1593,1]
02-22 02:38:11.518 D/StatusBar( 1966): disable disable2
02-22 02:38:11.526 I/input_focus( 1503): [Focus entering 4282d65 com.thundercomm.screensaver/android.service.dreams.DreamActivity (server),reason=Window became focusable. Previous reason: NOT_VISIBLE]
02-22 02:38:11.564 W/FreeFormWindowHelper( 1503): Current Display FreeFormTask is null
02-22 02:38:11.564 W/FreeFormWindowHelper( 1503): Current Display FreeFormTask is null
02-22 02:38:11.611 I/commit_sys_config_file( 1503): [settings-2-0,3]
02-22 02:38:11.696 I/GameModeConfig( 1503): isGameModeOn = false
02-22 02:38:11.728 D/InterruptionStateProvider( 1966): No bubble up: not allowed to bubble: 0|com.android.systemui|2048|null|10078
02-22 02:38:11.728 D/InterruptionStateProvider( 1966): No heads up: unimportant notification: 0|com.android.systemui|2048|null|10078
02-22 02:38:11.729 D/PeopleSpaceWidgetMgr( 1966): Sbn doesn't contain valid PeopleTileKey: null/0/com.android.systemui
02-22 02:38:11.743 I/GameModeConfig( 1503): isGameModeOn = false
02-22 02:38:11.743 I/GameModeConfig( 1503): isGameModeOn = false
02-22 02:38:11.743 I/GameModeConfig( 1503): isGameModeOn = false
02-22 02:38:11.743 I/GameModeConfig( 1503): isGameModeOn = false
02-22 02:38:11.743 I/notification_enqueue( 1503): [10078,1966,com.android.systemui,2048,NULL,0,Notification(channel=updateNotification shortcut=null contentView=null vibrate=null sound=null defaults=0x0 flags=0x0 color=0x00000000 vis=PRIVATE),1]
02-22 02:38:11.743 I/sysui_multi_action( 1966): [757,111,758,2]
02-22 02:38:11.743 I/sysui_multi_action( 1966): [757,111,758,2]
02-22 02:38:11.944 I/GameModeConfig( 1503): isGameModeOn = false
02-22 02:38:11.944 E/NotificationService( 1503): Muting recently noisy 0|com.android.systemui|2048|null|10078
02-22 02:38:11.950 I/sysui_multi_action( 1503): [757,128,758,2,793,5102969,794,1837,795,5102969,796,26,798,0,806,android,857,DEVELOPER_IMPORTANT,858,4,947,0,1395,2,1500,5102564,1688,1]
02-22 02:38:11.950 I/notification_visibility( 1503): [-1|android|26|null|1000,0,5102969,5102969,0,0]
02-22 02:38:11.950 I/sysui_multi_action( 1503): [757,128,758,2,793,5103572,794,1837,795,5103572,796,32,798,1,806,android,857,USB,858,1,947,0,1395,2,1500,5103497,1688,1]
02-22 02:38:11.950 D/StatusBar( 1966): disable disable2
02-22 02:38:11.951 I/BpBinder( 974): onLastStrongRef automatically unlinking death recipients:
02-22 02:38:11.951 I/notification_visibility( 1503): [-1|android|32|null|1000,0,5103572,5103572,0,1]
02-22 02:38:11.952 I/sysui_multi_action( 1503): [757,127,758,2]
02-22 02:38:11.952 I/notification_panel_hidden( 1503):
02-22 02:38:11.964 D/InterruptionStateProvider( 1966): No bubble up: not allowed to bubble: 0|com.android.systemui|2048|null|10078
02-22 02:38:11.964 D/InterruptionStateProvider( 1966): No heads up: unimportant notification: 0|com.android.systemui|2048|null|10078
02-22 02:38:11.965 D/PeopleSpaceWidgetMgr( 1966): Sbn doesn't contain valid PeopleTileKey: null/0/com.android.systemui
02-22 02:38:11.978 V/KeyguardUpdateMonitor( 1966): *** unregister callback for com.android.keyguard.CarrierTextManager$2@ed72c51
02-22 02:38:12.010 W/hpplay-java( 2708): [main]:IPManager:getActiveNets invalid networkInfo:null
02-22 02:38:12.010 I/hpplay-java( 2708): [main]:IPManager:getActiveNets eth0:false wifi:false mobile:false ap:false
02-22 02:38:12.010 I/hpplay-java( 2708): [main]:ServerTaskManager:get local ip:null
02-22 02:38:12.012 I/wm_stop_activity( 1503): [0,92420193,com.android.settings/.Settings]
02-22 02:38:12.033 I/wm_on_stop_called( 7428): [92420193,com.android.settings.Settings,STOP_ACTIVITY_ITEM]
02-22 02:38:12.076 W/Choreographer( 1966): Frame time is 0.248286 ms in the future! Check that graphics HAL is generating vsync timestamps using the correct timebase.
02-22 02:38:12.076 W/Choreographer( 6011): Frame time is 0.235213 ms in the future! Check that graphics HAL is generating vsync timestamps using the correct timebase.
02-22 02:38:12.077 W/Choreographer( 1503): Frame time is 0.059484 ms in the future! Check that graphics HAL is generating vsync timestamps using the correct timebase.
02-22 02:38:12.220 I/mpu_uart( 644): [MSG-P:RECV]:No message received in 1000 ms
02-22 02:38:12.542 I/input_interaction( 1503): Interaction with: 4282d65 com.thundercomm.screensaver/android.service.dreams.DreamActivity (server), edge-swipe (server), swipe-up (server), PointerEventDispatcher0 (server),
02-22 02:38:12.543 I/wm_finish_activity( 1503): [0,93386157,112,com.thundercomm.screensaver/android.service.dreams.DreamActivity,finish-activity]
02-22 02:38:12.543 I/wm_task_moved( 1503): [110,1,6]
02-22 02:38:12.543 I/wm_task_to_front( 1503): [0,110]
02-22 02:38:12.543 I/wm_focused_root_task( 1503): [0,0,110,112,finish-top adjustFocusToNextFocusableTask]
02-22 02:38:12.543 D/ActivityTrigger( 1503): ActivityTrigger activityPauseTrigger
02-22 02:38:12.544 I/wm_pause_activity( 1503): [0,93386157,com.thundercomm.screensaver/android.service.dreams.DreamActivity,userLeaving=false,finish]
02-22 02:38:12.545 I/DreamManagerService( 1503): Gently waking up from dream.
02-22 02:38:12.545 I/DreamManagerService( 1503): Performing gentle wake from dream.
02-22 02:38:12.545 I/wm_on_top_resumed_lost_called( 6011): [93386157,android.service.dreams.DreamActivity,topStateChangedWhenResumed]
02-22 02:38:12.546 I/sysui_multi_action( 1503): [757,803,799,window_time_0,802,1]
02-22 02:38:12.546 I/wm_on_paused_called( 6011): [93386157,android.service.dreams.DreamActivity,performPause]
02-22 02:38:12.547 I/wm_add_to_stopping( 1503): [0,93386157,com.thundercomm.screensaver/android.service.dreams.DreamActivity,completeFinishing]
02-22 02:38:12.547 I/ActivityTaskManager( 1503): FOREGROUND_APPLICATION_CHANGED to com.android.settings.homepage.SettingsHomepageActivity
02-22 02:38:12.548 I/wm_set_resumed_activity( 1503): [0,com.android.settings/.Settings,resumeTopActivityInnerLocked]
02-22 02:38:12.548 D/KeyguardViewMediator( 1966): setOccluded false
02-22 02:38:12.548 I/wm_resume_activity( 1503): [0,92420193,110,com.android.settings/.Settings]
02-22 02:38:12.549 D/StatusBar( 1966): disable disable2
02-22 02:38:12.549 D/KeyguardViewMediator( 1966): adjustStatusBarLocked: mShowing=false mOccluded=false isSecure=false force=false --> flags=0x0
02-22 02:38:12.550 I/sysui_multi_action( 1503): [757,803,799,window_time_0,802,0]
02-22 02:38:12.551 I/GameMode_ActivityMonitoringService( 2087): Notifying about top task: com.android.settings, isInMiniWindowMode: false
02-22 02:38:12.551 I/GameMode_ActivityMonitoringService( 2087): onActivityLaunch: com.android.settings, isGameApp: false
02-22 02:38:12.551 V/GameMode_GpuUtils( 2087): fps:60
02-22 02:38:12.552 D/GameModeIF_GameModeSettings( 2087): getUriFor setting_content_uri_root = content://com.thundercomm.gamemode.api/gamemode_settings , name = gamemode_enable
02-22 02:38:12.563 I/input_focus( 1503): [Focus leaving 4282d65 com.thundercomm.screensaver/android.service.dreams.DreamActivity (server),reason=NO_WINDOW]
02-22 02:38:12.563 I/view_enqueue_input_event( 6011): [Motion - Cancel,com.thundercomm.screensaver/android.service.dreams.DreamActivity]
02-22 02:38:12.563 I/wm_on_restart_called( 7428): [92420193,com.android.settings.Settings,performRestartActivity]
02-22 02:38:12.563 W/BatteryBroadcastRcvr( 7428): Problem reading the battery meter.
02-22 02:38:12.564 I/wm_on_start_called( 7428): [92420193,com.android.settings.Settings,handleStartActivity]
02-22 02:38:12.564 I/snet_event_log( 7428): [120484087,-1,]
02-22 02:38:12.564 I/wm_on_resume_called( 7428): [92420193,com.android.settings.Settings,RESUME_ACTIVITY]
02-22 02:38:12.565 D/BatteryInfo( 7428): time for getStats: 0ms
02-22 02:38:12.565 I/sysui_multi_action( 7428): [757,35,758,1,833,0,1089,0]
02-22 02:38:12.565 I/sysui_multi_action( 7428): [757,47,758,1,833,0,1089,0]
02-22 02:38:12.566 D/BatteryInfo( 7428): time for regular BatteryInfo: 1ms
02-22 02:38:12.566 D/BatteryInfo( 7428): time for getBatteryInfo: 0ms
02-22 02:38:12.567 D/BatteryTipLoader( 7428): BatteryInfoLoader post query: 1ms
02-22 02:38:12.567 I/input_interaction( 1503): Interaction with: edge-swipe (server), swipe-up (server), PointerEventDispatcher0 (server),
02-22 02:38:12.567 D/UsageGraph( 7428): No enabled state changed, skipping updateCategory call
02-22 02:38:12.568 D/BatteryInfo( 7428): time for getBatteryInfo: 1ms
02-22 02:38:12.568 D/BatteryTipLoader( 7428): BatteryInfoLoader.loadInBackground: 2ms
02-22 02:38:12.569 D/DashboardFragment( 7428): Cannot find preference with key when_to_start in Controller WhenToDreamPreferenceController
02-22 02:38:12.569 I/wm_on_top_resumed_gained_called( 7428): [92420193,com.android.settings.Settings,topWhenResuming]
02-22 02:38:12.578 I/BpBinder( 974): onLastStrongRef automatically unlinking death recipients:
02-22 02:38:12.583 I/input_focus( 1503): [Focus request c2feca5 com.android.settings/com.android.settings.Settings,reason=UpdateInputWindows]
02-22 02:38:12.587 W/BatteryBroadcastRcvr( 7428): Problem reading the battery meter.
02-22 02:38:12.588 D/BatteryInfo( 7428): time for callback: 0ms
02-22 02:38:12.589 D/BatteryInfo( 7428): time for getStats: 0ms
02-22 02:38:12.589 D/BatteryInfo( 7428): time for regular BatteryInfo: 0ms
02-22 02:38:12.589 D/BatteryInfo( 7428): time for getBatteryInfo: 0ms
02-22 02:38:12.590 D/BatteryTipLoader( 7428): BatteryInfoLoader post query: 0ms
02-22 02:38:12.591 D/BatteryInfo( 7428): time for getBatteryInfo: 1ms
02-22 02:38:12.591 D/BatteryTipLoader( 7428): BatteryInfoLoader.loadInBackground: 1ms
02-22 02:38:12.596 D/BatteryInfo( 7428): time for callback: 0ms
02-22 02:38:12.596 I/PowerManagerService( 1503): Powering on display group fromDreaming (groupId=0, uid=1000, reason=WAKE_REASON_UNKNOWN, details=android.server.power:DREAM_FINISHED)...
02-22 02:38:12.596 I/PowerManagerService( 1503): Waking up from Dreaming (uid=1000, reason=WAKE_REASON_UNKNOWN, details=android.server.power:DREAM_FINISHED)...
02-22 02:38:12.598 I/input_focus( 1503): [Focus entering c2feca5 com.android.settings/com.android.settings.Settings (server),reason=setFocusedWindow]
02-22 02:38:12.649 W/FreeFormWindowHelper( 1503): Current Display FreeFormTask is null
02-22 02:38:12.649 W/FreeFormWindowHelper( 1503): Current Display FreeFormTask is null
02-22 02:38:12.824 I/mpu_uart( 644): [MSG-P:R]:recv sync frame timeout
02-22 02:38:13.011 W/hpplay-java( 2708): [main]:IPManager:getActiveNets invalid networkInfo:null
02-22 02:38:13.011 I/hpplay-java( 2708): [main]:IPManager:getActiveNets eth0:false wifi:false mobile:false ap:false
02-22 02:38:13.012 I/hpplay-java( 2708): [main]:ServerTaskManager:get local ip:null
02-22 02:38:13.096 I/wm_destroy_activity( 1503): [0,93386157,112,com.thundercomm.screensaver/android.service.dreams.DreamActivity,finish-imm:idle]
02-22 02:38:13.114 I/wm_on_stop_called( 6011): [93386157,android.service.dreams.DreamActivity,LIFECYCLER_STOP_ACTIVITY]
02-22 02:38:13.114 I/wm_on_destroy_called( 6011): [93386157,android.service.dreams.DreamActivity,performDestroy]
02-22 02:38:13.115 I/DreamManagerService( 1503): Leaving dreamland.
02-22 02:38:13.115 I/DreamManagerService( 1503): Performing gentle wake from dream.
02-22 02:38:13.115 I/DreamController( 1503): Stopping dream: name=ComponentInfo{com.thundercomm.screensaver/com.thundercomm.saverclock.service.ClockScreensaver}, isTest=false, canDoze=false, userId=0, reason='finished self'(from 'finished self')
02-22 02:38:13.115 I/sysui_multi_action( 1503): [757,222,758,2]
02-22 02:38:13.115 I/sysui_multi_action( 1503): [757,804,799,dreaming_minutes,801,0,802,1]
02-22 02:38:13.116 W/InputManager-JNI( 1503): Input channel object '4282d65 com.thundercomm.screensaver/android.service.dreams.DreamActivity (client)' was disposed without first being removed with the input manager!
02-22 02:38:13.119 I/wm_task_removed( 1503): [112,removeChild:removeChild last r=ActivityRecord{590f5ad u0 com.thundercomm.screensaver/android.service.dreams.DreamActivity t-1 f}} in t=Task{709fe8c #112 type=dream A=10047:android:com.thundercomm.screensaver/dream U=0 visible=false mode=fullscreen translucent=true sz=0}]
02-22 02:38:13.119 I/wm_task_removed( 1503): [112,removeChild]
02-22 02:38:13.120 W/ActivityTaskManager( 1503): Can't find TaskDisplayArea to determine support for multi window. Task id=112 attached=false
02-22 02:38:13.220 I/mpu_uart( 644): [MSG-P:RECV]:No message received in 1000 ms
02-22 02:38:13.322 D/RemoteControlService( 2307): startVlanDispatchThread
02-22 02:38:13.464 I/input_interaction( 1503): Interaction with: c2feca5 com.android.settings/com.android.settings.Settings (server), edge-swipe (server), swipe-up (server), PointerEventDispatcher0 (server),
02-22 02:38:13.608 I/OpenGLRenderer( 7428): Davey! duration=9223366921471ms; Flags=0, FrameTimelineVsyncId=107037, IntendedVsync=5115383685807, Vsync=5115383685807, InputEventId=487653404, HandleInputStart=5115384619400, AnimationStart=5115384654348, PerformTraversalsStart=5115384655910, DrawStart=5115384764296, FrameDeadline=5115417019139, FrameInterval=5115384615233, FrameStartTime=16666666, SyncQueued=5115390646952, SyncStart=5115390707264, IssueDrawCommandsStart=5115391470285, SwapBuffers=5115395947525, FrameCompleted=9223372036854775807, DequeueBufferDuration=58229, QueueBufferDuration=1585156, GpuCompleted=9223372036854775807, SwapBuffersCompleted=5115399111379, DisplayPresentTime=0,
02-22 02:38:13.615 I/DashboardFragment( 7428): onPreferenceTreeClick: onPreferenceTreeClick::null
02-22 02:38:13.616 I/sysui_multi_action( 7428): [757,830,758,4,833,0,854,dream_start_button_container,1089,0]
02-22 02:38:13.636 I/OpenGLRenderer( 7428): Davey! duration=9223366921437ms; Flags=0, FrameTimelineVsyncId=107041, IntendedVsync=5115417602475, Vsync=5115417602475, InputEventId=250669472, HandleInputStart=5115420291900, AnimationStart=5115420293150, PerformTraversalsStart=5115420302473, DrawStart=5115426998462, FrameDeadline=5115450935807, FrameInterval=5115420287473, FrameStartTime=16666666, SyncQueued=5115428836900, SyncStart=5115428884660, IssueDrawCommandsStart=5115429712317, SwapBuffers=5115432762108, FrameCompleted=9223372036854775807, DequeueBufferDuration=30833, QueueBufferDuration=747865, GpuCompleted=9223372036854775807, SwapBuffersCompleted=5115434203827, DisplayPresentTime=-1,
02-22 02:38:13.822 I/commit_sys_config_file( 1503): [settings-2-0,6]
02-22 02:38:14.014 W/hpplay-java( 2708): [main]:IPManager:getActiveNets invalid networkInfo:null
02-22 02:38:14.014 I/hpplay-java( 2708): [main]:IPManager:getActiveNets eth0:false wifi:false mobile:false ap:false
02-22 02:38:14.014 I/hpplay-java( 2708): [main]:ServerTaskManager:get local ip:null
01-01 13:26:02.133 E/DTC_ETH,link_delay_work_func( 0): 3003, SQI=0, link=0
02-22 02:38:14.221 I/mpu_uart( 644): [MSG-P:RECV]:No message received in 1000 ms
02-22 02:38:14.493 I/input_interaction( 1503): Interaction with: a916dde StatusBar (server), edge-swipe (server), swipe-up (server), PointerEventDispatcher0 (server),
02-22 02:38:14.497 I/sysui_multi_action( 1966): [757,803,799,panel_open,802,1]
02-22 02:38:14.498 I/sysui_multi_action( 1966): [757,1328,758,4,1326,40,1327,1,1329,0]
02-22 02:38:14.537 D/StatusBar( 1966): disable disable2
02-22 02:38:14.537 I/sysui_multi_action( 1503): [757,127,758,1]
02-22 02:38:14.537 I/sysui_multi_action( 1503): [757,804,799,note_load,801,2,802,1]
02-22 02:38:14.537 I/notification_panel_revealed( 1503): 2
02-22 02:38:14.544 I/input_focus( 1503): [Focus request 91ac81d NotificationShade,reason=UpdateInputWindows]
02-22 02:38:14.553 I/sysui_multi_action( 1503): [757,128,758,1,793,5105572,794,0,795,5105572,796,26,798,0,806,android,857,DEVELOPER_IMPORTANT,858,4,947,0,1395,2,1500,5105167,1688,1]
02-22 02:38:14.553 I/sysui_multi_action( 1503): [757,804,799,note_freshness,801,5105572,802,1]
02-22 02:38:14.553 I/notification_visibility( 1503): [-1|android|26|null|1000,1,5105572,5105572,0,0]
02-22 02:38:14.553 I/sysui_multi_action( 1503): [757,128,758,1,793,5106175,794,0,795,5106175,796,32,798,1,806,android,857,USB,858,1,947,0,1395,2,1500,5106100,1688,1]
02-22 02:38:14.553 I/sysui_multi_action( 1503): [757,804,799,note_freshness,801,5106175,802,1]
02-22 02:38:14.553 I/notification_visibility( 1503): [-1|android|32|null|1000,1,5106175,5106175,0,1]
02-22 02:38:14.569 I/input_focus( 1503): [Focus leaving c2feca5 com.android.settings/com.android.settings.Settings (server),reason=setFocusedWindow]
02-22 02:38:14.569 I/input_focus( 1503): [Focus entering 91ac81d NotificationShade (server),reason=setFocusedWindow]
02-22 02:38:14.617 I/sysui_multi_action( 1966): [757,111,758,1]
02-22 02:38:14.618 I/sysui_multi_action( 1966): [757,126,758,1,759,126,927,0,928,1,1593,0]
02-22 02:38:14.618 I/sysui_multi_action( 1966): [757,113,758,1,759,113,927,1,928,1,1593,0]
02-22 02:38:14.618 I/sysui_multi_action( 1966): [757,0,758,1,759,0,927,2,928,0,1593,0]
02-22 02:38:14.618 I/sysui_multi_action( 1966): [757,0,758,1,759,0,927,3,928,0,1593,0]
02-22 02:38:14.619 I/sysui_multi_action( 1966): [757,491,758,1,759,491,927,4,928,0,1311,-1,1593,0]
02-22 02:38:14.619 I/sysui_multi_action( 1966): [757,0,758,1,759,0,927,5,928,0,1593,0]
02-22 02:38:14.619 I/sysui_multi_action( 1966): [757,111,758,1]
02-22 02:38:14.619 I/sysui_multi_action( 1966): [757,126,758,1,759,126,927,0,928,1,1593,0]
02-22 02:38:14.619 I/sysui_multi_action( 1966): [757,113,758,1,759,113,927,1,928,1,1593,0]
02-22 02:38:14.619 I/sysui_multi_action( 1966): [757,0,758,1,759,0,927,2,928,0,1593,0]
02-22 02:38:14.619 I/sysui_multi_action( 1966): [757,0,758,1,759,0,927,3,928,0,1593,0]
02-22 02:38:15.015 W/hpplay-java( 2708): [main]:IPManager:getActiveNets invalid networkInfo:null
02-22 02:38:15.015 I/hpplay-java( 2708): [main]:IPManager:getActiveNets eth0:false wifi:false mobile:false ap:false
02-22 02:38:15.015 I/hpplay-java( 2708): [main]:ServerTaskManager:get local ip:null
02-22 02:38:15.223 I/mpu_uart( 644): [MSG-P:RECV]:No message received in 1000 ms
02-22 02:38:15.673 I/input_interaction( 1503): Interaction with: 91ac81d NotificationShade (server), edge-swipe (server), swipe-up (server), PointerEventDispatcher0 (server),
02-22 02:38:15.827 I/mpu_uart( 644): [MSG-P:R]:recv sync frame timeout
02-22 02:38:15.830 I/PowerManagerService( 1503): Napping display group (groupId=0, uid=1000)...
02-22 02:38:15.830 I/PowerManagerService( 1503): Nap time (uid 1000)...
02-22 02:38:15.844 I/DreamManagerService( 1503): Entering dreamland.
02-22 02:38:15.849 I/PowerManagerService( 1503): Dreaming...
02-22 02:38:15.851 I/DreamController( 1503): Starting dream: name=ComponentInfo{com.thundercomm.screensaver/com.thundercomm.saverclock.service.ClockScreensaver}, isTest=false, canDoze=false, userId=0
02-22 02:38:15.851 I/sysui_multi_action( 1503): [757,222,758,1]
02-22 02:38:15.853 V/ShadeControllerImpl( 1966): NotificationShadeWindow: com.android.systemui.statusbar.phone.NotificationShadeWindowView{cd0ea98 V.E...... ........ 0,0-2380,1020} canPanelBeCollapsed(): true
02-22 02:38:15.858 D/CompatibilityInfo( 1503): mCompatibilityFlags - 4
02-22 02:38:15.858 D/CompatibilityInfo( 1503): applicationDensity - 240
02-22 02:38:15.858 D/CompatibilityInfo( 1503): applicationScale - 1.0
02-22 02:38:15.869 I/ActivityTaskManager( 1503): START u0 {flg=0x10000000 pkg=com.thundercomm.screensaver cmp=com.thundercomm.screensaver/android.service.dreams.DreamActivity (has extras)} from uid 10047
02-22 02:38:15.870 I/EventSequenceValidator( 1503): inc AccIntentStartedEvents to 2
02-22 02:38:15.871 I/wm_task_created( 1503): [113,-1]
02-22 02:38:15.871 W/ActivityTaskManager( 1503): Can't find TaskDisplayArea to determine support for multi window. Task id=113 attached=false
02-22 02:38:15.875 I/wm_task_moved( 1503): [113,1,7]
02-22 02:38:15.875 I/wm_task_to_front( 1503): [0,113]
02-22 02:38:15.875 I/wm_create_task( 1503): [0,113]
02-22 02:38:15.875 I/wm_create_activity( 1503): [0,241250421,113,com.thundercomm.screensaver/android.service.dreams.DreamActivity,NULL,NULL,NULL,276824064]
02-22 02:38:15.875 I/wm_task_moved( 1503): [113,1,7]
02-22 02:38:15.875 I/wm_on_top_resumed_lost_called( 7428): [92420193,com.android.settings.Settings,topStateChangedWhenResumed]
02-22 02:38:15.875 D/CompatibilityInfo( 1503): mCompatibilityFlags - 4
02-22 02:38:15.875 D/CompatibilityInfo( 1503): applicationDensity - 240
02-22 02:38:15.875 D/CompatibilityInfo( 1503): applicationScale - 1.0
02-22 02:38:15.876 D/ActivityTrigger( 1503): ActivityTrigger activityPauseTrigger
02-22 02:38:15.876 I/wm_pause_activity( 1503): [0,92420193,com.android.settings/.Settings,userLeaving=true,pauseBackTasks]
02-22 02:38:15.880 I/input_focus( 1503): [Focus request c2feca5 com.android.settings/com.android.settings.Settings,reason=UpdateInputWindows]
02-22 02:38:15.880 I/sysui_multi_action( 7428): [757,35,758,2,1089,3315]
02-22 02:38:15.880 I/sysui_multi_action( 7428): [757,47,758,2,1089,3315]
02-22 02:38:15.881 I/wm_on_paused_called( 7428): [92420193,com.android.settings.Settings,performPause]
02-22 02:38:15.881 I/ActivityTaskManager( 1503): FOREGROUND_APPLICATION_CHANGED to android.service.dreams.DreamActivity
02-22 02:38:15.881 I/ActivityTaskManager( 1503): The Process com.thundercomm.screensaver Already Exists in BG. So sending its PID: 6011
02-22 02:38:15.882 W/ActivityTaskManager( 1503): Tried to set launchTime (0) < mLastActivityLaunchTime (5113266)
02-22 02:38:15.882 I/wm_add_to_stopping( 1503): [0,92420193,com.android.settings/.Settings,makeInvisible]
02-22 02:38:15.882 I/wm_restart_activity( 1503): [0,241250421,113,com.thundercomm.screensaver/android.service.dreams.DreamActivity]
02-22 02:38:15.882 D/CompatibilityInfo( 1503): mCompatibilityFlags - 4
02-22 02:38:15.882 D/CompatibilityInfo( 1503): applicationDensity - 240
02-22 02:38:15.882 D/CompatibilityInfo( 1503): applicationScale - 1.0
02-22 02:38:15.883 I/wm_set_resumed_activity( 1503): [0,com.thundercomm.screensaver/android.service.dreams.DreamActivity,minimalResumeActivityLocked]
02-22 02:38:15.886 I/sysui_multi_action( 1503): [757,803,799,window_time_0,802,3]
02-22 02:38:15.888 I/input_focus( 1503): [Focus leaving 91ac81d NotificationShade (server),reason=NOT_FOCUSABLE]
02-22 02:38:15.889 I/wm_on_create_called( 6011): [241250421,android.service.dreams.DreamActivity,performCreate]
02-22 02:38:15.889 I/wm_on_start_called( 6011): [241250421,android.service.dreams.DreamActivity,handleStartActivity]
02-22 02:38:15.889 I/GameMode_ActivityMonitoringService( 2087): Notifying about top task: com.thundercomm.screensaver, isInMiniWindowMode: false
02-22 02:38:15.889 I/GameMode_ActivityMonitoringService( 2087): onActivityLaunch: com.thundercomm.screensaver, isGameApp: false
02-22 02:38:15.889 V/GameMode_GpuUtils( 2087): fps:60
02-22 02:38:15.889 I/wm_on_resume_called( 6011): [241250421,android.service.dreams.DreamActivity,RESUME_ACTIVITY]
02-22 02:38:15.890 W/WindowManager( 1503): Failed looking up window session=Session{49d8732 6011:u0a10047} callers=com.android.server.wm.WindowManagerService.windowForClientLocked:5628 com.android.server.wm.Session.insetsModified:629 android.view.IWindowSession$Stub.onTransact:1151
02-22 02:38:15.891 D/GameModeIF_GameModeSettings( 2087): getUriFor setting_content_uri_root = content://com.thundercomm.gamemode.api/gamemode_settings , name = gamemode_enable
02-22 02:38:15.891 D/KeyguardViewMediator( 1966): setOccluded true
02-22 02:38:15.892 I/wm_on_top_resumed_gained_called( 6011): [241250421,android.service.dreams.DreamActivity,topStateChangedWhenResumed]
02-22 02:38:15.892 V/KeyguardUpdateMonitor( 1966): startListeningForFingerprint()
02-22 02:38:15.893 D/KeyguardViewMediator( 1966): adjustStatusBarLocked: mShowing=false mOccluded=true isSecure=false force=false --> flags=0x0
02-22 02:38:15.903 E/ThemeUtils( 6011): View class androidx.appcompat.widget.AppCompatImageView is an AppCompat widget that can only be used with a Theme.AppCompat theme (or descendant).
02-22 02:38:15.903 E/ThemeUtils( 6011): View class androidx.appcompat.widget.AppCompatImageView is an AppCompat widget that can only be used with a Theme.AppCompat theme (or descendant).
02-22 02:38:15.904 E/ThemeUtils( 6011): View class androidx.appcompat.widget.AppCompatImageView is an AppCompat widget that can only be used with a Theme.AppCompat theme (or descendant).
02-22 02:38:15.904 E/ThemeUtils( 6011): View class androidx.appcompat.widget.AppCompatImageView is an AppCompat widget that can only be used with a Theme.AppCompat theme (or descendant).
02-22 02:38:15.911 I/input_focus( 1503): [Focus request dbf92d com.thundercomm.screensaver/android.service.dreams.DreamActivity,reason=UpdateInputWindows]
02-22 02:38:15.922 I/GameModeConfig( 1503): isGameModeOn = false
02-22 02:38:15.922 I/GameModeConfig( 1503): isGameModeOn = false
02-22 02:38:15.922 I/GameModeConfig( 1503): isGameModeOn = false
02-22 02:38:15.922 I/GameModeConfig( 1503): isGameModeOn = false
02-22 02:38:15.923 I/sysui_multi_action( 1966): [757,111,758,2]
02-22 02:38:15.923 I/notification_enqueue( 1503): [10078,1966,com.android.systemui,2048,NULL,0,Notification(channel=updateNotification shortcut=null contentView=null vibrate=null sound=null defaults=0x0 flags=0x0 color=0x00000000 vis=PRIVATE),1]
02-22 02:38:15.923 I/sysui_multi_action( 1966): [757,111,758,2]
02-22 02:38:15.923 I/sysui_multi_action( 1503): [319,52,322,48,325,5117,757,761,758,8,759,2,806,com.thundercomm.screensaver,871,android.service.dreams.DreamActivity,904,com.thundercomm.screensaver,905,0,1320,4,1321,2]
02-22 02:38:15.923 I/wm_activity_launch_time( 1503): [0,241250421,com.thundercomm.screensaver/android.service.dreams.DreamActivity,48]
02-22 02:38:15.926 I/ActivityTaskManager( 1503): Displayed com.thundercomm.screensaver/android.service.dreams.DreamActivity: +48ms
02-22 02:38:15.928 I/EventSequenceValidator( 1503): dec AccIntentStartedEvents to 1
02-22 02:38:15.929 E/tlogd ( 1270): [TzLogger](isPathReadable) file /sys/kernel/debug/tzdbg/qsee_log isn't exist or no permission, err: No such file or directory
02-22 02:38:15.929 E/tlogd ( 1270): [TzLogger](saveTzlogAsync) /sys/kernel/debug/tzdbg/qsee_log can not read.
02-22 02:38:15.929 E/tlogd ( 1270): [TzLogger](isPathReadable) file /sys/kernel/debug/tzdbg/log isn't exist or no permission, err: No such file or directory
02-22 02:38:15.929 E/tlogd ( 1270): [TzLogger](saveTzlogAsync) /sys/kernel/debug/tzdbg/log can not read.
02-22 02:38:15.936 I/sysui_multi_action( 1966): [757,111,758,1]
02-22 02:38:15.936 I/sysui_multi_action( 1966): [757,126,758,1,759,126,927,0,928,1,1593,1]
02-22 02:38:15.936 I/sysui_multi_action( 1966): [757,113,758,1,759,113,927,1,928,1,1593,1]
02-22 02:38:15.936 I/sysui_multi_action( 1966): [757,0,758,1,759,0,927,2,928,0,1593,1]
02-22 02:38:15.936 I/sysui_multi_action( 1966): [757,0,758,1,759,0,927,3,928,0,1593,1]
02-22 02:38:15.937 I/sysui_multi_action( 1966): [757,491,758,1,759,491,927,4,928,0,1311,-1,1593,0]
02-22 02:38:15.937 I/sysui_multi_action( 1966): [757,0,758,1,759,0,927,5,928,0,1593,0]
02-22 02:38:15.937 I/sysui_multi_action( 1966): [757,111,758,1]
02-22 02:38:15.937 I/sysui_multi_action( 1966): [757,126,758,1,759,126,927,0,928,1,1593,1]
02-22 02:38:15.937 I/sysui_multi_action( 1966): [757,113,758,1,759,113,927,1,928,1,1593,1]
02-22 02:38:15.937 I/sysui_multi_action( 1966): [757,0,758,1,759,0,927,2,928,0,1593,1]
02-22 02:38:15.937 I/sysui_multi_action( 1966): [757,0,758,1,759,0,927,3,928,0,1593,1]
02-22 02:38:15.946 D/StatusBar( 1966): disable disable2
02-22 02:38:15.954 I/input_focus( 1503): [Focus entering dbf92d com.thundercomm.screensaver/android.service.dreams.DreamActivity (server),reason=Window became focusable. Previous reason: NOT_VISIBLE]
02-22 02:38:15.964 W/System ( 1966): A resource failed to call close.
02-22 02:38:15.965 W/System ( 1966): A resource failed to call close.
02-22 02:38:15.965 W/System ( 1966): A resource failed to call release.
02-22 02:38:15.965 W/System ( 1966): A resource failed to call close.
02-22 02:38:15.965 W/System ( 1966): A resource failed to call release.
02-22 02:38:15.984 W/FreeFormWindowHelper( 1503): Current Display FreeFormTask is null
02-22 02:38:15.985 W/FreeFormWindowHelper( 1503): Current Display FreeFormTask is null
02-22 02:38:16.017 W/hpplay-java( 2708): [main]:IPManager:getActiveNets invalid networkInfo:null
02-22 02:38:16.017 I/hpplay-java( 2708): [main]:IPManager:getActiveNets eth0:false wifi:false mobile:false ap:false
02-22 02:38:16.017 I/hpplay-java( 2708): [main]:ServerTaskManager:get local ip:null
02-22 02:38:16.029 I/commit_sys_config_file( 1503): [settings-2-0,1]
02-22 02:38:16.072 I/hpplay-java( 2708): [main]:IMTask:getIMRoot
02-22 02:38:16.074 W/hpplay-java( 2708): [AsyncTask #222]:HttpRequest:
02-22 02:38:16.074 W/hpplay-java( 2708): [AsyncTask #222]:HttpRequest:
02-22 02:38:16.074 W/hpplay-java( 2708): [AsyncTask #222]:HttpRequest:
02-22 02:38:16.074 E/hpplay-java( 2708): [main]:IMTask:getIMRoot failed
02-22 02:38:16.124 I/GameModeConfig( 1503): isGameModeOn = false
02-22 02:38:16.156 D/InterruptionStateProvider( 1966): No bubble up: not allowed to bubble: 0|com.android.systemui|2048|null|10078
02-22 02:38:16.156 D/InterruptionStateProvider( 1966): No heads up: unimportant notification: 0|com.android.systemui|2048|null|10078
02-22 02:38:16.157 D/PeopleSpaceWidgetMgr( 1966): Sbn doesn't contain valid PeopleTileKey: null/0/com.android.systemui
02-22 02:38:16.171 I/GameModeConfig( 1503): isGameModeOn = false
02-22 02:38:16.171 I/GameModeConfig( 1503): isGameModeOn = false
02-22 02:38:16.171 I/GameModeConfig( 1503): isGameModeOn = false
02-22 02:38:16.171 I/GameModeConfig( 1503): isGameModeOn = false
02-22 02:38:16.171 I/sysui_multi_action( 1966): [757,111,758,2]
02-22 02:38:16.171 I/notification_enqueue( 1503): [10078,1966,com.android.systemui,2048,NULL,0,Notification(channel=updateNotification shortcut=null contentView=null vibrate=null sound=null defaults=0x0 flags=0x0 color=0x00000000 vis=PRIVATE),1]
02-22 02:38:16.171 I/sysui_multi_action( 1966): [757,111,758,2]
02-22 02:38:16.223 I/mpu_uart( 644): [MSG-P:RECV]:No message received in 1000 ms
02-22 02:38:16.372 I/GameModeConfig( 1503): isGameModeOn = false
02-22 02:38:16.372 E/NotificationService( 1503): Muting recently noisy 0|com.android.systemui|2048|null|10078
02-22 02:38:16.377 I/sysui_multi_action( 1503): [757,128,758,2,793,5107396,794,1824,795,5107396,796,26,798,0,806,android,857,DEVELOPER_IMPORTANT,858,4,947,0,1395,2,1500,5106991,1688,1]
02-22 02:38:16.377 I/notification_visibility( 1503): [-1|android|26|null|1000,0,5107396,5107396,0,0]
02-22 02:38:16.377 I/sysui_multi_action( 1503): [757,128,758,2,793,5107999,794,1824,795,5107999,796,32,798,1,806,android,857,USB,858,1,947,0,1395,2,1500,5107924,1688,1]
02-22 02:38:16.377 I/notification_visibility( 1503): [-1|android|32|null|1000,0,5107999,5107999,0,1]
02-22 02:38:16.378 D/StatusBar( 1966): disable disable2
02-22 02:38:16.378 I/sysui_multi_action( 1503): [757,127,758,2]
02-22 02:38:16.378 I/notification_panel_hidden( 1503):
02-22 02:38:16.378 I/BpBinder( 974): onLastStrongRef automatically unlinking death recipients:
02-22 02:38:16.391 D/InterruptionStateProvider( 1966): No bubble up: not allowed to bubble: 0|com.android.systemui|2048|null|10078
02-22 02:38:16.391 D/InterruptionStateProvider( 1966): No heads up: unimportant notification: 0|com.android.systemui|2048|null|10078
02-22 02:38:16.392 D/PeopleSpaceWidgetMgr( 1966): Sbn doesn't contain valid PeopleTileKey: null/0/com.android.systemui
02-22 02:38:16.405 V/KeyguardUpdateMonitor( 1966): *** unregister callback for com.android.keyguard.CarrierTextManager$2@ed72c51
02-22 02:38:16.421 I/wm_stop_activity( 1503): [0,92420193,com.android.settings/.Settings]
02-22 02:38:16.443 I/wm_on_stop_called( 7428): [92420193,com.android.settings.Settings,STOP_ACTIVITY_ITEM]
02-22 02:38:16.487 W/Choreographer( 6011): Frame time is 0.193994 ms in the future! Check that graphics HAL is generating vsync timestamps using the correct timebase.
02-22 02:38:16.487 W/Choreographer( 1966): Frame time is 0.198994 ms in the future! Check that graphics HAL is generating vsync timestamps using the correct timebase.
02-22 02:38:16.503 W/System ( 1503): A resource failed to call release.
02-22 02:38:16.503 W/System ( 1503): A resource failed to call release.
02-22 02:38:16.503 W/System ( 1503): A resource failed to call close.
02-22 02:38:16.503 W/System ( 1503): A resource failed to call close.
02-22 02:38:16.911 I/input_interaction( 1503): Interaction with: dbf92d com.thundercomm.screensaver/android.service.dreams.DreamActivity (server), edge-swipe (server), swipe-up (server), PointerEventDispatcher0 (server),
02-22 02:38:16.912 I/wm_finish_activity( 1503): [0,241250421,113,com.thundercomm.screensaver/android.service.dreams.DreamActivity,finish-activity]
02-22 02:38:16.912 I/wm_task_moved( 1503): [110,1,6]
02-22 02:38:16.912 I/wm_task_to_front( 1503): [0,110]
02-22 02:38:16.912 I/wm_focused_root_task( 1503): [0,0,110,113,finish-top adjustFocusToNextFocusableTask]
02-22 02:38:16.912 D/ActivityTrigger( 1503): ActivityTrigger activityPauseTrigger
02-22 02:38:16.913 I/wm_pause_activity( 1503): [0,241250421,com.thundercomm.screensaver/android.service.dreams.DreamActivity,userLeaving=false,finish]
02-22 02:38:16.914 I/DreamManagerService( 1503): Gently waking up from dream.
02-22 02:38:16.914 I/DreamManagerService( 1503): Performing gentle wake from dream.
02-22 02:38:16.914 I/wm_on_top_resumed_lost_called( 6011): [241250421,android.service.dreams.DreamActivity,topStateChangedWhenResumed]
02-22 02:38:16.914 I/wm_on_paused_called( 6011): [241250421,android.service.dreams.DreamActivity,performPause]
02-22 02:38:16.915 I/wm_add_to_stopping( 1503): [0,241250421,com.thundercomm.screensaver/android.service.dreams.DreamActivity,completeFinishing]
02-22 02:38:16.915 I/ActivityTaskManager( 1503): FOREGROUND_APPLICATION_CHANGED to com.android.settings.homepage.SettingsHomepageActivity
02-22 02:38:16.916 I/wm_set_resumed_activity( 1503): [0,com.android.settings/.Settings,resumeTopActivityInnerLocked]
02-22 02:38:16.916 D/KeyguardViewMediator( 1966): setOccluded false
02-22 02:38:16.916 D/StatusBar( 1966): disable disable2
02-22 02:38:16.916 I/wm_resume_activity( 1503): [0,92420193,110,com.android.settings/.Settings]
02-22 02:38:16.916 D/KeyguardViewMediator( 1966): adjustStatusBarLocked: mShowing=false mOccluded=false isSecure=false force=false --> flags=0x0
02-22 02:38:16.918 I/sysui_multi_action( 1503): [757,803,799,window_time_0,802,1]
02-22 02:38:16.919 I/sysui_multi_action( 1503): [757,803,799,window_time_0,802,0]
02-22 02:38:16.920 I/GameMode_ActivityMonitoringService( 2087): Notifying about top task: com.android.settings, isInMiniWindowMode: false
02-22 02:38:16.920 I/GameMode_ActivityMonitoringService( 2087): onActivityLaunch: com.android.settings, isGameApp: false
02-22 02:38:16.920 V/GameMode_GpuUtils( 2087): fps:60
02-22 02:38:16.921 D/GameModeIF_GameModeSettings( 2087): getUriFor setting_content_uri_root = content://com.thundercomm.gamemode.api/gamemode_settings , name = gamemode_enable
02-22 02:38:16.924 I/input_focus( 1503): [Focus leaving dbf92d com.thundercomm.screensaver/android.service.dreams.DreamActivity (server),reason=NO_WINDOW]
02-22 02:38:16.924 I/wm_on_restart_called( 7428): [92420193,com.android.settings.Settings,performRestartActivity]
02-22 02:38:16.924 I/view_enqueue_input_event( 6011): [Motion - Cancel,com.thundercomm.screensaver/android.service.dreams.DreamActivity]
02-22 02:38:16.924 W/BatteryBroadcastRcvr( 7428): Problem reading the battery meter.
02-22 02:38:16.925 I/wm_on_start_called( 7428): [92420193,com.android.settings.Settings,handleStartActivity]
