02-22 02:35:27.395 I/wm_task_to_front( 1503): [0,93]
02-22 02:35:27.395 I/wm_create_task( 1503): [0,93]
02-22 02:35:27.395 I/wm_create_activity( 1503): [0,104373646,93,com.thundercomm.screensaver/android.service.dreams.DreamActivity,NULL,NULL,NULL,276824064]
02-22 02:35:27.395 I/wm_task_moved( 1503): [93,1,9]
02-22 02:35:27.397 I/wm_pause_activity( 1503): [0,250080366,com.android.settings/.Settings,userLeaving=true,pauseBackTasks]
02-22 02:35:27.399 I/wm_on_top_resumed_lost_called( 4132): [250080366,com.android.settings.Settings,topStateChangedWhenResumed]
02-22 02:35:27.400 I/sysui_multi_action( 4132): [757,35,758,2,1089,2388]
02-22 02:35:27.400 I/sysui_multi_action( 4132): [757,47,758,2,1089,2387]
02-22 02:35:27.401 I/wm_on_paused_called( 4132): [250080366,com.android.settings.Settings,performPause]
02-22 02:35:27.402 I/wm_add_to_stopping( 1503): [0,250080366,com.android.settings/.Settings,makeInvisible]
02-22 02:35:27.403 I/wm_restart_activity( 1503): [0,104373646,93,com.thundercomm.screensaver/android.service.dreams.DreamActivity]
02-22 02:35:27.403 I/wm_set_resumed_activity( 1503): [0,com.thundercomm.screensaver/android.service.dreams.DreamActivity,minimalResumeActivityLocked]
02-22 02:35:27.408 I/sysui_multi_action( 1503): [757,803,799,window_time_0,802,3]
02-22 02:35:27.410 I/wm_on_create_called( 6011): [104373646,android.service.dreams.DreamActivity,performCreate]
02-22 02:35:27.410 I/wm_on_start_called( 6011): [104373646,android.service.dreams.DreamActivity,handleStartActivity]
02-22 02:35:27.410 I/wm_on_resume_called( 6011): [104373646,android.service.dreams.DreamActivity,RESUME_ACTIVITY]
02-22 02:35:27.412 I/wm_on_top_resumed_gained_called( 6011): [104373646,android.service.dreams.DreamActivity,topStateChangedWhenResumed]
02-22 02:35:27.416 I/input_focus( 1503): [Focus leaving 91ac81d NotificationShade (server),reason=NOT_FOCUSABLE]
02-22 02:35:27.424 I/input_focus( 1503): [Focus request 13ed066 com.thundercomm.screensaver/android.service.dreams.DreamActivity,reason=UpdateInputWindows]
02-22 02:35:27.435 I/notification_enqueue( 1503): [10078,1966,com.android.systemui,2048,NULL,0,Notification(channel=updateNotification shortcut=null contentView=null vibrate=null sound=null defaults=0x0 flags=0x0 color=0x00000000 vis=PRIVATE),1]
02-22 02:35:27.435 I/sysui_multi_action( 1966): [757,111,758,2]
02-22 02:35:27.435 I/sysui_multi_action( 1966): [757,111,758,2]
02-22 02:35:27.441 I/sysui_multi_action( 1503): [319,52,322,44,325,4949,757,761,758,8,759,2,806,com.thundercomm.screensaver,871,android.service.dreams.DreamActivity,904,com.thundercomm.screensaver,905,0,1320,4,1321,2]
02-22 02:35:27.442 I/wm_activity_launch_time( 1503): [0,104373646,com.thundercomm.screensaver/android.service.dreams.DreamActivity,44]
02-22 02:35:27.448 I/sysui_multi_action( 1966): [757,111,758,1]
02-22 02:35:27.448 I/sysui_multi_action( 1966): [757,126,758,1,759,126,927,0,928,1,1593,0]
02-22 02:35:27.448 I/sysui_multi_action( 1966): [757,113,758,1,759,113,927,1,928,1,1593,0]
02-22 02:35:27.448 I/sysui_multi_action( 1966): [757,0,758,1,759,0,927,2,928,0,1593,0]
02-22 02:35:27.448 I/sysui_multi_action( 1966): [757,0,758,1,759,0,927,3,928,0,1593,0]
02-22 02:35:27.448 I/sysui_multi_action( 1966): [757,491,758,1,759,491,927,4,928,0,1311,-1,1593,0]
02-22 02:35:27.448 I/sysui_multi_action( 1966): [757,0,758,1,759,0,927,5,928,0,1593,0]
02-22 02:35:27.448 I/sysui_multi_action( 1966): [757,111,758,1]
02-22 02:35:27.448 I/sysui_multi_action( 1966): [757,126,758,1,759,126,927,0,928,1,1593,1]
02-22 02:35:27.448 I/sysui_multi_action( 1966): [757,113,758,1,759,113,927,1,928,1,1593,1]
02-22 02:35:27.448 I/sysui_multi_action( 1966): [757,0,758,1,759,0,927,2,928,0,1593,1]
02-22 02:35:27.449 I/sysui_multi_action( 1966): [757,0,758,1,759,0,927,3,928,0,1593,1]
02-22 02:35:27.466 I/input_focus( 1503): [Focus entering 13ed066 com.thundercomm.screensaver/android.service.dreams.DreamActivity (server),reason=Window became focusable. Previous reason: NOT_VISIBLE]
02-22 02:35:27.562 I/commit_sys_config_file( 1503): [settings-2-0,1]
02-22 02:35:27.699 I/notification_enqueue( 1503): [10078,1966,com.android.systemui,2048,NULL,0,Notification(channel=updateNotification shortcut=null contentView=null vibrate=null sound=null defaults=0x0 flags=0x0 color=0x00000000 vis=PRIVATE),1]
02-22 02:35:27.699 I/sysui_multi_action( 1966): [757,111,758,2]
02-22 02:35:27.699 I/sysui_multi_action( 1966): [757,111,758,2]
02-22 02:35:27.906 I/sysui_multi_action( 1503): [757,128,758,2,793,4938925,794,1587,795,4938925,796,26,798,0,806,android,857,DEVELOPER_IMPORTANT,858,4,947,0,1395,2,1500,4938520,1688,1]
02-22 02:35:27.906 I/notification_visibility( 1503): [-1|android|26|null|1000,0,4938925,4938925,0,0]
02-22 02:35:27.906 I/sysui_multi_action( 1503): [757,128,758,2,793,4939528,794,1586,795,4939528,796,32,798,1,806,android,857,USB,858,1,947,0,1395,2,1500,4939453,1688,1]
02-22 02:35:27.906 I/notification_visibility( 1503): [-1|android|32|null|1000,0,4939528,4939528,0,1]
02-22 02:35:27.906 I/sysui_multi_action( 1503): [757,127,758,2]
02-22 02:35:27.906 I/notification_panel_hidden( 1503):
02-22 02:35:27.951 I/wm_stop_activity( 1503): [0,250080366,com.android.settings/.Settings]
02-22 02:35:27.973 I/wm_on_stop_called( 4132): [250080366,com.android.settings.Settings,STOP_ACTIVITY_ITEM]
02-22 02:35:28.213 I/input_interaction( 1503): Interaction with: 13ed066 com.thundercomm.screensaver/android.service.dreams.DreamActivity (server), edge-swipe (server), swipe-up (server), PointerEventDispatcher0 (server),
02-22 02:35:28.213 I/wm_finish_activity( 1503): [0,104373646,93,com.thundercomm.screensaver/android.service.dreams.DreamActivity,finish-activity]
02-22 02:35:28.213 I/wm_task_moved( 1503): [45,1,8]
02-22 02:35:28.213 I/wm_task_to_front( 1503): [0,45]
02-22 02:35:28.214 I/wm_focused_root_task( 1503): [0,0,45,93,finish-top adjustFocusToNextFocusableTask]
02-22 02:35:28.214 I/wm_pause_activity( 1503): [0,104373646,com.thundercomm.screensaver/android.service.dreams.DreamActivity,userLeaving=false,finish]
02-22 02:35:28.216 I/wm_on_top_resumed_lost_called( 6011): [104373646,android.service.dreams.DreamActivity,topStateChangedWhenResumed]
02-22 02:35:28.216 I/sysui_multi_action( 1503): [757,803,799,window_time_0,802,1]
02-22 02:35:28.216 I/wm_on_paused_called( 6011): [104373646,android.service.dreams.DreamActivity,performPause]
02-22 02:35:28.216 I/wm_add_to_stopping( 1503): [0,104373646,com.thundercomm.screensaver/android.service.dreams.DreamActivity,completeFinishing]
02-22 02:35:28.217 I/wm_set_resumed_activity( 1503): [0,com.android.settings/.Settings,resumeTopActivityInnerLocked]
02-22 02:35:28.218 I/wm_resume_activity( 1503): [0,250080366,45,com.android.settings/.Settings]
02-22 02:35:28.221 I/sysui_multi_action( 1503): [757,803,799,window_time_0,802,0]
02-22 02:35:28.234 I/view_enqueue_input_event( 6011): [Motion - Cancel,com.thundercomm.screensaver/android.service.dreams.DreamActivity]
02-22 02:35:28.234 I/wm_on_restart_called( 4132): [250080366,com.android.settings.Settings,performRestartActivity]
02-22 02:35:28.234 I/input_focus( 1503): [Focus leaving 13ed066 com.thundercomm.screensaver/android.service.dreams.DreamActivity (server),reason=NO_WINDOW]
02-22 02:35:28.235 I/wm_on_start_called( 4132): [250080366,com.android.settings.Settings,handleStartActivity]
02-22 02:35:28.235 I/snet_event_log( 4132): [120484087,-1,]
02-22 02:35:28.236 I/wm_on_resume_called( 4132): [250080366,com.android.settings.Settings,RESUME_ACTIVITY]
02-22 02:35:28.236 I/sysui_multi_action( 4132): [757,35,758,1,833,0,1089,0]
02-22 02:35:28.237 I/sysui_multi_action( 4132): [757,47,758,1,833,0,1089,0]
02-22 02:35:28.237 I/input_interaction( 1503): Interaction with: edge-swipe (server), swipe-up (server), PointerEventDispatcher0 (server),
02-22 02:35:28.240 I/wm_on_top_resumed_gained_called( 4132): [250080366,com.android.settings.Settings,topWhenResuming]
02-22 02:35:28.254 I/input_focus( 1503): [Focus request ab95283 com.android.settings/com.android.settings.Settings,reason=UpdateInputWindows]
02-22 02:35:28.268 I/input_focus( 1503): [Focus entering ab95283 com.android.settings/com.android.settings.Settings (server),reason=setFocusedWindow]
02-22 02:35:28.768 I/wm_destroy_activity( 1503): [0,104373646,93,com.thundercomm.screensaver/android.service.dreams.DreamActivity,finish-imm:idle]
02-22 02:35:28.785 I/wm_on_stop_called( 6011): [104373646,android.service.dreams.DreamActivity,LIFECYCLER_STOP_ACTIVITY]
02-22 02:35:28.785 I/wm_on_destroy_called( 6011): [104373646,android.service.dreams.DreamActivity,performDestroy]
02-22 02:35:28.786 I/sysui_multi_action( 1503): [757,222,758,2]
02-22 02:35:28.786 I/sysui_multi_action( 1503): [757,804,799,dreaming_minutes,801,0,802,1]
02-22 02:35:28.789 I/wm_task_removed( 1503): [93,removeChild:removeChild last r=ActivityRecord{6389d8e u0 com.thundercomm.screensaver/android.service.dreams.DreamActivity t-1 f}} in t=Task{50d1c31 #93 type=dream A=10047:android:com.thundercomm.screensaver/dream U=0 visible=false mode=fullscreen translucent=true sz=0}]
02-22 02:35:28.789 I/wm_task_removed( 1503): [93,removeChild]
02-22 02:35:28.885 I/input_interaction( 1503): Interaction with: a916dde StatusBar (server), edge-swipe (server), swipe-up (server), PointerEventDispatcher0 (server),
02-22 02:35:28.885 I/sysui_multi_action( 1966): [757,803,799,panel_open,802,1]
02-22 02:35:28.886 I/sysui_multi_action( 1966): [757,1328,758,4,1326,42,1327,5,1329,0]
02-22 02:35:28.919 I/sysui_multi_action( 1503): [757,127,758,1]
02-22 02:35:28.919 I/sysui_multi_action( 1503): [757,804,799,note_load,801,2,802,1]
02-22 02:35:28.919 I/notification_panel_revealed( 1503): 2
02-22 02:35:28.922 I/input_focus( 1503): [Focus request 91ac81d NotificationShade,reason=UpdateInputWindows]
02-22 02:35:28.925 I/sysui_multi_action( 1503): [757,128,758,1,793,4939944,794,0,795,4939944,796,26,798,0,806,android,857,DEVELOPER_IMPORTANT,858,4,947,0,1395,2,1500,4939539,1688,1]
02-22 02:35:28.925 I/sysui_multi_action( 1503): [757,804,799,note_freshness,801,4939944,802,1]
02-22 02:35:28.925 I/notification_visibility( 1503): [-1|android|26|null|1000,1,4939944,4939944,0,0]
02-22 02:35:28.926 I/sysui_multi_action( 1503): [757,128,758,1,793,4940548,794,0,795,4940548,796,32,798,1,806,android,857,USB,858,1,947,0,1395,2,1500,4940473,1688,1]
02-22 02:35:28.926 I/sysui_multi_action( 1503): [757,804,799,note_freshness,801,4940548,802,1]
02-22 02:35:28.926 I/notification_visibility( 1503): [-1|android|32|null|1000,1,4940548,4940548,0,1]
02-22 02:35:28.936 I/input_focus( 1503): [Focus leaving ab95283 com.android.settings/com.android.settings.Settings (server),reason=setFocusedWindow]
02-22 02:35:28.936 I/input_focus( 1503): [Focus entering 91ac81d NotificationShade (server),reason=setFocusedWindow]
02-22 02:35:28.985 I/sysui_multi_action( 1966): [757,111,758,1]
02-22 02:35:28.985 I/sysui_multi_action( 1966): [757,126,758,1,759,126,927,0,928,1,1593,0]
02-22 02:35:28.985 I/sysui_multi_action( 1966): [757,113,758,1,759,113,927,1,928,1,1593,0]
02-22 02:35:28.985 I/sysui_multi_action( 1966): [757,0,758,1,759,0,927,2,928,0,1593,0]
02-22 02:35:28.985 I/sysui_multi_action( 1966): [757,0,758,1,759,0,927,3,928,0,1593,0]
02-22 02:35:28.985 I/sysui_multi_action( 1966): [757,491,758,1,759,491,927,4,928,0,1311,-1,1593,0]
02-22 02:35:28.985 I/sysui_multi_action( 1966): [757,0,758,1,759,0,927,5,928,0,1593,0]
02-22 02:35:28.986 I/sysui_multi_action( 1966): [757,111,758,1]
02-22 02:35:28.986 I/sysui_multi_action( 1966): [757,126,758,1,759,126,927,0,928,1,1593,0]
02-22 02:35:28.986 I/sysui_multi_action( 1966): [757,113,758,1,759,113,927,1,928,1,1593,0]
02-22 02:35:28.986 I/sysui_multi_action( 1966): [757,0,758,1,759,0,927,2,928,0,1593,0]
02-22 02:35:28.986 I/sysui_multi_action( 1966): [757,0,758,1,759,0,927,3,928,0,1593,0]
02-22 02:35:29.641 I/sysui_multi_action( 1966): [757,111,758,2]
02-22 02:35:29.641 I/notification_enqueue( 1503): [10078,1966,com.android.systemui,2048,NULL,0,Notification(channel=updateNotification shortcut=null contentView=null vibrate=null sound=null defaults=0x0 flags=0x0 color=0x00000000 vis=PRIVATE),1]
02-22 02:35:29.641 I/sysui_multi_action( 1966): [757,111,758,2]
02-22 02:35:29.783 I/input_focus( 1503): [Focus request ab95283 com.android.settings/com.android.settings.Settings,reason=UpdateInputWindows]
02-22 02:35:29.789 I/sysui_multi_action( 1503): [757,128,758,2,793,4940808,794,864,795,4940808,796,26,798,0,806,android,857,DEVELOPER_IMPORTANT,858,4,947,0,1395,2,1500,4940403,1688,1]
02-22 02:35:29.790 I/notification_visibility( 1503): [-1|android|26|null|1000,0,4940808,4940808,0,0]
02-22 02:35:29.790 I/sysui_multi_action( 1503): [757,128,758,2,793,4941412,794,864,795,4941412,796,32,798,1,806,android,857,USB,858,1,947,0,1395,2,1500,4941337,1688,1]
02-22 02:35:29.790 I/notification_visibility( 1503): [-1|android|32|null|1000,0,4941412,4941412,0,1]
02-22 02:35:29.792 I/sysui_multi_action( 1503): [757,127,758,2]
02-22 02:35:29.792 I/notification_panel_hidden( 1503):
02-22 02:35:29.806 I/input_focus( 1503): [Focus leaving 91ac81d NotificationShade (server),reason=NO_WINDOW]
02-22 02:35:29.807 I/input_focus( 1503): [Focus entering ab95283 com.android.settings/com.android.settings.Settings (server),reason=setFocusedWindow]
02-22 02:35:30.084 I/input_interaction( 1503): Interaction with: ab95283 com.android.settings/com.android.settings.Settings (server), edge-swipe (server), swipe-up (server), PointerEventDispatcher0 (server),
02-22 02:35:30.199 I/sysui_multi_action( 4132): [757,830,758,4,833,0,854,dream_start_button_container,1089,0]
02-22 02:35:30.403 I/commit_sys_config_file( 1503): [settings-2-0,5]
02-22 02:35:30.750 I/input_interaction( 1503): Interaction with: a916dde StatusBar (server), edge-swipe (server), swipe-up (server), PointerEventDispatcher0 (server),
02-22 02:35:30.752 I/sysui_multi_action( 1966): [757,803,799,panel_open,802,1]
02-22 02:35:30.753 I/sysui_multi_action( 1966): [757,1328,758,4,1326,40,1327,1,1329,0]
02-22 02:35:30.795 I/sysui_multi_action( 1503): [757,127,758,1]
02-22 02:35:30.795 I/sysui_multi_action( 1503): [757,804,799,note_load,801,2,802,1]
02-22 02:35:30.795 I/notification_panel_revealed( 1503): 2
02-22 02:35:30.804 I/input_focus( 1503): [Focus request 91ac81d NotificationShade,reason=UpdateInputWindows]
02-22 02:35:30.813 I/sysui_multi_action( 1503): [757,128,758,1,793,4941832,794,0,795,4941832,796,26,798,0,806,android,857,DEVELOPER_IMPORTANT,858,4,947,0,1395,2,1500,4941427,1688,1]
02-22 02:35:30.813 I/sysui_multi_action( 1503): [757,804,799,note_freshness,801,4941832,802,1]
02-22 02:35:30.814 I/notification_visibility( 1503): [-1|android|26|null|1000,1,4941832,4941832,0,0]
02-22 02:35:30.814 I/sysui_multi_action( 1503): [757,128,758,1,793,4942436,794,0,795,4942436,796,32,798,1,806,android,857,USB,858,1,947,0,1395,2,1500,4942361,1688,1]
02-22 02:35:30.814 I/sysui_multi_action( 1503): [757,804,799,note_freshness,801,4942436,802,1]
02-22 02:35:30.814 I/notification_visibility( 1503): [-1|android|32|null|1000,1,4942436,4942436,0,1]
02-22 02:35:30.825 I/input_focus( 1503): [Focus leaving ab95283 com.android.settings/com.android.settings.Settings (server),reason=setFocusedWindow]
02-22 02:35:30.826 I/input_focus( 1503): [Focus entering 91ac81d NotificationShade (server),reason=setFocusedWindow]
02-22 02:35:30.874 I/sysui_multi_action( 1966): [757,111,758,1]
02-22 02:35:30.874 I/sysui_multi_action( 1966): [757,126,758,1,759,126,927,0,928,1,1593,0]
02-22 02:35:30.874 I/sysui_multi_action( 1966): [757,113,758,1,759,113,927,1,928,1,1593,0]
02-22 02:35:30.874 I/sysui_multi_action( 1966): [757,0,758,1,759,0,927,2,928,0,1593,0]
02-22 02:35:30.874 I/sysui_multi_action( 1966): [757,0,758,1,759,0,927,3,928,0,1593,0]
02-22 02:35:30.876 I/sysui_multi_action( 1966): [757,491,758,1,759,491,927,4,928,0,1311,-1,1593,0]
02-22 02:35:30.876 I/sysui_multi_action( 1966): [757,0,758,1,759,0,927,5,928,0,1593,0]
02-22 02:35:30.876 I/sysui_multi_action( 1966): [757,111,758,1]
02-22 02:35:30.876 I/sysui_multi_action( 1966): [757,126,758,1,759,126,927,0,928,1,1593,0]
02-22 02:35:30.876 I/sysui_multi_action( 1966): [757,113,758,1,759,113,927,1,928,1,1593,0]
02-22 02:35:30.876 I/sysui_multi_action( 1966): [757,0,758,1,759,0,927,2,928,0,1593,0]
02-22 02:35:30.876 I/sysui_multi_action( 1966): [757,0,758,1,759,0,927,3,928,0,1593,0]
02-22 02:35:31.903 I/input_interaction( 1503): Interaction with: 91ac81d NotificationShade (server), edge-swipe (server), swipe-up (server), PointerEventDispatcher0 (server),
02-22 02:35:32.072 I/sysui_multi_action( 1503): [757,222,758,1]
02-22 02:35:32.087 I/input_focus( 1503): [Focus request ab95283 com.android.settings/com.android.settings.Settings,reason=UpdateInputWindows]
02-22 02:35:32.096 I/wm_task_created( 1503): [94,-1]
02-22 02:35:32.099 I/wm_task_moved( 1503): [94,1,9]
02-22 02:35:32.099 I/wm_task_to_front( 1503): [0,94]
02-22 02:35:32.099 I/wm_create_task( 1503): [0,94]
02-22 02:35:32.099 I/wm_create_activity( 1503): [0,237270020,94,com.thundercomm.screensaver/android.service.dreams.DreamActivity,NULL,NULL,NULL,276824064]
02-22 02:35:32.099 I/wm_task_moved( 1503): [94,1,9]
02-22 02:35:32.100 I/wm_pause_activity( 1503): [0,250080366,com.android.settings/.Settings,userLeaving=true,pauseBackTasks]
02-22 02:35:32.102 I/wm_on_top_resumed_lost_called( 4132): [250080366,com.android.settings.Settings,topStateChangedWhenResumed]
02-22 02:35:32.103 I/sysui_multi_action( 4132): [757,35,758,2,1089,3868]
02-22 02:35:32.104 I/sysui_multi_action( 4132): [757,47,758,2,1089,3867]
02-22 02:35:32.104 I/wm_on_paused_called( 4132): [250080366,com.android.settings.Settings,performPause]
02-22 02:35:32.106 I/wm_add_to_stopping( 1503): [0,250080366,com.android.settings/.Settings,makeInvisible]
02-22 02:35:32.106 I/wm_restart_activity( 1503): [0,237270020,94,com.thundercomm.screensaver/android.service.dreams.DreamActivity]
02-22 02:35:32.107 I/wm_set_resumed_activity( 1503): [0,com.thundercomm.screensaver/android.service.dreams.DreamActivity,minimalResumeActivityLocked]
02-22 02:35:32.110 I/sysui_multi_action( 1503): [757,803,799,window_time_0,802,3]
02-22 02:35:32.111 I/input_focus( 1503): [Focus leaving 91ac81d NotificationShade (server),reason=NOT_FOCUSABLE]
02-22 02:35:32.111 I/input_focus( 1503): [Focus entering ab95283 com.android.settings/com.android.settings.Settings (server),reason=setFocusedWindow]
02-22 02:35:32.113 I/wm_on_create_called( 6011): [237270020,android.service.dreams.DreamActivity,performCreate]
02-22 02:35:32.113 I/wm_on_start_called( 6011): [237270020,android.service.dreams.DreamActivity,handleStartActivity]
02-22 02:35:32.113 I/wm_on_resume_called( 6011): [237270020,android.service.dreams.DreamActivity,RESUME_ACTIVITY]
02-22 02:35:32.115 I/wm_on_top_resumed_gained_called( 6011): [237270020,android.service.dreams.DreamActivity,topStateChangedWhenResumed]
02-22 02:35:32.127 I/input_focus( 1503): [Focus leaving ab95283 com.android.settings/com.android.settings.Settings (server),reason=NO_WINDOW]
02-22 02:35:32.134 I/input_focus( 1503): [Focus request c76cc70 com.thundercomm.screensaver/android.service.dreams.DreamActivity,reason=UpdateInputWindows]
02-22 02:35:32.144 I/notification_enqueue( 1503): [10078,1966,com.android.systemui,2048,NULL,0,Notification(channel=updateNotification shortcut=null contentView=null vibrate=null sound=null defaults=0x0 flags=0x0 color=0x00000000 vis=PRIVATE),1]
02-22 02:35:32.145 I/sysui_multi_action( 1966): [757,111,758,2]
02-22 02:35:32.145 I/sysui_multi_action( 1966): [757,111,758,2]
02-22 02:35:32.146 I/sysui_multi_action( 1503): [319,50,322,46,325,4953,757,761,758,8,759,2,806,com.thundercomm.screensaver,871,android.service.dreams.DreamActivity,904,com.thundercomm.screensaver,905,0,1320,4,1321,2]
02-22 02:35:32.147 I/wm_activity_launch_time( 1503): [0,237270020,com.thundercomm.screensaver/android.service.dreams.DreamActivity,46]
02-22 02:35:32.160 I/sysui_multi_action( 1966): [757,111,758,1]
02-22 02:35:32.160 I/sysui_multi_action( 1966): [757,126,758,1,759,126,927,0,928,1,1593,1]
02-22 02:35:32.160 I/sysui_multi_action( 1966): [757,113,758,1,759,113,927,1,928,1,1593,1]
02-22 02:35:32.160 I/sysui_multi_action( 1966): [757,0,758,1,759,0,927,2,928,0,1593,1]
02-22 02:35:32.160 I/sysui_multi_action( 1966): [757,0,758,1,759,0,927,3,928,0,1593,1]
02-22 02:35:32.161 I/sysui_multi_action( 1966): [757,491,758,1,759,491,927,4,928,0,1311,-1,1593,0]
02-22 02:35:32.161 I/sysui_multi_action( 1966): [757,0,758,1,759,0,927,5,928,0,1593,0]
02-22 02:35:32.161 I/sysui_multi_action( 1966): [757,111,758,1]
02-22 02:35:32.161 I/sysui_multi_action( 1966): [757,126,758,1,759,126,927,0,928,1,1593,1]
02-22 02:35:32.161 I/sysui_multi_action( 1966): [757,113,758,1,759,113,927,1,928,1,1593,1]
02-22 02:35:32.161 I/sysui_multi_action( 1966): [757,0,758,1,759,0,927,2,928,0,1593,1]
02-22 02:35:32.161 I/sysui_multi_action( 1966): [757,0,758,1,759,0,927,3,928,0,1593,1]
02-22 02:35:32.177 I/input_focus( 1503): [Focus entering c76cc70 com.thundercomm.screensaver/android.service.dreams.DreamActivity (server),reason=Window became focusable. Previous reason: NOT_VISIBLE]
02-22 02:35:32.245 I/commit_sys_config_file( 1503): [settings-2-0,1]
02-22 02:35:32.377 I/sysui_multi_action( 1966): [757,111,758,2]
02-22 02:35:32.377 I/notification_enqueue( 1503): [10078,1966,com.android.systemui,2048,NULL,0,Notification(channel=updateNotification shortcut=null contentView=null vibrate=null sound=null defaults=0x0 flags=0x0 color=0x00000000 vis=PRIVATE),1]
02-22 02:35:32.377 I/sysui_multi_action( 1966): [757,111,758,2]
02-22 02:35:32.584 I/sysui_multi_action( 1503): [757,128,758,2,793,4943603,794,1771,795,4943603,796,26,798,0,806,android,857,DEVELOPER_IMPORTANT,858,4,947,0,1395,2,1500,4943198,1688,1]
02-22 02:35:32.585 I/notification_visibility( 1503): [-1|android|26|null|1000,0,4943603,4943603,0,0]
02-22 02:35:32.585 I/sysui_multi_action( 1503): [757,128,758,2,793,4944207,794,1771,795,4944207,796,32,798,1,806,android,857,USB,858,1,947,0,1395,2,1500,4944132,1688,1]
02-22 02:35:32.585 I/notification_visibility( 1503): [-1|android|32|null|1000,0,4944207,4944207,0,1]
02-22 02:35:32.585 I/sysui_multi_action( 1503): [757,127,758,2]
02-22 02:35:32.585 I/notification_panel_hidden( 1503):
02-22 02:35:32.646 I/wm_stop_activity( 1503): [0,250080366,com.android.settings/.Settings]
02-22 02:35:32.669 I/wm_on_stop_called( 4132): [250080366,com.android.settings.Settings,STOP_ACTIVITY_ITEM]
02-22 02:35:32.839 I/input_interaction( 1503): Interaction with: c76cc70 com.thundercomm.screensaver/android.service.dreams.DreamActivity (server), edge-swipe (server), swipe-up (server), PointerEventDispatcher0 (server),
02-22 02:35:32.840 I/wm_finish_activity( 1503): [0,237270020,94,com.thundercomm.screensaver/android.service.dreams.DreamActivity,finish-activity]
02-22 02:35:32.840 I/wm_task_moved( 1503): [45,1,8]
02-22 02:35:32.840 I/wm_task_to_front( 1503): [0,45]
02-22 02:35:32.840 I/wm_focused_root_task( 1503): [0,0,45,94,finish-top adjustFocusToNextFocusableTask]
02-22 02:35:32.841 I/wm_pause_activity( 1503): [0,237270020,com.thundercomm.screensaver/android.service.dreams.DreamActivity,userLeaving=false,finish]
02-22 02:35:32.843 I/sysui_multi_action( 1503): [757,803,799,window_time_0,802,1]
02-22 02:35:32.843 I/wm_on_top_resumed_lost_called( 6011): [237270020,android.service.dreams.DreamActivity,topStateChangedWhenResumed]
02-22 02:35:32.843 I/wm_on_paused_called( 6011): [237270020,android.service.dreams.DreamActivity,performPause]
02-22 02:35:32.843 I/wm_add_to_stopping( 1503): [0,237270020,com.thundercomm.screensaver/android.service.dreams.DreamActivity,completeFinishing]
02-22 02:35:32.844 I/wm_set_resumed_activity( 1503): [0,com.android.settings/.Settings,resumeTopActivityInnerLocked]
02-22 02:35:32.844 I/wm_resume_activity( 1503): [0,250080366,45,com.android.settings/.Settings]
02-22 02:35:32.847 I/sysui_multi_action( 1503): [757,803,799,window_time_0,802,0]
02-22 02:35:32.849 I/wm_on_restart_called( 4132): [250080366,com.android.settings.Settings,performRestartActivity]
02-22 02:35:32.850 I/wm_on_start_called( 4132): [250080366,com.android.settings.Settings,handleStartActivity]
02-22 02:35:32.850 I/snet_event_log( 4132): [120484087,-1,]
02-22 02:35:32.850 I/wm_on_resume_called( 4132): [250080366,com.android.settings.Settings,RESUME_ACTIVITY]
02-22 02:35:32.851 I/sysui_multi_action( 4132): [757,35,758,1,833,0,1089,0]
02-22 02:35:32.852 I/sysui_multi_action( 4132): [757,47,758,1,833,0,1089,0]
02-22 02:35:32.855 I/wm_on_top_resumed_gained_called( 4132): [250080366,com.android.settings.Settings,topWhenResuming]
02-22 02:35:32.862 I/view_enqueue_input_event( 6011): [Motion - Cancel,com.thundercomm.screensaver/android.service.dreams.DreamActivity]
02-22 02:35:32.862 I/input_focus( 1503): [Focus leaving c76cc70 com.thundercomm.screensaver/android.service.dreams.DreamActivity (server),reason=NO_WINDOW]
02-22 02:35:32.864 I/input_interaction( 1503): Interaction with: edge-swipe (server), swipe-up (server), PointerEventDispatcher0 (server),
02-22 02:35:32.865 I/input_focus( 1503): [Focus request ab95283 com.android.settings/com.android.settings.Settings,reason=UpdateInputWindows]
02-22 02:35:32.879 I/input_focus( 1503): [Focus entering ab95283 com.android.settings/com.android.settings.Settings (server),reason=setFocusedWindow]
02-22 02:35:33.380 I/wm_destroy_activity( 1503): [0,237270020,94,com.thundercomm.screensaver/android.service.dreams.DreamActivity,finish-imm:idle]
02-22 02:35:33.397 I/wm_on_stop_called( 6011): [237270020,android.service.dreams.DreamActivity,LIFECYCLER_STOP_ACTIVITY]
02-22 02:35:33.397 I/wm_on_destroy_called( 6011): [237270020,android.service.dreams.DreamActivity,performDestroy]
02-22 02:35:33.398 I/sysui_multi_action( 1503): [757,222,758,2]
02-22 02:35:33.398 I/sysui_multi_action( 1503): [757,804,799,dreaming_minutes,801,0,802,1]
02-22 02:35:33.401 I/wm_task_removed( 1503): [94,removeChild:removeChild last r=ActivityRecord{e247404 u0 com.thundercomm.screensaver/android.service.dreams.DreamActivity t-1 f}} in t=Task{aff1aa3 #94 type=dream A=10047:android:com.thundercomm.screensaver/dream U=0 visible=false mode=fullscreen translucent=true sz=0}]
02-22 02:35:33.401 I/wm_task_removed( 1503): [94,removeChild]
02-22 02:35:33.456 I/input_interaction( 1503): Interaction with: a916dde StatusBar (server), edge-swipe (server), swipe-up (server), PointerEventDispatcher0 (server),
02-22 02:35:33.457 I/sysui_multi_action( 1966): [757,803,799,panel_open,802,1]
02-22 02:35:33.457 I/sysui_multi_action( 1966): [757,1328,758,4,1326,40,1327,1,1329,0]
02-22 02:35:33.496 I/sysui_multi_action( 1503): [757,127,758,1]
02-22 02:35:33.496 I/sysui_multi_action( 1503): [757,804,799,note_load,801,2,802,1]
02-22 02:35:33.496 I/notification_panel_revealed( 1503): 2
02-22 02:35:33.500 I/input_focus( 1503): [Focus request 91ac81d NotificationShade,reason=UpdateInputWindows]
02-22 02:35:33.503 I/sysui_multi_action( 1503): [757,128,758,1,793,4944522,794,0,795,4944522,796,26,798,0,806,android,857,DEVELOPER_IMPORTANT,858,4,947,0,1395,2,1500,4944117,1688,1]
02-22 02:35:33.503 I/sysui_multi_action( 1503): [757,804,799,note_freshness,801,4944522,802,1]
02-22 02:35:33.503 I/notification_visibility( 1503): [-1|android|26|null|1000,1,4944522,4944522,0,0]
02-22 02:35:33.504 I/sysui_multi_action( 1503): [757,128,758,1,793,4945125,794,0,795,4945125,796,32,798,1,806,android,857,USB,858,1,947,0,1395,2,1500,4945050,1688,1]
02-22 02:35:33.504 I/sysui_multi_action( 1503): [757,804,799,note_freshness,801,4945125,802,1]
02-22 02:35:33.504 I/notification_visibility( 1503): [-1|android|32|null|1000,1,4945125,4945125,0,1]
02-22 02:35:33.514 I/input_focus( 1503): [Focus leaving ab95283 com.android.settings/com.android.settings.Settings (server),reason=setFocusedWindow]
02-22 02:35:33.514 I/input_focus( 1503): [Focus entering 91ac81d NotificationShade (server),reason=setFocusedWindow]
02-22 02:35:33.579 I/sysui_multi_action( 1966): [757,111,758,1]
02-22 02:35:33.579 I/sysui_multi_action( 1966): [757,126,758,1,759,126,927,0,928,1,1593,0]
02-22 02:35:33.579 I/sysui_multi_action( 1966): [757,113,758,1,759,113,927,1,928,1,1593,0]
02-22 02:35:33.579 I/sysui_multi_action( 1966): [757,0,758,1,759,0,927,2,928,0,1593,0]
02-22 02:35:33.580 I/sysui_multi_action( 1966): [757,0,758,1,759,0,927,3,928,0,1593,0]
02-22 02:35:33.580 I/sysui_multi_action( 1966): [757,491,758,1,759,491,927,4,928,0,1311,-1,1593,0]
02-22 02:35:33.580 I/sysui_multi_action( 1966): [757,0,758,1,759,0,927,5,928,0,1593,0]
02-22 02:35:33.580 I/sysui_multi_action( 1966): [757,111,758,1]
02-22 02:35:33.580 I/sysui_multi_action( 1966): [757,126,758,1,759,126,927,0,928,1,1593,0]
02-22 02:35:33.580 I/sysui_multi_action( 1966): [757,113,758,1,759,113,927,1,928,1,1593,0]
02-22 02:35:33.580 I/sysui_multi_action( 1966): [757,0,758,1,759,0,927,2,928,0,1593,0]
02-22 02:35:33.580 I/sysui_multi_action( 1966): [757,0,758,1,759,0,927,3,928,0,1593,0]
02-22 02:35:34.251 I/sysui_multi_action( 1966): [757,111,758,2]
02-22 02:35:34.252 I/notification_enqueue( 1503): [10078,1966,com.android.systemui,2048,NULL,0,Notification(channel=updateNotification shortcut=null contentView=null vibrate=null sound=null defaults=0x0 flags=0x0 color=0x00000000 vis=PRIVATE),1]
02-22 02:35:34.252 I/sysui_multi_action( 1966): [757,111,758,2]
02-22 02:35:34.357 I/input_focus( 1503): [Focus request ab95283 com.android.settings/com.android.settings.Settings,reason=UpdateInputWindows]
02-22 02:35:34.360 I/sysui_multi_action( 1503): [757,128,758,2,793,4945379,794,857,795,4945379,796,26,798,0,806,android,857,DEVELOPER_IMPORTANT,858,4,947,0,1395,2,1500,4944974,1688,1]
02-22 02:35:34.361 I/notification_visibility( 1503): [-1|android|26|null|1000,0,4945379,4945379,0,0]
02-22 02:35:34.361 I/sysui_multi_action( 1503): [757,128,758,2,793,4945983,794,858,795,4945983,796,32,798,1,806,android,857,USB,858,1,947,0,1395,2,1500,4945908,1688,1]
02-22 02:35:34.362 I/notification_visibility( 1503): [-1|android|32|null|1000,0,4945983,4945983,0,1]
02-22 02:35:34.363 I/sysui_multi_action( 1503): [757,127,758,2]
02-22 02:35:34.363 I/notification_panel_hidden( 1503):
02-22 02:35:34.384 I/input_focus( 1503): [Focus leaving 91ac81d NotificationShade (server),reason=NO_WINDOW]
02-22 02:35:34.384 I/input_focus( 1503): [Focus entering ab95283 com.android.settings/com.android.settings.Settings (server),reason=setFocusedWindow]
02-22 02:35:34.654 I/input_interaction( 1503): Interaction with: ab95283 com.android.settings/com.android.settings.Settings (server), edge-swipe (server), swipe-up (server), PointerEventDispatcher0 (server),
02-22 02:35:34.793 I/sysui_multi_action( 4132): [757,830,758,4,833,0,854,dream_start_button_container,1089,0]
02-22 02:35:34.998 I/commit_sys_config_file( 1503): [settings-2-0,5]
02-22 02:35:35.274 I/input_interaction( 1503): Interaction with: a916dde StatusBar (server), edge-swipe (server), swipe-up (server), PointerEventDispatcher0 (server),
02-22 02:35:35.279 I/sysui_multi_action( 1966): [757,803,799,panel_open,802,1]
02-22 02:35:35.280 I/sysui_multi_action( 1966): [757,1328,758,4,1326,36,1327,1,1329,0]
02-22 02:35:35.339 I/sysui_multi_action( 1503): [757,127,758,1]
02-22 02:35:35.340 I/sysui_multi_action( 1503): [757,804,799,note_load,801,2,802,1]
02-22 02:35:35.340 I/notification_panel_revealed( 1503): 2
02-22 02:35:35.348 I/input_focus( 1503): [Focus request 91ac81d NotificationShade,reason=UpdateInputWindows]
02-22 02:35:35.358 I/sysui_multi_action( 1503): [757,128,758,1,793,4946377,794,0,795,4946377,796,26,798,0,806,android,857,DEVELOPER_IMPORTANT,858,4,947,0,1395,2,1500,4945972,1688,1]
02-22 02:35:35.358 I/sysui_multi_action( 1503): [757,804,799,note_freshness,801,4946377,802,1]
02-22 02:35:35.358 I/notification_visibility( 1503): [-1|android|26|null|1000,1,4946377,4946377,0,0]
02-22 02:35:35.359 I/sysui_multi_action( 1503): [757,128,758,1,793,4946981,794,0,795,4946981,796,32,798,1,806,android,857,USB,858,1,947,0,1395,2,1500,4946906,1688,1]
02-22 02:35:35.359 I/sysui_multi_action( 1503): [757,804,799,note_freshness,801,4946981,802,1]
02-22 02:35:35.359 I/notification_visibility( 1503): [-1|android|32|null|1000,1,4946981,4946981,0,1]
02-22 02:35:35.370 I/input_focus( 1503): [Focus leaving ab95283 com.android.settings/com.android.settings.Settings (server),reason=setFocusedWindow]
02-22 02:35:35.370 I/input_focus( 1503): [Focus entering 91ac81d NotificationShade (server),reason=setFocusedWindow]
02-22 02:35:35.418 I/sysui_multi_action( 1966): [757,111,758,1]
02-22 02:35:35.418 I/sysui_multi_action( 1966): [757,126,758,1,759,126,927,0,928,1,1593,0]
02-22 02:35:35.419 I/sysui_multi_action( 1966): [757,113,758,1,759,113,927,1,928,1,1593,0]
02-22 02:35:35.419 I/sysui_multi_action( 1966): [757,0,758,1,759,0,927,2,928,0,1593,0]
02-22 02:35:35.419 I/sysui_multi_action( 1966): [757,0,758,1,759,0,927,3,928,0,1593,0]
02-22 02:35:35.419 I/sysui_multi_action( 1966): [757,491,758,1,759,491,927,4,928,0,1311,-1,1593,0]
02-22 02:35:35.420 I/sysui_multi_action( 1966): [757,0,758,1,759,0,927,5,928,0,1593,0]
02-22 02:35:35.420 I/sysui_multi_action( 1966): [757,111,758,1]
02-22 02:35:35.420 I/sysui_multi_action( 1966): [757,126,758,1,759,126,927,0,928,1,1593,0]
02-22 02:35:35.420 I/sysui_multi_action( 1966): [757,113,758,1,759,113,927,1,928,1,1593,0]
02-22 02:35:35.420 I/sysui_multi_action( 1966): [757,0,758,1,759,0,927,2,928,0,1593,0]
02-22 02:35:35.420 I/sysui_multi_action( 1966): [757,0,758,1,759,0,927,3,928,0,1593,0]
02-22 02:35:36.426 I/input_interaction( 1503): Interaction with: 91ac81d NotificationShade (server), edge-swipe (server), swipe-up (server), PointerEventDispatcher0 (server),
02-22 02:35:36.564 I/sysui_multi_action( 1503): [757,222,758,1]
02-22 02:35:36.586 I/wm_task_created( 1503): [95,-1]
02-22 02:35:36.590 I/wm_task_moved( 1503): [95,1,9]
02-22 02:35:36.590 I/wm_task_to_front( 1503): [0,95]
02-22 02:35:36.590 I/wm_create_task( 1503): [0,95]
02-22 02:35:36.590 I/wm_create_activity( 1503): [0,198525221,95,com.thundercomm.screensaver/android.service.dreams.DreamActivity,NULL,NULL,NULL,276824064]
02-22 02:35:36.590 I/wm_task_moved( 1503): [95,1,9]
02-22 02:35:36.591 I/wm_pause_activity( 1503): [0,250080366,com.android.settings/.Settings,userLeaving=true,pauseBackTasks]
02-22 02:35:36.594 I/input_focus( 1503): [Focus request ab95283 com.android.settings/com.android.settings.Settings,reason=UpdateInputWindows]
02-22 02:35:36.596 I/wm_on_top_resumed_lost_called( 4132): [250080366,com.android.settings.Settings,topStateChangedWhenResumed]
02-22 02:35:36.597 I/sysui_multi_action( 4132): [757,35,758,2,1089,3746]
02-22 02:35:36.597 I/sysui_multi_action( 4132): [757,47,758,2,1089,3745]
02-22 02:35:36.598 I/wm_on_paused_called( 4132): [250080366,com.android.settings.Settings,performPause]
02-22 02:35:36.600 I/wm_add_to_stopping( 1503): [0,250080366,com.android.settings/.Settings,makeInvisible]
02-22 02:35:36.600 I/wm_restart_activity( 1503): [0,198525221,95,com.thundercomm.screensaver/android.service.dreams.DreamActivity]
02-22 02:35:36.601 I/wm_set_resumed_activity( 1503): [0,com.thundercomm.screensaver/android.service.dreams.DreamActivity,minimalResumeActivityLocked]
02-22 02:35:36.604 I/sysui_multi_action( 1503): [757,803,799,window_time_0,802,4]
02-22 02:35:36.606 I/wm_on_create_called( 6011): [198525221,android.service.dreams.DreamActivity,performCreate]
02-22 02:35:36.606 I/wm_on_start_called( 6011): [198525221,android.service.dreams.DreamActivity,handleStartActivity]
02-22 02:35:36.607 I/wm_on_resume_called( 6011): [198525221,android.service.dreams.DreamActivity,RESUME_ACTIVITY]
02-22 02:35:36.607 I/input_focus( 1503): [Focus leaving 91ac81d NotificationShade (server),reason=NOT_FOCUSABLE]
02-22 02:35:36.609 I/wm_on_top_resumed_gained_called( 6011): [198525221,android.service.dreams.DreamActivity,topStateChangedWhenResumed]
02-22 02:35:36.628 I/input_focus( 1503): [Focus request f4b6fdd com.thundercomm.screensaver/android.service.dreams.DreamActivity,reason=UpdateInputWindows]
02-22 02:35:36.639 I/notification_enqueue( 1503): [10078,1966,com.android.systemui,2048,NULL,0,Notification(channel=updateNotification shortcut=null contentView=null vibrate=null sound=null defaults=0x0 flags=0x0 color=0x00000000 vis=PRIVATE),1]
02-22 02:35:36.639 I/sysui_multi_action( 1966): [757,111,758,2]
02-22 02:35:36.639 I/sysui_multi_action( 1966): [757,111,758,2]
02-22 02:35:36.640 I/sysui_multi_action( 1503): [319,54,322,50,325,4958,757,761,758,8,759,2,806,com.thundercomm.screensaver,871,android.service.dreams.DreamActivity,904,com.thundercomm.screensaver,905,0,1320,4,1321,2]
02-22 02:35:36.641 I/wm_activity_launch_time( 1503): [0,198525221,com.thundercomm.screensaver/android.service.dreams.DreamActivity,50]
02-22 02:35:36.653 I/sysui_multi_action( 1966): [757,111,758,1]
02-22 02:35:36.653 I/sysui_multi_action( 1966): [757,126,758,1,759,126,927,0,928,1,1593,0]
02-22 02:35:36.653 I/sysui_multi_action( 1966): [757,113,758,1,759,113,927,1,928,1,1593,0]
02-22 02:35:36.653 I/sysui_multi_action( 1966): [757,0,758,1,759,0,927,2,928,0,1593,0]
02-22 02:35:36.653 I/sysui_multi_action( 1966): [757,0,758,1,759,0,927,3,928,0,1593,0]
02-22 02:35:36.653 I/sysui_multi_action( 1966): [757,491,758,1,759,491,927,4,928,0,1311,-1,1593,0]
02-22 02:35:36.653 I/sysui_multi_action( 1966): [757,0,758,1,759,0,927,5,928,0,1593,0]
02-22 02:35:36.653 I/sysui_multi_action( 1966): [757,111,758,1]
02-22 02:35:36.653 I/sysui_multi_action( 1966): [757,126,758,1,759,126,927,0,928,1,1593,0]
02-22 02:35:36.653 I/sysui_multi_action( 1966): [757,113,758,1,759,113,927,1,928,1,1593,0]
02-22 02:35:36.654 I/sysui_multi_action( 1966): [757,0,758,1,759,0,927,2,928,0,1593,0]
02-22 02:35:36.654 I/sysui_multi_action( 1966): [757,0,758,1,759,0,927,3,928,0,1593,0]
02-22 02:35:36.671 I/input_focus( 1503): [Focus entering f4b6fdd com.thundercomm.screensaver/android.service.dreams.DreamActivity (server),reason=Window became focusable. Previous reason: NOT_VISIBLE]
02-22 02:35:36.756 I/commit_sys_config_file( 1503): [settings-2-0,3]
02-22 02:35:36.888 I/notification_enqueue( 1503): [10078,1966,com.android.systemui,2048,NULL,0,Notification(channel=updateNotification shortcut=null contentView=null vibrate=null sound=null defaults=0x0 flags=0x0 color=0x00000000 vis=PRIVATE),1]
02-22 02:35:36.888 I/sysui_multi_action( 1966): [757,111,758,2]
02-22 02:35:36.888 I/sysui_multi_action( 1966): [757,111,758,2]
02-22 02:35:37.094 I/sysui_multi_action( 1503): [757,128,758,2,793,4948113,794,1736,795,4948113,796,26,798,0,806,android,857,DEVELOPER_IMPORTANT,858,4,947,0,1395,2,1500,4947708,1688,1]
02-22 02:35:37.094 I/notification_visibility( 1503): [-1|android|26|null|1000,0,4948113,4948113,0,0]
02-22 02:35:37.094 I/sysui_multi_action( 1503): [757,128,758,2,793,4948716,794,1735,795,4948716,796,32,798,1,806,android,857,USB,858,1,947,0,1395,2,1500,4948641,1688,1]
02-22 02:35:37.094 I/notification_visibility( 1503): [-1|android|32|null|1000,0,4948716,4948716,0,1]
02-22 02:35:37.094 I/sysui_multi_action( 1503): [757,127,758,2]
02-22 02:35:37.094 I/notification_panel_hidden( 1503):
02-22 02:35:37.139 I/wm_stop_activity( 1503): [0,250080366,com.android.settings/.Settings]
02-22 02:35:37.162 I/wm_on_stop_called( 4132): [250080366,com.android.settings.Settings,STOP_ACTIVITY_ITEM]
02-22 02:35:37.524 I/input_interaction( 1503): Interaction with: f4b6fdd com.thundercomm.screensaver/android.service.dreams.DreamActivity (server), edge-swipe (server), swipe-up (server), PointerEventDispatcher0 (server),
02-22 02:35:37.525 I/wm_finish_activity( 1503): [0,198525221,95,com.thundercomm.screensaver/android.service.dreams.DreamActivity,finish-activity]
02-22 02:35:37.525 I/wm_task_moved( 1503): [45,1,8]
02-22 02:35:37.525 I/wm_task_to_front( 1503): [0,45]
02-22 02:35:37.525 I/wm_focused_root_task( 1503): [0,0,45,95,finish-top adjustFocusToNextFocusableTask]
02-22 02:35:37.525 I/wm_pause_activity( 1503): [0,198525221,com.thundercomm.screensaver/android.service.dreams.DreamActivity,userLeaving=false,finish]
02-22 02:35:37.527 I/sysui_multi_action( 1503): [757,803,799,window_time_0,802,1]
02-22 02:35:37.528 I/wm_on_top_resumed_lost_called( 6011): [198525221,android.service.dreams.DreamActivity,topStateChangedWhenResumed]
02-22 02:35:37.528 I/wm_on_paused_called( 6011): [198525221,android.service.dreams.DreamActivity,performPause]
02-22 02:35:37.528 I/wm_add_to_stopping( 1503): [0,198525221,com.thundercomm.screensaver/android.service.dreams.DreamActivity,completeFinishing]
02-22 02:35:37.529 I/wm_set_resumed_activity( 1503): [0,com.android.settings/.Settings,resumeTopActivityInnerLocked]
02-22 02:35:37.529 I/wm_resume_activity( 1503): [0,250080366,45,com.android.settings/.Settings]
02-22 02:35:37.532 I/sysui_multi_action( 1503): [757,803,799,window_time_0,802,0]
02-22 02:35:37.540 I/view_enqueue_input_event( 6011): [Motion - Cancel,com.thundercomm.screensaver/android.service.dreams.DreamActivity]
02-22 02:35:37.540 I/wm_on_restart_called( 4132): [250080366,com.android.settings.Settings,performRestartActivity]
02-22 02:35:37.540 I/input_focus( 1503): [Focus leaving f4b6fdd com.thundercomm.screensaver/android.service.dreams.DreamActivity (server),reason=NO_WINDOW]
02-22 02:35:37.541 I/wm_on_start_called( 4132): [250080366,com.android.settings.Settings,handleStartActivity]
02-22 02:35:37.542 I/snet_event_log( 4132): [120484087,-1,]
02-22 02:35:37.542 I/wm_on_resume_called( 4132): [250080366,com.android.settings.Settings,RESUME_ACTIVITY]
02-22 02:35:37.542 I/sysui_multi_action( 4132): [757,35,758,1,833,0,1089,0]
02-22 02:35:37.549 I/input_interaction( 1503): Interaction with: edge-swipe (server), swipe-up (server), PointerEventDispatcher0 (server),
02-22 02:35:37.551 I/sysui_multi_action( 4132): [757,47,758,1,833,0,1089,0]
02-22 02:35:37.554 I/wm_on_top_resumed_gained_called( 4132): [250080366,com.android.settings.Settings,topWhenResuming]
02-22 02:35:37.559 I/input_focus( 1503): [Focus request ab95283 com.android.settings/com.android.settings.Settings,reason=UpdateInputWindows]
02-22 02:35:37.574 I/input_focus( 1503): [Focus entering ab95283 com.android.settings/com.android.settings.Settings (server),reason=setFocusedWindow]
02-22 02:35:38.073 I/wm_destroy_activity( 1503): [0,198525221,95,com.thundercomm.screensaver/android.service.dreams.DreamActivity,finish-imm:idle]
02-22 02:35:38.091 I/wm_on_stop_called( 6011): [198525221,android.service.dreams.DreamActivity,LIFECYCLER_STOP_ACTIVITY]
02-22 02:35:38.091 I/wm_on_destroy_called( 6011): [198525221,android.service.dreams.DreamActivity,performDestroy]
02-22 02:35:38.092 I/sysui_multi_action( 1503): [757,222,758,2]
02-22 02:35:38.092 I/sysui_multi_action( 1503): [757,804,799,dreaming_minutes,801,0,802,1]
02-22 02:35:38.095 I/wm_task_removed( 1503): [95,removeChild:removeChild last r=ActivityRecord{bd54125 u0 com.thundercomm.screensaver/android.service.dreams.DreamActivity t-1 f}} in t=Task{b5665e4 #95 type=dream A=10047:android:com.thundercomm.screensaver/dream U=0 visible=false mode=fullscreen translucent=true sz=0}]
02-22 02:35:38.095 I/wm_task_removed( 1503): [95,removeChild]
02-22 02:35:38.538 I/input_interaction( 1503): Interaction with: ab95283 com.android.settings/com.android.settings.Settings (server), edge-swipe (server), swipe-up (server), PointerEventDispatcher0 (server),
02-22 02:35:38.675 I/sysui_multi_action( 4132): [757,830,758,4,833,0,854,dream_start_button_container,1089,0]
02-22 02:35:38.877 I/commit_sys_config_file( 1503): [settings-2-0,6]
02-22 02:35:39.173 I/input_interaction( 1503): Interaction with: a916dde StatusBar (server), edge-swipe (server), swipe-up (server), PointerEventDispatcher0 (server),
02-22 02:35:39.178 I/sysui_multi_action( 1966): [757,803,799,panel_open,802,1]
02-22 02:35:39.179 I/sysui_multi_action( 1966): [757,1328,758,4,1326,41,1327,1,1329,0]
02-22 02:35:39.216 I/sysui_multi_action( 1503): [757,127,758,1]
02-22 02:35:39.216 I/sysui_multi_action( 1503): [757,804,799,note_load,801,2,802,1]
02-22 02:35:39.216 I/notification_panel_revealed( 1503): 2
02-22 02:35:39.232 I/input_focus( 1503): [Focus request 91ac81d NotificationShade,reason=UpdateInputWindows]
02-22 02:35:39.239 I/sysui_multi_action( 1503): [757,128,758,1,793,4950258,794,0,795,4950258,796,26,798,0,806,android,857,DEVELOPER_IMPORTANT,858,4,947,0,1395,2,1500,4949853,1688,1]
02-22 02:35:39.240 I/sysui_multi_action( 1503): [757,804,799,note_freshness,801,4950258,802,1]
02-22 02:35:39.240 I/notification_visibility( 1503): [-1|android|26|null|1000,1,4950258,4950258,0,0]
02-22 02:35:39.240 I/sysui_multi_action( 1503): [757,128,758,1,793,4950862,794,0,795,4950862,796,32,798,1,806,android,857,USB,858,1,947,0,1395,2,1500,4950787,1688,1]
02-22 02:35:39.240 I/sysui_multi_action( 1503): [757,804,799,note_freshness,801,4950862,802,1]
02-22 02:35:39.240 I/notification_visibility( 1503): [-1|android|32|null|1000,1,4950862,4950862,0,1]
02-22 02:35:39.245 I/input_focus( 1503): [Focus leaving ab95283 com.android.settings/com.android.settings.Settings (server),reason=setFocusedWindow]
02-22 02:35:39.245 I/input_focus( 1503): [Focus entering 91ac81d NotificationShade (server),reason=setFocusedWindow]
02-22 02:35:39.277 I/sysui_multi_action( 1966): [757,111,758,1]
02-22 02:35:39.277 I/sysui_multi_action( 1966): [757,126,758,1,759,126,927,0,928,1,1593,0]
02-22 02:35:39.277 I/sysui_multi_action( 1966): [757,113,758,1,759,113,927,1,928,1,1593,0]
02-22 02:35:39.277 I/sysui_multi_action( 1966): [757,0,758,1,759,0,927,2,928,0,1593,0]
02-22 02:35:39.278 I/sysui_multi_action( 1966): [757,0,758,1,759,0,927,3,928,0,1593,0]
02-22 02:35:39.278 I/sysui_multi_action( 1966): [757,491,758,1,759,491,927,4,928,0,1311,-1,1593,0]
02-22 02:35:39.278 I/sysui_multi_action( 1966): [757,0,758,1,759,0,927,5,928,0,1593,0]
02-22 02:35:39.278 I/sysui_multi_action( 1966): [757,111,758,1]
02-22 02:35:39.278 I/sysui_multi_action( 1966): [757,126,758,1,759,126,927,0,928,1,1593,0]
02-22 02:35:39.278 I/sysui_multi_action( 1966): [757,113,758,1,759,113,927,1,928,1,1593,0]
02-22 02:35:39.279 I/sysui_multi_action( 1966): [757,0,758,1,759,0,927,2,928,0,1593,0]
02-22 02:35:39.279 I/sysui_multi_action( 1966): [757,0,758,1,759,0,927,3,928,0,1593,0]
02-22 02:35:39.995 I/input_interaction( 1503): Interaction with: 91ac81d NotificationShade (server), edge-swipe (server), swipe-up (server), PointerEventDispatcher0 (server),
02-22 02:35:40.144 I/sysui_multi_action( 1503): [757,222,758,1]
02-22 02:35:40.168 I/input_focus( 1503): [Focus request ab95283 com.android.settings/com.android.settings.Settings,reason=UpdateInputWindows]
02-22 02:35:40.174 I/wm_task_created( 1503): [96,-1]
02-22 02:35:40.180 I/wm_task_moved( 1503): [96,1,9]
02-22 02:35:40.180 I/wm_task_to_front( 1503): [0,96]
02-22 02:35:40.180 I/wm_create_task( 1503): [0,96]
02-22 02:35:40.180 I/wm_create_activity( 1503): [0,221313902,96,com.thundercomm.screensaver/android.service.dreams.DreamActivity,NULL,NULL,NULL,276824064]
02-22 02:35:40.180 I/wm_task_moved( 1503): [96,1,9]
02-22 02:35:40.181 I/wm_on_top_resumed_lost_called( 4132): [250080366,com.android.settings.Settings,topStateChangedWhenResumed]
02-22 02:35:40.182 I/wm_pause_activity( 1503): [0,250080366,com.android.settings/.Settings,userLeaving=true,pauseBackTasks]
02-22 02:35:40.186 I/sysui_multi_action( 4132): [757,35,758,2,1089,2643]
02-22 02:35:40.186 I/sysui_multi_action( 4132): [757,47,758,2,1089,2635]
02-22 02:35:40.186 I/wm_on_paused_called( 4132): [250080366,com.android.settings.Settings,performPause]
02-22 02:35:40.188 I/wm_add_to_stopping( 1503): [0,250080366,com.android.settings/.Settings,makeInvisible]
02-22 02:35:40.188 I/wm_restart_activity( 1503): [0,221313902,96,com.thundercomm.screensaver/android.service.dreams.DreamActivity]
02-22 02:35:40.189 I/wm_set_resumed_activity( 1503): [0,com.thundercomm.screensaver/android.service.dreams.DreamActivity,minimalResumeActivityLocked]
02-22 02:35:40.192 I/sysui_multi_action( 1503): [757,803,799,window_time_0,802,2]
02-22 02:35:40.192 I/wm_on_create_called( 6011): [221313902,android.service.dreams.DreamActivity,performCreate]
02-22 02:35:40.193 I/wm_on_start_called( 6011): [221313902,android.service.dreams.DreamActivity,handleStartActivity]
02-22 02:35:40.193 I/wm_on_resume_called( 6011): [221313902,android.service.dreams.DreamActivity,RESUME_ACTIVITY]
02-22 02:35:40.195 I/wm_on_top_resumed_gained_called( 6011): [221313902,android.service.dreams.DreamActivity,topStateChangedWhenResumed]
02-22 02:35:40.197 I/input_focus( 1503): [Focus leaving 91ac81d NotificationShade (server),reason=NOT_FOCUSABLE]
02-22 02:35:40.204 I/input_focus( 1503): [Focus request bf5607a com.thundercomm.screensaver/android.service.dreams.DreamActivity,reason=UpdateInputWindows]
02-22 02:35:40.216 I/notification_enqueue( 1503): [10078,1966,com.android.systemui,2048,NULL,0,Notification(channel=updateNotification shortcut=null contentView=null vibrate=null sound=null defaults=0x0 flags=0x0 color=0x00000000 vis=PRIVATE),1]
02-22 02:35:40.216 I/sysui_multi_action( 1966): [757,111,758,2]
02-22 02:35:40.217 I/sysui_multi_action( 1966): [757,111,758,2]
02-22 02:35:40.225 I/sysui_multi_action( 1503): [319,51,322,41,325,4961,757,761,758,8,759,2,806,com.thundercomm.screensaver,871,android.service.dreams.DreamActivity,904,com.thundercomm.screensaver,905,0,1320,4,1321,2]
02-22 02:35:40.226 I/wm_activity_launch_time( 1503): [0,221313902,com.thundercomm.screensaver/android.service.dreams.DreamActivity,41]
02-22 02:35:40.229 I/sysui_multi_action( 1966): [757,111,758,1]
02-22 02:35:40.230 I/sysui_multi_action( 1966): [757,126,758,1,759,126,927,0,928,1,1593,0]
02-22 02:35:40.230 I/sysui_multi_action( 1966): [757,113,758,1,759,113,927,1,928,1,1593,0]
02-22 02:35:40.230 I/sysui_multi_action( 1966): [757,0,758,1,759,0,927,2,928,0,1593,0]
02-22 02:35:40.230 I/sysui_multi_action( 1966): [757,0,758,1,759,0,927,3,928,0,1593,0]
02-22 02:35:40.230 I/sysui_multi_action( 1966): [757,491,758,1,759,491,927,4,928,0,1311,-1,1593,0]
02-22 02:35:40.230 I/sysui_multi_action( 1966): [757,0,758,1,759,0,927,5,928,0,1593,0]
02-22 02:35:40.230 I/sysui_multi_action( 1966): [757,111,758,1]
