02-22 02:22:29.593 I/am_wtf ( 1503): [0,1503,system_server,-1,DisplayDeviceConfig,requesting nits when no mapping exists.]
02-22 02:22:29.594 I/am_wtf ( 1503): [0,1503,system_server,-1,DisplayDeviceConfig,requesting nits when no mapping exists.]
02-22 02:22:29.610 I/am_wtf ( 1503): [0,1503,system_server,-1,DisplayDeviceConfig,requesting nits when no mapping exists.]
02-22 02:22:29.610 I/am_wtf ( 1503): [0,1503,system_server,-1,DisplayDeviceConfig,requesting nits when no mapping exists.]
02-22 02:22:29.627 I/am_wtf ( 1503): [0,1503,system_server,-1,DisplayDeviceConfig,requesting nits when no mapping exists.]
02-22 02:22:29.628 I/am_wtf ( 1503): [0,1503,system_server,-1,DisplayDeviceConfig,requesting nits when no mapping exists.]
02-22 02:22:29.644 I/am_wtf ( 1503): [0,1503,system_server,-1,DisplayDeviceConfig,requesting nits when no mapping exists.]
02-22 02:22:29.645 I/am_wtf ( 1503): [0,1503,system_server,-1,DisplayDeviceConfig,requesting nits when no mapping exists.]
02-22 02:22:29.661 I/am_wtf ( 1503): [0,1503,system_server,-1,DisplayDeviceConfig,requesting nits when no mapping exists.]
02-22 02:22:29.662 I/am_wtf ( 1503): [0,1503,system_server,-1,DisplayDeviceConfig,requesting nits when no mapping exists.]
02-22 02:22:29.677 I/am_wtf ( 1503): [0,1503,system_server,-1,DisplayDeviceConfig,requesting nits when no mapping exists.]
02-22 02:22:29.678 I/am_wtf ( 1503): [0,1503,system_server,-1,DisplayDeviceConfig,requesting nits when no mapping exists.]
02-22 02:22:29.694 I/am_wtf ( 1503): [0,1503,system_server,-1,DisplayDeviceConfig,requesting nits when no mapping exists.]
02-22 02:22:29.695 I/am_wtf ( 1503): [0,1503,system_server,-1,DisplayDeviceConfig,requesting nits when no mapping exists.]
02-22 02:22:29.710 I/am_wtf ( 1503): [0,1503,system_server,-1,DisplayDeviceConfig,requesting nits when no mapping exists.]
02-22 02:22:29.711 I/am_wtf ( 1503): [0,1503,system_server,-1,DisplayDeviceConfig,requesting nits when no mapping exists.]
02-22 02:22:29.727 I/am_wtf ( 1503): [0,1503,system_server,-1,DisplayDeviceConfig,requesting nits when no mapping exists.]
02-22 02:22:29.728 I/am_wtf ( 1503): [0,1503,system_server,-1,DisplayDeviceConfig,requesting nits when no mapping exists.]
02-22 02:22:29.744 I/am_wtf ( 1503): [0,1503,system_server,-1,DisplayDeviceConfig,requesting nits when no mapping exists.]
02-22 02:22:29.745 I/am_wtf ( 1503): [0,1503,system_server,-1,DisplayDeviceConfig,requesting nits when no mapping exists.]
02-22 02:22:29.760 I/am_wtf ( 1503): [0,1503,system_server,-1,DisplayDeviceConfig,requesting nits when no mapping exists.]
02-22 02:22:29.761 I/am_wtf ( 1503): [0,1503,system_server,-1,DisplayDeviceConfig,requesting nits when no mapping exists.]
02-22 02:22:29.777 I/am_wtf ( 1503): [0,1503,system_server,-1,DisplayDeviceConfig,requesting nits when no mapping exists.]
02-22 02:22:29.778 I/am_wtf ( 1503): [0,1503,system_server,-1,DisplayDeviceConfig,requesting nits when no mapping exists.]
02-22 02:22:29.794 I/am_wtf ( 1503): [0,1503,system_server,-1,DisplayDeviceConfig,requesting nits when no mapping exists.]
02-22 02:22:29.795 I/am_wtf ( 1503): [0,1503,system_server,-1,DisplayDeviceConfig,requesting nits when no mapping exists.]
02-22 02:22:29.810 I/am_wtf ( 1503): [0,1503,system_server,-1,DisplayDeviceConfig,requesting nits when no mapping exists.]
02-22 02:22:29.811 I/am_wtf ( 1503): [0,1503,system_server,-1,DisplayDeviceConfig,requesting nits when no mapping exists.]
02-22 02:22:29.828 I/am_wtf ( 1503): [0,1503,system_server,-1,DisplayDeviceConfig,requesting nits when no mapping exists.]
02-22 02:22:29.828 I/am_wtf ( 1503): [0,1503,system_server,-1,DisplayDeviceConfig,requesting nits when no mapping exists.]
02-22 02:22:29.844 I/am_wtf ( 1503): [0,1503,system_server,-1,DisplayDeviceConfig,requesting nits when no mapping exists.]
02-22 02:22:29.845 I/am_wtf ( 1503): [0,1503,system_server,-1,DisplayDeviceConfig,requesting nits when no mapping exists.]
02-22 02:22:29.861 I/am_wtf ( 1503): [0,1503,system_server,-1,DisplayDeviceConfig,requesting nits when no mapping exists.]
02-22 02:22:29.862 I/am_wtf ( 1503): [0,1503,system_server,-1,DisplayDeviceConfig,requesting nits when no mapping exists.]
02-22 02:22:29.878 I/am_wtf ( 1503): [0,1503,system_server,-1,DisplayDeviceConfig,requesting nits when no mapping exists.]
02-22 02:22:29.878 I/am_wtf ( 1503): [0,1503,system_server,-1,DisplayDeviceConfig,requesting nits when no mapping exists.]
02-22 02:22:29.894 I/am_wtf ( 1503): [0,1503,system_server,-1,DisplayDeviceConfig,requesting nits when no mapping exists.]
02-22 02:22:29.895 I/am_wtf ( 1503): [0,1503,system_server,-1,DisplayDeviceConfig,requesting nits when no mapping exists.]
02-22 02:22:29.911 I/am_wtf ( 1503): [0,1503,system_server,-1,DisplayDeviceConfig,requesting nits when no mapping exists.]
02-22 02:22:29.912 I/am_wtf ( 1503): [0,1503,system_server,-1,DisplayDeviceConfig,requesting nits when no mapping exists.]
02-22 02:22:29.928 I/am_wtf ( 1503): [0,1503,system_server,-1,DisplayDeviceConfig,requesting nits when no mapping exists.]
02-22 02:22:29.929 I/am_wtf ( 1503): [0,1503,system_server,-1,DisplayDeviceConfig,requesting nits when no mapping exists.]
02-22 02:22:29.944 I/am_wtf ( 1503): [0,1503,system_server,-1,DisplayDeviceConfig,requesting nits when no mapping exists.]
02-22 02:22:29.945 I/am_wtf ( 1503): [0,1503,system_server,-1,DisplayDeviceConfig,requesting nits when no mapping exists.]
02-22 02:22:29.961 I/am_wtf ( 1503): [0,1503,system_server,-1,DisplayDeviceConfig,requesting nits when no mapping exists.]
02-22 02:22:29.962 I/am_wtf ( 1503): [0,1503,system_server,-1,DisplayDeviceConfig,requesting nits when no mapping exists.]
02-22 02:22:29.978 I/am_wtf ( 1503): [0,1503,system_server,-1,DisplayDeviceConfig,requesting nits when no mapping exists.]
02-22 02:22:29.978 I/am_wtf ( 1503): [0,1503,system_server,-1,DisplayDeviceConfig,requesting nits when no mapping exists.]
02-22 02:22:29.994 I/am_wtf ( 1503): [0,1503,system_server,-1,DisplayDeviceConfig,requesting nits when no mapping exists.]
02-22 02:22:29.995 I/am_wtf ( 1503): [0,1503,system_server,-1,DisplayDeviceConfig,requesting nits when no mapping exists.]
02-22 02:22:38.949 I/sysui_multi_action( 1503): [757,128,758,5,759,8,793,1400012,794,64045,795,1400012,796,17303299,797,com.android.wifi,806,android,857,NETWORK_AVAILABLE,858,2,947,0,1500,1399810,1688,1]
02-22 02:22:38.949 I/notification_canceled( 1503): [0|android|17303299|com.android.wifi|1000,8,1400012,1400012,64045,-1,-1,NULL]
02-22 02:23:01.642 I/input_interaction( 1503): Interaction with: ab95283 com.android.settings/com.android.settings.Settings (server), edge-swipe (server), swipe-up (server), PointerEventDispatcher0 (server),
02-22 02:23:01.645 I/sysui_multi_action( 1503): [757,1696,758,6,759,3]
02-22 02:23:01.652 I/am_wtf ( 1503): [0,1503,system_server,-1,DisplayDeviceConfig,requesting nits when no mapping exists.]
02-22 02:23:01.655 I/am_wtf ( 1503): [0,1503,system_server,-1,DisplayDeviceConfig,requesting nits when no mapping exists.]
02-22 02:23:01.661 I/wm_task_moved( 1503): [1,0,0]
02-22 02:23:01.661 I/wm_task_moved( 1503): [1,0,7]
02-22 02:23:01.668 I/wm_on_restart_called( 2514): [229498384,com.android.launcher3.uioverrides.QuickstepLauncher,performRestartActivity]
02-22 02:23:01.671 I/am_wtf ( 1503): [0,1503,system_server,-1,DisplayDeviceConfig,requesting nits when no mapping exists.]
02-22 02:23:01.673 I/am_wtf ( 1503): [0,1503,system_server,-1,DisplayDeviceConfig,requesting nits when no mapping exists.]
02-22 02:23:01.682 I/am_pss ( 1503): [4132,1000,com.android.settings,190725120,170598400,0,341979136,0,2,13]
02-22 02:23:01.685 I/am_wtf ( 1503): [0,1503,system_server,-1,DisplayDeviceConfig,requesting nits when no mapping exists.]
02-22 02:23:01.687 I/am_wtf ( 1503): [0,1503,system_server,-1,DisplayDeviceConfig,requesting nits when no mapping exists.]
02-22 02:23:01.688 I/am_wtf ( 1503): [0,1503,system_server,-1,DisplayDeviceConfig,requesting nits when no mapping exists.]
02-22 02:23:01.689 I/am_wtf ( 1503): [0,1503,system_server,-1,DisplayDeviceConfig,requesting nits when no mapping exists.]
02-22 02:23:01.701 I/wm_on_start_called( 2514): [229498384,com.android.launcher3.uioverrides.QuickstepLauncher,handleStartActivity]
02-22 02:23:01.707 I/am_wtf ( 1503): [0,1503,system_server,-1,DisplayDeviceConfig,requesting nits when no mapping exists.]
02-22 02:23:01.708 I/am_wtf ( 1503): [0,1503,system_server,-1,DisplayDeviceConfig,requesting nits when no mapping exists.]
02-22 02:23:01.726 I/am_wtf ( 1503): [0,1503,system_server,-1,DisplayDeviceConfig,requesting nits when no mapping exists.]
02-22 02:23:01.726 I/am_wtf ( 1503): [0,1503,system_server,-1,DisplayDeviceConfig,requesting nits when no mapping exists.]
02-22 02:23:01.729 I/sysui_multi_action( 1503): [319,9,322,58,325,4203,757,761,758,9,759,5,806,com.android.launcher3,871,com.android.launcher3.uioverrides.QuickstepLauncher,905,0,1320,8,1321,5]
02-22 02:23:01.739 I/am_wtf ( 1503): [0,1503,system_server,-1,DisplayDeviceConfig,requesting nits when no mapping exists.]
02-22 02:23:01.739 I/am_wtf ( 1503): [0,1503,system_server,-1,DisplayDeviceConfig,requesting nits when no mapping exists.]
02-22 02:23:01.760 I/am_wtf ( 1503): [0,1503,system_server,-1,DisplayDeviceConfig,requesting nits when no mapping exists.]
02-22 02:23:01.761 I/am_wtf ( 1503): [0,1503,system_server,-1,DisplayDeviceConfig,requesting nits when no mapping exists.]
02-22 02:23:01.772 I/am_wtf ( 1503): [0,1503,system_server,-1,DisplayDeviceConfig,requesting nits when no mapping exists.]
02-22 02:23:01.773 I/am_wtf ( 1503): [0,1503,system_server,-1,DisplayDeviceConfig,requesting nits when no mapping exists.]
02-22 02:23:01.789 I/am_wtf ( 1503): [0,1503,system_server,-1,DisplayDeviceConfig,requesting nits when no mapping exists.]
02-22 02:23:01.790 I/am_wtf ( 1503): [0,1503,system_server,-1,DisplayDeviceConfig,requesting nits when no mapping exists.]
02-22 02:23:01.806 I/am_wtf ( 1503): [0,1503,system_server,-1,DisplayDeviceConfig,requesting nits when no mapping exists.]
02-22 02:23:01.807 I/am_wtf ( 1503): [0,1503,system_server,-1,DisplayDeviceConfig,requesting nits when no mapping exists.]
02-22 02:23:01.824 I/am_wtf ( 1503): [0,1503,system_server,-1,DisplayDeviceConfig,requesting nits when no mapping exists.]
02-22 02:23:01.825 I/am_wtf ( 1503): [0,1503,system_server,-1,DisplayDeviceConfig,requesting nits when no mapping exists.]
02-22 02:23:01.839 I/am_wtf ( 1503): [0,1503,system_server,-1,DisplayDeviceConfig,requesting nits when no mapping exists.]
02-22 02:23:01.840 I/am_wtf ( 1503): [0,1503,system_server,-1,DisplayDeviceConfig,requesting nits when no mapping exists.]
02-22 02:23:01.856 I/am_wtf ( 1503): [0,1503,system_server,-1,DisplayDeviceConfig,requesting nits when no mapping exists.]
02-22 02:23:01.857 I/am_wtf ( 1503): [0,1503,system_server,-1,DisplayDeviceConfig,requesting nits when no mapping exists.]
02-22 02:23:01.873 I/am_wtf ( 1503): [0,1503,system_server,-1,DisplayDeviceConfig,requesting nits when no mapping exists.]
02-22 02:23:01.874 I/am_wtf ( 1503): [0,1503,system_server,-1,DisplayDeviceConfig,requesting nits when no mapping exists.]
02-22 02:23:01.890 I/am_wtf ( 1503): [0,1503,system_server,-1,DisplayDeviceConfig,requesting nits when no mapping exists.]
02-22 02:23:01.891 I/am_wtf ( 1503): [0,1503,system_server,-1,DisplayDeviceConfig,requesting nits when no mapping exists.]
02-22 02:23:01.899 I/wm_task_moved( 1503): [1,0,7]
02-22 02:23:01.900 I/wm_add_to_stopping( 1503): [0,229498384,com.android.launcher3/.uioverrides.QuickstepLauncher,makeInvisible]
02-22 02:23:01.904 I/commit_sys_config_file( 1503): [settings-1-0,6]
02-22 02:23:01.907 I/wm_stop_activity( 1503): [0,229498384,com.android.launcher3/.uioverrides.QuickstepLauncher]
02-22 02:23:01.915 I/am_wtf ( 1503): [0,1503,system_server,-1,DisplayDeviceConfig,requesting nits when no mapping exists.]
02-22 02:23:01.918 I/am_wtf ( 1503): [0,1503,system_server,-1,DisplayDeviceConfig,requesting nits when no mapping exists.]
02-22 02:23:01.919 I/am_pss ( 1503): [5263,1000,com.qti.diagservices,6203392,3796992,0,93536256,0,10,8]
02-22 02:23:01.922 I/wm_on_stop_called( 2514): [229498384,com.android.launcher3.uioverrides.QuickstepLauncher,STOP_ACTIVITY_ITEM]
02-22 02:23:01.927 I/am_wtf ( 1503): [0,1503,system_server,-1,DisplayDeviceConfig,requesting nits when no mapping exists.]
02-22 02:23:01.928 I/am_wtf ( 1503): [0,1503,system_server,-1,DisplayDeviceConfig,requesting nits when no mapping exists.]
02-22 02:23:01.944 I/am_wtf ( 1503): [0,1503,system_server,-1,DisplayDeviceConfig,requesting nits when no mapping exists.]
02-22 02:23:01.945 I/am_wtf ( 1503): [0,1503,system_server,-1,DisplayDeviceConfig,requesting nits when no mapping exists.]
02-22 02:23:01.956 I/am_wtf ( 1503): [0,1503,system_server,-1,DisplayDeviceConfig,requesting nits when no mapping exists.]
02-22 02:23:01.957 I/am_wtf ( 1503): [0,1503,system_server,-1,DisplayDeviceConfig,requesting nits when no mapping exists.]
02-22 02:23:01.974 I/am_wtf ( 1503): [0,1503,system_server,-1,DisplayDeviceConfig,requesting nits when no mapping exists.]
02-22 02:23:01.974 I/am_wtf ( 1503): [0,1503,system_server,-1,DisplayDeviceConfig,requesting nits when no mapping exists.]
02-22 02:23:01.991 I/am_wtf ( 1503): [0,1503,system_server,-1,DisplayDeviceConfig,requesting nits when no mapping exists.]
02-22 02:23:01.991 I/am_wtf ( 1503): [0,1503,system_server,-1,DisplayDeviceConfig,requesting nits when no mapping exists.]
02-22 02:23:01.992 I/service_manager_stats( 1503): [100,52,32415]
02-22 02:23:02.007 I/am_wtf ( 1503): [0,1503,system_server,-1,DisplayDeviceConfig,requesting nits when no mapping exists.]
02-22 02:23:02.008 I/am_wtf ( 1503): [0,1503,system_server,-1,DisplayDeviceConfig,requesting nits when no mapping exists.]
02-22 02:23:02.024 I/am_wtf ( 1503): [0,1503,system_server,-1,DisplayDeviceConfig,requesting nits when no mapping exists.]
02-22 02:23:02.025 I/am_wtf ( 1503): [0,1503,system_server,-1,DisplayDeviceConfig,requesting nits when no mapping exists.]
02-22 02:23:02.041 I/am_wtf ( 1503): [0,1503,system_server,-1,DisplayDeviceConfig,requesting nits when no mapping exists.]
02-22 02:23:02.041 I/am_wtf ( 1503): [0,1503,system_server,-1,DisplayDeviceConfig,requesting nits when no mapping exists.]
02-22 02:23:02.057 I/am_wtf ( 1503): [0,1503,system_server,-1,DisplayDeviceConfig,requesting nits when no mapping exists.]
02-22 02:23:02.058 I/am_wtf ( 1503): [0,1503,system_server,-1,DisplayDeviceConfig,requesting nits when no mapping exists.]
02-22 02:23:02.074 I/am_wtf ( 1503): [0,1503,system_server,-1,DisplayDeviceConfig,requesting nits when no mapping exists.]
02-22 02:23:02.075 I/am_wtf ( 1503): [0,1503,system_server,-1,DisplayDeviceConfig,requesting nits when no mapping exists.]
02-22 02:23:02.090 I/am_wtf ( 1503): [0,1503,system_server,-1,DisplayDeviceConfig,requesting nits when no mapping exists.]
02-22 02:23:02.091 I/am_wtf ( 1503): [0,1503,system_server,-1,DisplayDeviceConfig,requesting nits when no mapping exists.]
02-22 02:23:02.107 I/am_wtf ( 1503): [0,1503,system_server,-1,DisplayDeviceConfig,requesting nits when no mapping exists.]
02-22 02:23:02.108 I/am_wtf ( 1503): [0,1503,system_server,-1,DisplayDeviceConfig,requesting nits when no mapping exists.]
02-22 02:23:02.124 I/am_wtf ( 1503): [0,1503,system_server,-1,DisplayDeviceConfig,requesting nits when no mapping exists.]
02-22 02:23:02.125 I/am_wtf ( 1503): [0,1503,system_server,-1,DisplayDeviceConfig,requesting nits when no mapping exists.]
02-22 02:23:02.141 I/am_wtf ( 1503): [0,1503,system_server,-1,DisplayDeviceConfig,requesting nits when no mapping exists.]
02-22 02:23:02.142 I/am_wtf ( 1503): [0,1503,system_server,-1,DisplayDeviceConfig,requesting nits when no mapping exists.]
02-22 02:23:02.158 I/am_wtf ( 1503): [0,1503,system_server,-1,DisplayDeviceConfig,requesting nits when no mapping exists.]
02-22 02:23:02.159 I/am_wtf ( 1503): [0,1503,system_server,-1,DisplayDeviceConfig,requesting nits when no mapping exists.]
02-22 02:23:02.174 I/am_wtf ( 1503): [0,1503,system_server,-1,DisplayDeviceConfig,requesting nits when no mapping exists.]
02-22 02:23:02.175 I/am_wtf ( 1503): [0,1503,system_server,-1,DisplayDeviceConfig,requesting nits when no mapping exists.]
02-22 02:23:02.464 I/wm_task_moved( 1503): [1,0,0]
02-22 02:23:02.464 I/wm_task_moved( 1503): [1,0,7]
02-22 02:23:02.475 I/wm_on_restart_called( 2514): [229498384,com.android.launcher3.uioverrides.QuickstepLauncher,performRestartActivity]
02-22 02:23:02.489 I/wm_on_start_called( 2514): [229498384,com.android.launcher3.uioverrides.QuickstepLauncher,handleStartActivity]
02-22 02:23:02.491 I/view_enqueue_input_event( 4132): [Motion - Cancel,com.android.settings/com.android.settings.Settings]
02-22 02:23:02.499 I/sysui_latency( 2514): [1,51]
02-22 02:23:02.501 I/input_interaction( 1503): Interaction with: edge-swipe (server), swipe-up (server), PointerEventDispatcher0 (server),
02-22 02:23:02.512 I/sysui_multi_action( 1503): [319,9,322,44,325,4204,757,761,758,9,759,5,806,com.android.launcher3,871,com.android.launcher3.uioverrides.QuickstepLauncher,905,0,1320,8,1321,5]
02-22 02:23:02.512 I/input_focus( 1503): [Focus leaving ab95283 com.android.settings/com.android.settings.Settings (server),reason=NOT_FOCUSABLE]
02-22 02:23:02.691 I/commit_sys_config_file( 1503): [settings-1-0,3]
02-22 02:23:02.811 I/sysui_latency( 1503): [8,55]
02-22 02:23:03.299 I/wm_task_moved( 1503): [1,1,8]
02-22 02:23:03.300 I/wm_task_moved( 1503): [41,1,2147483647]
02-22 02:23:03.300 I/wm_task_to_front( 1503): [0,41]
02-22 02:23:03.300 I/wm_focused_root_task( 1503): [0,0,1,45,RecentsAnimation.onAnimationFinished()]
02-22 02:23:03.300 I/wm_on_top_resumed_lost_called( 4132): [250080366,com.android.settings.Settings,topStateChangedWhenResumed]
02-22 02:23:03.300 I/wm_set_resumed_activity( 1503): [0,com.android.launcher3/.uioverrides.QuickstepLauncher,RecentsAnimation.onAnimationFinished()]
02-22 02:23:03.302 I/wm_pause_activity( 1503): [0,250080366,com.android.settings/.Settings,userLeaving=true,pauseBackTasks]
02-22 02:23:03.305 I/wm_add_to_stopping( 1503): [0,250080366,com.android.settings/.Settings,makeInvisible]
02-22 02:23:03.306 I/wm_set_resumed_activity( 1503): [0,com.android.launcher3/.uioverrides.QuickstepLauncher,resumeTopActivityInnerLocked]
02-22 02:23:03.310 I/wm_resume_activity( 1503): [0,229498384,41,com.android.launcher3/.uioverrides.QuickstepLauncher]
02-22 02:23:03.311 I/wm_on_resume_called( 2514): [229498384,com.android.launcher3.uioverrides.QuickstepLauncher,RESUME_ACTIVITY]
02-22 02:23:03.315 I/input_focus( 1503): [Focus request e3555c3 com.android.launcher3/com.android.launcher3.uioverrides.QuickstepLauncher,reason=UpdateInputWindows]
02-22 02:23:03.316 I/wm_on_top_resumed_gained_called( 2514): [229498384,com.android.launcher3.uioverrides.QuickstepLauncher,topStateChangedWhenResumed]
02-22 02:23:03.318 I/sysui_multi_action( 4132): [757,35,758,2,1089,273324]
02-22 02:23:03.319 I/sysui_multi_action( 4132): [757,1390,758,2,1089,244838]
02-22 02:23:03.319 I/wm_on_paused_called( 4132): [250080366,com.android.settings.Settings,performPause]
02-22 02:23:03.325 I/wm_stop_activity( 1503): [0,250080366,com.android.settings/.Settings]
02-22 02:23:03.326 I/sysui_multi_action( 1503): [757,803,799,window_time_0,802,274]
02-22 02:23:03.328 I/input_focus( 1503): [Focus entering e3555c3 com.android.launcher3/com.android.launcher3.uioverrides.QuickstepLauncher (server),reason=setFocusedWindow]
02-22 02:23:03.328 I/sysui_multi_action( 1503): [757,803,799,window_time_0,802,0]
02-22 02:23:03.350 I/wm_on_stop_called( 4132): [250080366,com.android.settings.Settings,STOP_ACTIVITY_ITEM]
02-22 02:23:03.377 I/am_uid_active( 1503): 10061
02-22 02:23:03.411 I/input_interaction( 1503): Interaction with: a916dde StatusBar (server), edge-swipe (server), swipe-up (server), PointerEventDispatcher0 (server),
02-22 02:23:03.484 I/sysui_multi_action( 1503): [757,127,758,1]
02-22 02:23:03.484 I/sysui_multi_action( 1503): [757,804,799,note_load,801,2,802,1]
02-22 02:23:03.484 I/notification_panel_revealed( 1503): 2
02-22 02:23:03.497 I/sysui_multi_action( 1503): [757,128,758,1,793,4194516,794,0,795,4194516,796,26,798,0,806,android,857,DEVELOPER_IMPORTANT,858,4,947,0,1395,2,1500,4194111,1688,1]
02-22 02:23:03.498 I/sysui_multi_action( 1503): [757,804,799,note_freshness,801,4194516,802,1]
02-22 02:23:03.498 I/notification_visibility( 1503): [-1|android|26|null|1000,1,4194516,4194516,0,0]
02-22 02:23:03.498 I/sysui_multi_action( 1503): [757,128,758,1,793,4195120,794,0,795,4195120,796,32,798,1,806,android,857,USB,858,1,947,0,1395,2,1500,4195045,1688,1]
02-22 02:23:03.498 I/sysui_multi_action( 1503): [757,804,799,note_freshness,801,4195120,802,1]
02-22 02:23:03.498 I/notification_visibility( 1503): [-1|android|32|null|1000,1,4195120,4195120,0,1]
02-22 02:23:03.506 I/input_focus( 1503): [Focus request 91ac81d NotificationShade,reason=UpdateInputWindows]
02-22 02:23:03.529 I/input_focus( 1503): [Focus leaving e3555c3 com.android.launcher3/com.android.launcher3.uioverrides.QuickstepLauncher (server),reason=setFocusedWindow]
02-22 02:23:03.529 I/input_focus( 1503): [Focus entering 91ac81d NotificationShade (server),reason=setFocusedWindow]
02-22 02:23:03.578 I/sysui_multi_action( 1966): [757,111,758,1]
02-22 02:23:03.578 I/sysui_multi_action( 1966): [757,126,758,1,759,126,927,0,928,1,1593,0]
02-22 02:23:03.578 I/sysui_multi_action( 1966): [757,113,758,1,759,113,927,1,928,1,1593,0]
02-22 02:23:03.579 I/sysui_multi_action( 1966): [757,0,758,1,759,0,927,2,928,0,1593,0]
02-22 02:23:03.579 I/sysui_multi_action( 1966): [757,0,758,1,759,0,927,3,928,0,1593,0]
02-22 02:23:03.579 I/sysui_multi_action( 1966): [757,491,758,1,759,491,927,4,928,0,1311,-1,1593,0]
02-22 02:23:03.580 I/sysui_multi_action( 1966): [757,0,758,1,759,0,927,5,928,0,1593,0]
02-22 02:23:03.580 I/sysui_multi_action( 1966): [757,111,758,1]
02-22 02:23:03.580 I/sysui_multi_action( 1966): [757,126,758,1,759,126,927,0,928,1,1593,0]
02-22 02:23:03.580 I/sysui_multi_action( 1966): [757,113,758,1,759,113,927,1,928,1,1593,0]
02-22 02:23:03.580 I/sysui_multi_action( 1966): [757,0,758,1,759,0,927,2,928,0,1593,0]
02-22 02:23:03.580 I/sysui_multi_action( 1966): [757,0,758,1,759,0,927,3,928,0,1593,0]
02-22 02:23:17.866 I/am_freeze( 1503): [5350,android.process.media]
02-22 02:23:17.867 I/am_kill ( 1503): [0,5350,android.process.media,945,Unable to freeze binder interface]
02-22 02:23:17.899 I/am_proc_died( 1503): [0,5350,android.process.media,945,19]
02-22 02:23:17.900 I/am_uid_stopped( 1503): 10017
02-22 02:23:56.835 I/sysui_multi_action( 1503): [757,1696,758,6,759,2]
02-22 02:23:56.847 I/am_wtf ( 1503): [0,1503,system_server,-1,DisplayDeviceConfig,requesting nits when no mapping exists.]
02-22 02:23:56.851 I/am_wtf ( 1503): [0,1503,system_server,-1,DisplayDeviceConfig,requesting nits when no mapping exists.]
02-22 02:23:56.863 I/am_wtf ( 1503): [0,1503,system_server,-1,DisplayDeviceConfig,requesting nits when no mapping exists.]
02-22 02:23:56.864 I/am_wtf ( 1503): [0,1503,system_server,-1,DisplayDeviceConfig,requesting nits when no mapping exists.]
02-22 02:23:56.872 I/am_wtf ( 1503): [0,1503,system_server,-1,DisplayDeviceConfig,requesting nits when no mapping exists.]
02-22 02:23:56.874 I/am_wtf ( 1503): [0,1503,system_server,-1,DisplayDeviceConfig,requesting nits when no mapping exists.]
02-22 02:23:56.889 I/am_wtf ( 1503): [0,1503,system_server,-1,DisplayDeviceConfig,requesting nits when no mapping exists.]
02-22 02:23:56.890 I/am_wtf ( 1503): [0,1503,system_server,-1,DisplayDeviceConfig,requesting nits when no mapping exists.]
02-22 02:23:56.906 I/am_wtf ( 1503): [0,1503,system_server,-1,DisplayDeviceConfig,requesting nits when no mapping exists.]
02-22 02:23:56.907 I/am_wtf ( 1503): [0,1503,system_server,-1,DisplayDeviceConfig,requesting nits when no mapping exists.]
02-22 02:23:56.922 I/am_wtf ( 1503): [0,1503,system_server,-1,DisplayDeviceConfig,requesting nits when no mapping exists.]
02-22 02:23:56.923 I/am_wtf ( 1503): [0,1503,system_server,-1,DisplayDeviceConfig,requesting nits when no mapping exists.]
02-22 02:23:56.939 I/am_wtf ( 1503): [0,1503,system_server,-1,DisplayDeviceConfig,requesting nits when no mapping exists.]
02-22 02:23:56.940 I/am_wtf ( 1503): [0,1503,system_server,-1,DisplayDeviceConfig,requesting nits when no mapping exists.]
02-22 02:23:56.956 I/am_wtf ( 1503): [0,1503,system_server,-1,DisplayDeviceConfig,requesting nits when no mapping exists.]
02-22 02:23:56.957 I/am_wtf ( 1503): [0,1503,system_server,-1,DisplayDeviceConfig,requesting nits when no mapping exists.]
02-22 02:23:56.973 I/am_wtf ( 1503): [0,1503,system_server,-1,DisplayDeviceConfig,requesting nits when no mapping exists.]
02-22 02:23:56.973 I/am_wtf ( 1503): [0,1503,system_server,-1,DisplayDeviceConfig,requesting nits when no mapping exists.]
02-22 02:23:56.990 I/am_wtf ( 1503): [0,1503,system_server,-1,DisplayDeviceConfig,requesting nits when no mapping exists.]
02-22 02:23:56.991 I/am_wtf ( 1503): [0,1503,system_server,-1,DisplayDeviceConfig,requesting nits when no mapping exists.]
02-22 02:23:57.006 I/am_wtf ( 1503): [0,1503,system_server,-1,DisplayDeviceConfig,requesting nits when no mapping exists.]
02-22 02:23:57.006 I/am_wtf ( 1503): [0,1503,system_server,-1,DisplayDeviceConfig,requesting nits when no mapping exists.]
02-22 02:23:57.022 I/am_wtf ( 1503): [0,1503,system_server,-1,DisplayDeviceConfig,requesting nits when no mapping exists.]
02-22 02:23:57.023 I/am_wtf ( 1503): [0,1503,system_server,-1,DisplayDeviceConfig,requesting nits when no mapping exists.]
02-22 02:23:57.039 I/am_wtf ( 1503): [0,1503,system_server,-1,DisplayDeviceConfig,requesting nits when no mapping exists.]
02-22 02:23:57.040 I/am_wtf ( 1503): [0,1503,system_server,-1,DisplayDeviceConfig,requesting nits when no mapping exists.]
02-22 02:23:57.056 I/am_wtf ( 1503): [0,1503,system_server,-1,DisplayDeviceConfig,requesting nits when no mapping exists.]
02-22 02:23:57.057 I/am_wtf ( 1503): [0,1503,system_server,-1,DisplayDeviceConfig,requesting nits when no mapping exists.]
02-22 02:23:57.073 I/am_wtf ( 1503): [0,1503,system_server,-1,DisplayDeviceConfig,requesting nits when no mapping exists.]
02-22 02:23:57.074 I/am_wtf ( 1503): [0,1503,system_server,-1,DisplayDeviceConfig,requesting nits when no mapping exists.]
02-22 02:23:57.090 I/am_wtf ( 1503): [0,1503,system_server,-1,DisplayDeviceConfig,requesting nits when no mapping exists.]
02-22 02:23:57.092 I/am_wtf ( 1503): [0,1503,system_server,-1,DisplayDeviceConfig,requesting nits when no mapping exists.]
02-22 02:23:57.106 I/am_wtf ( 1503): [0,1503,system_server,-1,DisplayDeviceConfig,requesting nits when no mapping exists.]
02-22 02:23:57.107 I/am_wtf ( 1503): [0,1503,system_server,-1,DisplayDeviceConfig,requesting nits when no mapping exists.]
02-22 02:23:57.123 I/am_wtf ( 1503): [0,1503,system_server,-1,DisplayDeviceConfig,requesting nits when no mapping exists.]
02-22 02:23:57.124 I/am_wtf ( 1503): [0,1503,system_server,-1,DisplayDeviceConfig,requesting nits when no mapping exists.]
02-22 02:23:57.140 I/am_wtf ( 1503): [0,1503,system_server,-1,DisplayDeviceConfig,requesting nits when no mapping exists.]
02-22 02:23:57.141 I/am_wtf ( 1503): [0,1503,system_server,-1,DisplayDeviceConfig,requesting nits when no mapping exists.]
02-22 02:23:57.157 I/am_wtf ( 1503): [0,1503,system_server,-1,DisplayDeviceConfig,requesting nits when no mapping exists.]
02-22 02:23:57.157 I/am_wtf ( 1503): [0,1503,system_server,-1,DisplayDeviceConfig,requesting nits when no mapping exists.]
02-22 02:23:57.173 I/am_wtf ( 1503): [0,1503,system_server,-1,DisplayDeviceConfig,requesting nits when no mapping exists.]
02-22 02:23:57.174 I/am_wtf ( 1503): [0,1503,system_server,-1,DisplayDeviceConfig,requesting nits when no mapping exists.]
02-22 02:23:57.190 I/am_wtf ( 1503): [0,1503,system_server,-1,DisplayDeviceConfig,requesting nits when no mapping exists.]
02-22 02:23:57.191 I/am_wtf ( 1503): [0,1503,system_server,-1,DisplayDeviceConfig,requesting nits when no mapping exists.]
02-22 02:23:57.207 I/am_wtf ( 1503): [0,1503,system_server,-1,DisplayDeviceConfig,requesting nits when no mapping exists.]
02-22 02:23:57.208 I/am_wtf ( 1503): [0,1503,system_server,-1,DisplayDeviceConfig,requesting nits when no mapping exists.]
02-22 02:23:57.223 I/am_wtf ( 1503): [0,1503,system_server,-1,DisplayDeviceConfig,requesting nits when no mapping exists.]
02-22 02:23:57.224 I/am_wtf ( 1503): [0,1503,system_server,-1,DisplayDeviceConfig,requesting nits when no mapping exists.]
02-22 02:23:57.240 I/am_wtf ( 1503): [0,1503,system_server,-1,DisplayDeviceConfig,requesting nits when no mapping exists.]
02-22 02:23:57.241 I/am_wtf ( 1503): [0,1503,system_server,-1,DisplayDeviceConfig,requesting nits when no mapping exists.]
02-22 02:23:57.257 I/am_wtf ( 1503): [0,1503,system_server,-1,DisplayDeviceConfig,requesting nits when no mapping exists.]
02-22 02:23:57.258 I/am_wtf ( 1503): [0,1503,system_server,-1,DisplayDeviceConfig,requesting nits when no mapping exists.]
02-22 02:23:57.273 I/am_wtf ( 1503): [0,1503,system_server,-1,DisplayDeviceConfig,requesting nits when no mapping exists.]
02-22 02:23:57.274 I/am_wtf ( 1503): [0,1503,system_server,-1,DisplayDeviceConfig,requesting nits when no mapping exists.]
02-22 02:23:57.290 I/am_wtf ( 1503): [0,1503,system_server,-1,DisplayDeviceConfig,requesting nits when no mapping exists.]
02-22 02:23:57.290 I/am_wtf ( 1503): [0,1503,system_server,-1,DisplayDeviceConfig,requesting nits when no mapping exists.]
02-22 02:23:57.307 I/am_wtf ( 1503): [0,1503,system_server,-1,DisplayDeviceConfig,requesting nits when no mapping exists.]
02-22 02:23:57.308 I/am_wtf ( 1503): [0,1503,system_server,-1,DisplayDeviceConfig,requesting nits when no mapping exists.]
02-22 02:23:57.323 I/am_wtf ( 1503): [0,1503,system_server,-1,DisplayDeviceConfig,requesting nits when no mapping exists.]
02-22 02:23:57.324 I/am_wtf ( 1503): [0,1503,system_server,-1,DisplayDeviceConfig,requesting nits when no mapping exists.]
02-22 02:23:57.340 I/am_wtf ( 1503): [0,1503,system_server,-1,DisplayDeviceConfig,requesting nits when no mapping exists.]
02-22 02:23:57.341 I/am_wtf ( 1503): [0,1503,system_server,-1,DisplayDeviceConfig,requesting nits when no mapping exists.]
02-22 02:23:57.357 I/am_wtf ( 1503): [0,1503,system_server,-1,DisplayDeviceConfig,requesting nits when no mapping exists.]
02-22 02:23:57.358 I/am_wtf ( 1503): [0,1503,system_server,-1,DisplayDeviceConfig,requesting nits when no mapping exists.]
02-22 02:24:09.418 I/am_uid_idle( 1503): 10061
02-22 02:27:14.690 I/am_freeze( 1503): [5589,com.android.deskclock]
02-22 02:27:14.694 I/am_freeze( 1503): [5588,com.android.music]
02-22 02:27:14.696 I/am_kill ( 1503): [0,5589,com.android.deskclock,925,Unable to freeze binder interface]
02-22 02:27:14.698 I/am_kill ( 1503): [0,5588,com.android.music,915,Unable to freeze binder interface]
02-22 02:27:14.734 I/am_proc_died( 1503): [0,5589,com.android.deskclock,925,19]
02-22 02:27:14.735 I/am_uid_stopped( 1503): 10068
02-22 02:27:14.739 I/am_proc_died( 1503): [0,5588,com.android.music,915,19]
02-22 02:27:14.739 I/am_uid_stopped( 1503): 10087
02-22 02:27:14.747 I/am_pss ( 1503): [2514,10080,com.android.launcher3,93958144,84598784,0,218353664,0,2,8]
02-22 02:27:14.902 I/am_freeze( 1503): [3965,com.thundercomm.screensaver]
02-22 02:27:14.903 I/am_kill ( 1503): [0,3965,com.thundercomm.screensaver,915,Unable to freeze binder interface]
02-22 02:27:14.940 I/am_proc_died( 1503): [0,3965,com.thundercomm.screensaver,915,19]
02-22 02:27:14.941 I/am_uid_stopped( 1503): 10047
02-22 02:27:18.889 I/liblog ( 1386): 193
02-22 02:30:06.650 I/input_interaction( 1503): Interaction with: 91ac81d NotificationShade (server), edge-swipe (server), swipe-up (server), PointerEventDispatcher0 (server),
02-22 02:30:06.654 I/sysui_multi_action( 1503): [757,1696,758,6,759,3]
02-22 02:30:06.662 I/am_wtf ( 1503): [0,1503,system_server,-1,DisplayDeviceConfig,requesting nits when no mapping exists.]
02-22 02:30:06.664 I/am_wtf ( 1503): [0,1503,system_server,-1,DisplayDeviceConfig,requesting nits when no mapping exists.]
02-22 02:30:06.664 I/service_manager_stats( 1503): [100,55,424671]
02-22 02:30:06.678 I/am_wtf ( 1503): [0,1503,system_server,-1,DisplayDeviceConfig,requesting nits when no mapping exists.]
02-22 02:30:06.679 I/am_wtf ( 1503): [0,1503,system_server,-1,DisplayDeviceConfig,requesting nits when no mapping exists.]
02-22 02:30:06.694 I/am_wtf ( 1503): [0,1503,system_server,-1,DisplayDeviceConfig,requesting nits when no mapping exists.]
02-22 02:30:06.695 I/am_wtf ( 1503): [0,1503,system_server,-1,DisplayDeviceConfig,requesting nits when no mapping exists.]
02-22 02:30:06.711 I/am_wtf ( 1503): [0,1503,system_server,-1,DisplayDeviceConfig,requesting nits when no mapping exists.]
02-22 02:30:06.711 I/am_wtf ( 1503): [0,1503,system_server,-1,DisplayDeviceConfig,requesting nits when no mapping exists.]
02-22 02:30:06.727 I/am_wtf ( 1503): [0,1503,system_server,-1,DisplayDeviceConfig,requesting nits when no mapping exists.]
02-22 02:30:06.728 I/am_wtf ( 1503): [0,1503,system_server,-1,DisplayDeviceConfig,requesting nits when no mapping exists.]
02-22 02:30:06.744 I/am_wtf ( 1503): [0,1503,system_server,-1,DisplayDeviceConfig,requesting nits when no mapping exists.]
02-22 02:30:06.745 I/am_wtf ( 1503): [0,1503,system_server,-1,DisplayDeviceConfig,requesting nits when no mapping exists.]
02-22 02:30:06.764 I/am_wtf ( 1503): [0,1503,system_server,-1,DisplayDeviceConfig,requesting nits when no mapping exists.]
02-22 02:30:06.765 I/am_wtf ( 1503): [0,1503,system_server,-1,DisplayDeviceConfig,requesting nits when no mapping exists.]
02-22 02:30:06.767 I/sysui_multi_action( 1966): [757,925,758,4,759,113,927,1,928,1,1592,0,1593,1]
02-22 02:30:06.786 I/am_wtf ( 1503): [0,1503,system_server,-1,DisplayDeviceConfig,requesting nits when no mapping exists.]
02-22 02:30:06.787 I/am_wtf ( 1503): [0,1503,system_server,-1,DisplayDeviceConfig,requesting nits when no mapping exists.]
02-22 02:30:06.796 I/am_wtf ( 1503): [0,1503,system_server,-1,DisplayDeviceConfig,requesting nits when no mapping exists.]
02-22 02:30:06.796 I/am_wtf ( 1503): [0,1503,system_server,-1,DisplayDeviceConfig,requesting nits when no mapping exists.]
02-22 02:30:06.815 I/am_wtf ( 1503): [0,1503,system_server,-1,DisplayDeviceConfig,requesting nits when no mapping exists.]
02-22 02:30:06.817 I/am_wtf ( 1503): [0,1503,system_server,-1,DisplayDeviceConfig,requesting nits when no mapping exists.]
02-22 02:30:06.829 I/am_wtf ( 1503): [0,1503,system_server,-1,DisplayDeviceConfig,requesting nits when no mapping exists.]
02-22 02:30:06.832 I/am_wtf ( 1503): [0,1503,system_server,-1,DisplayDeviceConfig,requesting nits when no mapping exists.]
02-22 02:30:06.845 I/am_wtf ( 1503): [0,1503,system_server,-1,DisplayDeviceConfig,requesting nits when no mapping exists.]
02-22 02:30:06.846 I/am_wtf ( 1503): [0,1503,system_server,-1,DisplayDeviceConfig,requesting nits when no mapping exists.]
02-22 02:30:06.862 I/am_wtf ( 1503): [0,1503,system_server,-1,DisplayDeviceConfig,requesting nits when no mapping exists.]
02-22 02:30:06.864 I/am_wtf ( 1503): [0,1503,system_server,-1,DisplayDeviceConfig,requesting nits when no mapping exists.]
02-22 02:30:06.879 I/am_wtf ( 1503): [0,1503,system_server,-1,DisplayDeviceConfig,requesting nits when no mapping exists.]
02-22 02:30:06.880 I/am_wtf ( 1503): [0,1503,system_server,-1,DisplayDeviceConfig,requesting nits when no mapping exists.]
02-22 02:30:06.895 I/am_wtf ( 1503): [0,1503,system_server,-1,DisplayDeviceConfig,requesting nits when no mapping exists.]
02-22 02:30:06.897 I/am_wtf ( 1503): [0,1503,system_server,-1,DisplayDeviceConfig,requesting nits when no mapping exists.]
02-22 02:30:06.912 I/am_wtf ( 1503): [0,1503,system_server,-1,DisplayDeviceConfig,requesting nits when no mapping exists.]
02-22 02:30:06.912 I/am_wtf ( 1503): [0,1503,system_server,-1,DisplayDeviceConfig,requesting nits when no mapping exists.]
02-22 02:30:06.929 I/am_wtf ( 1503): [0,1503,system_server,-1,DisplayDeviceConfig,requesting nits when no mapping exists.]
02-22 02:30:06.929 I/am_wtf ( 1503): [0,1503,system_server,-1,DisplayDeviceConfig,requesting nits when no mapping exists.]
02-22 02:30:06.946 I/am_wtf ( 1503): [0,1503,system_server,-1,DisplayDeviceConfig,requesting nits when no mapping exists.]
02-22 02:30:06.947 I/am_wtf ( 1503): [0,1503,system_server,-1,DisplayDeviceConfig,requesting nits when no mapping exists.]
02-22 02:30:06.963 I/am_wtf ( 1503): [0,1503,system_server,-1,DisplayDeviceConfig,requesting nits when no mapping exists.]
02-22 02:30:06.964 I/am_wtf ( 1503): [0,1503,system_server,-1,DisplayDeviceConfig,requesting nits when no mapping exists.]
02-22 02:30:06.976 I/commit_sys_config_file( 1503): [settings-0-0,5]
02-22 02:30:06.979 I/am_wtf ( 1503): [0,1503,system_server,-1,DisplayDeviceConfig,requesting nits when no mapping exists.]
02-22 02:30:06.979 I/am_wtf ( 1503): [0,1503,system_server,-1,DisplayDeviceConfig,requesting nits when no mapping exists.]
02-22 02:30:06.995 I/am_wtf ( 1503): [0,1503,system_server,-1,DisplayDeviceConfig,requesting nits when no mapping exists.]
02-22 02:30:06.995 I/am_wtf ( 1503): [0,1503,system_server,-1,DisplayDeviceConfig,requesting nits when no mapping exists.]
02-22 02:30:07.012 I/am_wtf ( 1503): [0,1503,system_server,-1,DisplayDeviceConfig,requesting nits when no mapping exists.]
02-22 02:30:07.013 I/am_wtf ( 1503): [0,1503,system_server,-1,DisplayDeviceConfig,requesting nits when no mapping exists.]
02-22 02:30:07.029 I/am_wtf ( 1503): [0,1503,system_server,-1,DisplayDeviceConfig,requesting nits when no mapping exists.]
02-22 02:30:07.029 I/am_wtf ( 1503): [0,1503,system_server,-1,DisplayDeviceConfig,requesting nits when no mapping exists.]
02-22 02:30:07.046 I/am_wtf ( 1503): [0,1503,system_server,-1,DisplayDeviceConfig,requesting nits when no mapping exists.]
02-22 02:30:07.046 I/am_wtf ( 1503): [0,1503,system_server,-1,DisplayDeviceConfig,requesting nits when no mapping exists.]
02-22 02:30:07.062 I/am_wtf ( 1503): [0,1503,system_server,-1,DisplayDeviceConfig,requesting nits when no mapping exists.]
02-22 02:30:07.063 I/am_wtf ( 1503): [0,1503,system_server,-1,DisplayDeviceConfig,requesting nits when no mapping exists.]
02-22 02:30:07.079 I/am_wtf ( 1503): [0,1503,system_server,-1,DisplayDeviceConfig,requesting nits when no mapping exists.]
02-22 02:30:07.080 I/am_wtf ( 1503): [0,1503,system_server,-1,DisplayDeviceConfig,requesting nits when no mapping exists.]
02-22 02:30:07.096 I/am_wtf ( 1503): [0,1503,system_server,-1,DisplayDeviceConfig,requesting nits when no mapping exists.]
02-22 02:30:07.097 I/am_wtf ( 1503): [0,1503,system_server,-1,DisplayDeviceConfig,requesting nits when no mapping exists.]
02-22 02:30:07.099 I/notification_cancel_all( 1503): [1002,1946,com.android.bluetooth,0,0,64,9,NULL]
02-22 02:30:07.108 I/am_pss ( 1503): [2514,10080,com.android.launcher3,94625792,84660224,0,218415104,0,2,9]
02-22 02:30:07.113 I/am_wtf ( 1503): [0,1503,system_server,-1,DisplayDeviceConfig,requesting nits when no mapping exists.]
02-22 02:30:07.114 I/am_wtf ( 1503): [0,1503,system_server,-1,DisplayDeviceConfig,requesting nits when no mapping exists.]
02-22 02:30:07.124 I/notification_cancel_all( 1503): [1000,1503,com.android.bluetooth,0,0,0,20,NULL]
02-22 02:30:07.124 I/sysui_multi_action( 1503): [757,856,758,2,806,com.android.bluetooth,857,avrcp_notification,858,3]
02-22 02:30:07.133 I/am_wtf ( 1503): [0,1503,system_server,-1,DisplayDeviceConfig,requesting nits when no mapping exists.]
02-22 02:30:07.134 I/am_wtf ( 1503): [0,1503,system_server,-1,DisplayDeviceConfig,requesting nits when no mapping exists.]
02-22 02:30:07.146 I/am_wtf ( 1503): [0,1503,system_server,-1,DisplayDeviceConfig,requesting nits when no mapping exists.]
02-22 02:30:07.151 I/am_wtf ( 1503): [0,1503,system_server,-1,DisplayDeviceConfig,requesting nits when no mapping exists.]
02-22 02:30:07.166 I/am_wtf ( 1503): [0,1503,system_server,-1,DisplayDeviceConfig,requesting nits when no mapping exists.]
02-22 02:30:07.166 I/am_wtf ( 1503): [0,1503,system_server,-1,DisplayDeviceConfig,requesting nits when no mapping exists.]
02-22 02:30:07.182 I/am_wtf ( 1503): [0,1503,system_server,-1,DisplayDeviceConfig,requesting nits when no mapping exists.]
02-22 02:30:07.183 I/am_wtf ( 1503): [0,1503,system_server,-1,DisplayDeviceConfig,requesting nits when no mapping exists.]
02-22 02:30:07.375 I/auditd ( 810): type=1400 audit(0.0:1002): avc: denied { read } for comm="bluetooth@1.0-s" name="ssrdump" dev="dm-10" ino=237 scontext=u:r:hal_bluetooth_default:s0 tcontext=u:object_r:vendor_ramdump_vendor_data_file:s0 tclass=dir permissive=0
02-22 02:30:07.385 I/commit_sys_config_file( 1503): [notification-policy,4619844]
02-22 02:30:07.670 I/am_proc_died( 1503): [0,1946,com.android.bluetooth,0,10]
02-22 02:30:07.670 I/am_uid_stopped( 1503): 1002
02-22 02:30:08.100 I/am_uid_running( 1503): 10092
02-22 02:30:08.120 I/am_proc_start( 1503): [0,5863,10092,com.android.permissioncontroller,service,{com.android.permissioncontroller/com.android.permissioncontroller.permission.service.PermissionControllerServiceImpl}]
02-22 02:30:08.148 I/am_proc_bound( 1503): [0,5863,com.android.permissioncontroller]
02-22 02:30:08.151 I/am_uid_active( 1503): 10092
02-22 02:30:08.821 I/sysui_multi_action( 1966): [757,925,758,4,759,113,927,1,928,0,1592,0,1593,1]
02-22 02:30:08.827 I/am_uid_running( 1503): 1002
02-22 02:30:08.845 I/am_proc_start( 1503): [0,5888,1002,com.android.bluetooth,service,{com.android.bluetooth/com.android.bluetooth.btservice.AdapterService}]
02-22 02:30:08.884 I/am_proc_bound( 1503): [0,5888,com.android.bluetooth]
02-22 02:30:08.889 I/am_uid_active( 1503): 1002
02-22 02:30:08.968 I/bt_config_source( 5888): 1
02-22 02:30:08.969 I/bt_config_source( 5888): 1
02-22 02:30:10.251 I/auditd ( 810): type=1400 audit(0.0:1003): avc: denied { read write } for comm="bluetooth@1.0-s" name="diag" dev="tmpfs" ino=1148 scontext=u:r:hal_bluetooth_default:s0 tcontext=u:object_r:vendor_diag_device:s0 tclass=chr_file permissive=0
02-22 02:30:10.352 D/TelephonyRegistry( 1503): listen oscl: mHasNotifySubscriptionInfoChangedOccurred==false no callback
02-22 02:30:10.370 I/sysui_multi_action( 1503): [757,856,758,1,806,com.android.bluetooth,857,avrcp_notification,858,3]
02-22 02:30:10.421 I/am_uid_running( 1503): 10018
02-22 02:30:10.428 I/notification_cancel_all( 1503): [1002,5888,com.android.bluetooth,0,0,64,9,NULL]
02-22 02:30:10.447 I/am_proc_start( 1503): [0,5972,10018,android.process.acore,content provider,{com.android.providers.contacts/com.android.providers.contacts.ContactsProvider2}]
02-22 02:30:10.465 I/am_proc_bound( 1503): [0,5972,android.process.acore]
02-22 02:30:10.468 I/am_uid_active( 1503): 10018
02-22 02:30:10.547 I/commit_sys_config_file( 1503): [settings-0-0,5]
02-22 02:30:10.629 I/commit_sys_config_file( 1503): [notification-policy,4623087]
02-22 02:30:17.101 I/commit_sys_config_file( 1503): [package-user-0,9]
02-22 02:30:47.597 I/notification_enqueue( 1503): [10078,1966,com.android.systemui,2048,NULL,0,Notification(channel=updateNotification shortcut=null contentView=null vibrate=null sound=null defaults=0x0 flags=0x0 color=0x00000000 vis=PRIVATE),1]
02-22 02:30:47.597 I/sysui_multi_action( 1966): [757,111,758,2]
02-22 02:30:47.598 I/sysui_multi_action( 1966): [757,111,758,2]
02-22 02:30:47.811 I/input_focus( 1503): [Focus request e3555c3 com.android.launcher3/com.android.launcher3.uioverrides.QuickstepLauncher,reason=UpdateInputWindows]
02-22 02:30:47.818 I/sysui_multi_action( 1503): [757,128,758,2,793,4658836,794,464320,795,4658836,796,26,798,0,806,android,857,DEVELOPER_IMPORTANT,858,4,947,0,1395,2,1500,4658431,1688,1]
02-22 02:30:47.818 I/notification_visibility( 1503): [-1|android|26|null|1000,0,4658836,4658836,0,0]
02-22 02:30:47.821 I/sysui_multi_action( 1503): [757,128,758,2,793,4659443,794,464323,795,4659443,796,32,798,1,806,android,857,USB,858,1,947,0,1395,2,1500,4659368,1688,1]
02-22 02:30:47.821 I/notification_visibility( 1503): [-1|android|32|null|1000,0,4659443,4659443,0,1]
02-22 02:30:47.822 I/sysui_multi_action( 1503): [757,127,758,2]
02-22 02:30:47.822 I/notification_panel_hidden( 1503):
02-22 02:30:47.844 I/input_focus( 1503): [Focus leaving 91ac81d NotificationShade (server),reason=NO_WINDOW]
02-22 02:30:47.845 I/input_focus( 1503): [Focus entering e3555c3 com.android.launcher3/com.android.launcher3.uioverrides.QuickstepLauncher (server),reason=setFocusedWindow]
02-22 02:30:51.823 I/input_interaction( 1503): Interaction with: a916dde StatusBar (server), edge-swipe (server), swipe-up (server), PointerEventDispatcher0 (server),
02-22 02:30:51.827 I/sysui_multi_action( 1966): [757,803,799,panel_open,802,1]
02-22 02:30:51.828 I/sysui_multi_action( 1966): [757,1328,758,4,1326,52,1327,1,1329,0]
02-22 02:30:51.865 I/sysui_multi_action( 1503): [757,127,758,1]
02-22 02:30:51.866 I/sysui_multi_action( 1503): [757,804,799,note_load,801,2,802,1]
02-22 02:30:51.866 I/notification_panel_revealed( 1503): 2
02-22 02:30:51.876 I/input_focus( 1503): [Focus request 91ac81d NotificationShade,reason=UpdateInputWindows]
02-22 02:30:51.885 I/sysui_multi_action( 1503): [757,128,758,1,793,4662904,794,0,795,4662904,796,26,798,0,806,android,857,DEVELOPER_IMPORTANT,858,4,947,0,1395,2,1500,4662499,1688,1]
02-22 02:30:51.885 I/sysui_multi_action( 1503): [757,804,799,note_freshness,801,4662904,802,1]
02-22 02:30:51.885 I/notification_visibility( 1503): [-1|android|26|null|1000,1,4662904,4662904,0,0]
02-22 02:30:51.886 I/sysui_multi_action( 1503): [757,128,758,1,793,4663508,794,0,795,4663508,796,32,798,1,806,android,857,USB,858,1,947,0,1395,2,1500,4663433,1688,1]
02-22 02:30:51.886 I/sysui_multi_action( 1503): [757,804,799,note_freshness,801,4663508,802,1]
02-22 02:30:51.886 I/notification_visibility( 1503): [-1|android|32|null|1000,1,4663508,4663508,0,1]
02-22 02:30:51.902 I/sysui_multi_action( 1966): [757,111,758,1]
02-22 02:30:51.902 I/sysui_multi_action( 1966): [757,126,758,1,759,126,927,0,928,1,1593,0]
02-22 02:30:51.902 I/sysui_multi_action( 1966): [757,113,758,1,759,113,927,1,928,1,1593,0]
02-22 02:30:51.903 I/sysui_multi_action( 1966): [757,0,758,1,759,0,927,2,928,0,1593,0]
02-22 02:30:51.903 I/sysui_multi_action( 1966): [757,0,758,1,759,0,927,3,928,0,1593,0]
02-22 02:30:51.903 I/sysui_multi_action( 1966): [757,491,758,1,759,491,927,4,928,0,1311,-1,1593,0]
02-22 02:30:51.903 I/sysui_multi_action( 1966): [757,0,758,1,759,0,927,5,928,0,1593,0]
02-22 02:30:51.903 I/sysui_multi_action( 1966): [757,111,758,1]
02-22 02:30:51.903 I/sysui_multi_action( 1966): [757,126,758,1,759,126,927,0,928,1,1593,0]
02-22 02:30:51.904 I/sysui_multi_action( 1966): [757,113,758,1,759,113,927,1,928,1,1593,0]
02-22 02:30:51.904 I/sysui_multi_action( 1966): [757,0,758,1,759,0,927,2,928,0,1593,0]
02-22 02:30:51.904 I/sysui_multi_action( 1966): [757,0,758,1,759,0,927,3,928,0,1593,0]
02-22 02:30:51.904 I/input_focus( 1503): [Focus leaving e3555c3 com.android.launcher3/com.android.launcher3.uioverrides.QuickstepLauncher (server),reason=setFocusedWindow]
02-22 02:30:51.904 I/input_focus( 1503): [Focus entering 91ac81d NotificationShade (server),reason=setFocusedWindow]
02-22 02:30:54.069 I/input_interaction( 1503): Interaction with: 91ac81d NotificationShade (server), edge-swipe (server), swipe-up (server), PointerEventDispatcher0 (server),
02-22 02:30:54.246 I/am_pss ( 1503): [5888,1002,com.android.bluetooth,26349568,21426176,0,132280320,0,0,13]
02-22 02:30:54.256 I/am_pss ( 1503): [5863,10092,com.android.permissioncontroller,13850624,11218944,0,102985728,0,19,9]
02-22 02:30:54.265 I/am_pss ( 1503): [5972,10018,android.process.acore,13903872,9678848,0,116740096,0,19,8]
02-22 02:30:54.273 I/am_pss ( 1503): [5263,1000,com.qti.diagservices,6284288,3796992,0,93536256,0,10,7]
02-22 02:30:54.433 I/commit_sys_config_file( 1503): [settings-2-0,9]
02-22 02:30:56.121 I/sysui_multi_action( 1503): [757,222,758,1]
02-22 02:30:56.123 I/am_uid_running( 1503): 10047
02-22 02:30:56.146 I/am_proc_start( 1503): [0,6011,10047,com.thundercomm.screensaver,service,{com.thundercomm.screensaver/com.thundercomm.saverclock.service.ClockScreensaver}]
02-22 02:30:56.152 I/input_focus( 1503): [Focus request e3555c3 com.android.launcher3/com.android.launcher3.uioverrides.QuickstepLauncher,reason=UpdateInputWindows]
02-22 02:30:56.182 I/am_proc_bound( 1503): [0,6011,com.thundercomm.screensaver]
02-22 02:30:56.182 I/input_focus( 1503): [Focus leaving 91ac81d NotificationShade (server),reason=NOT_FOCUSABLE]
02-22 02:30:56.183 I/input_focus( 1503): [Focus entering e3555c3 com.android.launcher3/com.android.launcher3.uioverrides.QuickstepLauncher (server),reason=setFocusedWindow]
02-22 02:30:56.190 I/am_uid_active( 1503): 10047
02-22 02:30:56.230 I/wm_task_created( 1503): [55,-1]
02-22 02:30:56.235 I/wm_task_moved( 1503): [55,1,9]
02-22 02:30:56.235 I/wm_task_to_front( 1503): [0,55]
02-22 02:30:56.235 I/wm_create_task( 1503): [0,55]
02-22 02:30:56.235 I/wm_create_activity( 1503): [0,160070120,55,com.thundercomm.screensaver/android.service.dreams.DreamActivity,NULL,NULL,NULL,276824064]
02-22 02:30:56.235 I/wm_task_moved( 1503): [55,1,9]
02-22 02:30:56.235 I/wm_on_top_resumed_lost_called( 2514): [229498384,com.android.launcher3.uioverrides.QuickstepLauncher,topStateChangedWhenResumed]
02-22 02:30:56.236 I/wm_pause_activity( 1503): [0,229498384,com.android.launcher3/.uioverrides.QuickstepLauncher,userLeaving=true,pauseBackTasks]
02-22 02:30:56.238 I/wm_on_paused_called( 2514): [229498384,com.android.launcher3.uioverrides.QuickstepLauncher,performPause]
02-22 02:30:56.239 I/wm_add_to_stopping( 1503): [0,229498384,com.android.launcher3/.uioverrides.QuickstepLauncher,makeInvisible]
02-22 02:30:56.240 I/wm_restart_activity( 1503): [0,160070120,55,com.thundercomm.screensaver/android.service.dreams.DreamActivity]
02-22 02:30:56.240 I/wm_set_resumed_activity( 1503): [0,com.thundercomm.screensaver/android.service.dreams.DreamActivity,minimalResumeActivityLocked]
