02-22 02:38:31.941 I/sysui_multi_action( 1966): [757,113,758,1,759,113,927,1,928,1,1593,0]
02-22 02:38:31.942 I/sysui_multi_action( 1966): [757,0,758,1,759,0,927,2,928,0,1593,0]
02-22 02:38:31.942 I/sysui_multi_action( 1966): [757,0,758,1,759,0,927,3,928,0,1593,0]
02-22 02:38:31.942 I/sysui_multi_action( 1966): [757,491,758,1,759,491,927,4,928,0,1311,-1,1593,0]
02-22 02:38:31.942 I/sysui_multi_action( 1966): [757,0,758,1,759,0,927,5,928,0,1593,0]
02-22 02:38:31.942 I/sysui_multi_action( 1966): [757,111,758,1]
02-22 02:38:31.942 I/sysui_multi_action( 1966): [757,126,758,1,759,126,927,0,928,1,1593,0]
02-22 02:38:31.942 I/sysui_multi_action( 1966): [757,113,758,1,759,113,927,1,928,1,1593,0]
02-22 02:38:31.942 I/sysui_multi_action( 1966): [757,0,758,1,759,0,927,2,928,0,1593,0]
02-22 02:38:31.942 I/sysui_multi_action( 1966): [757,0,758,1,759,0,927,3,928,0,1593,0]
02-22 02:38:31.950 D/StatusBar( 1966): disable disable2
02-22 02:38:31.959 I/input_focus( 1503): [Focus entering b01e35f com.thundercomm.screensaver/android.service.dreams.DreamActivity (server),reason=Window became focusable. Previous reason: NOT_VISIBLE]
02-22 02:38:31.980 W/System ( 1966): A resource failed to call release.
02-22 02:38:31.980 W/System ( 1966): A resource failed to call close.
02-22 02:38:31.981 W/System ( 1966): A resource failed to call close.
02-22 02:38:31.981 W/System ( 1966): A resource failed to call release.
02-22 02:38:31.998 W/FreeFormWindowHelper( 1503): Current Display FreeFormTask is null
02-22 02:38:31.998 W/FreeFormWindowHelper( 1503): Current Display FreeFormTask is null
02-22 02:38:32.044 W/hpplay-java( 2708): [main]:IPManager:getActiveNets invalid networkInfo:null
02-22 02:38:32.044 I/hpplay-java( 2708): [main]:IPManager:getActiveNets eth0:false wifi:false mobile:false ap:false
02-22 02:38:32.044 I/hpplay-java( 2708): [main]:ServerTaskManager:get local ip:null
02-22 02:38:32.053 I/commit_sys_config_file( 1503): [settings-2-0,2]
02-22 02:38:32.128 I/GameModeConfig( 1503): isGameModeOn = false
02-22 02:38:32.161 D/InterruptionStateProvider( 1966): No bubble up: not allowed to bubble: 0|com.android.systemui|2048|null|10078
02-22 02:38:32.161 D/InterruptionStateProvider( 1966): No heads up: unimportant notification: 0|com.android.systemui|2048|null|10078
02-22 02:38:32.162 D/PeopleSpaceWidgetMgr( 1966): Sbn doesn't contain valid PeopleTileKey: null/0/com.android.systemui
02-22 02:38:32.175 I/GameModeConfig( 1503): isGameModeOn = false
02-22 02:38:32.175 I/GameModeConfig( 1503): isGameModeOn = false
02-22 02:38:32.175 I/GameModeConfig( 1503): isGameModeOn = false
02-22 02:38:32.176 I/GameModeConfig( 1503): isGameModeOn = false
02-22 02:38:32.176 I/notification_enqueue( 1503): [10078,1966,com.android.systemui,2048,NULL,0,Notification(channel=updateNotification shortcut=null contentView=null vibrate=null sound=null defaults=0x0 flags=0x0 color=0x00000000 vis=PRIVATE),1]
02-22 02:38:32.176 I/sysui_multi_action( 1966): [757,111,758,2]
02-22 02:38:32.176 I/sysui_multi_action( 1966): [757,111,758,2]
02-22 02:38:32.229 I/mpu_uart( 644): [MSG-P:RECV]:No message received in 1000 ms
02-22 02:38:32.377 I/GameModeConfig( 1503): isGameModeOn = false
02-22 02:38:32.377 E/NotificationService( 1503): Muting recently noisy 0|com.android.systemui|2048|null|10078
02-22 02:38:32.382 I/sysui_multi_action( 1503): [757,128,758,2,793,5123401,794,1698,795,5123401,796,26,798,0,806,android,857,DEVELOPER_IMPORTANT,858,4,947,0,1395,2,1500,5122996,1688,1]
02-22 02:38:32.382 I/notification_visibility( 1503): [-1|android|26|null|1000,0,5123401,5123401,0,0]
02-22 02:38:32.383 I/sysui_multi_action( 1503): [757,128,758,2,793,5124005,794,1698,795,5124005,796,32,798,1,806,android,857,USB,858,1,947,0,1395,2,1500,5123930,1688,1]
02-22 02:38:32.383 I/notification_visibility( 1503): [-1|android|32|null|1000,0,5124005,5124005,0,1]
02-22 02:38:32.383 D/StatusBar( 1966): disable disable2
02-22 02:38:32.383 I/sysui_multi_action( 1503): [757,127,758,2]
02-22 02:38:32.383 I/notification_panel_hidden( 1503):
02-22 02:38:32.383 I/BpBinder( 974): onLastStrongRef automatically unlinking death recipients:
02-22 02:38:32.396 D/InterruptionStateProvider( 1966): No bubble up: not allowed to bubble: 0|com.android.systemui|2048|null|10078
02-22 02:38:32.397 D/InterruptionStateProvider( 1966): No heads up: unimportant notification: 0|com.android.systemui|2048|null|10078
02-22 02:38:32.398 D/PeopleSpaceWidgetMgr( 1966): Sbn doesn't contain valid PeopleTileKey: null/0/com.android.systemui
02-22 02:38:32.410 V/KeyguardUpdateMonitor( 1966): *** unregister callback for com.android.keyguard.CarrierTextManager$2@ed72c51
02-22 02:38:32.444 I/wm_stop_activity( 1503): [0,92420193,com.android.settings/.Settings]
02-22 02:38:32.466 I/wm_on_stop_called( 7428): [92420193,com.android.settings.Settings,STOP_ACTIVITY_ITEM]
02-22 02:38:32.509 W/Choreographer( 1966): Frame time is 0.220509 ms in the future! Check that graphics HAL is generating vsync timestamps using the correct timebase.
02-22 02:38:32.509 W/Choreographer( 1503): Frame time is 0.212957 ms in the future! Check that graphics HAL is generating vsync timestamps using the correct timebase.
02-22 02:38:32.509 W/Choreographer( 6011): Frame time is 0.201499 ms in the future! Check that graphics HAL is generating vsync timestamps using the correct timebase.
02-22 02:38:32.509 W/Choreographer( 6011): Frame time is 0.07754 ms in the future! Check that graphics HAL is generating vsync timestamps using the correct timebase.
02-22 02:38:32.524 W/System ( 1503): A resource failed to call release.
02-22 02:38:32.525 W/System ( 1503): A resource failed to call release.
02-22 02:38:32.525 W/System ( 1503): A resource failed to call close.
02-22 02:38:32.525 W/System ( 1503): A resource failed to call close.
02-22 02:38:32.775 I/input_interaction( 1503): Interaction with: b01e35f com.thundercomm.screensaver/android.service.dreams.DreamActivity (server), edge-swipe (server), swipe-up (server), PointerEventDispatcher0 (server),
02-22 02:38:32.775 I/wm_finish_activity( 1503): [0,91983463,117,com.thundercomm.screensaver/android.service.dreams.DreamActivity,finish-activity]
02-22 02:38:32.775 I/wm_task_moved( 1503): [110,1,6]
02-22 02:38:32.775 I/wm_task_to_front( 1503): [0,110]
02-22 02:38:32.776 I/wm_focused_root_task( 1503): [0,0,110,117,finish-top adjustFocusToNextFocusableTask]
02-22 02:38:32.776 D/ActivityTrigger( 1503): ActivityTrigger activityPauseTrigger
02-22 02:38:32.776 I/wm_pause_activity( 1503): [0,91983463,com.thundercomm.screensaver/android.service.dreams.DreamActivity,userLeaving=false,finish]
02-22 02:38:32.778 I/DreamManagerService( 1503): Gently waking up from dream.
02-22 02:38:32.778 I/sysui_multi_action( 1503): [757,803,799,window_time_0,802,1]
02-22 02:38:32.778 I/DreamManagerService( 1503): Performing gentle wake from dream.
02-22 02:38:32.778 I/wm_on_top_resumed_lost_called( 6011): [91983463,android.service.dreams.DreamActivity,topStateChangedWhenResumed]
02-22 02:38:32.778 I/wm_on_paused_called( 6011): [91983463,android.service.dreams.DreamActivity,performPause]
02-22 02:38:32.778 I/wm_add_to_stopping( 1503): [0,91983463,com.thundercomm.screensaver/android.service.dreams.DreamActivity,completeFinishing]
02-22 02:38:32.779 I/ActivityTaskManager( 1503): FOREGROUND_APPLICATION_CHANGED to com.android.settings.homepage.SettingsHomepageActivity
02-22 02:38:32.780 I/wm_set_resumed_activity( 1503): [0,com.android.settings/.Settings,resumeTopActivityInnerLocked]
02-22 02:38:32.780 D/KeyguardViewMediator( 1966): setOccluded false
02-22 02:38:32.780 I/wm_resume_activity( 1503): [0,92420193,110,com.android.settings/.Settings]
02-22 02:38:32.780 D/StatusBar( 1966): disable disable2
02-22 02:38:32.780 D/KeyguardViewMediator( 1966): adjustStatusBarLocked: mShowing=false mOccluded=false isSecure=false force=false --> flags=0x0
02-22 02:38:32.782 I/sysui_multi_action( 1503): [757,803,799,window_time_0,802,0]
02-22 02:38:32.784 I/GameMode_ActivityMonitoringService( 2087): Notifying about top task: com.android.settings, isInMiniWindowMode: false
02-22 02:38:32.784 I/GameMode_ActivityMonitoringService( 2087): onActivityLaunch: com.android.settings, isGameApp: false
02-22 02:38:32.784 V/GameMode_GpuUtils( 2087): fps:60
02-22 02:38:32.784 D/GameModeIF_GameModeSettings( 2087): getUriFor setting_content_uri_root = content://com.thundercomm.gamemode.api/gamemode_settings , name = gamemode_enable
02-22 02:38:32.795 I/wm_on_restart_called( 7428): [92420193,com.android.settings.Settings,performRestartActivity]
02-22 02:38:32.795 I/view_enqueue_input_event( 6011): [Motion - Cancel,com.thundercomm.screensaver/android.service.dreams.DreamActivity]
02-22 02:38:32.795 I/input_focus( 1503): [Focus leaving b01e35f com.thundercomm.screensaver/android.service.dreams.DreamActivity (server),reason=NO_WINDOW]
02-22 02:38:32.795 W/BatteryBroadcastRcvr( 7428): Problem reading the battery meter.
02-22 02:38:32.796 I/wm_on_start_called( 7428): [92420193,com.android.settings.Settings,handleStartActivity]
02-22 02:38:32.796 I/snet_event_log( 7428): [120484087,-1,]
02-22 02:38:32.796 I/wm_on_resume_called( 7428): [92420193,com.android.settings.Settings,RESUME_ACTIVITY]
02-22 02:38:32.796 I/sysui_multi_action( 7428): [757,35,758,1,833,0,1089,0]
02-22 02:38:32.797 D/BatteryInfo( 7428): time for getStats: 0ms
02-22 02:38:32.797 D/BatteryInfo( 7428): time for regular BatteryInfo: 0ms
02-22 02:38:32.797 D/BatteryInfo( 7428): time for getBatteryInfo: 0ms
02-22 02:38:32.797 I/sysui_multi_action( 7428): [757,47,758,1,833,0,1089,0]
02-22 02:38:32.798 D/UsageGraph( 7428): No enabled state changed, skipping updateCategory call
02-22 02:38:32.799 I/input_interaction( 1503): Interaction with: edge-swipe (server), swipe-up (server), PointerEventDispatcher0 (server),
02-22 02:38:32.804 D/DashboardFragment( 7428): Cannot find preference with key when_to_start in Controller WhenToDreamPreferenceController
02-22 02:38:32.804 I/wm_on_top_resumed_gained_called( 7428): [92420193,com.android.settings.Settings,topWhenResuming]
02-22 02:38:32.805 D/BatteryTipLoader( 7428): BatteryInfoLoader post query: 7ms
02-22 02:38:32.805 D/BatteryInfo( 7428): time for getBatteryInfo: 0ms
02-22 02:38:32.805 D/BatteryTipLoader( 7428): BatteryInfoLoader.loadInBackground: 7ms
02-22 02:38:32.813 I/input_focus( 1503): [Focus request c2feca5 com.android.settings/com.android.settings.Settings,reason=UpdateInputWindows]
02-22 02:38:32.818 W/BatteryBroadcastRcvr( 7428): Problem reading the battery meter.
02-22 02:38:32.818 D/BatteryInfo( 7428): time for callback: 0ms
02-22 02:38:32.819 D/BatteryInfo( 7428): time for getStats: 0ms
02-22 02:38:32.820 D/BatteryInfo( 7428): time for regular BatteryInfo: 1ms
02-22 02:38:32.820 D/BatteryInfo( 7428): time for getBatteryInfo: 0ms
02-22 02:38:32.822 D/BatteryTipLoader( 7428): BatteryInfoLoader post query: 0ms
02-22 02:38:32.822 D/BatteryInfo( 7428): time for getBatteryInfo: 0ms
02-22 02:38:32.822 D/BatteryTipLoader( 7428): BatteryInfoLoader.loadInBackground: 0ms
02-22 02:38:32.828 D/BatteryInfo( 7428): time for callback: 0ms
02-22 02:38:32.829 I/input_focus( 1503): [Focus entering c2feca5 com.android.settings/com.android.settings.Settings (server),reason=setFocusedWindow]
02-22 02:38:32.829 I/PowerManagerService( 1503): Powering on display group fromDreaming (groupId=0, uid=1000, reason=WAKE_REASON_UNKNOWN, details=android.server.power:DREAM_FINISHED)...
02-22 02:38:32.829 I/PowerManagerService( 1503): Waking up from Dreaming (uid=1000, reason=WAKE_REASON_UNKNOWN, details=android.server.power:DREAM_FINISHED)...
02-22 02:38:32.881 W/FreeFormWindowHelper( 1503): Current Display FreeFormTask is null
02-22 02:38:32.881 W/FreeFormWindowHelper( 1503): Current Display FreeFormTask is null
02-22 02:38:33.044 W/hpplay-java( 2708): [main]:IPManager:getActiveNets invalid networkInfo:null
02-22 02:38:33.044 I/hpplay-java( 2708): [main]:IPManager:getActiveNets eth0:false wifi:false mobile:false ap:false
02-22 02:38:33.044 I/hpplay-java( 2708): [main]:ServerTaskManager:get local ip:null
02-22 02:38:33.194 I/BpBinder( 974): onLastStrongRef automatically unlinking death recipients:
02-22 02:38:33.229 I/mpu_uart( 644): [MSG-P:RECV]:No message received in 1000 ms
02-22 02:38:33.328 I/wm_destroy_activity( 1503): [0,91983463,117,com.thundercomm.screensaver/android.service.dreams.DreamActivity,finish-imm:idle]
02-22 02:38:33.346 I/wm_on_stop_called( 6011): [91983463,android.service.dreams.DreamActivity,LIFECYCLER_STOP_ACTIVITY]
02-22 02:38:33.346 I/wm_on_destroy_called( 6011): [91983463,android.service.dreams.DreamActivity,performDestroy]
02-22 02:38:33.347 I/DreamManagerService( 1503): Leaving dreamland.
02-22 02:38:33.347 I/DreamManagerService( 1503): Performing gentle wake from dream.
02-22 02:38:33.347 I/DreamController( 1503): Stopping dream: name=ComponentInfo{com.thundercomm.screensaver/com.thundercomm.saverclock.service.ClockScreensaver}, isTest=false, canDoze=false, userId=0, reason='finished self'(from 'finished self')
02-22 02:38:33.347 I/sysui_multi_action( 1503): [757,222,758,2]
02-22 02:38:33.347 I/sysui_multi_action( 1503): [757,804,799,dreaming_minutes,801,0,802,1]
02-22 02:38:33.347 W/InputManager-JNI( 1503): Input channel object 'b01e35f com.thundercomm.screensaver/android.service.dreams.DreamActivity (client)' was disposed without first being removed with the input manager!
02-22 02:38:33.350 D/RemoteControlService( 2307): startVlanDispatchThread
02-22 02:38:33.350 I/wm_task_removed( 1503): [117,removeChild:removeChild last r=ActivityRecord{57b8e67 u0 com.thundercomm.screensaver/android.service.dreams.DreamActivity t-1 f}} in t=Task{43f4ae #117 type=dream A=10047:android:com.thundercomm.screensaver/dream U=0 visible=false mode=fullscreen translucent=true sz=0}]
02-22 02:38:33.350 I/wm_task_removed( 1503): [117,removeChild]
02-22 02:38:33.351 W/ActivityTaskManager( 1503): Can't find TaskDisplayArea to determine support for multi window. Task id=117 attached=false
02-22 02:38:33.688 I/input_interaction( 1503): Interaction with: c2feca5 com.android.settings/com.android.settings.Settings (server), edge-swipe (server), swipe-up (server), PointerEventDispatcher0 (server),
02-22 02:38:33.824 I/DashboardFragment( 7428): onPreferenceTreeClick: onPreferenceTreeClick::null
02-22 02:38:33.825 I/sysui_multi_action( 7428): [757,830,758,4,833,0,854,dream_start_button_container,1089,0]
02-22 02:38:33.828 W/Choreographer( 7428): Frame time is 0.349615 ms in the future! Check that graphics HAL is generating vsync timestamps using the correct timebase.
02-22 02:38:33.844 I/mpu_uart( 644): [MSG-P:R]:recv sync frame timeout
02-22 02:38:34.039 I/commit_sys_config_file( 1503): [settings-2-0,13]
02-22 02:38:34.047 W/hpplay-java( 2708): [main]:IPManager:getActiveNets invalid networkInfo:null
02-22 02:38:34.047 I/hpplay-java( 2708): [main]:IPManager:getActiveNets eth0:false wifi:false mobile:false ap:false
02-22 02:38:34.047 I/hpplay-java( 2708): [main]:ServerTaskManager:get local ip:null
02-22 02:38:34.229 I/mpu_uart( 644): [MSG-P:RECV]:No message received in 1000 ms
02-22 02:38:34.357 I/input_interaction( 1503): Interaction with: a916dde StatusBar (server), edge-swipe (server), swipe-up (server), PointerEventDispatcher0 (server),
02-22 02:38:34.361 I/sysui_multi_action( 1966): [757,803,799,panel_open,802,1]
02-22 02:38:34.362 I/sysui_multi_action( 1966): [757,1328,758,4,1326,37,1327,1,1329,0]
02-22 02:38:34.386 D/StatusBar( 1966): disable disable2
02-22 02:38:34.386 I/sysui_multi_action( 1503): [757,127,758,1]
02-22 02:38:34.386 I/sysui_multi_action( 1503): [757,804,799,note_load,801,2,802,1]
02-22 02:38:34.387 I/notification_panel_revealed( 1503): 2
02-22 02:38:34.399 I/input_focus( 1503): [Focus request 91ac81d NotificationShade,reason=UpdateInputWindows]
02-22 02:38:34.410 I/sysui_multi_action( 1503): [757,128,758,1,793,5125428,794,0,795,5125428,796,26,798,0,806,android,857,DEVELOPER_IMPORTANT,858,4,947,0,1395,2,1500,5125023,1688,1]
02-22 02:38:34.410 I/sysui_multi_action( 1503): [757,804,799,note_freshness,801,5125428,802,1]
02-22 02:38:34.410 I/notification_visibility( 1503): [-1|android|26|null|1000,1,5125428,5125428,0,0]
02-22 02:38:34.410 I/sysui_multi_action( 1503): [757,128,758,1,793,5126032,794,0,795,5126032,796,32,798,1,806,android,857,USB,858,1,947,0,1395,2,1500,5125957,1688,1]
02-22 02:38:34.410 I/sysui_multi_action( 1503): [757,804,799,note_freshness,801,5126032,802,1]
02-22 02:38:34.410 I/notification_visibility( 1503): [-1|android|32|null|1000,1,5126032,5126032,0,1]
02-22 02:38:34.417 I/input_focus( 1503): [Focus leaving c2feca5 com.android.settings/com.android.settings.Settings (server),reason=setFocusedWindow]
02-22 02:38:34.417 I/input_focus( 1503): [Focus entering 91ac81d NotificationShade (server),reason=setFocusedWindow]
02-22 02:38:34.464 I/sysui_multi_action( 1966): [757,111,758,1]
02-22 02:38:34.465 I/sysui_multi_action( 1966): [757,126,758,1,759,126,927,0,928,1,1593,0]
02-22 02:38:34.465 I/sysui_multi_action( 1966): [757,113,758,1,759,113,927,1,928,1,1593,0]
02-22 02:38:34.465 I/sysui_multi_action( 1966): [757,0,758,1,759,0,927,2,928,0,1593,0]
02-22 02:38:34.465 I/sysui_multi_action( 1966): [757,0,758,1,759,0,927,3,928,0,1593,0]
02-22 02:38:34.465 I/sysui_multi_action( 1966): [757,491,758,1,759,491,927,4,928,0,1311,-1,1593,0]
02-22 02:38:34.465 I/sysui_multi_action( 1966): [757,0,758,1,759,0,927,5,928,0,1593,0]
02-22 02:38:34.465 I/sysui_multi_action( 1966): [757,111,758,1]
02-22 02:38:34.466 I/sysui_multi_action( 1966): [757,126,758,1,759,126,927,0,928,1,1593,0]
02-22 02:38:34.466 I/sysui_multi_action( 1966): [757,113,758,1,759,113,927,1,928,1,1593,0]
02-22 02:38:34.466 I/sysui_multi_action( 1966): [757,0,758,1,759,0,927,2,928,0,1593,0]
02-22 02:38:34.466 I/sysui_multi_action( 1966): [757,0,758,1,759,0,927,3,928,0,1593,0]
02-22 02:38:34.471 I/GameModeConfig( 1503): isGameModeOn = false
01-01 13:26:22.614 E/DTC_ETH,link_delay_work_func( 0): 3003, SQI=0, link=0
02-22 02:38:34.662 I/GameModeConfig( 1503): isGameModeOn = false
02-22 02:38:34.725 I/GameModeConfig( 1503): isGameModeOn = false
02-22 02:38:34.926 I/GameModeConfig( 1503): isGameModeOn = false
02-22 02:38:35.049 W/hpplay-java( 2708): [main]:IPManager:getActiveNets invalid networkInfo:null
02-22 02:38:35.049 I/hpplay-java( 2708): [main]:IPManager:getActiveNets eth0:false wifi:false mobile:false ap:false
02-22 02:38:35.049 I/hpplay-java( 2708): [main]:ServerTaskManager:get local ip:null
02-22 02:38:35.229 I/mpu_uart( 644): [MSG-P:RECV]:No message received in 1000 ms
02-22 02:38:35.352 I/input_interaction( 1503): Interaction with: 91ac81d NotificationShade (server), edge-swipe (server), swipe-up (server), PointerEventDispatcher0 (server),
02-22 02:38:35.514 I/PowerManagerService( 1503): Napping display group (groupId=0, uid=1000)...
02-22 02:38:35.514 I/PowerManagerService( 1503): Nap time (uid 1000)...
02-22 02:38:35.517 I/DreamManagerService( 1503): Entering dreamland.
02-22 02:38:35.529 I/PowerManagerService( 1503): Dreaming...
02-22 02:38:35.530 I/DreamController( 1503): Starting dream: name=ComponentInfo{com.thundercomm.screensaver/com.thundercomm.saverclock.service.ClockScreensaver}, isTest=false, canDoze=false, userId=0
02-22 02:38:35.530 I/sysui_multi_action( 1503): [757,222,758,1]
02-22 02:38:35.532 V/ShadeControllerImpl( 1966): NotificationShadeWindow: com.android.systemui.statusbar.phone.NotificationShadeWindowView{cd0ea98 V.E...... ........ 0,0-2380,1020} canPanelBeCollapsed(): true
02-22 02:38:35.540 D/CompatibilityInfo( 1503): mCompatibilityFlags - 4
02-22 02:38:35.540 D/CompatibilityInfo( 1503): applicationDensity - 240
02-22 02:38:35.540 D/CompatibilityInfo( 1503): applicationScale - 1.0
02-22 02:38:35.547 I/input_focus( 1503): [Focus request c2feca5 com.android.settings/com.android.settings.Settings,reason=UpdateInputWindows]
02-22 02:38:35.547 I/ActivityTaskManager( 1503): START u0 {flg=0x10000000 pkg=com.thundercomm.screensaver cmp=com.thundercomm.screensaver/android.service.dreams.DreamActivity (has extras)} from uid 10047
02-22 02:38:35.548 I/EventSequenceValidator( 1503): inc AccIntentStartedEvents to 2
02-22 02:38:35.549 I/wm_task_created( 1503): [118,-1]
02-22 02:38:35.549 W/ActivityTaskManager( 1503): Can't find TaskDisplayArea to determine support for multi window. Task id=118 attached=false
02-22 02:38:35.551 I/wm_task_moved( 1503): [118,1,7]
02-22 02:38:35.551 I/wm_task_to_front( 1503): [0,118]
02-22 02:38:35.552 I/wm_create_task( 1503): [0,118]
02-22 02:38:35.552 I/wm_create_activity( 1503): [0,151016168,118,com.thundercomm.screensaver/android.service.dreams.DreamActivity,NULL,NULL,NULL,276824064]
02-22 02:38:35.552 I/wm_task_moved( 1503): [118,1,7]
02-22 02:38:35.552 D/CompatibilityInfo( 1503): mCompatibilityFlags - 4
02-22 02:38:35.552 D/CompatibilityInfo( 1503): applicationDensity - 240
02-22 02:38:35.552 D/CompatibilityInfo( 1503): applicationScale - 1.0
02-22 02:38:35.553 D/ActivityTrigger( 1503): ActivityTrigger activityPauseTrigger
02-22 02:38:35.553 I/wm_pause_activity( 1503): [0,92420193,com.android.settings/.Settings,userLeaving=true,pauseBackTasks]
02-22 02:38:35.553 I/wm_on_top_resumed_lost_called( 7428): [92420193,com.android.settings.Settings,topStateChangedWhenResumed]
02-22 02:38:35.568 I/sysui_multi_action( 7428): [757,35,758,2,1089,2771]
02-22 02:38:35.568 I/sysui_multi_action( 7428): [757,47,758,2,1089,2770]
02-22 02:38:35.568 I/input_focus( 1503): [Focus leaving 91ac81d NotificationShade (server),reason=NOT_FOCUSABLE]
02-22 02:38:35.568 I/wm_on_paused_called( 7428): [92420193,com.android.settings.Settings,performPause]
02-22 02:38:35.568 I/input_focus( 1503): [Focus entering c2feca5 com.android.settings/com.android.settings.Settings (server),reason=setFocusedWindow]
02-22 02:38:35.569 I/ActivityTaskManager( 1503): FOREGROUND_APPLICATION_CHANGED to android.service.dreams.DreamActivity
02-22 02:38:35.569 I/ActivityTaskManager( 1503): The Process com.thundercomm.screensaver Already Exists in BG. So sending its PID: 6011
02-22 02:38:35.569 W/ActivityTaskManager( 1503): Tried to set launchTime (0) < mLastActivityLaunchTime (5133699)
02-22 02:38:35.570 I/wm_add_to_stopping( 1503): [0,92420193,com.android.settings/.Settings,makeInvisible]
02-22 02:38:35.570 I/wm_restart_activity( 1503): [0,151016168,118,com.thundercomm.screensaver/android.service.dreams.DreamActivity]
02-22 02:38:35.570 D/CompatibilityInfo( 1503): mCompatibilityFlags - 4
02-22 02:38:35.570 D/CompatibilityInfo( 1503): applicationDensity - 240
02-22 02:38:35.570 D/CompatibilityInfo( 1503): applicationScale - 1.0
02-22 02:38:35.570 I/wm_set_resumed_activity( 1503): [0,com.thundercomm.screensaver/android.service.dreams.DreamActivity,minimalResumeActivityLocked]
02-22 02:38:35.573 I/sysui_multi_action( 1503): [757,803,799,window_time_0,802,3]
02-22 02:38:35.574 I/GameMode_ActivityMonitoringService( 2087): Notifying about top task: com.thundercomm.screensaver, isInMiniWindowMode: false
02-22 02:38:35.574 I/GameMode_ActivityMonitoringService( 2087): onActivityLaunch: com.thundercomm.screensaver, isGameApp: false
02-22 02:38:35.574 V/GameMode_GpuUtils( 2087): fps:60
02-22 02:38:35.575 I/wm_on_create_called( 6011): [151016168,android.service.dreams.DreamActivity,performCreate]
02-22 02:38:35.575 I/wm_on_start_called( 6011): [151016168,android.service.dreams.DreamActivity,handleStartActivity]
02-22 02:38:35.575 I/wm_on_resume_called( 6011): [151016168,android.service.dreams.DreamActivity,RESUME_ACTIVITY]
02-22 02:38:35.575 D/GameModeIF_GameModeSettings( 2087): getUriFor setting_content_uri_root = content://com.thundercomm.gamemode.api/gamemode_settings , name = gamemode_enable
02-22 02:38:35.576 W/WindowManager( 1503): Failed looking up window session=Session{49d8732 6011:u0a10047} callers=com.android.server.wm.WindowManagerService.windowForClientLocked:5628 com.android.server.wm.Session.insetsModified:629 android.view.IWindowSession$Stub.onTransact:1151
02-22 02:38:35.577 D/KeyguardViewMediator( 1966): setOccluded true
02-22 02:38:35.577 I/wm_on_top_resumed_gained_called( 6011): [151016168,android.service.dreams.DreamActivity,topStateChangedWhenResumed]
02-22 02:38:35.577 V/KeyguardUpdateMonitor( 1966): startListeningForFingerprint()
02-22 02:38:35.578 D/KeyguardViewMediator( 1966): adjustStatusBarLocked: mShowing=false mOccluded=true isSecure=false force=false --> flags=0x0
02-22 02:38:35.585 E/ThemeUtils( 6011): View class androidx.appcompat.widget.AppCompatImageView is an AppCompat widget that can only be used with a Theme.AppCompat theme (or descendant).
02-22 02:38:35.585 E/ThemeUtils( 6011): View class androidx.appcompat.widget.AppCompatImageView is an AppCompat widget that can only be used with a Theme.AppCompat theme (or descendant).
02-22 02:38:35.585 E/ThemeUtils( 6011): View class androidx.appcompat.widget.AppCompatImageView is an AppCompat widget that can only be used with a Theme.AppCompat theme (or descendant).
02-22 02:38:35.585 E/ThemeUtils( 6011): View class androidx.appcompat.widget.AppCompatImageView is an AppCompat widget that can only be used with a Theme.AppCompat theme (or descendant).
02-22 02:38:35.592 I/input_focus( 1503): [Focus request 9fbb594 com.thundercomm.screensaver/android.service.dreams.DreamActivity,reason=UpdateInputWindows]
02-22 02:38:35.602 I/GameModeConfig( 1503): isGameModeOn = false
02-22 02:38:35.602 I/GameModeConfig( 1503): isGameModeOn = false
02-22 02:38:35.602 I/GameModeConfig( 1503): isGameModeOn = false
02-22 02:38:35.602 I/GameModeConfig( 1503): isGameModeOn = false
02-22 02:38:35.602 I/notification_enqueue( 1503): [10078,1966,com.android.systemui,2048,NULL,0,Notification(channel=updateNotification shortcut=null contentView=null vibrate=null sound=null defaults=0x0 flags=0x0 color=0x00000000 vis=PRIVATE),1]
02-22 02:38:35.602 I/sysui_multi_action( 1966): [757,111,758,2]
02-22 02:38:35.603 I/sysui_multi_action( 1966): [757,111,758,2]
02-22 02:38:35.605 I/input_focus( 1503): [Focus leaving c2feca5 com.android.settings/com.android.settings.Settings (server),reason=NO_WINDOW]
02-22 02:38:35.606 I/sysui_multi_action( 1503): [319,56,322,51,325,5137,757,761,758,8,759,2,806,com.thundercomm.screensaver,871,android.service.dreams.DreamActivity,904,com.thundercomm.screensaver,905,0,1320,4,1321,2]
02-22 02:38:35.607 I/wm_activity_launch_time( 1503): [0,151016168,com.thundercomm.screensaver/android.service.dreams.DreamActivity,51]
02-22 02:38:35.607 I/ActivityTaskManager( 1503): Displayed com.thundercomm.screensaver/android.service.dreams.DreamActivity: +51ms
02-22 02:38:35.609 I/EventSequenceValidator( 1503): dec AccIntentStartedEvents to 1
02-22 02:38:35.618 I/sysui_multi_action( 1966): [757,111,758,1]
02-22 02:38:35.618 I/sysui_multi_action( 1966): [757,126,758,1,759,126,927,0,928,1,1593,1]
02-22 02:38:35.618 I/sysui_multi_action( 1966): [757,113,758,1,759,113,927,1,928,1,1593,1]
02-22 02:38:35.618 I/sysui_multi_action( 1966): [757,0,758,1,759,0,927,2,928,0,1593,1]
02-22 02:38:35.618 I/sysui_multi_action( 1966): [757,0,758,1,759,0,927,3,928,0,1593,1]
02-22 02:38:35.618 I/sysui_multi_action( 1966): [757,491,758,1,759,491,927,4,928,0,1311,-1,1593,0]
02-22 02:38:35.618 I/sysui_multi_action( 1966): [757,0,758,1,759,0,927,5,928,0,1593,0]
02-22 02:38:35.618 I/sysui_multi_action( 1966): [757,111,758,1]
02-22 02:38:35.618 I/sysui_multi_action( 1966): [757,126,758,1,759,126,927,0,928,1,1593,1]
02-22 02:38:35.618 I/sysui_multi_action( 1966): [757,113,758,1,759,113,927,1,928,1,1593,1]
02-22 02:38:35.618 I/sysui_multi_action( 1966): [757,0,758,1,759,0,927,2,928,0,1593,1]
02-22 02:38:35.618 I/sysui_multi_action( 1966): [757,0,758,1,759,0,927,3,928,0,1593,1]
02-22 02:38:35.626 D/StatusBar( 1966): disable disable2
02-22 02:38:35.635 I/input_focus( 1503): [Focus entering 9fbb594 com.thundercomm.screensaver/android.service.dreams.DreamActivity (server),reason=Window became focusable. Previous reason: NOT_VISIBLE]
02-22 02:38:35.640 I/OpenGLRenderer( 1966): Davey! duration=9223366899433ms; Flags=0, FrameTimelineVsyncId=109779, IntendedVsync=5137420076768, Vsync=5137420076768, InputEventId=1063069651, HandleInputStart=5137420652985, AnimationStart=5137420653871, PerformTraversalsStart=5137424260069, DrawStart=5137427346423, FrameDeadline=5137453410100, FrameInterval=5137420650433, FrameStartTime=16666666, SyncQueued=5137427370954, SyncStart=5137428754235, IssueDrawCommandsStart=5137428771787, SwapBuffers=5137428870642, FrameCompleted=9223372036854775807, DequeueBufferDuration=8437, QueueBufferDuration=178750, GpuCompleted=9223372036854775807, SwapBuffersCompleted=5137429207673, DisplayPresentTime=0,
02-22 02:38:35.640 I/OpenGLRenderer( 1966): Davey! duration=9223366899434ms; Flags=0, FrameTimelineVsyncId=109779, IntendedVsync=5137420076768, Vsync=5137420076768, InputEventId=1875473336, HandleInputStart=5137420652985, AnimationStart=5137420653871, PerformTraversalsStart=5137424260069, DrawStart=5137428850277, FrameDeadline=5137453410100, FrameInterval=5137420650433, FrameStartTime=16666666, SyncQueued=5137428888298, SyncStart=5137429222933, IssueDrawCommandsStart=5137429237517, SwapBuffers=5137429342464, FrameCompleted=9223372036854775807, DequeueBufferDuration=6511, QueueBufferDuration=172813, GpuCompleted=9223372036854775807, SwapBuffersCompleted=5137429614964, DisplayPresentTime=0,
02-22 02:38:35.657 I/OpenGLRenderer( 1966): Davey! duration=9223366899411ms; Flags=0, FrameTimelineVsyncId=109782, IntendedVsync=5137436778460, Vsync=5137436778460, InputEventId=0, HandleInputStart=5137437030537, AnimationStart=5137437031527, PerformTraversalsStart=5137437477412, DrawStart=5137439260850, FrameDeadline=5137470111792, FrameInterval=5137437028037, FrameStartTime=16666666, SyncQueued=5137439286787, SyncStart=5137445602725, IssueDrawCommandsStart=5137445624548, SwapBuffers=5137445725121, FrameCompleted=9223372036854775807, DequeueBufferDuration=5938, QueueBufferDuration=151771, GpuCompleted=9223372036854775807, SwapBuffersCompleted=5137445946214, DisplayPresentTime=0,
02-22 02:38:35.657 I/OpenGLRenderer( 1966): Davey! duration=9223366899417ms; Flags=0, FrameTimelineVsyncId=109782, IntendedVsync=5137436778460, Vsync=5137436778460, InputEventId=0, HandleInputStart=5137437030537, AnimationStart=5137437031527, PerformTraversalsStart=5137437477412, DrawStart=5137445660694, FrameDeadline=5137470111792, FrameInterval=5137437028037, FrameStartTime=16666666, SyncQueued=5137445668714, SyncStart=5137445961891, IssueDrawCommandsStart=5137445975225, SwapBuffers=5137446042308, FrameCompleted=9223372036854775807, DequeueBufferDuration=5208, QueueBufferDuration=149635, GpuCompleted=9223372036854775807, SwapBuffersCompleted=5137446256631, DisplayPresentTime=0,
02-22 02:38:35.671 W/FreeFormWindowHelper( 1503): Current Display FreeFormTask is null
02-22 02:38:35.671 W/FreeFormWindowHelper( 1503): Current Display FreeFormTask is null
02-22 02:38:35.674 I/OpenGLRenderer( 1966): Davey! duration=9223366899394ms; Flags=0, FrameTimelineVsyncId=109785, IntendedVsync=5137453478504, Vsync=5137453478504, InputEventId=0, HandleInputStart=5137453732673, AnimationStart=5137453733298, PerformTraversalsStart=5137454125485, DrawStart=5137454616527, FrameDeadline=5137486811836, FrameInterval=5137453730694, FrameStartTime=16666666, SyncQueued=5137454649704, SyncStart=5137461873194, IssueDrawCommandsStart=5137461895537, SwapBuffers=5137461993194, FrameCompleted=9223372036854775807, DequeueBufferDuration=5416, QueueBufferDuration=150000, GpuCompleted=9223372036854775807, SwapBuffersCompleted=5137462216266, DisplayPresentTime=72904372627441124,
02-22 02:38:35.674 I/OpenGLRenderer( 1966): Davey! duration=9223366899401ms; Flags=0, FrameTimelineVsyncId=109785, IntendedVsync=5137453478504, Vsync=5137453478504, InputEventId=0, HandleInputStart=5137453732673, AnimationStart=5137453733298, PerformTraversalsStart=5137454125485, DrawStart=5137461942569, FrameDeadline=5137486811836, FrameInterval=5137453730694, FrameStartTime=16666666, SyncQueued=5137461950485, SyncStart=5137462232412, IssueDrawCommandsStart=5137462244860, SwapBuffers=5137462309183, FrameCompleted=9223372036854775807, DequeueBufferDuration=4428, QueueBufferDuration=157761, GpuCompleted=9223372036854775807, SwapBuffersCompleted=5137462532725, DisplayPresentTime=0,
02-22 02:38:35.690 I/OpenGLRenderer( 1966): Davey! duration=9223366899376ms; Flags=0, FrameTimelineVsyncId=109788, IntendedVsync=5137470179393, Vsync=5137470179393, InputEventId=0, HandleInputStart=5137470424704, AnimationStart=5137470425381, PerformTraversalsStart=5137470934808, DrawStart=5137471439912, FrameDeadline=5137503512725, FrameInterval=5137470420641, FrameStartTime=16666666, SyncQueued=5137471464860, SyncStart=5137479322725, IssueDrawCommandsStart=5137479349704, SwapBuffers=5137479489912, FrameCompleted=9223372036854775807, DequeueBufferDuration=4740, QueueBufferDuration=189063, GpuCompleted=9223372036854775807, SwapBuffersCompleted=5137479752100, DisplayPresentTime=0,
02-22 02:38:35.690 I/OpenGLRenderer( 1966): Davey! duration=9223366899384ms; Flags=0, FrameTimelineVsyncId=109788, IntendedVsync=5137470179393, Vsync=5137470179393, InputEventId=0, HandleInputStart=5137470424704, AnimationStart=5137470425381, PerformTraversalsStart=5137470934808, DrawStart=5137479388506, FrameDeadline=5137503512725, FrameInterval=5137470420641, FrameStartTime=16666666, SyncQueued=5137479396266, SyncStart=5137479768298, IssueDrawCommandsStart=5137479790746, SwapBuffers=5137479863194, FrameCompleted=9223372036854775807, DequeueBufferDuration=5209, QueueBufferDuration=207969, GpuCompleted=9223372036854775807, SwapBuffersCompleted=5137480136475, DisplayPresentTime=0,
02-22 02:38:35.707 I/OpenGLRenderer( 1966): Davey! duration=9223366899361ms; Flags=0, FrameTimelineVsyncId=109791, IntendedVsync=5137486880560, Vsync=5137486880560, InputEventId=0, HandleInputStart=5137487097360, AnimationStart=5137487098246, PerformTraversalsStart=5137487581683, DrawStart=5137488076996, FrameDeadline=5137520213892, FrameInterval=5137487095537, FrameStartTime=16666666, SyncQueued=5137488104027, SyncStart=5137494684860, IssueDrawCommandsStart=5137494705694, SwapBuffers=5137494804027, FrameCompleted=9223372036854775807, DequeueBufferDuration=5105, QueueBufferDuration=147240, GpuCompleted=9223372036854775807, SwapBuffersCompleted=5137495020121, DisplayPresentTime=1297036727059284626,
02-22 02:38:35.707 I/OpenGLRenderer( 1966): Davey! duration=9223366899367ms; Flags=0, FrameTimelineVsyncId=109791, IntendedVsync=5137486880560, Vsync=5137486880560, InputEventId=0, HandleInputStart=5137487097360, AnimationStart=5137487098246, PerformTraversalsStart=5137487581683, DrawStart=5137494741891, FrameDeadline=5137520213892, FrameInterval=5137487095537, FrameStartTime=16666666, SyncQueued=5137494749756, SyncStart=5137495033506, IssueDrawCommandsStart=5137495044652, SwapBuffers=5137495104235, FrameCompleted=9223372036854775807, DequeueBufferDuration=4167, QueueBufferDuration=152136, GpuCompleted=9223372036854775807, SwapBuffersCompleted=5137495318610, DisplayPresentTime=0,
02-22 02:38:35.713 I/commit_sys_config_file( 1503): [settings-2-0,1]
02-22 02:38:35.723 I/OpenGLRenderer( 1966): Davey! duration=9223366899344ms; Flags=0, FrameTimelineVsyncId=109794, IntendedVsync=5137503582103, Vsync=5137503582103, InputEventId=0, HandleInputStart=5137503821891, AnimationStart=5137503822829, PerformTraversalsStart=5137504476839, DrawStart=5137504952881, FrameDeadline=5137536915435, FrameInterval=5137503819652, FrameStartTime=16666666, SyncQueued=5137504979131, SyncStart=5137511634235, IssueDrawCommandsStart=5137511656319, SwapBuffers=5137511754131, FrameCompleted=9223372036854775807, DequeueBufferDuration=5572, QueueBufferDuration=150052, GpuCompleted=9223372036854775807, SwapBuffersCompleted=5137511976162, DisplayPresentTime=0,
02-22 02:38:35.723 I/OpenGLRenderer( 1966): Davey! duration=9223366899350ms; Flags=0, FrameTimelineVsyncId=109794, IntendedVsync=5137503582103, Vsync=5137503582103, InputEventId=0, HandleInputStart=5137503821891, AnimationStart=5137503822829, PerformTraversalsStart=5137504476839, DrawStart=5137511681631, FrameDeadline=5137536915435, FrameInterval=5137503819652, FrameStartTime=16666666, SyncQueued=5137511688298, SyncStart=5137511991371, IssueDrawCommandsStart=5137512043506, SwapBuffers=5137512112048, FrameCompleted=9223372036854775807, DequeueBufferDuration=4948, QueueBufferDuration=160573, GpuCompleted=9223372036854775807, SwapBuffersCompleted=5137512338610, DisplayPresentTime=0,
02-22 02:38:35.740 I/OpenGLRenderer( 1966): Davey! duration=9223366899328ms; Flags=0, FrameTimelineVsyncId=109797, IntendedVsync=5137520281672, Vsync=5137520281672, InputEventId=0, HandleInputStart=5137520516423, AnimationStart=5137520517412, PerformTraversalsStart=5137521702464, DrawStart=5137522137777, FrameDeadline=5137553615004, FrameInterval=5137520514183, FrameStartTime=16666666, SyncQueued=5137522160902, SyncStart=5137527981944, IssueDrawCommandsStart=5137528022673, SwapBuffers=5137528123506, FrameCompleted=9223372036854775807, DequeueBufferDuration=5312, QueueBufferDuration=170000, GpuCompleted=9223372036854775807, SwapBuffersCompleted=5137528367464, DisplayPresentTime=0,
02-22 02:38:35.740 I/OpenGLRenderer( 1966): Davey! duration=9223366899334ms; Flags=0, FrameTimelineVsyncId=109797, IntendedVsync=5137520281672, Vsync=5137520281672, InputEventId=0, HandleInputStart=5137520516423, AnimationStart=5137520517412, PerformTraversalsStart=5137521702464, DrawStart=5137528051475, FrameDeadline=5137553615004, FrameInterval=5137520514183, FrameStartTime=16666666, SyncQueued=5137528057569, SyncStart=5137528382621, IssueDrawCommandsStart=5137528394652, SwapBuffers=5137528459131, FrameCompleted=9223372036854775807, DequeueBufferDuration=4531, QueueBufferDuration=143282, GpuCompleted=9223372036854775807, SwapBuffersCompleted=5137528669339, DisplayPresentTime=0,
02-22 02:38:35.757 I/OpenGLRenderer( 1966): Davey! duration=9223366899311ms; Flags=0, FrameTimelineVsyncId=109800, IntendedVsync=5137536981511, Vsync=5137536981511, InputEventId=0, HandleInputStart=5137537400954, AnimationStart=5137537401527, PerformTraversalsStart=5137537986110, DrawStart=5137538411631, FrameDeadline=5137570314843, FrameInterval=5137537399860, FrameStartTime=16666666, SyncQueued=5137538442308, SyncStart=5137544677881, IssueDrawCommandsStart=5137544699444, SwapBuffers=5137544797569, FrameCompleted=9223372036854775807, DequeueBufferDuration=5104, QueueBufferDuration=151042, GpuCompleted=9223372036854775807, SwapBuffersCompleted=5137545020485, DisplayPresentTime=72906447096316255,
02-22 02:38:35.757 I/OpenGLRenderer( 1966): Davey! duration=9223366899317ms; Flags=0, FrameTimelineVsyncId=109800, IntendedVsync=5137536981511, Vsync=5137536981511, InputEventId=0, HandleInputStart=5137537400954, AnimationStart=5137537401527, PerformTraversalsStart=5137537986110, DrawStart=5137544730798, FrameDeadline=5137570314843, FrameInterval=5137537399860, FrameStartTime=16666666, SyncQueued=5137544737673, SyncStart=5137545036266, IssueDrawCommandsStart=5137545048923, SwapBuffers=5137545115641, FrameCompleted=9223372036854775807, DequeueBufferDuration=4948, QueueBufferDuration=142969, GpuCompleted=9223372036854775807, SwapBuffersCompleted=5137545323037, DisplayPresentTime=0,
02-22 02:38:35.773 I/OpenGLRenderer( 1966): Davey! duration=9223366899294ms; Flags=0, FrameTimelineVsyncId=109803, IntendedVsync=5137553680778, Vsync=5137553680778, InputEventId=0, HandleInputStart=5137553917985, AnimationStart=5137553918819, PerformTraversalsStart=5137554407569, DrawStart=5137554877204, FrameDeadline=5137587014110, FrameInterval=5137553916214, FrameStartTime=16666666, SyncQueued=5137554900589, SyncStart=5137561323506, IssueDrawCommandsStart=5137561354600, SwapBuffers=5137561453037, FrameCompleted=9223372036854775807, DequeueBufferDuration=5312, QueueBufferDuration=149531, GpuCompleted=9223372036854775807, SwapBuffersCompleted=5137561751058, DisplayPresentTime=0,
02-22 02:38:35.773 I/OpenGLRenderer( 1966): Davey! duration=9223366899300ms; Flags=0, FrameTimelineVsyncId=109803, IntendedVsync=5137553680778, Vsync=5137553680778, InputEventId=0, HandleInputStart=5137553917985, AnimationStart=5137553918819, PerformTraversalsStart=5137554407569, DrawStart=5137561384704, FrameDeadline=5137587014110, FrameInterval=5137553916214, FrameStartTime=16666666, SyncQueued=5137561391944, SyncStart=5137561767881, IssueDrawCommandsStart=5137561789704, SwapBuffers=5137561861839, FrameCompleted=9223372036854775807, DequeueBufferDuration=5416, QueueBufferDuration=173281, GpuCompleted=9223372036854775807, SwapBuffersCompleted=5137562098975, DisplayPresentTime=0,
02-22 02:38:35.790 I/OpenGLRenderer( 1966): Davey! duration=9223366899277ms; Flags=0, FrameTimelineVsyncId=109806, IntendedVsync=5137570378245, Vsync=5137570378245, InputEventId=0, HandleInputStart=5137570602152, AnimationStart=5137570603037, PerformTraversalsStart=5137571114391, DrawStart=5137571515016, FrameDeadline=5137603711577, FrameInterval=5137570599912, FrameStartTime=16666666, SyncQueued=5137571536266, SyncStart=5137577995954, IssueDrawCommandsStart=5137578018037, SwapBuffers=5137578116006, FrameCompleted=9223372036854775807, DequeueBufferDuration=4740, QueueBufferDuration=157917, GpuCompleted=9223372036854775807, SwapBuffersCompleted=5137578345694, DisplayPresentTime=72057628414509784,
02-22 02:38:35.790 I/OpenGLRenderer( 1966): Davey! duration=9223366899284ms; Flags=0, FrameTimelineVsyncId=109806, IntendedVsync=5137570378245, Vsync=5137570378245, InputEventId=0, HandleInputStart=5137570602152, AnimationStart=5137570603037, PerformTraversalsStart=5137571114391, DrawStart=5137578052048, FrameDeadline=5137603711577, FrameInterval=5137570599912, FrameStartTime=16666666, SyncQueued=5137578059912, SyncStart=5137578358610, IssueDrawCommandsStart=5137578369496, SwapBuffers=5137578432256, FrameCompleted=9223372036854775807, DequeueBufferDuration=3959, QueueBufferDuration=147813, GpuCompleted=9223372036854775807, SwapBuffersCompleted=5137578641944, DisplayPresentTime=0,
02-22 02:38:35.803 I/GameModeConfig( 1503): isGameModeOn = false
02-22 02:38:35.807 I/OpenGLRenderer( 1966): Davey! duration=9223366899261ms; Flags=0, FrameTimelineVsyncId=109809, IntendedVsync=5137587077842, Vsync=5137587077842, InputEventId=0, HandleInputStart=5137587308141, AnimationStart=5137587308871, PerformTraversalsStart=5137587837673, DrawStart=5137588345433, FrameDeadline=5137620411174, FrameInterval=5137587305902, FrameStartTime=16666666, SyncQueued=5137588370121, SyncStart=5137594535485, IssueDrawCommandsStart=5137594556683, SwapBuffers=5137594657829, FrameCompleted=9223372036854775807, DequeueBufferDuration=5937, QueueBufferDuration=143750, GpuCompleted=9223372036854775807, SwapBuffersCompleted=5137594871631, DisplayPresentTime=0,
02-22 02:38:35.807 I/OpenGLRenderer( 1966): Davey! duration=9223366899267ms; Flags=0, FrameTimelineVsyncId=109809, IntendedVsync=5137587077842, Vsync=5137587077842, InputEventId=0, HandleInputStart=5137587308141, AnimationStart=5137587308871, PerformTraversalsStart=5137587837673, DrawStart=5137594590121, FrameDeadline=5137620411174, FrameInterval=5137587305902, FrameStartTime=16666666, SyncQueued=5137594597673, SyncStart=5137594885694, IssueDrawCommandsStart=5137594896996, SwapBuffers=5137594960485, FrameCompleted=9223372036854775807, DequeueBufferDuration=4218, QueueBufferDuration=148490, GpuCompleted=9223372036854775807, SwapBuffersCompleted=5137595170537, DisplayPresentTime=0,
02-22 02:38:35.823 I/OpenGLRenderer( 1966): Davey! duration=9223366899244ms; Flags=0, FrameTimelineVsyncId=109812, IntendedVsync=5137603779719, Vsync=5137603779719, InputEventId=0, HandleInputStart=5137604031006, AnimationStart=5137604031735, PerformTraversalsStart=5137604545641, DrawStart=5137604975537, FrameDeadline=5137637113051, FrameInterval=5137604029287, FrameStartTime=16666666, SyncQueued=5137604995954, SyncStart=5137611574235, IssueDrawCommandsStart=5137611597985, SwapBuffers=5137611700954, FrameCompleted=9223372036854775807, DequeueBufferDuration=5156, QueueBufferDuration=143541, GpuCompleted=9223372036854775807, SwapBuffersCompleted=5137611911839, DisplayPresentTime=0,
02-22 02:38:35.823 I/OpenGLRenderer( 1966): Davey! duration=9223366899250ms; Flags=0, FrameTimelineVsyncId=109812, IntendedVsync=5137603779719, Vsync=5137603779719, InputEventId=0, HandleInputStart=5137604031006, AnimationStart=5137604031735, PerformTraversalsStart=5137604545641, DrawStart=5137611630902, FrameDeadline=5137637113051, FrameInterval=5137604029287, FrameStartTime=16666666, SyncQueued=5137611638506, SyncStart=5137611924860, IssueDrawCommandsStart=5137611944287, SwapBuffers=5137612030225, FrameCompleted=9223372036854775807, DequeueBufferDuration=4323, QueueBufferDuration=171511, GpuCompleted=9223372036854775807, SwapBuffersCompleted=5137612267725, DisplayPresentTime=0,
02-22 02:38:35.834 I/GameModeConfig( 1503): isGameModeOn = false
02-22 02:38:35.834 I/GameModeConfig( 1503): isGameModeOn = false
02-22 02:38:35.834 I/GameModeConfig( 1503): isGameModeOn = false
02-22 02:38:35.834 I/GameModeConfig( 1503): isGameModeOn = false
02-22 02:38:35.835 I/notification_enqueue( 1503): [10078,1966,com.android.systemui,2048,NULL,0,Notification(channel=updateNotification shortcut=null contentView=null vibrate=null sound=null defaults=0x0 flags=0x0 color=0x00000000 vis=PRIVATE),1]
02-22 02:38:35.835 I/sysui_multi_action( 1966): [757,111,758,2]
02-22 02:38:35.835 I/sysui_multi_action( 1966): [757,111,758,2]
02-22 02:38:35.840 I/OpenGLRenderer( 1966): Davey! duration=9223366899227ms; Flags=0, FrameTimelineVsyncId=109815, IntendedVsync=5137620474620, Vsync=5137620474620, InputEventId=0, HandleInputStart=5137620705433, AnimationStart=5137620706319, PerformTraversalsStart=5137621183923, DrawStart=5137621600537, FrameDeadline=5137653807952, FrameInterval=5137620703298, FrameStartTime=16666666, SyncQueued=5137621615277, SyncStart=5137627989444, IssueDrawCommandsStart=5137628021839, SwapBuffers=5137628129964, FrameCompleted=9223372036854775807, DequeueBufferDuration=4896, QueueBufferDuration=163698, GpuCompleted=9223372036854775807, SwapBuffersCompleted=5137628366527, DisplayPresentTime=72906447096316261,
02-22 02:38:35.840 I/OpenGLRenderer( 1966): Davey! duration=9223366899233ms; Flags=0, FrameTimelineVsyncId=109815, IntendedVsync=5137620474620, Vsync=5137620474620, InputEventId=0, HandleInputStart=5137620705433, AnimationStart=5137620706319, PerformTraversalsStart=5137621183923, DrawStart=5137628057204, FrameDeadline=5137653807952, FrameInterval=5137620703298, FrameStartTime=16666666, SyncQueued=5137628062985, SyncStart=5137628382933, IssueDrawCommandsStart=5137628398923, SwapBuffers=5137628474860, FrameCompleted=9223372036854775807, DequeueBufferDuration=4791, QueueBufferDuration=138333, GpuCompleted=9223372036854775807, SwapBuffersCompleted=5137628681996, DisplayPresentTime=0,
02-22 02:38:35.842 D/InterruptionStateProvider( 1966): No bubble up: not allowed to bubble: 0|com.android.systemui|2048|null|10078
02-22 02:38:35.842 D/InterruptionStateProvider( 1966): No heads up: unimportant notification: 0|com.android.systemui|2048|null|10078
02-22 02:38:35.843 D/PeopleSpaceWidgetMgr( 1966): Sbn doesn't contain valid PeopleTileKey: null/0/com.android.systemui
02-22 02:38:35.857 I/OpenGLRenderer( 1966): Davey! duration=9223366899213ms; Flags=0, FrameTimelineVsyncId=109818, IntendedVsync=5137637157056, Vsync=5137637157056, InputEventId=0, HandleInputStart=5137637380589, AnimationStart=5137637381475, PerformTraversalsStart=5137639714808, DrawStart=5137640664339, FrameDeadline=5137670490388, FrameInterval=5137637379339, FrameStartTime=16666666, SyncQueued=5137640668141, SyncStart=5137644895277, IssueDrawCommandsStart=5137644911527, SwapBuffers=5137645024704, FrameCompleted=9223372036854775807, DequeueBufferDuration=4792, QueueBufferDuration=158750, GpuCompleted=9223372036854775807, SwapBuffersCompleted=5137645254079, DisplayPresentTime=0,
02-22 02:38:35.857 I/OpenGLRenderer( 1966): Davey! duration=9223366899217ms; Flags=0, FrameTimelineVsyncId=109818, IntendedVsync=5137637157056, Vsync=5137637157056, InputEventId=0, HandleInputStart=5137637380589, AnimationStart=5137637381475, PerformTraversalsStart=5137639714808, DrawStart=5137644929756, FrameDeadline=5137670490388, FrameInterval=5137637379339, FrameStartTime=16666666, SyncQueued=5137644934027, SyncStart=5137645269391, IssueDrawCommandsStart=5137645282985, SwapBuffers=5137645383558, FrameCompleted=9223372036854775807, DequeueBufferDuration=4791, QueueBufferDuration=142292, GpuCompleted=9223372036854775807, SwapBuffersCompleted=5137645598298, DisplayPresentTime=0,
02-22 02:38:35.873 I/OpenGLRenderer( 1966): Davey! duration=9223366899195ms; Flags=0, FrameTimelineVsyncId=109821, IntendedVsync=5137653857693, Vsync=5137653857693, InputEventId=0, HandleInputStart=5137654121162, AnimationStart=5137654121996, PerformTraversalsStart=5137655274756, DrawStart=5137655552360, FrameDeadline=5137687191025, FrameInterval=5137654114027, FrameStartTime=16666666, SyncQueued=5137655556006, SyncStart=5137661293506, IssueDrawCommandsStart=5137661309287, SwapBuffers=5137661393714, FrameCompleted=9223372036854775807, DequeueBufferDuration=6510, QueueBufferDuration=149948, GpuCompleted=9223372036854775807, SwapBuffersCompleted=5137661615746, DisplayPresentTime=0,
02-22 02:38:35.873 I/OpenGLRenderer( 1966): Davey! duration=9223366899200ms; Flags=0, FrameTimelineVsyncId=109821, IntendedVsync=5137653857693, Vsync=5137653857693, InputEventId=0, HandleInputStart=5137654121162, AnimationStart=5137654121996, PerformTraversalsStart=5137655274756, DrawStart=5137661345225, FrameDeadline=5137687191025, FrameInterval=5137654114027, FrameStartTime=16666666, SyncQueued=5137661350173, SyncStart=5137661631266, IssueDrawCommandsStart=5137661648141, SwapBuffers=5137661747464, FrameCompleted=9223372036854775807, DequeueBufferDuration=5573, QueueBufferDuration=159115, GpuCompleted=9223372036854775807, SwapBuffersCompleted=5137661982308, DisplayPresentTime=72057628414509838,
