02-22 02:34:11.883 I/sysui_multi_action( 1966): [757,111,758,1]
02-22 02:34:11.883 I/sysui_multi_action( 1966): [757,126,758,1,759,126,927,0,928,1,1593,0]
02-22 02:34:11.883 I/sysui_multi_action( 1966): [757,113,758,1,759,113,927,1,928,1,1593,0]
02-22 02:34:11.883 I/sysui_multi_action( 1966): [757,0,758,1,759,0,927,2,928,0,1593,0]
02-22 02:34:11.883 I/sysui_multi_action( 1966): [757,0,758,1,759,0,927,3,928,0,1593,0]
02-22 02:34:11.884 I/sysui_multi_action( 1966): [757,491,758,1,759,491,927,4,928,0,1311,-1,1593,0]
02-22 02:34:11.884 I/sysui_multi_action( 1966): [757,0,758,1,759,0,927,5,928,0,1593,0]
02-22 02:34:11.884 I/sysui_multi_action( 1966): [757,111,758,1]
02-22 02:34:11.884 I/sysui_multi_action( 1966): [757,126,758,1,759,126,927,0,928,1,1593,0]
02-22 02:34:11.884 I/sysui_multi_action( 1966): [757,113,758,1,759,113,927,1,928,1,1593,0]
02-22 02:34:11.884 I/sysui_multi_action( 1966): [757,0,758,1,759,0,927,2,928,0,1593,0]
02-22 02:34:11.884 I/sysui_multi_action( 1966): [757,0,758,1,759,0,927,3,928,0,1593,0]
02-22 02:34:12.670 I/input_interaction( 1503): Interaction with: 91ac81d NotificationShade (server), edge-swipe (server), swipe-up (server), PointerEventDispatcher0 (server),
02-22 02:34:12.810 I/sysui_multi_action( 1503): [757,222,758,1]
02-22 02:34:12.825 I/wm_task_created( 1503): [75,-1]
02-22 02:34:12.829 I/wm_task_moved( 1503): [75,1,9]
02-22 02:34:12.829 I/wm_task_to_front( 1503): [0,75]
02-22 02:34:12.830 I/wm_create_task( 1503): [0,75]
02-22 02:34:12.830 I/wm_create_activity( 1503): [0,247777153,75,com.thundercomm.screensaver/android.service.dreams.DreamActivity,NULL,NULL,NULL,276824064]
02-22 02:34:12.830 I/wm_task_moved( 1503): [75,1,9]
02-22 02:34:12.830 I/wm_pause_activity( 1503): [0,250080366,com.android.settings/.Settings,userLeaving=true,pauseBackTasks]
02-22 02:34:12.836 I/wm_on_top_resumed_lost_called( 4132): [250080366,com.android.settings.Settings,topStateChangedWhenResumed]
02-22 02:34:12.837 I/input_focus( 1503): [Focus request ab95283 com.android.settings/com.android.settings.Settings,reason=UpdateInputWindows]
02-22 02:34:12.837 I/sysui_multi_action( 4132): [757,35,758,2,1089,4292]
02-22 02:34:12.838 I/sysui_multi_action( 4132): [757,47,758,2,1089,4291]
02-22 02:34:12.838 I/wm_on_paused_called( 4132): [250080366,com.android.settings.Settings,performPause]
02-22 02:34:12.839 I/wm_add_to_stopping( 1503): [0,250080366,com.android.settings/.Settings,makeInvisible]
02-22 02:34:12.840 I/wm_restart_activity( 1503): [0,247777153,75,com.thundercomm.screensaver/android.service.dreams.DreamActivity]
02-22 02:34:12.840 I/wm_set_resumed_activity( 1503): [0,com.thundercomm.screensaver/android.service.dreams.DreamActivity,minimalResumeActivityLocked]
02-22 02:34:12.846 I/wm_on_create_called( 6011): [247777153,android.service.dreams.DreamActivity,performCreate]
02-22 02:34:12.846 I/wm_on_start_called( 6011): [247777153,android.service.dreams.DreamActivity,handleStartActivity]
02-22 02:34:12.846 I/wm_on_resume_called( 6011): [247777153,android.service.dreams.DreamActivity,RESUME_ACTIVITY]
02-22 02:34:12.847 I/sysui_multi_action( 1503): [757,803,799,window_time_0,802,4]
02-22 02:34:12.848 I/wm_on_top_resumed_gained_called( 6011): [247777153,android.service.dreams.DreamActivity,topStateChangedWhenResumed]
02-22 02:34:12.854 I/input_focus( 1503): [Focus leaving 91ac81d NotificationShade (server),reason=NOT_FOCUSABLE]
02-22 02:34:12.856 I/input_focus( 1503): [Focus request 7a1e5b9 com.thundercomm.screensaver/android.service.dreams.DreamActivity,reason=UpdateInputWindows]
02-22 02:34:12.867 I/sysui_multi_action( 1503): [319,43,322,40,325,4874,757,761,758,8,759,2,806,com.thundercomm.screensaver,871,android.service.dreams.DreamActivity,904,com.thundercomm.screensaver,905,0,1320,4,1321,2]
02-22 02:34:12.867 I/wm_activity_launch_time( 1503): [0,247777153,com.thundercomm.screensaver/android.service.dreams.DreamActivity,40]
02-22 02:34:12.873 I/notification_enqueue( 1503): [10078,1966,com.android.systemui,2048,NULL,0,Notification(channel=updateNotification shortcut=null contentView=null vibrate=null sound=null defaults=0x0 flags=0x0 color=0x00000000 vis=PRIVATE),1]
02-22 02:34:12.873 I/sysui_multi_action( 1966): [757,111,758,2]
02-22 02:34:12.873 I/sysui_multi_action( 1966): [757,111,758,2]
02-22 02:34:12.885 I/sysui_multi_action( 1966): [757,111,758,1]
02-22 02:34:12.885 I/sysui_multi_action( 1966): [757,126,758,1,759,126,927,0,928,1,1593,1]
02-22 02:34:12.885 I/sysui_multi_action( 1966): [757,113,758,1,759,113,927,1,928,1,1593,1]
02-22 02:34:12.885 I/sysui_multi_action( 1966): [757,0,758,1,759,0,927,2,928,0,1593,1]
02-22 02:34:12.885 I/sysui_multi_action( 1966): [757,0,758,1,759,0,927,3,928,0,1593,1]
02-22 02:34:12.886 I/sysui_multi_action( 1966): [757,491,758,1,759,491,927,4,928,0,1311,-1,1593,0]
02-22 02:34:12.886 I/sysui_multi_action( 1966): [757,0,758,1,759,0,927,5,928,0,1593,0]
02-22 02:34:12.886 I/sysui_multi_action( 1966): [757,111,758,1]
02-22 02:34:12.886 I/sysui_multi_action( 1966): [757,126,758,1,759,126,927,0,928,1,1593,1]
02-22 02:34:12.886 I/sysui_multi_action( 1966): [757,113,758,1,759,113,927,1,928,1,1593,1]
02-22 02:34:12.886 I/sysui_multi_action( 1966): [757,0,758,1,759,0,927,2,928,0,1593,1]
02-22 02:34:12.886 I/sysui_multi_action( 1966): [757,0,758,1,759,0,927,3,928,0,1593,1]
02-22 02:34:12.886 I/input_focus( 1503): [Focus entering 7a1e5b9 com.thundercomm.screensaver/android.service.dreams.DreamActivity (server),reason=Window became focusable. Previous reason: NOT_VISIBLE]
02-22 02:34:12.998 I/commit_sys_config_file( 1503): [settings-2-0,2]
02-22 02:34:13.136 I/notification_enqueue( 1503): [10078,1966,com.android.systemui,2048,NULL,0,Notification(channel=updateNotification shortcut=null contentView=null vibrate=null sound=null defaults=0x0 flags=0x0 color=0x00000000 vis=PRIVATE),1]
02-22 02:34:13.136 I/sysui_multi_action( 1966): [757,111,758,2]
02-22 02:34:13.136 I/sysui_multi_action( 1966): [757,111,758,2]
02-22 02:34:13.342 I/sysui_multi_action( 1503): [757,128,758,2,793,4864361,794,1488,795,4864361,796,26,798,0,806,android,857,DEVELOPER_IMPORTANT,858,4,947,0,1395,2,1500,4863956,1688,1]
02-22 02:34:13.342 I/notification_visibility( 1503): [-1|android|26|null|1000,0,4864361,4864361,0,0]
02-22 02:34:13.342 I/sysui_multi_action( 1503): [757,128,758,2,793,4864964,794,1487,795,4864964,796,32,798,1,806,android,857,USB,858,1,947,0,1395,2,1500,4864889,1688,1]
02-22 02:34:13.344 I/notification_visibility( 1503): [-1|android|32|null|1000,0,4864964,4864964,0,1]
02-22 02:34:13.344 I/sysui_multi_action( 1503): [757,127,758,2]
02-22 02:34:13.344 I/notification_panel_hidden( 1503):
02-22 02:34:13.371 I/wm_stop_activity( 1503): [0,250080366,com.android.settings/.Settings]
02-22 02:34:13.394 I/wm_on_stop_called( 4132): [250080366,com.android.settings.Settings,STOP_ACTIVITY_ITEM]
02-22 02:34:13.736 I/input_interaction( 1503): Interaction with: 7a1e5b9 com.thundercomm.screensaver/android.service.dreams.DreamActivity (server), edge-swipe (server), swipe-up (server), PointerEventDispatcher0 (server),
02-22 02:34:13.737 I/wm_finish_activity( 1503): [0,247777153,75,com.thundercomm.screensaver/android.service.dreams.DreamActivity,finish-activity]
02-22 02:34:13.737 I/wm_task_moved( 1503): [45,1,8]
02-22 02:34:13.737 I/wm_task_to_front( 1503): [0,45]
02-22 02:34:13.737 I/wm_focused_root_task( 1503): [0,0,45,75,finish-top adjustFocusToNextFocusableTask]
02-22 02:34:13.737 I/wm_pause_activity( 1503): [0,247777153,com.thundercomm.screensaver/android.service.dreams.DreamActivity,userLeaving=false,finish]
02-22 02:34:13.739 I/sysui_multi_action( 1503): [757,803,799,window_time_0,802,1]
02-22 02:34:13.740 I/wm_on_top_resumed_lost_called( 6011): [247777153,android.service.dreams.DreamActivity,topStateChangedWhenResumed]
02-22 02:34:13.740 I/wm_on_paused_called( 6011): [247777153,android.service.dreams.DreamActivity,performPause]
02-22 02:34:13.740 I/wm_add_to_stopping( 1503): [0,247777153,com.thundercomm.screensaver/android.service.dreams.DreamActivity,completeFinishing]
02-22 02:34:13.741 I/wm_set_resumed_activity( 1503): [0,com.android.settings/.Settings,resumeTopActivityInnerLocked]
02-22 02:34:13.741 I/wm_resume_activity( 1503): [0,250080366,45,com.android.settings/.Settings]
02-22 02:34:13.744 I/sysui_multi_action( 1503): [757,803,799,window_time_0,802,0]
02-22 02:34:13.755 I/input_focus( 1503): [Focus leaving 7a1e5b9 com.thundercomm.screensaver/android.service.dreams.DreamActivity (server),reason=NO_WINDOW]
02-22 02:34:13.755 I/view_enqueue_input_event( 6011): [Motion - Cancel,com.thundercomm.screensaver/android.service.dreams.DreamActivity]
02-22 02:34:13.755 I/wm_on_restart_called( 4132): [250080366,com.android.settings.Settings,performRestartActivity]
02-22 02:34:13.756 I/wm_on_start_called( 4132): [250080366,com.android.settings.Settings,handleStartActivity]
02-22 02:34:13.757 I/snet_event_log( 4132): [120484087,-1,]
02-22 02:34:13.757 I/wm_on_resume_called( 4132): [250080366,com.android.settings.Settings,RESUME_ACTIVITY]
02-22 02:34:13.757 I/sysui_multi_action( 4132): [757,35,758,1,833,0,1089,0]
02-22 02:34:13.758 I/sysui_multi_action( 4132): [757,47,758,1,833,0,1089,0]
02-22 02:34:13.760 I/input_interaction( 1503): Interaction with: edge-swipe (server), swipe-up (server), PointerEventDispatcher0 (server),
02-22 02:34:13.761 I/wm_on_top_resumed_gained_called( 4132): [250080366,com.android.settings.Settings,topWhenResuming]
02-22 02:34:13.774 I/input_focus( 1503): [Focus request ab95283 com.android.settings/com.android.settings.Settings,reason=UpdateInputWindows]
02-22 02:34:13.789 I/input_focus( 1503): [Focus entering ab95283 com.android.settings/com.android.settings.Settings (server),reason=setFocusedWindow]
02-22 02:34:14.290 I/wm_destroy_activity( 1503): [0,247777153,75,com.thundercomm.screensaver/android.service.dreams.DreamActivity,finish-imm:idle]
02-22 02:34:14.307 I/wm_on_stop_called( 6011): [247777153,android.service.dreams.DreamActivity,LIFECYCLER_STOP_ACTIVITY]
02-22 02:34:14.307 I/wm_on_destroy_called( 6011): [247777153,android.service.dreams.DreamActivity,performDestroy]
02-22 02:34:14.308 I/sysui_multi_action( 1503): [757,222,758,2]
02-22 02:34:14.308 I/sysui_multi_action( 1503): [757,804,799,dreaming_minutes,801,0,802,1]
02-22 02:34:14.311 I/wm_task_removed( 1503): [75,removeChild:removeChild last r=ActivityRecord{ec4c781 u0 com.thundercomm.screensaver/android.service.dreams.DreamActivity t-1 f}} in t=Task{9722475 #75 type=dream A=10047:android:com.thundercomm.screensaver/dream U=0 visible=false mode=fullscreen translucent=true sz=0}]
02-22 02:34:14.311 I/wm_task_removed( 1503): [75,removeChild]
02-22 02:34:14.566 I/input_interaction( 1503): Interaction with: ab95283 com.android.settings/com.android.settings.Settings (server), edge-swipe (server), swipe-up (server), PointerEventDispatcher0 (server),
02-22 02:34:14.691 I/sysui_multi_action( 4132): [757,830,758,4,833,0,854,dream_start_button_container,1089,0]
02-22 02:34:14.901 I/commit_sys_config_file( 1503): [settings-2-0,10]
02-22 02:34:15.159 I/input_interaction( 1503): Interaction with: a916dde StatusBar (server), edge-swipe (server), swipe-up (server), PointerEventDispatcher0 (server),
02-22 02:34:15.166 I/sysui_multi_action( 1966): [757,803,799,panel_open,802,1]
02-22 02:34:15.167 I/sysui_multi_action( 1966): [757,1328,758,4,1326,42,1327,2,1329,0]
02-22 02:34:15.196 I/sysui_multi_action( 1503): [757,127,758,1]
02-22 02:34:15.196 I/sysui_multi_action( 1503): [757,804,799,note_load,801,2,802,1]
02-22 02:34:15.196 I/notification_panel_revealed( 1503): 2
02-22 02:34:15.204 I/input_focus( 1503): [Focus request 91ac81d NotificationShade,reason=UpdateInputWindows]
02-22 02:34:15.215 I/sysui_multi_action( 1503): [757,128,758,1,793,4866234,794,0,795,4866234,796,26,798,0,806,android,857,DEVELOPER_IMPORTANT,858,4,947,0,1395,2,1500,4865829,1688,1]
02-22 02:34:15.215 I/sysui_multi_action( 1503): [757,804,799,note_freshness,801,4866234,802,1]
02-22 02:34:15.215 I/notification_visibility( 1503): [-1|android|26|null|1000,1,4866234,4866234,0,0]
02-22 02:34:15.215 I/sysui_multi_action( 1503): [757,128,758,1,793,4866837,794,0,795,4866837,796,32,798,1,806,android,857,USB,858,1,947,0,1395,2,1500,4866762,1688,1]
02-22 02:34:15.215 I/sysui_multi_action( 1503): [757,804,799,note_freshness,801,4866837,802,1]
02-22 02:34:15.215 I/notification_visibility( 1503): [-1|android|32|null|1000,1,4866837,4866837,0,1]
02-22 02:34:15.227 I/input_focus( 1503): [Focus leaving ab95283 com.android.settings/com.android.settings.Settings (server),reason=setFocusedWindow]
02-22 02:34:15.227 I/input_focus( 1503): [Focus entering 91ac81d NotificationShade (server),reason=setFocusedWindow]
02-22 02:34:15.241 I/sysui_multi_action( 1966): [757,111,758,1]
02-22 02:34:15.242 I/sysui_multi_action( 1966): [757,126,758,1,759,126,927,0,928,1,1593,0]
02-22 02:34:15.242 I/sysui_multi_action( 1966): [757,113,758,1,759,113,927,1,928,1,1593,0]
02-22 02:34:15.242 I/sysui_multi_action( 1966): [757,0,758,1,759,0,927,2,928,0,1593,0]
02-22 02:34:15.242 I/sysui_multi_action( 1966): [757,0,758,1,759,0,927,3,928,0,1593,0]
02-22 02:34:15.242 I/sysui_multi_action( 1966): [757,491,758,1,759,491,927,4,928,0,1311,-1,1593,0]
02-22 02:34:15.242 I/sysui_multi_action( 1966): [757,0,758,1,759,0,927,5,928,0,1593,0]
02-22 02:34:15.242 I/sysui_multi_action( 1966): [757,111,758,1]
02-22 02:34:15.243 I/sysui_multi_action( 1966): [757,126,758,1,759,126,927,0,928,1,1593,0]
02-22 02:34:15.243 I/sysui_multi_action( 1966): [757,113,758,1,759,113,927,1,928,1,1593,0]
02-22 02:34:15.243 I/sysui_multi_action( 1966): [757,0,758,1,759,0,927,2,928,0,1593,0]
02-22 02:34:15.243 I/sysui_multi_action( 1966): [757,0,758,1,759,0,927,3,928,0,1593,0]
02-22 02:34:15.299 I/input_interaction( 1503): Interaction with: a916dde StatusBar (server), 91ac81d NotificationShade (server), edge-swipe (server), swipe-up (server), PointerEventDispatcher0 (server),
02-22 02:34:15.311 I/sysui_multi_action( 1966): [757,111,758,2]
02-22 02:34:15.311 I/sysui_multi_action( 1966): [757,111,758,2]
02-22 02:34:15.311 I/notification_enqueue( 1503): [10078,1966,com.android.systemui,2048,NULL,0,Notification(channel=updateNotification shortcut=null contentView=null vibrate=null sound=null defaults=0x0 flags=0x0 color=0x00000000 vis=PRIVATE),1]
02-22 02:34:15.320 I/input_interaction( 1503): Interaction with: 91ac81d NotificationShade (server), edge-swipe (server), swipe-up (server), PointerEventDispatcher0 (server),
02-22 02:34:15.329 I/input_focus( 1503): [Focus request ab95283 com.android.settings/com.android.settings.Settings,reason=UpdateInputWindows]
02-22 02:34:15.333 I/sysui_multi_action( 1503): [757,128,758,2,793,4866352,794,118,795,4866352,796,26,798,0,806,android,857,DEVELOPER_IMPORTANT,858,4,947,0,1395,2,1500,4865947,1688,1]
02-22 02:34:15.333 I/notification_visibility( 1503): [-1|android|26|null|1000,0,4866352,4866352,0,0]
02-22 02:34:15.333 I/sysui_multi_action( 1503): [757,128,758,2,793,4866955,794,118,795,4866955,796,32,798,1,806,android,857,USB,858,1,947,0,1395,2,1500,4866880,1688,1]
02-22 02:34:15.334 I/notification_visibility( 1503): [-1|android|32|null|1000,0,4866955,4866955,0,1]
02-22 02:34:15.334 I/sysui_multi_action( 1503): [757,127,758,2]
02-22 02:34:15.334 I/notification_panel_hidden( 1503):
02-22 02:34:15.344 I/sysui_multi_action( 1966): [757,111,758,1]
02-22 02:34:15.344 I/sysui_multi_action( 1966): [757,126,758,1,759,126,927,0,928,1,1593,0]
02-22 02:34:15.344 I/sysui_multi_action( 1966): [757,113,758,1,759,113,927,1,928,1,1593,0]
02-22 02:34:15.344 I/sysui_multi_action( 1966): [757,0,758,1,759,0,927,2,928,0,1593,0]
02-22 02:34:15.344 I/sysui_multi_action( 1966): [757,0,758,1,759,0,927,3,928,0,1593,0]
02-22 02:34:15.344 I/sysui_multi_action( 1503): [757,127,758,1]
02-22 02:34:15.344 I/sysui_multi_action( 1503): [757,804,799,note_load,801,2,802,1]
02-22 02:34:15.344 I/sysui_multi_action( 1966): [757,491,758,1,759,491,927,4,928,0,1311,-1,1593,0]
02-22 02:34:15.345 I/sysui_multi_action( 1966): [757,0,758,1,759,0,927,5,928,0,1593,0]
02-22 02:34:15.345 I/notification_panel_revealed( 1503): 2
02-22 02:34:15.345 I/sysui_multi_action( 1966): [757,111,758,1]
02-22 02:34:15.345 I/sysui_multi_action( 1966): [757,126,758,1,759,126,927,0,928,1,1593,0]
02-22 02:34:15.345 I/sysui_multi_action( 1966): [757,113,758,1,759,113,927,1,928,1,1593,0]
02-22 02:34:15.345 I/sysui_multi_action( 1966): [757,0,758,1,759,0,927,2,928,0,1593,0]
02-22 02:34:15.345 I/sysui_multi_action( 1966): [757,0,758,1,759,0,927,3,928,0,1593,0]
02-22 02:34:15.352 I/input_focus( 1503): [Focus request 91ac81d NotificationShade,reason=UpdateInputWindows]
02-22 02:34:15.361 I/input_focus( 1503): [Focus leaving 91ac81d NotificationShade (server),reason=NOT_FOCUSABLE]
02-22 02:34:15.361 I/input_focus( 1503): [Focus entering ab95283 com.android.settings/com.android.settings.Settings (server),reason=setFocusedWindow]
02-22 02:34:15.379 I/input_focus( 1503): [Focus leaving ab95283 com.android.settings/com.android.settings.Settings (server),reason=setFocusedWindow]
02-22 02:34:15.379 I/input_focus( 1503): [Focus entering 91ac81d NotificationShade (server),reason=setFocusedWindow]
02-22 02:34:15.715 I/sysui_multi_action( 1503): [757,128,758,1,793,4866734,794,0,795,4866734,796,26,798,0,806,android,857,DEVELOPER_IMPORTANT,858,4,947,0,1395,2,1500,4866329,1688,1]
02-22 02:34:15.716 I/sysui_multi_action( 1503): [757,804,799,note_freshness,801,4866734,802,1]
02-22 02:34:15.716 I/notification_visibility( 1503): [-1|android|26|null|1000,1,4866734,4866734,0,0]
02-22 02:34:15.717 I/sysui_multi_action( 1503): [757,128,758,1,793,4867339,794,0,795,4867339,796,32,798,1,806,android,857,USB,858,1,947,0,1395,2,1500,4867264,1688,1]
02-22 02:34:15.718 I/sysui_multi_action( 1503): [757,804,799,note_freshness,801,4867339,802,1]
02-22 02:34:15.718 I/notification_visibility( 1503): [-1|android|32|null|1000,1,4867339,4867339,0,1]
02-22 02:34:16.387 I/sysui_multi_action( 1503): [757,222,758,1]
02-22 02:34:16.395 I/wm_task_created( 1503): [76,-1]
02-22 02:34:16.399 I/wm_task_moved( 1503): [76,1,9]
02-22 02:34:16.399 I/wm_task_to_front( 1503): [0,76]
02-22 02:34:16.399 I/wm_create_task( 1503): [0,76]
02-22 02:34:16.399 I/wm_create_activity( 1503): [0,15801319,76,com.thundercomm.screensaver/android.service.dreams.DreamActivity,NULL,NULL,NULL,276824064]
02-22 02:34:16.399 I/wm_task_moved( 1503): [76,1,9]
02-22 02:34:16.399 I/wm_pause_activity( 1503): [0,250080366,com.android.settings/.Settings,userLeaving=true,pauseBackTasks]
02-22 02:34:16.402 I/wm_on_top_resumed_lost_called( 4132): [250080366,com.android.settings.Settings,topStateChangedWhenResumed]
02-22 02:34:16.403 I/sysui_multi_action( 4132): [757,35,758,2,1089,2647]
02-22 02:34:16.403 I/sysui_multi_action( 4132): [757,47,758,2,1089,2646]
02-22 02:34:16.404 I/wm_on_paused_called( 4132): [250080366,com.android.settings.Settings,performPause]
02-22 02:34:16.405 I/wm_add_to_stopping( 1503): [0,250080366,com.android.settings/.Settings,makeInvisible]
02-22 02:34:16.405 I/wm_restart_activity( 1503): [0,15801319,76,com.thundercomm.screensaver/android.service.dreams.DreamActivity]
02-22 02:34:16.406 I/wm_set_resumed_activity( 1503): [0,com.thundercomm.screensaver/android.service.dreams.DreamActivity,minimalResumeActivityLocked]
02-22 02:34:16.407 I/sysui_multi_action( 1503): [757,803,799,window_time_0,802,3]
02-22 02:34:16.408 I/wm_on_create_called( 6011): [15801319,android.service.dreams.DreamActivity,performCreate]
02-22 02:34:16.408 I/wm_on_start_called( 6011): [15801319,android.service.dreams.DreamActivity,handleStartActivity]
02-22 02:34:16.409 I/wm_on_resume_called( 6011): [15801319,android.service.dreams.DreamActivity,RESUME_ACTIVITY]
02-22 02:34:16.411 I/wm_on_top_resumed_gained_called( 6011): [15801319,android.service.dreams.DreamActivity,topStateChangedWhenResumed]
02-22 02:34:16.424 I/sysui_multi_action( 1503): [319,29,322,25,325,4878,757,761,758,8,759,2,806,com.thundercomm.screensaver,871,android.service.dreams.DreamActivity,904,com.thundercomm.screensaver,905,0,1320,4,1321,2]
02-22 02:34:16.425 I/wm_activity_launch_time( 1503): [0,15801319,com.thundercomm.screensaver/android.service.dreams.DreamActivity,25]
02-22 02:34:16.430 I/input_focus( 1503): [Focus request ca98f83 com.thundercomm.screensaver/android.service.dreams.DreamActivity,reason=UpdateInputWindows]
02-22 02:34:16.440 I/notification_enqueue( 1503): [10078,1966,com.android.systemui,2048,NULL,0,Notification(channel=updateNotification shortcut=null contentView=null vibrate=null sound=null defaults=0x0 flags=0x0 color=0x00000000 vis=PRIVATE),1]
02-22 02:34:16.440 I/sysui_multi_action( 1966): [757,111,758,2]
02-22 02:34:16.440 I/sysui_multi_action( 1966): [757,111,758,2]
02-22 02:34:16.444 I/sysui_multi_action( 1966): [757,111,758,1]
02-22 02:34:16.444 I/sysui_multi_action( 1966): [757,126,758,1,759,126,927,0,928,1,1593,1]
02-22 02:34:16.444 I/sysui_multi_action( 1966): [757,113,758,1,759,113,927,1,928,1,1593,1]
02-22 02:34:16.444 I/sysui_multi_action( 1966): [757,0,758,1,759,0,927,2,928,0,1593,1]
02-22 02:34:16.444 I/sysui_multi_action( 1966): [757,0,758,1,759,0,927,3,928,0,1593,1]
02-22 02:34:16.444 I/sysui_multi_action( 1966): [757,491,758,1,759,491,927,4,928,0,1311,-1,1593,0]
02-22 02:34:16.444 I/sysui_multi_action( 1966): [757,0,758,1,759,0,927,5,928,0,1593,0]
02-22 02:34:16.444 I/sysui_multi_action( 1966): [757,111,758,1]
02-22 02:34:16.445 I/sysui_multi_action( 1966): [757,126,758,1,759,126,927,0,928,1,1593,1]
02-22 02:34:16.445 I/sysui_multi_action( 1966): [757,113,758,1,759,113,927,1,928,1,1593,1]
02-22 02:34:16.445 I/sysui_multi_action( 1966): [757,0,758,1,759,0,927,2,928,0,1593,1]
02-22 02:34:16.445 I/sysui_multi_action( 1966): [757,0,758,1,759,0,927,3,928,0,1593,1]
02-22 02:34:16.446 I/input_focus( 1503): [Focus leaving 91ac81d NotificationShade (server),reason=NOT_FOCUSABLE]
02-22 02:34:16.446 I/input_focus( 1503): [Focus entering ca98f83 com.thundercomm.screensaver/android.service.dreams.DreamActivity (server),reason=setFocusedWindow]
02-22 02:34:16.572 I/commit_sys_config_file( 1503): [settings-2-0,2]
02-22 02:34:16.712 I/sysui_multi_action( 1966): [757,111,758,2]
02-22 02:34:16.712 I/notification_enqueue( 1503): [10078,1966,com.android.systemui,2048,NULL,0,Notification(channel=updateNotification shortcut=null contentView=null vibrate=null sound=null defaults=0x0 flags=0x0 color=0x00000000 vis=PRIVATE),1]
02-22 02:34:16.712 I/sysui_multi_action( 1966): [757,111,758,2]
02-22 02:34:16.918 I/sysui_multi_action( 1503): [757,128,758,2,793,4867937,794,1203,795,4867937,796,26,798,0,806,android,857,DEVELOPER_IMPORTANT,858,4,947,0,1395,2,1500,4867532,1688,1]
02-22 02:34:16.918 I/notification_visibility( 1503): [-1|android|26|null|1000,0,4867937,4867937,0,0]
02-22 02:34:16.918 I/sysui_multi_action( 1503): [757,128,758,2,793,4868540,794,1201,795,4868540,796,32,798,1,806,android,857,USB,858,1,947,0,1395,2,1500,4868465,1688,1]
02-22 02:34:16.918 I/notification_visibility( 1503): [-1|android|32|null|1000,0,4868540,4868540,0,1]
02-22 02:34:16.918 I/sysui_multi_action( 1503): [757,127,758,2]
02-22 02:34:16.918 I/notification_panel_hidden( 1503):
02-22 02:34:16.930 I/wm_stop_activity( 1503): [0,250080366,com.android.settings/.Settings]
02-22 02:34:16.952 I/wm_on_stop_called( 4132): [250080366,com.android.settings.Settings,STOP_ACTIVITY_ITEM]
02-22 02:34:17.485 I/input_interaction( 1503): Interaction with: ca98f83 com.thundercomm.screensaver/android.service.dreams.DreamActivity (server), edge-swipe (server), swipe-up (server), PointerEventDispatcher0 (server),
02-22 02:34:17.486 I/wm_finish_activity( 1503): [0,15801319,76,com.thundercomm.screensaver/android.service.dreams.DreamActivity,finish-activity]
02-22 02:34:17.486 I/wm_task_moved( 1503): [45,1,8]
02-22 02:34:17.486 I/wm_task_to_front( 1503): [0,45]
02-22 02:34:17.486 I/wm_focused_root_task( 1503): [0,0,45,76,finish-top adjustFocusToNextFocusableTask]
02-22 02:34:17.486 I/wm_pause_activity( 1503): [0,15801319,com.thundercomm.screensaver/android.service.dreams.DreamActivity,userLeaving=false,finish]
02-22 02:34:17.488 I/wm_on_top_resumed_lost_called( 6011): [15801319,android.service.dreams.DreamActivity,topStateChangedWhenResumed]
02-22 02:34:17.488 I/wm_on_paused_called( 6011): [15801319,android.service.dreams.DreamActivity,performPause]
02-22 02:34:17.488 I/wm_add_to_stopping( 1503): [0,15801319,com.thundercomm.screensaver/android.service.dreams.DreamActivity,completeFinishing]
02-22 02:34:17.489 I/wm_set_resumed_activity( 1503): [0,com.android.settings/.Settings,resumeTopActivityInnerLocked]
02-22 02:34:17.490 I/wm_resume_activity( 1503): [0,250080366,45,com.android.settings/.Settings]
02-22 02:34:17.491 I/sysui_multi_action( 1503): [757,803,799,window_time_0,802,1]
02-22 02:34:17.492 I/sysui_multi_action( 1503): [757,803,799,window_time_0,802,0]
02-22 02:34:17.498 I/input_focus( 1503): [Focus leaving ca98f83 com.thundercomm.screensaver/android.service.dreams.DreamActivity (server),reason=NO_WINDOW]
02-22 02:34:17.498 I/view_enqueue_input_event( 6011): [Motion - Cancel,com.thundercomm.screensaver/android.service.dreams.DreamActivity]
02-22 02:34:17.498 I/wm_on_restart_called( 4132): [250080366,com.android.settings.Settings,performRestartActivity]
02-22 02:34:17.499 I/wm_on_start_called( 4132): [250080366,com.android.settings.Settings,handleStartActivity]
02-22 02:34:17.499 I/snet_event_log( 4132): [120484087,-1,]
02-22 02:34:17.500 I/wm_on_resume_called( 4132): [250080366,com.android.settings.Settings,RESUME_ACTIVITY]
02-22 02:34:17.500 I/sysui_multi_action( 4132): [757,35,758,1,833,0,1089,0]
02-22 02:34:17.501 I/sysui_multi_action( 4132): [757,47,758,1,833,0,1089,0]
02-22 02:34:17.504 I/wm_on_top_resumed_gained_called( 4132): [250080366,com.android.settings.Settings,topWhenResuming]
02-22 02:34:17.510 I/input_interaction( 1503): Interaction with: edge-swipe (server), swipe-up (server), PointerEventDispatcher0 (server),
02-22 02:34:17.517 I/input_focus( 1503): [Focus request ab95283 com.android.settings/com.android.settings.Settings,reason=UpdateInputWindows]
02-22 02:34:17.531 I/input_focus( 1503): [Focus entering ab95283 com.android.settings/com.android.settings.Settings (server),reason=setFocusedWindow]
02-22 02:34:18.033 I/wm_destroy_activity( 1503): [0,15801319,76,com.thundercomm.screensaver/android.service.dreams.DreamActivity,finish-imm:idle]
02-22 02:34:18.049 I/wm_on_stop_called( 6011): [15801319,android.service.dreams.DreamActivity,LIFECYCLER_STOP_ACTIVITY]
02-22 02:34:18.050 I/wm_on_destroy_called( 6011): [15801319,android.service.dreams.DreamActivity,performDestroy]
02-22 02:34:18.050 I/sysui_multi_action( 1503): [757,222,758,2]
02-22 02:34:18.050 I/sysui_multi_action( 1503): [757,804,799,dreaming_minutes,801,0,802,1]
02-22 02:34:18.053 I/wm_task_removed( 1503): [76,removeChild:removeChild last r=ActivityRecord{f11be7 u0 com.thundercomm.screensaver/android.service.dreams.DreamActivity t-1 f}} in t=Task{ca2c139 #76 type=dream A=10047:android:com.thundercomm.screensaver/dream U=0 visible=false mode=fullscreen translucent=true sz=0}]
02-22 02:34:18.053 I/wm_task_removed( 1503): [76,removeChild]
02-22 02:34:18.342 I/input_interaction( 1503): Interaction with: ab95283 com.android.settings/com.android.settings.Settings (server), edge-swipe (server), swipe-up (server), PointerEventDispatcher0 (server),
02-22 02:34:18.497 I/sysui_multi_action( 4132): [757,830,758,4,833,0,854,dream_start_button_container,1089,0]
02-22 02:34:18.702 I/commit_sys_config_file( 1503): [settings-2-0,6]
02-22 02:34:18.922 I/input_interaction( 1503): Interaction with: a916dde StatusBar (server), edge-swipe (server), swipe-up (server), PointerEventDispatcher0 (server),
02-22 02:34:18.926 I/sysui_multi_action( 1966): [757,803,799,panel_open,802,1]
02-22 02:34:18.927 I/sysui_multi_action( 1966): [757,1328,758,4,1326,45,1327,4,1329,0]
02-22 02:34:18.972 I/sysui_multi_action( 1503): [757,127,758,1]
02-22 02:34:18.972 I/sysui_multi_action( 1503): [757,804,799,note_load,801,2,802,1]
02-22 02:34:18.973 I/notification_panel_revealed( 1503): 2
02-22 02:34:18.981 I/input_focus( 1503): [Focus request 91ac81d NotificationShade,reason=UpdateInputWindows]
02-22 02:34:18.990 I/sysui_multi_action( 1503): [757,128,758,1,793,4870009,794,0,795,4870009,796,26,798,0,806,android,857,DEVELOPER_IMPORTANT,858,4,947,0,1395,2,1500,4869604,1688,1]
02-22 02:34:18.990 I/sysui_multi_action( 1503): [757,804,799,note_freshness,801,4870009,802,1]
02-22 02:34:18.990 I/notification_visibility( 1503): [-1|android|26|null|1000,1,4870009,4870009,0,0]
02-22 02:34:18.990 I/sysui_multi_action( 1503): [757,128,758,1,793,4870612,794,0,795,4870612,796,32,798,1,806,android,857,USB,858,1,947,0,1395,2,1500,4870537,1688,1]
02-22 02:34:18.991 I/sysui_multi_action( 1503): [757,804,799,note_freshness,801,4870612,802,1]
02-22 02:34:18.991 I/notification_visibility( 1503): [-1|android|32|null|1000,1,4870612,4870612,0,1]
02-22 02:34:19.003 I/input_focus( 1503): [Focus leaving ab95283 com.android.settings/com.android.settings.Settings (server),reason=setFocusedWindow]
02-22 02:34:19.003 I/input_focus( 1503): [Focus entering 91ac81d NotificationShade (server),reason=setFocusedWindow]
02-22 02:34:19.035 I/sysui_multi_action( 1966): [757,111,758,1]
02-22 02:34:19.035 I/sysui_multi_action( 1966): [757,126,758,1,759,126,927,0,928,1,1593,0]
02-22 02:34:19.035 I/sysui_multi_action( 1966): [757,113,758,1,759,113,927,1,928,1,1593,0]
02-22 02:34:19.035 I/sysui_multi_action( 1966): [757,0,758,1,759,0,927,2,928,0,1593,0]
02-22 02:34:19.035 I/sysui_multi_action( 1966): [757,0,758,1,759,0,927,3,928,0,1593,0]
02-22 02:34:19.037 I/sysui_multi_action( 1966): [757,491,758,1,759,491,927,4,928,0,1311,-1,1593,0]
02-22 02:34:19.037 I/sysui_multi_action( 1966): [757,0,758,1,759,0,927,5,928,0,1593,0]
02-22 02:34:19.037 I/sysui_multi_action( 1966): [757,111,758,1]
02-22 02:34:19.037 I/sysui_multi_action( 1966): [757,126,758,1,759,126,927,0,928,1,1593,0]
02-22 02:34:19.037 I/sysui_multi_action( 1966): [757,113,758,1,759,113,927,1,928,1,1593,0]
02-22 02:34:19.037 I/sysui_multi_action( 1966): [757,0,758,1,759,0,927,2,928,0,1593,0]
02-22 02:34:19.037 I/sysui_multi_action( 1966): [757,0,758,1,759,0,927,3,928,0,1593,0]
02-22 02:34:19.844 I/input_interaction( 1503): Interaction with: 91ac81d NotificationShade (server), edge-swipe (server), swipe-up (server), PointerEventDispatcher0 (server),
02-22 02:34:19.987 I/sysui_multi_action( 1503): [757,222,758,1]
02-22 02:34:20.000 I/wm_task_created( 1503): [77,-1]
02-22 02:34:20.004 I/wm_task_moved( 1503): [77,1,9]
02-22 02:34:20.004 I/wm_task_to_front( 1503): [0,77]
02-22 02:34:20.004 I/wm_create_task( 1503): [0,77]
02-22 02:34:20.004 I/wm_create_activity( 1503): [0,177337144,77,com.thundercomm.screensaver/android.service.dreams.DreamActivity,NULL,NULL,NULL,276824064]
02-22 02:34:20.004 I/wm_task_moved( 1503): [77,1,9]
02-22 02:34:20.005 I/wm_pause_activity( 1503): [0,250080366,com.android.settings/.Settings,userLeaving=true,pauseBackTasks]
02-22 02:34:20.011 I/wm_on_top_resumed_lost_called( 4132): [250080366,com.android.settings.Settings,topStateChangedWhenResumed]
02-22 02:34:20.011 I/input_focus( 1503): [Focus request ab95283 com.android.settings/com.android.settings.Settings,reason=UpdateInputWindows]
02-22 02:34:20.013 I/sysui_multi_action( 4132): [757,35,758,2,1089,2513]
02-22 02:34:20.013 I/sysui_multi_action( 4132): [757,47,758,2,1089,2513]
02-22 02:34:20.014 I/wm_on_paused_called( 4132): [250080366,com.android.settings.Settings,performPause]
02-22 02:34:20.016 I/wm_add_to_stopping( 1503): [0,250080366,com.android.settings/.Settings,makeInvisible]
02-22 02:34:20.016 I/wm_restart_activity( 1503): [0,177337144,77,com.thundercomm.screensaver/android.service.dreams.DreamActivity]
02-22 02:34:20.017 I/wm_set_resumed_activity( 1503): [0,com.thundercomm.screensaver/android.service.dreams.DreamActivity,minimalResumeActivityLocked]
02-22 02:34:20.021 I/input_focus( 1503): [Focus leaving 91ac81d NotificationShade (server),reason=NOT_FOCUSABLE]
02-22 02:34:20.022 I/input_focus( 1503): [Focus entering ab95283 com.android.settings/com.android.settings.Settings (server),reason=setFocusedWindow]
02-22 02:34:20.022 I/sysui_multi_action( 1503): [757,803,799,window_time_0,802,2]
02-22 02:34:20.023 I/wm_on_create_called( 6011): [177337144,android.service.dreams.DreamActivity,performCreate]
02-22 02:34:20.023 I/wm_on_start_called( 6011): [177337144,android.service.dreams.DreamActivity,handleStartActivity]
02-22 02:34:20.023 I/wm_on_resume_called( 6011): [177337144,android.service.dreams.DreamActivity,RESUME_ACTIVITY]
02-22 02:34:20.027 I/wm_on_top_resumed_gained_called( 6011): [177337144,android.service.dreams.DreamActivity,topStateChangedWhenResumed]
02-22 02:34:20.037 I/input_focus( 1503): [Focus leaving ab95283 com.android.settings/com.android.settings.Settings (server),reason=NO_WINDOW]
02-22 02:34:20.040 I/input_focus( 1503): [Focus request c23f150 com.thundercomm.screensaver/android.service.dreams.DreamActivity,reason=UpdateInputWindows]
02-22 02:34:20.049 I/sysui_multi_action( 1503): [319,51,322,48,325,4881,757,761,758,8,759,2,806,com.thundercomm.screensaver,871,android.service.dreams.DreamActivity,904,com.thundercomm.screensaver,905,0,1320,4,1321,2]
02-22 02:34:20.050 I/wm_activity_launch_time( 1503): [0,177337144,com.thundercomm.screensaver/android.service.dreams.DreamActivity,48]
02-22 02:34:20.055 I/sysui_multi_action( 1966): [757,111,758,2]
02-22 02:34:20.055 I/sysui_multi_action( 1966): [757,111,758,2]
02-22 02:34:20.055 I/notification_enqueue( 1503): [10078,1966,com.android.systemui,2048,NULL,0,Notification(channel=updateNotification shortcut=null contentView=null vibrate=null sound=null defaults=0x0 flags=0x0 color=0x00000000 vis=PRIVATE),1]
02-22 02:34:20.069 I/sysui_multi_action( 1966): [757,111,758,1]
02-22 02:34:20.069 I/sysui_multi_action( 1966): [757,126,758,1,759,126,927,0,928,1,1593,1]
02-22 02:34:20.069 I/sysui_multi_action( 1966): [757,113,758,1,759,113,927,1,928,1,1593,1]
02-22 02:34:20.069 I/sysui_multi_action( 1966): [757,0,758,1,759,0,927,2,928,0,1593,1]
02-22 02:34:20.069 I/sysui_multi_action( 1966): [757,0,758,1,759,0,927,3,928,0,1593,1]
02-22 02:34:20.070 I/sysui_multi_action( 1966): [757,491,758,1,759,491,927,4,928,0,1311,-1,1593,0]
02-22 02:34:20.070 I/sysui_multi_action( 1966): [757,0,758,1,759,0,927,5,928,0,1593,0]
02-22 02:34:20.070 I/sysui_multi_action( 1966): [757,111,758,1]
02-22 02:34:20.070 I/sysui_multi_action( 1966): [757,126,758,1,759,126,927,0,928,1,1593,1]
02-22 02:34:20.070 I/sysui_multi_action( 1966): [757,113,758,1,759,113,927,1,928,1,1593,1]
02-22 02:34:20.070 I/sysui_multi_action( 1966): [757,0,758,1,759,0,927,2,928,0,1593,1]
02-22 02:34:20.070 I/sysui_multi_action( 1966): [757,0,758,1,759,0,927,3,928,0,1593,1]
02-22 02:34:20.070 I/input_focus( 1503): [Focus entering c23f150 com.thundercomm.screensaver/android.service.dreams.DreamActivity (server),reason=Window became focusable. Previous reason: NOT_VISIBLE]
02-22 02:34:20.173 I/commit_sys_config_file( 1503): [settings-2-0,2]
02-22 02:34:20.303 I/notification_enqueue( 1503): [10078,1966,com.android.systemui,2048,NULL,0,Notification(channel=updateNotification shortcut=null contentView=null vibrate=null sound=null defaults=0x0 flags=0x0 color=0x00000000 vis=PRIVATE),1]
02-22 02:34:20.303 I/sysui_multi_action( 1966): [757,111,758,2]
02-22 02:34:20.304 I/sysui_multi_action( 1966): [757,111,758,2]
02-22 02:34:20.509 I/sysui_multi_action( 1503): [757,128,758,2,793,4871528,794,1519,795,4871528,796,26,798,0,806,android,857,DEVELOPER_IMPORTANT,858,4,947,0,1395,2,1500,4871123,1688,1]
02-22 02:34:20.509 I/notification_visibility( 1503): [-1|android|26|null|1000,0,4871528,4871528,0,0]
02-22 02:34:20.510 I/sysui_multi_action( 1503): [757,128,758,2,793,4872132,794,1520,795,4872132,796,32,798,1,806,android,857,USB,858,1,947,0,1395,2,1500,4872057,1688,1]
02-22 02:34:20.510 I/notification_visibility( 1503): [-1|android|32|null|1000,0,4872132,4872132,0,1]
02-22 02:34:20.510 I/sysui_multi_action( 1503): [757,127,758,2]
02-22 02:34:20.510 I/notification_panel_hidden( 1503):
02-22 02:34:20.555 I/wm_stop_activity( 1503): [0,250080366,com.android.settings/.Settings]
02-22 02:34:20.579 I/wm_on_stop_called( 4132): [250080366,com.android.settings.Settings,STOP_ACTIVITY_ITEM]
02-22 02:34:21.048 I/input_interaction( 1503): Interaction with: c23f150 com.thundercomm.screensaver/android.service.dreams.DreamActivity (server), edge-swipe (server), swipe-up (server), PointerEventDispatcher0 (server),
02-22 02:34:21.049 I/wm_finish_activity( 1503): [0,177337144,77,com.thundercomm.screensaver/android.service.dreams.DreamActivity,finish-activity]
02-22 02:34:21.049 I/wm_task_moved( 1503): [45,1,8]
02-22 02:34:21.049 I/wm_task_to_front( 1503): [0,45]
02-22 02:34:21.049 I/wm_focused_root_task( 1503): [0,0,45,77,finish-top adjustFocusToNextFocusableTask]
02-22 02:34:21.049 I/wm_pause_activity( 1503): [0,177337144,com.thundercomm.screensaver/android.service.dreams.DreamActivity,userLeaving=false,finish]
02-22 02:34:21.051 I/wm_on_top_resumed_lost_called( 6011): [177337144,android.service.dreams.DreamActivity,topStateChangedWhenResumed]
02-22 02:34:21.051 I/wm_on_paused_called( 6011): [177337144,android.service.dreams.DreamActivity,performPause]
02-22 02:34:21.051 I/wm_add_to_stopping( 1503): [0,177337144,com.thundercomm.screensaver/android.service.dreams.DreamActivity,completeFinishing]
02-22 02:34:21.052 I/wm_set_resumed_activity( 1503): [0,com.android.settings/.Settings,resumeTopActivityInnerLocked]
02-22 02:34:21.053 I/wm_resume_activity( 1503): [0,250080366,45,com.android.settings/.Settings]
02-22 02:34:21.054 I/sysui_multi_action( 1503): [757,803,799,window_time_0,802,1]
02-22 02:34:21.056 I/view_enqueue_input_event( 6011): [Motion - Cancel,com.thundercomm.screensaver/android.service.dreams.DreamActivity]
02-22 02:34:21.056 I/sysui_multi_action( 1503): [757,803,799,window_time_0,802,0]
02-22 02:34:21.056 I/input_focus( 1503): [Focus leaving c23f150 com.thundercomm.screensaver/android.service.dreams.DreamActivity (server),reason=NO_WINDOW]
02-22 02:34:21.058 I/wm_on_restart_called( 4132): [250080366,com.android.settings.Settings,performRestartActivity]
02-22 02:34:21.059 I/input_interaction( 1503): Interaction with: edge-swipe (server), swipe-up (server), PointerEventDispatcher0 (server),
02-22 02:34:21.059 I/wm_on_start_called( 4132): [250080366,com.android.settings.Settings,handleStartActivity]
02-22 02:34:21.060 I/snet_event_log( 4132): [120484087,-1,]
02-22 02:34:21.060 I/wm_on_resume_called( 4132): [250080366,com.android.settings.Settings,RESUME_ACTIVITY]
02-22 02:34:21.060 I/sysui_multi_action( 4132): [757,35,758,1,833,0,1089,0]
02-22 02:34:21.061 I/sysui_multi_action( 4132): [757,47,758,1,833,0,1089,0]
02-22 02:34:21.065 I/wm_on_top_resumed_gained_called( 4132): [250080366,com.android.settings.Settings,topWhenResuming]
02-22 02:34:21.077 I/input_focus( 1503): [Focus request ab95283 com.android.settings/com.android.settings.Settings,reason=UpdateInputWindows]
02-22 02:34:21.090 I/input_focus( 1503): [Focus entering ab95283 com.android.settings/com.android.settings.Settings (server),reason=setFocusedWindow]
02-22 02:34:21.091 I/service_manager_stats( 1503): [100,54,62592]
02-22 02:34:21.591 I/wm_destroy_activity( 1503): [0,177337144,77,com.thundercomm.screensaver/android.service.dreams.DreamActivity,finish-imm:idle]
02-22 02:34:21.608 I/wm_on_stop_called( 6011): [177337144,android.service.dreams.DreamActivity,LIFECYCLER_STOP_ACTIVITY]
02-22 02:34:21.608 I/wm_on_destroy_called( 6011): [177337144,android.service.dreams.DreamActivity,performDestroy]
02-22 02:34:21.609 I/sysui_multi_action( 1503): [757,222,758,2]
02-22 02:34:21.609 I/sysui_multi_action( 1503): [757,804,799,dreaming_minutes,801,0,802,1]
02-22 02:34:21.612 I/wm_task_removed( 1503): [77,removeChild:removeChild last r=ActivityRecord{a91f338 u0 com.thundercomm.screensaver/android.service.dreams.DreamActivity t-1 f}} in t=Task{15ed27c #77 type=dream A=10047:android:com.thundercomm.screensaver/dream U=0 visible=false mode=fullscreen translucent=true sz=0}]
02-22 02:34:21.612 I/wm_task_removed( 1503): [77,removeChild]
02-22 02:34:22.104 I/input_interaction( 1503): Interaction with: ab95283 com.android.settings/com.android.settings.Settings (server), edge-swipe (server), swipe-up (server), PointerEventDispatcher0 (server),
02-22 02:34:22.231 I/sysui_multi_action( 4132): [757,830,758,4,833,0,854,dream_start_button_container,1089,0]
02-22 02:34:22.436 I/commit_sys_config_file( 1503): [settings-2-0,7]
02-22 02:34:22.707 I/input_interaction( 1503): Interaction with: a916dde StatusBar (server), edge-swipe (server), swipe-up (server), PointerEventDispatcher0 (server),
02-22 02:34:22.712 I/sysui_multi_action( 1966): [757,803,799,panel_open,802,1]
02-22 02:34:22.713 I/sysui_multi_action( 1966): [757,1328,758,4,1326,44,1327,4,1329,0]
02-22 02:34:22.749 I/sysui_multi_action( 1503): [757,127,758,1]
02-22 02:34:22.750 I/sysui_multi_action( 1503): [757,804,799,note_load,801,2,802,1]
02-22 02:34:22.750 I/notification_panel_revealed( 1503): 2
02-22 02:34:22.760 I/input_focus( 1503): [Focus request 91ac81d NotificationShade,reason=UpdateInputWindows]
02-22 02:34:22.774 I/sysui_multi_action( 1503): [757,128,758,1,793,4873793,794,0,795,4873793,796,26,798,0,806,android,857,DEVELOPER_IMPORTANT,858,4,947,0,1395,2,1500,4873388,1688,1]
02-22 02:34:22.774 I/sysui_multi_action( 1503): [757,804,799,note_freshness,801,4873793,802,1]
02-22 02:34:22.774 I/notification_visibility( 1503): [-1|android|26|null|1000,1,4873793,4873793,0,0]
02-22 02:34:22.774 I/sysui_multi_action( 1503): [757,128,758,1,793,4874396,794,0,795,4874396,796,32,798,1,806,android,857,USB,858,1,947,0,1395,2,1500,4874321,1688,1]
02-22 02:34:22.774 I/sysui_multi_action( 1503): [757,804,799,note_freshness,801,4874396,802,1]
02-22 02:34:22.774 I/notification_visibility( 1503): [-1|android|32|null|1000,1,4874396,4874396,0,1]
02-22 02:34:22.779 I/input_focus( 1503): [Focus leaving ab95283 com.android.settings/com.android.settings.Settings (server),reason=setFocusedWindow]
02-22 02:34:22.779 I/input_focus( 1503): [Focus entering 91ac81d NotificationShade (server),reason=setFocusedWindow]
02-22 02:34:22.810 I/sysui_multi_action( 1966): [757,111,758,1]
02-22 02:34:22.810 I/sysui_multi_action( 1966): [757,126,758,1,759,126,927,0,928,1,1593,0]
02-22 02:34:22.810 I/sysui_multi_action( 1966): [757,113,758,1,759,113,927,1,928,1,1593,0]
02-22 02:34:22.810 I/sysui_multi_action( 1966): [757,0,758,1,759,0,927,2,928,0,1593,0]
02-22 02:34:22.810 I/sysui_multi_action( 1966): [757,0,758,1,759,0,927,3,928,0,1593,0]
02-22 02:34:22.811 I/sysui_multi_action( 1966): [757,491,758,1,759,491,927,4,928,0,1311,-1,1593,0]
02-22 02:34:22.811 I/sysui_multi_action( 1966): [757,0,758,1,759,0,927,5,928,0,1593,0]
02-22 02:34:22.811 I/sysui_multi_action( 1966): [757,111,758,1]
02-22 02:34:22.811 I/sysui_multi_action( 1966): [757,126,758,1,759,126,927,0,928,1,1593,0]
02-22 02:34:22.811 I/sysui_multi_action( 1966): [757,113,758,1,759,113,927,1,928,1,1593,0]
02-22 02:34:22.811 I/sysui_multi_action( 1966): [757,0,758,1,759,0,927,2,928,0,1593,0]
02-22 02:34:22.811 I/sysui_multi_action( 1966): [757,0,758,1,759,0,927,3,928,0,1593,0]
02-22 02:34:23.629 I/input_interaction( 1503): Interaction with: 91ac81d NotificationShade (server), edge-swipe (server), swipe-up (server), PointerEventDispatcher0 (server),
02-22 02:34:23.767 I/sysui_multi_action( 1503): [757,222,758,1]
02-22 02:34:23.789 I/wm_task_created( 1503): [78,-1]
02-22 02:34:23.792 I/wm_task_moved( 1503): [78,1,9]
02-22 02:34:23.792 I/wm_task_to_front( 1503): [0,78]
02-22 02:34:23.792 I/wm_create_task( 1503): [0,78]
02-22 02:34:23.792 I/wm_create_activity( 1503): [0,37050654,78,com.thundercomm.screensaver/android.service.dreams.DreamActivity,NULL,NULL,NULL,276824064]
02-22 02:34:23.792 I/wm_task_moved( 1503): [78,1,9]
02-22 02:34:23.793 I/wm_pause_activity( 1503): [0,250080366,com.android.settings/.Settings,userLeaving=true,pauseBackTasks]
02-22 02:34:23.796 I/wm_on_top_resumed_lost_called( 4132): [250080366,com.android.settings.Settings,topStateChangedWhenResumed]
02-22 02:34:23.797 I/input_focus( 1503): [Focus request ab95283 com.android.settings/com.android.settings.Settings,reason=UpdateInputWindows]
02-22 02:34:23.798 I/sysui_multi_action( 4132): [757,35,758,2,1089,2739]
02-22 02:34:23.799 I/sysui_multi_action( 4132): [757,47,758,2,1089,2737]
02-22 02:34:23.799 I/wm_on_paused_called( 4132): [250080366,com.android.settings.Settings,performPause]
02-22 02:34:23.801 I/wm_add_to_stopping( 1503): [0,250080366,com.android.settings/.Settings,makeInvisible]
02-22 02:34:23.801 I/wm_restart_activity( 1503): [0,37050654,78,com.thundercomm.screensaver/android.service.dreams.DreamActivity]
02-22 02:34:23.802 I/wm_set_resumed_activity( 1503): [0,com.thundercomm.screensaver/android.service.dreams.DreamActivity,minimalResumeActivityLocked]
02-22 02:34:23.805 I/sysui_multi_action( 1503): [757,803,799,window_time_0,802,3]
02-22 02:34:23.806 I/wm_on_create_called( 6011): [37050654,android.service.dreams.DreamActivity,performCreate]
02-22 02:34:23.806 I/wm_on_start_called( 6011): [37050654,android.service.dreams.DreamActivity,handleStartActivity]
02-22 02:34:23.806 I/wm_on_resume_called( 6011): [37050654,android.service.dreams.DreamActivity,RESUME_ACTIVITY]
02-22 02:34:23.808 I/wm_on_top_resumed_gained_called( 6011): [37050654,android.service.dreams.DreamActivity,topStateChangedWhenResumed]
02-22 02:34:23.813 I/input_focus( 1503): [Focus leaving 91ac81d NotificationShade (server),reason=NOT_FOCUSABLE]
02-22 02:34:23.816 I/input_focus( 1503): [Focus request f856df6 com.thundercomm.screensaver/android.service.dreams.DreamActivity,reason=UpdateInputWindows]
02-22 02:34:23.828 I/sysui_multi_action( 1503): [319,40,322,36,325,4885,757,761,758,8,759,2,806,com.thundercomm.screensaver,871,android.service.dreams.DreamActivity,904,com.thundercomm.screensaver,905,0,1320,4,1321,2]
02-22 02:34:23.828 I/wm_activity_launch_time( 1503): [0,37050654,com.thundercomm.screensaver/android.service.dreams.DreamActivity,36]
02-22 02:34:23.832 I/notification_enqueue( 1503): [10078,1966,com.android.systemui,2048,NULL,0,Notification(channel=updateNotification shortcut=null contentView=null vibrate=null sound=null defaults=0x0 flags=0x0 color=0x00000000 vis=PRIVATE),1]
02-22 02:34:23.832 I/sysui_multi_action( 1966): [757,111,758,2]
02-22 02:34:23.832 I/sysui_multi_action( 1966): [757,111,758,2]
02-22 02:34:23.845 I/sysui_multi_action( 1966): [757,111,758,1]
02-22 02:34:23.845 I/sysui_multi_action( 1966): [757,126,758,1,759,126,927,0,928,1,1593,1]
02-22 02:34:23.845 I/sysui_multi_action( 1966): [757,113,758,1,759,113,927,1,928,1,1593,1]
02-22 02:34:23.845 I/sysui_multi_action( 1966): [757,0,758,1,759,0,927,2,928,0,1593,1]
02-22 02:34:23.845 I/sysui_multi_action( 1966): [757,0,758,1,759,0,927,3,928,0,1593,1]
02-22 02:34:23.845 I/sysui_multi_action( 1966): [757,491,758,1,759,491,927,4,928,0,1311,-1,1593,0]
02-22 02:34:23.845 I/sysui_multi_action( 1966): [757,0,758,1,759,0,927,5,928,0,1593,0]
02-22 02:34:23.845 I/sysui_multi_action( 1966): [757,111,758,1]
02-22 02:34:23.845 I/sysui_multi_action( 1966): [757,126,758,1,759,126,927,0,928,1,1593,1]
02-22 02:34:23.845 I/sysui_multi_action( 1966): [757,113,758,1,759,113,927,1,928,1,1593,1]
02-22 02:34:23.845 I/sysui_multi_action( 1966): [757,0,758,1,759,0,927,2,928,0,1593,1]
02-22 02:34:23.845 I/sysui_multi_action( 1966): [757,0,758,1,759,0,927,3,928,0,1593,1]
02-22 02:34:23.846 I/input_focus( 1503): [Focus entering f856df6 com.thundercomm.screensaver/android.service.dreams.DreamActivity (server),reason=Window became focusable. Previous reason: NOT_VISIBLE]
02-22 02:34:23.951 I/commit_sys_config_file( 1503): [settings-2-0,2]
02-22 02:34:24.096 I/notification_enqueue( 1503): [10078,1966,com.android.systemui,2048,NULL,0,Notification(channel=updateNotification shortcut=null contentView=null vibrate=null sound=null defaults=0x0 flags=0x0 color=0x00000000 vis=PRIVATE),1]
02-22 02:34:24.096 I/sysui_multi_action( 1966): [757,111,758,2]
02-22 02:34:24.096 I/sysui_multi_action( 1966): [757,111,758,2]
02-22 02:34:24.302 I/sysui_multi_action( 1503): [757,128,758,2,793,4875321,794,1528,795,4875321,796,26,798,0,806,android,857,DEVELOPER_IMPORTANT,858,4,947,0,1395,2,1500,4874916,1688,1]
02-22 02:34:24.302 I/notification_visibility( 1503): [-1|android|26|null|1000,0,4875321,4875321,0,0]
02-22 02:34:24.303 I/sysui_multi_action( 1503): [757,128,758,2,793,4875924,794,1528,795,4875924,796,32,798,1,806,android,857,USB,858,1,947,0,1395,2,1500,4875849,1688,1]
02-22 02:34:24.303 I/notification_visibility( 1503): [-1|android|32|null|1000,0,4875924,4875924,0,1]
02-22 02:34:24.303 I/sysui_multi_action( 1503): [757,127,758,2]
02-22 02:34:24.303 I/notification_panel_hidden( 1503):
02-22 02:34:24.331 I/wm_stop_activity( 1503): [0,250080366,com.android.settings/.Settings]
02-22 02:34:24.354 I/wm_on_stop_called( 4132): [250080366,com.android.settings.Settings,STOP_ACTIVITY_ITEM]
02-22 02:34:24.648 I/input_interaction( 1503): Interaction with: f856df6 com.thundercomm.screensaver/android.service.dreams.DreamActivity (server), edge-swipe (server), swipe-up (server), PointerEventDispatcher0 (server),
02-22 02:34:24.649 I/wm_finish_activity( 1503): [0,37050654,78,com.thundercomm.screensaver/android.service.dreams.DreamActivity,finish-activity]
02-22 02:34:24.649 I/wm_task_moved( 1503): [45,1,8]
02-22 02:34:24.649 I/wm_task_to_front( 1503): [0,45]
02-22 02:34:24.649 I/wm_focused_root_task( 1503): [0,0,45,78,finish-top adjustFocusToNextFocusableTask]
02-22 02:34:24.649 I/wm_pause_activity( 1503): [0,37050654,com.thundercomm.screensaver/android.service.dreams.DreamActivity,userLeaving=false,finish]
02-22 02:34:24.650 I/wm_on_top_resumed_lost_called( 6011): [37050654,android.service.dreams.DreamActivity,topStateChangedWhenResumed]
02-22 02:34:24.651 I/wm_on_paused_called( 6011): [37050654,android.service.dreams.DreamActivity,performPause]
