02-22 02:13:18.571 I/auditd ( 5408): type=1400 audit(0.0:589): avc: denied { read } for comm="iorap.inode2fil" name="nativetest64" dev="dm-10" ino=8 scontext=u:r:iorap_inode2filename:s0 tcontext=u:object_r:nativetest_data_file:s0 tclass=dir permissive=0
02-22 02:13:18.571 I/auditd ( 5408): type=1400 audit(0.0:590): avc: denied { read } for comm="iorap.inode2fil" name="vendor" dev="dm-10" ino=30 scontext=u:r:iorap_inode2filename:s0 tcontext=u:object_r:vendor_data_file:s0 tclass=dir permissive=0
02-22 02:13:18.571 I/auditd ( 5408): type=1400 audit(0.0:591): avc: denied { read } for comm="iorap.inode2fil" name="vendor_ce" dev="dm-10" ino=31 scontext=u:r:iorap_inode2filename:s0 tcontext=u:object_r:vendor_data_file:s0 tclass=dir permissive=0
02-22 02:13:18.884 I/liblog ( 1386): 35
02-22 02:13:18.898 I/liblog ( 1386): 134
02-22 02:13:19.543 I/auditd ( 5449): type=1400 audit(0.0:694): avc: denied { read } for comm="iorap.inode2fil" name="tlog" dev="dm-5" ino=1826 scontext=u:r:iorap_inode2filename:s0 tcontext=u:object_r:tlog_config_file:s0 tclass=dir permissive=0
02-22 02:13:19.583 I/auditd ( 5449): type=1400 audit(0.0:695): avc: denied { read } for comm="iorap.inode2fil" name="nativetest" dev="dm-10" ino=7 scontext=u:r:iorap_inode2filename:s0 tcontext=u:object_r:nativetest_data_file:s0 tclass=dir permissive=0
02-22 02:13:19.583 I/auditd ( 5449): type=1400 audit(0.0:696): avc: denied { read } for comm="iorap.inode2fil" name="nativetest64" dev="dm-10" ino=8 scontext=u:r:iorap_inode2filename:s0 tcontext=u:object_r:nativetest_data_file:s0 tclass=dir permissive=0
02-22 02:13:19.583 I/auditd ( 5449): type=1400 audit(0.0:697): avc: denied { read } for comm="iorap.inode2fil" name="vendor" dev="dm-10" ino=30 scontext=u:r:iorap_inode2filename:s0 tcontext=u:object_r:vendor_data_file:s0 tclass=dir permissive=0
02-22 02:13:19.583 I/auditd ( 5449): type=1400 audit(0.0:698): avc: denied { read } for comm="iorap.inode2fil" name="vendor_ce" dev="dm-10" ino=31 scontext=u:r:iorap_inode2filename:s0 tcontext=u:object_r:vendor_data_file:s0 tclass=dir permissive=0
02-22 02:13:20.631 I/auditd ( 5499): type=1400 audit(0.0:899): avc: denied { read } for comm="ls" name="/" dev="dm-5" ino=2 scontext=u:r:system_app:s0 tcontext=u:object_r:rootfs:s0 tclass=dir permissive=0
02-22 02:15:17.629 I/commit_sys_config_file( 1503): [appops,3719923]
02-22 02:17:14.535 I/input_interaction( 1503): Interaction with: f0a4be6 com.thundercomm.screensaver/android.service.dreams.DreamActivity (server), edge-swipe (server), swipe-up (server), PointerEventDispatcher0 (server),
02-22 02:17:14.539 I/wm_finish_activity( 1503): [0,189253658,54,com.thundercomm.screensaver/android.service.dreams.DreamActivity,finish-activity]
02-22 02:17:14.539 I/wm_task_moved( 1503): [1,1,8]
02-22 02:17:14.541 I/wm_task_moved( 1503): [41,1,2147483647]
02-22 02:17:14.541 I/wm_task_to_front( 1503): [0,41]
02-22 02:17:14.541 I/wm_focused_root_task( 1503): [0,0,1,54,finish-top adjustFocusToNextFocusableTask]
02-22 02:17:14.541 I/wm_set_resumed_activity( 1503): [0,com.android.launcher3/.uioverrides.QuickstepLauncher,finish-top adjustFocusToNextFocusableTask]
02-22 02:17:14.542 I/wm_pause_activity( 1503): [0,189253658,com.thundercomm.screensaver/android.service.dreams.DreamActivity,userLeaving=false,finish]
02-22 02:17:14.549 I/sysui_multi_action( 1503): [757,803,799,window_time_0,802,2349]
02-22 02:17:14.550 I/wm_on_top_resumed_lost_called( 3965): [189253658,android.service.dreams.DreamActivity,topStateChangedWhenResumed]
02-22 02:17:14.551 I/wm_on_paused_called( 3965): [189253658,android.service.dreams.DreamActivity,performPause]
02-22 02:17:14.551 I/wm_add_to_stopping( 1503): [0,189253658,com.thundercomm.screensaver/android.service.dreams.DreamActivity,completeFinishing]
02-22 02:17:14.554 I/wm_set_resumed_activity( 1503): [0,com.android.launcher3/.uioverrides.QuickstepLauncher,resumeTopActivityInnerLocked]
02-22 02:17:14.555 I/service_manager_stats( 1503): [100,43,2348631]
02-22 02:17:14.556 I/wm_resume_activity( 1503): [0,229498384,41,com.android.launcher3/.uioverrides.QuickstepLauncher]
02-22 02:17:14.561 I/sysui_multi_action( 1503): [757,803,799,window_time_0,802,0]
02-22 02:17:14.562 I/am_uid_running( 1503): 10087
02-22 02:17:14.563 I/input_focus( 1503): [Focus leaving f0a4be6 com.thundercomm.screensaver/android.service.dreams.DreamActivity (server),reason=NO_WINDOW]
02-22 02:17:14.563 I/am_uid_running( 1503): 10068
02-22 02:17:14.565 I/view_enqueue_input_event( 3965): [Motion - Cancel,com.thundercomm.screensaver/android.service.dreams.DreamActivity]
02-22 02:17:14.567 I/input_interaction( 1503): Interaction with: edge-swipe (server), swipe-up (server), PointerEventDispatcher0 (server),
02-22 02:17:14.571 I/wm_on_restart_called( 2514): [229498384,com.android.launcher3.uioverrides.QuickstepLauncher,performRestartActivity]
02-22 02:17:14.571 I/wm_on_start_called( 2514): [229498384,com.android.launcher3.uioverrides.QuickstepLauncher,handleStartActivity]
02-22 02:17:14.571 I/wm_on_resume_called( 2514): [229498384,com.android.launcher3.uioverrides.QuickstepLauncher,RESUME_ACTIVITY]
02-22 02:17:14.571 I/wm_on_top_resumed_gained_called( 2514): [229498384,com.android.launcher3.uioverrides.QuickstepLauncher,topWhenResuming]
02-22 02:17:14.576 I/am_proc_start( 1503): [0,5588,10087,com.android.music,NULL,]
02-22 02:17:14.577 I/am_uid_running( 1503): 10061
02-22 02:17:14.579 I/commit_sys_config_file( 1503): [procstats,9]
02-22 02:17:14.582 I/am_proc_start( 1503): [0,5589,10068,com.android.deskclock,NULL,]
02-22 02:17:14.587 I/am_proc_start( 1503): [0,5598,10061,com.thundercomm.gamemode.provider,content provider,{com.thundercomm.gamemode.provider/com.thundercomm.gamemode.provider.SettingsProvider}]
02-22 02:17:14.589 I/am_pss ( 1503): [5350,10017,android.process.media,11969536,9465856,0,101146624,0,19,6]
02-22 02:17:14.594 I/input_focus( 1503): [Focus request e3555c3 com.android.launcher3/com.android.launcher3.uioverrides.QuickstepLauncher,reason=UpdateInputWindows]
02-22 02:17:14.595 I/am_pss ( 1503): [5263,1000,com.qti.diagservices,6247424,3796992,0,93536256,0,10,6]
02-22 02:17:14.597 I/am_proc_bound( 1503): [0,5589,com.android.deskclock]
02-22 02:17:14.601 I/am_pss ( 1503): [3677,2000,com.android.shell,6359040,4231168,0,92131328,0,19,5]
02-22 02:17:14.608 I/am_pss ( 1503): [3625,10022,com.android.packageinstaller,7459840,5464064,0,90738688,0,19,5]
02-22 02:17:14.610 I/am_proc_bound( 1503): [0,5588,com.android.music]
02-22 02:17:14.613 I/am_pss ( 1503): [3576,10034,com.android.managedprovisioning,9359360,7282688,0,94261248,0,19,4]
02-22 02:17:14.614 I/am_proc_bound( 1503): [0,5598,com.thundercomm.gamemode.provider]
02-22 02:17:14.616 I/am_uid_active( 1503): 10061
02-22 02:17:14.618 I/am_pss ( 1503): [2824,10081,com.qualcomm.qti.workloadclassifier,8607744,6553600,0,93122560,0,0,5]
02-22 02:17:14.623 I/input_focus( 1503): [Focus entering e3555c3 com.android.launcher3/com.android.launcher3.uioverrides.QuickstepLauncher (server),reason=Window became focusable. Previous reason: NOT_VISIBLE]
02-22 02:17:14.625 I/am_pss ( 1503): [2798,10085,com.qualcomm.qti.qccnetstat,6364160,4259840,0,91308032,0,0,6]
02-22 02:17:14.630 I/am_pss ( 1503): [2786,10072,com.qualcomm.qti.services.systemhelper:systemhelper_service,6569984,4395008,0,93392896,0,0,4]
02-22 02:17:14.637 I/am_pss ( 1503): [2765,10053,.pasr,5609472,3608576,0,89169920,0,0,5]
02-22 02:17:14.643 I/am_pss ( 1503): [2717,10057,ts.car.uart,6368256,4362240,0,90292224,0,0,5]
02-22 02:17:14.650 I/am_pss ( 1503): [2731,1000,com.hryt.hiphishowfsecontrol,14492672,12009472,0,105402368,0,0,5]
02-22 02:17:14.655 I/am_pss ( 1503): [2708,10082,com.hht.lebocast,52386816,28966912,0,123236352,0,0,5]
02-22 02:17:14.662 I/am_pss ( 1503): [2374,1000,com.qualcomm.qti.qdma,9706496,6414336,0,105390080,0,0,6]
02-22 02:17:14.668 I/am_pss ( 1503): [3166,10065,com.qualcomm.qti.devicestatisticsservice,5538816,3547136,0,89001984,0,0,5]
02-22 02:17:14.674 I/am_pss ( 1503): [2334,1000,com.thundercomm.tcservice,11522048,9158656,0,100581376,0,0,5]
02-22 02:17:14.680 I/am_pss ( 1503): [2307,1000,com.thundercomm.remotecontrolservice,18334720,15572992,0,109510656,0,0,6]
02-22 02:17:14.686 I/am_pss ( 1503): [2297,1068,com.android.se,6103040,4001792,0,91795456,0,0,4]
02-22 02:17:14.693 I/am_pss ( 1503): [2282,10084,com.qti.qualcomm.mstatssystemservice,5702656,3702784,0,89804800,0,0,6]
02-22 02:17:14.700 I/am_pss ( 1503): [2239,1000,vendor.qti.qesdk.sysservice,5746688,3686400,0,91070464,0,0,6]
02-22 02:17:14.705 I/am_pss ( 1503): [2207,1000,com.thundercomm.tcsetupwizard,7064576,5074944,0,91103232,0,0,4]
02-22 02:17:14.711 I/am_pss ( 1503): [2169,10055,.qtidataservices,6091776,4050944,0,91377664,0,0,5]
02-22 02:17:14.718 I/am_pss ( 1503): [2179,1000,com.tc.logclient,7952384,5513216,0,98734080,0,0,6]
02-22 02:17:14.724 I/am_pss ( 1503): [2170,1000,com.thundercomm.tchttpserver,8041472,5910528,0,93818880,0,0,5]
02-22 02:17:14.730 I/am_pss ( 1503): [2099,1000,com.thundercomm.microservice,8900608,6758400,0,95252480,0,0,6]
02-22 02:17:14.738 I/am_pss ( 1503): [2112,1000,com.thundercomm.microsettings,30474240,19390464,0,131780608,0,0,6]
02-22 02:17:14.745 I/am_pss ( 1503): [2087,1000,com.thundercomm.gamemode,29469696,24018944,0,136376320,0,0,7]
02-22 02:17:14.860 I/wm_destroy_activity( 1503): [0,189253658,54,com.thundercomm.screensaver/android.service.dreams.DreamActivity,finish-imm:idle]
02-22 02:17:14.878 I/wm_on_stop_called( 3965): [189253658,android.service.dreams.DreamActivity,LIFECYCLER_STOP_ACTIVITY]
02-22 02:17:14.879 I/wm_on_destroy_called( 3965): [189253658,android.service.dreams.DreamActivity,performDestroy]
02-22 02:17:14.883 I/sysui_multi_action( 1503): [757,222,758,2]
02-22 02:17:14.883 I/sysui_multi_action( 1503): [757,804,799,dreaming_minutes,801,39,802,1]
02-22 02:17:14.890 I/wm_task_removed( 1503): [54,removeChild:removeChild last r=ActivityRecord{b47c81a u0 com.thundercomm.screensaver/android.service.dreams.DreamActivity t-1 f}} in t=Task{9891617 #54 type=dream A=10047:android:com.thundercomm.screensaver/dream U=0 visible=false mode=fullscreen translucent=true sz=0}]
02-22 02:17:14.890 I/wm_task_removed( 1503): [54,removeChild]
02-22 02:17:17.126 I/input_interaction( 1503): Interaction with: a916dde StatusBar (server), edge-swipe (server), swipe-up (server), PointerEventDispatcher0 (server),
02-22 02:17:17.129 I/sysui_multi_action( 1966): [757,803,799,panel_open,802,1]
02-22 02:17:17.131 I/sysui_multi_action( 1966): [757,1328,758,4,1326,52,1327,6,1329,0]
02-22 02:17:17.202 I/sysui_multi_action( 1503): [757,127,758,1]
02-22 02:17:17.202 I/sysui_multi_action( 1503): [757,804,799,note_load,801,3,802,1]
02-22 02:17:17.202 I/notification_panel_revealed( 1503): 3
02-22 02:17:17.215 I/input_focus( 1503): [Focus request 91ac81d NotificationShade,reason=UpdateInputWindows]
02-22 02:17:17.222 I/sysui_multi_action( 1503): [757,128,758,1,793,3848241,794,0,795,3848241,796,26,798,0,806,android,857,DEVELOPER_IMPORTANT,858,4,947,0,1395,3,1500,3847836,1688,1]
02-22 02:17:17.222 I/sysui_multi_action( 1503): [757,804,799,note_freshness,801,3848241,802,1]
02-22 02:17:17.222 I/notification_visibility( 1503): [-1|android|26|null|1000,1,3848241,3848241,0,0]
02-22 02:17:17.222 I/sysui_multi_action( 1503): [757,128,758,1,793,1078285,794,0,795,1078285,796,17303299,797,com.android.wifi,798,1,806,android,857,NETWORK_AVAILABLE,858,2,947,0,1395,3,1500,1078083,1688,1]
02-22 02:17:17.223 I/sysui_multi_action( 1503): [757,804,799,note_freshness,801,1078285,802,1]
02-22 02:17:17.223 I/notification_visibility( 1503): [0|android|17303299|com.android.wifi|1000,1,1078285,1078285,0,1]
02-22 02:17:17.223 I/sysui_multi_action( 1503): [757,128,758,1,793,3848845,794,0,795,3848845,796,32,798,2,806,android,857,USB,858,1,947,0,1395,3,1500,3848770,1688,1]
02-22 02:17:17.223 I/sysui_multi_action( 1503): [757,804,799,note_freshness,801,3848845,802,1]
02-22 02:17:17.223 I/notification_visibility( 1503): [-1|android|32|null|1000,1,3848845,3848845,0,2]
02-22 02:17:17.230 I/input_focus( 1503): [Focus leaving e3555c3 com.android.launcher3/com.android.launcher3.uioverrides.QuickstepLauncher (server),reason=setFocusedWindow]
02-22 02:17:17.230 I/input_focus( 1503): [Focus entering 91ac81d NotificationShade (server),reason=setFocusedWindow]
02-22 02:17:17.330 I/input_interaction( 1503): Interaction with: 91ac81d NotificationShade (server), edge-swipe (server), swipe-up (server), PointerEventDispatcher0 (server),
02-22 02:17:17.496 I/sysui_multi_action( 1966): [757,111,758,1]
02-22 02:17:17.497 I/sysui_multi_action( 1966): [757,126,758,1,759,126,927,0,928,1,1593,0]
02-22 02:17:17.497 I/sysui_multi_action( 1966): [757,113,758,1,759,113,927,1,928,1,1593,0]
02-22 02:17:17.497 I/sysui_multi_action( 1966): [757,0,758,1,759,0,927,2,928,0,1593,0]
02-22 02:17:17.497 I/sysui_multi_action( 1966): [757,0,758,1,759,0,927,3,928,0,1593,0]
02-22 02:17:17.498 I/sysui_multi_action( 1966): [757,491,758,1,759,491,927,4,928,0,1311,-1,1593,0]
02-22 02:17:17.498 I/sysui_multi_action( 1966): [757,0,758,1,759,0,927,5,928,0,1593,0]
02-22 02:17:17.498 I/sysui_multi_action( 1966): [757,111,758,1]
02-22 02:17:17.499 I/sysui_multi_action( 1966): [757,126,758,1,759,126,927,0,928,1,1593,0]
02-22 02:17:17.499 I/sysui_multi_action( 1966): [757,113,758,1,759,113,927,1,928,1,1593,0]
02-22 02:17:17.499 I/sysui_multi_action( 1966): [757,0,758,1,759,0,927,2,928,0,1593,0]
02-22 02:17:17.500 I/sysui_multi_action( 1966): [757,0,758,1,759,0,927,3,928,0,1593,0]
02-22 02:17:19.039 I/sysui_multi_action( 1966): [757,111,758,2]
02-22 02:17:19.040 I/sysui_multi_action( 1966): [757,111,758,2]
02-22 02:17:19.046 I/notification_enqueue( 1503): [10078,1966,com.android.systemui,2048,NULL,0,Notification(channel=updateNotification shortcut=null contentView=null vibrate=null sound=null defaults=0x0 flags=0x0 color=0x00000000 vis=PRIVATE),1]
02-22 02:17:19.251 I/input_focus( 1503): [Focus request e3555c3 com.android.launcher3/com.android.launcher3.uioverrides.QuickstepLauncher,reason=UpdateInputWindows]
02-22 02:17:19.256 I/sysui_multi_action( 1503): [757,128,758,2,793,3850275,794,2034,795,3850275,796,26,798,0,806,android,857,DEVELOPER_IMPORTANT,858,4,947,0,1395,3,1500,3849870,1688,1]
02-22 02:17:19.256 I/notification_visibility( 1503): [-1|android|26|null|1000,0,3850275,3850275,0,0]
02-22 02:17:19.257 I/sysui_multi_action( 1503): [757,128,758,2,793,1080320,794,2035,795,1080320,796,17303299,797,com.android.wifi,798,1,806,android,857,NETWORK_AVAILABLE,858,2,947,0,1395,3,1500,1080118,1688,1]
02-22 02:17:19.257 I/notification_visibility( 1503): [0|android|17303299|com.android.wifi|1000,0,1080320,1080320,0,1]
02-22 02:17:19.257 I/sysui_multi_action( 1503): [757,128,758,2,793,3850879,794,2034,795,3850879,796,32,798,2,806,android,857,USB,858,1,947,0,1395,3,1500,3850804,1688,1]
02-22 02:17:19.258 I/notification_visibility( 1503): [-1|android|32|null|1000,0,3850879,3850879,0,2]
02-22 02:17:19.258 I/sysui_multi_action( 1503): [757,127,758,2]
02-22 02:17:19.259 I/notification_panel_hidden( 1503):
02-22 02:17:19.269 I/input_focus( 1503): [Focus leaving 91ac81d NotificationShade (server),reason=NO_WINDOW]
02-22 02:17:19.269 I/input_focus( 1503): [Focus entering e3555c3 com.android.launcher3/com.android.launcher3.uioverrides.QuickstepLauncher (server),reason=setFocusedWindow]
02-22 02:17:20.044 I/input_interaction( 1503): Interaction with: e3555c3 com.android.launcher3/com.android.launcher3.uioverrides.QuickstepLauncher (server), 1fcc036 com.android.systemui.ImageWallpaper (server), edge-swipe (server), swipe-up (server), PointerEventDispatcher0 (server),
02-22 02:17:20.197 I/wm_task_moved( 1503): [45,1,8]
02-22 02:17:20.197 I/wm_task_to_front( 1503): [0,45]
02-22 02:17:20.198 I/wm_focused_root_task( 1503): [0,0,45,1,bringingFoundTaskToFront]
02-22 02:17:20.199 I/wm_set_resumed_activity( 1503): [0,com.android.settings/.Settings,bringingFoundTaskToFront]
02-22 02:17:20.199 I/wm_new_intent( 1503): [0,250080366,45,com.android.settings/.Settings,android.intent.action.MAIN,NULL,NULL,270532608]
02-22 02:17:20.201 I/wm_pause_activity( 1503): [0,229498384,com.android.launcher3/.uioverrides.QuickstepLauncher,userLeaving=true,pauseBackTasks]
02-22 02:17:20.209 I/wm_on_top_resumed_lost_called( 2514): [229498384,com.android.launcher3.uioverrides.QuickstepLauncher,topStateChangedWhenResumed]
02-22 02:17:20.213 I/wm_on_paused_called( 2514): [229498384,com.android.launcher3.uioverrides.QuickstepLauncher,performPause]
02-22 02:17:20.216 I/wm_set_resumed_activity( 1503): [0,com.android.settings/.Settings,resumeTopActivityInnerLocked]
02-22 02:17:20.216 I/wm_add_to_stopping( 1503): [0,229498384,com.android.launcher3/.uioverrides.QuickstepLauncher,makeInvisible]
02-22 02:17:20.220 I/wm_resume_activity( 1503): [0,250080366,45,com.android.settings/.Settings]
02-22 02:17:20.226 I/sysui_multi_action( 1503): [757,803,799,window_time_0,802,6]
02-22 02:17:20.226 I/wm_on_restart_called( 4132): [250080366,com.android.settings.Settings,performRestartActivity]
02-22 02:17:20.237 I/input_focus( 1503): [Focus leaving e3555c3 com.android.launcher3/com.android.launcher3.uioverrides.QuickstepLauncher (server),reason=NO_WINDOW]
02-22 02:17:20.318 I/wm_on_start_called( 4132): [250080366,com.android.settings.Settings,handleStartActivity]
02-22 02:17:20.318 I/snet_event_log( 4132): [120484087,-1,]
02-22 02:17:20.319 I/wm_on_resume_called( 4132): [250080366,com.android.settings.Settings,RESUME_ACTIVITY]
02-22 02:17:20.319 I/sysui_multi_action( 4132): [757,35,758,1,833,0,1089,0]
02-22 02:17:20.320 I/sysui_multi_action( 4132): [757,747,758,1,833,0,1089,0]
02-22 02:17:20.322 I/wm_on_top_resumed_gained_called( 4132): [250080366,com.android.settings.Settings,topWhenResuming]
02-22 02:17:20.334 I/input_focus( 1503): [Focus request ab95283 com.android.settings/com.android.settings.Settings,reason=UpdateInputWindows]
02-22 02:17:20.354 I/input_focus( 1503): [Focus entering ab95283 com.android.settings/com.android.settings.Settings (server),reason=setFocusedWindow]
02-22 02:17:20.356 I/sysui_multi_action( 1503): [319,38,321,36,322,153,325,3861,757,761,758,9,759,4,806,com.android.settings,871,com.android.settings.Settings,904,com.android.launcher3,905,0,1320,21,1321,5]
02-22 02:17:20.774 I/wm_stop_activity( 1503): [0,229498384,com.android.launcher3/.uioverrides.QuickstepLauncher]
02-22 02:17:20.797 I/wm_on_stop_called( 2514): [229498384,com.android.launcher3.uioverrides.QuickstepLauncher,STOP_ACTIVITY_ITEM]
02-22 02:17:21.062 I/input_interaction( 1503): Interaction with: ab95283 com.android.settings/com.android.settings.Settings (server), edge-swipe (server), swipe-up (server), PointerEventDispatcher0 (server),
02-22 02:17:22.281 I/sysui_multi_action( 4132): [757,830,758,4,833,0,854,top_level_display,1089,0]
02-22 02:17:22.387 I/sysui_multi_action( 4132): [757,747,758,2,1089,2067]
02-22 02:17:22.451 I/sysui_multi_action( 4132): [757,46,758,1,833,0,1089,40]
02-22 02:17:22.457 I/sysui_multi_action( 4132): [757,1729,758,4,854,isParalleledControllers:false,1089,46]
02-22 02:17:25.077 I/sysui_multi_action( 4132): [757,830,758,4,833,0,854,screensaver,1089,0]
02-22 02:17:25.084 I/sysui_multi_action( 4132): [757,46,758,2,1089,2632]
02-22 02:17:25.140 I/sysui_multi_action( 4132): [757,47,758,1,833,0,1089,49]
02-22 02:17:25.146 I/sysui_multi_action( 4132): [757,1729,758,4,854,isParalleledControllers:false,1089,55]
02-22 02:17:37.559 I/sysui_multi_action( 4132): [757,47,758,2,1089,12419]
02-22 02:17:37.597 I/sysui_multi_action( 4132): [757,46,758,1,833,0,1089,0]
02-22 02:17:40.823 I/sysui_multi_action( 4132): [757,830,758,4,833,0,854,screensaver,1089,0]
02-22 02:17:40.837 I/sysui_multi_action( 4132): [757,46,758,2,1089,3240]
02-22 02:17:40.869 I/sysui_multi_action( 4132): [757,47,758,1,833,0,1089,25]
02-22 02:17:40.874 I/sysui_multi_action( 4132): [757,1729,758,4,854,isParalleledControllers:false,1089,31]
02-22 02:17:41.820 I/sysui_multi_action( 4132): [757,47,758,2,1089,950]
02-22 02:17:41.855 I/sysui_multi_action( 4132): [757,46,758,1,833,0,1089,0]
02-22 02:17:43.826 I/wm_task_moved( 1503): [1,0,0]
02-22 02:17:43.826 I/wm_task_moved( 1503): [1,0,7]
02-22 02:17:43.844 I/wm_on_restart_called( 2514): [229498384,com.android.launcher3.uioverrides.QuickstepLauncher,performRestartActivity]
02-22 02:17:43.867 I/wm_on_start_called( 2514): [229498384,com.android.launcher3.uioverrides.QuickstepLauncher,handleStartActivity]
02-22 02:17:43.867 I/view_enqueue_input_event( 4132): [Motion - Cancel,com.android.settings/com.android.settings.Settings]
02-22 02:17:43.868 I/input_focus( 1503): [Focus request recents_animation_input_consumer,reason=UpdateInputWindows]
02-22 02:17:43.873 I/sysui_latency( 2514): [1,62]
02-22 02:17:43.876 I/input_focus( 1503): [Focus leaving ab95283 com.android.settings/com.android.settings.Settings (server),reason=NOT_FOCUSABLE]
02-22 02:17:43.876 I/input_focus( 1503): [Focus entering recents_animation_input_consumer (server),reason=setFocusedWindow]
02-22 02:17:43.879 I/input_interaction( 1503): Interaction with: edge-swipe (server), swipe-up (server), PointerEventDispatcher0 (server),
02-22 02:17:43.884 I/sysui_multi_action( 1503): [319,9,322,53,325,3885,757,761,758,9,759,5,806,com.android.launcher3,871,com.android.launcher3.uioverrides.QuickstepLauncher,905,0,1320,8,1321,5]
02-22 02:17:44.068 I/commit_sys_config_file( 1503): [settings-1-0,4]
02-22 02:17:44.181 I/sysui_latency( 1503): [8,64]
02-22 02:17:44.701 I/wm_task_moved( 1503): [1,1,8]
02-22 02:17:44.701 I/wm_task_moved( 1503): [41,1,2147483647]
02-22 02:17:44.702 I/wm_task_to_front( 1503): [0,41]
02-22 02:17:44.702 I/wm_focused_root_task( 1503): [0,0,1,45,RecentsAnimation.onAnimationFinished()]
02-22 02:17:44.702 I/wm_on_top_resumed_lost_called( 4132): [250080366,com.android.settings.Settings,topStateChangedWhenResumed]
02-22 02:17:44.702 I/wm_set_resumed_activity( 1503): [0,com.android.launcher3/.uioverrides.QuickstepLauncher,RecentsAnimation.onAnimationFinished()]
02-22 02:17:44.704 I/wm_pause_activity( 1503): [0,250080366,com.android.settings/.Settings,userLeaving=true,pauseBackTasks]
02-22 02:17:44.706 I/wm_add_to_stopping( 1503): [0,250080366,com.android.settings/.Settings,makeInvisible]
02-22 02:17:44.706 I/wm_set_resumed_activity( 1503): [0,com.android.launcher3/.uioverrides.QuickstepLauncher,resumeTopActivityInnerLocked]
02-22 02:17:44.709 I/wm_resume_activity( 1503): [0,229498384,41,com.android.launcher3/.uioverrides.QuickstepLauncher]
02-22 02:17:44.711 I/wm_on_resume_called( 2514): [229498384,com.android.launcher3.uioverrides.QuickstepLauncher,RESUME_ACTIVITY]
02-22 02:17:44.717 I/input_focus( 1503): [Focus request e3555c3 com.android.launcher3/com.android.launcher3.uioverrides.QuickstepLauncher,reason=UpdateInputWindows]
02-22 02:17:44.718 I/wm_on_top_resumed_gained_called( 2514): [229498384,com.android.launcher3.uioverrides.QuickstepLauncher,topStateChangedWhenResumed]
02-22 02:17:44.721 I/wm_stop_activity( 1503): [0,250080366,com.android.settings/.Settings]
02-22 02:17:44.722 I/sysui_multi_action( 4132): [757,35,758,2,1089,24403]
02-22 02:17:44.723 I/sysui_multi_action( 4132): [757,46,758,2,1089,2868]
02-22 02:17:44.724 I/wm_on_paused_called( 4132): [250080366,com.android.settings.Settings,performPause]
02-22 02:17:44.725 I/sysui_multi_action( 1503): [757,803,799,window_time_0,802,24]
02-22 02:17:44.726 I/sysui_multi_action( 1503): [757,803,799,window_time_0,802,0]
02-22 02:17:44.728 I/input_focus( 1503): [Focus leaving recents_animation_input_consumer (server),reason=NOT_VISIBLE]
02-22 02:17:44.728 I/input_focus( 1503): [Focus entering e3555c3 com.android.launcher3/com.android.launcher3.uioverrides.QuickstepLauncher (server),reason=setFocusedWindow]
02-22 02:17:44.732 I/wm_on_stop_called( 4132): [250080366,com.android.settings.Settings,STOP_ACTIVITY_ITEM]
02-22 02:17:44.740 I/am_pss ( 1503): [5588,10087,com.android.music,6851584,4698112,0,90796032,0,19,6]
02-22 02:17:44.750 I/am_pss ( 1503): [5589,10068,com.android.deskclock,8700928,6086656,0,95936512,0,19,6]
02-22 02:17:44.756 I/am_pss ( 1503): [5350,10017,android.process.media,11886592,9465856,0,101146624,0,19,5]
02-22 02:17:45.536 I/input_interaction( 1503): Interaction with: e3555c3 com.android.launcher3/com.android.launcher3.uioverrides.QuickstepLauncher (server), 1fcc036 com.android.systemui.ImageWallpaper (server), edge-swipe (server), swipe-up (server), PointerEventDispatcher0 (server),
02-22 02:17:45.697 I/wm_task_moved( 1503): [45,1,8]
02-22 02:17:45.697 I/wm_task_to_front( 1503): [0,45]
02-22 02:17:45.698 I/wm_focused_root_task( 1503): [0,0,45,1,bringingFoundTaskToFront]
02-22 02:17:45.699 I/wm_set_resumed_activity( 1503): [0,com.android.settings/.Settings,bringingFoundTaskToFront]
02-22 02:17:45.699 I/wm_new_intent( 1503): [0,250080366,45,com.android.settings/.Settings,android.intent.action.MAIN,NULL,NULL,270532608]
02-22 02:17:45.701 I/wm_pause_activity( 1503): [0,229498384,com.android.launcher3/.uioverrides.QuickstepLauncher,userLeaving=true,pauseBackTasks]
02-22 02:17:45.708 I/wm_on_top_resumed_lost_called( 2514): [229498384,com.android.launcher3.uioverrides.QuickstepLauncher,topStateChangedWhenResumed]
02-22 02:17:45.713 I/wm_on_paused_called( 2514): [229498384,com.android.launcher3.uioverrides.QuickstepLauncher,performPause]
02-22 02:17:45.716 I/wm_set_resumed_activity( 1503): [0,com.android.settings/.Settings,resumeTopActivityInnerLocked]
02-22 02:17:45.717 I/wm_add_to_stopping( 1503): [0,229498384,com.android.launcher3/.uioverrides.QuickstepLauncher,makeInvisible]
02-22 02:17:45.728 I/service_manager_slow( 1503): [10,platform_compat]
02-22 02:17:45.729 I/wm_resume_activity( 1503): [0,250080366,45,com.android.settings/.Settings]
02-22 02:17:45.732 I/sysui_multi_action( 1503): [757,803,799,window_time_0,802,1]
02-22 02:17:45.737 I/wm_on_restart_called( 4132): [250080366,com.android.settings.Settings,performRestartActivity]
02-22 02:17:45.741 I/wm_on_start_called( 4132): [250080366,com.android.settings.Settings,handleStartActivity]
02-22 02:17:45.741 I/snet_event_log( 4132): [120484087,-1,]
02-22 02:17:45.742 I/wm_on_resume_called( 4132): [250080366,com.android.settings.Settings,RESUME_ACTIVITY]
02-22 02:17:45.742 I/sysui_multi_action( 4132): [757,35,758,1,833,0,1089,0]
02-22 02:17:45.744 I/sysui_multi_action( 4132): [757,46,758,1,833,0,1089,0]
02-22 02:17:45.747 I/wm_on_top_resumed_gained_called( 4132): [250080366,com.android.settings.Settings,topWhenResuming]
02-22 02:17:45.752 I/input_focus( 1503): [Focus request ab95283 com.android.settings/com.android.settings.Settings,reason=UpdateInputWindows]
02-22 02:17:45.765 I/input_focus( 1503): [Focus leaving e3555c3 com.android.launcher3/com.android.launcher3.uioverrides.QuickstepLauncher (server),reason=NO_WINDOW]
02-22 02:17:45.765 I/input_focus( 1503): [Focus entering ab95283 com.android.settings/com.android.settings.Settings (server),reason=setFocusedWindow]
02-22 02:17:45.767 I/sysui_multi_action( 1503): [319,39,321,37,322,63,325,3887,757,761,758,9,759,4,806,com.android.settings,871,com.android.settings.Settings,904,com.android.launcher3,905,0,1320,21,1321,5]
02-22 02:17:46.270 I/wm_stop_activity( 1503): [0,229498384,com.android.launcher3/.uioverrides.QuickstepLauncher]
02-22 02:17:46.300 I/wm_on_stop_called( 2514): [229498384,com.android.launcher3.uioverrides.QuickstepLauncher,STOP_ACTIVITY_ITEM]
02-22 02:17:47.821 I/input_interaction( 1503): Interaction with: ab95283 com.android.settings/com.android.settings.Settings (server), edge-swipe (server), swipe-up (server), PointerEventDispatcher0 (server),
02-22 02:17:48.978 I/sysui_multi_action( 4132): [757,830,758,4,833,0,854,top_level_display,1089,0]
02-22 02:17:49.084 I/sysui_multi_action( 4132): [757,46,758,2,1089,3340]
02-22 02:17:49.141 I/sysui_multi_action( 4132): [757,46,758,1,833,0,1089,34]
02-22 02:17:49.148 I/sysui_multi_action( 4132): [757,1729,758,4,854,isParalleledControllers:false,1089,41]
02-22 02:17:49.592 I/sysui_multi_action( 4132): [757,830,758,4,833,0,854,top_level_privacy,1089,0]
02-22 02:17:49.697 I/sysui_multi_action( 4132): [757,46,758,2,1089,555]
02-22 02:17:49.759 I/sysui_multi_action( 4132): [757,1587,758,1,833,0,1089,38]
02-22 02:17:49.761 I/sysui_multi_action( 4132): [757,1729,758,4,854,isParalleledControllers:false,1089,41]
02-22 02:17:50.161 I/sysui_multi_action( 4132): [757,830,758,4,833,0,854,top_level_display,1089,0]
02-22 02:17:50.264 I/sysui_multi_action( 4132): [757,1587,758,2,1089,505]
02-22 02:17:50.296 I/sysui_multi_action( 4132): [757,46,758,1,833,0,1089,27]
02-22 02:17:50.301 I/sysui_multi_action( 4132): [757,1729,758,4,854,isParalleledControllers:false,1089,32]
02-22 02:17:54.054 I/sysui_multi_action( 4132): [757,830,758,4,833,0,854,screensaver,1089,0]
02-22 02:17:54.069 I/sysui_multi_action( 4132): [757,46,758,2,1089,3772]
02-22 02:17:54.129 I/sysui_multi_action( 4132): [757,47,758,1,833,0,1089,51]
02-22 02:17:54.134 I/sysui_multi_action( 4132): [757,1729,758,4,854,isParalleledControllers:false,1089,57]
02-22 02:17:55.264 I/sysui_multi_action( 4132): [757,830,758,4,833,0,854,dream_start_button_container,1089,0]
02-22 02:17:55.469 I/commit_sys_config_file( 1503): [settings-2-0,7]
02-22 02:17:56.243 I/wm_task_moved( 1503): [1,0,0]
02-22 02:17:56.244 I/wm_task_moved( 1503): [1,0,7]
02-22 02:17:56.255 I/wm_on_restart_called( 2514): [229498384,com.android.launcher3.uioverrides.QuickstepLauncher,performRestartActivity]
02-22 02:17:56.279 I/wm_on_start_called( 2514): [229498384,com.android.launcher3.uioverrides.QuickstepLauncher,handleStartActivity]
02-22 02:17:56.279 I/view_enqueue_input_event( 4132): [Motion - Cancel,com.android.settings/com.android.settings.Settings]
02-22 02:17:56.281 I/input_focus( 1503): [Focus request recents_animation_input_consumer,reason=UpdateInputWindows]
02-22 02:17:56.287 I/sysui_latency( 2514): [1,62]
02-22 02:17:56.289 I/input_focus( 1503): [Focus leaving ab95283 com.android.settings/com.android.settings.Settings (server),reason=NOT_FOCUSABLE]
02-22 02:17:56.289 I/input_focus( 1503): [Focus entering recents_animation_input_consumer (server),reason=setFocusedWindow]
02-22 02:17:56.292 I/input_interaction( 1503): Interaction with: edge-swipe (server), swipe-up (server), PointerEventDispatcher0 (server),
02-22 02:17:56.301 I/sysui_multi_action( 1503): [319,8,322,52,325,3898,757,761,758,9,759,5,806,com.android.launcher3,871,com.android.launcher3.uioverrides.QuickstepLauncher,905,0,1320,8,1321,5]
02-22 02:17:56.480 I/commit_sys_config_file( 1503): [settings-1-0,4]
02-22 02:17:56.598 I/sysui_latency( 1503): [8,65]
02-22 02:17:56.966 I/input_interaction( 1503): Interaction with: a916dde StatusBar (server), edge-swipe (server), swipe-up (server), PointerEventDispatcher0 (server),
02-22 02:17:56.970 I/sysui_multi_action( 1966): [757,803,799,panel_open,802,1]
02-22 02:17:56.971 I/sysui_multi_action( 1966): [757,1328,758,4,1326,36,1327,2,1329,0]
02-22 02:17:57.014 I/sysui_multi_action( 1503): [757,127,758,1]
02-22 02:17:57.014 I/sysui_multi_action( 1503): [757,804,799,note_load,801,3,802,1]
02-22 02:17:57.014 I/notification_panel_revealed( 1503): 3
02-22 02:17:57.026 I/input_focus( 1503): [Focus request 91ac81d NotificationShade,reason=UpdateInputWindows]
02-22 02:17:57.035 I/sysui_multi_action( 1503): [757,128,758,1,793,3888053,794,0,795,3888053,796,26,798,0,806,android,857,DEVELOPER_IMPORTANT,858,4,947,0,1395,3,1500,3887648,1688,1]
02-22 02:17:57.035 I/sysui_multi_action( 1503): [757,804,799,note_freshness,801,3888053,802,1]
02-22 02:17:57.035 I/notification_visibility( 1503): [-1|android|26|null|1000,1,3888053,3888053,0,0]
02-22 02:17:57.035 I/sysui_multi_action( 1503): [757,128,758,1,793,1118098,794,0,795,1118098,796,17303299,797,com.android.wifi,798,1,806,android,857,NETWORK_AVAILABLE,858,2,947,0,1395,3,1500,1117896,1688,1]
02-22 02:17:57.035 I/sysui_multi_action( 1503): [757,804,799,note_freshness,801,1118098,802,1]
02-22 02:17:57.035 I/notification_visibility( 1503): [0|android|17303299|com.android.wifi|1000,1,1118098,1118098,0,1]
02-22 02:17:57.035 I/sysui_multi_action( 1503): [757,128,758,1,793,3888657,794,0,795,3888657,796,32,798,2,806,android,857,USB,858,1,947,0,1395,3,1500,3888582,1688,1]
02-22 02:17:57.036 I/sysui_multi_action( 1503): [757,804,799,note_freshness,801,3888657,802,1]
02-22 02:17:57.036 I/notification_visibility( 1503): [-1|android|32|null|1000,1,3888657,3888657,0,2]
02-22 02:17:57.043 I/input_focus( 1503): [Focus leaving recents_animation_input_consumer (server),reason=setFocusedWindow]
02-22 02:17:57.043 I/input_focus( 1503): [Focus entering 91ac81d NotificationShade (server),reason=setFocusedWindow]
02-22 02:17:57.073 I/sysui_multi_action( 1966): [757,111,758,1]
02-22 02:17:57.074 I/sysui_multi_action( 1966): [757,126,758,1,759,126,927,0,928,1,1593,0]
02-22 02:17:57.074 I/sysui_multi_action( 1966): [757,113,758,1,759,113,927,1,928,1,1593,0]
02-22 02:17:57.074 I/sysui_multi_action( 1966): [757,0,758,1,759,0,927,2,928,0,1593,0]
02-22 02:17:57.074 I/sysui_multi_action( 1966): [757,0,758,1,759,0,927,3,928,0,1593,0]
02-22 02:17:57.074 I/sysui_multi_action( 1966): [757,491,758,1,759,491,927,4,928,0,1311,-1,1593,0]
02-22 02:17:57.075 I/sysui_multi_action( 1966): [757,0,758,1,759,0,927,5,928,0,1593,0]
02-22 02:17:57.075 I/sysui_multi_action( 1966): [757,111,758,1]
02-22 02:17:57.075 I/sysui_multi_action( 1966): [757,126,758,1,759,126,927,0,928,1,1593,0]
02-22 02:17:57.075 I/sysui_multi_action( 1966): [757,113,758,1,759,113,927,1,928,1,1593,0]
02-22 02:17:57.075 I/sysui_multi_action( 1966): [757,0,758,1,759,0,927,2,928,0,1593,0]
02-22 02:17:57.075 I/sysui_multi_action( 1966): [757,0,758,1,759,0,927,3,928,0,1593,0]
02-22 02:17:57.080 I/wm_task_moved( 1503): [1,1,8]
02-22 02:17:57.080 I/wm_task_moved( 1503): [41,1,2147483647]
02-22 02:17:57.080 I/wm_task_to_front( 1503): [0,41]
02-22 02:17:57.081 I/wm_focused_root_task( 1503): [0,0,1,45,RecentsAnimation.onAnimationFinished()]
02-22 02:17:57.081 I/wm_set_resumed_activity( 1503): [0,com.android.launcher3/.uioverrides.QuickstepLauncher,RecentsAnimation.onAnimationFinished()]
02-22 02:17:57.082 I/wm_pause_activity( 1503): [0,250080366,com.android.settings/.Settings,userLeaving=true,pauseBackTasks]
02-22 02:17:57.083 I/wm_add_to_stopping( 1503): [0,250080366,com.android.settings/.Settings,makeInvisible]
02-22 02:17:57.084 I/wm_set_resumed_activity( 1503): [0,com.android.launcher3/.uioverrides.QuickstepLauncher,resumeTopActivityInnerLocked]
02-22 02:17:57.087 I/wm_resume_activity( 1503): [0,229498384,41,com.android.launcher3/.uioverrides.QuickstepLauncher]
02-22 02:17:57.087 I/wm_on_resume_called( 2514): [229498384,com.android.launcher3.uioverrides.QuickstepLauncher,RESUME_ACTIVITY]
02-22 02:17:57.090 I/wm_on_top_resumed_lost_called( 4132): [250080366,com.android.settings.Settings,topStateChangedWhenResumed]
02-22 02:17:57.095 I/wm_on_top_resumed_gained_called( 2514): [229498384,com.android.launcher3.uioverrides.QuickstepLauncher,topStateChangedWhenResumed]
02-22 02:17:57.096 I/sysui_multi_action( 4132): [757,35,758,2,1089,11355]
02-22 02:17:57.097 I/sysui_multi_action( 4132): [757,47,758,2,1089,2968]
02-22 02:17:57.098 I/wm_stop_activity( 1503): [0,250080366,com.android.settings/.Settings]
02-22 02:17:57.098 I/wm_on_paused_called( 4132): [250080366,com.android.settings.Settings,performPause]
02-22 02:17:57.102 I/sysui_multi_action( 1503): [757,803,799,window_time_0,802,11]
02-22 02:17:57.103 I/sysui_multi_action( 1503): [757,803,799,window_time_0,802,0]
02-22 02:17:57.127 I/wm_on_stop_called( 4132): [250080366,com.android.settings.Settings,STOP_ACTIVITY_ITEM]
02-22 02:18:14.890 I/am_uid_idle( 1503): 10047
02-22 02:18:19.375 I/input_interaction( 1503): Interaction with: 91ac81d NotificationShade (server), edge-swipe (server), swipe-up (server), PointerEventDispatcher0 (server),
02-22 02:18:19.802 I/sysui_multi_action( 1966): [757,111,758,2]
02-22 02:18:19.802 I/notification_enqueue( 1503): [10078,1966,com.android.systemui,2048,NULL,0,Notification(channel=updateNotification shortcut=null contentView=null vibrate=null sound=null defaults=0x0 flags=0x0 color=0x00000000 vis=PRIVATE),1]
02-22 02:18:19.803 I/sysui_multi_action( 1966): [757,111,758,2]
02-22 02:18:20.014 I/input_focus( 1503): [Focus request e3555c3 com.android.launcher3/com.android.launcher3.uioverrides.QuickstepLauncher,reason=UpdateInputWindows]
02-22 02:18:20.018 I/sysui_multi_action( 1503): [757,128,758,2,793,3911037,794,22984,795,3911037,796,26,798,0,806,android,857,DEVELOPER_IMPORTANT,858,4,947,0,1395,3,1500,3910632,1688,1]
02-22 02:18:20.019 I/notification_visibility( 1503): [-1|android|26|null|1000,0,3911037,3911037,0,0]
02-22 02:18:20.019 I/sysui_multi_action( 1503): [757,128,758,2,793,1141082,794,22984,795,1141082,796,17303299,797,com.android.wifi,798,1,806,android,857,NETWORK_AVAILABLE,858,2,947,0,1395,3,1500,1140880,1688,1]
02-22 02:18:20.019 I/notification_visibility( 1503): [0|android|17303299|com.android.wifi|1000,0,1141082,1141082,0,1]
02-22 02:18:20.020 I/sysui_multi_action( 1503): [757,128,758,2,793,3911641,794,22984,795,3911641,796,32,798,2,806,android,857,USB,858,1,947,0,1395,3,1500,3911566,1688,1]
02-22 02:18:20.020 I/notification_visibility( 1503): [-1|android|32|null|1000,0,3911641,3911641,0,2]
02-22 02:18:20.021 I/sysui_multi_action( 1503): [757,127,758,2]
02-22 02:18:20.021 I/notification_panel_hidden( 1503):
02-22 02:18:20.047 I/input_focus( 1503): [Focus leaving 91ac81d NotificationShade (server),reason=NO_WINDOW]
02-22 02:18:20.047 I/input_focus( 1503): [Focus entering e3555c3 com.android.launcher3/com.android.launcher3.uioverrides.QuickstepLauncher (server),reason=setFocusedWindow]
02-22 02:18:20.551 I/input_interaction( 1503): Interaction with: a916dde StatusBar (server), edge-swipe (server), swipe-up (server), PointerEventDispatcher0 (server),
02-22 02:18:20.556 I/sysui_multi_action( 1966): [757,803,799,panel_open,802,1]
02-22 02:18:20.557 I/sysui_multi_action( 1966): [757,1328,758,4,1326,52,1327,7,1329,0]
02-22 02:18:20.617 I/sysui_multi_action( 1503): [757,127,758,1]
02-22 02:18:20.617 I/sysui_multi_action( 1503): [757,804,799,note_load,801,3,802,1]
02-22 02:18:20.617 I/notification_panel_revealed( 1503): 3
02-22 02:18:20.625 I/input_focus( 1503): [Focus request 91ac81d NotificationShade,reason=UpdateInputWindows]
02-22 02:18:20.635 I/sysui_multi_action( 1503): [757,128,758,1,793,3911654,794,0,795,3911654,796,26,798,0,806,android,857,DEVELOPER_IMPORTANT,858,4,947,0,1395,3,1500,3911249,1688,1]
02-22 02:18:20.636 I/sysui_multi_action( 1503): [757,804,799,note_freshness,801,3911654,802,1]
02-22 02:18:20.636 I/notification_visibility( 1503): [-1|android|26|null|1000,1,3911654,3911654,0,0]
02-22 02:18:20.637 I/sysui_multi_action( 1503): [757,128,758,1,793,1141700,794,0,795,1141700,796,17303299,797,com.android.wifi,798,1,806,android,857,NETWORK_AVAILABLE,858,2,947,0,1395,3,1500,1141498,1688,1]
02-22 02:18:20.638 I/sysui_multi_action( 1503): [757,804,799,note_freshness,801,1141700,802,1]
02-22 02:18:20.638 I/notification_visibility( 1503): [0|android|17303299|com.android.wifi|1000,1,1141700,1141700,0,1]
02-22 02:18:20.638 I/sysui_multi_action( 1503): [757,128,758,1,793,3912260,794,0,795,3912260,796,32,798,2,806,android,857,USB,858,1,947,0,1395,3,1500,3912185,1688,1]
02-22 02:18:20.638 I/sysui_multi_action( 1503): [757,804,799,note_freshness,801,3912260,802,1]
02-22 02:18:20.639 I/notification_visibility( 1503): [-1|android|32|null|1000,1,3912260,3912260,0,2]
02-22 02:18:20.648 I/input_focus( 1503): [Focus leaving e3555c3 com.android.launcher3/com.android.launcher3.uioverrides.QuickstepLauncher (server),reason=setFocusedWindow]
02-22 02:18:20.648 I/input_focus( 1503): [Focus entering 91ac81d NotificationShade (server),reason=setFocusedWindow]
02-22 02:18:20.681 I/sysui_multi_action( 1966): [757,111,758,1]
02-22 02:18:20.681 I/sysui_multi_action( 1966): [757,126,758,1,759,126,927,0,928,1,1593,0]
02-22 02:18:20.682 I/sysui_multi_action( 1966): [757,113,758,1,759,113,927,1,928,1,1593,0]
02-22 02:18:20.682 I/sysui_multi_action( 1966): [757,0,758,1,759,0,927,2,928,0,1593,0]
02-22 02:18:20.682 I/sysui_multi_action( 1966): [757,0,758,1,759,0,927,3,928,0,1593,0]
02-22 02:18:20.683 I/sysui_multi_action( 1966): [757,491,758,1,759,491,927,4,928,0,1311,-1,1593,0]
02-22 02:18:20.683 I/sysui_multi_action( 1966): [757,0,758,1,759,0,927,5,928,0,1593,0]
02-22 02:18:20.683 I/sysui_multi_action( 1966): [757,111,758,1]
02-22 02:18:20.683 I/sysui_multi_action( 1966): [757,126,758,1,759,126,927,0,928,1,1593,0]
02-22 02:18:20.683 I/sysui_multi_action( 1966): [757,113,758,1,759,113,927,1,928,1,1593,0]
02-22 02:18:20.683 I/sysui_multi_action( 1966): [757,0,758,1,759,0,927,2,928,0,1593,0]
02-22 02:18:20.683 I/sysui_multi_action( 1966): [757,0,758,1,759,0,927,3,928,0,1593,0]
02-22 02:18:22.059 I/input_interaction( 1503): Interaction with: 91ac81d NotificationShade (server), edge-swipe (server), swipe-up (server), PointerEventDispatcher0 (server),
02-22 02:18:22.491 I/notification_enqueue( 1503): [10078,1966,com.android.systemui,2048,NULL,0,Notification(channel=updateNotification shortcut=null contentView=null vibrate=null sound=null defaults=0x0 flags=0x0 color=0x00000000 vis=PRIVATE),1]
02-22 02:18:22.494 I/sysui_multi_action( 1966): [757,111,758,2]
02-22 02:18:22.495 I/sysui_multi_action( 1966): [757,111,758,2]
02-22 02:18:22.704 I/input_focus( 1503): [Focus request e3555c3 com.android.launcher3/com.android.launcher3.uioverrides.QuickstepLauncher,reason=UpdateInputWindows]
02-22 02:18:22.709 I/sysui_multi_action( 1503): [757,128,758,2,793,3913727,794,2073,795,3913727,796,26,798,0,806,android,857,DEVELOPER_IMPORTANT,858,4,947,0,1395,3,1500,3913322,1688,1]
02-22 02:18:22.709 I/notification_visibility( 1503): [-1|android|26|null|1000,0,3913727,3913727,0,0]
02-22 02:18:22.709 I/sysui_multi_action( 1503): [757,128,758,2,793,1143772,794,2072,795,1143772,796,17303299,797,com.android.wifi,798,1,806,android,857,NETWORK_AVAILABLE,858,2,947,0,1395,3,1500,1143570,1688,1]
02-22 02:18:22.709 I/notification_visibility( 1503): [0|android|17303299|com.android.wifi|1000,0,1143772,1143772,0,1]
02-22 02:18:22.710 I/sysui_multi_action( 1503): [757,128,758,2,793,3914331,794,2071,795,3914331,796,32,798,2,806,android,857,USB,858,1,947,0,1395,3,1500,3914256,1688,1]
02-22 02:18:22.710 I/notification_visibility( 1503): [-1|android|32|null|1000,0,3914331,3914331,0,2]
02-22 02:18:22.710 I/sysui_multi_action( 1503): [757,127,758,2]
02-22 02:18:22.711 I/notification_panel_hidden( 1503):
02-22 02:18:22.721 I/input_focus( 1503): [Focus leaving 91ac81d NotificationShade (server),reason=NO_WINDOW]
02-22 02:18:22.721 I/input_focus( 1503): [Focus entering e3555c3 com.android.launcher3/com.android.launcher3.uioverrides.QuickstepLauncher (server),reason=setFocusedWindow]
02-22 02:18:23.250 I/input_interaction( 1503): Interaction with: a916dde StatusBar (server), edge-swipe (server), swipe-up (server), PointerEventDispatcher0 (server),
02-22 02:18:23.254 I/sysui_multi_action( 1966): [757,803,799,panel_open,802,1]
02-22 02:18:23.255 I/sysui_multi_action( 1966): [757,1328,758,4,1326,50,1327,4,1329,0]
02-22 02:18:23.306 I/sysui_multi_action( 1503): [757,127,758,1]
02-22 02:18:23.306 I/sysui_multi_action( 1503): [757,804,799,note_load,801,3,802,1]
02-22 02:18:23.307 I/notification_panel_revealed( 1503): 3
02-22 02:18:23.313 I/input_focus( 1503): [Focus request 91ac81d NotificationShade,reason=UpdateInputWindows]
02-22 02:18:23.324 I/sysui_multi_action( 1503): [757,128,758,1,793,3914343,794,0,795,3914343,796,26,798,0,806,android,857,DEVELOPER_IMPORTANT,858,4,947,0,1395,3,1500,3913938,1688,1]
02-22 02:18:23.324 I/sysui_multi_action( 1503): [757,804,799,note_freshness,801,3914343,802,1]
02-22 02:18:23.324 I/notification_visibility( 1503): [-1|android|26|null|1000,1,3914343,3914343,0,0]
02-22 02:18:23.325 I/sysui_multi_action( 1503): [757,128,758,1,793,1144388,794,0,795,1144388,796,17303299,797,com.android.wifi,798,1,806,android,857,NETWORK_AVAILABLE,858,2,947,0,1395,3,1500,1144186,1688,1]
02-22 02:18:23.325 I/sysui_multi_action( 1503): [757,804,799,note_freshness,801,1144388,802,1]
02-22 02:18:23.325 I/notification_visibility( 1503): [0|android|17303299|com.android.wifi|1000,1,1144388,1144388,0,1]
02-22 02:18:23.325 I/sysui_multi_action( 1503): [757,128,758,1,793,3914947,794,0,795,3914947,796,32,798,2,806,android,857,USB,858,1,947,0,1395,3,1500,3914872,1688,1]
02-22 02:18:23.325 I/sysui_multi_action( 1503): [757,804,799,note_freshness,801,3914947,802,1]
02-22 02:18:23.325 I/notification_visibility( 1503): [-1|android|32|null|1000,1,3914947,3914947,0,2]
02-22 02:18:23.338 I/input_focus( 1503): [Focus leaving e3555c3 com.android.launcher3/com.android.launcher3.uioverrides.QuickstepLauncher (server),reason=setFocusedWindow]
02-22 02:18:23.338 I/input_focus( 1503): [Focus entering 91ac81d NotificationShade (server),reason=setFocusedWindow]
02-22 02:18:23.371 I/sysui_multi_action( 1966): [757,111,758,1]
02-22 02:18:23.372 I/sysui_multi_action( 1966): [757,126,758,1,759,126,927,0,928,1,1593,0]
02-22 02:18:23.372 I/sysui_multi_action( 1966): [757,113,758,1,759,113,927,1,928,1,1593,0]
02-22 02:18:23.372 I/sysui_multi_action( 1966): [757,0,758,1,759,0,927,2,928,0,1593,0]
02-22 02:18:23.372 I/sysui_multi_action( 1966): [757,0,758,1,759,0,927,3,928,0,1593,0]
02-22 02:18:23.373 I/sysui_multi_action( 1966): [757,491,758,1,759,491,927,4,928,0,1311,-1,1593,0]
02-22 02:18:23.373 I/sysui_multi_action( 1966): [757,0,758,1,759,0,927,5,928,0,1593,0]
02-22 02:18:23.373 I/sysui_multi_action( 1966): [757,111,758,1]
02-22 02:18:23.374 I/sysui_multi_action( 1966): [757,126,758,1,759,126,927,0,928,1,1593,0]
02-22 02:18:23.374 I/sysui_multi_action( 1966): [757,113,758,1,759,113,927,1,928,1,1593,0]
02-22 02:18:23.374 I/sysui_multi_action( 1966): [757,0,758,1,759,0,927,2,928,0,1593,0]
02-22 02:18:23.374 I/sysui_multi_action( 1966): [757,0,758,1,759,0,927,3,928,0,1593,0]
02-22 02:18:23.466 I/service_manager_stats( 1503): [100,75,68910]
02-22 02:18:24.504 I/input_interaction( 1503): Interaction with: 91ac81d NotificationShade (server), edge-swipe (server), swipe-up (server), PointerEventDispatcher0 (server),
02-22 02:18:24.948 I/notification_enqueue( 1503): [10078,1966,com.android.systemui,2048,NULL,0,Notification(channel=updateNotification shortcut=null contentView=null vibrate=null sound=null defaults=0x0 flags=0x0 color=0x00000000 vis=PRIVATE),1]
02-22 02:18:24.949 I/sysui_multi_action( 1966): [757,111,758,2]
02-22 02:18:24.950 I/sysui_multi_action( 1966): [757,111,758,2]
02-22 02:18:25.161 I/input_focus( 1503): [Focus request e3555c3 com.android.launcher3/com.android.launcher3.uioverrides.QuickstepLauncher,reason=UpdateInputWindows]
02-22 02:18:25.167 I/sysui_multi_action( 1503): [757,128,758,2,793,3916186,794,1843,795,3916186,796,26,798,0,806,android,857,DEVELOPER_IMPORTANT,858,4,947,0,1395,3,1500,3915781,1688,1]
02-22 02:18:25.167 I/notification_visibility( 1503): [-1|android|26|null|1000,0,3916186,3916186,0,0]
02-22 02:18:25.168 I/sysui_multi_action( 1503): [757,128,758,2,793,1146231,794,1843,795,1146231,796,17303299,797,com.android.wifi,798,1,806,android,857,NETWORK_AVAILABLE,858,2,947,0,1395,3,1500,1146029,1688,1]
02-22 02:18:25.168 I/notification_visibility( 1503): [0|android|17303299|com.android.wifi|1000,0,1146231,1146231,0,1]
02-22 02:18:25.168 I/sysui_multi_action( 1503): [757,128,758,2,793,3916790,794,1843,795,3916790,796,32,798,2,806,android,857,USB,858,1,947,0,1395,3,1500,3916715,1688,1]
02-22 02:18:25.169 I/notification_visibility( 1503): [-1|android|32|null|1000,0,3916790,3916790,0,2]
02-22 02:18:25.169 I/sysui_multi_action( 1503): [757,127,758,2]
02-22 02:18:25.169 I/notification_panel_hidden( 1503):
02-22 02:18:25.192 I/input_focus( 1503): [Focus leaving 91ac81d NotificationShade (server),reason=NO_WINDOW]
02-22 02:18:25.192 I/input_focus( 1503): [Focus entering e3555c3 com.android.launcher3/com.android.launcher3.uioverrides.QuickstepLauncher (server),reason=setFocusedWindow]
02-22 02:18:25.403 I/input_interaction( 1503): Interaction with: a916dde StatusBar (server), edge-swipe (server), swipe-up (server), PointerEventDispatcher0 (server),
02-22 02:18:25.407 I/sysui_multi_action( 1966): [757,803,799,panel_open,802,1]
02-22 02:18:25.408 I/sysui_multi_action( 1966): [757,1328,758,4,1326,47,1327,1,1329,0]
02-22 02:18:25.449 I/sysui_multi_action( 1503): [757,127,758,1]
02-22 02:18:25.450 I/sysui_multi_action( 1503): [757,804,799,note_load,801,3,802,1]
02-22 02:18:25.450 I/notification_panel_revealed( 1503): 3
02-22 02:18:25.460 I/input_focus( 1503): [Focus request 91ac81d NotificationShade,reason=UpdateInputWindows]
02-22 02:18:25.470 I/sysui_multi_action( 1503): [757,128,758,1,793,3916489,794,0,795,3916489,796,26,798,0,806,android,857,DEVELOPER_IMPORTANT,858,4,947,0,1395,3,1500,3916084,1688,1]
02-22 02:18:25.471 I/sysui_multi_action( 1503): [757,804,799,note_freshness,801,3916489,802,1]
02-22 02:18:25.471 I/notification_visibility( 1503): [-1|android|26|null|1000,1,3916489,3916489,0,0]
02-22 02:18:25.471 I/sysui_multi_action( 1503): [757,128,758,1,793,1146534,794,0,795,1146534,796,17303299,797,com.android.wifi,798,1,806,android,857,NETWORK_AVAILABLE,858,2,947,0,1395,3,1500,1146332,1688,1]
02-22 02:18:25.471 I/sysui_multi_action( 1503): [757,804,799,note_freshness,801,1146534,802,1]
02-22 02:18:25.471 I/notification_visibility( 1503): [0|android|17303299|com.android.wifi|1000,1,1146534,1146534,0,1]
02-22 02:18:25.471 I/sysui_multi_action( 1503): [757,128,758,1,793,3917093,794,0,795,3917093,796,32,798,2,806,android,857,USB,858,1,947,0,1395,3,1500,3917018,1688,1]
02-22 02:18:25.472 I/sysui_multi_action( 1503): [757,804,799,note_freshness,801,3917093,802,1]
02-22 02:18:25.472 I/notification_visibility( 1503): [-1|android|32|null|1000,1,3917093,3917093,0,2]
02-22 02:18:25.478 I/input_focus( 1503): [Focus leaving e3555c3 com.android.launcher3/com.android.launcher3.uioverrides.QuickstepLauncher (server),reason=setFocusedWindow]
02-22 02:18:25.478 I/input_focus( 1503): [Focus entering 91ac81d NotificationShade (server),reason=setFocusedWindow]
02-22 02:18:25.525 I/sysui_multi_action( 1966): [757,111,758,1]
