02-22 02:30:56.243 I/sysui_multi_action( 1503): [757,803,799,window_time_0,802,473]
02-22 02:30:56.246 I/am_uid_active( 1503): 10061
02-22 02:30:56.248 I/wm_on_create_called( 6011): [160070120,android.service.dreams.DreamActivity,performCreate]
02-22 02:30:56.248 I/wm_on_start_called( 6011): [160070120,android.service.dreams.DreamActivity,handleStartActivity]
02-22 02:30:56.248 I/wm_on_resume_called( 6011): [160070120,android.service.dreams.DreamActivity,RESUME_ACTIVITY]
02-22 02:30:56.254 I/wm_on_top_resumed_gained_called( 6011): [160070120,android.service.dreams.DreamActivity,topStateChangedWhenResumed]
02-22 02:30:56.264 I/input_focus( 1503): [Focus leaving e3555c3 com.android.launcher3/com.android.launcher3.uioverrides.QuickstepLauncher (server),reason=NO_WINDOW]
02-22 02:30:56.282 I/input_focus( 1503): [Focus request d177639 com.thundercomm.screensaver/android.service.dreams.DreamActivity,reason=UpdateInputWindows]
02-22 02:30:56.298 I/sysui_multi_action( 1966): [757,111,758,2]
02-22 02:30:56.298 I/notification_enqueue( 1503): [10078,1966,com.android.systemui,2048,NULL,0,Notification(channel=updateNotification shortcut=null contentView=null vibrate=null sound=null defaults=0x0 flags=0x0 color=0x00000000 vis=PRIVATE),1]
02-22 02:30:56.298 I/sysui_multi_action( 1966): [757,111,758,2]
02-22 02:30:56.304 I/sysui_multi_action( 1503): [319,76,322,76,325,4678,757,761,758,8,759,2,806,com.thundercomm.screensaver,871,android.service.dreams.DreamActivity,904,com.thundercomm.screensaver,905,0,1320,4,1321,2]
02-22 02:30:56.304 I/wm_activity_launch_time( 1503): [0,160070120,com.thundercomm.screensaver/android.service.dreams.DreamActivity,76]
02-22 02:30:56.313 I/sysui_multi_action( 1966): [757,111,758,1]
02-22 02:30:56.313 I/sysui_multi_action( 1966): [757,126,758,1,759,126,927,0,928,1,1593,0]
02-22 02:30:56.313 I/sysui_multi_action( 1966): [757,113,758,1,759,113,927,1,928,1,1593,0]
02-22 02:30:56.313 I/sysui_multi_action( 1966): [757,0,758,1,759,0,927,2,928,0,1593,0]
02-22 02:30:56.313 I/sysui_multi_action( 1966): [757,0,758,1,759,0,927,3,928,0,1593,1]
02-22 02:30:56.313 I/sysui_multi_action( 1966): [757,491,758,1,759,491,927,4,928,0,1311,-1,1593,0]
02-22 02:30:56.313 I/sysui_multi_action( 1966): [757,0,758,1,759,0,927,5,928,0,1593,0]
02-22 02:30:56.313 I/sysui_multi_action( 1966): [757,111,758,1]
02-22 02:30:56.314 I/sysui_multi_action( 1966): [757,126,758,1,759,126,927,0,928,1,1593,1]
02-22 02:30:56.314 I/sysui_multi_action( 1966): [757,113,758,1,759,113,927,1,928,1,1593,1]
02-22 02:30:56.314 I/sysui_multi_action( 1966): [757,0,758,1,759,0,927,2,928,0,1593,1]
02-22 02:30:56.314 I/sysui_multi_action( 1966): [757,0,758,1,759,0,927,3,928,0,1593,1]
02-22 02:30:56.330 I/input_focus( 1503): [Focus entering d177639 com.thundercomm.screensaver/android.service.dreams.DreamActivity (server),reason=Window became focusable. Previous reason: NOT_VISIBLE]
02-22 02:30:56.447 I/notification_enqueue( 1503): [10078,1966,com.android.systemui,2048,NULL,0,Notification(channel=updateNotification shortcut=null contentView=null vibrate=null sound=null defaults=0x0 flags=0x0 color=0x00000000 vis=PRIVATE),1]
02-22 02:30:56.447 I/sysui_multi_action( 1966): [757,111,758,2]
02-22 02:30:56.448 I/sysui_multi_action( 1966): [757,111,758,2]
02-22 02:30:56.597 I/wm_stop_activity( 1503): [0,229498384,com.android.launcher3/.uioverrides.QuickstepLauncher]
02-22 02:30:56.617 I/wm_on_stop_called( 2514): [229498384,com.android.launcher3.uioverrides.QuickstepLauncher,STOP_ACTIVITY_ITEM]
02-22 02:30:56.654 I/sysui_multi_action( 1503): [757,128,758,2,793,4667673,794,4769,795,4667673,796,26,798,0,806,android,857,DEVELOPER_IMPORTANT,858,4,947,0,1395,2,1500,4667268,1688,1]
02-22 02:30:56.654 I/notification_visibility( 1503): [-1|android|26|null|1000,0,4667673,4667673,0,0]
02-22 02:30:56.654 I/sysui_multi_action( 1503): [757,128,758,2,793,4668276,794,4768,795,4668276,796,32,798,1,806,android,857,USB,858,1,947,0,1395,2,1500,4668201,1688,1]
02-22 02:30:56.654 I/notification_visibility( 1503): [-1|android|32|null|1000,0,4668276,4668276,0,1]
02-22 02:30:56.654 I/sysui_multi_action( 1503): [757,127,758,2]
02-22 02:30:56.654 I/notification_panel_hidden( 1503):
02-22 02:30:58.184 I/input_interaction( 1503): Interaction with: d177639 com.thundercomm.screensaver/android.service.dreams.DreamActivity (server), edge-swipe (server), swipe-up (server), PointerEventDispatcher0 (server),
02-22 02:30:58.185 I/wm_finish_activity( 1503): [0,160070120,55,com.thundercomm.screensaver/android.service.dreams.DreamActivity,finish-activity]
02-22 02:30:58.185 I/wm_task_moved( 1503): [1,1,8]
02-22 02:30:58.185 I/wm_task_moved( 1503): [41,1,2147483647]
02-22 02:30:58.185 I/wm_task_to_front( 1503): [0,41]
02-22 02:30:58.185 I/wm_focused_root_task( 1503): [0,0,1,55,finish-top adjustFocusToNextFocusableTask]
02-22 02:30:58.185 I/wm_set_resumed_activity( 1503): [0,com.android.launcher3/.uioverrides.QuickstepLauncher,finish-top adjustFocusToNextFocusableTask]
02-22 02:30:58.185 I/wm_pause_activity( 1503): [0,160070120,com.thundercomm.screensaver/android.service.dreams.DreamActivity,userLeaving=false,finish]
02-22 02:30:58.187 I/wm_on_top_resumed_lost_called( 6011): [160070120,android.service.dreams.DreamActivity,topStateChangedWhenResumed]
02-22 02:30:58.188 I/wm_on_paused_called( 6011): [160070120,android.service.dreams.DreamActivity,performPause]
02-22 02:30:58.188 I/sysui_multi_action( 1503): [757,803,799,window_time_0,802,1]
02-22 02:30:58.188 I/wm_add_to_stopping( 1503): [0,160070120,com.thundercomm.screensaver/android.service.dreams.DreamActivity,completeFinishing]
02-22 02:30:58.189 I/wm_set_resumed_activity( 1503): [0,com.android.launcher3/.uioverrides.QuickstepLauncher,resumeTopActivityInnerLocked]
02-22 02:30:58.190 I/wm_resume_activity( 1503): [0,229498384,41,com.android.launcher3/.uioverrides.QuickstepLauncher]
02-22 02:30:58.192 I/sysui_multi_action( 1503): [757,803,799,window_time_0,802,0]
02-22 02:30:58.193 I/am_uid_running( 1503): 10087
02-22 02:30:58.193 I/am_uid_running( 1503): 10068
02-22 02:30:58.194 I/wm_on_restart_called( 2514): [229498384,com.android.launcher3.uioverrides.QuickstepLauncher,performRestartActivity]
02-22 02:30:58.194 I/wm_on_start_called( 2514): [229498384,com.android.launcher3.uioverrides.QuickstepLauncher,handleStartActivity]
02-22 02:30:58.195 I/wm_on_resume_called( 2514): [229498384,com.android.launcher3.uioverrides.QuickstepLauncher,RESUME_ACTIVITY]
02-22 02:30:58.195 I/wm_on_top_resumed_gained_called( 2514): [229498384,com.android.launcher3.uioverrides.QuickstepLauncher,topWhenResuming]
02-22 02:30:58.198 I/am_proc_start( 1503): [0,6051,10087,com.android.music,NULL,]
02-22 02:30:58.202 I/input_focus( 1503): [Focus leaving d177639 com.thundercomm.screensaver/android.service.dreams.DreamActivity (server),reason=NO_WINDOW]
02-22 02:30:58.202 I/view_enqueue_input_event( 6011): [Motion - Cancel,com.thundercomm.screensaver/android.service.dreams.DreamActivity]
02-22 02:30:58.203 I/am_proc_start( 1503): [0,6052,10068,com.android.deskclock,NULL,]
02-22 02:30:58.204 I/input_focus( 1503): [Focus request e3555c3 com.android.launcher3/com.android.launcher3.uioverrides.QuickstepLauncher,reason=UpdateInputWindows]
02-22 02:30:58.209 I/input_interaction( 1503): Interaction with: edge-swipe (server), swipe-up (server), PointerEventDispatcher0 (server),
02-22 02:30:58.210 I/am_proc_bound( 1503): [0,6051,com.android.music]
02-22 02:30:58.217 I/am_proc_bound( 1503): [0,6052,com.android.deskclock]
02-22 02:30:58.219 I/input_focus( 1503): [Focus entering e3555c3 com.android.launcher3/com.android.launcher3.uioverrides.QuickstepLauncher (server),reason=setFocusedWindow]
02-22 02:30:58.221 I/service_manager_stats( 1503): [100,50,51557]
02-22 02:30:58.454 I/wm_destroy_activity( 1503): [0,160070120,55,com.thundercomm.screensaver/android.service.dreams.DreamActivity,finish-imm:idle]
02-22 02:30:58.472 I/wm_on_stop_called( 6011): [160070120,android.service.dreams.DreamActivity,LIFECYCLER_STOP_ACTIVITY]
02-22 02:30:58.474 I/wm_on_destroy_called( 6011): [160070120,android.service.dreams.DreamActivity,performDestroy]
02-22 02:30:58.478 I/sysui_multi_action( 1503): [757,222,758,2]
02-22 02:30:58.479 I/sysui_multi_action( 1503): [757,804,799,dreaming_minutes,801,0,802,1]
02-22 02:30:58.485 I/wm_task_removed( 1503): [55,removeChild:removeChild last r=ActivityRecord{98a79e8 u0 com.thundercomm.screensaver/android.service.dreams.DreamActivity t-1 f}} in t=Task{ae55fa9 #55 type=dream A=10047:android:com.thundercomm.screensaver/dream U=0 visible=false mode=fullscreen translucent=true sz=0}]
02-22 02:30:58.485 I/wm_task_removed( 1503): [55,removeChild]
02-22 02:30:59.094 I/input_interaction( 1503): Interaction with: a916dde StatusBar (server), edge-swipe (server), swipe-up (server), PointerEventDispatcher0 (server),
02-22 02:30:59.098 I/sysui_multi_action( 1966): [757,803,799,panel_open,802,1]
02-22 02:30:59.099 I/sysui_multi_action( 1966): [757,1328,758,4,1326,54,1327,5,1329,0]
02-22 02:30:59.141 I/sysui_multi_action( 1503): [757,127,758,1]
02-22 02:30:59.142 I/sysui_multi_action( 1503): [757,804,799,note_load,801,2,802,1]
02-22 02:30:59.142 I/notification_panel_revealed( 1503): 2
02-22 02:30:59.153 I/input_focus( 1503): [Focus request 91ac81d NotificationShade,reason=UpdateInputWindows]
02-22 02:30:59.162 I/sysui_multi_action( 1503): [757,128,758,1,793,4670181,794,0,795,4670181,796,26,798,0,806,android,857,DEVELOPER_IMPORTANT,858,4,947,0,1395,2,1500,4669776,1688,1]
02-22 02:30:59.163 I/sysui_multi_action( 1503): [757,804,799,note_freshness,801,4670181,802,1]
02-22 02:30:59.163 I/notification_visibility( 1503): [-1|android|26|null|1000,1,4670181,4670181,0,0]
02-22 02:30:59.163 I/sysui_multi_action( 1503): [757,128,758,1,793,4670785,794,0,795,4670785,796,32,798,1,806,android,857,USB,858,1,947,0,1395,2,1500,4670710,1688,1]
02-22 02:30:59.163 I/sysui_multi_action( 1503): [757,804,799,note_freshness,801,4670785,802,1]
02-22 02:30:59.163 I/notification_visibility( 1503): [-1|android|32|null|1000,1,4670785,4670785,0,1]
02-22 02:30:59.172 I/input_focus( 1503): [Focus leaving e3555c3 com.android.launcher3/com.android.launcher3.uioverrides.QuickstepLauncher (server),reason=setFocusedWindow]
02-22 02:30:59.172 I/input_focus( 1503): [Focus entering 91ac81d NotificationShade (server),reason=setFocusedWindow]
02-22 02:30:59.186 I/sysui_multi_action( 1966): [757,111,758,1]
02-22 02:30:59.187 I/sysui_multi_action( 1966): [757,126,758,1,759,126,927,0,928,1,1593,0]
02-22 02:30:59.187 I/sysui_multi_action( 1966): [757,113,758,1,759,113,927,1,928,1,1593,0]
02-22 02:30:59.187 I/sysui_multi_action( 1966): [757,0,758,1,759,0,927,2,928,0,1593,0]
02-22 02:30:59.187 I/sysui_multi_action( 1966): [757,0,758,1,759,0,927,3,928,0,1593,0]
02-22 02:30:59.187 I/sysui_multi_action( 1966): [757,491,758,1,759,491,927,4,928,0,1311,-1,1593,0]
02-22 02:30:59.187 I/sysui_multi_action( 1966): [757,0,758,1,759,0,927,5,928,0,1593,0]
02-22 02:30:59.188 I/sysui_multi_action( 1966): [757,111,758,1]
02-22 02:30:59.188 I/sysui_multi_action( 1966): [757,126,758,1,759,126,927,0,928,1,1593,0]
02-22 02:30:59.188 I/sysui_multi_action( 1966): [757,113,758,1,759,113,927,1,928,1,1593,0]
02-22 02:30:59.188 I/sysui_multi_action( 1966): [757,0,758,1,759,0,927,2,928,0,1593,0]
02-22 02:30:59.188 I/sysui_multi_action( 1966): [757,0,758,1,759,0,927,3,928,0,1593,0]
02-22 02:31:00.378 I/input_interaction( 1503): Interaction with: 91ac81d NotificationShade (server), edge-swipe (server), swipe-up (server), PointerEventDispatcher0 (server),
02-22 02:31:00.865 I/notification_enqueue( 1503): [10078,1966,com.android.systemui,2048,NULL,0,Notification(channel=updateNotification shortcut=null contentView=null vibrate=null sound=null defaults=0x0 flags=0x0 color=0x00000000 vis=PRIVATE),1]
02-22 02:31:00.865 I/sysui_multi_action( 1966): [757,111,758,2]
02-22 02:31:00.866 I/sysui_multi_action( 1966): [757,111,758,2]
02-22 02:31:01.079 I/input_focus( 1503): [Focus request e3555c3 com.android.launcher3/com.android.launcher3.uioverrides.QuickstepLauncher,reason=UpdateInputWindows]
02-22 02:31:01.085 I/sysui_multi_action( 1503): [757,128,758,2,793,4672104,794,1923,795,4672104,796,26,798,0,806,android,857,DEVELOPER_IMPORTANT,858,4,947,0,1395,2,1500,4671699,1688,1]
02-22 02:31:01.085 I/notification_visibility( 1503): [-1|android|26|null|1000,0,4672104,4672104,0,0]
02-22 02:31:01.086 I/sysui_multi_action( 1503): [757,128,758,2,793,4672708,794,1923,795,4672708,796,32,798,1,806,android,857,USB,858,1,947,0,1395,2,1500,4672633,1688,1]
02-22 02:31:01.086 I/notification_visibility( 1503): [-1|android|32|null|1000,0,4672708,4672708,0,1]
02-22 02:31:01.088 I/sysui_multi_action( 1503): [757,127,758,2]
02-22 02:31:01.088 I/notification_panel_hidden( 1503):
02-22 02:31:01.111 I/input_focus( 1503): [Focus leaving 91ac81d NotificationShade (server),reason=NO_WINDOW]
02-22 02:31:01.111 I/input_focus( 1503): [Focus entering e3555c3 com.android.launcher3/com.android.launcher3.uioverrides.QuickstepLauncher (server),reason=setFocusedWindow]
02-22 02:31:16.618 I/am_uid_idle( 1503): 10018
02-22 02:31:21.260 I/input_interaction( 1503): Interaction with: e3555c3 com.android.launcher3/com.android.launcher3.uioverrides.QuickstepLauncher (server), 1fcc036 com.android.systemui.ImageWallpaper (server), edge-swipe (server), swipe-up (server), PointerEventDispatcher0 (server),
02-22 02:31:21.830 I/sysui_multi_action( 1503): [757,127,758,1]
02-22 02:31:21.831 I/sysui_multi_action( 1503): [757,804,799,note_load,801,2,802,1]
02-22 02:31:21.831 I/notification_panel_revealed( 1503): 2
02-22 02:31:21.843 I/input_focus( 1503): [Focus request 91ac81d NotificationShade,reason=UpdateInputWindows]
02-22 02:31:21.853 I/sysui_multi_action( 1503): [757,128,758,1,793,4692872,794,0,795,4692872,796,26,798,0,806,android,857,DEVELOPER_IMPORTANT,858,4,947,0,1395,2,1500,4692467,1688,1]
02-22 02:31:21.853 I/sysui_multi_action( 1503): [757,804,799,note_freshness,801,4692872,802,1]
02-22 02:31:21.853 I/notification_visibility( 1503): [-1|android|26|null|1000,1,4692872,4692872,0,0]
02-22 02:31:21.854 I/sysui_multi_action( 1503): [757,128,758,1,793,4693476,794,0,795,4693476,796,32,798,1,806,android,857,USB,858,1,947,0,1395,2,1500,4693401,1688,1]
02-22 02:31:21.854 I/sysui_multi_action( 1503): [757,804,799,note_freshness,801,4693476,802,1]
02-22 02:31:21.854 I/notification_visibility( 1503): [-1|android|32|null|1000,1,4693476,4693476,0,1]
02-22 02:31:21.860 I/input_focus( 1503): [Focus leaving e3555c3 com.android.launcher3/com.android.launcher3.uioverrides.QuickstepLauncher (server),reason=setFocusedWindow]
02-22 02:31:21.860 I/input_focus( 1503): [Focus entering 91ac81d NotificationShade (server),reason=setFocusedWindow]
02-22 02:31:21.864 I/input_interaction( 1503): Interaction with: e3555c3 com.android.launcher3/com.android.launcher3.uioverrides.QuickstepLauncher (server), 1fcc036 com.android.systemui.ImageWallpaper (server), 91ac81d NotificationShade (server), edge-swipe (server), swipe-up (server), PointerEventDispatcher0 (server),
02-22 02:31:21.865 I/view_enqueue_input_event( 2514): [Motion - Cancel,com.android.launcher3/com.android.launcher3.uioverrides.QuickstepLauncher]
02-22 02:31:21.866 I/sysui_multi_action( 1966): [757,803,799,panel_open,802,1]
02-22 02:31:21.866 I/sysui_multi_action( 1966): [757,1328,758,4,1326,46,1327,18,1329,0]
02-22 02:31:21.874 I/input_interaction( 1503): Interaction with: 1fcc036 com.android.systemui.ImageWallpaper (server), 91ac81d NotificationShade (server), edge-swipe (server), swipe-up (server), PointerEventDispatcher0 (server),
02-22 02:31:21.941 I/sysui_multi_action( 1966): [757,111,758,1]
02-22 02:31:21.942 I/sysui_multi_action( 1966): [757,126,758,1,759,126,927,0,928,1,1593,0]
02-22 02:31:21.942 I/sysui_multi_action( 1966): [757,113,758,1,759,113,927,1,928,1,1593,0]
02-22 02:31:21.942 I/sysui_multi_action( 1966): [757,0,758,1,759,0,927,2,928,0,1593,0]
02-22 02:31:21.942 I/sysui_multi_action( 1966): [757,0,758,1,759,0,927,3,928,0,1593,0]
02-22 02:31:21.942 I/sysui_multi_action( 1966): [757,491,758,1,759,491,927,4,928,0,1311,-1,1593,0]
02-22 02:31:21.942 I/sysui_multi_action( 1966): [757,0,758,1,759,0,927,5,928,0,1593,0]
02-22 02:31:21.943 I/sysui_multi_action( 1966): [757,111,758,1]
02-22 02:31:21.943 I/sysui_multi_action( 1966): [757,126,758,1,759,126,927,0,928,1,1593,0]
02-22 02:31:21.943 I/sysui_multi_action( 1966): [757,113,758,1,759,113,927,1,928,1,1593,0]
02-22 02:31:21.943 I/sysui_multi_action( 1966): [757,0,758,1,759,0,927,2,928,0,1593,0]
02-22 02:31:21.943 I/sysui_multi_action( 1966): [757,0,758,1,759,0,927,3,928,0,1593,0]
02-22 02:31:22.969 I/input_interaction( 1503): Interaction with: 91ac81d NotificationShade (server), edge-swipe (server), swipe-up (server), PointerEventDispatcher0 (server),
02-22 02:31:23.419 I/notification_enqueue( 1503): [10078,1966,com.android.systemui,2048,NULL,0,Notification(channel=updateNotification shortcut=null contentView=null vibrate=null sound=null defaults=0x0 flags=0x0 color=0x00000000 vis=PRIVATE),1]
02-22 02:31:23.419 I/sysui_multi_action( 1966): [757,111,758,2]
02-22 02:31:23.421 I/sysui_multi_action( 1966): [757,111,758,2]
02-22 02:31:23.631 I/input_focus( 1503): [Focus request e3555c3 com.android.launcher3/com.android.launcher3.uioverrides.QuickstepLauncher,reason=UpdateInputWindows]
02-22 02:31:23.635 I/sysui_multi_action( 1503): [757,128,758,2,793,4694654,794,1782,795,4694654,796,26,798,0,806,android,857,DEVELOPER_IMPORTANT,858,4,947,0,1395,2,1500,4694249,1688,1]
02-22 02:31:23.636 I/notification_visibility( 1503): [-1|android|26|null|1000,0,4694654,4694654,0,0]
02-22 02:31:23.636 I/sysui_multi_action( 1503): [757,128,758,2,793,4695258,794,1782,795,4695258,796,32,798,1,806,android,857,USB,858,1,947,0,1395,2,1500,4695183,1688,1]
02-22 02:31:23.637 I/notification_visibility( 1503): [-1|android|32|null|1000,0,4695258,4695258,0,1]
02-22 02:31:23.638 I/sysui_multi_action( 1503): [757,127,758,2]
02-22 02:31:23.638 I/notification_panel_hidden( 1503):
02-22 02:31:23.648 I/input_focus( 1503): [Focus leaving 91ac81d NotificationShade (server),reason=NO_WINDOW]
02-22 02:31:23.665 I/input_focus( 1503): [Focus entering e3555c3 com.android.launcher3/com.android.launcher3.uioverrides.QuickstepLauncher (server),reason=setFocusedWindow]
02-22 02:31:24.171 I/input_interaction( 1503): Interaction with: e3555c3 com.android.launcher3/com.android.launcher3.uioverrides.QuickstepLauncher (server), 1fcc036 com.android.systemui.ImageWallpaper (server), edge-swipe (server), swipe-up (server), PointerEventDispatcher0 (server),
02-22 02:31:25.574 I/wm_task_moved( 1503): [45,1,8]
02-22 02:31:25.574 I/wm_task_to_front( 1503): [0,45]
02-22 02:31:25.574 I/wm_focused_root_task( 1503): [0,0,45,1,bringingFoundTaskToFront]
02-22 02:31:25.575 I/wm_set_resumed_activity( 1503): [0,com.android.settings/.Settings,bringingFoundTaskToFront]
02-22 02:31:25.575 I/wm_new_intent( 1503): [0,250080366,45,com.android.settings/.Settings,android.intent.action.MAIN,NULL,NULL,270532608]
02-22 02:31:25.577 I/wm_pause_activity( 1503): [0,229498384,com.android.launcher3/.uioverrides.QuickstepLauncher,userLeaving=true,pauseBackTasks]
02-22 02:31:25.583 I/wm_on_top_resumed_lost_called( 2514): [229498384,com.android.launcher3.uioverrides.QuickstepLauncher,topStateChangedWhenResumed]
02-22 02:31:25.591 I/wm_on_paused_called( 2514): [229498384,com.android.launcher3.uioverrides.QuickstepLauncher,performPause]
02-22 02:31:25.593 I/wm_set_resumed_activity( 1503): [0,com.android.settings/.Settings,resumeTopActivityInnerLocked]
02-22 02:31:25.593 I/wm_add_to_stopping( 1503): [0,229498384,com.android.launcher3/.uioverrides.QuickstepLauncher,makeInvisible]
02-22 02:31:25.595 I/wm_resume_activity( 1503): [0,250080366,45,com.android.settings/.Settings]
02-22 02:31:25.605 I/sysui_multi_action( 1503): [757,803,799,window_time_0,802,28]
02-22 02:31:25.607 I/wm_on_restart_called( 4132): [250080366,com.android.settings.Settings,performRestartActivity]
02-22 02:31:25.612 I/wm_on_start_called( 4132): [250080366,com.android.settings.Settings,handleStartActivity]
02-22 02:31:25.613 I/snet_event_log( 4132): [120484087,-1,]
02-22 02:31:25.613 I/wm_on_resume_called( 4132): [250080366,com.android.settings.Settings,RESUME_ACTIVITY]
02-22 02:31:25.614 I/sysui_multi_action( 4132): [757,35,758,1,833,0,1089,0]
02-22 02:31:25.615 I/sysui_multi_action( 4132): [757,1390,758,1,833,0,1089,0]
02-22 02:31:25.619 I/am_pss ( 1503): [5888,1002,com.android.bluetooth,26189824,21438464,0,132288512,0,0,8]
02-22 02:31:25.621 I/wm_on_top_resumed_gained_called( 4132): [250080366,com.android.settings.Settings,topWhenResuming]
02-22 02:31:25.618 I/input_focus( 1503): [Focus leaving e3555c3 com.android.launcher3/com.android.launcher3.uioverrides.QuickstepLauncher (server),reason=NO_WINDOW]
02-22 02:31:25.626 I/am_pss ( 1503): [6011,10047,com.thundercomm.screensaver,28273664,21368832,0,143364096,0,19,6]
02-22 02:31:25.627 I/input_focus( 1503): [Focus request ab95283 com.android.settings/com.android.settings.Settings,reason=UpdateInputWindows]
02-22 02:31:25.633 I/am_pss ( 1503): [6052,10068,com.android.deskclock,8798208,6066176,0,95948800,0,19,6]
02-22 02:31:25.645 I/am_pss ( 1503): [6051,10087,com.android.music,6831104,4673536,0,90796032,0,19,7]
02-22 02:31:25.652 I/input_focus( 1503): [Focus entering ab95283 com.android.settings/com.android.settings.Settings (server),reason=setFocusedWindow]
02-22 02:31:25.652 I/sysui_multi_action( 1503): [319,29,321,25,322,70,325,4707,757,761,758,9,759,4,806,com.android.settings,871,com.android.settings.Settings,904,com.android.launcher3,905,0,1320,21,1321,5]
02-22 02:31:25.652 I/am_pss ( 1503): [5863,10092,com.android.permissioncontroller,13712384,11239424,0,103006208,0,19,6]
02-22 02:31:25.655 I/auditd ( 566): type=1400 audit(0.0:1004): avc: denied { read } for comm="Binder:566_2" name="wakeup58" dev="sysfs" ino=71806 scontext=u:r:system_suspend:s0 tcontext=u:object_r:sysfs:s0 tclass=dir permissive=0
02-22 02:31:25.655 I/auditd ( 566): type=1400 audit(0.0:1005): avc: denied { read } for comm="Binder:566_2" name="wakeup4" dev="sysfs" ino=47054 scontext=u:r:system_suspend:s0 tcontext=u:object_r:sysfs:s0 tclass=dir permissive=0
02-22 02:31:25.655 I/auditd ( 566): type=1400 audit(0.0:1006): avc: denied { read } for comm="Binder:566_2" name="wakeup76" dev="sysfs" ino=76771 scontext=u:r:system_suspend:s0 tcontext=u:object_r:sysfs:s0 tclass=dir permissive=0
02-22 02:31:25.655 I/auditd ( 566): type=1400 audit(0.0:1007): avc: denied { read } for comm="Binder:566_2" name="wakeup28" dev="sysfs" ino=53259 scontext=u:r:system_suspend:s0 tcontext=u:object_r:sysfs:s0 tclass=dir permissive=0
02-22 02:31:25.655 I/auditd ( 566): type=1400 audit(0.0:1008): avc: denied { read } for comm="Binder:566_2" name="wakeup56" dev="sysfs" ino=71734 scontext=u:r:system_suspend:s0 tcontext=u:object_r:sysfs:s0 tclass=dir permissive=0
02-22 02:31:25.655 I/auditd ( 566): type=1400 audit(0.0:1009): avc: denied { read } for comm="Binder:566_2" name="wakeup2" dev="sysfs" ino=46578 scontext=u:r:system_suspend:s0 tcontext=u:object_r:sysfs:s0 tclass=dir permissive=0
02-22 02:31:25.658 I/am_pss ( 1503): [5972,10018,android.process.acore,13595648,9551872,0,116600832,0,19,5]
02-22 02:31:26.142 I/wm_stop_activity( 1503): [0,229498384,com.android.launcher3/.uioverrides.QuickstepLauncher]
02-22 02:31:26.162 I/wm_on_stop_called( 2514): [229498384,com.android.launcher3.uioverrides.QuickstepLauncher,STOP_ACTIVITY_ITEM]
02-22 02:31:26.526 I/am_uid_idle( 1503): 10092
02-22 02:31:26.709 I/input_interaction( 1503): Interaction with: ab95283 com.android.settings/com.android.settings.Settings (server), edge-swipe (server), swipe-up (server), PointerEventDispatcher0 (server),
02-22 02:31:26.842 I/sysui_multi_action( 4132): [757,830,758,4,833,0,854,top_level_apps,1089,0]
02-22 02:31:26.950 I/sysui_multi_action( 4132): [757,1390,758,2,1089,1334]
02-22 02:31:27.014 I/sysui_multi_action( 4132): [757,65,758,1,833,0,1089,46]
02-22 02:31:27.018 I/sysui_multi_action( 4132): [757,1729,758,4,854,isParalleledControllers:false,1089,51]
02-22 02:31:27.393 I/sysui_multi_action( 4132): [757,830,758,4,833,0,854,top_level_notification,1089,0]
02-22 02:31:27.496 I/sysui_multi_action( 4132): [757,65,758,2,1089,482]
02-22 02:31:27.526 I/sysui_multi_action( 4132): [757,337,758,1,833,0,1089,24]
02-22 02:31:27.528 I/sysui_multi_action( 4132): [757,1729,758,4,854,isParalleledControllers:false,1089,26]
02-22 02:31:27.857 I/sysui_multi_action( 4132): [757,830,758,4,833,0,854,top_level_apps,1089,0]
02-22 02:31:27.960 I/sysui_multi_action( 4132): [757,337,758,2,1089,434]
02-22 02:31:27.992 I/sysui_multi_action( 4132): [757,65,758,1,833,0,1089,24]
02-22 02:31:27.995 I/sysui_multi_action( 4132): [757,1729,758,4,854,isParalleledControllers:false,1089,28]
02-22 02:31:28.193 I/sysui_multi_action( 4132): [757,830,758,4,833,0,854,top_level_connected_devices,1089,0]
02-22 02:31:28.308 I/sysui_multi_action( 4132): [757,65,758,2,1089,316]
02-22 02:31:28.396 I/sysui_multi_action( 4132): [757,747,758,1,833,0,1089,81]
02-22 02:31:28.397 I/sysui_multi_action( 4132): [757,1729,758,4,854,isParalleledControllers:false,1089,83]
02-22 02:31:28.562 I/sysui_multi_action( 4132): [757,830,758,4,833,0,854,top_level_network,1089,0]
02-22 02:31:28.665 I/sysui_multi_action( 4132): [757,747,758,2,1089,269]
02-22 02:31:28.681 W/CarrierConfigManager( 4132): Error getting config for subId -1 ICarrierConfigLoader is null
02-22 02:31:28.723 I/sysui_multi_action( 4132): [757,746,758,1,833,0,1089,49]
02-22 02:31:28.723 D/TelephonyRegistry( 1503): listen oscl: mHasNotifySubscriptionInfoChangedOccurred==false no callback
02-22 02:31:28.726 D/TelephonyRegistry( 1503): listen oscl: mHasNotifySubscriptionInfoChangedOccurred==false no callback
02-22 02:31:28.732 I/sysui_multi_action( 4132): [757,1729,758,4,854,isParalleledControllers:false,1089,59]
02-22 02:31:28.761 I/service_manager_stats( 4132): [100,43,3725960]
02-22 02:31:30.028 I/notification_enqueue( 1503): [1000,1503,android,17303299,com.android.wifi,0,Notification(channel=NETWORK_AVAILABLE shortcut=null contentView=null vibrate=null sound=null tick defaults=0x0 flags=0x100 color=0x00000000 actions=2 vis=PRIVATE),0]
02-22 02:31:30.229 I/sysui_multi_action( 1503): [757,1501,758,1,793,201,794,0,795,201,796,17303299,797,com.android.wifi,806,android,857,NETWORK_AVAILABLE,858,2,947,0,1500,0,1688,1]
02-22 02:31:30.230 I/sysui_multi_action( 1503): [757,804,799,note_interruptive,801,0,802,1]
02-22 02:31:30.336 I/sysui_multi_action( 4132): [757,830,758,4,833,0,854,top_level_connected_devices,1089,0]
02-22 02:31:30.460 I/sysui_multi_action( 4132): [757,746,758,2,1089,1737]
02-22 02:31:30.561 I/sysui_multi_action( 4132): [757,747,758,1,833,0,1089,80]
02-22 02:31:30.563 I/sysui_multi_action( 4132): [757,1729,758,4,854,isParalleledControllers:false,1089,81]
02-22 02:31:38.738 I/sysui_multi_action( 4132): [757,830,758,4,833,0,854,top_level_sound,1089,0]
02-22 02:31:38.842 I/sysui_multi_action( 4132): [757,747,758,2,1089,8280]
02-22 02:31:38.911 I/sysui_multi_action( 4132): [757,336,758,1,833,0,1089,49]
02-22 02:31:38.917 I/sysui_multi_action( 4132): [757,1729,758,4,854,isParalleledControllers:false,1089,56]
02-22 02:31:39.103 I/sysui_multi_action( 4132): [757,830,758,4,833,0,854,top_level_display,1089,0]
02-22 02:31:39.208 I/sysui_multi_action( 4132): [757,336,758,2,1089,297]
02-22 02:31:39.240 I/sysui_multi_action( 4132): [757,46,758,1,833,0,1089,26]
02-22 02:31:39.245 I/sysui_multi_action( 4132): [757,1729,758,4,854,isParalleledControllers:false,1089,30]
02-22 02:31:44.918 I/sysui_multi_action( 4132): [757,830,758,4,833,0,854,screensaver,1089,0]
02-22 02:31:44.933 I/sysui_multi_action( 4132): [757,46,758,2,1089,5692]
02-22 02:31:44.992 I/sysui_multi_action( 4132): [757,47,758,1,833,0,1089,50]
02-22 02:31:44.998 I/sysui_multi_action( 4132): [757,1729,758,4,854,isParalleledControllers:false,1089,56]
02-22 02:31:45.649 I/am_pss ( 1503): [6011,10047,com.thundercomm.screensaver,27747328,21061632,0,143364096,0,19,14]
02-22 02:31:45.660 I/am_pss ( 1503): [6052,10068,com.android.deskclock,8607744,6017024,0,95948800,0,19,9]
02-22 02:31:45.667 I/am_pss ( 1503): [6051,10087,com.android.music,6831104,4673536,0,90796032,0,19,7]
02-22 02:31:46.026 I/sysui_multi_action( 4132): [757,830,758,4,833,0,854,dream_start_button_container,1089,0]
02-22 02:31:46.233 I/commit_sys_config_file( 1503): [settings-2-0,7]
02-22 02:31:47.033 I/input_interaction( 1503): Interaction with: a916dde StatusBar (server), edge-swipe (server), swipe-up (server), PointerEventDispatcher0 (server),
02-22 02:31:47.039 I/sysui_multi_action( 1966): [757,803,799,panel_open,802,1]
02-22 02:31:47.041 I/sysui_multi_action( 1966): [757,1328,758,4,1326,33,1327,3,1329,0]
02-22 02:31:47.078 I/sysui_multi_action( 1503): [757,127,758,1]
02-22 02:31:47.078 I/sysui_multi_action( 1503): [757,804,799,note_load,801,3,802,1]
02-22 02:31:47.078 I/notification_panel_revealed( 1503): 3
02-22 02:31:47.088 I/input_focus( 1503): [Focus request 91ac81d NotificationShade,reason=UpdateInputWindows]
02-22 02:31:47.097 I/sysui_multi_action( 1503): [757,128,758,1,793,4718116,794,0,795,4718116,796,26,798,0,806,android,857,DEVELOPER_IMPORTANT,858,4,947,0,1395,3,1500,4717711,1688,1]
02-22 02:31:47.097 I/sysui_multi_action( 1503): [757,804,799,note_freshness,801,4718116,802,1]
02-22 02:31:47.097 I/notification_visibility( 1503): [-1|android|26|null|1000,1,4718116,4718116,0,0]
02-22 02:31:47.097 I/sysui_multi_action( 1503): [757,128,758,1,793,17069,794,0,795,17069,796,17303299,797,com.android.wifi,798,1,806,android,857,NETWORK_AVAILABLE,858,2,947,0,1395,3,1500,16868,1688,1]
02-22 02:31:47.097 I/sysui_multi_action( 1503): [757,804,799,note_freshness,801,17069,802,1]
02-22 02:31:47.098 I/notification_visibility( 1503): [0|android|17303299|com.android.wifi|1000,1,17069,17069,0,1]
02-22 02:31:47.098 I/sysui_multi_action( 1503): [757,128,758,1,793,4718720,794,0,795,4718720,796,32,798,2,806,android,857,USB,858,1,947,0,1395,3,1500,4718645,1688,1]
02-22 02:31:47.098 I/sysui_multi_action( 1503): [757,804,799,note_freshness,801,4718720,802,1]
02-22 02:31:47.098 I/notification_visibility( 1503): [-1|android|32|null|1000,1,4718720,4718720,0,2]
02-22 02:31:47.104 I/input_focus( 1503): [Focus leaving ab95283 com.android.settings/com.android.settings.Settings (server),reason=setFocusedWindow]
02-22 02:31:47.104 I/input_focus( 1503): [Focus entering 91ac81d NotificationShade (server),reason=setFocusedWindow]
02-22 02:31:47.135 I/sysui_multi_action( 1966): [757,111,758,1]
02-22 02:31:47.136 I/sysui_multi_action( 1966): [757,126,758,1,759,126,927,0,928,1,1593,0]
02-22 02:31:47.136 I/sysui_multi_action( 1966): [757,113,758,1,759,113,927,1,928,1,1593,0]
02-22 02:31:47.136 I/sysui_multi_action( 1966): [757,0,758,1,759,0,927,2,928,0,1593,0]
02-22 02:31:47.136 I/sysui_multi_action( 1966): [757,0,758,1,759,0,927,3,928,0,1593,0]
02-22 02:31:47.136 I/sysui_multi_action( 1966): [757,491,758,1,759,491,927,4,928,0,1311,-1,1593,0]
02-22 02:31:47.136 I/sysui_multi_action( 1966): [757,0,758,1,759,0,927,5,928,0,1593,0]
02-22 02:31:47.136 I/sysui_multi_action( 1966): [757,111,758,1]
02-22 02:31:47.137 I/sysui_multi_action( 1966): [757,126,758,1,759,126,927,0,928,1,1593,0]
02-22 02:31:47.137 I/sysui_multi_action( 1966): [757,113,758,1,759,113,927,1,928,1,1593,0]
02-22 02:31:47.137 I/sysui_multi_action( 1966): [757,0,758,1,759,0,927,2,928,0,1593,0]
02-22 02:31:47.137 I/sysui_multi_action( 1966): [757,0,758,1,759,0,927,3,928,0,1593,0]
02-22 02:31:48.450 I/input_interaction( 1503): Interaction with: 91ac81d NotificationShade (server), edge-swipe (server), swipe-up (server), PointerEventDispatcher0 (server),
02-22 02:31:48.584 I/sysui_multi_action( 1503): [757,222,758,1]
02-22 02:31:48.602 I/wm_task_created( 1503): [56,-1]
02-22 02:31:48.606 I/wm_task_moved( 1503): [56,1,9]
02-22 02:31:48.606 I/wm_task_to_front( 1503): [0,56]
02-22 02:31:48.606 I/wm_create_task( 1503): [0,56]
02-22 02:31:48.606 I/wm_create_activity( 1503): [0,258810200,56,com.thundercomm.screensaver/android.service.dreams.DreamActivity,NULL,NULL,NULL,276824064]
02-22 02:31:48.606 I/wm_task_moved( 1503): [56,1,9]
02-22 02:31:48.606 I/wm_on_top_resumed_lost_called( 4132): [250080366,com.android.settings.Settings,topStateChangedWhenResumed]
02-22 02:31:48.607 I/wm_pause_activity( 1503): [0,250080366,com.android.settings/.Settings,userLeaving=true,pauseBackTasks]
02-22 02:31:48.610 I/sysui_multi_action( 4132): [757,35,758,2,1089,22996]
02-22 02:31:48.610 I/sysui_multi_action( 4132): [757,47,758,2,1089,3618]
02-22 02:31:48.611 I/wm_on_paused_called( 4132): [250080366,com.android.settings.Settings,performPause]
02-22 02:31:48.612 I/wm_add_to_stopping( 1503): [0,250080366,com.android.settings/.Settings,makeInvisible]
02-22 02:31:48.612 I/wm_restart_activity( 1503): [0,258810200,56,com.thundercomm.screensaver/android.service.dreams.DreamActivity]
02-22 02:31:48.613 I/wm_set_resumed_activity( 1503): [0,com.thundercomm.screensaver/android.service.dreams.DreamActivity,minimalResumeActivityLocked]
02-22 02:31:48.616 I/wm_on_create_called( 6011): [258810200,android.service.dreams.DreamActivity,performCreate]
02-22 02:31:48.616 I/wm_on_start_called( 6011): [258810200,android.service.dreams.DreamActivity,handleStartActivity]
02-22 02:31:48.617 I/wm_on_resume_called( 6011): [258810200,android.service.dreams.DreamActivity,RESUME_ACTIVITY]
02-22 02:31:48.617 I/sysui_multi_action( 1503): [757,803,799,window_time_0,802,23]
02-22 02:31:48.619 I/wm_on_top_resumed_gained_called( 6011): [258810200,android.service.dreams.DreamActivity,topStateChangedWhenResumed]
02-22 02:31:48.624 I/input_focus( 1503): [Focus leaving 91ac81d NotificationShade (server),reason=NOT_FOCUSABLE]
02-22 02:31:48.633 I/input_focus( 1503): [Focus request b32c370 com.thundercomm.screensaver/android.service.dreams.DreamActivity,reason=UpdateInputWindows]
02-22 02:31:48.644 I/notification_enqueue( 1503): [10078,1966,com.android.systemui,2048,NULL,0,Notification(channel=updateNotification shortcut=null contentView=null vibrate=null sound=null defaults=0x0 flags=0x0 color=0x00000000 vis=PRIVATE),1]
02-22 02:31:48.644 I/sysui_multi_action( 1966): [757,111,758,2]
02-22 02:31:48.644 I/sysui_multi_action( 1966): [757,111,758,2]
02-22 02:31:48.649 I/sysui_multi_action( 1503): [319,49,322,41,325,4730,757,761,758,8,759,2,806,com.thundercomm.screensaver,871,android.service.dreams.DreamActivity,904,com.thundercomm.screensaver,905,0,1320,4,1321,2]
02-22 02:31:48.650 I/wm_activity_launch_time( 1503): [0,258810200,com.thundercomm.screensaver/android.service.dreams.DreamActivity,41]
02-22 02:31:48.655 I/sysui_multi_action( 1966): [757,111,758,1]
02-22 02:31:48.655 I/sysui_multi_action( 1966): [757,126,758,1,759,126,927,0,928,1,1593,0]
02-22 02:31:48.655 I/sysui_multi_action( 1966): [757,113,758,1,759,113,927,1,928,1,1593,0]
02-22 02:31:48.655 I/sysui_multi_action( 1966): [757,0,758,1,759,0,927,2,928,0,1593,0]
02-22 02:31:48.655 I/sysui_multi_action( 1966): [757,0,758,1,759,0,927,3,928,0,1593,0]
02-22 02:31:48.655 I/sysui_multi_action( 1966): [757,491,758,1,759,491,927,4,928,0,1311,-1,1593,0]
02-22 02:31:48.655 I/sysui_multi_action( 1966): [757,0,758,1,759,0,927,5,928,0,1593,0]
02-22 02:31:48.655 I/sysui_multi_action( 1966): [757,111,758,1]
02-22 02:31:48.656 I/sysui_multi_action( 1966): [757,126,758,1,759,126,927,0,928,1,1593,0]
02-22 02:31:48.656 I/sysui_multi_action( 1966): [757,113,758,1,759,113,927,1,928,1,1593,0]
02-22 02:31:48.656 I/sysui_multi_action( 1966): [757,0,758,1,759,0,927,2,928,0,1593,0]
02-22 02:31:48.656 I/sysui_multi_action( 1966): [757,0,758,1,759,0,927,3,928,0,1593,0]
02-22 02:31:48.673 I/input_focus( 1503): [Focus entering b32c370 com.thundercomm.screensaver/android.service.dreams.DreamActivity (server),reason=Window became focusable. Previous reason: NOT_VISIBLE]
02-22 02:31:48.763 I/commit_sys_config_file( 1503): [settings-2-0,1]
02-22 02:31:48.906 I/notification_enqueue( 1503): [10078,1966,com.android.systemui,2048,NULL,0,Notification(channel=updateNotification shortcut=null contentView=null vibrate=null sound=null defaults=0x0 flags=0x0 color=0x00000000 vis=PRIVATE),1]
02-22 02:31:48.906 I/sysui_multi_action( 1966): [757,111,758,2]
02-22 02:31:48.907 I/sysui_multi_action( 1966): [757,111,758,2]
02-22 02:31:49.113 I/sysui_multi_action( 1503): [757,128,758,2,793,4720132,794,2016,795,4720132,796,26,798,0,806,android,857,DEVELOPER_IMPORTANT,858,4,947,0,1395,3,1500,4719727,1688,1]
02-22 02:31:49.113 I/notification_visibility( 1503): [-1|android|26|null|1000,0,4720132,4720132,0,0]
02-22 02:31:49.113 I/sysui_multi_action( 1503): [757,128,758,2,793,19085,794,2016,795,19085,796,17303299,797,com.android.wifi,798,1,806,android,857,NETWORK_AVAILABLE,858,2,947,0,1395,3,1500,18884,1688,1]
02-22 02:31:49.113 I/notification_visibility( 1503): [0|android|17303299|com.android.wifi|1000,0,19085,19085,0,1]
02-22 02:31:49.114 I/sysui_multi_action( 1503): [757,128,758,2,793,4720735,794,2015,795,4720735,796,32,798,2,806,android,857,USB,858,1,947,0,1395,3,1500,4720660,1688,1]
02-22 02:31:49.114 I/notification_visibility( 1503): [-1|android|32|null|1000,0,4720735,4720735,0,2]
02-22 02:31:49.114 I/sysui_multi_action( 1503): [757,127,758,2]
02-22 02:31:49.114 I/notification_panel_hidden( 1503):
02-22 02:31:49.158 I/wm_stop_activity( 1503): [0,250080366,com.android.settings/.Settings]
02-22 02:31:49.181 I/wm_on_stop_called( 4132): [250080366,com.android.settings.Settings,STOP_ACTIVITY_ITEM]
02-22 02:31:51.430 I/input_interaction( 1503): Interaction with: b32c370 com.thundercomm.screensaver/android.service.dreams.DreamActivity (server), edge-swipe (server), swipe-up (server), PointerEventDispatcher0 (server),
02-22 02:31:51.432 I/wm_finish_activity( 1503): [0,258810200,56,com.thundercomm.screensaver/android.service.dreams.DreamActivity,finish-activity]
02-22 02:31:51.433 I/wm_task_moved( 1503): [45,1,8]
02-22 02:31:51.433 I/wm_task_to_front( 1503): [0,45]
02-22 02:31:51.434 I/wm_focused_root_task( 1503): [0,0,45,56,finish-top adjustFocusToNextFocusableTask]
02-22 02:31:51.436 I/wm_pause_activity( 1503): [0,258810200,com.thundercomm.screensaver/android.service.dreams.DreamActivity,userLeaving=false,finish]
02-22 02:31:51.441 I/wm_on_top_resumed_lost_called( 6011): [258810200,android.service.dreams.DreamActivity,topStateChangedWhenResumed]
02-22 02:31:51.442 I/wm_on_paused_called( 6011): [258810200,android.service.dreams.DreamActivity,performPause]
02-22 02:31:51.443 I/wm_add_to_stopping( 1503): [0,258810200,com.thundercomm.screensaver/android.service.dreams.DreamActivity,completeFinishing]
02-22 02:31:51.447 I/wm_set_resumed_activity( 1503): [0,com.android.settings/.Settings,resumeTopActivityInnerLocked]
02-22 02:31:51.448 I/wm_resume_activity( 1503): [0,250080366,45,com.android.settings/.Settings]
02-22 02:31:51.451 I/sysui_multi_action( 1503): [757,803,799,window_time_0,802,3]
02-22 02:31:51.455 I/sysui_multi_action( 1503): [757,803,799,window_time_0,802,0]
02-22 02:31:51.464 I/wm_on_restart_called( 4132): [250080366,com.android.settings.Settings,performRestartActivity]
02-22 02:31:51.464 I/view_enqueue_input_event( 6011): [Motion - Cancel,com.thundercomm.screensaver/android.service.dreams.DreamActivity]
02-22 02:31:51.464 I/input_focus( 1503): [Focus leaving b32c370 com.thundercomm.screensaver/android.service.dreams.DreamActivity (server),reason=NO_WINDOW]
02-22 02:31:51.466 I/wm_on_start_called( 4132): [250080366,com.android.settings.Settings,handleStartActivity]
02-22 02:31:51.466 I/snet_event_log( 4132): [120484087,-1,]
02-22 02:31:51.466 I/wm_on_resume_called( 4132): [250080366,com.android.settings.Settings,RESUME_ACTIVITY]
02-22 02:31:51.467 I/sysui_multi_action( 4132): [757,35,758,1,833,0,1089,0]
02-22 02:31:51.468 I/sysui_multi_action( 4132): [757,47,758,1,833,0,1089,0]
02-22 02:31:51.473 I/wm_on_top_resumed_gained_called( 4132): [250080366,com.android.settings.Settings,topWhenResuming]
02-22 02:31:51.473 I/input_interaction( 1503): Interaction with: edge-swipe (server), swipe-up (server), PointerEventDispatcher0 (server),
02-22 02:31:51.485 I/input_focus( 1503): [Focus request ab95283 com.android.settings/com.android.settings.Settings,reason=UpdateInputWindows]
02-22 02:31:51.514 I/input_focus( 1503): [Focus entering ab95283 com.android.settings/com.android.settings.Settings (server),reason=Window became focusable. Previous reason: NOT_VISIBLE]
02-22 02:31:52.003 I/wm_destroy_activity( 1503): [0,258810200,56,com.thundercomm.screensaver/android.service.dreams.DreamActivity,finish-imm:idle]
02-22 02:31:52.020 I/wm_on_stop_called( 6011): [258810200,android.service.dreams.DreamActivity,LIFECYCLER_STOP_ACTIVITY]
02-22 02:31:52.021 I/wm_on_destroy_called( 6011): [258810200,android.service.dreams.DreamActivity,performDestroy]
02-22 02:31:52.027 I/sysui_multi_action( 1503): [757,222,758,2]
02-22 02:31:52.027 I/sysui_multi_action( 1503): [757,804,799,dreaming_minutes,801,0,802,1]
02-22 02:31:52.039 I/wm_task_removed( 1503): [56,removeChild:removeChild last r=ActivityRecord{f6d2158 u0 com.thundercomm.screensaver/android.service.dreams.DreamActivity t-1 f}} in t=Task{fa74da3 #56 type=dream A=10047:android:com.thundercomm.screensaver/dream U=0 visible=false mode=fullscreen translucent=true sz=0}]
02-22 02:31:52.039 I/wm_task_removed( 1503): [56,removeChild]
02-22 02:31:52.869 I/input_interaction( 1503): Interaction with: a916dde StatusBar (server), edge-swipe (server), swipe-up (server), PointerEventDispatcher0 (server),
02-22 02:31:52.875 I/sysui_multi_action( 1966): [757,803,799,panel_open,802,1]
02-22 02:31:52.876 I/sysui_multi_action( 1966): [757,1328,758,4,1326,38,1327,5,1329,0]
02-22 02:31:52.919 I/sysui_multi_action( 1503): [757,127,758,1]
02-22 02:31:52.919 I/sysui_multi_action( 1503): [757,804,799,note_load,801,3,802,1]
02-22 02:31:52.919 I/notification_panel_revealed( 1503): 3
02-22 02:31:52.930 I/input_focus( 1503): [Focus request 91ac81d NotificationShade,reason=UpdateInputWindows]
02-22 02:31:52.941 I/sysui_multi_action( 1503): [757,128,758,1,793,4723959,794,0,795,4723959,796,26,798,0,806,android,857,DEVELOPER_IMPORTANT,858,4,947,0,1395,3,1500,4723554,1688,1]
02-22 02:31:52.941 I/sysui_multi_action( 1503): [757,804,799,note_freshness,801,4723959,802,1]
02-22 02:31:52.941 I/notification_visibility( 1503): [-1|android|26|null|1000,1,4723959,4723959,0,0]
02-22 02:31:52.941 I/sysui_multi_action( 1503): [757,128,758,1,793,22913,794,0,795,22913,796,17303299,797,com.android.wifi,798,1,806,android,857,NETWORK_AVAILABLE,858,2,947,0,1395,3,1500,22712,1688,1]
02-22 02:31:52.941 I/sysui_multi_action( 1503): [757,804,799,note_freshness,801,22913,802,1]
02-22 02:31:52.941 I/notification_visibility( 1503): [0|android|17303299|com.android.wifi|1000,1,22913,22913,0,1]
02-22 02:31:52.941 I/sysui_multi_action( 1503): [757,128,758,1,793,4724563,794,0,795,4724563,796,32,798,2,806,android,857,USB,858,1,947,0,1395,3,1500,4724488,1688,1]
02-22 02:31:52.941 I/sysui_multi_action( 1503): [757,804,799,note_freshness,801,4724563,802,1]
02-22 02:31:52.941 I/notification_visibility( 1503): [-1|android|32|null|1000,1,4724563,4724563,0,2]
02-22 02:31:52.951 I/input_focus( 1503): [Focus leaving ab95283 com.android.settings/com.android.settings.Settings (server),reason=setFocusedWindow]
02-22 02:31:52.951 I/input_focus( 1503): [Focus entering 91ac81d NotificationShade (server),reason=setFocusedWindow]
02-22 02:31:52.966 I/sysui_multi_action( 1966): [757,111,758,1]
02-22 02:31:52.966 I/sysui_multi_action( 1966): [757,126,758,1,759,126,927,0,928,1,1593,0]
02-22 02:31:52.966 I/sysui_multi_action( 1966): [757,113,758,1,759,113,927,1,928,1,1593,0]
02-22 02:31:52.966 I/sysui_multi_action( 1966): [757,0,758,1,759,0,927,2,928,0,1593,0]
02-22 02:31:52.966 I/sysui_multi_action( 1966): [757,0,758,1,759,0,927,3,928,0,1593,0]
02-22 02:31:52.966 I/sysui_multi_action( 1966): [757,491,758,1,759,491,927,4,928,0,1311,-1,1593,0]
02-22 02:31:52.967 I/sysui_multi_action( 1966): [757,0,758,1,759,0,927,5,928,0,1593,0]
02-22 02:31:52.967 I/sysui_multi_action( 1966): [757,111,758,1]
02-22 02:31:52.967 I/sysui_multi_action( 1966): [757,126,758,1,759,126,927,0,928,1,1593,0]
02-22 02:31:52.967 I/sysui_multi_action( 1966): [757,113,758,1,759,113,927,1,928,1,1593,0]
02-22 02:31:52.967 I/sysui_multi_action( 1966): [757,0,758,1,759,0,927,2,928,0,1593,0]
02-22 02:31:52.967 I/sysui_multi_action( 1966): [757,0,758,1,759,0,927,3,928,0,1593,0]
02-22 02:31:54.218 I/input_interaction( 1503): Interaction with: 91ac81d NotificationShade (server), edge-swipe (server), swipe-up (server), PointerEventDispatcher0 (server),
02-22 02:31:54.349 I/sysui_multi_action( 1503): [757,222,758,1]
02-22 02:31:54.362 I/wm_task_created( 1503): [57,-1]
02-22 02:31:54.366 I/wm_task_moved( 1503): [57,1,9]
02-22 02:31:54.366 I/wm_task_to_front( 1503): [0,57]
02-22 02:31:54.366 I/wm_create_task( 1503): [0,57]
02-22 02:31:54.366 I/wm_create_activity( 1503): [0,113697728,57,com.thundercomm.screensaver/android.service.dreams.DreamActivity,NULL,NULL,NULL,276824064]
02-22 02:31:54.366 I/wm_task_moved( 1503): [57,1,9]
02-22 02:31:54.366 I/wm_on_top_resumed_lost_called( 4132): [250080366,com.android.settings.Settings,topStateChangedWhenResumed]
02-22 02:31:54.366 I/wm_pause_activity( 1503): [0,250080366,com.android.settings/.Settings,userLeaving=true,pauseBackTasks]
02-22 02:31:54.368 I/sysui_multi_action( 4132): [757,35,758,2,1089,2902]
02-22 02:31:54.369 I/sysui_multi_action( 4132): [757,47,758,2,1089,2901]
02-22 02:31:54.369 I/wm_on_paused_called( 4132): [250080366,com.android.settings.Settings,performPause]
02-22 02:31:54.370 I/wm_add_to_stopping( 1503): [0,250080366,com.android.settings/.Settings,makeInvisible]
02-22 02:31:54.371 I/wm_restart_activity( 1503): [0,113697728,57,com.thundercomm.screensaver/android.service.dreams.DreamActivity]
02-22 02:31:54.371 I/wm_set_resumed_activity( 1503): [0,com.thundercomm.screensaver/android.service.dreams.DreamActivity,minimalResumeActivityLocked]
02-22 02:31:54.374 I/sysui_multi_action( 1503): [757,803,799,window_time_0,802,3]
02-22 02:31:54.375 I/wm_on_create_called( 6011): [113697728,android.service.dreams.DreamActivity,performCreate]
02-22 02:31:54.375 I/wm_on_start_called( 6011): [113697728,android.service.dreams.DreamActivity,handleStartActivity]
02-22 02:31:54.376 I/wm_on_resume_called( 6011): [113697728,android.service.dreams.DreamActivity,RESUME_ACTIVITY]
02-22 02:31:54.378 I/wm_on_top_resumed_gained_called( 6011): [113697728,android.service.dreams.DreamActivity,topStateChangedWhenResumed]
02-22 02:31:54.391 I/input_focus( 1503): [Focus leaving 91ac81d NotificationShade (server),reason=NOT_FOCUSABLE]
02-22 02:31:54.396 I/input_focus( 1503): [Focus request 9e56ad8 com.thundercomm.screensaver/android.service.dreams.DreamActivity,reason=UpdateInputWindows]
02-22 02:31:54.405 I/notification_enqueue( 1503): [10078,1966,com.android.systemui,2048,NULL,0,Notification(channel=updateNotification shortcut=null contentView=null vibrate=null sound=null defaults=0x0 flags=0x0 color=0x00000000 vis=PRIVATE),1]
02-22 02:31:54.405 I/sysui_multi_action( 1966): [757,111,758,2]
02-22 02:31:54.405 I/sysui_multi_action( 1966): [757,111,758,2]
02-22 02:31:54.412 I/sysui_multi_action( 1503): [319,51,322,42,325,4736,757,761,758,8,759,2,806,com.thundercomm.screensaver,871,android.service.dreams.DreamActivity,904,com.thundercomm.screensaver,905,0,1320,4,1321,2]
02-22 02:31:54.412 I/wm_activity_launch_time( 1503): [0,113697728,com.thundercomm.screensaver/android.service.dreams.DreamActivity,42]
02-22 02:31:54.419 I/sysui_multi_action( 1966): [757,111,758,1]
02-22 02:31:54.419 I/sysui_multi_action( 1966): [757,126,758,1,759,126,927,0,928,1,1593,1]
02-22 02:31:54.419 I/sysui_multi_action( 1966): [757,113,758,1,759,113,927,1,928,1,1593,1]
02-22 02:31:54.419 I/sysui_multi_action( 1966): [757,0,758,1,759,0,927,2,928,0,1593,1]
02-22 02:31:54.419 I/sysui_multi_action( 1966): [757,0,758,1,759,0,927,3,928,0,1593,1]
02-22 02:31:54.419 I/sysui_multi_action( 1966): [757,491,758,1,759,491,927,4,928,0,1311,-1,1593,0]
02-22 02:31:54.419 I/sysui_multi_action( 1966): [757,0,758,1,759,0,927,5,928,0,1593,0]
02-22 02:31:54.419 I/sysui_multi_action( 1966): [757,111,758,1]
02-22 02:31:54.419 I/sysui_multi_action( 1966): [757,126,758,1,759,126,927,0,928,1,1593,1]
02-22 02:31:54.419 I/sysui_multi_action( 1966): [757,113,758,1,759,113,927,1,928,1,1593,1]
02-22 02:31:54.420 I/sysui_multi_action( 1966): [757,0,758,1,759,0,927,2,928,0,1593,1]
02-22 02:31:54.420 I/sysui_multi_action( 1966): [757,0,758,1,759,0,927,3,928,0,1593,1]
02-22 02:31:54.436 I/input_focus( 1503): [Focus entering 9e56ad8 com.thundercomm.screensaver/android.service.dreams.DreamActivity (server),reason=Window became focusable. Previous reason: NOT_VISIBLE]
02-22 02:31:54.671 I/sysui_multi_action( 1966): [757,111,758,2]
02-22 02:31:54.671 I/notification_enqueue( 1503): [10078,1966,com.android.systemui,2048,NULL,0,Notification(channel=updateNotification shortcut=null contentView=null vibrate=null sound=null defaults=0x0 flags=0x0 color=0x00000000 vis=PRIVATE),1]
02-22 02:31:54.671 I/sysui_multi_action( 1966): [757,111,758,2]
02-22 02:31:54.877 I/sysui_multi_action( 1503): [757,128,758,2,793,4725896,794,1937,795,4725896,796,26,798,0,806,android,857,DEVELOPER_IMPORTANT,858,4,947,0,1395,3,1500,4725491,1688,1]
02-22 02:31:54.877 I/notification_visibility( 1503): [-1|android|26|null|1000,0,4725896,4725896,0,0]
02-22 02:31:54.878 I/sysui_multi_action( 1503): [757,128,758,2,793,24850,794,1937,795,24850,796,17303299,797,com.android.wifi,798,1,806,android,857,NETWORK_AVAILABLE,858,2,947,0,1395,3,1500,24649,1688,1]
02-22 02:31:54.878 I/notification_visibility( 1503): [0|android|17303299|com.android.wifi|1000,0,24850,24850,0,1]
02-22 02:31:54.878 I/sysui_multi_action( 1503): [757,128,758,2,793,4726500,794,1937,795,4726500,796,32,798,2,806,android,857,USB,858,1,947,0,1395,3,1500,4726425,1688,1]
02-22 02:31:54.878 I/notification_visibility( 1503): [-1|android|32|null|1000,0,4726500,4726500,0,2]
02-22 02:31:54.878 I/sysui_multi_action( 1503): [757,127,758,2]
