02-22 02:38:52.712 I/wm_pause_activity( 1503): [0,92420193,com.android.settings/.Settings,userLeaving=true,pauseBackTasks]
02-22 02:38:52.712 I/wm_on_top_resumed_lost_called( 7428): [92420193,com.android.settings.Settings,topStateChangedWhenResumed]
02-22 02:38:52.714 I/OpenGLRenderer( 7428): Davey! duration=9223366882358ms; Flags=0, FrameTimelineVsyncId=112029, IntendedVsync=5154494919251, Vsync=5154494919251, InputEventId=0, HandleInputStart=5154495280322, AnimationStart=5154495282562, PerformTraversalsStart=5154495283916, DrawStart=5154495350947, FrameDeadline=5154528252583, FrameInterval=5154495274541, FrameStartTime=16666666, SyncQueued=5154495885583, SyncStart=5154497362875, IssueDrawCommandsStart=5154500332770, SwapBuffers=5154510357927, FrameCompleted=9223372036854775807, DequeueBufferDuration=29896, QueueBufferDuration=1589896, GpuCompleted=9223372036854775807, SwapBuffersCompleted=5154512490479, DisplayPresentTime=72904454231687180,
02-22 02:38:52.716 I/input_focus( 1503): [Focus request c2feca5 com.android.settings/com.android.settings.Settings,reason=UpdateInputWindows]
02-22 02:38:52.716 I/sysui_multi_action( 7428): [757,35,758,2,1089,2612]
02-22 02:38:52.717 I/sysui_multi_action( 7428): [757,47,758,2,1089,2611]
02-22 02:38:52.717 I/wm_on_paused_called( 7428): [92420193,com.android.settings.Settings,performPause]
02-22 02:38:52.717 I/ActivityTaskManager( 1503): FOREGROUND_APPLICATION_CHANGED to android.service.dreams.DreamActivity
02-22 02:38:52.718 I/ActivityTaskManager( 1503): The Process com.thundercomm.screensaver Already Exists in BG. So sending its PID: 6011
02-22 02:38:52.718 W/ActivityTaskManager( 1503): Tried to set launchTime (0) < mLastActivityLaunchTime (5151046)
02-22 02:38:52.718 I/wm_add_to_stopping( 1503): [0,92420193,com.android.settings/.Settings,makeInvisible]
02-22 02:38:52.719 I/wm_restart_activity( 1503): [0,90946360,123,com.thundercomm.screensaver/android.service.dreams.DreamActivity]
02-22 02:38:52.719 D/CompatibilityInfo( 1503): mCompatibilityFlags - 4
02-22 02:38:52.719 D/CompatibilityInfo( 1503): applicationDensity - 240
02-22 02:38:52.719 D/CompatibilityInfo( 1503): applicationScale - 1.0
02-22 02:38:52.719 I/wm_set_resumed_activity( 1503): [0,com.thundercomm.screensaver/android.service.dreams.DreamActivity,minimalResumeActivityLocked]
02-22 02:38:52.723 I/sysui_multi_action( 1503): [757,803,799,window_time_0,802,3]
02-22 02:38:52.724 I/wm_on_create_called( 6011): [90946360,android.service.dreams.DreamActivity,performCreate]
02-22 02:38:52.724 I/wm_on_start_called( 6011): [90946360,android.service.dreams.DreamActivity,handleStartActivity]
02-22 02:38:52.725 I/wm_on_resume_called( 6011): [90946360,android.service.dreams.DreamActivity,RESUME_ACTIVITY]
02-22 02:38:52.726 I/input_focus( 1503): [Focus leaving 91ac81d NotificationShade (server),reason=NOT_FOCUSABLE]
02-22 02:38:52.727 I/GameMode_ActivityMonitoringService( 2087): Notifying about top task: com.thundercomm.screensaver, isInMiniWindowMode: false
02-22 02:38:52.727 I/GameMode_ActivityMonitoringService( 2087): onActivityLaunch: com.thundercomm.screensaver, isGameApp: false
02-22 02:38:52.727 V/GameMode_GpuUtils( 2087): fps:60
02-22 02:38:52.728 W/WindowManager( 1503): Failed looking up window session=Session{49d8732 6011:u0a10047} callers=com.android.server.wm.WindowManagerService.windowForClientLocked:5628 com.android.server.wm.Session.insetsModified:629 android.view.IWindowSession$Stub.onTransact:1151
02-22 02:38:52.729 D/GameModeIF_GameModeSettings( 2087): getUriFor setting_content_uri_root = content://com.thundercomm.gamemode.api/gamemode_settings , name = gamemode_enable
02-22 02:38:52.730 D/KeyguardViewMediator( 1966): setOccluded true
02-22 02:38:52.730 I/wm_on_top_resumed_gained_called( 6011): [90946360,android.service.dreams.DreamActivity,topStateChangedWhenResumed]
02-22 02:38:52.731 V/KeyguardUpdateMonitor( 1966): startListeningForFingerprint()
02-22 02:38:52.731 D/KeyguardViewMediator( 1966): adjustStatusBarLocked: mShowing=false mOccluded=true isSecure=false force=false --> flags=0x0
02-22 02:38:52.742 E/ThemeUtils( 6011): View class androidx.appcompat.widget.AppCompatImageView is an AppCompat widget that can only be used with a Theme.AppCompat theme (or descendant).
02-22 02:38:52.742 E/ThemeUtils( 6011): View class androidx.appcompat.widget.AppCompatImageView is an AppCompat widget that can only be used with a Theme.AppCompat theme (or descendant).
02-22 02:38:52.742 E/ThemeUtils( 6011): View class androidx.appcompat.widget.AppCompatImageView is an AppCompat widget that can only be used with a Theme.AppCompat theme (or descendant).
02-22 02:38:52.742 E/ThemeUtils( 6011): View class androidx.appcompat.widget.AppCompatImageView is an AppCompat widget that can only be used with a Theme.AppCompat theme (or descendant).
02-22 02:38:52.749 I/input_focus( 1503): [Focus request f6eb950 com.thundercomm.screensaver/android.service.dreams.DreamActivity,reason=UpdateInputWindows]
02-22 02:38:52.759 I/GameModeConfig( 1503): isGameModeOn = false
02-22 02:38:52.759 I/GameModeConfig( 1503): isGameModeOn = false
02-22 02:38:52.760 I/GameModeConfig( 1503): isGameModeOn = false
02-22 02:38:52.761 I/sysui_multi_action( 1503): [319,56,322,53,325,5154,757,761,758,8,759,2,806,com.thundercomm.screensaver,871,android.service.dreams.DreamActivity,904,com.thundercomm.screensaver,905,0,1320,4,1321,2]
02-22 02:38:52.761 I/wm_activity_launch_time( 1503): [0,90946360,com.thundercomm.screensaver/android.service.dreams.DreamActivity,53]
02-22 02:38:52.762 I/GameModeConfig( 1503): isGameModeOn = false
02-22 02:38:52.762 I/ActivityTaskManager( 1503): Displayed com.thundercomm.screensaver/android.service.dreams.DreamActivity: +53ms
02-22 02:38:52.762 I/sysui_multi_action( 1966): [757,111,758,2]
02-22 02:38:52.763 I/sysui_multi_action( 1966): [757,111,758,2]
02-22 02:38:52.763 I/notification_enqueue( 1503): [10078,1966,com.android.systemui,2048,NULL,0,Notification(channel=updateNotification shortcut=null contentView=null vibrate=null sound=null defaults=0x0 flags=0x0 color=0x00000000 vis=PRIVATE),1]
02-22 02:38:52.766 I/EventSequenceValidator( 1503): dec AccIntentStartedEvents to 1
02-22 02:38:52.775 I/sysui_multi_action( 1966): [757,111,758,1]
02-22 02:38:52.775 I/sysui_multi_action( 1966): [757,126,758,1,759,126,927,0,928,1,1593,1]
02-22 02:38:52.775 I/sysui_multi_action( 1966): [757,113,758,1,759,113,927,1,928,1,1593,1]
02-22 02:38:52.775 I/sysui_multi_action( 1966): [757,0,758,1,759,0,927,2,928,0,1593,1]
02-22 02:38:52.775 I/sysui_multi_action( 1966): [757,0,758,1,759,0,927,3,928,0,1593,1]
02-22 02:38:52.776 I/sysui_multi_action( 1966): [757,491,758,1,759,491,927,4,928,0,1311,-1,1593,0]
02-22 02:38:52.776 I/sysui_multi_action( 1966): [757,0,758,1,759,0,927,5,928,0,1593,0]
02-22 02:38:52.776 I/sysui_multi_action( 1966): [757,111,758,1]
02-22 02:38:52.776 I/sysui_multi_action( 1966): [757,126,758,1,759,126,927,0,928,1,1593,1]
02-22 02:38:52.776 I/sysui_multi_action( 1966): [757,113,758,1,759,113,927,1,928,1,1593,1]
02-22 02:38:52.776 I/sysui_multi_action( 1966): [757,0,758,1,759,0,927,2,928,0,1593,1]
02-22 02:38:52.776 I/sysui_multi_action( 1966): [757,0,758,1,759,0,927,3,928,0,1593,1]
02-22 02:38:52.785 D/StatusBar( 1966): disable disable2
02-22 02:38:52.793 I/input_focus( 1503): [Focus entering f6eb950 com.thundercomm.screensaver/android.service.dreams.DreamActivity (server),reason=Window became focusable. Previous reason: NOT_VISIBLE]
02-22 02:38:52.805 W/System ( 1966): A resource failed to call release.
02-22 02:38:52.805 W/System ( 1966): A resource failed to call close.
02-22 02:38:52.805 W/System ( 1966): A resource failed to call close.
02-22 02:38:52.805 W/System ( 1966): A resource failed to call release.
02-22 02:38:52.820 W/FreeFormWindowHelper( 1503): Current Display FreeFormTask is null
02-22 02:38:52.820 W/FreeFormWindowHelper( 1503): Current Display FreeFormTask is null
02-22 02:38:52.887 I/GameModeConfig( 1503): isGameModeOn = false
02-22 02:38:52.888 I/commit_sys_config_file( 1503): [settings-2-0,1]
02-22 02:38:52.963 I/GameModeConfig( 1503): isGameModeOn = false
02-22 02:38:52.994 D/InterruptionStateProvider( 1966): No bubble up: not allowed to bubble: 0|com.android.systemui|2048|null|10078
02-22 02:38:52.994 D/InterruptionStateProvider( 1966): No heads up: unimportant notification: 0|com.android.systemui|2048|null|10078
02-22 02:38:52.995 D/PeopleSpaceWidgetMgr( 1966): Sbn doesn't contain valid PeopleTileKey: null/0/com.android.systemui
02-22 02:38:53.008 I/GameModeConfig( 1503): isGameModeOn = false
02-22 02:38:53.009 I/GameModeConfig( 1503): isGameModeOn = false
02-22 02:38:53.009 I/GameModeConfig( 1503): isGameModeOn = false
02-22 02:38:53.009 I/GameModeConfig( 1503): isGameModeOn = false
02-22 02:38:53.009 I/notification_enqueue( 1503): [10078,1966,com.android.systemui,2048,NULL,0,Notification(channel=updateNotification shortcut=null contentView=null vibrate=null sound=null defaults=0x0 flags=0x0 color=0x00000000 vis=PRIVATE),1]
02-22 02:38:53.009 I/sysui_multi_action( 1966): [757,111,758,2]
02-22 02:38:53.009 I/sysui_multi_action( 1966): [757,111,758,2]
02-22 02:38:53.080 W/hpplay-java( 2708): [main]:IPManager:getActiveNets invalid networkInfo:null
02-22 02:38:53.080 I/hpplay-java( 2708): [main]:IPManager:getActiveNets eth0:false wifi:false mobile:false ap:false
02-22 02:38:53.081 I/hpplay-java( 2708): [main]:ServerTaskManager:get local ip:null
02-22 02:38:53.210 I/GameModeConfig( 1503): isGameModeOn = false
02-22 02:38:53.210 E/NotificationService( 1503): Muting recently noisy 0|com.android.systemui|2048|null|10078
02-22 02:38:53.216 I/sysui_multi_action( 1503): [757,128,758,2,793,5144235,794,1681,795,5144235,796,26,798,0,806,android,857,DEVELOPER_IMPORTANT,858,4,947,0,1395,2,1500,5143830,1688,1]
02-22 02:38:53.216 I/notification_visibility( 1503): [-1|android|26|null|1000,0,5144235,5144235,0,0]
02-22 02:38:53.216 I/sysui_multi_action( 1503): [757,128,758,2,793,5144838,794,1681,795,5144838,796,32,798,1,806,android,857,USB,858,1,947,0,1395,2,1500,5144763,1688,1]
02-22 02:38:53.216 D/StatusBar( 1966): disable disable2
02-22 02:38:53.216 I/notification_visibility( 1503): [-1|android|32|null|1000,0,5144838,5144838,0,1]
02-22 02:38:53.216 I/sysui_multi_action( 1503): [757,127,758,2]
02-22 02:38:53.217 I/notification_panel_hidden( 1503):
02-22 02:38:53.217 I/BpBinder( 974): onLastStrongRef automatically unlinking death recipients:
02-22 02:38:53.230 D/InterruptionStateProvider( 1966): No bubble up: not allowed to bubble: 0|com.android.systemui|2048|null|10078
02-22 02:38:53.230 D/InterruptionStateProvider( 1966): No heads up: unimportant notification: 0|com.android.systemui|2048|null|10078
02-22 02:38:53.231 D/PeopleSpaceWidgetMgr( 1966): Sbn doesn't contain valid PeopleTileKey: null/0/com.android.systemui
02-22 02:38:53.234 I/mpu_uart( 644): [MSG-P:RECV]:No message received in 1000 ms
02-22 02:38:53.244 V/KeyguardUpdateMonitor( 1966): *** unregister callback for com.android.keyguard.CarrierTextManager$2@ed72c51
02-22 02:38:53.261 I/wm_stop_activity( 1503): [0,92420193,com.android.settings/.Settings]
02-22 02:38:53.282 I/wm_on_stop_called( 7428): [92420193,com.android.settings.Settings,STOP_ACTIVITY_ITEM]
02-22 02:38:53.326 W/Choreographer( 6011): Frame time is 0.185191 ms in the future! Check that graphics HAL is generating vsync timestamps using the correct timebase.
02-22 02:38:53.326 W/Choreographer( 1503): Frame time is 0.191493 ms in the future! Check that graphics HAL is generating vsync timestamps using the correct timebase.
02-22 02:38:53.326 W/Choreographer( 1966): Frame time is 0.026806 ms in the future! Check that graphics HAL is generating vsync timestamps using the correct timebase.
02-22 02:38:53.344 W/System ( 1503): A resource failed to call close.
02-22 02:38:53.344 W/System ( 1503): A resource failed to call release.
02-22 02:38:53.345 W/System ( 1503): A resource failed to call release.
02-22 02:38:53.345 W/System ( 1503): A resource failed to call close.
02-22 02:38:53.373 D/RemoteControlService( 2307): startVlanDispatchThread
02-22 02:38:53.575 I/input_interaction( 1503): Interaction with: f6eb950 com.thundercomm.screensaver/android.service.dreams.DreamActivity (server), edge-swipe (server), swipe-up (server), PointerEventDispatcher0 (server),
02-22 02:38:53.575 I/wm_finish_activity( 1503): [0,90946360,123,com.thundercomm.screensaver/android.service.dreams.DreamActivity,finish-activity]
02-22 02:38:53.575 I/wm_task_moved( 1503): [110,1,6]
02-22 02:38:53.575 I/wm_task_to_front( 1503): [0,110]
02-22 02:38:53.576 I/wm_focused_root_task( 1503): [0,0,110,123,finish-top adjustFocusToNextFocusableTask]
02-22 02:38:53.576 D/ActivityTrigger( 1503): ActivityTrigger activityPauseTrigger
02-22 02:38:53.576 I/wm_pause_activity( 1503): [0,90946360,com.thundercomm.screensaver/android.service.dreams.DreamActivity,userLeaving=false,finish]
02-22 02:38:53.578 I/DreamManagerService( 1503): Gently waking up from dream.
02-22 02:38:53.578 I/sysui_multi_action( 1503): [757,803,799,window_time_0,802,1]
02-22 02:38:53.578 I/DreamManagerService( 1503): Performing gentle wake from dream.
02-22 02:38:53.579 I/wm_on_top_resumed_lost_called( 6011): [90946360,android.service.dreams.DreamActivity,topStateChangedWhenResumed]
02-22 02:38:53.579 I/wm_on_paused_called( 6011): [90946360,android.service.dreams.DreamActivity,performPause]
02-22 02:38:53.579 I/wm_add_to_stopping( 1503): [0,90946360,com.thundercomm.screensaver/android.service.dreams.DreamActivity,completeFinishing]
02-22 02:38:53.579 I/ActivityTaskManager( 1503): FOREGROUND_APPLICATION_CHANGED to com.android.settings.homepage.SettingsHomepageActivity
02-22 02:38:53.580 I/wm_set_resumed_activity( 1503): [0,com.android.settings/.Settings,resumeTopActivityInnerLocked]
02-22 02:38:53.580 D/KeyguardViewMediator( 1966): setOccluded false
02-22 02:38:53.580 D/StatusBar( 1966): disable disable2
02-22 02:38:53.580 I/wm_resume_activity( 1503): [0,92420193,110,com.android.settings/.Settings]
02-22 02:38:53.581 D/KeyguardViewMediator( 1966): adjustStatusBarLocked: mShowing=false mOccluded=false isSecure=false force=false --> flags=0x0
02-22 02:38:53.583 I/sysui_multi_action( 1503): [757,803,799,window_time_0,802,0]
02-22 02:38:53.584 I/GameMode_ActivityMonitoringService( 2087): Notifying about top task: com.android.settings, isInMiniWindowMode: false
02-22 02:38:53.584 I/GameMode_ActivityMonitoringService( 2087): onActivityLaunch: com.android.settings, isGameApp: false
02-22 02:38:53.584 V/GameMode_GpuUtils( 2087): fps:60
02-22 02:38:53.584 D/GameModeIF_GameModeSettings( 2087): getUriFor setting_content_uri_root = content://com.thundercomm.gamemode.api/gamemode_settings , name = gamemode_enable
02-22 02:38:53.595 I/input_focus( 1503): [Focus leaving f6eb950 com.thundercomm.screensaver/android.service.dreams.DreamActivity (server),reason=NO_WINDOW]
02-22 02:38:53.595 I/view_enqueue_input_event( 6011): [Motion - Cancel,com.thundercomm.screensaver/android.service.dreams.DreamActivity]
02-22 02:38:53.595 I/wm_on_restart_called( 7428): [92420193,com.android.settings.Settings,performRestartActivity]
02-22 02:38:53.596 W/BatteryBroadcastRcvr( 7428): Problem reading the battery meter.
02-22 02:38:53.596 I/wm_on_start_called( 7428): [92420193,com.android.settings.Settings,handleStartActivity]
02-22 02:38:53.596 I/snet_event_log( 7428): [120484087,-1,]
02-22 02:38:53.597 I/wm_on_resume_called( 7428): [92420193,com.android.settings.Settings,RESUME_ACTIVITY]
02-22 02:38:53.597 I/sysui_multi_action( 7428): [757,35,758,1,833,0,1089,0]
02-22 02:38:53.598 I/sysui_multi_action( 7428): [757,47,758,1,833,0,1089,0]
02-22 02:38:53.598 D/UsageGraph( 7428): No enabled state changed, skipping updateCategory call
02-22 02:38:53.598 D/BatteryTipLoader( 7428): BatteryInfoLoader post query: 0ms
02-22 02:38:53.599 D/BatteryInfo( 7428): time for getBatteryInfo: 1ms
02-22 02:38:53.599 D/BatteryTipLoader( 7428): BatteryInfoLoader.loadInBackground: 1ms
02-22 02:38:53.599 D/BatteryInfo( 7428): time for getStats: 0ms
02-22 02:38:53.599 D/BatteryInfo( 7428): time for regular BatteryInfo: 0ms
02-22 02:38:53.599 D/BatteryInfo( 7428): time for getBatteryInfo: 0ms
02-22 02:38:53.599 I/input_interaction( 1503): Interaction with: edge-swipe (server), swipe-up (server), PointerEventDispatcher0 (server),
02-22 02:38:53.601 D/DashboardFragment( 7428): Cannot find preference with key when_to_start in Controller WhenToDreamPreferenceController
02-22 02:38:53.602 I/wm_on_top_resumed_gained_called( 7428): [92420193,com.android.settings.Settings,topWhenResuming]
02-22 02:38:53.610 I/BpBinder( 974): onLastStrongRef automatically unlinking death recipients:
02-22 02:38:53.614 I/input_focus( 1503): [Focus request c2feca5 com.android.settings/com.android.settings.Settings,reason=UpdateInputWindows]
02-22 02:38:53.617 W/BatteryBroadcastRcvr( 7428): Problem reading the battery meter.
02-22 02:38:53.618 D/BatteryInfo( 7428): time for callback: 0ms
02-22 02:38:53.619 D/BatteryInfo( 7428): time for getStats: 0ms
02-22 02:38:53.619 D/BatteryInfo( 7428): time for regular BatteryInfo: 0ms
02-22 02:38:53.619 D/BatteryInfo( 7428): time for getBatteryInfo: 0ms
02-22 02:38:53.621 D/BatteryTipLoader( 7428): BatteryInfoLoader post query: 0ms
02-22 02:38:53.621 D/BatteryInfo( 7428): time for getBatteryInfo: 0ms
02-22 02:38:53.621 D/BatteryTipLoader( 7428): BatteryInfoLoader.loadInBackground: 0ms
02-22 02:38:53.628 D/BatteryInfo( 7428): time for callback: 0ms
02-22 02:38:53.629 I/input_focus( 1503): [Focus entering c2feca5 com.android.settings/com.android.settings.Settings (server),reason=setFocusedWindow]
02-22 02:38:53.629 I/PowerManagerService( 1503): Powering on display group fromDreaming (groupId=0, uid=1000, reason=WAKE_REASON_UNKNOWN, details=android.server.power:DREAM_FINISHED)...
02-22 02:38:53.629 I/PowerManagerService( 1503): Waking up from Dreaming (uid=1000, reason=WAKE_REASON_UNKNOWN, details=android.server.power:DREAM_FINISHED)...
02-22 02:38:53.680 W/FreeFormWindowHelper( 1503): Current Display FreeFormTask is null
02-22 02:38:53.681 W/FreeFormWindowHelper( 1503): Current Display FreeFormTask is null
02-22 02:38:54.082 W/hpplay-java( 2708): [main]:IPManager:getActiveNets invalid networkInfo:null
02-22 02:38:54.082 I/hpplay-java( 2708): [main]:IPManager:getActiveNets eth0:false wifi:false mobile:false ap:false
02-22 02:38:54.082 I/hpplay-java( 2708): [main]:ServerTaskManager:get local ip:null
02-22 02:38:54.128 I/wm_destroy_activity( 1503): [0,90946360,123,com.thundercomm.screensaver/android.service.dreams.DreamActivity,finish-imm:idle]
02-22 02:38:54.146 I/wm_on_stop_called( 6011): [90946360,android.service.dreams.DreamActivity,LIFECYCLER_STOP_ACTIVITY]
02-22 02:38:54.146 I/wm_on_destroy_called( 6011): [90946360,android.service.dreams.DreamActivity,performDestroy]
02-22 02:38:54.147 I/DreamManagerService( 1503): Leaving dreamland.
02-22 02:38:54.147 I/DreamManagerService( 1503): Performing gentle wake from dream.
02-22 02:38:54.147 I/DreamController( 1503): Stopping dream: name=ComponentInfo{com.thundercomm.screensaver/com.thundercomm.saverclock.service.ClockScreensaver}, isTest=false, canDoze=false, userId=0, reason='finished self'(from 'finished self')
02-22 02:38:54.147 I/sysui_multi_action( 1503): [757,222,758,2]
02-22 02:38:54.147 I/sysui_multi_action( 1503): [757,804,799,dreaming_minutes,801,0,802,1]
02-22 02:38:54.147 W/InputManager-JNI( 1503): Input channel object 'f6eb950 com.thundercomm.screensaver/android.service.dreams.DreamActivity (client)' was disposed without first being removed with the input manager!
02-22 02:38:54.151 I/wm_task_removed( 1503): [123,removeChild:removeChild last r=ActivityRecord{56bbb38 u0 com.thundercomm.screensaver/android.service.dreams.DreamActivity t-1 f}} in t=Task{d7f0703 #123 type=dream A=10047:android:com.thundercomm.screensaver/dream U=0 visible=false mode=fullscreen translucent=true sz=0}]
02-22 02:38:54.151 I/wm_task_removed( 1503): [123,removeChild]
02-22 02:38:54.152 W/ActivityTaskManager( 1503): Can't find TaskDisplayArea to determine support for multi window. Task id=123 attached=false
02-22 02:38:54.234 I/mpu_uart( 644): [MSG-P:RECV]:No message received in 1000 ms
02-22 02:38:54.399 I/input_interaction( 1503): Interaction with: c2feca5 com.android.settings/com.android.settings.Settings (server), edge-swipe (server), swipe-up (server), PointerEventDispatcher0 (server),
02-22 02:38:54.545 W/Choreographer( 7428): Frame time is 0.3551 ms in the future! Check that graphics HAL is generating vsync timestamps using the correct timebase.
02-22 02:38:54.549 I/DashboardFragment( 7428): onPreferenceTreeClick: onPreferenceTreeClick::null
02-22 02:38:54.549 I/sysui_multi_action( 7428): [757,830,758,4,833,0,854,dream_start_button_container,1089,0]
02-22 02:38:54.757 I/commit_sys_config_file( 1503): [settings-2-0,7]
02-22 02:38:54.863 I/mpu_uart( 644): [MSG-P:R]:recv sync frame timeout
02-22 02:38:55.017 I/input_interaction( 1503): Interaction with: a916dde StatusBar (server), edge-swipe (server), swipe-up (server), PointerEventDispatcher0 (server),
01-01 13:26:43.093 E/DTC_ETH,link_delay_work_func( 0): 3003, SQI=0, link=0
02-22 02:38:55.069 D/StatusBar( 1966): disable disable2
02-22 02:38:55.070 I/sysui_multi_action( 1503): [757,127,758,1]
02-22 02:38:55.070 I/sysui_multi_action( 1503): [757,804,799,note_load,801,2,802,1]
02-22 02:38:55.071 I/notification_panel_revealed( 1503): 2
02-22 02:38:55.084 W/hpplay-java( 2708): [main]:IPManager:getActiveNets invalid networkInfo:null
02-22 02:38:55.084 I/hpplay-java( 2708): [main]:IPManager:getActiveNets eth0:false wifi:false mobile:false ap:false
02-22 02:38:55.084 I/hpplay-java( 2708): [main]:ServerTaskManager:get local ip:null
02-22 02:38:55.086 I/sysui_multi_action( 1503): [757,128,758,1,793,5146105,794,0,795,5146105,796,26,798,0,806,android,857,DEVELOPER_IMPORTANT,858,4,947,0,1395,2,1500,5145700,1688,1]
02-22 02:38:55.086 I/sysui_multi_action( 1503): [757,804,799,note_freshness,801,5146105,802,1]
02-22 02:38:55.086 I/notification_visibility( 1503): [-1|android|26|null|1000,1,5146105,5146105,0,0]
02-22 02:38:55.086 I/sysui_multi_action( 1503): [757,128,758,1,793,5146708,794,0,795,5146708,796,32,798,1,806,android,857,USB,858,1,947,0,1395,2,1500,5146633,1688,1]
02-22 02:38:55.086 I/sysui_multi_action( 1503): [757,804,799,note_freshness,801,5146708,802,1]
02-22 02:38:55.087 I/notification_visibility( 1503): [-1|android|32|null|1000,1,5146708,5146708,0,1]
02-22 02:38:55.093 I/input_focus( 1503): [Focus request 91ac81d NotificationShade,reason=UpdateInputWindows]
02-22 02:38:55.116 I/input_focus( 1503): [Focus leaving c2feca5 com.android.settings/com.android.settings.Settings (server),reason=setFocusedWindow]
02-22 02:38:55.116 I/input_focus( 1503): [Focus entering 91ac81d NotificationShade (server),reason=setFocusedWindow]
02-22 02:38:55.131 I/sysui_multi_action( 1966): [757,111,758,1]
02-22 02:38:55.132 I/sysui_multi_action( 1966): [757,126,758,1,759,126,927,0,928,1,1593,0]
02-22 02:38:55.132 I/sysui_multi_action( 1966): [757,113,758,1,759,113,927,1,928,1,1593,0]
02-22 02:38:55.132 I/sysui_multi_action( 1966): [757,0,758,1,759,0,927,2,928,0,1593,0]
02-22 02:38:55.132 I/sysui_multi_action( 1966): [757,0,758,1,759,0,927,3,928,0,1593,0]
02-22 02:38:55.133 I/sysui_multi_action( 1966): [757,491,758,1,759,491,927,4,928,0,1311,-1,1593,0]
02-22 02:38:55.133 I/sysui_multi_action( 1966): [757,0,758,1,759,0,927,5,928,0,1593,0]
02-22 02:38:55.133 I/sysui_multi_action( 1966): [757,111,758,1]
02-22 02:38:55.133 I/sysui_multi_action( 1966): [757,126,758,1,759,126,927,0,928,1,1593,0]
02-22 02:38:55.133 I/sysui_multi_action( 1966): [757,113,758,1,759,113,927,1,928,1,1593,0]
02-22 02:38:55.133 I/sysui_multi_action( 1966): [757,0,758,1,759,0,927,2,928,0,1593,0]
02-22 02:38:55.133 I/sysui_multi_action( 1966): [757,0,758,1,759,0,927,3,928,0,1593,0]
02-22 02:38:55.234 I/mpu_uart( 644): [MSG-P:RECV]:No message received in 1000 ms
02-22 02:38:55.932 E/tlogd ( 1270): [TzLogger](isPathReadable) file /sys/kernel/debug/tzdbg/qsee_log isn't exist or no permission, err: No such file or directory
02-22 02:38:55.932 E/tlogd ( 1270): [TzLogger](saveTzlogAsync) /sys/kernel/debug/tzdbg/qsee_log can not read.
02-22 02:38:55.932 E/tlogd ( 1270): [TzLogger](isPathReadable) file /sys/kernel/debug/tzdbg/log isn't exist or no permission, err: No such file or directory
02-22 02:38:55.932 E/tlogd ( 1270): [TzLogger](saveTzlogAsync) /sys/kernel/debug/tzdbg/log can not read.
02-22 02:38:55.994 I/GameModeConfig( 1503): isGameModeOn = false
02-22 02:38:56.062 I/input_interaction( 1503): Interaction with: 91ac81d NotificationShade (server), edge-swipe (server), swipe-up (server), PointerEventDispatcher0 (server),
02-22 02:38:56.086 W/hpplay-java( 2708): [main]:IPManager:getActiveNets invalid networkInfo:null
02-22 02:38:56.086 I/hpplay-java( 2708): [main]:IPManager:getActiveNets eth0:false wifi:false mobile:false ap:false
02-22 02:38:56.086 I/hpplay-java( 2708): [main]:ServerTaskManager:get local ip:null
02-22 02:38:56.181 I/GameModeConfig( 1503): isGameModeOn = false
02-22 02:38:56.210 I/GameModeConfig( 1503): isGameModeOn = false
02-22 02:38:56.218 I/PowerManagerService( 1503): Napping display group (groupId=0, uid=1000)...
02-22 02:38:56.218 I/PowerManagerService( 1503): Nap time (uid 1000)...
02-22 02:38:56.220 I/PowerManagerService( 1503): Powering on display group fromDreaming (groupId=0, uid=1000, reason=WAKE_REASON_UNKNOWN, details=android.server.power:DREAM_FINISHED)...
02-22 02:38:56.220 I/PowerManagerService( 1503): Waking up from Dreaming (uid=1000, reason=WAKE_REASON_UNKNOWN, details=android.server.power:DREAM_FINISHED)...
02-22 02:38:56.235 I/mpu_uart( 644): [MSG-P:RECV]:No message received in 1000 ms
02-22 02:38:56.244 I/service_manager_slow( 1503): [14,phone]
02-22 02:38:56.412 I/GameModeConfig( 1503): isGameModeOn = false
02-22 02:38:56.425 I/commit_sys_config_file( 1503): [settings-2-0,9]
02-22 02:38:57.087 W/hpplay-java( 2708): [main]:IPManager:getActiveNets invalid networkInfo:null
02-22 02:38:57.087 I/hpplay-java( 2708): [main]:IPManager:getActiveNets eth0:false wifi:false mobile:false ap:false
02-22 02:38:57.087 I/hpplay-java( 2708): [main]:ServerTaskManager:get local ip:null
02-22 02:38:57.235 I/mpu_uart( 644): [MSG-P:RECV]:No message received in 1000 ms
02-22 02:38:57.866 I/mpu_uart( 644): [MSG-P:R]:recv sync frame timeout
02-22 02:38:58.090 W/hpplay-java( 2708): [main]:IPManager:getActiveNets invalid networkInfo:null
02-22 02:38:58.090 I/hpplay-java( 2708): [main]:IPManager:getActiveNets eth0:false wifi:false mobile:false ap:false
02-22 02:38:58.090 I/hpplay-java( 2708): [main]:ServerTaskManager:get local ip:null
02-22 02:38:58.235 I/mpu_uart( 644): [MSG-P:RECV]:No message received in 1000 ms
02-22 02:38:58.380 D/RemoteControlService( 2307): startVlanDispatchThread
02-22 02:38:59.093 W/hpplay-java( 2708): [main]:IPManager:getActiveNets invalid networkInfo:null
02-22 02:38:59.093 I/hpplay-java( 2708): [main]:IPManager:getActiveNets eth0:false wifi:false mobile:false ap:false
02-22 02:38:59.093 I/hpplay-java( 2708): [main]:ServerTaskManager:get local ip:null
02-22 02:38:59.235 I/mpu_uart( 644): [MSG-P:RECV]:No message received in 1000 ms
02-22 02:38:59.289 I/GameModeConfig( 1503): isGameModeOn = false
02-22 02:38:59.489 I/GameModeConfig( 1503): isGameModeOn = false
02-22 02:38:59.534 I/GameModeConfig( 1503): isGameModeOn = false
02-22 02:38:59.737 I/GameModeConfig( 1503): isGameModeOn = false
02-22 02:39:00.004 D/KeyguardUpdateMonitor( 1966): received broadcast android.intent.action.TIME_TICK
02-22 02:39:00.009 D/KeyguardUpdateMonitor( 1966): handleTimeUpdate
02-22 02:39:00.051 I/OpenGLRenderer( 1966): Davey! duration=9223366875029ms; Flags=0, FrameTimelineVsyncId=112580, IntendedVsync=5161824663528, Vsync=5161824663528, InputEventId=0, HandleInputStart=5161825328653, AnimationStart=5161825334018, PerformTraversalsStart=5161825337455, DrawStart=5161832837976, FrameDeadline=5161857996860, FrameInterval=5161825316049, FrameStartTime=16666666, SyncQueued=5161833621518, SyncStart=5161833811934, IssueDrawCommandsStart=5161834974955, SwapBuffers=5161842512611, FrameCompleted=9223372036854775807, DequeueBufferDuration=37865, QueueBufferDuration=1592552, GpuCompleted=9223372036854775807, SwapBuffersCompleted=5161844954903, DisplayPresentTime=0,
02-22 02:39:00.095 W/hpplay-java( 2708): [main]:IPManager:getActiveNets invalid networkInfo:null
02-22 02:39:00.095 I/hpplay-java( 2708): [main]:IPManager:getActiveNets eth0:false wifi:false mobile:false ap:false
02-22 02:39:00.095 I/hpplay-java( 2708): [main]:ServerTaskManager:get local ip:null
01-01 13:26:48.214 E/DTC_ETH,link_delay_work_func( 0): 3003, SQI=0, link=0
02-22 02:39:00.236 I/mpu_uart( 644): [MSG-P:RECV]:No message received in 1000 ms
02-22 02:39:00.870 I/mpu_uart( 644): [MSG-P:R]:recv sync frame timeout
02-22 02:39:00.933 E/tlogd ( 1270): [TzLogger](isPathReadable) file /sys/kernel/debug/tzdbg/qsee_log isn't exist or no permission, err: No such file or directory
02-22 02:39:00.933 E/tlogd ( 1270): [TzLogger](saveTzlogAsync) /sys/kernel/debug/tzdbg/qsee_log can not read.
02-22 02:39:00.933 E/tlogd ( 1270): [TzLogger](isPathReadable) file /sys/kernel/debug/tzdbg/log isn't exist or no permission, err: No such file or directory
02-22 02:39:00.933 E/tlogd ( 1270): [TzLogger](saveTzlogAsync) /sys/kernel/debug/tzdbg/log can not read.
02-22 02:39:01.097 W/hpplay-java( 2708): [main]:IPManager:getActiveNets invalid networkInfo:null
02-22 02:39:01.097 I/hpplay-java( 2708): [main]:IPManager:getActiveNets eth0:false wifi:false mobile:false ap:false
02-22 02:39:01.098 I/hpplay-java( 2708): [main]:ServerTaskManager:get local ip:null
02-22 02:39:01.236 I/mpu_uart( 644): [MSG-P:RECV]:No message received in 1000 ms
02-22 02:39:02.100 W/hpplay-java( 2708): [main]:IPManager:getActiveNets invalid networkInfo:null
02-22 02:39:02.100 I/hpplay-java( 2708): [main]:IPManager:getActiveNets eth0:false wifi:false mobile:false ap:false
02-22 02:39:02.100 I/hpplay-java( 2708): [main]:ServerTaskManager:get local ip:null
02-22 02:39:02.236 I/mpu_uart( 644): [MSG-P:RECV]:No message received in 1000 ms
02-22 02:39:02.768 I/GameModeConfig( 1503): isGameModeOn = false
02-22 02:39:02.964 I/GameModeConfig( 1503): isGameModeOn = false
02-22 02:39:03.009 I/GameModeConfig( 1503): isGameModeOn = false
02-22 02:39:03.102 W/hpplay-java( 2708): [main]:IPManager:getActiveNets invalid networkInfo:null
02-22 02:39:03.102 I/hpplay-java( 2708): [main]:IPManager:getActiveNets eth0:false wifi:false mobile:false ap:false
02-22 02:39:03.102 I/hpplay-java( 2708): [main]:ServerTaskManager:get local ip:null
02-22 02:39:03.212 I/GameModeConfig( 1503): isGameModeOn = false
02-22 02:39:03.221 D/InterruptionStateProvider( 1966): No alerting: filtered notification: 0|com.android.systemui|1|empty_media|10078
02-22 02:39:03.221 D/InterruptionStateProvider( 1966): No bubble up: not allowed to bubble: -1|android|26|null|1000
02-22 02:39:03.221 D/InterruptionStateProvider( 1966): No bubble up: not allowed to bubble: 0|com.android.systemui|2048|null|10078
02-22 02:39:03.221 D/InterruptionStateProvider( 1966): No bubble up: not allowed to bubble: -1|android|32|null|1000
02-22 02:39:03.236 I/mpu_uart( 644): [MSG-P:RECV]:No message received in 1000 ms
02-22 02:39:03.393 D/RemoteControlService( 2307): startVlanDispatchThread
02-22 02:39:03.873 I/mpu_uart( 644): [MSG-P:R]:recv sync frame timeout
02-22 02:39:03.874 I/am_uid_idle( 1503): 10086
02-22 02:39:04.104 W/hpplay-java( 2708): [main]:IPManager:getActiveNets invalid networkInfo:null
02-22 02:39:04.104 I/hpplay-java( 2708): [main]:IPManager:getActiveNets eth0:false wifi:false mobile:false ap:false
02-22 02:39:04.104 I/hpplay-java( 2708): [main]:ServerTaskManager:get local ip:null
02-22 02:39:04.237 I/mpu_uart( 644): [MSG-P:RECV]:No message received in 1000 ms
02-22 02:39:05.106 W/hpplay-java( 2708): [main]:IPManager:getActiveNets invalid networkInfo:null
02-22 02:39:05.107 I/hpplay-java( 2708): [main]:IPManager:getActiveNets eth0:false wifi:false mobile:false ap:false
02-22 02:39:05.107 I/hpplay-java( 2708): [main]:ServerTaskManager:get local ip:null
02-22 02:39:05.237 I/mpu_uart( 644): [MSG-P:RECV]:No message received in 1000 ms
01-01 13:26:53.333 E/DTC_ETH,link_delay_work_func( 0): 3003, SQI=0, link=0
02-22 02:39:05.934 E/tlogd ( 1270): [TzLogger](isPathReadable) file /sys/kernel/debug/tzdbg/qsee_log isn't exist or no permission, err: No such file or directory
02-22 02:39:05.934 E/tlogd ( 1270): [TzLogger](saveTzlogAsync) /sys/kernel/debug/tzdbg/qsee_log can not read.
02-22 02:39:05.934 E/tlogd ( 1270): [TzLogger](isPathReadable) file /sys/kernel/debug/tzdbg/log isn't exist or no permission, err: No such file or directory
02-22 02:39:05.934 E/tlogd ( 1270): [TzLogger](saveTzlogAsync) /sys/kernel/debug/tzdbg/log can not read.
02-22 02:39:06.108 W/hpplay-java( 2708): [main]:IPManager:getActiveNets invalid networkInfo:null
02-22 02:39:06.109 I/hpplay-java( 2708): [main]:IPManager:getActiveNets eth0:false wifi:false mobile:false ap:false
02-22 02:39:06.109 I/hpplay-java( 2708): [main]:ServerTaskManager:get local ip:null
02-22 02:39:06.237 I/mpu_uart( 644): [MSG-P:RECV]:No message received in 1000 ms
02-22 02:39:06.876 I/mpu_uart( 644): [MSG-P:R]:recv sync frame timeout
02-22 02:39:07.110 W/hpplay-java( 2708): [main]:IPManager:getActiveNets invalid networkInfo:null
02-22 02:39:07.111 I/hpplay-java( 2708): [main]:IPManager:getActiveNets eth0:false wifi:false mobile:false ap:false
02-22 02:39:07.111 I/hpplay-java( 2708): [main]:ServerTaskManager:get local ip:null
02-22 02:39:07.237 I/mpu_uart( 644): [MSG-P:RECV]:No message received in 1000 ms
02-22 02:39:08.076 I/selfinstaller( 1191): create socket failed: Network is unreachable 101
02-22 02:39:08.113 W/hpplay-java( 2708): [main]:IPManager:getActiveNets invalid networkInfo:null
02-22 02:39:08.113 I/hpplay-java( 2708): [main]:IPManager:getActiveNets eth0:false wifi:false mobile:false ap:false
02-22 02:39:08.113 I/hpplay-java( 2708): [main]:ServerTaskManager:get local ip:null
02-22 02:39:08.238 I/mpu_uart( 644): [MSG-P:RECV]:No message received in 1000 ms