02-22 02:32:53.612 I/sysui_multi_action( 1966): [757,0,758,1,759,0,927,3,928,0,1593,1]
02-22 02:32:53.612 I/input_focus( 1503): [Focus entering d3fa392 com.thundercomm.screensaver/android.service.dreams.DreamActivity (server),reason=Window became focusable. Previous reason: NOT_VISIBLE]
02-22 02:32:53.862 I/notification_enqueue( 1503): [10078,1966,com.android.systemui,2048,NULL,0,Notification(channel=updateNotification shortcut=null contentView=null vibrate=null sound=null defaults=0x0 flags=0x0 color=0x00000000 vis=PRIVATE),1]
02-22 02:32:53.862 I/sysui_multi_action( 1966): [757,111,758,2]
02-22 02:32:53.863 I/sysui_multi_action( 1966): [757,111,758,2]
02-22 02:32:54.068 I/sysui_multi_action( 1503): [757,128,758,2,793,4785087,794,4727,795,4785087,796,26,798,0,806,android,857,DEVELOPER_IMPORTANT,858,4,947,0,1395,2,1500,4784682,1688,1]
02-22 02:32:54.068 I/notification_visibility( 1503): [-1|android|26|null|1000,0,4785087,4785087,0,0]
02-22 02:32:54.069 I/sysui_multi_action( 1503): [757,128,758,2,793,4785691,794,4727,795,4785691,796,32,798,1,806,android,857,USB,858,1,947,0,1395,2,1500,4785616,1688,1]
02-22 02:32:54.069 I/notification_visibility( 1503): [-1|android|32|null|1000,0,4785691,4785691,0,1]
02-22 02:32:54.069 I/sysui_multi_action( 1503): [757,127,758,2]
02-22 02:32:54.069 I/notification_panel_hidden( 1503):
02-22 02:32:54.097 I/wm_stop_activity( 1503): [0,250080366,com.android.settings/.Settings]
02-22 02:32:54.121 I/wm_on_stop_called( 4132): [250080366,com.android.settings.Settings,STOP_ACTIVITY_ITEM]
02-22 02:32:54.802 I/input_interaction( 1503): Interaction with: d3fa392 com.thundercomm.screensaver/android.service.dreams.DreamActivity (server), edge-swipe (server), swipe-up (server), PointerEventDispatcher0 (server),
02-22 02:32:54.803 I/wm_finish_activity( 1503): [0,53962554,64,com.thundercomm.screensaver/android.service.dreams.DreamActivity,finish-activity]
02-22 02:32:54.803 I/wm_task_moved( 1503): [45,1,8]
02-22 02:32:54.803 I/wm_task_to_front( 1503): [0,45]
02-22 02:32:54.803 I/wm_focused_root_task( 1503): [0,0,45,64,finish-top adjustFocusToNextFocusableTask]
02-22 02:32:54.803 I/wm_pause_activity( 1503): [0,53962554,com.thundercomm.screensaver/android.service.dreams.DreamActivity,userLeaving=false,finish]
02-22 02:32:54.805 I/wm_on_top_resumed_lost_called( 6011): [53962554,android.service.dreams.DreamActivity,topStateChangedWhenResumed]
02-22 02:32:54.805 I/sysui_multi_action( 1503): [757,803,799,window_time_0,802,1]
02-22 02:32:54.805 I/wm_on_paused_called( 6011): [53962554,android.service.dreams.DreamActivity,performPause]
02-22 02:32:54.805 I/wm_add_to_stopping( 1503): [0,53962554,com.thundercomm.screensaver/android.service.dreams.DreamActivity,completeFinishing]
02-22 02:32:54.806 I/wm_set_resumed_activity( 1503): [0,com.android.settings/.Settings,resumeTopActivityInnerLocked]
02-22 02:32:54.807 I/wm_resume_activity( 1503): [0,250080366,45,com.android.settings/.Settings]
02-22 02:32:54.809 I/sysui_multi_action( 1503): [757,803,799,window_time_0,802,0]
02-22 02:32:54.815 I/view_enqueue_input_event( 6011): [Motion - Cancel,com.thundercomm.screensaver/android.service.dreams.DreamActivity]
02-22 02:32:54.815 I/input_focus( 1503): [Focus leaving d3fa392 com.thundercomm.screensaver/android.service.dreams.DreamActivity (server),reason=NO_WINDOW]
02-22 02:32:54.815 I/wm_on_restart_called( 4132): [250080366,com.android.settings.Settings,performRestartActivity]
02-22 02:32:54.817 I/wm_on_start_called( 4132): [250080366,com.android.settings.Settings,handleStartActivity]
02-22 02:32:54.817 I/snet_event_log( 4132): [120484087,-1,]
02-22 02:32:54.817 I/wm_on_resume_called( 4132): [250080366,com.android.settings.Settings,RESUME_ACTIVITY]
02-22 02:32:54.817 I/sysui_multi_action( 4132): [757,35,758,1,833,0,1089,0]
02-22 02:32:54.818 I/sysui_multi_action( 4132): [757,47,758,1,833,0,1089,0]
02-22 02:32:54.822 I/wm_on_top_resumed_gained_called( 4132): [250080366,com.android.settings.Settings,topWhenResuming]
02-22 02:32:54.826 I/input_interaction( 1503): Interaction with: edge-swipe (server), swipe-up (server), PointerEventDispatcher0 (server),
02-22 02:32:54.834 I/input_focus( 1503): [Focus request ab95283 com.android.settings/com.android.settings.Settings,reason=UpdateInputWindows]
02-22 02:32:54.850 I/input_focus( 1503): [Focus entering ab95283 com.android.settings/com.android.settings.Settings (server),reason=setFocusedWindow]
02-22 02:32:55.349 I/wm_destroy_activity( 1503): [0,53962554,64,com.thundercomm.screensaver/android.service.dreams.DreamActivity,finish-imm:idle]
02-22 02:32:55.367 I/wm_on_stop_called( 6011): [53962554,android.service.dreams.DreamActivity,LIFECYCLER_STOP_ACTIVITY]
02-22 02:32:55.368 I/wm_on_destroy_called( 6011): [53962554,android.service.dreams.DreamActivity,performDestroy]
02-22 02:32:55.368 I/sysui_multi_action( 1503): [757,222,758,2]
02-22 02:32:55.368 I/sysui_multi_action( 1503): [757,804,799,dreaming_minutes,801,0,802,1]
02-22 02:32:55.371 I/wm_task_removed( 1503): [64,removeChild:removeChild last r=ActivityRecord{337673a u0 com.thundercomm.screensaver/android.service.dreams.DreamActivity t-1 f}} in t=Task{b3066de #64 type=dream A=10047:android:com.thundercomm.screensaver/dream U=0 visible=false mode=fullscreen translucent=true sz=0}]
02-22 02:32:55.371 I/wm_task_removed( 1503): [64,removeChild]
02-22 02:32:56.492 I/input_interaction( 1503): Interaction with: ab95283 com.android.settings/com.android.settings.Settings (server), edge-swipe (server), swipe-up (server), PointerEventDispatcher0 (server),
02-22 02:32:56.615 I/sysui_multi_action( 4132): [757,830,758,4,833,0,854,dream_start_button_container,1089,0]
02-22 02:32:56.822 I/commit_sys_config_file( 1503): [settings-2-0,8]
02-22 02:32:58.001 I/input_interaction( 1503): Interaction with: a916dde StatusBar (server), edge-swipe (server), swipe-up (server), PointerEventDispatcher0 (server),
02-22 02:32:58.005 I/sysui_multi_action( 1966): [757,803,799,panel_open,802,1]
02-22 02:32:58.007 I/sysui_multi_action( 1966): [757,1328,758,4,1326,46,1327,1,1329,0]
02-22 02:32:58.094 I/sysui_multi_action( 1503): [757,127,758,1]
02-22 02:32:58.094 I/sysui_multi_action( 1503): [757,804,799,note_load,801,2,802,1]
02-22 02:32:58.094 I/notification_panel_revealed( 1503): 2
02-22 02:32:58.102 I/input_focus( 1503): [Focus request 91ac81d NotificationShade,reason=UpdateInputWindows]
02-22 02:32:58.112 I/sysui_multi_action( 1503): [757,128,758,1,793,4789131,794,0,795,4789131,796,26,798,0,806,android,857,DEVELOPER_IMPORTANT,858,4,947,0,1395,2,1500,4788726,1688,1]
02-22 02:32:58.112 I/sysui_multi_action( 1503): [757,804,799,note_freshness,801,4789131,802,1]
02-22 02:32:58.113 I/notification_visibility( 1503): [-1|android|26|null|1000,1,4789131,4789131,0,0]
02-22 02:32:58.113 I/sysui_multi_action( 1503): [757,128,758,1,793,4789735,794,0,795,4789735,796,32,798,1,806,android,857,USB,858,1,947,0,1395,2,1500,4789660,1688,1]
02-22 02:32:58.113 I/sysui_multi_action( 1503): [757,804,799,note_freshness,801,4789735,802,1]
02-22 02:32:58.113 I/notification_visibility( 1503): [-1|android|32|null|1000,1,4789735,4789735,0,1]
02-22 02:32:58.125 I/input_focus( 1503): [Focus leaving ab95283 com.android.settings/com.android.settings.Settings (server),reason=setFocusedWindow]
02-22 02:32:58.125 I/input_focus( 1503): [Focus entering 91ac81d NotificationShade (server),reason=setFocusedWindow]
02-22 02:32:58.173 I/sysui_multi_action( 1966): [757,111,758,1]
02-22 02:32:58.173 I/sysui_multi_action( 1966): [757,126,758,1,759,126,927,0,928,1,1593,0]
02-22 02:32:58.173 I/sysui_multi_action( 1966): [757,113,758,1,759,113,927,1,928,1,1593,0]
02-22 02:32:58.174 I/sysui_multi_action( 1966): [757,0,758,1,759,0,927,2,928,0,1593,0]
02-22 02:32:58.174 I/sysui_multi_action( 1966): [757,0,758,1,759,0,927,3,928,0,1593,0]
02-22 02:32:58.174 I/sysui_multi_action( 1966): [757,491,758,1,759,491,927,4,928,0,1311,-1,1593,0]
02-22 02:32:58.174 I/sysui_multi_action( 1966): [757,0,758,1,759,0,927,5,928,0,1593,0]
02-22 02:32:58.174 I/sysui_multi_action( 1966): [757,111,758,1]
02-22 02:32:58.174 I/sysui_multi_action( 1966): [757,126,758,1,759,126,927,0,928,1,1593,0]
02-22 02:32:58.175 I/sysui_multi_action( 1966): [757,113,758,1,759,113,927,1,928,1,1593,0]
02-22 02:32:58.175 I/sysui_multi_action( 1966): [757,0,758,1,759,0,927,2,928,0,1593,0]
02-22 02:32:58.175 I/sysui_multi_action( 1966): [757,0,758,1,759,0,927,3,928,0,1593,0]
02-22 02:32:59.073 I/input_interaction( 1503): Interaction with: 91ac81d NotificationShade (server), edge-swipe (server), swipe-up (server), PointerEventDispatcher0 (server),
02-22 02:32:59.207 I/sysui_multi_action( 1503): [757,222,758,1]
02-22 02:32:59.229 I/wm_task_created( 1503): [65,-1]
02-22 02:32:59.232 I/wm_task_moved( 1503): [65,1,9]
02-22 02:32:59.232 I/wm_task_to_front( 1503): [0,65]
02-22 02:32:59.233 I/wm_create_task( 1503): [0,65]
02-22 02:32:59.233 I/wm_create_activity( 1503): [0,189628588,65,com.thundercomm.screensaver/android.service.dreams.DreamActivity,NULL,NULL,NULL,276824064]
02-22 02:32:59.233 I/wm_task_moved( 1503): [65,1,9]
02-22 02:32:59.233 I/wm_pause_activity( 1503): [0,250080366,com.android.settings/.Settings,userLeaving=true,pauseBackTasks]
02-22 02:32:59.242 I/wm_on_top_resumed_lost_called( 4132): [250080366,com.android.settings.Settings,topStateChangedWhenResumed]
02-22 02:32:59.243 I/input_focus( 1503): [Focus request ab95283 com.android.settings/com.android.settings.Settings,reason=UpdateInputWindows]
02-22 02:32:59.244 I/sysui_multi_action( 4132): [757,35,758,2,1089,4426]
02-22 02:32:59.244 I/sysui_multi_action( 4132): [757,47,758,2,1089,4426]
02-22 02:32:59.245 I/wm_on_paused_called( 4132): [250080366,com.android.settings.Settings,performPause]
02-22 02:32:59.246 I/wm_add_to_stopping( 1503): [0,250080366,com.android.settings/.Settings,makeInvisible]
02-22 02:32:59.246 I/wm_restart_activity( 1503): [0,189628588,65,com.thundercomm.screensaver/android.service.dreams.DreamActivity]
02-22 02:32:59.247 I/wm_set_resumed_activity( 1503): [0,com.thundercomm.screensaver/android.service.dreams.DreamActivity,minimalResumeActivityLocked]
02-22 02:32:59.253 I/sysui_multi_action( 1503): [757,803,799,window_time_0,802,5]
02-22 02:32:59.254 I/wm_on_create_called( 6011): [189628588,android.service.dreams.DreamActivity,performCreate]
02-22 02:32:59.254 I/wm_on_start_called( 6011): [189628588,android.service.dreams.DreamActivity,handleStartActivity]
02-22 02:32:59.254 I/wm_on_resume_called( 6011): [189628588,android.service.dreams.DreamActivity,RESUME_ACTIVITY]
02-22 02:32:59.256 I/wm_on_top_resumed_gained_called( 6011): [189628588,android.service.dreams.DreamActivity,topStateChangedWhenResumed]
02-22 02:32:59.261 I/input_focus( 1503): [Focus leaving 91ac81d NotificationShade (server),reason=NOT_FOCUSABLE]
02-22 02:32:59.264 I/input_focus( 1503): [Focus request dad3944 com.thundercomm.screensaver/android.service.dreams.DreamActivity,reason=UpdateInputWindows]
02-22 02:32:59.274 I/sysui_multi_action( 1503): [319,46,322,42,325,4801,757,761,758,8,759,2,806,com.thundercomm.screensaver,871,android.service.dreams.DreamActivity,904,com.thundercomm.screensaver,905,0,1320,4,1321,2]
02-22 02:32:59.274 I/wm_activity_launch_time( 1503): [0,189628588,com.thundercomm.screensaver/android.service.dreams.DreamActivity,42]
02-22 02:32:59.278 I/sysui_multi_action( 1966): [757,111,758,2]
02-22 02:32:59.278 I/sysui_multi_action( 1966): [757,111,758,2]
02-22 02:32:59.278 I/notification_enqueue( 1503): [10078,1966,com.android.systemui,2048,NULL,0,Notification(channel=updateNotification shortcut=null contentView=null vibrate=null sound=null defaults=0x0 flags=0x0 color=0x00000000 vis=PRIVATE),1]
02-22 02:32:59.292 I/sysui_multi_action( 1966): [757,111,758,1]
02-22 02:32:59.292 I/sysui_multi_action( 1966): [757,126,758,1,759,126,927,0,928,1,1593,1]
02-22 02:32:59.292 I/sysui_multi_action( 1966): [757,113,758,1,759,113,927,1,928,1,1593,1]
02-22 02:32:59.292 I/sysui_multi_action( 1966): [757,0,758,1,759,0,927,2,928,0,1593,1]
02-22 02:32:59.292 I/sysui_multi_action( 1966): [757,0,758,1,759,0,927,3,928,0,1593,1]
02-22 02:32:59.292 I/sysui_multi_action( 1966): [757,491,758,1,759,491,927,4,928,0,1311,-1,1593,0]
02-22 02:32:59.292 I/sysui_multi_action( 1966): [757,0,758,1,759,0,927,5,928,0,1593,0]
02-22 02:32:59.292 I/sysui_multi_action( 1966): [757,111,758,1]
02-22 02:32:59.292 I/sysui_multi_action( 1966): [757,126,758,1,759,126,927,0,928,1,1593,1]
02-22 02:32:59.293 I/sysui_multi_action( 1966): [757,113,758,1,759,113,927,1,928,1,1593,1]
02-22 02:32:59.293 I/sysui_multi_action( 1966): [757,0,758,1,759,0,927,2,928,0,1593,1]
02-22 02:32:59.293 I/sysui_multi_action( 1966): [757,0,758,1,759,0,927,3,928,0,1593,1]
02-22 02:32:59.293 I/input_focus( 1503): [Focus entering dad3944 com.thundercomm.screensaver/android.service.dreams.DreamActivity (server),reason=Window became focusable. Previous reason: NOT_VISIBLE]
02-22 02:32:59.400 I/commit_sys_config_file( 1503): [settings-2-0,1]
02-22 02:32:59.543 I/notification_enqueue( 1503): [10078,1966,com.android.systemui,2048,NULL,0,Notification(channel=updateNotification shortcut=null contentView=null vibrate=null sound=null defaults=0x0 flags=0x0 color=0x00000000 vis=PRIVATE),1]
02-22 02:32:59.543 I/sysui_multi_action( 1966): [757,111,758,2]
02-22 02:32:59.543 I/sysui_multi_action( 1966): [757,111,758,2]
02-22 02:32:59.749 I/sysui_multi_action( 1503): [757,128,758,2,793,4790768,794,1637,795,4790768,796,26,798,0,806,android,857,DEVELOPER_IMPORTANT,858,4,947,0,1395,2,1500,4790363,1688,1]
02-22 02:32:59.749 I/notification_visibility( 1503): [-1|android|26|null|1000,0,4790768,4790768,0,0]
02-22 02:32:59.749 I/sysui_multi_action( 1503): [757,128,758,2,793,4791371,794,1636,795,4791371,796,32,798,1,806,android,857,USB,858,1,947,0,1395,2,1500,4791296,1688,1]
02-22 02:32:59.749 I/notification_visibility( 1503): [-1|android|32|null|1000,0,4791371,4791371,0,1]
02-22 02:32:59.749 I/sysui_multi_action( 1503): [757,127,758,2]
02-22 02:32:59.749 I/notification_panel_hidden( 1503):
02-22 02:32:59.778 I/wm_stop_activity( 1503): [0,250080366,com.android.settings/.Settings]
02-22 02:32:59.801 I/wm_on_stop_called( 4132): [250080366,com.android.settings.Settings,STOP_ACTIVITY_ITEM]
02-22 02:33:00.495 I/input_interaction( 1503): Interaction with: dad3944 com.thundercomm.screensaver/android.service.dreams.DreamActivity (server), edge-swipe (server), swipe-up (server), PointerEventDispatcher0 (server),
02-22 02:33:00.495 I/wm_finish_activity( 1503): [0,189628588,65,com.thundercomm.screensaver/android.service.dreams.DreamActivity,finish-activity]
02-22 02:33:00.496 I/wm_task_moved( 1503): [45,1,8]
02-22 02:33:00.496 I/wm_task_to_front( 1503): [0,45]
02-22 02:33:00.496 I/wm_focused_root_task( 1503): [0,0,45,65,finish-top adjustFocusToNextFocusableTask]
02-22 02:33:00.496 I/wm_pause_activity( 1503): [0,189628588,com.thundercomm.screensaver/android.service.dreams.DreamActivity,userLeaving=false,finish]
02-22 02:33:00.497 I/wm_on_top_resumed_lost_called( 6011): [189628588,android.service.dreams.DreamActivity,topStateChangedWhenResumed]
02-22 02:33:00.498 I/sysui_multi_action( 1503): [757,803,799,window_time_0,802,1]
02-22 02:33:00.498 I/wm_on_paused_called( 6011): [189628588,android.service.dreams.DreamActivity,performPause]
02-22 02:33:00.499 I/wm_add_to_stopping( 1503): [0,189628588,com.thundercomm.screensaver/android.service.dreams.DreamActivity,completeFinishing]
02-22 02:33:00.500 I/wm_set_resumed_activity( 1503): [0,com.android.settings/.Settings,resumeTopActivityInnerLocked]
02-22 02:33:00.500 I/wm_resume_activity( 1503): [0,250080366,45,com.android.settings/.Settings]
02-22 02:33:00.503 I/sysui_multi_action( 1503): [757,803,799,window_time_0,802,0]
02-22 02:33:00.512 I/wm_on_restart_called( 4132): [250080366,com.android.settings.Settings,performRestartActivity]
02-22 02:33:00.513 I/view_enqueue_input_event( 6011): [Motion - Cancel,com.thundercomm.screensaver/android.service.dreams.DreamActivity]
02-22 02:33:00.513 I/input_focus( 1503): [Focus leaving dad3944 com.thundercomm.screensaver/android.service.dreams.DreamActivity (server),reason=NO_WINDOW]
02-22 02:33:00.514 I/wm_on_start_called( 4132): [250080366,com.android.settings.Settings,handleStartActivity]
02-22 02:33:00.514 I/snet_event_log( 4132): [120484087,-1,]
02-22 02:33:00.514 I/wm_on_resume_called( 4132): [250080366,com.android.settings.Settings,RESUME_ACTIVITY]
02-22 02:33:00.515 I/sysui_multi_action( 4132): [757,35,758,1,833,0,1089,0]
02-22 02:33:00.516 I/sysui_multi_action( 4132): [757,47,758,1,833,0,1089,0]
02-22 02:33:00.519 I/wm_on_top_resumed_gained_called( 4132): [250080366,com.android.settings.Settings,topWhenResuming]
02-22 02:33:00.521 I/input_interaction( 1503): Interaction with: edge-swipe (server), swipe-up (server), PointerEventDispatcher0 (server),
02-22 02:33:00.531 I/input_focus( 1503): [Focus request ab95283 com.android.settings/com.android.settings.Settings,reason=UpdateInputWindows]
02-22 02:33:00.547 I/input_focus( 1503): [Focus entering ab95283 com.android.settings/com.android.settings.Settings (server),reason=setFocusedWindow]
02-22 02:33:01.046 I/wm_destroy_activity( 1503): [0,189628588,65,com.thundercomm.screensaver/android.service.dreams.DreamActivity,finish-imm:idle]
02-22 02:33:01.065 I/wm_on_stop_called( 6011): [189628588,android.service.dreams.DreamActivity,LIFECYCLER_STOP_ACTIVITY]
02-22 02:33:01.065 I/wm_on_destroy_called( 6011): [189628588,android.service.dreams.DreamActivity,performDestroy]
02-22 02:33:01.065 I/sysui_multi_action( 1503): [757,222,758,2]
02-22 02:33:01.066 I/sysui_multi_action( 1503): [757,804,799,dreaming_minutes,801,0,802,1]
02-22 02:33:01.068 I/wm_task_removed( 1503): [65,removeChild:removeChild last r=ActivityRecord{b4d80ac u0 com.thundercomm.screensaver/android.service.dreams.DreamActivity t-1 f}} in t=Task{de6a5b0 #65 type=dream A=10047:android:com.thundercomm.screensaver/dream U=0 visible=false mode=fullscreen translucent=true sz=0}]
02-22 02:33:01.068 I/wm_task_removed( 1503): [65,removeChild]
02-22 02:33:01.196 I/input_interaction( 1503): Interaction with: a916dde StatusBar (server), edge-swipe (server), swipe-up (server), PointerEventDispatcher0 (server),
02-22 02:33:01.196 I/sysui_multi_action( 1966): [757,803,799,panel_open,802,1]
02-22 02:33:01.197 I/sysui_multi_action( 1966): [757,1328,758,4,1326,49,1327,1,1329,0]
02-22 02:33:01.254 I/sysui_multi_action( 1503): [757,127,758,1]
02-22 02:33:01.254 I/sysui_multi_action( 1503): [757,804,799,note_load,801,2,802,1]
02-22 02:33:01.254 I/notification_panel_revealed( 1503): 2
02-22 02:33:01.263 I/input_focus( 1503): [Focus request 91ac81d NotificationShade,reason=UpdateInputWindows]
02-22 02:33:01.275 I/sysui_multi_action( 1503): [757,128,758,1,793,4792294,794,0,795,4792294,796,26,798,0,806,android,857,DEVELOPER_IMPORTANT,858,4,947,0,1395,2,1500,4791889,1688,1]
02-22 02:33:01.275 I/sysui_multi_action( 1503): [757,804,799,note_freshness,801,4792294,802,1]
02-22 02:33:01.275 I/notification_visibility( 1503): [-1|android|26|null|1000,1,4792294,4792294,0,0]
02-22 02:33:01.276 I/sysui_multi_action( 1503): [757,128,758,1,793,4792897,794,0,795,4792897,796,32,798,1,806,android,857,USB,858,1,947,0,1395,2,1500,4792822,1688,1]
02-22 02:33:01.276 I/sysui_multi_action( 1503): [757,804,799,note_freshness,801,4792897,802,1]
02-22 02:33:01.276 I/notification_visibility( 1503): [-1|android|32|null|1000,1,4792897,4792897,0,1]
02-22 02:33:01.282 I/input_focus( 1503): [Focus leaving ab95283 com.android.settings/com.android.settings.Settings (server),reason=setFocusedWindow]
02-22 02:33:01.282 I/input_focus( 1503): [Focus entering 91ac81d NotificationShade (server),reason=setFocusedWindow]
02-22 02:33:01.347 I/sysui_multi_action( 1966): [757,111,758,1]
02-22 02:33:01.347 I/sysui_multi_action( 1966): [757,126,758,1,759,126,927,0,928,1,1593,0]
02-22 02:33:01.347 I/sysui_multi_action( 1966): [757,113,758,1,759,113,927,1,928,1,1593,0]
02-22 02:33:01.347 I/sysui_multi_action( 1966): [757,0,758,1,759,0,927,2,928,0,1593,0]
02-22 02:33:01.348 I/sysui_multi_action( 1966): [757,0,758,1,759,0,927,3,928,0,1593,0]
02-22 02:33:01.348 I/sysui_multi_action( 1966): [757,491,758,1,759,491,927,4,928,0,1311,-1,1593,0]
02-22 02:33:01.348 I/sysui_multi_action( 1966): [757,0,758,1,759,0,927,5,928,0,1593,0]
02-22 02:33:01.348 I/sysui_multi_action( 1966): [757,111,758,1]
02-22 02:33:01.348 I/sysui_multi_action( 1966): [757,126,758,1,759,126,927,0,928,1,1593,0]
02-22 02:33:01.348 I/sysui_multi_action( 1966): [757,113,758,1,759,113,927,1,928,1,1593,0]
02-22 02:33:01.348 I/sysui_multi_action( 1966): [757,0,758,1,759,0,927,2,928,0,1593,0]
02-22 02:33:01.349 I/sysui_multi_action( 1966): [757,0,758,1,759,0,927,3,928,0,1593,0]
02-22 02:33:02.379 I/input_interaction( 1503): Interaction with: 91ac81d NotificationShade (server), edge-swipe (server), swipe-up (server), PointerEventDispatcher0 (server),
02-22 02:33:02.539 I/sysui_multi_action( 1503): [757,222,758,1]
02-22 02:33:02.552 I/wm_task_created( 1503): [66,-1]
02-22 02:33:02.557 I/wm_task_moved( 1503): [66,1,9]
02-22 02:33:02.557 I/wm_task_to_front( 1503): [0,66]
02-22 02:33:02.557 I/wm_create_task( 1503): [0,66]
02-22 02:33:02.557 I/wm_create_activity( 1503): [0,166965003,66,com.thundercomm.screensaver/android.service.dreams.DreamActivity,NULL,NULL,NULL,276824064]
02-22 02:33:02.557 I/wm_task_moved( 1503): [66,1,9]
02-22 02:33:02.557 I/wm_on_top_resumed_lost_called( 4132): [250080366,com.android.settings.Settings,topStateChangedWhenResumed]
02-22 02:33:02.557 I/wm_pause_activity( 1503): [0,250080366,com.android.settings/.Settings,userLeaving=true,pauseBackTasks]
02-22 02:33:02.560 I/input_focus( 1503): [Focus request ab95283 com.android.settings/com.android.settings.Settings,reason=UpdateInputWindows]
02-22 02:33:02.561 I/sysui_multi_action( 4132): [757,35,758,2,1089,2046]
02-22 02:33:02.561 I/sysui_multi_action( 4132): [757,47,758,2,1089,2045]
02-22 02:33:02.562 I/wm_on_paused_called( 4132): [250080366,com.android.settings.Settings,performPause]
02-22 02:33:02.563 I/wm_add_to_stopping( 1503): [0,250080366,com.android.settings/.Settings,makeInvisible]
02-22 02:33:02.564 I/wm_restart_activity( 1503): [0,166965003,66,com.thundercomm.screensaver/android.service.dreams.DreamActivity]
02-22 02:33:02.565 I/wm_set_resumed_activity( 1503): [0,com.thundercomm.screensaver/android.service.dreams.DreamActivity,minimalResumeActivityLocked]
02-22 02:33:02.568 I/sysui_multi_action( 1503): [757,803,799,window_time_0,802,2]
02-22 02:33:02.569 I/input_focus( 1503): [Focus leaving 91ac81d NotificationShade (server),reason=NOT_FOCUSABLE]
02-22 02:33:02.569 I/input_focus( 1503): [Focus entering ab95283 com.android.settings/com.android.settings.Settings (server),reason=setFocusedWindow]
02-22 02:33:02.572 I/wm_on_create_called( 6011): [166965003,android.service.dreams.DreamActivity,performCreate]
02-22 02:33:02.572 I/wm_on_start_called( 6011): [166965003,android.service.dreams.DreamActivity,handleStartActivity]
02-22 02:33:02.572 I/wm_on_resume_called( 6011): [166965003,android.service.dreams.DreamActivity,RESUME_ACTIVITY]
02-22 02:33:02.574 I/wm_on_top_resumed_gained_called( 6011): [166965003,android.service.dreams.DreamActivity,topStateChangedWhenResumed]
02-22 02:33:02.584 I/input_focus( 1503): [Focus leaving ab95283 com.android.settings/com.android.settings.Settings (server),reason=NO_WINDOW]
02-22 02:33:02.587 I/input_focus( 1503): [Focus request c80f483 com.thundercomm.screensaver/android.service.dreams.DreamActivity,reason=UpdateInputWindows]
02-22 02:33:02.597 I/sysui_multi_action( 1503): [319,45,322,42,325,4804,757,761,758,8,759,2,806,com.thundercomm.screensaver,871,android.service.dreams.DreamActivity,904,com.thundercomm.screensaver,905,0,1320,4,1321,2]
02-22 02:33:02.597 I/wm_activity_launch_time( 1503): [0,166965003,com.thundercomm.screensaver/android.service.dreams.DreamActivity,42]
02-22 02:33:02.602 I/notification_enqueue( 1503): [10078,1966,com.android.systemui,2048,NULL,0,Notification(channel=updateNotification shortcut=null contentView=null vibrate=null sound=null defaults=0x0 flags=0x0 color=0x00000000 vis=PRIVATE),1]
02-22 02:33:02.602 I/sysui_multi_action( 1966): [757,111,758,2]
02-22 02:33:02.602 I/sysui_multi_action( 1966): [757,111,758,2]
02-22 02:33:02.616 I/sysui_multi_action( 1966): [757,111,758,1]
02-22 02:33:02.616 I/sysui_multi_action( 1966): [757,126,758,1,759,126,927,0,928,1,1593,0]
02-22 02:33:02.616 I/sysui_multi_action( 1966): [757,113,758,1,759,113,927,1,928,1,1593,0]
02-22 02:33:02.616 I/sysui_multi_action( 1966): [757,0,758,1,759,0,927,2,928,0,1593,0]
02-22 02:33:02.616 I/sysui_multi_action( 1966): [757,0,758,1,759,0,927,3,928,0,1593,0]
02-22 02:33:02.617 I/sysui_multi_action( 1966): [757,491,758,1,759,491,927,4,928,0,1311,-1,1593,0]
02-22 02:33:02.617 I/sysui_multi_action( 1966): [757,0,758,1,759,0,927,5,928,0,1593,0]
02-22 02:33:02.617 I/sysui_multi_action( 1966): [757,111,758,1]
02-22 02:33:02.617 I/sysui_multi_action( 1966): [757,126,758,1,759,126,927,0,928,1,1593,1]
02-22 02:33:02.617 I/sysui_multi_action( 1966): [757,113,758,1,759,113,927,1,928,1,1593,1]
02-22 02:33:02.617 I/sysui_multi_action( 1966): [757,0,758,1,759,0,927,2,928,0,1593,1]
02-22 02:33:02.617 I/sysui_multi_action( 1966): [757,0,758,1,759,0,927,3,928,0,1593,1]
02-22 02:33:02.617 I/input_focus( 1503): [Focus entering c80f483 com.thundercomm.screensaver/android.service.dreams.DreamActivity (server),reason=Window became focusable. Previous reason: NOT_VISIBLE]
02-22 02:33:02.851 I/notification_enqueue( 1503): [10078,1966,com.android.systemui,2048,NULL,0,Notification(channel=updateNotification shortcut=null contentView=null vibrate=null sound=null defaults=0x0 flags=0x0 color=0x00000000 vis=PRIVATE),1]
02-22 02:33:02.851 I/sysui_multi_action( 1966): [757,111,758,2]
02-22 02:33:02.851 I/sysui_multi_action( 1966): [757,111,758,2]
02-22 02:33:03.057 I/sysui_multi_action( 1503): [757,128,758,2,793,4794076,794,1782,795,4794076,796,26,798,0,806,android,857,DEVELOPER_IMPORTANT,858,4,947,0,1395,2,1500,4793671,1688,1]
02-22 02:33:03.057 I/notification_visibility( 1503): [-1|android|26|null|1000,0,4794076,4794076,0,0]
02-22 02:33:03.057 I/sysui_multi_action( 1503): [757,128,758,2,793,4794679,794,1782,795,4794679,796,32,798,1,806,android,857,USB,858,1,947,0,1395,2,1500,4794604,1688,1]
02-22 02:33:03.057 I/notification_visibility( 1503): [-1|android|32|null|1000,0,4794679,4794679,0,1]
02-22 02:33:03.058 I/sysui_multi_action( 1503): [757,127,758,2]
02-22 02:33:03.058 I/notification_panel_hidden( 1503):
02-22 02:33:03.103 I/wm_stop_activity( 1503): [0,250080366,com.android.settings/.Settings]
02-22 02:33:03.124 I/wm_on_stop_called( 4132): [250080366,com.android.settings.Settings,STOP_ACTIVITY_ITEM]
02-22 02:33:03.634 I/input_interaction( 1503): Interaction with: c80f483 com.thundercomm.screensaver/android.service.dreams.DreamActivity (server), edge-swipe (server), swipe-up (server), PointerEventDispatcher0 (server),
02-22 02:33:03.634 I/wm_finish_activity( 1503): [0,166965003,66,com.thundercomm.screensaver/android.service.dreams.DreamActivity,finish-activity]
02-22 02:33:03.634 I/wm_task_moved( 1503): [45,1,8]
02-22 02:33:03.634 I/wm_task_to_front( 1503): [0,45]
02-22 02:33:03.634 I/wm_focused_root_task( 1503): [0,0,45,66,finish-top adjustFocusToNextFocusableTask]
02-22 02:33:03.635 I/wm_pause_activity( 1503): [0,166965003,com.thundercomm.screensaver/android.service.dreams.DreamActivity,userLeaving=false,finish]
02-22 02:33:03.637 I/sysui_multi_action( 1503): [757,803,799,window_time_0,802,1]
02-22 02:33:03.637 I/wm_on_top_resumed_lost_called( 6011): [166965003,android.service.dreams.DreamActivity,topStateChangedWhenResumed]
02-22 02:33:03.637 I/wm_on_paused_called( 6011): [166965003,android.service.dreams.DreamActivity,performPause]
02-22 02:33:03.637 I/wm_add_to_stopping( 1503): [0,166965003,com.thundercomm.screensaver/android.service.dreams.DreamActivity,completeFinishing]
02-22 02:33:03.638 I/wm_set_resumed_activity( 1503): [0,com.android.settings/.Settings,resumeTopActivityInnerLocked]
02-22 02:33:03.639 I/wm_resume_activity( 1503): [0,250080366,45,com.android.settings/.Settings]
02-22 02:33:03.641 I/sysui_multi_action( 1503): [757,803,799,window_time_0,802,0]
02-22 02:33:03.653 I/input_focus( 1503): [Focus leaving c80f483 com.thundercomm.screensaver/android.service.dreams.DreamActivity (server),reason=NO_WINDOW]
02-22 02:33:03.653 I/wm_on_restart_called( 4132): [250080366,com.android.settings.Settings,performRestartActivity]
02-22 02:33:03.653 I/view_enqueue_input_event( 6011): [Motion - Cancel,com.thundercomm.screensaver/android.service.dreams.DreamActivity]
02-22 02:33:03.655 I/wm_on_start_called( 4132): [250080366,com.android.settings.Settings,handleStartActivity]
02-22 02:33:03.655 I/snet_event_log( 4132): [120484087,-1,]
02-22 02:33:03.655 I/wm_on_resume_called( 4132): [250080366,com.android.settings.Settings,RESUME_ACTIVITY]
02-22 02:33:03.656 I/sysui_multi_action( 4132): [757,35,758,1,833,0,1089,0]
02-22 02:33:03.657 I/sysui_multi_action( 4132): [757,47,758,1,833,0,1089,0]
02-22 02:33:03.658 I/input_interaction( 1503): Interaction with: edge-swipe (server), swipe-up (server), PointerEventDispatcher0 (server),
02-22 02:33:03.660 I/wm_on_top_resumed_gained_called( 4132): [250080366,com.android.settings.Settings,topWhenResuming]
02-22 02:33:03.672 I/input_focus( 1503): [Focus request ab95283 com.android.settings/com.android.settings.Settings,reason=UpdateInputWindows]
02-22 02:33:03.687 I/input_focus( 1503): [Focus entering ab95283 com.android.settings/com.android.settings.Settings (server),reason=setFocusedWindow]
02-22 02:33:04.188 I/wm_destroy_activity( 1503): [0,166965003,66,com.thundercomm.screensaver/android.service.dreams.DreamActivity,finish-imm:idle]
02-22 02:33:04.205 I/wm_on_stop_called( 6011): [166965003,android.service.dreams.DreamActivity,LIFECYCLER_STOP_ACTIVITY]
02-22 02:33:04.206 I/wm_on_destroy_called( 6011): [166965003,android.service.dreams.DreamActivity,performDestroy]
02-22 02:33:04.206 I/sysui_multi_action( 1503): [757,222,758,2]
02-22 02:33:04.206 I/sysui_multi_action( 1503): [757,804,799,dreaming_minutes,801,0,802,1]
02-22 02:33:04.209 I/wm_task_removed( 1503): [66,removeChild:removeChild last r=ActivityRecord{9f3af0b u0 com.thundercomm.screensaver/android.service.dreams.DreamActivity t-1 f}} in t=Task{95455df #66 type=dream A=10047:android:com.thundercomm.screensaver/dream U=0 visible=false mode=fullscreen translucent=true sz=0}]
02-22 02:33:04.209 I/wm_task_removed( 1503): [66,removeChild]
02-22 02:33:04.389 I/input_interaction( 1503): Interaction with: a916dde StatusBar (server), edge-swipe (server), swipe-up (server), PointerEventDispatcher0 (server),
02-22 02:33:04.390 I/sysui_multi_action( 1966): [757,803,799,panel_open,802,1]
02-22 02:33:04.390 I/sysui_multi_action( 1966): [757,1328,758,4,1326,48,1327,1,1329,0]
02-22 02:33:04.422 I/sysui_multi_action( 1503): [757,127,758,1]
02-22 02:33:04.422 I/sysui_multi_action( 1503): [757,804,799,note_load,801,2,802,1]
02-22 02:33:04.422 I/notification_panel_revealed( 1503): 2
02-22 02:33:04.425 I/input_focus( 1503): [Focus request 91ac81d NotificationShade,reason=UpdateInputWindows]
02-22 02:33:04.429 I/sysui_multi_action( 1503): [757,128,758,1,793,4795448,794,0,795,4795448,796,26,798,0,806,android,857,DEVELOPER_IMPORTANT,858,4,947,0,1395,2,1500,4795043,1688,1]
02-22 02:33:04.430 I/sysui_multi_action( 1503): [757,804,799,note_freshness,801,4795448,802,1]
02-22 02:33:04.430 I/notification_visibility( 1503): [-1|android|26|null|1000,1,4795448,4795448,0,0]
02-22 02:33:04.430 I/sysui_multi_action( 1503): [757,128,758,1,793,4796052,794,0,795,4796052,796,32,798,1,806,android,857,USB,858,1,947,0,1395,2,1500,4795977,1688,1]
02-22 02:33:04.430 I/sysui_multi_action( 1503): [757,804,799,note_freshness,801,4796052,802,1]
02-22 02:33:04.430 I/notification_visibility( 1503): [-1|android|32|null|1000,1,4796052,4796052,0,1]
02-22 02:33:04.439 I/input_focus( 1503): [Focus leaving ab95283 com.android.settings/com.android.settings.Settings (server),reason=setFocusedWindow]
02-22 02:33:04.439 I/input_focus( 1503): [Focus entering 91ac81d NotificationShade (server),reason=setFocusedWindow]
02-22 02:33:04.504 I/sysui_multi_action( 1966): [757,111,758,1]
02-22 02:33:04.504 I/sysui_multi_action( 1966): [757,126,758,1,759,126,927,0,928,1,1593,0]
02-22 02:33:04.505 I/sysui_multi_action( 1966): [757,113,758,1,759,113,927,1,928,1,1593,0]
02-22 02:33:04.505 I/sysui_multi_action( 1966): [757,0,758,1,759,0,927,2,928,0,1593,0]
02-22 02:33:04.505 I/sysui_multi_action( 1966): [757,0,758,1,759,0,927,3,928,0,1593,0]
02-22 02:33:04.505 I/sysui_multi_action( 1966): [757,491,758,1,759,491,927,4,928,0,1311,-1,1593,0]
02-22 02:33:04.505 I/sysui_multi_action( 1966): [757,0,758,1,759,0,927,5,928,0,1593,0]
02-22 02:33:04.505 I/sysui_multi_action( 1966): [757,111,758,1]
02-22 02:33:04.505 I/sysui_multi_action( 1966): [757,126,758,1,759,126,927,0,928,1,1593,0]
02-22 02:33:04.505 I/sysui_multi_action( 1966): [757,113,758,1,759,113,927,1,928,1,1593,0]
02-22 02:33:04.505 I/sysui_multi_action( 1966): [757,0,758,1,759,0,927,2,928,0,1593,0]
02-22 02:33:04.505 I/sysui_multi_action( 1966): [757,0,758,1,759,0,927,3,928,0,1593,0]
02-22 02:33:05.406 I/input_interaction( 1503): Interaction with: 91ac81d NotificationShade (server), edge-swipe (server), swipe-up (server), PointerEventDispatcher0 (server),
02-22 02:33:05.542 I/sysui_multi_action( 1503): [757,222,758,1]
02-22 02:33:05.555 I/wm_task_created( 1503): [67,-1]
02-22 02:33:05.558 I/wm_task_moved( 1503): [67,1,9]
02-22 02:33:05.558 I/wm_task_to_front( 1503): [0,67]
02-22 02:33:05.558 I/wm_create_task( 1503): [0,67]
02-22 02:33:05.558 I/wm_create_activity( 1503): [0,229215390,67,com.thundercomm.screensaver/android.service.dreams.DreamActivity,NULL,NULL,NULL,276824064]
02-22 02:33:05.558 I/wm_task_moved( 1503): [67,1,9]
02-22 02:33:05.558 I/wm_on_top_resumed_lost_called( 4132): [250080366,com.android.settings.Settings,topStateChangedWhenResumed]
02-22 02:33:05.559 I/wm_pause_activity( 1503): [0,250080366,com.android.settings/.Settings,userLeaving=true,pauseBackTasks]
02-22 02:33:05.564 I/sysui_multi_action( 4132): [757,35,758,2,1089,1908]
02-22 02:33:05.564 I/sysui_multi_action( 4132): [757,47,758,2,1089,1908]
02-22 02:33:05.565 I/wm_on_paused_called( 4132): [250080366,com.android.settings.Settings,performPause]
02-22 02:33:05.566 I/wm_add_to_stopping( 1503): [0,250080366,com.android.settings/.Settings,makeInvisible]
02-22 02:33:05.566 I/wm_restart_activity( 1503): [0,229215390,67,com.thundercomm.screensaver/android.service.dreams.DreamActivity]
02-22 02:33:05.566 I/wm_set_resumed_activity( 1503): [0,com.thundercomm.screensaver/android.service.dreams.DreamActivity,minimalResumeActivityLocked]
02-22 02:33:05.569 I/sysui_multi_action( 1503): [757,803,799,window_time_0,802,2]
02-22 02:33:05.569 I/wm_on_create_called( 6011): [229215390,android.service.dreams.DreamActivity,performCreate]
02-22 02:33:05.569 I/wm_on_start_called( 6011): [229215390,android.service.dreams.DreamActivity,handleStartActivity]
02-22 02:33:05.570 I/wm_on_resume_called( 6011): [229215390,android.service.dreams.DreamActivity,RESUME_ACTIVITY]
02-22 02:33:05.572 I/wm_on_top_resumed_gained_called( 6011): [229215390,android.service.dreams.DreamActivity,topStateChangedWhenResumed]
02-22 02:33:05.578 I/input_focus( 1503): [Focus request b1dd4aa com.thundercomm.screensaver/android.service.dreams.DreamActivity,reason=UpdateInputWindows]
02-22 02:33:05.589 I/sysui_multi_action( 1503): [319,34,322,31,325,4807,757,761,758,8,759,2,806,com.thundercomm.screensaver,871,android.service.dreams.DreamActivity,904,com.thundercomm.screensaver,905,0,1320,4,1321,2]
02-22 02:33:05.589 I/wm_activity_launch_time( 1503): [0,229215390,com.thundercomm.screensaver/android.service.dreams.DreamActivity,31]
02-22 02:33:05.592 I/input_focus( 1503): [Focus leaving 91ac81d NotificationShade (server),reason=NOT_FOCUSABLE]
02-22 02:33:05.596 I/notification_enqueue( 1503): [10078,1966,com.android.systemui,2048,NULL,0,Notification(channel=updateNotification shortcut=null contentView=null vibrate=null sound=null defaults=0x0 flags=0x0 color=0x00000000 vis=PRIVATE),1]
02-22 02:33:05.596 I/sysui_multi_action( 1966): [757,111,758,2]
02-22 02:33:05.596 I/sysui_multi_action( 1966): [757,111,758,2]
02-22 02:33:05.607 I/sysui_multi_action( 1966): [757,111,758,1]
02-22 02:33:05.607 I/sysui_multi_action( 1966): [757,126,758,1,759,126,927,0,928,1,1593,1]
02-22 02:33:05.607 I/sysui_multi_action( 1966): [757,113,758,1,759,113,927,1,928,1,1593,1]
02-22 02:33:05.607 I/sysui_multi_action( 1966): [757,0,758,1,759,0,927,2,928,0,1593,1]
02-22 02:33:05.607 I/sysui_multi_action( 1966): [757,0,758,1,759,0,927,3,928,0,1593,1]
02-22 02:33:05.607 I/input_focus( 1503): [Focus entering b1dd4aa com.thundercomm.screensaver/android.service.dreams.DreamActivity (server),reason=Window became focusable. Previous reason: NOT_VISIBLE]
02-22 02:33:05.607 I/sysui_multi_action( 1966): [757,491,758,1,759,491,927,4,928,0,1311,-1,1593,0]
02-22 02:33:05.607 I/sysui_multi_action( 1966): [757,0,758,1,759,0,927,5,928,0,1593,0]
02-22 02:33:05.608 I/sysui_multi_action( 1966): [757,111,758,1]
02-22 02:33:05.608 I/sysui_multi_action( 1966): [757,126,758,1,759,126,927,0,928,1,1593,1]
02-22 02:33:05.608 I/sysui_multi_action( 1966): [757,113,758,1,759,113,927,1,928,1,1593,1]
02-22 02:33:05.608 I/sysui_multi_action( 1966): [757,0,758,1,759,0,927,2,928,0,1593,1]
02-22 02:33:05.608 I/sysui_multi_action( 1966): [757,0,758,1,759,0,927,3,928,0,1593,1]
02-22 02:33:05.874 I/notification_enqueue( 1503): [10078,1966,com.android.systemui,2048,NULL,0,Notification(channel=updateNotification shortcut=null contentView=null vibrate=null sound=null defaults=0x0 flags=0x0 color=0x00000000 vis=PRIVATE),1]
02-22 02:33:05.874 I/sysui_multi_action( 1966): [757,111,758,2]
02-22 02:33:05.875 I/sysui_multi_action( 1966): [757,111,758,2]
02-22 02:33:06.080 I/sysui_multi_action( 1503): [757,128,758,2,793,4797099,794,1651,795,4797099,796,26,798,0,806,android,857,DEVELOPER_IMPORTANT,858,4,947,0,1395,2,1500,4796694,1688,1]
02-22 02:33:06.081 I/notification_visibility( 1503): [-1|android|26|null|1000,0,4797099,4797099,0,0]
02-22 02:33:06.081 I/sysui_multi_action( 1503): [757,128,758,2,793,4797703,794,1651,795,4797703,796,32,798,1,806,android,857,USB,858,1,947,0,1395,2,1500,4797628,1688,1]
02-22 02:33:06.081 I/notification_visibility( 1503): [-1|android|32|null|1000,0,4797703,4797703,0,1]
02-22 02:33:06.081 I/sysui_multi_action( 1503): [757,127,758,2]
02-22 02:33:06.081 I/notification_panel_hidden( 1503):
02-22 02:33:06.092 I/wm_stop_activity( 1503): [0,250080366,com.android.settings/.Settings]
02-22 02:33:06.116 I/wm_on_stop_called( 4132): [250080366,com.android.settings.Settings,STOP_ACTIVITY_ITEM]
02-22 02:33:06.626 I/input_interaction( 1503): Interaction with: b1dd4aa com.thundercomm.screensaver/android.service.dreams.DreamActivity (server), edge-swipe (server), swipe-up (server), PointerEventDispatcher0 (server),
02-22 02:33:06.627 I/wm_finish_activity( 1503): [0,229215390,67,com.thundercomm.screensaver/android.service.dreams.DreamActivity,finish-activity]
02-22 02:33:06.627 I/wm_task_moved( 1503): [45,1,8]
02-22 02:33:06.627 I/wm_task_to_front( 1503): [0,45]
02-22 02:33:06.627 I/wm_focused_root_task( 1503): [0,0,45,67,finish-top adjustFocusToNextFocusableTask]
02-22 02:33:06.627 I/wm_pause_activity( 1503): [0,229215390,com.thundercomm.screensaver/android.service.dreams.DreamActivity,userLeaving=false,finish]
02-22 02:33:06.629 I/wm_on_top_resumed_lost_called( 6011): [229215390,android.service.dreams.DreamActivity,topStateChangedWhenResumed]
02-22 02:33:06.629 I/wm_on_paused_called( 6011): [229215390,android.service.dreams.DreamActivity,performPause]
02-22 02:33:06.629 I/wm_add_to_stopping( 1503): [0,229215390,com.thundercomm.screensaver/android.service.dreams.DreamActivity,completeFinishing]
02-22 02:33:06.630 I/wm_set_resumed_activity( 1503): [0,com.android.settings/.Settings,resumeTopActivityInnerLocked]
02-22 02:33:06.631 I/wm_resume_activity( 1503): [0,250080366,45,com.android.settings/.Settings]
02-22 02:33:06.632 I/sysui_multi_action( 1503): [757,803,799,window_time_0,802,1]
02-22 02:33:06.634 I/sysui_multi_action( 1503): [757,803,799,window_time_0,802,0]
02-22 02:33:06.644 I/view_enqueue_input_event( 6011): [Motion - Cancel,com.thundercomm.screensaver/android.service.dreams.DreamActivity]
02-22 02:33:06.644 I/input_focus( 1503): [Focus leaving b1dd4aa com.thundercomm.screensaver/android.service.dreams.DreamActivity (server),reason=NO_WINDOW]
02-22 02:33:06.644 I/wm_on_restart_called( 4132): [250080366,com.android.settings.Settings,performRestartActivity]
02-22 02:33:06.645 I/wm_on_start_called( 4132): [250080366,com.android.settings.Settings,handleStartActivity]
02-22 02:33:06.645 I/snet_event_log( 4132): [120484087,-1,]
02-22 02:33:06.646 I/wm_on_resume_called( 4132): [250080366,com.android.settings.Settings,RESUME_ACTIVITY]
02-22 02:33:06.646 I/sysui_multi_action( 4132): [757,35,758,1,833,0,1089,0]
02-22 02:33:06.647 I/sysui_multi_action( 4132): [757,47,758,1,833,0,1089,0]
02-22 02:33:06.651 I/wm_on_top_resumed_gained_called( 4132): [250080366,com.android.settings.Settings,topWhenResuming]
02-22 02:33:06.651 I/input_interaction( 1503): Interaction with: edge-swipe (server), swipe-up (server), PointerEventDispatcher0 (server),
02-22 02:33:06.662 I/input_focus( 1503): [Focus request ab95283 com.android.settings/com.android.settings.Settings,reason=UpdateInputWindows]
02-22 02:33:06.678 I/input_focus( 1503): [Focus entering ab95283 com.android.settings/com.android.settings.Settings (server),reason=setFocusedWindow]
02-22 02:33:07.179 I/wm_destroy_activity( 1503): [0,229215390,67,com.thundercomm.screensaver/android.service.dreams.DreamActivity,finish-imm:idle]
02-22 02:33:07.201 I/wm_on_stop_called( 6011): [229215390,android.service.dreams.DreamActivity,LIFECYCLER_STOP_ACTIVITY]
02-22 02:33:07.202 I/wm_on_destroy_called( 6011): [229215390,android.service.dreams.DreamActivity,performDestroy]
02-22 02:33:07.202 I/sysui_multi_action( 1503): [757,222,758,2]
02-22 02:33:07.202 I/sysui_multi_action( 1503): [757,804,799,dreaming_minutes,801,0,802,1]
02-22 02:33:07.206 I/wm_task_removed( 1503): [67,removeChild:removeChild last r=ActivityRecord{da98c9e u0 com.thundercomm.screensaver/android.service.dreams.DreamActivity t-1 f}} in t=Task{4f84f02 #67 type=dream A=10047:android:com.thundercomm.screensaver/dream U=0 visible=false mode=fullscreen translucent=true sz=0}]
02-22 02:33:07.206 I/wm_task_removed( 1503): [67,removeChild]
02-22 02:33:07.298 I/input_interaction( 1503): Interaction with: a916dde StatusBar (server), edge-swipe (server), swipe-up (server), PointerEventDispatcher0 (server),
02-22 02:33:07.299 I/sysui_multi_action( 1966): [757,803,799,panel_open,802,1]
02-22 02:33:07.299 I/sysui_multi_action( 1966): [757,1328,758,4,1326,47,1327,2,1329,0]
02-22 02:33:07.345 I/sysui_multi_action( 1503): [757,127,758,1]
02-22 02:33:07.345 I/sysui_multi_action( 1503): [757,804,799,note_load,801,2,802,1]
02-22 02:33:07.346 I/notification_panel_revealed( 1503): 2
02-22 02:33:07.349 I/input_focus( 1503): [Focus request 91ac81d NotificationShade,reason=UpdateInputWindows]
02-22 02:33:07.353 I/sysui_multi_action( 1503): [757,128,758,1,793,4798372,794,0,795,4798372,796,26,798,0,806,android,857,DEVELOPER_IMPORTANT,858,4,947,0,1395,2,1500,4797967,1688,1]
02-22 02:33:07.353 I/sysui_multi_action( 1503): [757,804,799,note_freshness,801,4798372,802,1]
02-22 02:33:07.353 I/notification_visibility( 1503): [-1|android|26|null|1000,1,4798372,4798372,0,0]
02-22 02:33:07.353 I/sysui_multi_action( 1503): [757,128,758,1,793,4798975,794,0,795,4798975,796,32,798,1,806,android,857,USB,858,1,947,0,1395,2,1500,4798900,1688,1]
02-22 02:33:07.354 I/sysui_multi_action( 1503): [757,804,799,note_freshness,801,4798975,802,1]
02-22 02:33:07.354 I/notification_visibility( 1503): [-1|android|32|null|1000,1,4798975,4798975,0,1]
02-22 02:33:07.363 I/input_focus( 1503): [Focus leaving ab95283 com.android.settings/com.android.settings.Settings (server),reason=setFocusedWindow]
02-22 02:33:07.363 I/input_focus( 1503): [Focus entering 91ac81d NotificationShade (server),reason=setFocusedWindow]
02-22 02:33:07.411 I/sysui_multi_action( 1966): [757,111,758,1]
02-22 02:33:07.411 I/sysui_multi_action( 1966): [757,126,758,1,759,126,927,0,928,1,1593,0]
02-22 02:33:07.411 I/sysui_multi_action( 1966): [757,113,758,1,759,113,927,1,928,1,1593,0]
02-22 02:33:07.411 I/sysui_multi_action( 1966): [757,0,758,1,759,0,927,2,928,0,1593,0]
02-22 02:33:07.412 I/sysui_multi_action( 1966): [757,0,758,1,759,0,927,3,928,0,1593,0]
02-22 02:33:07.412 I/sysui_multi_action( 1966): [757,491,758,1,759,491,927,4,928,0,1311,-1,1593,0]
02-22 02:33:07.412 I/sysui_multi_action( 1966): [757,0,758,1,759,0,927,5,928,0,1593,0]
02-22 02:33:07.412 I/sysui_multi_action( 1966): [757,111,758,1]
02-22 02:33:07.412 I/sysui_multi_action( 1966): [757,126,758,1,759,126,927,0,928,1,1593,0]
02-22 02:33:07.412 I/sysui_multi_action( 1966): [757,113,758,1,759,113,927,1,928,1,1593,0]
02-22 02:33:07.412 I/sysui_multi_action( 1966): [757,0,758,1,759,0,927,2,928,0,1593,0]
02-22 02:33:07.412 I/sysui_multi_action( 1966): [757,0,758,1,759,0,927,3,928,0,1593,0]
02-22 02:33:08.248 I/input_interaction( 1503): Interaction with: 91ac81d NotificationShade (server), edge-swipe (server), swipe-up (server), PointerEventDispatcher0 (server),
02-22 02:33:08.383 I/sysui_multi_action( 1503): [757,222,758,1]
02-22 02:33:08.395 I/wm_task_created( 1503): [68,-1]
02-22 02:33:08.398 I/wm_task_moved( 1503): [68,1,9]
02-22 02:33:08.398 I/wm_task_to_front( 1503): [0,68]
02-22 02:33:08.398 I/wm_create_task( 1503): [0,68]
02-22 02:33:08.398 I/wm_create_activity( 1503): [0,124342791,68,com.thundercomm.screensaver/android.service.dreams.DreamActivity,NULL,NULL,NULL,276824064]
02-22 02:33:08.398 I/wm_task_moved( 1503): [68,1,9]
02-22 02:33:08.399 I/wm_pause_activity( 1503): [0,250080366,com.android.settings/.Settings,userLeaving=true,pauseBackTasks]
02-22 02:33:08.402 I/wm_on_top_resumed_lost_called( 4132): [250080366,com.android.settings.Settings,topStateChangedWhenResumed]
02-22 02:33:08.403 I/input_focus( 1503): [Focus request ab95283 com.android.settings/com.android.settings.Settings,reason=UpdateInputWindows]
02-22 02:33:08.405 I/sysui_multi_action( 4132): [757,35,758,2,1089,1759]
02-22 02:33:08.405 I/sysui_multi_action( 4132): [757,47,758,2,1089,1759]
02-22 02:33:08.406 I/wm_on_paused_called( 4132): [250080366,com.android.settings.Settings,performPause]
02-22 02:33:08.407 I/wm_add_to_stopping( 1503): [0,250080366,com.android.settings/.Settings,makeInvisible]
02-22 02:33:08.407 I/wm_restart_activity( 1503): [0,124342791,68,com.thundercomm.screensaver/android.service.dreams.DreamActivity]
02-22 02:33:08.408 I/wm_set_resumed_activity( 1503): [0,com.thundercomm.screensaver/android.service.dreams.DreamActivity,minimalResumeActivityLocked]
02-22 02:33:08.411 I/sysui_multi_action( 1503): [757,803,799,window_time_0,802,2]
02-22 02:33:08.412 I/wm_on_create_called( 6011): [124342791,android.service.dreams.DreamActivity,performCreate]
02-22 02:33:08.412 I/wm_on_start_called( 6011): [124342791,android.service.dreams.DreamActivity,handleStartActivity]
02-22 02:33:08.413 I/wm_on_resume_called( 6011): [124342791,android.service.dreams.DreamActivity,RESUME_ACTIVITY]
02-22 02:33:08.415 I/wm_on_top_resumed_gained_called( 6011): [124342791,android.service.dreams.DreamActivity,topStateChangedWhenResumed]
02-22 02:33:08.415 I/input_focus( 1503): [Focus leaving 91ac81d NotificationShade (server),reason=NOT_FOCUSABLE]
02-22 02:33:08.419 I/input_focus( 1503): [Focus request 9307aff com.thundercomm.screensaver/android.service.dreams.DreamActivity,reason=UpdateInputWindows]
02-22 02:33:08.430 I/sysui_multi_action( 1503): [319,37,322,33,325,4810,757,761,758,8,759,2,806,com.thundercomm.screensaver,871,android.service.dreams.DreamActivity,904,com.thundercomm.screensaver,905,0,1320,4,1321,2]
02-22 02:33:08.430 I/wm_activity_launch_time( 1503): [0,124342791,com.thundercomm.screensaver/android.service.dreams.DreamActivity,33]
02-22 02:33:08.437 I/notification_enqueue( 1503): [10078,1966,com.android.systemui,2048,NULL,0,Notification(channel=updateNotification shortcut=null contentView=null vibrate=null sound=null defaults=0x0 flags=0x0 color=0x00000000 vis=PRIVATE),1]
02-22 02:33:08.437 I/sysui_multi_action( 1966): [757,111,758,2]
02-22 02:33:08.437 I/sysui_multi_action( 1966): [757,111,758,2]
02-22 02:33:08.447 I/sysui_multi_action( 1966): [757,111,758,1]
02-22 02:33:08.447 I/sysui_multi_action( 1966): [757,126,758,1,759,126,927,0,928,1,1593,0]
02-22 02:33:08.447 I/sysui_multi_action( 1966): [757,113,758,1,759,113,927,1,928,1,1593,1]
02-22 02:33:08.447 I/sysui_multi_action( 1966): [757,0,758,1,759,0,927,2,928,0,1593,1]
02-22 02:33:08.447 I/sysui_multi_action( 1966): [757,0,758,1,759,0,927,3,928,0,1593,1]
02-22 02:33:08.447 I/sysui_multi_action( 1966): [757,491,758,1,759,491,927,4,928,0,1311,-1,1593,0]
02-22 02:33:08.447 I/sysui_multi_action( 1966): [757,0,758,1,759,0,927,5,928,0,1593,0]
02-22 02:33:08.447 I/sysui_multi_action( 1966): [757,111,758,1]
02-22 02:33:08.447 I/sysui_multi_action( 1966): [757,126,758,1,759,126,927,0,928,1,1593,1]
02-22 02:33:08.447 I/sysui_multi_action( 1966): [757,113,758,1,759,113,927,1,928,1,1593,1]
02-22 02:33:08.447 I/sysui_multi_action( 1966): [757,0,758,1,759,0,927,2,928,0,1593,1]
02-22 02:33:08.448 I/sysui_multi_action( 1966): [757,0,758,1,759,0,927,3,928,0,1593,1]
02-22 02:33:08.448 I/input_focus( 1503): [Focus entering 9307aff com.thundercomm.screensaver/android.service.dreams.DreamActivity (server),reason=Window became focusable. Previous reason: NOT_VISIBLE]
02-22 02:33:08.698 I/notification_enqueue( 1503): [10078,1966,com.android.systemui,2048,NULL,0,Notification(channel=updateNotification shortcut=null contentView=null vibrate=null sound=null defaults=0x0 flags=0x0 color=0x00000000 vis=PRIVATE),1]
