02-22 02:32:20.984 I/sysui_multi_action( 1966): [757,0,758,1,759,0,927,2,928,0,1593,1]
02-22 02:32:20.984 I/sysui_multi_action( 1966): [757,0,758,1,759,0,927,3,928,0,1593,1]
02-22 02:32:20.993 I/sysui_multi_action( 1503): [319,49,322,39,325,4762,757,761,758,8,759,2,806,com.thundercomm.screensaver,871,android.service.dreams.DreamActivity,904,com.thundercomm.screensaver,905,0,1320,4,1321,2]
02-22 02:32:20.993 I/wm_activity_launch_time( 1503): [0,188116392,com.thundercomm.screensaver/android.service.dreams.DreamActivity,39]
02-22 02:32:21.017 I/input_focus( 1503): [Focus entering aaf49c0 com.thundercomm.screensaver/android.service.dreams.DreamActivity (server),reason=Window became focusable. Previous reason: NOT_VISIBLE]
02-22 02:32:21.123 I/commit_sys_config_file( 1503): [settings-2-0,2]
02-22 02:32:21.251 I/sysui_multi_action( 1966): [757,111,758,2]
02-22 02:32:21.251 I/notification_enqueue( 1503): [10078,1966,com.android.systemui,2048,NULL,0,Notification(channel=updateNotification shortcut=null contentView=null vibrate=null sound=null defaults=0x0 flags=0x0 color=0x00000000 vis=PRIVATE),1]
02-22 02:32:21.251 I/sysui_multi_action( 1966): [757,111,758,2]
02-22 02:32:21.457 I/sysui_multi_action( 1503): [757,128,758,2,793,4752476,794,1601,795,4752476,796,26,798,0,806,android,857,DEVELOPER_IMPORTANT,858,4,947,0,1395,2,1500,4752071,1688,1]
02-22 02:32:21.458 I/notification_visibility( 1503): [-1|android|26|null|1000,0,4752476,4752476,0,0]
02-22 02:32:21.458 I/sysui_multi_action( 1503): [757,128,758,2,793,4753080,794,1601,795,4753080,796,32,798,1,806,android,857,USB,858,1,947,0,1395,2,1500,4753005,1688,1]
02-22 02:32:21.458 I/notification_visibility( 1503): [-1|android|32|null|1000,0,4753080,4753080,0,1]
02-22 02:32:21.459 I/sysui_multi_action( 1503): [757,127,758,2]
02-22 02:32:21.459 I/notification_panel_hidden( 1503):
02-22 02:32:21.486 I/wm_stop_activity( 1503): [0,250080366,com.android.settings/.Settings]
02-22 02:32:21.508 I/wm_on_stop_called( 4132): [250080366,com.android.settings.Settings,STOP_ACTIVITY_ITEM]
02-22 02:32:23.296 I/input_interaction( 1503): Interaction with: aaf49c0 com.thundercomm.screensaver/android.service.dreams.DreamActivity (server), edge-swipe (server), swipe-up (server), PointerEventDispatcher0 (server),
02-22 02:32:23.298 I/wm_finish_activity( 1503): [0,188116392,61,com.thundercomm.screensaver/android.service.dreams.DreamActivity,finish-activity]
02-22 02:32:23.298 I/wm_task_moved( 1503): [45,1,8]
02-22 02:32:23.298 I/wm_task_to_front( 1503): [0,45]
02-22 02:32:23.299 I/wm_focused_root_task( 1503): [0,0,45,61,finish-top adjustFocusToNextFocusableTask]
02-22 02:32:23.301 I/wm_pause_activity( 1503): [0,188116392,com.thundercomm.screensaver/android.service.dreams.DreamActivity,userLeaving=false,finish]
02-22 02:32:23.309 I/sysui_multi_action( 1503): [757,803,799,window_time_0,802,3]
02-22 02:32:23.310 I/wm_on_top_resumed_lost_called( 6011): [188116392,android.service.dreams.DreamActivity,topStateChangedWhenResumed]
02-22 02:32:23.310 I/wm_on_paused_called( 6011): [188116392,android.service.dreams.DreamActivity,performPause]
02-22 02:32:23.311 I/wm_add_to_stopping( 1503): [0,188116392,com.thundercomm.screensaver/android.service.dreams.DreamActivity,completeFinishing]
02-22 02:32:23.314 I/wm_set_resumed_activity( 1503): [0,com.android.settings/.Settings,resumeTopActivityInnerLocked]
02-22 02:32:23.315 I/wm_resume_activity( 1503): [0,250080366,45,com.android.settings/.Settings]
02-22 02:32:23.323 I/input_focus( 1503): [Focus leaving aaf49c0 com.thundercomm.screensaver/android.service.dreams.DreamActivity (server),reason=NO_WINDOW]
02-22 02:32:23.324 I/view_enqueue_input_event( 6011): [Motion - Cancel,com.thundercomm.screensaver/android.service.dreams.DreamActivity]
02-22 02:32:23.325 I/sysui_multi_action( 1503): [757,803,799,window_time_0,802,0]
02-22 02:32:23.326 I/wm_on_restart_called( 4132): [250080366,com.android.settings.Settings,performRestartActivity]
02-22 02:32:23.328 I/wm_on_start_called( 4132): [250080366,com.android.settings.Settings,handleStartActivity]
02-22 02:32:23.328 I/snet_event_log( 4132): [120484087,-1,]
02-22 02:32:23.329 I/wm_on_resume_called( 4132): [250080366,com.android.settings.Settings,RESUME_ACTIVITY]
02-22 02:32:23.329 I/sysui_multi_action( 4132): [757,35,758,1,833,0,1089,0]
02-22 02:32:23.330 I/sysui_multi_action( 4132): [757,47,758,1,833,0,1089,0]
02-22 02:32:23.333 I/input_interaction( 1503): Interaction with: edge-swipe (server), swipe-up (server), PointerEventDispatcher0 (server),
02-22 02:32:23.339 I/wm_on_top_resumed_gained_called( 4132): [250080366,com.android.settings.Settings,topWhenResuming]
02-22 02:32:23.345 I/input_focus( 1503): [Focus request ab95283 com.android.settings/com.android.settings.Settings,reason=UpdateInputWindows]
02-22 02:32:23.357 I/input_focus( 1503): [Focus entering ab95283 com.android.settings/com.android.settings.Settings (server),reason=setFocusedWindow]
02-22 02:32:23.864 I/wm_destroy_activity( 1503): [0,188116392,61,com.thundercomm.screensaver/android.service.dreams.DreamActivity,finish-imm:idle]
02-22 02:32:23.881 I/wm_on_stop_called( 6011): [188116392,android.service.dreams.DreamActivity,LIFECYCLER_STOP_ACTIVITY]
02-22 02:32:23.881 I/wm_on_destroy_called( 6011): [188116392,android.service.dreams.DreamActivity,performDestroy]
02-22 02:32:23.886 I/sysui_multi_action( 1503): [757,222,758,2]
02-22 02:32:23.886 I/sysui_multi_action( 1503): [757,804,799,dreaming_minutes,801,0,802,1]
02-22 02:32:23.899 I/wm_task_removed( 1503): [61,removeChild:removeChild last r=ActivityRecord{b366da8 u0 com.thundercomm.screensaver/android.service.dreams.DreamActivity t-1 f}} in t=Task{ee23f33 #61 type=dream A=10047:android:com.thundercomm.screensaver/dream U=0 visible=false mode=fullscreen translucent=true sz=0}]
02-22 02:32:23.899 I/wm_task_removed( 1503): [61,removeChild]
02-22 02:32:24.852 I/input_interaction( 1503): Interaction with: ab95283 com.android.settings/com.android.settings.Settings (server), edge-swipe (server), swipe-up (server), PointerEventDispatcher0 (server),
02-22 02:32:26.338 I/wm_task_moved( 1503): [45,1,8]
02-22 02:32:26.338 I/wm_set_resumed_activity( 1503): [0,com.android.settings/.Settings,positionChildAt]
02-22 02:32:26.339 I/wm_create_activity( 1503): [0,225629384,45,com.thundercomm.screensaver/.ui.page.MainActivity,NULL,NULL,NULL,0]
02-22 02:32:26.339 I/wm_pause_activity( 1503): [0,250080366,com.android.settings/.Settings,userLeaving=true,resumeTopActivityInnerLocked]
02-22 02:32:26.341 I/sysui_multi_action( 4132): [757,830,758,4,833,0,854,current_screensaver,1089,0]
02-22 02:32:26.341 I/wm_on_top_resumed_lost_called( 4132): [250080366,com.android.settings.Settings,topStateChangedWhenResumed]
02-22 02:32:26.342 I/sysui_multi_action( 4132): [757,35,758,2,1089,3014]
02-22 02:32:26.342 I/sysui_multi_action( 4132): [757,47,758,2,1089,3013]
02-22 02:32:26.343 I/wm_on_paused_called( 4132): [250080366,com.android.settings.Settings,performPause]
02-22 02:32:26.344 I/wm_add_to_stopping( 1503): [0,250080366,com.android.settings/.Settings,makeInvisible]
02-22 02:32:26.344 I/wm_restart_activity( 1503): [0,225629384,45,com.thundercomm.screensaver/.ui.page.MainActivity]
02-22 02:32:26.345 I/wm_set_resumed_activity( 1503): [0,com.thundercomm.screensaver/.ui.page.MainActivity,minimalResumeActivityLocked]
02-22 02:32:26.347 I/sysui_multi_action( 1503): [757,803,799,window_time_0,802,3]
02-22 02:32:26.363 I/input_focus( 1503): [Focus leaving ab95283 com.android.settings/com.android.settings.Settings (server),reason=NO_WINDOW]
02-22 02:32:26.429 I/wm_on_create_called( 6011): [225629384,com.thundercomm.screensaver.ui.page.MainActivity,performCreate]
02-22 02:32:26.448 I/wm_on_start_called( 6011): [225629384,com.thundercomm.screensaver.ui.page.MainActivity,handleStartActivity]
02-22 02:32:26.449 I/wm_on_resume_called( 6011): [225629384,com.thundercomm.screensaver.ui.page.MainActivity,RESUME_ACTIVITY]
02-22 02:32:26.451 I/wm_on_top_resumed_gained_called( 6011): [225629384,com.thundercomm.screensaver.ui.page.MainActivity,topStateChangedWhenResumed]
02-22 02:32:26.485 I/input_focus( 1503): [Focus request 25062e3 com.thundercomm.screensaver/com.thundercomm.screensaver.ui.page.MainActivity,reason=UpdateInputWindows]
02-22 02:32:26.610 I/sysui_multi_action( 1503): [319,276,322,275,325,4768,757,761,758,8,759,2,806,com.thundercomm.screensaver,871,com.thundercomm.screensaver.ui.page.MainActivity,904,com.android.settings,905,0,1320,4,1321,2]
02-22 02:32:26.610 I/wm_activity_launch_time( 1503): [0,225629384,com.thundercomm.screensaver/.ui.page.MainActivity,275]
02-22 02:32:26.615 I/input_focus( 1503): [Focus entering 25062e3 com.thundercomm.screensaver/com.thundercomm.screensaver.ui.page.MainActivity (server),reason=Window became focusable. Previous reason: NOT_VISIBLE]
02-22 02:32:27.004 I/wm_stop_activity( 1503): [0,250080366,com.android.settings/.Settings]
02-22 02:32:27.029 I/wm_on_stop_called( 4132): [250080366,com.android.settings.Settings,STOP_ACTIVITY_ITEM]
02-22 02:32:29.078 I/input_interaction( 1503): Interaction with: 25062e3 com.thundercomm.screensaver/com.thundercomm.screensaver.ui.page.MainActivity (server), edge-swipe (server), swipe-up (server), PointerEventDispatcher0 (server),
02-22 02:32:30.937 I/commit_sys_config_file( 1503): [settings-2-0,6]
02-22 02:32:32.228 I/input_interaction( 1503): Interaction with: a916dde StatusBar (server), edge-swipe (server), swipe-up (server), PointerEventDispatcher0 (server),
02-22 02:32:32.233 I/sysui_multi_action( 1966): [757,803,799,panel_open,802,1]
02-22 02:32:32.236 I/sysui_multi_action( 1966): [757,1328,758,4,1326,39,1327,0,1329,0]
02-22 02:32:32.299 I/sysui_multi_action( 1503): [757,127,758,1]
02-22 02:32:32.299 I/sysui_multi_action( 1503): [757,804,799,note_load,801,2,802,1]
02-22 02:32:32.299 I/notification_panel_revealed( 1503): 2
02-22 02:32:32.309 I/input_focus( 1503): [Focus request 91ac81d NotificationShade,reason=UpdateInputWindows]
02-22 02:32:32.319 I/sysui_multi_action( 1503): [757,128,758,1,793,4763338,794,0,795,4763338,796,26,798,0,806,android,857,DEVELOPER_IMPORTANT,858,4,947,0,1395,2,1500,4762933,1688,1]
02-22 02:32:32.319 I/sysui_multi_action( 1503): [757,804,799,note_freshness,801,4763338,802,1]
02-22 02:32:32.319 I/notification_visibility( 1503): [-1|android|26|null|1000,1,4763338,4763338,0,0]
02-22 02:32:32.320 I/sysui_multi_action( 1503): [757,128,758,1,793,4763941,794,0,795,4763941,796,32,798,1,806,android,857,USB,858,1,947,0,1395,2,1500,4763866,1688,1]
02-22 02:32:32.320 I/sysui_multi_action( 1503): [757,804,799,note_freshness,801,4763941,802,1]
02-22 02:32:32.320 I/notification_visibility( 1503): [-1|android|32|null|1000,1,4763941,4763941,0,1]
02-22 02:32:32.329 I/input_focus( 1503): [Focus leaving 25062e3 com.thundercomm.screensaver/com.thundercomm.screensaver.ui.page.MainActivity (server),reason=setFocusedWindow]
02-22 02:32:32.329 I/input_focus( 1503): [Focus entering 91ac81d NotificationShade (server),reason=setFocusedWindow]
02-22 02:32:32.377 I/sysui_multi_action( 1966): [757,111,758,1]
02-22 02:32:32.378 I/sysui_multi_action( 1966): [757,126,758,1,759,126,927,0,928,1,1593,0]
02-22 02:32:32.378 I/sysui_multi_action( 1966): [757,113,758,1,759,113,927,1,928,1,1593,0]
02-22 02:32:32.378 I/sysui_multi_action( 1966): [757,0,758,1,759,0,927,2,928,0,1593,0]
02-22 02:32:32.378 I/sysui_multi_action( 1966): [757,0,758,1,759,0,927,3,928,0,1593,0]
02-22 02:32:32.378 I/sysui_multi_action( 1966): [757,491,758,1,759,491,927,4,928,0,1311,-1,1593,0]
02-22 02:32:32.379 I/sysui_multi_action( 1966): [757,0,758,1,759,0,927,5,928,0,1593,0]
02-22 02:32:32.379 I/sysui_multi_action( 1966): [757,111,758,1]
02-22 02:32:32.379 I/sysui_multi_action( 1966): [757,126,758,1,759,126,927,0,928,1,1593,0]
02-22 02:32:32.379 I/sysui_multi_action( 1966): [757,113,758,1,759,113,927,1,928,1,1593,0]
02-22 02:32:32.379 I/sysui_multi_action( 1966): [757,0,758,1,759,0,927,2,928,0,1593,0]
02-22 02:32:32.379 I/sysui_multi_action( 1966): [757,0,758,1,759,0,927,3,928,0,1593,0]
02-22 02:32:33.289 I/input_interaction( 1503): Interaction with: 91ac81d NotificationShade (server), edge-swipe (server), swipe-up (server), PointerEventDispatcher0 (server),
02-22 02:32:33.721 I/notification_enqueue( 1503): [10078,1966,com.android.systemui,2048,NULL,0,Notification(channel=updateNotification shortcut=null contentView=null vibrate=null sound=null defaults=0x0 flags=0x0 color=0x00000000 vis=PRIVATE),1]
02-22 02:32:33.725 I/sysui_multi_action( 1966): [757,111,758,2]
02-22 02:32:33.726 I/sysui_multi_action( 1966): [757,111,758,2]
02-22 02:32:33.933 I/input_focus( 1503): [Focus request 25062e3 com.thundercomm.screensaver/com.thundercomm.screensaver.ui.page.MainActivity,reason=UpdateInputWindows]
02-22 02:32:33.937 I/sysui_multi_action( 1503): [757,128,758,2,793,4764956,794,1618,795,4764956,796,26,798,0,806,android,857,DEVELOPER_IMPORTANT,858,4,947,0,1395,2,1500,4764551,1688,1]
02-22 02:32:33.938 I/notification_visibility( 1503): [-1|android|26|null|1000,0,4764956,4764956,0,0]
02-22 02:32:33.938 I/sysui_multi_action( 1503): [757,128,758,2,793,4765560,794,1619,795,4765560,796,32,798,1,806,android,857,USB,858,1,947,0,1395,2,1500,4765485,1688,1]
02-22 02:32:33.938 I/notification_visibility( 1503): [-1|android|32|null|1000,0,4765560,4765560,0,1]
02-22 02:32:33.939 I/sysui_multi_action( 1503): [757,127,758,2]
02-22 02:32:33.939 I/notification_panel_hidden( 1503):
02-22 02:32:33.949 I/input_focus( 1503): [Focus leaving 91ac81d NotificationShade (server),reason=NO_WINDOW]
02-22 02:32:33.967 I/input_focus( 1503): [Focus entering 25062e3 com.thundercomm.screensaver/com.thundercomm.screensaver.ui.page.MainActivity (server),reason=setFocusedWindow]
02-22 02:32:35.664 I/input_interaction( 1503): Interaction with: 25062e3 com.thundercomm.screensaver/com.thundercomm.screensaver.ui.page.MainActivity (server), edge-swipe (server), swipe-up (server), PointerEventDispatcher0 (server),
02-22 02:32:35.715 I/view_enqueue_input_event( 6011): [Motion - Cancel,com.thundercomm.screensaver/com.thundercomm.screensaver.ui.page.MainActivity]
02-22 02:32:35.728 I/input_interaction( 1503): Interaction with: edge-swipe (server), swipe-up (server), PointerEventDispatcher0 (server),
02-22 02:32:35.868 I/sysui_multi_action( 1503): [757,803,799,key_back_press,802,1]
02-22 02:32:35.871 I/input_interaction( 1503): Interaction with: 25062e3 com.thundercomm.screensaver/com.thundercomm.screensaver.ui.page.MainActivity (server), PointerEventDispatcher0 (server),
02-22 02:32:35.876 I/wm_finish_activity( 1503): [0,225629384,45,com.thundercomm.screensaver/.ui.page.MainActivity,app-request]
02-22 02:32:35.883 I/wm_pause_activity( 1503): [0,225629384,com.thundercomm.screensaver/.ui.page.MainActivity,userLeaving=false,finish]
02-22 02:32:35.887 I/wm_on_top_resumed_lost_called( 6011): [225629384,com.thundercomm.screensaver.ui.page.MainActivity,topStateChangedWhenResumed]
02-22 02:32:35.888 I/wm_on_paused_called( 6011): [225629384,com.thundercomm.screensaver.ui.page.MainActivity,performPause]
02-22 02:32:35.888 I/wm_add_to_stopping( 1503): [0,225629384,com.thundercomm.screensaver/.ui.page.MainActivity,completeFinishing]
02-22 02:32:35.890 I/wm_set_resumed_activity( 1503): [0,com.android.settings/.Settings,resumeTopActivityInnerLocked]
02-22 02:32:35.894 I/wm_resume_activity( 1503): [0,250080366,45,com.android.settings/.Settings]
02-22 02:32:35.902 I/sysui_multi_action( 1503): [757,803,799,window_time_0,802,9]
02-22 02:32:35.905 I/input_focus( 1503): [Focus leaving 25062e3 com.thundercomm.screensaver/com.thundercomm.screensaver.ui.page.MainActivity (server),reason=NO_WINDOW]
02-22 02:32:35.906 I/wm_on_restart_called( 4132): [250080366,com.android.settings.Settings,performRestartActivity]
02-22 02:32:35.908 I/wm_on_start_called( 4132): [250080366,com.android.settings.Settings,handleStartActivity]
02-22 02:32:35.908 I/snet_event_log( 4132): [120484087,-1,]
02-22 02:32:35.909 I/wm_on_resume_called( 4132): [250080366,com.android.settings.Settings,RESUME_ACTIVITY]
02-22 02:32:35.909 I/sysui_multi_action( 4132): [757,35,758,1,833,0,1089,0]
02-22 02:32:35.911 I/sysui_multi_action( 4132): [757,47,758,1,833,0,1089,0]
02-22 02:32:35.924 I/wm_on_top_resumed_gained_called( 4132): [250080366,com.android.settings.Settings,topWhenResuming]
02-22 02:32:35.930 I/input_focus( 1503): [Focus request ab95283 com.android.settings/com.android.settings.Settings,reason=UpdateInputWindows]
02-22 02:32:35.954 I/input_focus( 1503): [Focus entering ab95283 com.android.settings/com.android.settings.Settings (server),reason=setFocusedWindow]
02-22 02:32:36.344 I/wm_destroy_activity( 1503): [0,225629384,45,com.thundercomm.screensaver/.ui.page.MainActivity,finish-imm:idle]
02-22 02:32:36.367 I/wm_on_stop_called( 6011): [225629384,com.thundercomm.screensaver.ui.page.MainActivity,LIFECYCLER_STOP_ACTIVITY]
02-22 02:32:36.382 I/wm_on_destroy_called( 6011): [225629384,com.thundercomm.screensaver.ui.page.MainActivity,performDestroy]
02-22 02:32:37.337 I/input_interaction( 1503): Interaction with: ab95283 com.android.settings/com.android.settings.Settings (server), edge-swipe (server), swipe-up (server), PointerEventDispatcher0 (server),
02-22 02:32:37.478 I/sysui_multi_action( 4132): [757,830,758,4,833,0,854,dream_start_button_container,1089,0]
02-22 02:32:37.689 I/commit_sys_config_file( 1503): [settings-2-0,9]
02-22 02:32:37.948 I/input_interaction( 1503): Interaction with: a916dde StatusBar (server), edge-swipe (server), swipe-up (server), PointerEventDispatcher0 (server),
02-22 02:32:37.952 I/sysui_multi_action( 1966): [757,803,799,panel_open,802,1]
02-22 02:32:37.953 I/sysui_multi_action( 1966): [757,1328,758,4,1326,43,1327,1,1329,0]
02-22 02:32:38.030 I/sysui_multi_action( 1503): [757,127,758,1]
02-22 02:32:38.030 I/sysui_multi_action( 1503): [757,804,799,note_load,801,2,802,1]
02-22 02:32:38.030 I/notification_panel_revealed( 1503): 2
02-22 02:32:38.039 I/input_focus( 1503): [Focus request 91ac81d NotificationShade,reason=UpdateInputWindows]
02-22 02:32:38.049 I/sysui_multi_action( 1503): [757,128,758,1,793,4769068,794,0,795,4769068,796,26,798,0,806,android,857,DEVELOPER_IMPORTANT,858,4,947,0,1395,2,1500,4768663,1688,1]
02-22 02:32:38.049 I/sysui_multi_action( 1503): [757,804,799,note_freshness,801,4769068,802,1]
02-22 02:32:38.049 I/notification_visibility( 1503): [-1|android|26|null|1000,1,4769068,4769068,0,0]
02-22 02:32:38.049 I/sysui_multi_action( 1503): [757,128,758,1,793,4769671,794,0,795,4769671,796,32,798,1,806,android,857,USB,858,1,947,0,1395,2,1500,4769596,1688,1]
02-22 02:32:38.049 I/sysui_multi_action( 1503): [757,804,799,note_freshness,801,4769671,802,1]
02-22 02:32:38.049 I/notification_visibility( 1503): [-1|android|32|null|1000,1,4769671,4769671,0,1]
02-22 02:32:38.060 I/input_focus( 1503): [Focus leaving ab95283 com.android.settings/com.android.settings.Settings (server),reason=setFocusedWindow]
02-22 02:32:38.060 I/input_focus( 1503): [Focus entering 91ac81d NotificationShade (server),reason=setFocusedWindow]
02-22 02:32:38.108 I/sysui_multi_action( 1966): [757,111,758,1]
02-22 02:32:38.109 I/sysui_multi_action( 1966): [757,126,758,1,759,126,927,0,928,1,1593,0]
02-22 02:32:38.109 I/sysui_multi_action( 1966): [757,113,758,1,759,113,927,1,928,1,1593,0]
02-22 02:32:38.109 I/sysui_multi_action( 1966): [757,0,758,1,759,0,927,2,928,0,1593,0]
02-22 02:32:38.109 I/sysui_multi_action( 1966): [757,0,758,1,759,0,927,3,928,0,1593,0]
02-22 02:32:38.110 I/sysui_multi_action( 1966): [757,491,758,1,759,491,927,4,928,0,1311,-1,1593,0]
02-22 02:32:38.110 I/sysui_multi_action( 1966): [757,0,758,1,759,0,927,5,928,0,1593,0]
02-22 02:32:38.110 I/sysui_multi_action( 1966): [757,111,758,1]
02-22 02:32:38.110 I/sysui_multi_action( 1966): [757,126,758,1,759,126,927,0,928,1,1593,0]
02-22 02:32:38.110 I/sysui_multi_action( 1966): [757,113,758,1,759,113,927,1,928,1,1593,0]
02-22 02:32:38.110 I/sysui_multi_action( 1966): [757,0,758,1,759,0,927,2,928,0,1593,0]
02-22 02:32:38.110 I/sysui_multi_action( 1966): [757,0,758,1,759,0,927,3,928,0,1593,0]
02-22 02:32:39.512 I/input_interaction( 1503): Interaction with: 91ac81d NotificationShade (server), edge-swipe (server), swipe-up (server), PointerEventDispatcher0 (server),
02-22 02:32:39.656 I/sysui_multi_action( 1503): [757,222,758,1]
02-22 02:32:39.670 I/input_focus( 1503): [Focus request ab95283 com.android.settings/com.android.settings.Settings,reason=UpdateInputWindows]
02-22 02:32:39.673 I/wm_task_created( 1503): [62,-1]
02-22 02:32:39.676 I/wm_task_moved( 1503): [62,1,9]
02-22 02:32:39.676 I/wm_task_to_front( 1503): [0,62]
02-22 02:32:39.676 I/wm_create_task( 1503): [0,62]
02-22 02:32:39.676 I/wm_create_activity( 1503): [0,86454170,62,com.thundercomm.screensaver/android.service.dreams.DreamActivity,NULL,NULL,NULL,276824064]
02-22 02:32:39.676 I/wm_task_moved( 1503): [62,1,9]
02-22 02:32:39.677 I/wm_pause_activity( 1503): [0,250080366,com.android.settings/.Settings,userLeaving=true,pauseBackTasks]
02-22 02:32:39.680 I/wm_on_top_resumed_lost_called( 4132): [250080366,com.android.settings.Settings,topStateChangedWhenResumed]
02-22 02:32:39.683 I/sysui_multi_action( 4132): [757,35,758,2,1089,3775]
02-22 02:32:39.684 I/sysui_multi_action( 4132): [757,47,758,2,1089,3773]
02-22 02:32:39.684 I/wm_on_paused_called( 4132): [250080366,com.android.settings.Settings,performPause]
02-22 02:32:39.685 I/wm_add_to_stopping( 1503): [0,250080366,com.android.settings/.Settings,makeInvisible]
02-22 02:32:39.686 I/wm_restart_activity( 1503): [0,86454170,62,com.thundercomm.screensaver/android.service.dreams.DreamActivity]
02-22 02:32:39.686 I/wm_set_resumed_activity( 1503): [0,com.thundercomm.screensaver/android.service.dreams.DreamActivity,minimalResumeActivityLocked]
02-22 02:32:39.689 I/sysui_multi_action( 1503): [757,803,799,window_time_0,802,4]
02-22 02:32:39.689 I/wm_on_create_called( 6011): [86454170,android.service.dreams.DreamActivity,performCreate]
02-22 02:32:39.689 I/wm_on_start_called( 6011): [86454170,android.service.dreams.DreamActivity,handleStartActivity]
02-22 02:32:39.690 I/wm_on_resume_called( 6011): [86454170,android.service.dreams.DreamActivity,RESUME_ACTIVITY]
02-22 02:32:39.692 I/wm_on_top_resumed_gained_called( 6011): [86454170,android.service.dreams.DreamActivity,topStateChangedWhenResumed]
02-22 02:32:39.697 I/input_focus( 1503): [Focus leaving 91ac81d NotificationShade (server),reason=NOT_FOCUSABLE]
02-22 02:32:39.697 I/input_focus( 1503): [Focus entering ab95283 com.android.settings/com.android.settings.Settings (server),reason=setFocusedWindow]
02-22 02:32:39.701 I/input_focus( 1503): [Focus request dfe7c1 com.thundercomm.screensaver/android.service.dreams.DreamActivity,reason=UpdateInputWindows]
02-22 02:32:39.713 I/input_focus( 1503): [Focus leaving ab95283 com.android.settings/com.android.settings.Settings (server),reason=NO_WINDOW]
02-22 02:32:39.715 I/notification_enqueue( 1503): [10078,1966,com.android.systemui,2048,NULL,0,Notification(channel=updateNotification shortcut=null contentView=null vibrate=null sound=null defaults=0x0 flags=0x0 color=0x00000000 vis=PRIVATE),1]
02-22 02:32:39.715 I/sysui_multi_action( 1966): [757,111,758,2]
02-22 02:32:39.715 I/sysui_multi_action( 1966): [757,111,758,2]
02-22 02:32:39.722 I/sysui_multi_action( 1503): [319,49,322,39,325,4781,757,761,758,8,759,2,806,com.thundercomm.screensaver,871,android.service.dreams.DreamActivity,904,com.thundercomm.screensaver,905,0,1320,4,1321,2]
02-22 02:32:39.722 I/wm_activity_launch_time( 1503): [0,86454170,com.thundercomm.screensaver/android.service.dreams.DreamActivity,39]
02-22 02:32:39.728 I/sysui_multi_action( 1966): [757,111,758,1]
02-22 02:32:39.728 I/sysui_multi_action( 1966): [757,126,758,1,759,126,927,0,928,1,1593,1]
02-22 02:32:39.728 I/sysui_multi_action( 1966): [757,113,758,1,759,113,927,1,928,1,1593,1]
02-22 02:32:39.728 I/sysui_multi_action( 1966): [757,0,758,1,759,0,927,2,928,0,1593,1]
02-22 02:32:39.728 I/sysui_multi_action( 1966): [757,0,758,1,759,0,927,3,928,0,1593,1]
02-22 02:32:39.728 I/sysui_multi_action( 1966): [757,491,758,1,759,491,927,4,928,0,1311,-1,1593,0]
02-22 02:32:39.728 I/sysui_multi_action( 1966): [757,0,758,1,759,0,927,5,928,0,1593,0]
02-22 02:32:39.728 I/sysui_multi_action( 1966): [757,111,758,1]
02-22 02:32:39.729 I/sysui_multi_action( 1966): [757,126,758,1,759,126,927,0,928,1,1593,1]
02-22 02:32:39.729 I/sysui_multi_action( 1966): [757,113,758,1,759,113,927,1,928,1,1593,1]
02-22 02:32:39.729 I/sysui_multi_action( 1966): [757,0,758,1,759,0,927,2,928,0,1593,1]
02-22 02:32:39.729 I/sysui_multi_action( 1966): [757,0,758,1,759,0,927,3,928,0,1593,1]
02-22 02:32:39.745 I/input_focus( 1503): [Focus entering dfe7c1 com.thundercomm.screensaver/android.service.dreams.DreamActivity (server),reason=Window became focusable. Previous reason: NOT_VISIBLE]
02-22 02:32:39.840 I/commit_sys_config_file( 1503): [settings-2-0,1]
02-22 02:32:39.962 I/notification_enqueue( 1503): [10078,1966,com.android.systemui,2048,NULL,0,Notification(channel=updateNotification shortcut=null contentView=null vibrate=null sound=null defaults=0x0 flags=0x0 color=0x00000000 vis=PRIVATE),1]
02-22 02:32:39.962 I/sysui_multi_action( 1966): [757,111,758,2]
02-22 02:32:39.962 I/sysui_multi_action( 1966): [757,111,758,2]
02-22 02:32:40.168 I/sysui_multi_action( 1503): [757,128,758,2,793,4771187,794,2119,795,4771187,796,26,798,0,806,android,857,DEVELOPER_IMPORTANT,858,4,947,0,1395,2,1500,4770782,1688,1]
02-22 02:32:40.168 I/notification_visibility( 1503): [-1|android|26|null|1000,0,4771187,4771187,0,0]
02-22 02:32:40.168 I/sysui_multi_action( 1503): [757,128,758,2,793,4771790,794,2119,795,4771790,796,32,798,1,806,android,857,USB,858,1,947,0,1395,2,1500,4771715,1688,1]
02-22 02:32:40.169 I/notification_visibility( 1503): [-1|android|32|null|1000,0,4771790,4771790,0,1]
02-22 02:32:40.169 I/sysui_multi_action( 1503): [757,127,758,2]
02-22 02:32:40.169 I/notification_panel_hidden( 1503):
02-22 02:32:40.231 I/wm_stop_activity( 1503): [0,250080366,com.android.settings/.Settings]
02-22 02:32:40.253 I/wm_on_stop_called( 4132): [250080366,com.android.settings.Settings,STOP_ACTIVITY_ITEM]
02-22 02:32:42.093 I/input_interaction( 1503): Interaction with: dfe7c1 com.thundercomm.screensaver/android.service.dreams.DreamActivity (server), edge-swipe (server), swipe-up (server), PointerEventDispatcher0 (server),
02-22 02:32:42.096 I/wm_finish_activity( 1503): [0,86454170,62,com.thundercomm.screensaver/android.service.dreams.DreamActivity,finish-activity]
02-22 02:32:42.097 I/wm_task_moved( 1503): [45,1,8]
02-22 02:32:42.097 I/wm_task_to_front( 1503): [0,45]
02-22 02:32:42.098 I/wm_focused_root_task( 1503): [0,0,45,62,finish-top adjustFocusToNextFocusableTask]
02-22 02:32:42.099 I/wm_pause_activity( 1503): [0,86454170,com.thundercomm.screensaver/android.service.dreams.DreamActivity,userLeaving=false,finish]
02-22 02:32:42.104 I/sysui_multi_action( 1503): [757,803,799,window_time_0,802,2]
02-22 02:32:42.105 I/wm_on_top_resumed_lost_called( 6011): [86454170,android.service.dreams.DreamActivity,topStateChangedWhenResumed]
02-22 02:32:42.106 I/wm_on_paused_called( 6011): [86454170,android.service.dreams.DreamActivity,performPause]
02-22 02:32:42.106 I/wm_add_to_stopping( 1503): [0,86454170,com.thundercomm.screensaver/android.service.dreams.DreamActivity,completeFinishing]
02-22 02:32:42.109 I/wm_set_resumed_activity( 1503): [0,com.android.settings/.Settings,resumeTopActivityInnerLocked]
02-22 02:32:42.111 I/wm_resume_activity( 1503): [0,250080366,45,com.android.settings/.Settings]
02-22 02:32:42.117 I/sysui_multi_action( 1503): [757,803,799,window_time_0,802,0]
02-22 02:32:42.120 I/input_focus( 1503): [Focus leaving dfe7c1 com.thundercomm.screensaver/android.service.dreams.DreamActivity (server),reason=NO_WINDOW]
02-22 02:32:42.120 I/input_interaction( 1503): Interaction with: edge-swipe (server), swipe-up (server), PointerEventDispatcher0 (server),
02-22 02:32:42.123 I/wm_on_restart_called( 4132): [250080366,com.android.settings.Settings,performRestartActivity]
02-22 02:32:42.125 I/view_enqueue_input_event( 6011): [Motion - Cancel,com.thundercomm.screensaver/android.service.dreams.DreamActivity]
02-22 02:32:42.125 I/wm_on_start_called( 4132): [250080366,com.android.settings.Settings,handleStartActivity]
02-22 02:32:42.125 I/snet_event_log( 4132): [120484087,-1,]
02-22 02:32:42.125 I/wm_on_resume_called( 4132): [250080366,com.android.settings.Settings,RESUME_ACTIVITY]
02-22 02:32:42.126 I/sysui_multi_action( 4132): [757,35,758,1,833,0,1089,0]
02-22 02:32:42.127 I/sysui_multi_action( 4132): [757,47,758,1,833,0,1089,0]
02-22 02:32:42.132 I/wm_on_top_resumed_gained_called( 4132): [250080366,com.android.settings.Settings,topWhenResuming]
02-22 02:32:42.140 I/input_focus( 1503): [Focus request ab95283 com.android.settings/com.android.settings.Settings,reason=UpdateInputWindows]
02-22 02:32:42.154 I/input_focus( 1503): [Focus entering ab95283 com.android.settings/com.android.settings.Settings (server),reason=setFocusedWindow]
02-22 02:32:42.655 I/wm_destroy_activity( 1503): [0,86454170,62,com.thundercomm.screensaver/android.service.dreams.DreamActivity,finish-imm:idle]
02-22 02:32:42.679 I/wm_on_stop_called( 6011): [86454170,android.service.dreams.DreamActivity,LIFECYCLER_STOP_ACTIVITY]
02-22 02:32:42.682 I/wm_on_destroy_called( 6011): [86454170,android.service.dreams.DreamActivity,performDestroy]
02-22 02:32:42.684 I/sysui_multi_action( 1503): [757,222,758,2]
02-22 02:32:42.684 I/sysui_multi_action( 1503): [757,804,799,dreaming_minutes,801,0,802,1]
02-22 02:32:42.694 I/wm_task_removed( 1503): [62,removeChild:removeChild last r=ActivityRecord{5272f9a u0 com.thundercomm.screensaver/android.service.dreams.DreamActivity t-1 f}} in t=Task{79417f2 #62 type=dream A=10047:android:com.thundercomm.screensaver/dream U=0 visible=false mode=fullscreen translucent=true sz=0}]
02-22 02:32:42.694 I/wm_task_removed( 1503): [62,removeChild]
02-22 02:32:43.446 I/input_interaction( 1503): Interaction with: ab95283 com.android.settings/com.android.settings.Settings (server), edge-swipe (server), swipe-up (server), PointerEventDispatcher0 (server),
02-22 02:32:43.448 I/service_manager_stats( 1503): [100,79,46947]
02-22 02:32:43.585 I/sysui_multi_action( 4132): [757,830,758,4,833,0,854,dream_start_button_container,1089,0]
02-22 02:32:43.800 I/commit_sys_config_file( 1503): [settings-2-0,16]
02-22 02:32:43.996 I/input_interaction( 1503): Interaction with: a916dde StatusBar (server), edge-swipe (server), swipe-up (server), PointerEventDispatcher0 (server),
02-22 02:32:44.002 I/sysui_multi_action( 1966): [757,803,799,panel_open,802,1]
02-22 02:32:44.004 I/sysui_multi_action( 1966): [757,1328,758,4,1326,42,1327,2,1329,0]
02-22 02:32:44.082 I/sysui_multi_action( 1503): [757,127,758,1]
02-22 02:32:44.082 I/sysui_multi_action( 1503): [757,804,799,note_load,801,2,802,1]
02-22 02:32:44.082 I/notification_panel_revealed( 1503): 2
02-22 02:32:44.093 I/input_focus( 1503): [Focus request 91ac81d NotificationShade,reason=UpdateInputWindows]
02-22 02:32:44.101 I/sysui_multi_action( 1503): [757,128,758,1,793,4775120,794,0,795,4775120,796,26,798,0,806,android,857,DEVELOPER_IMPORTANT,858,4,947,0,1395,2,1500,4774715,1688,1]
02-22 02:32:44.101 I/sysui_multi_action( 1503): [757,804,799,note_freshness,801,4775120,802,1]
02-22 02:32:44.101 I/notification_visibility( 1503): [-1|android|26|null|1000,1,4775120,4775120,0,0]
02-22 02:32:44.101 I/sysui_multi_action( 1503): [757,128,758,1,793,4775723,794,0,795,4775723,796,32,798,1,806,android,857,USB,858,1,947,0,1395,2,1500,4775648,1688,1]
02-22 02:32:44.101 I/sysui_multi_action( 1503): [757,804,799,note_freshness,801,4775723,802,1]
02-22 02:32:44.101 I/notification_visibility( 1503): [-1|android|32|null|1000,1,4775723,4775723,0,1]
02-22 02:32:44.108 I/input_focus( 1503): [Focus leaving ab95283 com.android.settings/com.android.settings.Settings (server),reason=setFocusedWindow]
02-22 02:32:44.108 I/input_focus( 1503): [Focus entering 91ac81d NotificationShade (server),reason=setFocusedWindow]
02-22 02:32:44.172 I/sysui_multi_action( 1966): [757,111,758,1]
02-22 02:32:44.173 I/sysui_multi_action( 1966): [757,126,758,1,759,126,927,0,928,1,1593,0]
02-22 02:32:44.173 I/sysui_multi_action( 1966): [757,113,758,1,759,113,927,1,928,1,1593,0]
02-22 02:32:44.173 I/sysui_multi_action( 1966): [757,0,758,1,759,0,927,2,928,0,1593,0]
02-22 02:32:44.173 I/sysui_multi_action( 1966): [757,0,758,1,759,0,927,3,928,0,1593,0]
02-22 02:32:44.173 I/sysui_multi_action( 1966): [757,491,758,1,759,491,927,4,928,0,1311,-1,1593,0]
02-22 02:32:44.174 I/sysui_multi_action( 1966): [757,0,758,1,759,0,927,5,928,0,1593,0]
02-22 02:32:44.174 I/sysui_multi_action( 1966): [757,111,758,1]
02-22 02:32:44.174 I/sysui_multi_action( 1966): [757,126,758,1,759,126,927,0,928,1,1593,0]
02-22 02:32:44.174 I/sysui_multi_action( 1966): [757,113,758,1,759,113,927,1,928,1,1593,0]
02-22 02:32:44.174 I/sysui_multi_action( 1966): [757,0,758,1,759,0,927,2,928,0,1593,0]
02-22 02:32:44.174 I/sysui_multi_action( 1966): [757,0,758,1,759,0,927,3,928,0,1593,0]
02-22 02:32:45.036 I/input_interaction( 1503): Interaction with: 91ac81d NotificationShade (server), edge-swipe (server), swipe-up (server), PointerEventDispatcher0 (server),
02-22 02:32:45.184 I/sysui_multi_action( 1503): [757,222,758,1]
02-22 02:32:45.198 I/wm_task_created( 1503): [63,-1]
02-22 02:32:45.202 I/wm_task_moved( 1503): [63,1,9]
02-22 02:32:45.202 I/wm_task_to_front( 1503): [0,63]
02-22 02:32:45.202 I/wm_create_task( 1503): [0,63]
02-22 02:32:45.202 I/wm_create_activity( 1503): [0,143354521,63,com.thundercomm.screensaver/android.service.dreams.DreamActivity,NULL,NULL,NULL,276824064]
02-22 02:32:45.202 I/wm_task_moved( 1503): [63,1,9]
02-22 02:32:45.203 I/wm_on_top_resumed_lost_called( 4132): [250080366,com.android.settings.Settings,topStateChangedWhenResumed]
02-22 02:32:45.204 I/wm_pause_activity( 1503): [0,250080366,com.android.settings/.Settings,userLeaving=true,pauseBackTasks]
02-22 02:32:45.210 I/input_focus( 1503): [Focus request ab95283 com.android.settings/com.android.settings.Settings,reason=UpdateInputWindows]
02-22 02:32:45.211 I/sysui_multi_action( 4132): [757,35,758,2,1089,3086]
02-22 02:32:45.211 I/sysui_multi_action( 4132): [757,47,758,2,1089,3085]
02-22 02:32:45.212 I/wm_on_paused_called( 4132): [250080366,com.android.settings.Settings,performPause]
02-22 02:32:45.213 I/wm_add_to_stopping( 1503): [0,250080366,com.android.settings/.Settings,makeInvisible]
02-22 02:32:45.214 I/wm_restart_activity( 1503): [0,143354521,63,com.thundercomm.screensaver/android.service.dreams.DreamActivity]
02-22 02:32:45.214 I/wm_set_resumed_activity( 1503): [0,com.thundercomm.screensaver/android.service.dreams.DreamActivity,minimalResumeActivityLocked]
02-22 02:32:45.217 I/sysui_multi_action( 1503): [757,803,799,window_time_0,802,4]
02-22 02:32:45.220 I/wm_on_create_called( 6011): [143354521,android.service.dreams.DreamActivity,performCreate]
02-22 02:32:45.220 I/wm_on_start_called( 6011): [143354521,android.service.dreams.DreamActivity,handleStartActivity]
02-22 02:32:45.221 I/wm_on_resume_called( 6011): [143354521,android.service.dreams.DreamActivity,RESUME_ACTIVITY]
02-22 02:32:45.223 I/wm_on_top_resumed_gained_called( 6011): [143354521,android.service.dreams.DreamActivity,topStateChangedWhenResumed]
02-22 02:32:45.226 I/input_focus( 1503): [Focus leaving 91ac81d NotificationShade (server),reason=NOT_FOCUSABLE]
02-22 02:32:45.234 I/input_focus( 1503): [Focus request 606d3d1 com.thundercomm.screensaver/android.service.dreams.DreamActivity,reason=UpdateInputWindows]
02-22 02:32:45.245 I/sysui_multi_action( 1503): [319,49,322,44,325,4786,757,761,758,8,759,2,806,com.thundercomm.screensaver,871,android.service.dreams.DreamActivity,904,com.thundercomm.screensaver,905,0,1320,4,1321,2]
02-22 02:32:45.246 I/wm_activity_launch_time( 1503): [0,143354521,com.thundercomm.screensaver/android.service.dreams.DreamActivity,44]
02-22 02:32:45.246 I/notification_enqueue( 1503): [10078,1966,com.android.systemui,2048,NULL,0,Notification(channel=updateNotification shortcut=null contentView=null vibrate=null sound=null defaults=0x0 flags=0x0 color=0x00000000 vis=PRIVATE),1]
02-22 02:32:45.246 I/sysui_multi_action( 1966): [757,111,758,2]
02-22 02:32:45.246 I/sysui_multi_action( 1966): [757,111,758,2]
02-22 02:32:45.258 I/sysui_multi_action( 1966): [757,111,758,1]
02-22 02:32:45.258 I/sysui_multi_action( 1966): [757,126,758,1,759,126,927,0,928,1,1593,1]
02-22 02:32:45.258 I/sysui_multi_action( 1966): [757,113,758,1,759,113,927,1,928,1,1593,1]
02-22 02:32:45.258 I/sysui_multi_action( 1966): [757,0,758,1,759,0,927,2,928,0,1593,1]
02-22 02:32:45.258 I/sysui_multi_action( 1966): [757,0,758,1,759,0,927,3,928,0,1593,1]
02-22 02:32:45.258 I/sysui_multi_action( 1966): [757,491,758,1,759,491,927,4,928,0,1311,-1,1593,0]
02-22 02:32:45.258 I/sysui_multi_action( 1966): [757,0,758,1,759,0,927,5,928,0,1593,0]
02-22 02:32:45.258 I/sysui_multi_action( 1966): [757,111,758,1]
02-22 02:32:45.258 I/sysui_multi_action( 1966): [757,126,758,1,759,126,927,0,928,1,1593,1]
02-22 02:32:45.259 I/sysui_multi_action( 1966): [757,113,758,1,759,113,927,1,928,1,1593,1]
02-22 02:32:45.259 I/sysui_multi_action( 1966): [757,0,758,1,759,0,927,2,928,0,1593,1]
02-22 02:32:45.259 I/sysui_multi_action( 1966): [757,0,758,1,759,0,927,3,928,0,1593,1]
02-22 02:32:45.275 I/input_focus( 1503): [Focus entering 606d3d1 com.thundercomm.screensaver/android.service.dreams.DreamActivity (server),reason=Window became focusable. Previous reason: NOT_VISIBLE]
02-22 02:32:45.379 I/commit_sys_config_file( 1503): [settings-2-0,1]
02-22 02:32:45.509 I/notification_enqueue( 1503): [10078,1966,com.android.systemui,2048,NULL,0,Notification(channel=updateNotification shortcut=null contentView=null vibrate=null sound=null defaults=0x0 flags=0x0 color=0x00000000 vis=PRIVATE),1]
02-22 02:32:45.509 I/sysui_multi_action( 1966): [757,111,758,2]
02-22 02:32:45.509 I/sysui_multi_action( 1966): [757,111,758,2]
02-22 02:32:45.715 I/sysui_multi_action( 1503): [757,128,758,2,793,4776734,794,1614,795,4776734,796,26,798,0,806,android,857,DEVELOPER_IMPORTANT,858,4,947,0,1395,2,1500,4776329,1688,1]
02-22 02:32:45.715 I/notification_visibility( 1503): [-1|android|26|null|1000,0,4776734,4776734,0,0]
02-22 02:32:45.715 I/sysui_multi_action( 1503): [757,128,758,2,793,4777337,794,1614,795,4777337,796,32,798,1,806,android,857,USB,858,1,947,0,1395,2,1500,4777262,1688,1]
02-22 02:32:45.715 I/notification_visibility( 1503): [-1|android|32|null|1000,0,4777337,4777337,0,1]
02-22 02:32:45.716 I/sysui_multi_action( 1503): [757,127,758,2]
02-22 02:32:45.716 I/notification_panel_hidden( 1503):
02-22 02:32:45.744 I/wm_stop_activity( 1503): [0,250080366,com.android.settings/.Settings]
02-22 02:32:45.767 I/wm_on_stop_called( 4132): [250080366,com.android.settings.Settings,STOP_ACTIVITY_ITEM]
02-22 02:32:47.016 I/input_interaction( 1503): Interaction with: 606d3d1 com.thundercomm.screensaver/android.service.dreams.DreamActivity (server), edge-swipe (server), swipe-up (server), PointerEventDispatcher0 (server),
02-22 02:32:47.017 I/wm_finish_activity( 1503): [0,143354521,63,com.thundercomm.screensaver/android.service.dreams.DreamActivity,finish-activity]
02-22 02:32:47.017 I/wm_task_moved( 1503): [45,1,8]
02-22 02:32:47.017 I/wm_task_to_front( 1503): [0,45]
02-22 02:32:47.017 I/wm_focused_root_task( 1503): [0,0,45,63,finish-top adjustFocusToNextFocusableTask]
02-22 02:32:47.017 I/wm_pause_activity( 1503): [0,143354521,com.thundercomm.screensaver/android.service.dreams.DreamActivity,userLeaving=false,finish]
02-22 02:32:47.019 I/sysui_multi_action( 1503): [757,803,799,window_time_0,802,1]
02-22 02:32:47.019 I/wm_on_top_resumed_lost_called( 6011): [143354521,android.service.dreams.DreamActivity,topStateChangedWhenResumed]
02-22 02:32:47.020 I/wm_on_paused_called( 6011): [143354521,android.service.dreams.DreamActivity,performPause]
02-22 02:32:47.020 I/wm_add_to_stopping( 1503): [0,143354521,com.thundercomm.screensaver/android.service.dreams.DreamActivity,completeFinishing]
02-22 02:32:47.021 I/wm_set_resumed_activity( 1503): [0,com.android.settings/.Settings,resumeTopActivityInnerLocked]
02-22 02:32:47.021 I/wm_resume_activity( 1503): [0,250080366,45,com.android.settings/.Settings]
02-22 02:32:47.023 I/sysui_multi_action( 1503): [757,803,799,window_time_0,802,0]
02-22 02:32:47.030 I/wm_on_restart_called( 4132): [250080366,com.android.settings.Settings,performRestartActivity]
02-22 02:32:47.030 I/input_focus( 1503): [Focus leaving 606d3d1 com.thundercomm.screensaver/android.service.dreams.DreamActivity (server),reason=NO_WINDOW]
02-22 02:32:47.030 I/view_enqueue_input_event( 6011): [Motion - Cancel,com.thundercomm.screensaver/android.service.dreams.DreamActivity]
02-22 02:32:47.031 I/wm_on_start_called( 4132): [250080366,com.android.settings.Settings,handleStartActivity]
02-22 02:32:47.031 I/snet_event_log( 4132): [120484087,-1,]
02-22 02:32:47.032 I/wm_on_resume_called( 4132): [250080366,com.android.settings.Settings,RESUME_ACTIVITY]
02-22 02:32:47.032 I/sysui_multi_action( 4132): [757,35,758,1,833,0,1089,0]
02-22 02:32:47.034 I/sysui_multi_action( 4132): [757,47,758,1,833,0,1089,0]
02-22 02:32:47.041 I/input_interaction( 1503): Interaction with: edge-swipe (server), swipe-up (server), PointerEventDispatcher0 (server),
02-22 02:32:47.042 I/wm_on_top_resumed_gained_called( 4132): [250080366,com.android.settings.Settings,topWhenResuming]
02-22 02:32:47.048 I/input_focus( 1503): [Focus request ab95283 com.android.settings/com.android.settings.Settings,reason=UpdateInputWindows]
02-22 02:32:47.064 I/input_focus( 1503): [Focus entering ab95283 com.android.settings/com.android.settings.Settings (server),reason=setFocusedWindow]
02-22 02:32:47.568 I/wm_destroy_activity( 1503): [0,143354521,63,com.thundercomm.screensaver/android.service.dreams.DreamActivity,finish-imm:idle]
02-22 02:32:47.576 I/wm_on_stop_called( 6011): [143354521,android.service.dreams.DreamActivity,LIFECYCLER_STOP_ACTIVITY]
02-22 02:32:47.578 I/wm_on_destroy_called( 6011): [143354521,android.service.dreams.DreamActivity,performDestroy]
02-22 02:32:47.585 I/sysui_multi_action( 1503): [757,222,758,2]
02-22 02:32:47.585 I/sysui_multi_action( 1503): [757,804,799,dreaming_minutes,801,0,802,1]
02-22 02:32:47.605 I/wm_task_removed( 1503): [63,removeChild:removeChild last r=ActivityRecord{88b6a99 u0 com.thundercomm.screensaver/android.service.dreams.DreamActivity t-1 f}} in t=Task{4d3dc0d #63 type=dream A=10047:android:com.thundercomm.screensaver/dream U=0 visible=false mode=fullscreen translucent=true sz=0}]
02-22 02:32:47.605 I/wm_task_removed( 1503): [63,removeChild]
02-22 02:32:48.182 I/input_interaction( 1503): Interaction with: ab95283 com.android.settings/com.android.settings.Settings (server), edge-swipe (server), swipe-up (server), PointerEventDispatcher0 (server),
02-22 02:32:48.321 I/sysui_multi_action( 4132): [757,830,758,4,833,0,854,dream_start_button_container,1089,0]
02-22 02:32:48.526 I/commit_sys_config_file( 1503): [settings-2-0,7]
02-22 02:32:49.287 I/input_interaction( 1503): Interaction with: a916dde StatusBar (server), edge-swipe (server), swipe-up (server), PointerEventDispatcher0 (server),
02-22 02:32:49.291 I/sysui_multi_action( 1966): [757,803,799,panel_open,802,1]
02-22 02:32:49.293 I/sysui_multi_action( 1966): [757,1328,758,4,1326,43,1327,2,1329,0]
02-22 02:32:49.323 I/sysui_multi_action( 1503): [757,127,758,1]
02-22 02:32:49.323 I/sysui_multi_action( 1503): [757,804,799,note_load,801,2,802,1]
02-22 02:32:49.323 I/notification_panel_revealed( 1503): 2
02-22 02:32:49.331 I/input_focus( 1503): [Focus request 91ac81d NotificationShade,reason=UpdateInputWindows]
02-22 02:32:49.341 I/sysui_multi_action( 1503): [757,128,758,1,793,4780360,794,0,795,4780360,796,26,798,0,806,android,857,DEVELOPER_IMPORTANT,858,4,947,0,1395,2,1500,4779955,1688,1]
02-22 02:32:49.341 I/sysui_multi_action( 1503): [757,804,799,note_freshness,801,4780360,802,1]
02-22 02:32:49.341 I/notification_visibility( 1503): [-1|android|26|null|1000,1,4780360,4780360,0,0]
02-22 02:32:49.342 I/sysui_multi_action( 1503): [757,128,758,1,793,4780964,794,0,795,4780964,796,32,798,1,806,android,857,USB,858,1,947,0,1395,2,1500,4780889,1688,1]
02-22 02:32:49.342 I/sysui_multi_action( 1503): [757,804,799,note_freshness,801,4780964,802,1]
02-22 02:32:49.342 I/notification_visibility( 1503): [-1|android|32|null|1000,1,4780964,4780964,0,1]
02-22 02:32:49.353 I/input_focus( 1503): [Focus leaving ab95283 com.android.settings/com.android.settings.Settings (server),reason=setFocusedWindow]
02-22 02:32:49.353 I/input_focus( 1503): [Focus entering 91ac81d NotificationShade (server),reason=setFocusedWindow]
02-22 02:32:49.386 I/sysui_multi_action( 1966): [757,111,758,1]
02-22 02:32:49.386 I/sysui_multi_action( 1966): [757,126,758,1,759,126,927,0,928,1,1593,0]
02-22 02:32:49.386 I/sysui_multi_action( 1966): [757,113,758,1,759,113,927,1,928,1,1593,0]
02-22 02:32:49.386 I/sysui_multi_action( 1966): [757,0,758,1,759,0,927,2,928,0,1593,0]
02-22 02:32:49.386 I/sysui_multi_action( 1966): [757,0,758,1,759,0,927,3,928,0,1593,0]
02-22 02:32:49.387 I/sysui_multi_action( 1966): [757,491,758,1,759,491,927,4,928,0,1311,-1,1593,0]
02-22 02:32:49.387 I/sysui_multi_action( 1966): [757,0,758,1,759,0,927,5,928,0,1593,0]
02-22 02:32:49.388 I/sysui_multi_action( 1966): [757,111,758,1]
02-22 02:32:49.388 I/sysui_multi_action( 1966): [757,126,758,1,759,126,927,0,928,1,1593,0]
02-22 02:32:49.388 I/sysui_multi_action( 1966): [757,113,758,1,759,113,927,1,928,1,1593,0]
02-22 02:32:49.388 I/sysui_multi_action( 1966): [757,0,758,1,759,0,927,2,928,0,1593,0]
02-22 02:32:49.388 I/sysui_multi_action( 1966): [757,0,758,1,759,0,927,3,928,0,1593,0]
02-22 02:32:50.325 I/input_interaction( 1503): Interaction with: 91ac81d NotificationShade (server), edge-swipe (server), swipe-up (server), PointerEventDispatcher0 (server),
02-22 02:32:50.668 I/commit_sys_config_file( 1503): [settings-2-0,4]
02-22 02:32:53.548 I/sysui_multi_action( 1503): [757,222,758,1]
02-22 02:32:53.560 I/wm_task_created( 1503): [64,-1]
02-22 02:32:53.563 I/wm_task_moved( 1503): [64,1,9]
02-22 02:32:53.563 I/wm_task_to_front( 1503): [0,64]
02-22 02:32:53.563 I/wm_create_task( 1503): [0,64]
02-22 02:32:53.563 I/wm_create_activity( 1503): [0,53962554,64,com.thundercomm.screensaver/android.service.dreams.DreamActivity,NULL,NULL,NULL,276824064]
02-22 02:32:53.563 I/wm_task_moved( 1503): [64,1,9]
02-22 02:32:53.563 I/wm_on_top_resumed_lost_called( 4132): [250080366,com.android.settings.Settings,topStateChangedWhenResumed]
02-22 02:32:53.564 I/wm_pause_activity( 1503): [0,250080366,com.android.settings/.Settings,userLeaving=true,pauseBackTasks]
02-22 02:32:53.566 I/sysui_multi_action( 4132): [757,35,758,2,1089,6534]
02-22 02:32:53.566 I/sysui_multi_action( 4132): [757,47,758,2,1089,6532]
02-22 02:32:53.567 I/wm_on_paused_called( 4132): [250080366,com.android.settings.Settings,performPause]
02-22 02:32:53.567 I/input_focus( 1503): [Focus request ab95283 com.android.settings/com.android.settings.Settings,reason=UpdateInputWindows]
02-22 02:32:53.569 I/wm_add_to_stopping( 1503): [0,250080366,com.android.settings/.Settings,makeInvisible]
02-22 02:32:53.569 I/wm_restart_activity( 1503): [0,53962554,64,com.thundercomm.screensaver/android.service.dreams.DreamActivity]
02-22 02:32:53.570 I/wm_set_resumed_activity( 1503): [0,com.thundercomm.screensaver/android.service.dreams.DreamActivity,minimalResumeActivityLocked]
02-22 02:32:53.575 I/sysui_multi_action( 1503): [757,803,799,window_time_0,802,7]
02-22 02:32:53.576 I/wm_on_create_called( 6011): [53962554,android.service.dreams.DreamActivity,performCreate]
02-22 02:32:53.576 I/wm_on_start_called( 6011): [53962554,android.service.dreams.DreamActivity,handleStartActivity]
02-22 02:32:53.577 I/wm_on_resume_called( 6011): [53962554,android.service.dreams.DreamActivity,RESUME_ACTIVITY]
02-22 02:32:53.579 I/wm_on_top_resumed_gained_called( 6011): [53962554,android.service.dreams.DreamActivity,topStateChangedWhenResumed]
02-22 02:32:53.580 I/input_focus( 1503): [Focus leaving 91ac81d NotificationShade (server),reason=NOT_FOCUSABLE]
02-22 02:32:53.583 I/input_focus( 1503): [Focus request d3fa392 com.thundercomm.screensaver/android.service.dreams.DreamActivity,reason=UpdateInputWindows]
02-22 02:32:53.594 I/sysui_multi_action( 1503): [319,34,322,30,325,4795,757,761,758,8,759,2,806,com.thundercomm.screensaver,871,android.service.dreams.DreamActivity,904,com.thundercomm.screensaver,905,0,1320,4,1321,2]
02-22 02:32:53.594 I/wm_activity_launch_time( 1503): [0,53962554,com.thundercomm.screensaver/android.service.dreams.DreamActivity,30]
02-22 02:32:53.601 I/notification_enqueue( 1503): [10078,1966,com.android.systemui,2048,NULL,0,Notification(channel=updateNotification shortcut=null contentView=null vibrate=null sound=null defaults=0x0 flags=0x0 color=0x00000000 vis=PRIVATE),1]
02-22 02:32:53.601 I/sysui_multi_action( 1966): [757,111,758,2]
02-22 02:32:53.601 I/sysui_multi_action( 1966): [757,111,758,2]
02-22 02:32:53.611 I/sysui_multi_action( 1966): [757,111,758,1]
02-22 02:32:53.611 I/sysui_multi_action( 1966): [757,126,758,1,759,126,927,0,928,1,1593,0]
02-22 02:32:53.611 I/sysui_multi_action( 1966): [757,113,758,1,759,113,927,1,928,1,1593,0]
02-22 02:32:53.611 I/sysui_multi_action( 1966): [757,0,758,1,759,0,927,2,928,0,1593,1]
02-22 02:32:53.611 I/sysui_multi_action( 1966): [757,0,758,1,759,0,927,3,928,0,1593,1]
02-22 02:32:53.611 I/sysui_multi_action( 1966): [757,491,758,1,759,491,927,4,928,0,1311,-1,1593,0]
02-22 02:32:53.611 I/sysui_multi_action( 1966): [757,0,758,1,759,0,927,5,928,0,1593,0]
02-22 02:32:53.611 I/sysui_multi_action( 1966): [757,111,758,1]
02-22 02:32:53.611 I/sysui_multi_action( 1966): [757,126,758,1,759,126,927,0,928,1,1593,1]
02-22 02:32:53.612 I/sysui_multi_action( 1966): [757,113,758,1,759,113,927,1,928,1,1593,1]
02-22 02:32:53.612 I/sysui_multi_action( 1966): [757,0,758,1,759,0,927,2,928,0,1593,1]
