02-22 02:35:53.696 I/view_enqueue_input_event( 6011): [Motion - Cancel,com.thundercomm.screensaver/android.service.dreams.DreamActivity]
02-22 02:35:53.697 I/wm_on_start_called( 4132): [250080366,com.android.settings.Settings,handleStartActivity]
02-22 02:35:53.697 I/snet_event_log( 4132): [120484087,-1,]
02-22 02:35:53.697 I/wm_on_resume_called( 4132): [250080366,com.android.settings.Settings,RESUME_ACTIVITY]
02-22 02:35:53.698 I/sysui_multi_action( 4132): [757,35,758,1,833,0,1089,0]
02-22 02:35:53.698 I/sysui_multi_action( 4132): [757,47,758,1,833,0,1089,0]
02-22 02:35:53.701 I/wm_on_top_resumed_gained_called( 4132): [250080366,com.android.settings.Settings,topWhenResuming]
02-22 02:35:53.714 I/input_focus( 1503): [Focus request ab95283 com.android.settings/com.android.settings.Settings,reason=UpdateInputWindows]
02-22 02:35:53.715 I/input_interaction( 1503): Interaction with: edge-swipe (server), swipe-up (server), PointerEventDispatcher0 (server),
02-22 02:35:53.730 I/input_focus( 1503): [Focus entering ab95283 com.android.settings/com.android.settings.Settings (server),reason=setFocusedWindow]
02-22 02:35:54.229 I/wm_destroy_activity( 1503): [0,150978187,99,com.thundercomm.screensaver/android.service.dreams.DreamActivity,finish-imm:idle]
02-22 02:35:54.247 I/wm_on_stop_called( 6011): [150978187,android.service.dreams.DreamActivity,LIFECYCLER_STOP_ACTIVITY]
02-22 02:35:54.247 I/wm_on_destroy_called( 6011): [150978187,android.service.dreams.DreamActivity,performDestroy]
02-22 02:35:54.248 I/sysui_multi_action( 1503): [757,222,758,2]
02-22 02:35:54.248 I/sysui_multi_action( 1503): [757,804,799,dreaming_minutes,801,0,802,1]
02-22 02:35:54.251 I/wm_task_removed( 1503): [99,removeChild:removeChild last r=ActivityRecord{8ffbe8b u0 com.thundercomm.screensaver/android.service.dreams.DreamActivity t-1 f}} in t=Task{f332662 #99 type=dream A=10047:android:com.thundercomm.screensaver/dream U=0 visible=false mode=fullscreen translucent=true sz=0}]
02-22 02:35:54.251 I/wm_task_removed( 1503): [99,removeChild]
02-22 02:35:54.701 I/input_interaction( 1503): Interaction with: ab95283 com.android.settings/com.android.settings.Settings (server), edge-swipe (server), swipe-up (server), PointerEventDispatcher0 (server),
02-22 02:35:54.842 I/sysui_multi_action( 4132): [757,830,758,4,833,0,854,dream_start_button_container,1089,0]
02-22 02:35:55.046 I/commit_sys_config_file( 1503): [settings-2-0,6]
02-22 02:35:55.536 I/input_interaction( 1503): Interaction with: a916dde StatusBar (server), edge-swipe (server), swipe-up (server), PointerEventDispatcher0 (server),
02-22 02:35:55.543 I/sysui_multi_action( 1966): [757,803,799,panel_open,802,1]
02-22 02:35:55.544 I/sysui_multi_action( 1966): [757,1328,758,4,1326,37,1327,3,1329,0]
02-22 02:35:55.590 I/sysui_multi_action( 1503): [757,127,758,1]
02-22 02:35:55.590 I/sysui_multi_action( 1503): [757,804,799,note_load,801,2,802,1]
02-22 02:35:55.590 I/notification_panel_revealed( 1503): 2
02-22 02:35:55.600 I/input_focus( 1503): [Focus request 91ac81d NotificationShade,reason=UpdateInputWindows]
02-22 02:35:55.612 I/sysui_multi_action( 1503): [757,128,758,1,793,4966631,794,0,795,4966631,796,26,798,0,806,android,857,DEVELOPER_IMPORTANT,858,4,947,0,1395,2,1500,4966226,1688,1]
02-22 02:35:55.612 I/sysui_multi_action( 1503): [757,804,799,note_freshness,801,4966631,802,1]
02-22 02:35:55.612 I/notification_visibility( 1503): [-1|android|26|null|1000,1,4966631,4966631,0,0]
02-22 02:35:55.612 I/sysui_multi_action( 1503): [757,128,758,1,793,4967234,794,0,795,4967234,796,32,798,1,806,android,857,USB,858,1,947,0,1395,2,1500,4967159,1688,1]
02-22 02:35:55.612 I/sysui_multi_action( 1503): [757,804,799,note_freshness,801,4967234,802,1]
02-22 02:35:55.612 I/notification_visibility( 1503): [-1|android|32|null|1000,1,4967234,4967234,0,1]
02-22 02:35:55.619 I/input_focus( 1503): [Focus leaving ab95283 com.android.settings/com.android.settings.Settings (server),reason=setFocusedWindow]
02-22 02:35:55.619 I/input_focus( 1503): [Focus entering 91ac81d NotificationShade (server),reason=setFocusedWindow]
02-22 02:35:55.633 I/sysui_multi_action( 1966): [757,111,758,1]
02-22 02:35:55.633 I/sysui_multi_action( 1966): [757,126,758,1,759,126,927,0,928,1,1593,0]
02-22 02:35:55.633 I/sysui_multi_action( 1966): [757,113,758,1,759,113,927,1,928,1,1593,0]
02-22 02:35:55.633 I/sysui_multi_action( 1966): [757,0,758,1,759,0,927,2,928,0,1593,0]
02-22 02:35:55.633 I/sysui_multi_action( 1966): [757,0,758,1,759,0,927,3,928,0,1593,0]
02-22 02:35:55.634 I/sysui_multi_action( 1966): [757,491,758,1,759,491,927,4,928,0,1311,-1,1593,0]
02-22 02:35:55.634 I/sysui_multi_action( 1966): [757,0,758,1,759,0,927,5,928,0,1593,0]
02-22 02:35:55.634 I/sysui_multi_action( 1966): [757,111,758,1]
02-22 02:35:55.634 I/sysui_multi_action( 1966): [757,126,758,1,759,126,927,0,928,1,1593,0]
02-22 02:35:55.634 I/sysui_multi_action( 1966): [757,113,758,1,759,113,927,1,928,1,1593,0]
02-22 02:35:55.634 I/sysui_multi_action( 1966): [757,0,758,1,759,0,927,2,928,0,1593,0]
02-22 02:35:55.634 I/sysui_multi_action( 1966): [757,0,758,1,759,0,927,3,928,0,1593,0]
02-22 02:35:56.442 I/input_interaction( 1503): Interaction with: 91ac81d NotificationShade (server), edge-swipe (server), swipe-up (server), PointerEventDispatcher0 (server),
02-22 02:35:56.565 I/sysui_multi_action( 1503): [757,222,758,1]
02-22 02:35:56.581 I/wm_task_created( 1503): [100,-1]
02-22 02:35:56.586 I/wm_task_moved( 1503): [100,1,9]
02-22 02:35:56.586 I/wm_task_to_front( 1503): [0,100]
02-22 02:35:56.586 I/wm_create_task( 1503): [0,100]
02-22 02:35:56.587 I/wm_create_activity( 1503): [0,176331728,100,com.thundercomm.screensaver/android.service.dreams.DreamActivity,NULL,NULL,NULL,276824064]
02-22 02:35:56.587 I/wm_task_moved( 1503): [100,1,9]
02-22 02:35:56.588 I/wm_pause_activity( 1503): [0,250080366,com.android.settings/.Settings,userLeaving=true,pauseBackTasks]
02-22 02:35:56.591 I/input_focus( 1503): [Focus request ab95283 com.android.settings/com.android.settings.Settings,reason=UpdateInputWindows]
02-22 02:35:56.603 I/input_focus( 1503): [Focus leaving 91ac81d NotificationShade (server),reason=NOT_FOCUSABLE]
02-22 02:35:56.603 I/input_focus( 1503): [Focus entering ab95283 com.android.settings/com.android.settings.Settings (server),reason=setFocusedWindow]
02-22 02:35:56.604 I/wm_on_top_resumed_lost_called( 4132): [250080366,com.android.settings.Settings,topStateChangedWhenResumed]
02-22 02:35:56.604 I/sysui_multi_action( 4132): [757,35,758,2,1089,2907]
02-22 02:35:56.605 I/sysui_multi_action( 4132): [757,47,758,2,1089,2906]
02-22 02:35:56.605 I/wm_on_paused_called( 4132): [250080366,com.android.settings.Settings,performPause]
02-22 02:35:56.606 I/wm_add_to_stopping( 1503): [0,250080366,com.android.settings/.Settings,makeInvisible]
02-22 02:35:56.607 I/wm_restart_activity( 1503): [0,176331728,100,com.thundercomm.screensaver/android.service.dreams.DreamActivity]
02-22 02:35:56.607 I/wm_set_resumed_activity( 1503): [0,com.thundercomm.screensaver/android.service.dreams.DreamActivity,minimalResumeActivityLocked]
02-22 02:35:56.610 I/sysui_multi_action( 1503): [757,803,799,window_time_0,802,3]
02-22 02:35:56.611 I/wm_on_create_called( 6011): [176331728,android.service.dreams.DreamActivity,performCreate]
02-22 02:35:56.611 I/wm_on_start_called( 6011): [176331728,android.service.dreams.DreamActivity,handleStartActivity]
02-22 02:35:56.612 I/wm_on_resume_called( 6011): [176331728,android.service.dreams.DreamActivity,RESUME_ACTIVITY]
02-22 02:35:56.613 I/wm_on_top_resumed_gained_called( 6011): [176331728,android.service.dreams.DreamActivity,topStateChangedWhenResumed]
02-22 02:35:56.627 I/input_focus( 1503): [Focus request 3e14e8 com.thundercomm.screensaver/android.service.dreams.DreamActivity,reason=UpdateInputWindows]
02-22 02:35:56.636 I/input_focus( 1503): [Focus leaving ab95283 com.android.settings/com.android.settings.Settings (server),reason=NO_WINDOW]
02-22 02:35:56.636 I/sysui_multi_action( 1966): [757,111,758,2]
02-22 02:35:56.636 I/notification_enqueue( 1503): [10078,1966,com.android.systemui,2048,NULL,0,Notification(channel=updateNotification shortcut=null contentView=null vibrate=null sound=null defaults=0x0 flags=0x0 color=0x00000000 vis=PRIVATE),1]
02-22 02:35:56.637 I/sysui_multi_action( 1966): [757,111,758,2]
02-22 02:35:56.644 I/sysui_multi_action( 1503): [319,64,322,54,325,4978,757,761,758,8,759,2,806,com.thundercomm.screensaver,871,android.service.dreams.DreamActivity,904,com.thundercomm.screensaver,905,0,1320,4,1321,2]
02-22 02:35:56.644 I/wm_activity_launch_time( 1503): [0,176331728,com.thundercomm.screensaver/android.service.dreams.DreamActivity,54]
02-22 02:35:56.651 I/sysui_multi_action( 1966): [757,111,758,1]
02-22 02:35:56.651 I/sysui_multi_action( 1966): [757,126,758,1,759,126,927,0,928,1,1593,0]
02-22 02:35:56.651 I/sysui_multi_action( 1966): [757,113,758,1,759,113,927,1,928,1,1593,0]
02-22 02:35:56.651 I/sysui_multi_action( 1966): [757,0,758,1,759,0,927,2,928,0,1593,0]
02-22 02:35:56.651 I/sysui_multi_action( 1966): [757,0,758,1,759,0,927,3,928,0,1593,0]
02-22 02:35:56.653 I/sysui_multi_action( 1966): [757,491,758,1,759,491,927,4,928,0,1311,-1,1593,0]
02-22 02:35:56.653 I/sysui_multi_action( 1966): [757,0,758,1,759,0,927,5,928,0,1593,0]
02-22 02:35:56.653 I/sysui_multi_action( 1966): [757,111,758,1]
02-22 02:35:56.653 I/sysui_multi_action( 1966): [757,126,758,1,759,126,927,0,928,1,1593,0]
02-22 02:35:56.653 I/sysui_multi_action( 1966): [757,113,758,1,759,113,927,1,928,1,1593,0]
02-22 02:35:56.653 I/sysui_multi_action( 1966): [757,0,758,1,759,0,927,2,928,0,1593,0]
02-22 02:35:56.654 I/sysui_multi_action( 1966): [757,0,758,1,759,0,927,3,928,0,1593,0]
02-22 02:35:56.669 I/input_focus( 1503): [Focus entering 3e14e8 com.thundercomm.screensaver/android.service.dreams.DreamActivity (server),reason=Window became focusable. Previous reason: NOT_VISIBLE]
02-22 02:35:56.758 I/commit_sys_config_file( 1503): [settings-2-0,2]
02-22 02:35:56.886 I/notification_enqueue( 1503): [10078,1966,com.android.systemui,2048,NULL,0,Notification(channel=updateNotification shortcut=null contentView=null vibrate=null sound=null defaults=0x0 flags=0x0 color=0x00000000 vis=PRIVATE),1]
02-22 02:35:56.886 I/sysui_multi_action( 1966): [757,111,758,2]
02-22 02:35:56.886 I/sysui_multi_action( 1966): [757,111,758,2]
02-22 02:35:57.092 I/sysui_multi_action( 1503): [757,128,758,2,793,4968111,794,1480,795,4968111,796,26,798,0,806,android,857,DEVELOPER_IMPORTANT,858,4,947,0,1395,2,1500,4967706,1688,1]
02-22 02:35:57.092 I/notification_visibility( 1503): [-1|android|26|null|1000,0,4968111,4968111,0,0]
02-22 02:35:57.093 I/sysui_multi_action( 1503): [757,128,758,2,793,4968715,794,1481,795,4968715,796,32,798,1,806,android,857,USB,858,1,947,0,1395,2,1500,4968640,1688,1]
02-22 02:35:57.093 I/notification_visibility( 1503): [-1|android|32|null|1000,0,4968715,4968715,0,1]
02-22 02:35:57.093 I/sysui_multi_action( 1503): [757,127,758,2]
02-22 02:35:57.093 I/notification_panel_hidden( 1503):
02-22 02:35:57.138 I/wm_stop_activity( 1503): [0,250080366,com.android.settings/.Settings]
02-22 02:35:57.161 I/wm_on_stop_called( 4132): [250080366,com.android.settings.Settings,STOP_ACTIVITY_ITEM]
02-22 02:35:58.169 I/input_interaction( 1503): Interaction with: 3e14e8 com.thundercomm.screensaver/android.service.dreams.DreamActivity (server), edge-swipe (server), swipe-up (server), PointerEventDispatcher0 (server),
02-22 02:35:58.170 I/wm_finish_activity( 1503): [0,176331728,100,com.thundercomm.screensaver/android.service.dreams.DreamActivity,finish-activity]
02-22 02:35:58.170 I/wm_task_moved( 1503): [45,1,8]
02-22 02:35:58.170 I/wm_task_to_front( 1503): [0,45]
02-22 02:35:58.170 I/wm_focused_root_task( 1503): [0,0,45,100,finish-top adjustFocusToNextFocusableTask]
02-22 02:35:58.171 I/wm_pause_activity( 1503): [0,176331728,com.thundercomm.screensaver/android.service.dreams.DreamActivity,userLeaving=false,finish]
02-22 02:35:58.172 I/wm_on_top_resumed_lost_called( 6011): [176331728,android.service.dreams.DreamActivity,topStateChangedWhenResumed]
02-22 02:35:58.173 I/wm_on_paused_called( 6011): [176331728,android.service.dreams.DreamActivity,performPause]
02-22 02:35:58.173 I/sysui_multi_action( 1503): [757,803,799,window_time_0,802,1]
02-22 02:35:58.173 I/wm_add_to_stopping( 1503): [0,176331728,com.thundercomm.screensaver/android.service.dreams.DreamActivity,completeFinishing]
02-22 02:35:58.174 I/wm_set_resumed_activity( 1503): [0,com.android.settings/.Settings,resumeTopActivityInnerLocked]
02-22 02:35:58.174 I/wm_resume_activity( 1503): [0,250080366,45,com.android.settings/.Settings]
02-22 02:35:58.177 I/sysui_multi_action( 1503): [757,803,799,window_time_0,802,0]
02-22 02:35:58.190 I/wm_on_restart_called( 4132): [250080366,com.android.settings.Settings,performRestartActivity]
02-22 02:35:58.190 I/view_enqueue_input_event( 6011): [Motion - Cancel,com.thundercomm.screensaver/android.service.dreams.DreamActivity]
02-22 02:35:58.190 I/input_focus( 1503): [Focus leaving 3e14e8 com.thundercomm.screensaver/android.service.dreams.DreamActivity (server),reason=NO_WINDOW]
02-22 02:35:58.191 I/wm_on_start_called( 4132): [250080366,com.android.settings.Settings,handleStartActivity]
02-22 02:35:58.191 I/snet_event_log( 4132): [120484087,-1,]
02-22 02:35:58.191 I/wm_on_resume_called( 4132): [250080366,com.android.settings.Settings,RESUME_ACTIVITY]
02-22 02:35:58.192 I/sysui_multi_action( 4132): [757,35,758,1,833,0,1089,0]
02-22 02:35:58.193 I/sysui_multi_action( 4132): [757,47,758,1,833,0,1089,0]
02-22 02:35:58.194 I/input_interaction( 1503): Interaction with: edge-swipe (server), swipe-up (server), PointerEventDispatcher0 (server),
02-22 02:35:58.196 I/wm_on_top_resumed_gained_called( 4132): [250080366,com.android.settings.Settings,topWhenResuming]
02-22 02:35:58.208 I/input_focus( 1503): [Focus request ab95283 com.android.settings/com.android.settings.Settings,reason=UpdateInputWindows]
02-22 02:35:58.224 I/input_focus( 1503): [Focus entering ab95283 com.android.settings/com.android.settings.Settings (server),reason=setFocusedWindow]
02-22 02:35:58.731 I/wm_destroy_activity( 1503): [0,176331728,100,com.thundercomm.screensaver/android.service.dreams.DreamActivity,finish-imm:idle]
02-22 02:35:58.749 I/wm_on_stop_called( 6011): [176331728,android.service.dreams.DreamActivity,LIFECYCLER_STOP_ACTIVITY]
02-22 02:35:58.751 I/wm_on_destroy_called( 6011): [176331728,android.service.dreams.DreamActivity,performDestroy]
02-22 02:35:58.758 I/sysui_multi_action( 1503): [757,222,758,2]
02-22 02:35:58.758 I/sysui_multi_action( 1503): [757,804,799,dreaming_minutes,801,0,802,1]
02-22 02:35:58.767 I/wm_task_removed( 1503): [100,removeChild:removeChild last r=ActivityRecord{a829bd0 u0 com.thundercomm.screensaver/android.service.dreams.DreamActivity t-1 f}} in t=Task{5575ffb #100 type=dream A=10047:android:com.thundercomm.screensaver/dream U=0 visible=false mode=fullscreen translucent=true sz=0}]
02-22 02:35:58.767 I/wm_task_removed( 1503): [100,removeChild]
02-22 02:35:59.200 I/input_interaction( 1503): Interaction with: ab95283 com.android.settings/com.android.settings.Settings (server), edge-swipe (server), swipe-up (server), PointerEventDispatcher0 (server),
02-22 02:35:59.318 I/sysui_multi_action( 4132): [757,830,758,4,833,0,854,dream_start_button_container,1089,0]
02-22 02:35:59.523 I/commit_sys_config_file( 1503): [settings-2-0,6]
02-22 02:35:59.902 I/input_interaction( 1503): Interaction with: a916dde StatusBar (server), edge-swipe (server), swipe-up (server), PointerEventDispatcher0 (server),
02-22 02:35:59.907 I/sysui_multi_action( 1966): [757,803,799,panel_open,802,1]
02-22 02:35:59.909 I/sysui_multi_action( 1966): [757,1328,758,4,1326,38,1327,1,1329,0]
02-22 02:35:59.929 I/sysui_multi_action( 1503): [757,127,758,1]
02-22 02:35:59.930 I/sysui_multi_action( 1503): [757,804,799,note_load,801,2,802,1]
02-22 02:35:59.930 I/notification_panel_revealed( 1503): 2
02-22 02:35:59.939 I/input_focus( 1503): [Focus request 91ac81d NotificationShade,reason=UpdateInputWindows]
02-22 02:35:59.949 I/sysui_multi_action( 1503): [757,128,758,1,793,4970968,794,0,795,4970968,796,26,798,0,806,android,857,DEVELOPER_IMPORTANT,858,4,947,0,1395,2,1500,4970563,1688,1]
02-22 02:35:59.949 I/sysui_multi_action( 1503): [757,804,799,note_freshness,801,4970968,802,1]
02-22 02:35:59.949 I/notification_visibility( 1503): [-1|android|26|null|1000,1,4970968,4970968,0,0]
02-22 02:35:59.950 I/sysui_multi_action( 1503): [757,128,758,1,793,4971572,794,0,795,4971572,796,32,798,1,806,android,857,USB,858,1,947,0,1395,2,1500,4971497,1688,1]
02-22 02:35:59.950 I/sysui_multi_action( 1503): [757,804,799,note_freshness,801,4971572,802,1]
02-22 02:35:59.950 I/notification_visibility( 1503): [-1|android|32|null|1000,1,4971572,4971572,0,1]
02-22 02:35:59.963 I/input_focus( 1503): [Focus leaving ab95283 com.android.settings/com.android.settings.Settings (server),reason=setFocusedWindow]
02-22 02:35:59.963 I/input_focus( 1503): [Focus entering 91ac81d NotificationShade (server),reason=setFocusedWindow]
02-22 02:36:00.027 I/sysui_multi_action( 1966): [757,111,758,1]
02-22 02:36:00.027 I/sysui_multi_action( 1966): [757,126,758,1,759,126,927,0,928,1,1593,0]
02-22 02:36:00.027 I/sysui_multi_action( 1966): [757,113,758,1,759,113,927,1,928,1,1593,0]
02-22 02:36:00.027 I/sysui_multi_action( 1966): [757,0,758,1,759,0,927,2,928,0,1593,0]
02-22 02:36:00.027 I/sysui_multi_action( 1966): [757,0,758,1,759,0,927,3,928,0,1593,0]
02-22 02:36:00.028 I/sysui_multi_action( 1966): [757,491,758,1,759,491,927,4,928,0,1311,-1,1593,0]
02-22 02:36:00.028 I/sysui_multi_action( 1966): [757,0,758,1,759,0,927,5,928,0,1593,0]
02-22 02:36:00.028 I/sysui_multi_action( 1966): [757,111,758,1]
02-22 02:36:00.028 I/sysui_multi_action( 1966): [757,126,758,1,759,126,927,0,928,1,1593,0]
02-22 02:36:00.028 I/sysui_multi_action( 1966): [757,113,758,1,759,113,927,1,928,1,1593,0]
02-22 02:36:00.028 I/sysui_multi_action( 1966): [757,0,758,1,759,0,927,2,928,0,1593,0]
02-22 02:36:00.028 I/sysui_multi_action( 1966): [757,0,758,1,759,0,927,3,928,0,1593,0]
02-22 02:36:00.925 I/input_interaction( 1503): Interaction with: 91ac81d NotificationShade (server), edge-swipe (server), swipe-up (server), PointerEventDispatcher0 (server),
02-22 02:36:01.257 I/commit_sys_config_file( 1503): [settings-2-0,5]
02-22 02:36:07.554 I/notification_enqueue( 1503): [10078,1966,com.android.systemui,2048,NULL,0,Notification(channel=updateNotification shortcut=null contentView=null vibrate=null sound=null defaults=0x0 flags=0x0 color=0x00000000 vis=PRIVATE),1]
02-22 02:36:07.554 I/sysui_multi_action( 1966): [757,111,758,2]
02-22 02:36:07.555 I/sysui_multi_action( 1966): [757,111,758,2]
02-22 02:36:07.762 I/input_focus( 1503): [Focus request ab95283 com.android.settings/com.android.settings.Settings,reason=UpdateInputWindows]
02-22 02:36:07.766 I/sysui_multi_action( 1503): [757,128,758,2,793,4978785,794,7817,795,4978785,796,26,798,0,806,android,857,DEVELOPER_IMPORTANT,858,4,947,0,1395,2,1500,4978380,1688,1]
02-22 02:36:07.767 I/notification_visibility( 1503): [-1|android|26|null|1000,0,4978785,4978785,0,0]
02-22 02:36:07.768 I/sysui_multi_action( 1503): [757,128,758,2,793,4979390,794,7818,795,4979390,796,32,798,1,806,android,857,USB,858,1,947,0,1395,2,1500,4979315,1688,1]
02-22 02:36:07.769 I/notification_visibility( 1503): [-1|android|32|null|1000,0,4979390,4979390,0,1]
02-22 02:36:07.770 I/sysui_multi_action( 1503): [757,127,758,2]
02-22 02:36:07.771 I/notification_panel_hidden( 1503):
02-22 02:36:07.781 I/input_focus( 1503): [Focus leaving 91ac81d NotificationShade (server),reason=NO_WINDOW]
02-22 02:36:07.781 I/input_focus( 1503): [Focus entering ab95283 com.android.settings/com.android.settings.Settings (server),reason=setFocusedWindow]
02-22 02:36:08.865 I/input_interaction( 1503): Interaction with: ab95283 com.android.settings/com.android.settings.Settings (server), edge-swipe (server), swipe-up (server), PointerEventDispatcher0 (server),
02-22 02:36:08.991 I/sysui_multi_action( 4132): [757,830,758,4,833,0,854,dream_start_button_container,1089,0]
02-22 02:36:09.197 I/commit_sys_config_file( 1503): [settings-2-0,5]
02-22 02:36:09.522 I/input_interaction( 1503): Interaction with: a916dde StatusBar (server), edge-swipe (server), swipe-up (server), PointerEventDispatcher0 (server),
02-22 02:36:09.527 I/sysui_multi_action( 1966): [757,803,799,panel_open,802,1]
02-22 02:36:09.529 I/sysui_multi_action( 1966): [757,1328,758,4,1326,38,1327,2,1329,0]
02-22 02:36:09.571 I/sysui_multi_action( 1503): [757,127,758,1]
02-22 02:36:09.571 I/sysui_multi_action( 1503): [757,804,799,note_load,801,2,802,1]
02-22 02:36:09.572 I/notification_panel_revealed( 1503): 2
02-22 02:36:09.584 I/input_focus( 1503): [Focus request 91ac81d NotificationShade,reason=UpdateInputWindows]
02-22 02:36:09.593 I/sysui_multi_action( 1503): [757,128,758,1,793,4980611,794,0,795,4980611,796,26,798,0,806,android,857,DEVELOPER_IMPORTANT,858,4,947,0,1395,2,1500,4980206,1688,1]
02-22 02:36:09.593 I/sysui_multi_action( 1503): [757,804,799,note_freshness,801,4980611,802,1]
02-22 02:36:09.593 I/notification_visibility( 1503): [-1|android|26|null|1000,1,4980611,4980611,0,0]
02-22 02:36:09.593 I/sysui_multi_action( 1503): [757,128,758,1,793,4981215,794,0,795,4981215,796,32,798,1,806,android,857,USB,858,1,947,0,1395,2,1500,4981140,1688,1]
02-22 02:36:09.593 I/sysui_multi_action( 1503): [757,804,799,note_freshness,801,4981215,802,1]
02-22 02:36:09.593 I/notification_visibility( 1503): [-1|android|32|null|1000,1,4981215,4981215,0,1]
02-22 02:36:09.602 I/input_focus( 1503): [Focus leaving ab95283 com.android.settings/com.android.settings.Settings (server),reason=setFocusedWindow]
02-22 02:36:09.602 I/input_focus( 1503): [Focus entering 91ac81d NotificationShade (server),reason=setFocusedWindow]
02-22 02:36:09.633 I/sysui_multi_action( 1966): [757,111,758,1]
02-22 02:36:09.633 I/sysui_multi_action( 1966): [757,126,758,1,759,126,927,0,928,1,1593,0]
02-22 02:36:09.633 I/sysui_multi_action( 1966): [757,113,758,1,759,113,927,1,928,1,1593,0]
02-22 02:36:09.633 I/sysui_multi_action( 1966): [757,0,758,1,759,0,927,2,928,0,1593,0]
02-22 02:36:09.634 I/sysui_multi_action( 1966): [757,0,758,1,759,0,927,3,928,0,1593,0]
02-22 02:36:09.634 I/sysui_multi_action( 1966): [757,491,758,1,759,491,927,4,928,0,1311,-1,1593,0]
02-22 02:36:09.634 I/sysui_multi_action( 1966): [757,0,758,1,759,0,927,5,928,0,1593,0]
02-22 02:36:09.634 I/sysui_multi_action( 1966): [757,111,758,1]
02-22 02:36:09.634 I/sysui_multi_action( 1966): [757,126,758,1,759,126,927,0,928,1,1593,0]
02-22 02:36:09.634 I/sysui_multi_action( 1966): [757,113,758,1,759,113,927,1,928,1,1593,0]
02-22 02:36:09.634 I/sysui_multi_action( 1966): [757,0,758,1,759,0,927,2,928,0,1593,0]
02-22 02:36:09.634 I/sysui_multi_action( 1966): [757,0,758,1,759,0,927,3,928,0,1593,0]
02-22 02:36:10.653 I/input_interaction( 1503): Interaction with: 91ac81d NotificationShade (server), edge-swipe (server), swipe-up (server), PointerEventDispatcher0 (server),
02-22 02:36:11.127 I/notification_enqueue( 1503): [10078,1966,com.android.systemui,2048,NULL,0,Notification(channel=updateNotification shortcut=null contentView=null vibrate=null sound=null defaults=0x0 flags=0x0 color=0x00000000 vis=PRIVATE),1]
02-22 02:36:11.127 I/sysui_multi_action( 1966): [757,111,758,2]
02-22 02:36:11.128 I/sysui_multi_action( 1966): [757,111,758,2]
02-22 02:36:11.340 I/input_focus( 1503): [Focus request ab95283 com.android.settings/com.android.settings.Settings,reason=UpdateInputWindows]
02-22 02:36:11.344 I/sysui_multi_action( 1503): [757,128,758,2,793,4982363,794,1752,795,4982363,796,26,798,0,806,android,857,DEVELOPER_IMPORTANT,858,4,947,0,1395,2,1500,4981958,1688,1]
02-22 02:36:11.344 I/notification_visibility( 1503): [-1|android|26|null|1000,0,4982363,4982363,0,0]
02-22 02:36:11.345 I/sysui_multi_action( 1503): [757,128,758,2,793,4982966,794,1751,795,4982966,796,32,798,1,806,android,857,USB,858,1,947,0,1395,2,1500,4982891,1688,1]
02-22 02:36:11.345 I/notification_visibility( 1503): [-1|android|32|null|1000,0,4982966,4982966,0,1]
02-22 02:36:11.346 I/sysui_multi_action( 1503): [757,127,758,2]
02-22 02:36:11.346 I/notification_panel_hidden( 1503):
02-22 02:36:11.359 I/input_focus( 1503): [Focus leaving 91ac81d NotificationShade (server),reason=NO_WINDOW]
02-22 02:36:11.359 I/input_focus( 1503): [Focus entering ab95283 com.android.settings/com.android.settings.Settings (server),reason=setFocusedWindow]
02-22 02:36:19.946 I/input_interaction( 1503): Interaction with: a916dde StatusBar (server), edge-swipe (server), swipe-up (server), PointerEventDispatcher0 (server),
02-22 02:36:19.949 I/sysui_multi_action( 1966): [757,803,799,panel_open,802,1]
02-22 02:36:19.950 I/sysui_multi_action( 1966): [757,1328,758,4,1326,40,1327,3,1329,0]
02-22 02:36:19.992 I/sysui_multi_action( 1503): [757,127,758,1]
02-22 02:36:19.993 I/sysui_multi_action( 1503): [757,804,799,note_load,801,2,802,1]
02-22 02:36:19.993 I/notification_panel_revealed( 1503): 2
02-22 02:36:20.002 I/input_focus( 1503): [Focus request 91ac81d NotificationShade,reason=UpdateInputWindows]
02-22 02:36:20.012 I/sysui_multi_action( 1503): [757,128,758,1,793,4991031,794,0,795,4991031,796,26,798,0,806,android,857,DEVELOPER_IMPORTANT,858,4,947,0,1395,2,1500,4990626,1688,1]
02-22 02:36:20.012 I/sysui_multi_action( 1503): [757,804,799,note_freshness,801,4991031,802,1]
02-22 02:36:20.012 I/notification_visibility( 1503): [-1|android|26|null|1000,1,4991031,4991031,0,0]
02-22 02:36:20.013 I/sysui_multi_action( 1503): [757,128,758,1,793,4991635,794,0,795,4991635,796,32,798,1,806,android,857,USB,858,1,947,0,1395,2,1500,4991560,1688,1]
02-22 02:36:20.013 I/sysui_multi_action( 1503): [757,804,799,note_freshness,801,4991635,802,1]
02-22 02:36:20.013 I/notification_visibility( 1503): [-1|android|32|null|1000,1,4991635,4991635,0,1]
02-22 02:36:20.024 I/sysui_multi_action( 1966): [757,111,758,1]
02-22 02:36:20.024 I/sysui_multi_action( 1966): [757,126,758,1,759,126,927,0,928,1,1593,0]
02-22 02:36:20.025 I/sysui_multi_action( 1966): [757,113,758,1,759,113,927,1,928,1,1593,0]
02-22 02:36:20.025 I/sysui_multi_action( 1966): [757,0,758,1,759,0,927,2,928,0,1593,0]
02-22 02:36:20.025 I/sysui_multi_action( 1966): [757,0,758,1,759,0,927,3,928,0,1593,0]
02-22 02:36:20.025 I/sysui_multi_action( 1966): [757,491,758,1,759,491,927,4,928,0,1311,-1,1593,0]
02-22 02:36:20.025 I/sysui_multi_action( 1966): [757,0,758,1,759,0,927,5,928,0,1593,0]
02-22 02:36:20.025 I/sysui_multi_action( 1966): [757,111,758,1]
02-22 02:36:20.025 I/sysui_multi_action( 1966): [757,126,758,1,759,126,927,0,928,1,1593,0]
02-22 02:36:20.025 I/sysui_multi_action( 1966): [757,113,758,1,759,113,927,1,928,1,1593,0]
02-22 02:36:20.026 I/sysui_multi_action( 1966): [757,0,758,1,759,0,927,2,928,0,1593,0]
02-22 02:36:20.026 I/sysui_multi_action( 1966): [757,0,758,1,759,0,927,3,928,0,1593,0]
02-22 02:36:20.026 I/input_focus( 1503): [Focus leaving ab95283 com.android.settings/com.android.settings.Settings (server),reason=setFocusedWindow]
02-22 02:36:20.026 I/input_focus( 1503): [Focus entering 91ac81d NotificationShade (server),reason=setFocusedWindow]
02-22 02:36:20.957 I/input_interaction( 1503): Interaction with: 91ac81d NotificationShade (server), edge-swipe (server), swipe-up (server), PointerEventDispatcher0 (server),
02-22 02:36:21.092 I/sysui_multi_action( 1503): [757,222,758,1]
02-22 02:36:21.112 I/wm_task_created( 1503): [101,-1]
02-22 02:36:21.115 I/wm_task_moved( 1503): [101,1,9]
02-22 02:36:21.115 I/wm_task_to_front( 1503): [0,101]
02-22 02:36:21.115 I/wm_create_task( 1503): [0,101]
02-22 02:36:21.115 I/wm_create_activity( 1503): [0,54271798,101,com.thundercomm.screensaver/android.service.dreams.DreamActivity,NULL,NULL,NULL,276824064]
02-22 02:36:21.115 I/wm_task_moved( 1503): [101,1,9]
02-22 02:36:21.116 I/wm_pause_activity( 1503): [0,250080366,com.android.settings/.Settings,userLeaving=true,pauseBackTasks]
02-22 02:36:21.118 I/input_focus( 1503): [Focus request ab95283 com.android.settings/com.android.settings.Settings,reason=UpdateInputWindows]
02-22 02:36:21.118 I/wm_on_top_resumed_lost_called( 4132): [250080366,com.android.settings.Settings,topStateChangedWhenResumed]
02-22 02:36:21.119 I/sysui_multi_action( 4132): [757,35,758,2,1089,22927]
02-22 02:36:21.119 I/sysui_multi_action( 4132): [757,47,758,2,1089,22927]
02-22 02:36:21.120 I/wm_on_paused_called( 4132): [250080366,com.android.settings.Settings,performPause]
02-22 02:36:21.122 I/wm_add_to_stopping( 1503): [0,250080366,com.android.settings/.Settings,makeInvisible]
02-22 02:36:21.122 I/wm_restart_activity( 1503): [0,54271798,101,com.thundercomm.screensaver/android.service.dreams.DreamActivity]
02-22 02:36:21.123 I/wm_set_resumed_activity( 1503): [0,com.thundercomm.screensaver/android.service.dreams.DreamActivity,minimalResumeActivityLocked]
02-22 02:36:21.127 I/wm_on_create_called( 6011): [54271798,android.service.dreams.DreamActivity,performCreate]
02-22 02:36:21.127 I/wm_on_start_called( 6011): [54271798,android.service.dreams.DreamActivity,handleStartActivity]
02-22 02:36:21.128 I/wm_on_resume_called( 6011): [54271798,android.service.dreams.DreamActivity,RESUME_ACTIVITY]
02-22 02:36:21.129 I/input_focus( 1503): [Focus leaving 91ac81d NotificationShade (server),reason=NOT_FOCUSABLE]
02-22 02:36:21.129 I/input_focus( 1503): [Focus entering ab95283 com.android.settings/com.android.settings.Settings (server),reason=setFocusedWindow]
02-22 02:36:21.130 I/sysui_multi_action( 1503): [757,803,799,window_time_0,802,23]
02-22 02:36:21.134 I/wm_on_top_resumed_gained_called( 6011): [54271798,android.service.dreams.DreamActivity,topStateChangedWhenResumed]
02-22 02:36:21.145 I/input_focus( 1503): [Focus leaving ab95283 com.android.settings/com.android.settings.Settings (server),reason=NO_WINDOW]
02-22 02:36:21.152 I/input_focus( 1503): [Focus request 2abdf0e com.thundercomm.screensaver/android.service.dreams.DreamActivity,reason=UpdateInputWindows]
02-22 02:36:21.163 I/sysui_multi_action( 1503): [319,51,322,48,325,5002,757,761,758,8,759,2,806,com.thundercomm.screensaver,871,android.service.dreams.DreamActivity,904,com.thundercomm.screensaver,905,0,1320,4,1321,2]
02-22 02:36:21.164 I/wm_activity_launch_time( 1503): [0,54271798,com.thundercomm.screensaver/android.service.dreams.DreamActivity,48]
02-22 02:36:21.165 I/notification_enqueue( 1503): [10078,1966,com.android.systemui,2048,NULL,0,Notification(channel=updateNotification shortcut=null contentView=null vibrate=null sound=null defaults=0x0 flags=0x0 color=0x00000000 vis=PRIVATE),1]
02-22 02:36:21.165 I/sysui_multi_action( 1966): [757,111,758,2]
02-22 02:36:21.165 I/sysui_multi_action( 1966): [757,111,758,2]
02-22 02:36:21.177 I/sysui_multi_action( 1966): [757,111,758,1]
02-22 02:36:21.177 I/sysui_multi_action( 1966): [757,126,758,1,759,126,927,0,928,1,1593,1]
02-22 02:36:21.177 I/sysui_multi_action( 1966): [757,113,758,1,759,113,927,1,928,1,1593,1]
02-22 02:36:21.177 I/sysui_multi_action( 1966): [757,0,758,1,759,0,927,2,928,0,1593,1]
02-22 02:36:21.177 I/sysui_multi_action( 1966): [757,0,758,1,759,0,927,3,928,0,1593,1]
02-22 02:36:21.177 I/sysui_multi_action( 1966): [757,491,758,1,759,491,927,4,928,0,1311,-1,1593,0]
02-22 02:36:21.177 I/sysui_multi_action( 1966): [757,0,758,1,759,0,927,5,928,0,1593,0]
02-22 02:36:21.178 I/sysui_multi_action( 1966): [757,111,758,1]
02-22 02:36:21.178 I/sysui_multi_action( 1966): [757,126,758,1,759,126,927,0,928,1,1593,1]
02-22 02:36:21.178 I/sysui_multi_action( 1966): [757,113,758,1,759,113,927,1,928,1,1593,1]
02-22 02:36:21.178 I/sysui_multi_action( 1966): [757,0,758,1,759,0,927,2,928,0,1593,1]
02-22 02:36:21.178 I/sysui_multi_action( 1966): [757,0,758,1,759,0,927,3,928,0,1593,1]
02-22 02:36:21.195 I/input_focus( 1503): [Focus entering 2abdf0e com.thundercomm.screensaver/android.service.dreams.DreamActivity (server),reason=Window became focusable. Previous reason: NOT_VISIBLE]
02-22 02:36:21.282 I/commit_sys_config_file( 1503): [settings-2-0,1]
02-22 02:36:21.411 I/notification_enqueue( 1503): [10078,1966,com.android.systemui,2048,NULL,0,Notification(channel=updateNotification shortcut=null contentView=null vibrate=null sound=null defaults=0x0 flags=0x0 color=0x00000000 vis=PRIVATE),1]
02-22 02:36:21.411 I/sysui_multi_action( 1966): [757,111,758,2]
02-22 02:36:21.412 I/sysui_multi_action( 1966): [757,111,758,2]
02-22 02:36:21.618 I/sysui_multi_action( 1503): [757,128,758,2,793,4992637,794,1606,795,4992637,796,26,798,0,806,android,857,DEVELOPER_IMPORTANT,858,4,947,0,1395,2,1500,4992232,1688,1]
02-22 02:36:21.618 I/notification_visibility( 1503): [-1|android|26|null|1000,0,4992637,4992637,0,0]
02-22 02:36:21.620 I/sysui_multi_action( 1503): [757,128,758,2,793,4993242,794,1607,795,4993242,796,32,798,1,806,android,857,USB,858,1,947,0,1395,2,1500,4993167,1688,1]
02-22 02:36:21.620 I/notification_visibility( 1503): [-1|android|32|null|1000,0,4993242,4993242,0,1]
02-22 02:36:21.620 I/sysui_multi_action( 1503): [757,127,758,2]
02-22 02:36:21.620 I/notification_panel_hidden( 1503):
02-22 02:36:21.662 I/wm_stop_activity( 1503): [0,250080366,com.android.settings/.Settings]
02-22 02:36:21.687 I/wm_on_stop_called( 4132): [250080366,com.android.settings.Settings,STOP_ACTIVITY_ITEM]
02-22 02:36:22.135 I/input_interaction( 1503): Interaction with: 2abdf0e com.thundercomm.screensaver/android.service.dreams.DreamActivity (server), edge-swipe (server), swipe-up (server), PointerEventDispatcher0 (server),
02-22 02:36:22.135 I/wm_finish_activity( 1503): [0,54271798,101,com.thundercomm.screensaver/android.service.dreams.DreamActivity,finish-activity]
02-22 02:36:22.135 I/wm_task_moved( 1503): [45,1,8]
02-22 02:36:22.135 I/wm_task_to_front( 1503): [0,45]
02-22 02:36:22.135 I/wm_focused_root_task( 1503): [0,0,45,101,finish-top adjustFocusToNextFocusableTask]
02-22 02:36:22.136 I/wm_pause_activity( 1503): [0,54271798,com.thundercomm.screensaver/android.service.dreams.DreamActivity,userLeaving=false,finish]
02-22 02:36:22.137 I/wm_on_top_resumed_lost_called( 6011): [54271798,android.service.dreams.DreamActivity,topStateChangedWhenResumed]
02-22 02:36:22.138 I/wm_on_paused_called( 6011): [54271798,android.service.dreams.DreamActivity,performPause]
02-22 02:36:22.138 I/wm_add_to_stopping( 1503): [0,54271798,com.thundercomm.screensaver/android.service.dreams.DreamActivity,completeFinishing]
02-22 02:36:22.139 I/wm_set_resumed_activity( 1503): [0,com.android.settings/.Settings,resumeTopActivityInnerLocked]
02-22 02:36:22.139 I/wm_resume_activity( 1503): [0,250080366,45,com.android.settings/.Settings]
02-22 02:36:22.141 I/sysui_multi_action( 1503): [757,803,799,window_time_0,802,1]
02-22 02:36:22.142 I/sysui_multi_action( 1503): [757,803,799,window_time_0,802,0]
02-22 02:36:22.147 I/input_focus( 1503): [Focus leaving 2abdf0e com.thundercomm.screensaver/android.service.dreams.DreamActivity (server),reason=NO_WINDOW]
02-22 02:36:22.147 I/view_enqueue_input_event( 6011): [Motion - Cancel,com.thundercomm.screensaver/android.service.dreams.DreamActivity]
02-22 02:36:22.148 I/wm_on_restart_called( 4132): [250080366,com.android.settings.Settings,performRestartActivity]
02-22 02:36:22.149 I/wm_on_start_called( 4132): [250080366,com.android.settings.Settings,handleStartActivity]
02-22 02:36:22.149 I/snet_event_log( 4132): [120484087,-1,]
02-22 02:36:22.149 I/wm_on_resume_called( 4132): [250080366,com.android.settings.Settings,RESUME_ACTIVITY]
02-22 02:36:22.149 I/sysui_multi_action( 4132): [757,35,758,1,833,0,1089,0]
02-22 02:36:22.151 I/sysui_multi_action( 4132): [757,47,758,1,833,0,1089,0]
02-22 02:36:22.154 I/wm_on_top_resumed_gained_called( 4132): [250080366,com.android.settings.Settings,topWhenResuming]
02-22 02:36:22.166 I/input_focus( 1503): [Focus request ab95283 com.android.settings/com.android.settings.Settings,reason=UpdateInputWindows]
02-22 02:36:22.173 I/input_interaction( 1503): Interaction with: edge-swipe (server), swipe-up (server), PointerEventDispatcher0 (server),
02-22 02:36:22.181 I/input_focus( 1503): [Focus entering ab95283 com.android.settings/com.android.settings.Settings (server),reason=setFocusedWindow]
02-22 02:36:22.682 I/wm_destroy_activity( 1503): [0,54271798,101,com.thundercomm.screensaver/android.service.dreams.DreamActivity,finish-imm:idle]
02-22 02:36:22.699 I/wm_on_stop_called( 6011): [54271798,android.service.dreams.DreamActivity,LIFECYCLER_STOP_ACTIVITY]
02-22 02:36:22.699 I/wm_on_destroy_called( 6011): [54271798,android.service.dreams.DreamActivity,performDestroy]
02-22 02:36:22.700 I/sysui_multi_action( 1503): [757,222,758,2]
02-22 02:36:22.700 I/sysui_multi_action( 1503): [757,804,799,dreaming_minutes,801,0,802,1]
02-22 02:36:22.703 I/wm_task_removed( 1503): [101,removeChild:removeChild last r=ActivityRecord{33c1f36 u0 com.thundercomm.screensaver/android.service.dreams.DreamActivity t-1 f}} in t=Task{74be79 #101 type=dream A=10047:android:com.thundercomm.screensaver/dream U=0 visible=false mode=fullscreen translucent=true sz=0}]
02-22 02:36:22.703 I/wm_task_removed( 1503): [101,removeChild]
02-22 02:36:23.014 I/input_interaction( 1503): Interaction with: ab95283 com.android.settings/com.android.settings.Settings (server), edge-swipe (server), swipe-up (server), PointerEventDispatcher0 (server),
02-22 02:36:23.141 I/sysui_multi_action( 4132): [757,830,758,4,833,0,854,dream_start_button_container,1089,0]
02-22 02:36:23.346 I/commit_sys_config_file( 1503): [settings-2-0,6]
02-22 02:36:23.522 I/input_interaction( 1503): Interaction with: a916dde StatusBar (server), edge-swipe (server), swipe-up (server), PointerEventDispatcher0 (server),
02-22 02:36:23.527 I/sysui_multi_action( 1966): [757,803,799,panel_open,802,1]
02-22 02:36:23.528 I/sysui_multi_action( 1966): [757,1328,758,4,1326,37,1327,2,1329,0]
02-22 02:36:23.572 I/sysui_multi_action( 1503): [757,127,758,1]
02-22 02:36:23.572 I/sysui_multi_action( 1503): [757,804,799,note_load,801,2,802,1]
02-22 02:36:23.572 I/notification_panel_revealed( 1503): 2
02-22 02:36:23.583 I/input_focus( 1503): [Focus request 91ac81d NotificationShade,reason=UpdateInputWindows]
02-22 02:36:23.593 I/sysui_multi_action( 1503): [757,128,758,1,793,4994612,794,0,795,4994612,796,26,798,0,806,android,857,DEVELOPER_IMPORTANT,858,4,947,0,1395,2,1500,4994207,1688,1]
02-22 02:36:23.593 I/sysui_multi_action( 1503): [757,804,799,note_freshness,801,4994612,802,1]
02-22 02:36:23.593 I/notification_visibility( 1503): [-1|android|26|null|1000,1,4994612,4994612,0,0]
02-22 02:36:23.594 I/sysui_multi_action( 1503): [757,128,758,1,793,4995216,794,0,795,4995216,796,32,798,1,806,android,857,USB,858,1,947,0,1395,2,1500,4995141,1688,1]
02-22 02:36:23.594 I/sysui_multi_action( 1503): [757,804,799,note_freshness,801,4995216,802,1]
02-22 02:36:23.594 I/notification_visibility( 1503): [-1|android|32|null|1000,1,4995216,4995216,0,1]
02-22 02:36:23.602 I/input_focus( 1503): [Focus leaving ab95283 com.android.settings/com.android.settings.Settings (server),reason=setFocusedWindow]
02-22 02:36:23.602 I/input_focus( 1503): [Focus entering 91ac81d NotificationShade (server),reason=setFocusedWindow]
02-22 02:36:23.633 I/sysui_multi_action( 1966): [757,111,758,1]
02-22 02:36:23.633 I/sysui_multi_action( 1966): [757,126,758,1,759,126,927,0,928,1,1593,0]
02-22 02:36:23.633 I/sysui_multi_action( 1966): [757,113,758,1,759,113,927,1,928,1,1593,0]
02-22 02:36:23.634 I/sysui_multi_action( 1966): [757,0,758,1,759,0,927,2,928,0,1593,0]
02-22 02:36:23.634 I/sysui_multi_action( 1966): [757,0,758,1,759,0,927,3,928,0,1593,0]
02-22 02:36:23.634 I/sysui_multi_action( 1966): [757,491,758,1,759,491,927,4,928,0,1311,-1,1593,0]
02-22 02:36:23.634 I/sysui_multi_action( 1966): [757,0,758,1,759,0,927,5,928,0,1593,0]
02-22 02:36:23.634 I/sysui_multi_action( 1966): [757,111,758,1]
02-22 02:36:23.634 I/sysui_multi_action( 1966): [757,126,758,1,759,126,927,0,928,1,1593,0]
02-22 02:36:23.634 I/sysui_multi_action( 1966): [757,113,758,1,759,113,927,1,928,1,1593,0]
02-22 02:36:23.635 I/sysui_multi_action( 1966): [757,0,758,1,759,0,927,2,928,0,1593,0]
02-22 02:36:23.635 I/sysui_multi_action( 1966): [757,0,758,1,759,0,927,3,928,0,1593,0]
02-22 02:36:24.443 I/input_interaction( 1503): Interaction with: 91ac81d NotificationShade (server), edge-swipe (server), swipe-up (server), PointerEventDispatcher0 (server),
02-22 02:36:24.591 I/sysui_multi_action( 1503): [757,222,758,1]
02-22 02:36:24.603 I/wm_task_created( 1503): [102,-1]
02-22 02:36:24.607 I/wm_task_moved( 1503): [102,1,9]
02-22 02:36:24.607 I/wm_task_to_front( 1503): [0,102]
02-22 02:36:24.608 I/wm_create_task( 1503): [0,102]
02-22 02:36:24.608 I/wm_create_activity( 1503): [0,199507391,102,com.thundercomm.screensaver/android.service.dreams.DreamActivity,NULL,NULL,NULL,276824064]
02-22 02:36:24.608 I/wm_task_moved( 1503): [102,1,9]
02-22 02:36:24.609 I/wm_on_top_resumed_lost_called( 4132): [250080366,com.android.settings.Settings,topStateChangedWhenResumed]
02-22 02:36:24.610 I/wm_pause_activity( 1503): [0,250080366,com.android.settings/.Settings,userLeaving=true,pauseBackTasks]
02-22 02:36:24.620 I/input_focus( 1503): [Focus request ab95283 com.android.settings/com.android.settings.Settings,reason=UpdateInputWindows]
02-22 02:36:24.622 I/sysui_multi_action( 4132): [757,35,758,2,1089,2472]
02-22 02:36:24.622 I/sysui_multi_action( 4132): [757,47,758,2,1089,2471]
02-22 02:36:24.623 I/wm_on_paused_called( 4132): [250080366,com.android.settings.Settings,performPause]
02-22 02:36:24.624 I/wm_add_to_stopping( 1503): [0,250080366,com.android.settings/.Settings,makeInvisible]
02-22 02:36:24.624 I/wm_restart_activity( 1503): [0,199507391,102,com.thundercomm.screensaver/android.service.dreams.DreamActivity]
02-22 02:36:24.625 I/wm_set_resumed_activity( 1503): [0,com.thundercomm.screensaver/android.service.dreams.DreamActivity,minimalResumeActivityLocked]
02-22 02:36:24.629 I/wm_on_create_called( 6011): [199507391,android.service.dreams.DreamActivity,performCreate]
02-22 02:36:24.629 I/wm_on_start_called( 6011): [199507391,android.service.dreams.DreamActivity,handleStartActivity]
02-22 02:36:24.629 I/wm_on_resume_called( 6011): [199507391,android.service.dreams.DreamActivity,RESUME_ACTIVITY]
02-22 02:36:24.630 I/sysui_multi_action( 1503): [757,803,799,window_time_0,802,3]
02-22 02:36:24.631 I/wm_on_top_resumed_gained_called( 6011): [199507391,android.service.dreams.DreamActivity,topStateChangedWhenResumed]
02-22 02:36:24.641 I/input_focus( 1503): [Focus leaving 91ac81d NotificationShade (server),reason=NOT_FOCUSABLE]
02-22 02:36:24.645 I/input_focus( 1503): [Focus request 63625b7 com.thundercomm.screensaver/android.service.dreams.DreamActivity,reason=UpdateInputWindows]
02-22 02:36:24.657 I/sysui_multi_action( 1966): [757,111,758,2]
02-22 02:36:24.657 I/notification_enqueue( 1503): [10078,1966,com.android.systemui,2048,NULL,0,Notification(channel=updateNotification shortcut=null contentView=null vibrate=null sound=null defaults=0x0 flags=0x0 color=0x00000000 vis=PRIVATE),1]
02-22 02:36:24.657 I/sysui_multi_action( 1966): [757,111,758,2]
02-22 02:36:24.662 I/sysui_multi_action( 1503): [319,60,322,52,325,5006,757,761,758,8,759,2,806,com.thundercomm.screensaver,871,android.service.dreams.DreamActivity,904,com.thundercomm.screensaver,905,0,1320,4,1321,2]
02-22 02:36:24.663 I/wm_activity_launch_time( 1503): [0,199507391,com.thundercomm.screensaver/android.service.dreams.DreamActivity,52]
02-22 02:36:24.669 I/sysui_multi_action( 1966): [757,111,758,1]
02-22 02:36:24.669 I/sysui_multi_action( 1966): [757,126,758,1,759,126,927,0,928,1,1593,0]
02-22 02:36:24.669 I/sysui_multi_action( 1966): [757,113,758,1,759,113,927,1,928,1,1593,0]
02-22 02:36:24.669 I/sysui_multi_action( 1966): [757,0,758,1,759,0,927,2,928,0,1593,0]
02-22 02:36:24.669 I/sysui_multi_action( 1966): [757,0,758,1,759,0,927,3,928,0,1593,0]
02-22 02:36:24.669 I/sysui_multi_action( 1966): [757,491,758,1,759,491,927,4,928,0,1311,-1,1593,0]
02-22 02:36:24.669 I/sysui_multi_action( 1966): [757,0,758,1,759,0,927,5,928,0,1593,0]
02-22 02:36:24.669 I/sysui_multi_action( 1966): [757,111,758,1]
02-22 02:36:24.669 I/sysui_multi_action( 1966): [757,126,758,1,759,126,927,0,928,1,1593,0]
02-22 02:36:24.669 I/sysui_multi_action( 1966): [757,113,758,1,759,113,927,1,928,1,1593,0]
02-22 02:36:24.669 I/sysui_multi_action( 1966): [757,0,758,1,759,0,927,2,928,0,1593,0]
02-22 02:36:24.669 I/sysui_multi_action( 1966): [757,0,758,1,759,0,927,3,928,0,1593,0]
02-22 02:36:24.687 I/input_focus( 1503): [Focus entering 63625b7 com.thundercomm.screensaver/android.service.dreams.DreamActivity (server),reason=Window became focusable. Previous reason: NOT_VISIBLE]
02-22 02:36:24.784 I/commit_sys_config_file( 1503): [settings-2-0,2]
02-22 02:36:24.920 I/notification_enqueue( 1503): [10078,1966,com.android.systemui,2048,NULL,0,Notification(channel=updateNotification shortcut=null contentView=null vibrate=null sound=null defaults=0x0 flags=0x0 color=0x00000000 vis=PRIVATE),1]
02-22 02:36:24.920 I/sysui_multi_action( 1966): [757,111,758,2]
02-22 02:36:24.920 I/sysui_multi_action( 1966): [757,111,758,2]
02-22 02:36:25.126 I/sysui_multi_action( 1503): [757,128,758,2,793,4996145,794,1533,795,4996145,796,26,798,0,806,android,857,DEVELOPER_IMPORTANT,858,4,947,0,1395,2,1500,4995740,1688,1]
02-22 02:36:25.126 I/notification_visibility( 1503): [-1|android|26|null|1000,0,4996145,4996145,0,0]
02-22 02:36:25.126 I/sysui_multi_action( 1503): [757,128,758,2,793,4996748,794,1532,795,4996748,796,32,798,1,806,android,857,USB,858,1,947,0,1395,2,1500,4996673,1688,1]
02-22 02:36:25.126 I/notification_visibility( 1503): [-1|android|32|null|1000,0,4996748,4996748,0,1]
02-22 02:36:25.127 I/sysui_multi_action( 1503): [757,127,758,2]
02-22 02:36:25.127 I/notification_panel_hidden( 1503):
02-22 02:36:25.171 I/wm_stop_activity( 1503): [0,250080366,com.android.settings/.Settings]
02-22 02:36:25.195 I/wm_on_stop_called( 4132): [250080366,com.android.settings.Settings,STOP_ACTIVITY_ITEM]
02-22 02:36:25.652 I/input_interaction( 1503): Interaction with: 63625b7 com.thundercomm.screensaver/android.service.dreams.DreamActivity (server), edge-swipe (server), swipe-up (server), PointerEventDispatcher0 (server),
02-22 02:36:25.653 I/wm_finish_activity( 1503): [0,199507391,102,com.thundercomm.screensaver/android.service.dreams.DreamActivity,finish-activity]
02-22 02:36:25.653 I/wm_task_moved( 1503): [45,1,8]
02-22 02:36:25.653 I/wm_task_to_front( 1503): [0,45]
02-22 02:36:25.653 I/wm_focused_root_task( 1503): [0,0,45,102,finish-top adjustFocusToNextFocusableTask]
02-22 02:36:25.653 I/wm_pause_activity( 1503): [0,199507391,com.thundercomm.screensaver/android.service.dreams.DreamActivity,userLeaving=false,finish]
02-22 02:36:25.655 I/wm_on_top_resumed_lost_called( 6011): [199507391,android.service.dreams.DreamActivity,topStateChangedWhenResumed]
02-22 02:36:25.655 I/sysui_multi_action( 1503): [757,803,799,window_time_0,802,1]
02-22 02:36:25.656 I/wm_on_paused_called( 6011): [199507391,android.service.dreams.DreamActivity,performPause]
02-22 02:36:25.656 I/wm_add_to_stopping( 1503): [0,199507391,com.thundercomm.screensaver/android.service.dreams.DreamActivity,completeFinishing]
02-22 02:36:25.657 I/wm_set_resumed_activity( 1503): [0,com.android.settings/.Settings,resumeTopActivityInnerLocked]
02-22 02:36:25.657 I/wm_resume_activity( 1503): [0,250080366,45,com.android.settings/.Settings]
02-22 02:36:25.660 I/sysui_multi_action( 1503): [757,803,799,window_time_0,802,0]
02-22 02:36:25.672 I/wm_on_restart_called( 4132): [250080366,com.android.settings.Settings,performRestartActivity]
02-22 02:36:25.673 I/view_enqueue_input_event( 6011): [Motion - Cancel,com.thundercomm.screensaver/android.service.dreams.DreamActivity]
02-22 02:36:25.673 I/input_focus( 1503): [Focus leaving 63625b7 com.thundercomm.screensaver/android.service.dreams.DreamActivity (server),reason=NO_WINDOW]
02-22 02:36:25.674 I/wm_on_start_called( 4132): [250080366,com.android.settings.Settings,handleStartActivity]
02-22 02:36:25.674 I/snet_event_log( 4132): [120484087,-1,]
02-22 02:36:25.674 I/wm_on_resume_called( 4132): [250080366,com.android.settings.Settings,RESUME_ACTIVITY]
02-22 02:36:25.674 I/sysui_multi_action( 4132): [757,35,758,1,833,0,1089,0]
02-22 02:36:25.675 I/sysui_multi_action( 4132): [757,47,758,1,833,0,1089,0]
02-22 02:36:25.683 I/wm_on_top_resumed_gained_called( 4132): [250080366,com.android.settings.Settings,topWhenResuming]
02-22 02:36:25.690 I/input_interaction( 1503): Interaction with: edge-swipe (server), swipe-up (server), PointerEventDispatcher0 (server),
02-22 02:36:25.692 I/input_focus( 1503): [Focus request ab95283 com.android.settings/com.android.settings.Settings,reason=UpdateInputWindows]
02-22 02:36:25.707 I/input_focus( 1503): [Focus entering ab95283 com.android.settings/com.android.settings.Settings (server),reason=setFocusedWindow]
02-22 02:36:26.206 I/wm_destroy_activity( 1503): [0,199507391,102,com.thundercomm.screensaver/android.service.dreams.DreamActivity,finish-imm:idle]
02-22 02:36:26.224 I/wm_on_stop_called( 6011): [199507391,android.service.dreams.DreamActivity,LIFECYCLER_STOP_ACTIVITY]
02-22 02:36:26.224 I/wm_on_destroy_called( 6011): [199507391,android.service.dreams.DreamActivity,performDestroy]
02-22 02:36:26.225 I/sysui_multi_action( 1503): [757,222,758,2]
02-22 02:36:26.225 I/sysui_multi_action( 1503): [757,804,799,dreaming_minutes,801,0,802,1]
02-22 02:36:26.228 I/wm_task_removed( 1503): [102,removeChild:removeChild last r=ActivityRecord{be43dbf u0 com.thundercomm.screensaver/android.service.dreams.DreamActivity t-1 f}} in t=Task{d438766 #102 type=dream A=10047:android:com.thundercomm.screensaver/dream U=0 visible=false mode=fullscreen translucent=true sz=0}]
02-22 02:36:26.228 I/wm_task_removed( 1503): [102,removeChild]
02-22 02:36:26.658 I/input_interaction( 1503): Interaction with: ab95283 com.android.settings/com.android.settings.Settings (server), edge-swipe (server), swipe-up (server), PointerEventDispatcher0 (server),
