02-22 02:36:26.784 I/sysui_multi_action( 4132): [757,830,758,4,833,0,854,dream_start_button_container,1089,0]
02-22 02:36:26.989 I/commit_sys_config_file( 1503): [settings-2-0,6]
02-22 02:36:27.151 I/input_interaction( 1503): Interaction with: a916dde StatusBar (server), edge-swipe (server), swipe-up (server), PointerEventDispatcher0 (server),
02-22 02:36:27.155 I/sysui_multi_action( 1966): [757,803,799,panel_open,802,1]
02-22 02:36:27.156 I/sysui_multi_action( 1966): [757,1328,758,4,1326,39,1327,1,1329,0]
02-22 02:36:27.197 I/sysui_multi_action( 1503): [757,127,758,1]
02-22 02:36:27.197 I/sysui_multi_action( 1503): [757,804,799,note_load,801,2,802,1]
02-22 02:36:27.197 I/notification_panel_revealed( 1503): 2
02-22 02:36:27.209 I/input_focus( 1503): [Focus request 91ac81d NotificationShade,reason=UpdateInputWindows]
02-22 02:36:27.219 I/sysui_multi_action( 1503): [757,128,758,1,793,4998238,794,0,795,4998238,796,26,798,0,806,android,857,DEVELOPER_IMPORTANT,858,4,947,0,1395,2,1500,4997833,1688,1]
02-22 02:36:27.219 I/sysui_multi_action( 1503): [757,804,799,note_freshness,801,4998238,802,1]
02-22 02:36:27.219 I/notification_visibility( 1503): [-1|android|26|null|1000,1,4998238,4998238,0,0]
02-22 02:36:27.219 I/sysui_multi_action( 1503): [757,128,758,1,793,4998841,794,0,795,4998841,796,32,798,1,806,android,857,USB,858,1,947,0,1395,2,1500,4998766,1688,1]
02-22 02:36:27.219 I/sysui_multi_action( 1503): [757,804,799,note_freshness,801,4998841,802,1]
02-22 02:36:27.219 I/notification_visibility( 1503): [-1|android|32|null|1000,1,4998841,4998841,0,1]
02-22 02:36:27.228 I/input_focus( 1503): [Focus leaving ab95283 com.android.settings/com.android.settings.Settings (server),reason=setFocusedWindow]
02-22 02:36:27.228 I/input_focus( 1503): [Focus entering 91ac81d NotificationShade (server),reason=setFocusedWindow]
02-22 02:36:27.242 I/sysui_multi_action( 1966): [757,111,758,1]
02-22 02:36:27.242 I/sysui_multi_action( 1966): [757,126,758,1,759,126,927,0,928,1,1593,0]
02-22 02:36:27.242 I/sysui_multi_action( 1966): [757,113,758,1,759,113,927,1,928,1,1593,0]
02-22 02:36:27.242 I/sysui_multi_action( 1966): [757,0,758,1,759,0,927,2,928,0,1593,0]
02-22 02:36:27.242 I/sysui_multi_action( 1966): [757,0,758,1,759,0,927,3,928,0,1593,0]
02-22 02:36:27.243 I/sysui_multi_action( 1966): [757,491,758,1,759,491,927,4,928,0,1311,-1,1593,0]
02-22 02:36:27.243 I/sysui_multi_action( 1966): [757,0,758,1,759,0,927,5,928,0,1593,0]
02-22 02:36:27.243 I/sysui_multi_action( 1966): [757,111,758,1]
02-22 02:36:27.243 I/sysui_multi_action( 1966): [757,126,758,1,759,126,927,0,928,1,1593,0]
02-22 02:36:27.243 I/sysui_multi_action( 1966): [757,113,758,1,759,113,927,1,928,1,1593,0]
02-22 02:36:27.243 I/sysui_multi_action( 1966): [757,0,758,1,759,0,927,2,928,0,1593,0]
02-22 02:36:27.244 I/sysui_multi_action( 1966): [757,0,758,1,759,0,927,3,928,0,1593,0]
02-22 02:36:28.086 I/input_interaction( 1503): Interaction with: 91ac81d NotificationShade (server), edge-swipe (server), swipe-up (server), PointerEventDispatcher0 (server),
02-22 02:36:28.222 I/sysui_multi_action( 1503): [757,222,758,1]
02-22 02:36:28.243 I/wm_task_created( 1503): [103,-1]
02-22 02:36:28.247 I/wm_task_moved( 1503): [103,1,9]
02-22 02:36:28.247 I/wm_task_to_front( 1503): [0,103]
02-22 02:36:28.247 I/wm_create_task( 1503): [0,103]
02-22 02:36:28.247 I/wm_create_activity( 1503): [0,33142363,103,com.thundercomm.screensaver/android.service.dreams.DreamActivity,NULL,NULL,NULL,276824064]
02-22 02:36:28.247 I/wm_task_moved( 1503): [103,1,9]
02-22 02:36:28.249 I/wm_pause_activity( 1503): [0,250080366,com.android.settings/.Settings,userLeaving=true,pauseBackTasks]
02-22 02:36:28.251 I/wm_on_top_resumed_lost_called( 4132): [250080366,com.android.settings.Settings,topStateChangedWhenResumed]
02-22 02:36:28.254 I/sysui_multi_action( 4132): [757,35,758,2,1089,2579]
02-22 02:36:28.254 I/sysui_multi_action( 4132): [757,47,758,2,1089,2579]
02-22 02:36:28.255 I/wm_on_paused_called( 4132): [250080366,com.android.settings.Settings,performPause]
02-22 02:36:28.256 I/wm_add_to_stopping( 1503): [0,250080366,com.android.settings/.Settings,makeInvisible]
02-22 02:36:28.256 I/wm_restart_activity( 1503): [0,33142363,103,com.thundercomm.screensaver/android.service.dreams.DreamActivity]
02-22 02:36:28.257 I/wm_set_resumed_activity( 1503): [0,com.thundercomm.screensaver/android.service.dreams.DreamActivity,minimalResumeActivityLocked]
02-22 02:36:28.259 I/sysui_multi_action( 1503): [757,803,799,window_time_0,802,3]
02-22 02:36:28.260 I/wm_on_create_called( 6011): [33142363,android.service.dreams.DreamActivity,performCreate]
02-22 02:36:28.260 I/wm_on_start_called( 6011): [33142363,android.service.dreams.DreamActivity,handleStartActivity]
02-22 02:36:28.260 I/wm_on_resume_called( 6011): [33142363,android.service.dreams.DreamActivity,RESUME_ACTIVITY]
02-22 02:36:28.265 I/wm_on_top_resumed_gained_called( 6011): [33142363,android.service.dreams.DreamActivity,topStateChangedWhenResumed]
02-22 02:36:28.279 I/input_focus( 1503): [Focus leaving 91ac81d NotificationShade (server),reason=NOT_FOCUSABLE]
02-22 02:36:28.284 I/input_focus( 1503): [Focus request 5b695d3 com.thundercomm.screensaver/android.service.dreams.DreamActivity,reason=UpdateInputWindows]
02-22 02:36:28.296 I/sysui_multi_action( 1503): [319,53,322,50,325,5010,757,761,758,8,759,2,806,com.thundercomm.screensaver,871,android.service.dreams.DreamActivity,904,com.thundercomm.screensaver,905,0,1320,4,1321,2]
02-22 02:36:28.297 I/sysui_multi_action( 1966): [757,111,758,2]
02-22 02:36:28.298 I/sysui_multi_action( 1966): [757,111,758,2]
02-22 02:36:28.298 I/wm_activity_launch_time( 1503): [0,33142363,com.thundercomm.screensaver/android.service.dreams.DreamActivity,50]
02-22 02:36:28.298 I/notification_enqueue( 1503): [10078,1966,com.android.systemui,2048,NULL,0,Notification(channel=updateNotification shortcut=null contentView=null vibrate=null sound=null defaults=0x0 flags=0x0 color=0x00000000 vis=PRIVATE),1]
02-22 02:36:28.311 I/sysui_multi_action( 1966): [757,111,758,1]
02-22 02:36:28.311 I/sysui_multi_action( 1966): [757,126,758,1,759,126,927,0,928,1,1593,0]
02-22 02:36:28.311 I/sysui_multi_action( 1966): [757,113,758,1,759,113,927,1,928,1,1593,0]
02-22 02:36:28.311 I/sysui_multi_action( 1966): [757,0,758,1,759,0,927,2,928,0,1593,0]
02-22 02:36:28.311 I/sysui_multi_action( 1966): [757,0,758,1,759,0,927,3,928,0,1593,0]
02-22 02:36:28.311 I/sysui_multi_action( 1966): [757,491,758,1,759,491,927,4,928,0,1311,-1,1593,0]
02-22 02:36:28.311 I/sysui_multi_action( 1966): [757,0,758,1,759,0,927,5,928,0,1593,0]
02-22 02:36:28.311 I/sysui_multi_action( 1966): [757,111,758,1]
02-22 02:36:28.311 I/sysui_multi_action( 1966): [757,126,758,1,759,126,927,0,928,1,1593,1]
02-22 02:36:28.311 I/sysui_multi_action( 1966): [757,113,758,1,759,113,927,1,928,1,1593,1]
02-22 02:36:28.312 I/sysui_multi_action( 1966): [757,0,758,1,759,0,927,2,928,0,1593,1]
02-22 02:36:28.312 I/sysui_multi_action( 1966): [757,0,758,1,759,0,927,3,928,0,1593,1]
02-22 02:36:28.328 I/input_focus( 1503): [Focus entering 5b695d3 com.thundercomm.screensaver/android.service.dreams.DreamActivity (server),reason=Window became focusable. Previous reason: NOT_VISIBLE]
02-22 02:36:28.413 I/commit_sys_config_file( 1503): [settings-2-0,2]
02-22 02:36:28.562 I/notification_enqueue( 1503): [10078,1966,com.android.systemui,2048,NULL,0,Notification(channel=updateNotification shortcut=null contentView=null vibrate=null sound=null defaults=0x0 flags=0x0 color=0x00000000 vis=PRIVATE),1]
02-22 02:36:28.562 I/sysui_multi_action( 1966): [757,111,758,2]
02-22 02:36:28.562 I/sysui_multi_action( 1966): [757,111,758,2]
02-22 02:36:28.768 I/sysui_multi_action( 1503): [757,128,758,2,793,4999787,794,1549,795,4999787,796,26,798,0,806,android,857,DEVELOPER_IMPORTANT,858,4,947,0,1395,2,1500,4999382,1688,1]
02-22 02:36:28.768 I/notification_visibility( 1503): [-1|android|26|null|1000,0,4999787,4999787,0,0]
02-22 02:36:28.768 I/sysui_multi_action( 1503): [757,128,758,2,793,5000390,794,1549,795,5000390,796,32,798,1,806,android,857,USB,858,1,947,0,1395,2,1500,5000315,1688,1]
02-22 02:36:28.768 I/notification_visibility( 1503): [-1|android|32|null|1000,0,5000390,5000390,0,1]
02-22 02:36:28.770 I/sysui_multi_action( 1503): [757,127,758,2]
02-22 02:36:28.770 I/notification_panel_hidden( 1503):
02-22 02:36:28.796 I/wm_stop_activity( 1503): [0,250080366,com.android.settings/.Settings]
02-22 02:36:28.801 I/wm_on_stop_called( 4132): [250080366,com.android.settings.Settings,STOP_ACTIVITY_ITEM]
02-22 02:36:29.080 I/input_interaction( 1503): Interaction with: 5b695d3 com.thundercomm.screensaver/android.service.dreams.DreamActivity (server), edge-swipe (server), swipe-up (server), PointerEventDispatcher0 (server),
02-22 02:36:29.080 I/wm_finish_activity( 1503): [0,33142363,103,com.thundercomm.screensaver/android.service.dreams.DreamActivity,finish-activity]
02-22 02:36:29.080 I/wm_task_moved( 1503): [45,1,8]
02-22 02:36:29.080 I/wm_task_to_front( 1503): [0,45]
02-22 02:36:29.080 I/wm_focused_root_task( 1503): [0,0,45,103,finish-top adjustFocusToNextFocusableTask]
02-22 02:36:29.081 I/wm_pause_activity( 1503): [0,33142363,com.thundercomm.screensaver/android.service.dreams.DreamActivity,userLeaving=false,finish]
02-22 02:36:29.083 I/wm_on_top_resumed_lost_called( 6011): [33142363,android.service.dreams.DreamActivity,topStateChangedWhenResumed]
02-22 02:36:29.083 I/wm_on_paused_called( 6011): [33142363,android.service.dreams.DreamActivity,performPause]
02-22 02:36:29.083 I/wm_add_to_stopping( 1503): [0,33142363,com.thundercomm.screensaver/android.service.dreams.DreamActivity,completeFinishing]
02-22 02:36:29.084 I/wm_set_resumed_activity( 1503): [0,com.android.settings/.Settings,resumeTopActivityInnerLocked]
02-22 02:36:29.085 I/wm_resume_activity( 1503): [0,250080366,45,com.android.settings/.Settings]
02-22 02:36:29.086 I/sysui_multi_action( 1503): [757,803,799,window_time_0,802,0]
02-22 02:36:29.087 I/sysui_multi_action( 1503): [757,803,799,window_time_0,802,0]
02-22 02:36:29.097 I/wm_on_restart_called( 4132): [250080366,com.android.settings.Settings,performRestartActivity]
02-22 02:36:29.097 I/view_enqueue_input_event( 6011): [Motion - Cancel,com.thundercomm.screensaver/android.service.dreams.DreamActivity]
02-22 02:36:29.098 I/input_focus( 1503): [Focus leaving 5b695d3 com.thundercomm.screensaver/android.service.dreams.DreamActivity (server),reason=NO_WINDOW]
02-22 02:36:29.098 I/wm_on_start_called( 4132): [250080366,com.android.settings.Settings,handleStartActivity]
02-22 02:36:29.099 I/snet_event_log( 4132): [120484087,-1,]
02-22 02:36:29.099 I/wm_on_resume_called( 4132): [250080366,com.android.settings.Settings,RESUME_ACTIVITY]
02-22 02:36:29.099 I/sysui_multi_action( 4132): [757,35,758,1,833,0,1089,0]
02-22 02:36:29.100 I/sysui_multi_action( 4132): [757,47,758,1,833,0,1089,0]
02-22 02:36:29.104 I/input_interaction( 1503): Interaction with: edge-swipe (server), swipe-up (server), PointerEventDispatcher0 (server),
02-22 02:36:29.104 I/wm_on_top_resumed_gained_called( 4132): [250080366,com.android.settings.Settings,topWhenResuming]
02-22 02:36:29.117 I/input_focus( 1503): [Focus request ab95283 com.android.settings/com.android.settings.Settings,reason=UpdateInputWindows]
02-22 02:36:29.119 I/auditd ( 566): type=1400 audit(0.0:1104): avc: denied { read } for comm="Binder:566_2" name="wakeup58" dev="sysfs" ino=71806 scontext=u:r:system_suspend:s0 tcontext=u:object_r:sysfs:s0 tclass=dir permissive=0
02-22 02:36:29.119 I/auditd ( 566): type=1400 audit(0.0:1105): avc: denied { read } for comm="Binder:566_2" name="wakeup4" dev="sysfs" ino=47054 scontext=u:r:system_suspend:s0 tcontext=u:object_r:sysfs:s0 tclass=dir permissive=0
02-22 02:36:29.119 I/auditd ( 566): type=1400 audit(0.0:1106): avc: denied { read } for comm="Binder:566_2" name="wakeup76" dev="sysfs" ino=76771 scontext=u:r:system_suspend:s0 tcontext=u:object_r:sysfs:s0 tclass=dir permissive=0
02-22 02:36:29.119 I/auditd ( 566): type=1400 audit(0.0:1107): avc: denied { read } for comm="Binder:566_2" name="wakeup28" dev="sysfs" ino=53259 scontext=u:r:system_suspend:s0 tcontext=u:object_r:sysfs:s0 tclass=dir permissive=0
02-22 02:36:29.119 I/auditd ( 566): type=1400 audit(0.0:1108): avc: denied { read } for comm="Binder:566_2" name="wakeup56" dev="sysfs" ino=71734 scontext=u:r:system_suspend:s0 tcontext=u:object_r:sysfs:s0 tclass=dir permissive=0
02-22 02:36:29.132 I/input_focus( 1503): [Focus entering ab95283 com.android.settings/com.android.settings.Settings (server),reason=setFocusedWindow]
02-22 02:36:29.631 I/wm_destroy_activity( 1503): [0,33142363,103,com.thundercomm.screensaver/android.service.dreams.DreamActivity,finish-imm:idle]
02-22 02:36:29.631 I/wm_on_stop_called( 6011): [33142363,android.service.dreams.DreamActivity,LIFECYCLER_STOP_ACTIVITY]
02-22 02:36:29.632 I/wm_on_destroy_called( 6011): [33142363,android.service.dreams.DreamActivity,performDestroy]
02-22 02:36:29.633 I/sysui_multi_action( 1503): [757,222,758,2]
02-22 02:36:29.633 I/sysui_multi_action( 1503): [757,804,799,dreaming_minutes,801,0,802,1]
02-22 02:36:29.637 I/wm_task_removed( 1503): [103,removeChild:removeChild last r=ActivityRecord{1f9b65b u0 com.thundercomm.screensaver/android.service.dreams.DreamActivity t-1 f}} in t=Task{3655172 #103 type=dream A=10047:android:com.thundercomm.screensaver/dream U=0 visible=false mode=fullscreen translucent=true sz=0}]
02-22 02:36:29.637 I/wm_task_removed( 1503): [103,removeChild]
02-22 02:36:30.035 I/input_interaction( 1503): Interaction with: ab95283 com.android.settings/com.android.settings.Settings (server), edge-swipe (server), swipe-up (server), PointerEventDispatcher0 (server),
02-22 02:36:30.150 I/sysui_multi_action( 4132): [757,830,758,4,833,0,854,dream_start_button_container,1089,0]
02-22 02:36:30.358 I/commit_sys_config_file( 1503): [settings-2-0,7]
02-22 02:36:30.573 I/input_interaction( 1503): Interaction with: a916dde StatusBar (server), edge-swipe (server), swipe-up (server), PointerEventDispatcher0 (server),
02-22 02:36:30.577 I/sysui_multi_action( 1966): [757,803,799,panel_open,802,1]
02-22 02:36:30.578 I/sysui_multi_action( 1966): [757,1328,758,4,1326,38,1327,4,1329,0]
02-22 02:36:30.625 I/sysui_multi_action( 1503): [757,127,758,1]
02-22 02:36:30.626 I/sysui_multi_action( 1503): [757,804,799,note_load,801,2,802,1]
02-22 02:36:30.626 I/notification_panel_revealed( 1503): 2
02-22 02:36:30.637 I/input_focus( 1503): [Focus request 91ac81d NotificationShade,reason=UpdateInputWindows]
02-22 02:36:30.645 I/sysui_multi_action( 1503): [757,128,758,1,793,5001663,794,0,795,5001663,796,26,798,0,806,android,857,DEVELOPER_IMPORTANT,858,4,947,0,1395,2,1500,5001258,1688,1]
02-22 02:36:30.645 I/sysui_multi_action( 1503): [757,804,799,note_freshness,801,5001663,802,1]
02-22 02:36:30.645 I/notification_visibility( 1503): [-1|android|26|null|1000,1,5001663,5001663,0,0]
02-22 02:36:30.645 I/sysui_multi_action( 1503): [757,128,758,1,793,5002267,794,0,795,5002267,796,32,798,1,806,android,857,USB,858,1,947,0,1395,2,1500,5002192,1688,1]
02-22 02:36:30.645 I/sysui_multi_action( 1503): [757,804,799,note_freshness,801,5002267,802,1]
02-22 02:36:30.645 I/notification_visibility( 1503): [-1|android|32|null|1000,1,5002267,5002267,0,1]
02-22 02:36:30.653 I/input_focus( 1503): [Focus leaving ab95283 com.android.settings/com.android.settings.Settings (server),reason=setFocusedWindow]
02-22 02:36:30.653 I/input_focus( 1503): [Focus entering 91ac81d NotificationShade (server),reason=setFocusedWindow]
02-22 02:36:30.683 I/sysui_multi_action( 1966): [757,111,758,1]
02-22 02:36:30.684 I/sysui_multi_action( 1966): [757,126,758,1,759,126,927,0,928,1,1593,0]
02-22 02:36:30.684 I/sysui_multi_action( 1966): [757,113,758,1,759,113,927,1,928,1,1593,0]
02-22 02:36:30.684 I/sysui_multi_action( 1966): [757,0,758,1,759,0,927,2,928,0,1593,0]
02-22 02:36:30.684 I/sysui_multi_action( 1966): [757,0,758,1,759,0,927,3,928,0,1593,0]
02-22 02:36:30.684 I/sysui_multi_action( 1966): [757,491,758,1,759,491,927,4,928,0,1311,-1,1593,0]
02-22 02:36:30.684 I/sysui_multi_action( 1966): [757,0,758,1,759,0,927,5,928,0,1593,0]
02-22 02:36:30.684 I/sysui_multi_action( 1966): [757,111,758,1]
02-22 02:36:30.685 I/sysui_multi_action( 1966): [757,126,758,1,759,126,927,0,928,1,1593,0]
02-22 02:36:30.685 I/sysui_multi_action( 1966): [757,113,758,1,759,113,927,1,928,1,1593,0]
02-22 02:36:30.685 I/sysui_multi_action( 1966): [757,0,758,1,759,0,927,2,928,0,1593,0]
02-22 02:36:30.685 I/sysui_multi_action( 1966): [757,0,758,1,759,0,927,3,928,0,1593,0]
02-22 02:36:31.531 I/input_interaction( 1503): Interaction with: 91ac81d NotificationShade (server), edge-swipe (server), swipe-up (server), PointerEventDispatcher0 (server),
02-22 02:36:31.532 I/service_manager_stats( 1503): [100,50,44380]
02-22 02:36:31.677 I/sysui_multi_action( 1503): [757,222,758,1]
02-22 02:36:31.688 I/wm_task_created( 1503): [104,-1]
02-22 02:36:31.693 I/wm_task_moved( 1503): [104,1,9]
02-22 02:36:31.693 I/wm_task_to_front( 1503): [0,104]
02-22 02:36:31.693 I/wm_create_task( 1503): [0,104]
02-22 02:36:31.693 I/wm_create_activity( 1503): [0,110121497,104,com.thundercomm.screensaver/android.service.dreams.DreamActivity,NULL,NULL,NULL,276824064]
02-22 02:36:31.693 I/wm_task_moved( 1503): [104,1,9]
02-22 02:36:31.694 I/wm_pause_activity( 1503): [0,250080366,com.android.settings/.Settings,userLeaving=true,pauseBackTasks]
02-22 02:36:31.695 I/wm_on_top_resumed_lost_called( 4132): [250080366,com.android.settings.Settings,topStateChangedWhenResumed]
02-22 02:36:31.697 I/sysui_multi_action( 4132): [757,35,758,2,1089,2597]
02-22 02:36:31.697 I/sysui_multi_action( 4132): [757,47,758,2,1089,2598]
02-22 02:36:31.698 I/wm_on_paused_called( 4132): [250080366,com.android.settings.Settings,performPause]
02-22 02:36:31.699 I/wm_add_to_stopping( 1503): [0,250080366,com.android.settings/.Settings,makeInvisible]
02-22 02:36:31.699 I/wm_restart_activity( 1503): [0,110121497,104,com.thundercomm.screensaver/android.service.dreams.DreamActivity]
02-22 02:36:31.700 I/wm_set_resumed_activity( 1503): [0,com.thundercomm.screensaver/android.service.dreams.DreamActivity,minimalResumeActivityLocked]
02-22 02:36:31.702 I/sysui_multi_action( 1503): [757,803,799,window_time_0,802,3]
02-22 02:36:31.707 I/wm_on_create_called( 6011): [110121497,android.service.dreams.DreamActivity,performCreate]
02-22 02:36:31.707 I/wm_on_start_called( 6011): [110121497,android.service.dreams.DreamActivity,handleStartActivity]
02-22 02:36:31.709 I/wm_on_resume_called( 6011): [110121497,android.service.dreams.DreamActivity,RESUME_ACTIVITY]
02-22 02:36:31.711 I/wm_on_top_resumed_gained_called( 6011): [110121497,android.service.dreams.DreamActivity,topStateChangedWhenResumed]
02-22 02:36:31.720 I/input_focus( 1503): [Focus leaving 91ac81d NotificationShade (server),reason=NOT_FOCUSABLE]
02-22 02:36:31.728 I/input_focus( 1503): [Focus request 3d12b51 com.thundercomm.screensaver/android.service.dreams.DreamActivity,reason=UpdateInputWindows]
02-22 02:36:31.739 I/notification_enqueue( 1503): [10078,1966,com.android.systemui,2048,NULL,0,Notification(channel=updateNotification shortcut=null contentView=null vibrate=null sound=null defaults=0x0 flags=0x0 color=0x00000000 vis=PRIVATE),1]
02-22 02:36:31.739 I/sysui_multi_action( 1966): [757,111,758,2]
02-22 02:36:31.739 I/sysui_multi_action( 1966): [757,111,758,2]
02-22 02:36:31.746 I/sysui_multi_action( 1503): [319,59,322,49,325,5013,757,761,758,8,759,2,806,com.thundercomm.screensaver,871,android.service.dreams.DreamActivity,904,com.thundercomm.screensaver,905,0,1320,4,1321,2]
02-22 02:36:31.746 I/wm_activity_launch_time( 1503): [0,110121497,com.thundercomm.screensaver/android.service.dreams.DreamActivity,49]
02-22 02:36:31.752 I/sysui_multi_action( 1966): [757,111,758,1]
02-22 02:36:31.752 I/sysui_multi_action( 1966): [757,126,758,1,759,126,927,0,928,1,1593,0]
02-22 02:36:31.752 I/sysui_multi_action( 1966): [757,113,758,1,759,113,927,1,928,1,1593,0]
02-22 02:36:31.752 I/sysui_multi_action( 1966): [757,0,758,1,759,0,927,2,928,0,1593,0]
02-22 02:36:31.752 I/sysui_multi_action( 1966): [757,0,758,1,759,0,927,3,928,0,1593,0]
02-22 02:36:31.753 I/sysui_multi_action( 1966): [757,491,758,1,759,491,927,4,928,0,1311,-1,1593,0]
02-22 02:36:31.753 I/sysui_multi_action( 1966): [757,0,758,1,759,0,927,5,928,0,1593,0]
02-22 02:36:31.753 I/sysui_multi_action( 1966): [757,111,758,1]
02-22 02:36:31.753 I/sysui_multi_action( 1966): [757,126,758,1,759,126,927,0,928,1,1593,1]
02-22 02:36:31.753 I/sysui_multi_action( 1966): [757,113,758,1,759,113,927,1,928,1,1593,1]
02-22 02:36:31.753 I/sysui_multi_action( 1966): [757,0,758,1,759,0,927,2,928,0,1593,1]
02-22 02:36:31.753 I/sysui_multi_action( 1966): [757,0,758,1,759,0,927,3,928,0,1593,1]
02-22 02:36:31.770 I/input_focus( 1503): [Focus entering 3d12b51 com.thundercomm.screensaver/android.service.dreams.DreamActivity (server),reason=Window became focusable. Previous reason: NOT_VISIBLE]
02-22 02:36:31.872 I/commit_sys_config_file( 1503): [settings-2-0,2]
02-22 02:36:32.004 I/notification_enqueue( 1503): [10078,1966,com.android.systemui,2048,NULL,0,Notification(channel=updateNotification shortcut=null contentView=null vibrate=null sound=null defaults=0x0 flags=0x0 color=0x00000000 vis=PRIVATE),1]
02-22 02:36:32.004 I/sysui_multi_action( 1966): [757,111,758,2]
02-22 02:36:32.004 I/sysui_multi_action( 1966): [757,111,758,2]
02-22 02:36:32.210 I/sysui_multi_action( 1503): [757,128,758,2,793,5003229,794,1566,795,5003229,796,26,798,0,806,android,857,DEVELOPER_IMPORTANT,858,4,947,0,1395,2,1500,5002824,1688,1]
02-22 02:36:32.210 I/notification_visibility( 1503): [-1|android|26|null|1000,0,5003229,5003229,0,0]
02-22 02:36:32.210 I/sysui_multi_action( 1503): [757,128,758,2,793,5003832,794,1565,795,5003832,796,32,798,1,806,android,857,USB,858,1,947,0,1395,2,1500,5003757,1688,1]
02-22 02:36:32.210 I/notification_visibility( 1503): [-1|android|32|null|1000,0,5003832,5003832,0,1]
02-22 02:36:32.211 I/sysui_multi_action( 1503): [757,127,758,2]
02-22 02:36:32.211 I/notification_panel_hidden( 1503):
02-22 02:36:32.254 I/wm_stop_activity( 1503): [0,250080366,com.android.settings/.Settings]
02-22 02:36:32.278 I/wm_on_stop_called( 4132): [250080366,com.android.settings.Settings,STOP_ACTIVITY_ITEM]
02-22 02:36:32.718 I/input_interaction( 1503): Interaction with: 3d12b51 com.thundercomm.screensaver/android.service.dreams.DreamActivity (server), edge-swipe (server), swipe-up (server), PointerEventDispatcher0 (server),
02-22 02:36:32.719 I/wm_finish_activity( 1503): [0,110121497,104,com.thundercomm.screensaver/android.service.dreams.DreamActivity,finish-activity]
02-22 02:36:32.719 I/wm_task_moved( 1503): [45,1,8]
02-22 02:36:32.719 I/wm_task_to_front( 1503): [0,45]
02-22 02:36:32.719 I/wm_focused_root_task( 1503): [0,0,45,104,finish-top adjustFocusToNextFocusableTask]
02-22 02:36:32.720 I/wm_pause_activity( 1503): [0,110121497,com.thundercomm.screensaver/android.service.dreams.DreamActivity,userLeaving=false,finish]
02-22 02:36:32.721 I/wm_on_top_resumed_lost_called( 6011): [110121497,android.service.dreams.DreamActivity,topStateChangedWhenResumed]
02-22 02:36:32.721 I/wm_on_paused_called( 6011): [110121497,android.service.dreams.DreamActivity,performPause]
02-22 02:36:32.722 I/wm_add_to_stopping( 1503): [0,110121497,com.thundercomm.screensaver/android.service.dreams.DreamActivity,completeFinishing]
02-22 02:36:32.723 I/wm_set_resumed_activity( 1503): [0,com.android.settings/.Settings,resumeTopActivityInnerLocked]
02-22 02:36:32.723 I/wm_resume_activity( 1503): [0,250080366,45,com.android.settings/.Settings]
02-22 02:36:32.725 I/sysui_multi_action( 1503): [757,803,799,window_time_0,802,1]
02-22 02:36:32.726 I/sysui_multi_action( 1503): [757,803,799,window_time_0,802,0]
02-22 02:36:32.739 I/input_focus( 1503): [Focus leaving 3d12b51 com.thundercomm.screensaver/android.service.dreams.DreamActivity (server),reason=NO_WINDOW]
02-22 02:36:32.739 I/view_enqueue_input_event( 6011): [Motion - Cancel,com.thundercomm.screensaver/android.service.dreams.DreamActivity]
02-22 02:36:32.739 I/wm_on_restart_called( 4132): [250080366,com.android.settings.Settings,performRestartActivity]
02-22 02:36:32.740 I/wm_on_start_called( 4132): [250080366,com.android.settings.Settings,handleStartActivity]
02-22 02:36:32.740 I/snet_event_log( 4132): [120484087,-1,]
02-22 02:36:32.740 I/wm_on_resume_called( 4132): [250080366,com.android.settings.Settings,RESUME_ACTIVITY]
02-22 02:36:32.741 I/sysui_multi_action( 4132): [757,35,758,1,833,0,1089,0]
02-22 02:36:32.742 I/sysui_multi_action( 4132): [757,47,758,1,833,0,1089,0]
02-22 02:36:32.743 I/input_interaction( 1503): Interaction with: edge-swipe (server), swipe-up (server), PointerEventDispatcher0 (server),
02-22 02:36:32.745 I/wm_on_top_resumed_gained_called( 4132): [250080366,com.android.settings.Settings,topWhenResuming]
02-22 02:36:32.758 I/input_focus( 1503): [Focus request ab95283 com.android.settings/com.android.settings.Settings,reason=UpdateInputWindows]
02-22 02:36:32.774 I/input_focus( 1503): [Focus entering ab95283 com.android.settings/com.android.settings.Settings (server),reason=setFocusedWindow]
02-22 02:36:33.273 I/wm_destroy_activity( 1503): [0,110121497,104,com.thundercomm.screensaver/android.service.dreams.DreamActivity,finish-imm:idle]
02-22 02:36:33.290 I/wm_on_stop_called( 6011): [110121497,android.service.dreams.DreamActivity,LIFECYCLER_STOP_ACTIVITY]
02-22 02:36:33.291 I/wm_on_destroy_called( 6011): [110121497,android.service.dreams.DreamActivity,performDestroy]
02-22 02:36:33.292 I/sysui_multi_action( 1503): [757,222,758,2]
02-22 02:36:33.292 I/sysui_multi_action( 1503): [757,804,799,dreaming_minutes,801,0,802,1]
02-22 02:36:33.295 I/wm_task_removed( 1503): [104,removeChild:removeChild last r=ActivityRecord{6905219 u0 com.thundercomm.screensaver/android.service.dreams.DreamActivity t-1 f}} in t=Task{2b08fa8 #104 type=dream A=10047:android:com.thundercomm.screensaver/dream U=0 visible=false mode=fullscreen translucent=true sz=0}]
02-22 02:36:33.295 I/wm_task_removed( 1503): [104,removeChild]
02-22 02:36:33.501 I/input_interaction( 1503): Interaction with: ab95283 com.android.settings/com.android.settings.Settings (server), edge-swipe (server), swipe-up (server), PointerEventDispatcher0 (server),
02-22 02:36:33.638 I/sysui_multi_action( 4132): [757,830,758,4,833,0,854,dream_start_button_container,1089,0]
02-22 02:36:33.844 I/commit_sys_config_file( 1503): [settings-2-0,6]
02-22 02:36:34.120 I/input_interaction( 1503): Interaction with: a916dde StatusBar (server), edge-swipe (server), swipe-up (server), PointerEventDispatcher0 (server),
02-22 02:36:34.123 I/sysui_multi_action( 1966): [757,803,799,panel_open,802,1]
02-22 02:36:34.124 I/sysui_multi_action( 1966): [757,1328,758,4,1326,38,1327,5,1329,0]
02-22 02:36:34.164 I/sysui_multi_action( 1503): [757,127,758,1]
02-22 02:36:34.164 I/sysui_multi_action( 1503): [757,804,799,note_load,801,2,802,1]
02-22 02:36:34.165 I/notification_panel_revealed( 1503): 2
02-22 02:36:34.176 I/input_focus( 1503): [Focus request 91ac81d NotificationShade,reason=UpdateInputWindows]
02-22 02:36:34.184 I/sysui_multi_action( 1503): [757,128,758,1,793,5005203,794,0,795,5005203,796,26,798,0,806,android,857,DEVELOPER_IMPORTANT,858,4,947,0,1395,2,1500,5004798,1688,1]
02-22 02:36:34.184 I/sysui_multi_action( 1503): [757,804,799,note_freshness,801,5005203,802,1]
02-22 02:36:34.184 I/notification_visibility( 1503): [-1|android|26|null|1000,1,5005203,5005203,0,0]
02-22 02:36:34.185 I/sysui_multi_action( 1503): [757,128,758,1,793,5005807,794,0,795,5005807,796,32,798,1,806,android,857,USB,858,1,947,0,1395,2,1500,5005732,1688,1]
02-22 02:36:34.185 I/sysui_multi_action( 1503): [757,804,799,note_freshness,801,5005807,802,1]
02-22 02:36:34.185 I/notification_visibility( 1503): [-1|android|32|null|1000,1,5005807,5005807,0,1]
02-22 02:36:34.195 I/input_focus( 1503): [Focus leaving ab95283 com.android.settings/com.android.settings.Settings (server),reason=setFocusedWindow]
02-22 02:36:34.195 I/input_focus( 1503): [Focus entering 91ac81d NotificationShade (server),reason=setFocusedWindow]
02-22 02:36:34.209 I/sysui_multi_action( 1966): [757,111,758,1]
02-22 02:36:34.209 I/sysui_multi_action( 1966): [757,126,758,1,759,126,927,0,928,1,1593,0]
02-22 02:36:34.209 I/sysui_multi_action( 1966): [757,113,758,1,759,113,927,1,928,1,1593,0]
02-22 02:36:34.209 I/sysui_multi_action( 1966): [757,0,758,1,759,0,927,2,928,0,1593,0]
02-22 02:36:34.209 I/sysui_multi_action( 1966): [757,0,758,1,759,0,927,3,928,0,1593,0]
02-22 02:36:34.210 I/sysui_multi_action( 1966): [757,491,758,1,759,491,927,4,928,0,1311,-1,1593,0]
02-22 02:36:34.210 I/sysui_multi_action( 1966): [757,0,758,1,759,0,927,5,928,0,1593,0]
02-22 02:36:34.210 I/sysui_multi_action( 1966): [757,111,758,1]
02-22 02:36:34.210 I/sysui_multi_action( 1966): [757,126,758,1,759,126,927,0,928,1,1593,0]
02-22 02:36:34.210 I/sysui_multi_action( 1966): [757,113,758,1,759,113,927,1,928,1,1593,0]
02-22 02:36:34.210 I/sysui_multi_action( 1966): [757,0,758,1,759,0,927,2,928,0,1593,0]
02-22 02:36:34.210 I/sysui_multi_action( 1966): [757,0,758,1,759,0,927,3,928,0,1593,0]
02-22 02:36:34.931 I/input_interaction( 1503): Interaction with: 91ac81d NotificationShade (server), edge-swipe (server), swipe-up (server), PointerEventDispatcher0 (server),
02-22 02:36:35.065 I/sysui_multi_action( 1503): [757,222,758,1]
02-22 02:36:35.076 I/wm_task_created( 1503): [105,-1]
02-22 02:36:35.081 I/wm_task_moved( 1503): [105,1,9]
02-22 02:36:35.081 I/wm_task_to_front( 1503): [0,105]
02-22 02:36:35.082 I/wm_create_task( 1503): [0,105]
02-22 02:36:35.082 I/wm_create_activity( 1503): [0,47705497,105,com.thundercomm.screensaver/android.service.dreams.DreamActivity,NULL,NULL,NULL,276824064]
02-22 02:36:35.082 I/wm_task_moved( 1503): [105,1,9]
02-22 02:36:35.083 I/wm_pause_activity( 1503): [0,250080366,com.android.settings/.Settings,userLeaving=true,pauseBackTasks]
02-22 02:36:35.086 I/wm_on_top_resumed_lost_called( 4132): [250080366,com.android.settings.Settings,topStateChangedWhenResumed]
02-22 02:36:35.087 I/sysui_multi_action( 4132): [757,35,758,2,1089,2346]
02-22 02:36:35.087 I/sysui_multi_action( 4132): [757,47,758,2,1089,2346]
02-22 02:36:35.088 I/wm_on_paused_called( 4132): [250080366,com.android.settings.Settings,performPause]
02-22 02:36:35.089 I/wm_add_to_stopping( 1503): [0,250080366,com.android.settings/.Settings,makeInvisible]
02-22 02:36:35.089 I/wm_restart_activity( 1503): [0,47705497,105,com.thundercomm.screensaver/android.service.dreams.DreamActivity]
02-22 02:36:35.090 I/wm_set_resumed_activity( 1503): [0,com.thundercomm.screensaver/android.service.dreams.DreamActivity,minimalResumeActivityLocked]
02-22 02:36:35.092 I/sysui_multi_action( 1503): [757,803,799,window_time_0,802,2]
02-22 02:36:35.095 I/wm_on_create_called( 6011): [47705497,android.service.dreams.DreamActivity,performCreate]
02-22 02:36:35.096 I/wm_on_start_called( 6011): [47705497,android.service.dreams.DreamActivity,handleStartActivity]
02-22 02:36:35.096 I/wm_on_resume_called( 6011): [47705497,android.service.dreams.DreamActivity,RESUME_ACTIVITY]
02-22 02:36:35.099 I/wm_on_top_resumed_gained_called( 6011): [47705497,android.service.dreams.DreamActivity,topStateChangedWhenResumed]
02-22 02:36:35.112 I/input_focus( 1503): [Focus leaving 91ac81d NotificationShade (server),reason=NOT_FOCUSABLE]
02-22 02:36:35.119 I/input_focus( 1503): [Focus request 700b6d1 com.thundercomm.screensaver/android.service.dreams.DreamActivity,reason=UpdateInputWindows]
02-22 02:36:35.131 I/sysui_multi_action( 1503): [319,54,322,50,325,5016,757,761,758,8,759,2,806,com.thundercomm.screensaver,871,android.service.dreams.DreamActivity,904,com.thundercomm.screensaver,905,0,1320,4,1321,2]
02-22 02:36:35.131 I/wm_activity_launch_time( 1503): [0,47705497,com.thundercomm.screensaver/android.service.dreams.DreamActivity,50]
02-22 02:36:35.132 I/notification_enqueue( 1503): [10078,1966,com.android.systemui,2048,NULL,0,Notification(channel=updateNotification shortcut=null contentView=null vibrate=null sound=null defaults=0x0 flags=0x0 color=0x00000000 vis=PRIVATE),1]
02-22 02:36:35.132 I/sysui_multi_action( 1966): [757,111,758,2]
02-22 02:36:35.132 I/sysui_multi_action( 1966): [757,111,758,2]
02-22 02:36:35.144 I/sysui_multi_action( 1966): [757,111,758,1]
02-22 02:36:35.144 I/sysui_multi_action( 1966): [757,126,758,1,759,126,927,0,928,1,1593,1]
02-22 02:36:35.144 I/sysui_multi_action( 1966): [757,113,758,1,759,113,927,1,928,1,1593,1]
02-22 02:36:35.144 I/sysui_multi_action( 1966): [757,0,758,1,759,0,927,2,928,0,1593,1]
02-22 02:36:35.144 I/sysui_multi_action( 1966): [757,0,758,1,759,0,927,3,928,0,1593,1]
02-22 02:36:35.144 I/sysui_multi_action( 1966): [757,491,758,1,759,491,927,4,928,0,1311,-1,1593,0]
02-22 02:36:35.144 I/sysui_multi_action( 1966): [757,0,758,1,759,0,927,5,928,0,1593,0]
02-22 02:36:35.144 I/sysui_multi_action( 1966): [757,111,758,1]
02-22 02:36:35.144 I/sysui_multi_action( 1966): [757,126,758,1,759,126,927,0,928,1,1593,1]
02-22 02:36:35.145 I/sysui_multi_action( 1966): [757,113,758,1,759,113,927,1,928,1,1593,1]
02-22 02:36:35.145 I/sysui_multi_action( 1966): [757,0,758,1,759,0,927,2,928,0,1593,1]
02-22 02:36:35.145 I/sysui_multi_action( 1966): [757,0,758,1,759,0,927,3,928,0,1593,1]
02-22 02:36:35.162 I/input_focus( 1503): [Focus entering 700b6d1 com.thundercomm.screensaver/android.service.dreams.DreamActivity (server),reason=Window became focusable. Previous reason: NOT_VISIBLE]
02-22 02:36:35.258 I/commit_sys_config_file( 1503): [settings-2-0,1]
02-22 02:36:35.395 I/sysui_multi_action( 1966): [757,111,758,2]
02-22 02:36:35.395 I/notification_enqueue( 1503): [10078,1966,com.android.systemui,2048,NULL,0,Notification(channel=updateNotification shortcut=null contentView=null vibrate=null sound=null defaults=0x0 flags=0x0 color=0x00000000 vis=PRIVATE),1]
02-22 02:36:35.395 I/sysui_multi_action( 1966): [757,111,758,2]
02-22 02:36:35.602 I/sysui_multi_action( 1503): [757,128,758,2,793,5006621,794,1418,795,5006621,796,26,798,0,806,android,857,DEVELOPER_IMPORTANT,858,4,947,0,1395,2,1500,5006216,1688,1]
02-22 02:36:35.602 I/notification_visibility( 1503): [-1|android|26|null|1000,0,5006621,5006621,0,0]
02-22 02:36:35.602 I/sysui_multi_action( 1503): [757,128,758,2,793,5007224,794,1417,795,5007224,796,32,798,1,806,android,857,USB,858,1,947,0,1395,2,1500,5007149,1688,1]
02-22 02:36:35.602 I/notification_visibility( 1503): [-1|android|32|null|1000,0,5007224,5007224,0,1]
02-22 02:36:35.602 I/sysui_multi_action( 1503): [757,127,758,2]
02-22 02:36:35.603 I/notification_panel_hidden( 1503):
02-22 02:36:35.630 I/wm_stop_activity( 1503): [0,250080366,com.android.settings/.Settings]
02-22 02:36:35.653 I/wm_on_stop_called( 4132): [250080366,com.android.settings.Settings,STOP_ACTIVITY_ITEM]
02-22 02:36:35.901 I/input_interaction( 1503): Interaction with: 700b6d1 com.thundercomm.screensaver/android.service.dreams.DreamActivity (server), edge-swipe (server), swipe-up (server), PointerEventDispatcher0 (server),
02-22 02:36:35.901 I/wm_finish_activity( 1503): [0,47705497,105,com.thundercomm.screensaver/android.service.dreams.DreamActivity,finish-activity]
02-22 02:36:35.901 I/wm_task_moved( 1503): [45,1,8]
02-22 02:36:35.901 I/wm_task_to_front( 1503): [0,45]
02-22 02:36:35.901 I/wm_focused_root_task( 1503): [0,0,45,105,finish-top adjustFocusToNextFocusableTask]
02-22 02:36:35.902 I/wm_pause_activity( 1503): [0,47705497,com.thundercomm.screensaver/android.service.dreams.DreamActivity,userLeaving=false,finish]
02-22 02:36:35.904 I/sysui_multi_action( 1503): [757,803,799,window_time_0,802,1]
02-22 02:36:35.904 I/wm_on_top_resumed_lost_called( 6011): [47705497,android.service.dreams.DreamActivity,topStateChangedWhenResumed]
02-22 02:36:35.904 I/wm_on_paused_called( 6011): [47705497,android.service.dreams.DreamActivity,performPause]
02-22 02:36:35.904 I/wm_add_to_stopping( 1503): [0,47705497,com.thundercomm.screensaver/android.service.dreams.DreamActivity,completeFinishing]
02-22 02:36:35.905 I/wm_set_resumed_activity( 1503): [0,com.android.settings/.Settings,resumeTopActivityInnerLocked]
02-22 02:36:35.906 I/wm_resume_activity( 1503): [0,250080366,45,com.android.settings/.Settings]
02-22 02:36:35.908 I/sysui_multi_action( 1503): [757,803,799,window_time_0,802,0]
02-22 02:36:35.914 I/view_enqueue_input_event( 6011): [Motion - Cancel,com.thundercomm.screensaver/android.service.dreams.DreamActivity]
02-22 02:36:35.914 I/input_focus( 1503): [Focus leaving 700b6d1 com.thundercomm.screensaver/android.service.dreams.DreamActivity (server),reason=NO_WINDOW]
02-22 02:36:35.914 I/wm_on_restart_called( 4132): [250080366,com.android.settings.Settings,performRestartActivity]
02-22 02:36:35.915 I/wm_on_start_called( 4132): [250080366,com.android.settings.Settings,handleStartActivity]
02-22 02:36:35.915 I/snet_event_log( 4132): [120484087,-1,]
02-22 02:36:35.916 I/wm_on_resume_called( 4132): [250080366,com.android.settings.Settings,RESUME_ACTIVITY]
02-22 02:36:35.916 I/sysui_multi_action( 4132): [757,35,758,1,833,0,1089,0]
02-22 02:36:35.917 I/sysui_multi_action( 4132): [757,47,758,1,833,0,1089,0]
02-22 02:36:35.925 I/wm_on_top_resumed_gained_called( 4132): [250080366,com.android.settings.Settings,topWhenResuming]
02-22 02:36:35.925 I/input_interaction( 1503): Interaction with: edge-swipe (server), swipe-up (server), PointerEventDispatcher0 (server),
02-22 02:36:35.932 I/input_focus( 1503): [Focus request ab95283 com.android.settings/com.android.settings.Settings,reason=UpdateInputWindows]
02-22 02:36:35.947 I/input_focus( 1503): [Focus entering ab95283 com.android.settings/com.android.settings.Settings (server),reason=setFocusedWindow]
02-22 02:36:36.447 I/wm_destroy_activity( 1503): [0,47705497,105,com.thundercomm.screensaver/android.service.dreams.DreamActivity,finish-imm:idle]
02-22 02:36:36.465 I/wm_on_stop_called( 6011): [47705497,android.service.dreams.DreamActivity,LIFECYCLER_STOP_ACTIVITY]
02-22 02:36:36.465 I/wm_on_destroy_called( 6011): [47705497,android.service.dreams.DreamActivity,performDestroy]
02-22 02:36:36.466 I/sysui_multi_action( 1503): [757,222,758,2]
02-22 02:36:36.466 I/sysui_multi_action( 1503): [757,804,799,dreaming_minutes,801,0,802,1]
02-22 02:36:36.469 I/wm_task_removed( 1503): [105,removeChild:removeChild last r=ActivityRecord{2d7ed99 u0 com.thundercomm.screensaver/android.service.dreams.DreamActivity t-1 f}} in t=Task{f67928 #105 type=dream A=10047:android:com.thundercomm.screensaver/dream U=0 visible=false mode=fullscreen translucent=true sz=0}]
02-22 02:36:36.469 I/wm_task_removed( 1503): [105,removeChild]
02-22 02:36:36.941 I/input_interaction( 1503): Interaction with: ab95283 com.android.settings/com.android.settings.Settings (server), edge-swipe (server), swipe-up (server), PointerEventDispatcher0 (server),
02-22 02:36:37.066 I/sysui_multi_action( 4132): [757,830,758,4,833,0,854,dream_start_button_container,1089,0]
02-22 02:36:37.273 I/commit_sys_config_file( 1503): [settings-2-0,6]
02-22 02:36:37.641 I/input_interaction( 1503): Interaction with: a916dde StatusBar (server), edge-swipe (server), swipe-up (server), PointerEventDispatcher0 (server),
02-22 02:36:37.648 I/sysui_multi_action( 1966): [757,803,799,panel_open,802,1]
02-22 02:36:37.648 I/sysui_multi_action( 1966): [757,1328,758,4,1326,38,1327,4,1329,0]
02-22 02:36:37.692 I/sysui_multi_action( 1503): [757,127,758,1]
02-22 02:36:37.692 I/sysui_multi_action( 1503): [757,804,799,note_load,801,2,802,1]
02-22 02:36:37.693 I/notification_panel_revealed( 1503): 2
02-22 02:36:37.708 I/input_focus( 1503): [Focus request 91ac81d NotificationShade,reason=UpdateInputWindows]
02-22 02:36:37.721 I/sysui_multi_action( 1503): [757,128,758,1,793,5008740,794,0,795,5008740,796,26,798,0,806,android,857,DEVELOPER_IMPORTANT,858,4,947,0,1395,2,1500,5008335,1688,1]
02-22 02:36:37.722 I/sysui_multi_action( 1503): [757,804,799,note_freshness,801,5008740,802,1]
02-22 02:36:37.722 I/notification_visibility( 1503): [-1|android|26|null|1000,1,5008740,5008740,0,0]
02-22 02:36:37.722 I/sysui_multi_action( 1503): [757,128,758,1,793,5009344,794,0,795,5009344,796,32,798,1,806,android,857,USB,858,1,947,0,1395,2,1500,5009269,1688,1]
02-22 02:36:37.722 I/sysui_multi_action( 1503): [757,804,799,note_freshness,801,5009344,802,1]
02-22 02:36:37.722 I/notification_visibility( 1503): [-1|android|32|null|1000,1,5009344,5009344,0,1]
02-22 02:36:37.734 I/sysui_multi_action( 1966): [757,111,758,1]
02-22 02:36:37.734 I/sysui_multi_action( 1966): [757,126,758,1,759,126,927,0,928,1,1593,0]
02-22 02:36:37.734 I/sysui_multi_action( 1966): [757,113,758,1,759,113,927,1,928,1,1593,0]
02-22 02:36:37.734 I/sysui_multi_action( 1966): [757,0,758,1,759,0,927,2,928,0,1593,0]
02-22 02:36:37.734 I/sysui_multi_action( 1966): [757,0,758,1,759,0,927,3,928,0,1593,0]
02-22 02:36:37.734 I/sysui_multi_action( 1966): [757,491,758,1,759,491,927,4,928,0,1311,-1,1593,0]
02-22 02:36:37.735 I/sysui_multi_action( 1966): [757,0,758,1,759,0,927,5,928,0,1593,0]
02-22 02:36:37.735 I/sysui_multi_action( 1966): [757,111,758,1]
02-22 02:36:37.735 I/sysui_multi_action( 1966): [757,126,758,1,759,126,927,0,928,1,1593,0]
02-22 02:36:37.735 I/sysui_multi_action( 1966): [757,113,758,1,759,113,927,1,928,1,1593,0]
02-22 02:36:37.735 I/sysui_multi_action( 1966): [757,0,758,1,759,0,927,2,928,0,1593,0]
02-22 02:36:37.735 I/sysui_multi_action( 1966): [757,0,758,1,759,0,927,3,928,0,1593,0]
02-22 02:36:37.735 I/input_focus( 1503): [Focus leaving ab95283 com.android.settings/com.android.settings.Settings (server),reason=setFocusedWindow]
02-22 02:36:37.736 I/input_focus( 1503): [Focus entering 91ac81d NotificationShade (server),reason=setFocusedWindow]
02-22 02:36:38.661 I/input_interaction( 1503): Interaction with: 91ac81d NotificationShade (server), edge-swipe (server), swipe-up (server), PointerEventDispatcher0 (server),
02-22 02:36:38.810 I/sysui_multi_action( 1503): [757,222,758,1]
02-22 02:36:38.820 I/wm_task_created( 1503): [106,-1]
02-22 02:36:38.824 I/wm_task_moved( 1503): [106,1,9]
02-22 02:36:38.824 I/wm_task_to_front( 1503): [0,106]
02-22 02:36:38.825 I/wm_create_task( 1503): [0,106]
02-22 02:36:38.825 I/wm_create_activity( 1503): [0,184933063,106,com.thundercomm.screensaver/android.service.dreams.DreamActivity,NULL,NULL,NULL,276824064]
02-22 02:36:38.825 I/wm_task_moved( 1503): [106,1,9]
02-22 02:36:38.825 I/wm_pause_activity( 1503): [0,250080366,com.android.settings/.Settings,userLeaving=true,pauseBackTasks]
02-22 02:36:38.827 I/wm_on_top_resumed_lost_called( 4132): [250080366,com.android.settings.Settings,topStateChangedWhenResumed]
02-22 02:36:38.828 I/sysui_multi_action( 4132): [757,35,758,2,1089,2913]
02-22 02:36:38.829 I/sysui_multi_action( 4132): [757,47,758,2,1089,2912]
02-22 02:36:38.829 I/wm_on_paused_called( 4132): [250080366,com.android.settings.Settings,performPause]
02-22 02:36:38.830 I/wm_add_to_stopping( 1503): [0,250080366,com.android.settings/.Settings,makeInvisible]
02-22 02:36:38.831 I/wm_restart_activity( 1503): [0,184933063,106,com.thundercomm.screensaver/android.service.dreams.DreamActivity]
02-22 02:36:38.831 I/wm_set_resumed_activity( 1503): [0,com.thundercomm.screensaver/android.service.dreams.DreamActivity,minimalResumeActivityLocked]
02-22 02:36:38.833 I/sysui_multi_action( 1503): [757,803,799,window_time_0,802,3]
02-22 02:36:38.834 I/wm_on_create_called( 6011): [184933063,android.service.dreams.DreamActivity,performCreate]
02-22 02:36:38.834 I/wm_on_start_called( 6011): [184933063,android.service.dreams.DreamActivity,handleStartActivity]
02-22 02:36:38.834 I/wm_on_resume_called( 6011): [184933063,android.service.dreams.DreamActivity,RESUME_ACTIVITY]
02-22 02:36:38.839 I/wm_on_top_resumed_gained_called( 6011): [184933063,android.service.dreams.DreamActivity,topStateChangedWhenResumed]
02-22 02:36:38.850 I/input_focus( 1503): [Focus request 93d5bbf com.thundercomm.screensaver/android.service.dreams.DreamActivity,reason=UpdateInputWindows]
02-22 02:36:38.855 I/input_focus( 1503): [Focus leaving 91ac81d NotificationShade (server),reason=NOT_FOCUSABLE]
02-22 02:36:38.859 I/notification_enqueue( 1503): [10078,1966,com.android.systemui,2048,NULL,0,Notification(channel=updateNotification shortcut=null contentView=null vibrate=null sound=null defaults=0x0 flags=0x0 color=0x00000000 vis=PRIVATE),1]
02-22 02:36:38.859 I/sysui_multi_action( 1966): [757,111,758,2]
02-22 02:36:38.860 I/sysui_multi_action( 1966): [757,111,758,2]
02-22 02:36:38.864 I/sysui_multi_action( 1503): [319,44,322,39,325,5020,757,761,758,8,759,2,806,com.thundercomm.screensaver,871,android.service.dreams.DreamActivity,904,com.thundercomm.screensaver,905,0,1320,4,1321,2]
02-22 02:36:38.864 I/wm_activity_launch_time( 1503): [0,184933063,com.thundercomm.screensaver/android.service.dreams.DreamActivity,39]
02-22 02:36:38.869 I/sysui_multi_action( 1966): [757,111,758,1]
02-22 02:36:38.870 I/sysui_multi_action( 1966): [757,126,758,1,759,126,927,0,928,1,1593,0]
02-22 02:36:38.870 I/sysui_multi_action( 1966): [757,113,758,1,759,113,927,1,928,1,1593,0]
02-22 02:36:38.870 I/sysui_multi_action( 1966): [757,0,758,1,759,0,927,2,928,0,1593,0]
02-22 02:36:38.870 I/sysui_multi_action( 1966): [757,0,758,1,759,0,927,3,928,0,1593,0]
02-22 02:36:38.870 I/sysui_multi_action( 1966): [757,491,758,1,759,491,927,4,928,0,1311,-1,1593,0]
02-22 02:36:38.870 I/sysui_multi_action( 1966): [757,0,758,1,759,0,927,5,928,0,1593,0]
02-22 02:36:38.870 I/sysui_multi_action( 1966): [757,111,758,1]
02-22 02:36:38.870 I/sysui_multi_action( 1966): [757,126,758,1,759,126,927,0,928,1,1593,0]
02-22 02:36:38.870 I/sysui_multi_action( 1966): [757,113,758,1,759,113,927,1,928,1,1593,0]
02-22 02:36:38.870 I/sysui_multi_action( 1966): [757,0,758,1,759,0,927,2,928,0,1593,0]
02-22 02:36:38.870 I/sysui_multi_action( 1966): [757,0,758,1,759,0,927,3,928,0,1593,0]
02-22 02:36:38.874 I/liblog ( 1386): 160
02-22 02:36:38.874 I/liblog ( 1386): 2
02-22 02:36:38.874 I/liblog ( 1386): 2
02-22 02:36:38.874 I/liblog ( 1386): 1
02-22 02:36:38.874 I/liblog ( 1386): 1
02-22 02:36:38.874 I/liblog ( 1386): 2
02-22 02:36:38.874 I/liblog ( 1386): 1
02-22 02:36:38.874 I/liblog ( 1386): 1
02-22 02:36:38.874 I/liblog ( 1386): 2
02-22 02:36:38.874 I/liblog ( 1386): 1
02-22 02:36:38.874 I/liblog ( 1386): 2
02-22 02:36:38.874 I/liblog ( 1386): 1
02-22 02:36:38.874 I/liblog ( 1386): 1
02-22 02:36:38.874 I/liblog ( 1386): 2
02-22 02:36:38.874 I/liblog ( 1386): 1
02-22 02:36:38.874 I/liblog ( 1386): 1
02-22 02:36:38.874 I/liblog ( 1386): 2
02-22 02:36:38.874 I/liblog ( 1386): 1
02-22 02:36:38.874 I/liblog ( 1386): 1
02-22 02:36:38.874 I/liblog ( 1386): 1
02-22 02:36:38.874 I/liblog ( 1386): 1
02-22 02:36:38.874 I/liblog ( 1386): 4
02-22 02:36:38.874 I/liblog ( 1386): 4
02-22 02:36:38.874 I/liblog ( 1386): 4
02-22 02:36:38.874 I/liblog ( 1386): 4
02-22 02:36:38.874 I/liblog ( 1386): 1
02-22 02:36:38.874 I/liblog ( 1386): 2
02-22 02:36:38.874 I/liblog ( 1386): 2
02-22 02:36:38.874 I/liblog ( 1386): 1
02-22 02:36:38.874 I/liblog ( 1386): 1
02-22 02:36:38.874 I/liblog ( 1386): 2
02-22 02:36:38.874 I/liblog ( 1386): 1
02-22 02:36:38.874 I/liblog ( 1386): 1
02-22 02:36:38.874 I/liblog ( 1386): 13
02-22 02:36:38.874 I/liblog ( 1386): 1
02-22 02:36:38.874 I/liblog ( 1386): 2
02-22 02:36:38.874 I/liblog ( 1386): 2
02-22 02:36:38.874 I/liblog ( 1386): 1
02-22 02:36:38.874 I/liblog ( 1386): 2
02-22 02:36:38.874 I/liblog ( 1386): 1
02-22 02:36:38.874 I/liblog ( 1386): 1
02-22 02:36:38.874 I/liblog ( 1386): 1
02-22 02:36:38.874 I/liblog ( 1386): 2
02-22 02:36:38.874 I/liblog ( 1386): 2
02-22 02:36:38.874 I/liblog ( 1386): 1
02-22 02:36:38.874 I/liblog ( 1386): 1
02-22 02:36:38.874 I/liblog ( 1386): 1
02-22 02:36:38.874 I/liblog ( 1386): 1
02-22 02:36:38.874 I/liblog ( 1386): 1
02-22 02:36:38.874 I/liblog ( 1386): 1
02-22 02:36:38.874 I/liblog ( 1386): 2
02-22 02:36:38.874 I/liblog ( 1386): 1
02-22 02:36:38.874 I/liblog ( 1386): 2
02-22 02:36:38.874 I/liblog ( 1386): 2
02-22 02:36:38.874 I/liblog ( 1386): 1
02-22 02:36:38.874 I/liblog ( 1386): 2
02-22 02:36:38.874 I/liblog ( 1386): 9
02-22 02:36:38.887 I/input_focus( 1503): [Focus entering 93d5bbf com.thundercomm.screensaver/android.service.dreams.DreamActivity (server),reason=Window became focusable. Previous reason: NOT_VISIBLE]
02-22 02:36:39.002 I/commit_sys_config_file( 1503): [settings-2-0,2]
02-22 02:36:39.138 I/sysui_multi_action( 1966): [757,111,758,2]
02-22 02:36:39.138 I/notification_enqueue( 1503): [10078,1966,com.android.systemui,2048,NULL,0,Notification(channel=updateNotification shortcut=null contentView=null vibrate=null sound=null defaults=0x0 flags=0x0 color=0x00000000 vis=PRIVATE),1]
02-22 02:36:39.138 I/sysui_multi_action( 1966): [757,111,758,2]
02-22 02:36:39.343 I/sysui_multi_action( 1503): [757,128,758,2,793,5010362,794,1622,795,5010362,796,26,798,0,806,android,857,DEVELOPER_IMPORTANT,858,4,947,0,1395,2,1500,5009957,1688,1]
02-22 02:36:39.343 I/notification_visibility( 1503): [-1|android|26|null|1000,0,5010362,5010362,0,0]
02-22 02:36:39.344 I/sysui_multi_action( 1503): [757,128,758,2,793,5010966,794,1622,795,5010966,796,32,798,1,806,android,857,USB,858,1,947,0,1395,2,1500,5010891,1688,1]
02-22 02:36:39.344 I/notification_visibility( 1503): [-1|android|32|null|1000,0,5010966,5010966,0,1]
02-22 02:36:39.344 I/sysui_multi_action( 1503): [757,127,758,2]
02-22 02:36:39.344 I/notification_panel_hidden( 1503):
02-22 02:36:39.372 I/wm_stop_activity( 1503): [0,250080366,com.android.settings/.Settings]
02-22 02:36:39.395 I/wm_on_stop_called( 4132): [250080366,com.android.settings.Settings,STOP_ACTIVITY_ITEM]
02-22 02:36:39.764 I/input_interaction( 1503): Interaction with: 93d5bbf com.thundercomm.screensaver/android.service.dreams.DreamActivity (server), edge-swipe (server), swipe-up (server), PointerEventDispatcher0 (server),
02-22 02:36:39.765 I/wm_finish_activity( 1503): [0,184933063,106,com.thundercomm.screensaver/android.service.dreams.DreamActivity,finish-activity]
02-22 02:36:39.765 I/wm_task_moved( 1503): [45,1,8]
02-22 02:36:39.765 I/wm_task_to_front( 1503): [0,45]
