02-22 02:38:35.930 E/tlogd ( 1270): [TzLogger](isPathReadable) file /sys/kernel/debug/tzdbg/qsee_log isn't exist or no permission, err: No such file or directory
02-22 02:38:35.930 E/tlogd ( 1270): [TzLogger](saveTzlogAsync) /sys/kernel/debug/tzdbg/qsee_log can not read.
02-22 02:38:35.930 E/tlogd ( 1270): [TzLogger](isPathReadable) file /sys/kernel/debug/tzdbg/log isn't exist or no permission, err: No such file or directory
02-22 02:38:35.930 E/tlogd ( 1270): [TzLogger](saveTzlogAsync) /sys/kernel/debug/tzdbg/log can not read.
02-22 02:38:36.036 I/GameModeConfig( 1503): isGameModeOn = false
02-22 02:38:36.036 E/NotificationService( 1503): Muting recently noisy 0|com.android.systemui|2048|null|10078
02-22 02:38:36.041 I/sysui_multi_action( 1503): [757,128,758,2,793,5127060,794,1632,795,5127060,796,26,798,0,806,android,857,DEVELOPER_IMPORTANT,858,4,947,0,1395,2,1500,5126655,1688,1]
02-22 02:38:36.042 I/notification_visibility( 1503): [-1|android|26|null|1000,0,5127060,5127060,0,0]
02-22 02:38:36.042 I/sysui_multi_action( 1503): [757,128,758,2,793,5127664,794,1632,795,5127664,796,32,798,1,806,android,857,USB,858,1,947,0,1395,2,1500,5127589,1688,1]
02-22 02:38:36.042 I/notification_visibility( 1503): [-1|android|32|null|1000,0,5127664,5127664,0,1]
02-22 02:38:36.042 I/sysui_multi_action( 1503): [757,127,758,2]
02-22 02:38:36.042 I/notification_panel_hidden( 1503):
02-22 02:38:36.042 D/StatusBar( 1966): disable disable2
02-22 02:38:36.042 I/BpBinder( 974): onLastStrongRef automatically unlinking death recipients:
02-22 02:38:36.050 W/hpplay-java( 2708): [main]:IPManager:getActiveNets invalid networkInfo:null
02-22 02:38:36.050 I/hpplay-java( 2708): [main]:IPManager:getActiveNets eth0:false wifi:false mobile:false ap:false
02-22 02:38:36.050 I/hpplay-java( 2708): [main]:ServerTaskManager:get local ip:null
02-22 02:38:36.055 D/InterruptionStateProvider( 1966): No bubble up: not allowed to bubble: 0|com.android.systemui|2048|null|10078
02-22 02:38:36.055 D/InterruptionStateProvider( 1966): No heads up: unimportant notification: 0|com.android.systemui|2048|null|10078
02-22 02:38:36.056 D/PeopleSpaceWidgetMgr( 1966): Sbn doesn't contain valid PeopleTileKey: null/0/com.android.systemui
02-22 02:38:36.069 V/KeyguardUpdateMonitor( 1966): *** unregister callback for com.android.keyguard.CarrierTextManager$2@ed72c51
02-22 02:38:36.103 I/wm_stop_activity( 1503): [0,92420193,com.android.settings/.Settings]
02-22 02:38:36.125 I/wm_on_stop_called( 7428): [92420193,com.android.settings.Settings,STOP_ACTIVITY_ITEM]
02-22 02:38:36.168 W/Choreographer( 1503): Frame time is 0.255843 ms in the future! Check that graphics HAL is generating vsync timestamps using the correct timebase.
02-22 02:38:36.168 W/Choreographer( 1966): Frame time is 0.255895 ms in the future! Check that graphics HAL is generating vsync timestamps using the correct timebase.
02-22 02:38:36.168 W/Choreographer( 6011): Frame time is 0.22777 ms in the future! Check that graphics HAL is generating vsync timestamps using the correct timebase.
02-22 02:38:36.168 W/Choreographer( 6011): Frame time is 0.227614 ms in the future! Check that graphics HAL is generating vsync timestamps using the correct timebase.
02-22 02:38:36.230 I/mpu_uart( 644): [MSG-P:RECV]:No message received in 1000 ms
02-22 02:38:36.385 I/input_interaction( 1503): Interaction with: 9fbb594 com.thundercomm.screensaver/android.service.dreams.DreamActivity (server), edge-swipe (server), swipe-up (server), PointerEventDispatcher0 (server),
02-22 02:38:36.385 I/wm_finish_activity( 1503): [0,151016168,118,com.thundercomm.screensaver/android.service.dreams.DreamActivity,finish-activity]
02-22 02:38:36.386 I/wm_task_moved( 1503): [110,1,6]
02-22 02:38:36.386 I/wm_task_to_front( 1503): [0,110]
02-22 02:38:36.386 I/wm_focused_root_task( 1503): [0,0,110,118,finish-top adjustFocusToNextFocusableTask]
02-22 02:38:36.386 D/ActivityTrigger( 1503): ActivityTrigger activityPauseTrigger
02-22 02:38:36.386 I/wm_pause_activity( 1503): [0,151016168,com.thundercomm.screensaver/android.service.dreams.DreamActivity,userLeaving=false,finish]
02-22 02:38:36.388 I/DreamManagerService( 1503): Gently waking up from dream.
02-22 02:38:36.388 I/sysui_multi_action( 1503): [757,803,799,window_time_0,802,1]
02-22 02:38:36.389 I/DreamManagerService( 1503): Performing gentle wake from dream.
02-22 02:38:36.389 I/wm_on_top_resumed_lost_called( 6011): [151016168,android.service.dreams.DreamActivity,topStateChangedWhenResumed]
02-22 02:38:36.389 I/wm_on_paused_called( 6011): [151016168,android.service.dreams.DreamActivity,performPause]
02-22 02:38:36.389 I/wm_add_to_stopping( 1503): [0,151016168,com.thundercomm.screensaver/android.service.dreams.DreamActivity,completeFinishing]
02-22 02:38:36.390 I/ActivityTaskManager( 1503): FOREGROUND_APPLICATION_CHANGED to com.android.settings.homepage.SettingsHomepageActivity
02-22 02:38:36.391 I/wm_set_resumed_activity( 1503): [0,com.android.settings/.Settings,resumeTopActivityInnerLocked]
02-22 02:38:36.391 D/KeyguardViewMediator( 1966): setOccluded false
02-22 02:38:36.391 D/StatusBar( 1966): disable disable2
02-22 02:38:36.391 I/wm_resume_activity( 1503): [0,92420193,110,com.android.settings/.Settings]
02-22 02:38:36.391 D/KeyguardViewMediator( 1966): adjustStatusBarLocked: mShowing=false mOccluded=false isSecure=false force=false --> flags=0x0
02-22 02:38:36.393 I/sysui_multi_action( 1503): [757,803,799,window_time_0,802,0]
02-22 02:38:36.394 I/GameMode_ActivityMonitoringService( 2087): Notifying about top task: com.android.settings, isInMiniWindowMode: false
02-22 02:38:36.394 I/GameMode_ActivityMonitoringService( 2087): onActivityLaunch: com.android.settings, isGameApp: false
02-22 02:38:36.394 V/GameMode_GpuUtils( 2087): fps:60
02-22 02:38:36.395 D/GameModeIF_GameModeSettings( 2087): getUriFor setting_content_uri_root = content://com.thundercomm.gamemode.api/gamemode_settings , name = gamemode_enable
02-22 02:38:36.403 I/wm_on_restart_called( 7428): [92420193,com.android.settings.Settings,performRestartActivity]
02-22 02:38:36.403 I/view_enqueue_input_event( 6011): [Motion - Cancel,com.thundercomm.screensaver/android.service.dreams.DreamActivity]
02-22 02:38:36.403 I/input_focus( 1503): [Focus leaving 9fbb594 com.thundercomm.screensaver/android.service.dreams.DreamActivity (server),reason=NO_WINDOW]
02-22 02:38:36.404 W/BatteryBroadcastRcvr( 7428): Problem reading the battery meter.
02-22 02:38:36.404 I/wm_on_start_called( 7428): [92420193,com.android.settings.Settings,handleStartActivity]
02-22 02:38:36.405 I/snet_event_log( 7428): [120484087,-1,]
02-22 02:38:36.405 I/wm_on_resume_called( 7428): [92420193,com.android.settings.Settings,RESUME_ACTIVITY]
02-22 02:38:36.405 I/sysui_multi_action( 7428): [757,35,758,1,833,0,1089,0]
02-22 02:38:36.406 D/BatteryInfo( 7428): time for getStats: 0ms
02-22 02:38:36.406 I/sysui_multi_action( 7428): [757,47,758,1,833,0,1089,0]
02-22 02:38:36.406 D/BatteryInfo( 7428): time for regular BatteryInfo: 0ms
02-22 02:38:36.406 D/BatteryInfo( 7428): time for getBatteryInfo: 0ms
02-22 02:38:36.407 D/BatteryTipLoader( 7428): BatteryInfoLoader post query: 0ms
02-22 02:38:36.407 D/UsageGraph( 7428): No enabled state changed, skipping updateCategory call
02-22 02:38:36.407 D/BatteryInfo( 7428): time for getBatteryInfo: 0ms
02-22 02:38:36.407 D/BatteryTipLoader( 7428): BatteryInfoLoader.loadInBackground: 0ms
02-22 02:38:36.409 D/DashboardFragment( 7428): Cannot find preference with key when_to_start in Controller WhenToDreamPreferenceController
02-22 02:38:36.409 I/input_interaction( 1503): Interaction with: edge-swipe (server), swipe-up (server), PointerEventDispatcher0 (server),
02-22 02:38:36.409 I/wm_on_top_resumed_gained_called( 7428): [92420193,com.android.settings.Settings,topWhenResuming]
02-22 02:38:36.423 I/input_focus( 1503): [Focus request c2feca5 com.android.settings/com.android.settings.Settings,reason=UpdateInputWindows]
02-22 02:38:36.428 W/BatteryBroadcastRcvr( 7428): Problem reading the battery meter.
02-22 02:38:36.428 D/BatteryInfo( 7428): time for callback: 0ms
02-22 02:38:36.430 D/BatteryInfo( 7428): time for getStats: 0ms
02-22 02:38:36.430 D/BatteryInfo( 7428): time for regular BatteryInfo: 0ms
02-22 02:38:36.430 D/BatteryInfo( 7428): time for getBatteryInfo: 0ms
02-22 02:38:36.433 D/BatteryTipLoader( 7428): BatteryInfoLoader post query: 0ms
02-22 02:38:36.434 D/BatteryInfo( 7428): time for getBatteryInfo: 1ms
02-22 02:38:36.434 D/BatteryTipLoader( 7428): BatteryInfoLoader.loadInBackground: 1ms
02-22 02:38:36.437 D/BatteryInfo( 7428): time for callback: 0ms
02-22 02:38:36.438 I/PowerManagerService( 1503): Powering on display group fromDreaming (groupId=0, uid=1000, reason=WAKE_REASON_UNKNOWN, details=android.server.power:DREAM_FINISHED)...
02-22 02:38:36.438 I/PowerManagerService( 1503): Waking up from Dreaming (uid=1000, reason=WAKE_REASON_UNKNOWN, details=android.server.power:DREAM_FINISHED)...
02-22 02:38:36.438 I/input_focus( 1503): [Focus entering c2feca5 com.android.settings/com.android.settings.Settings (server),reason=setFocusedWindow]
02-22 02:38:36.492 W/FreeFormWindowHelper( 1503): Current Display FreeFormTask is null
02-22 02:38:36.492 W/FreeFormWindowHelper( 1503): Current Display FreeFormTask is null
02-22 02:38:36.847 I/mpu_uart( 644): [MSG-P:R]:recv sync frame timeout
02-22 02:38:36.853 I/BpBinder( 974): onLastStrongRef automatically unlinking death recipients:
02-22 02:38:36.937 I/wm_destroy_activity( 1503): [0,151016168,118,com.thundercomm.screensaver/android.service.dreams.DreamActivity,finish-imm:idle]
02-22 02:38:36.938 I/wm_on_stop_called( 6011): [151016168,android.service.dreams.DreamActivity,LIFECYCLER_STOP_ACTIVITY]
02-22 02:38:36.938 I/wm_on_destroy_called( 6011): [151016168,android.service.dreams.DreamActivity,performDestroy]
02-22 02:38:36.939 I/DreamManagerService( 1503): Leaving dreamland.
02-22 02:38:36.939 I/DreamManagerService( 1503): Performing gentle wake from dream.
02-22 02:38:36.939 I/DreamController( 1503): Stopping dream: name=ComponentInfo{com.thundercomm.screensaver/com.thundercomm.saverclock.service.ClockScreensaver}, isTest=false, canDoze=false, userId=0, reason='finished self'(from 'finished self')
02-22 02:38:36.939 I/sysui_multi_action( 1503): [757,222,758,2]
02-22 02:38:36.939 I/sysui_multi_action( 1503): [757,804,799,dreaming_minutes,801,0,802,1]
02-22 02:38:36.941 W/InputManager-JNI( 1503): Input channel object '9fbb594 com.thundercomm.screensaver/android.service.dreams.DreamActivity (client)' was disposed without first being removed with the input manager!
02-22 02:38:36.944 I/wm_task_removed( 1503): [118,removeChild:removeChild last r=ActivityRecord{90052e8 u0 com.thundercomm.screensaver/android.service.dreams.DreamActivity t-1 f}} in t=Task{6b156d7 #118 type=dream A=10047:android:com.thundercomm.screensaver/dream U=0 visible=false mode=fullscreen translucent=true sz=0}]
02-22 02:38:36.944 I/wm_task_removed( 1503): [118,removeChild]
02-22 02:38:36.945 W/ActivityTaskManager( 1503): Can't find TaskDisplayArea to determine support for multi window. Task id=118 attached=false
02-22 02:38:37.052 W/hpplay-java( 2708): [main]:IPManager:getActiveNets invalid networkInfo:null
02-22 02:38:37.052 I/hpplay-java( 2708): [main]:IPManager:getActiveNets eth0:false wifi:false mobile:false ap:false
02-22 02:38:37.052 I/hpplay-java( 2708): [main]:ServerTaskManager:get local ip:null
02-22 02:38:37.140 I/input_interaction( 1503): Interaction with: c2feca5 com.android.settings/com.android.settings.Settings (server), edge-swipe (server), swipe-up (server), PointerEventDispatcher0 (server),
02-22 02:38:37.230 I/mpu_uart( 644): [MSG-P:RECV]:No message received in 1000 ms
02-22 02:38:37.287 W/Choreographer( 7428): Frame time is 0.361982 ms in the future! Check that graphics HAL is generating vsync timestamps using the correct timebase.
02-22 02:38:37.290 I/DashboardFragment( 7428): onPreferenceTreeClick: onPreferenceTreeClick::null
02-22 02:38:37.290 I/sysui_multi_action( 7428): [757,830,758,4,833,0,854,dream_start_button_container,1089,0]
02-22 02:38:37.492 I/commit_sys_config_file( 1503): [settings-2-0,2]
02-22 02:38:37.767 I/input_interaction( 1503): Interaction with: a916dde StatusBar (server), edge-swipe (server), swipe-up (server), PointerEventDispatcher0 (server),
02-22 02:38:37.773 I/sysui_multi_action( 1966): [757,803,799,panel_open,802,1]
02-22 02:38:37.774 I/sysui_multi_action( 1966): [757,1328,758,4,1326,38,1327,1,1329,0]
02-22 02:38:37.828 D/StatusBar( 1966): disable disable2
02-22 02:38:37.829 I/sysui_multi_action( 1503): [757,127,758,1]
02-22 02:38:37.829 I/sysui_multi_action( 1503): [757,804,799,note_load,801,2,802,1]
02-22 02:38:37.829 I/notification_panel_revealed( 1503): 2
02-22 02:38:37.843 I/input_focus( 1503): [Focus request 91ac81d NotificationShade,reason=UpdateInputWindows]
02-22 02:38:37.852 I/sysui_multi_action( 1503): [757,128,758,1,793,5128871,794,0,795,5128871,796,26,798,0,806,android,857,DEVELOPER_IMPORTANT,858,4,947,0,1395,2,1500,5128466,1688,1]
02-22 02:38:37.852 I/sysui_multi_action( 1503): [757,804,799,note_freshness,801,5128871,802,1]
02-22 02:38:37.852 I/notification_visibility( 1503): [-1|android|26|null|1000,1,5128871,5128871,0,0]
02-22 02:38:37.853 I/sysui_multi_action( 1503): [757,128,758,1,793,5129475,794,0,795,5129475,796,32,798,1,806,android,857,USB,858,1,947,0,1395,2,1500,5129400,1688,1]
02-22 02:38:37.853 I/sysui_multi_action( 1503): [757,804,799,note_freshness,801,5129475,802,1]
02-22 02:38:37.853 I/notification_visibility( 1503): [-1|android|32|null|1000,1,5129475,5129475,0,1]
02-22 02:38:37.859 I/input_focus( 1503): [Focus leaving c2feca5 com.android.settings/com.android.settings.Settings (server),reason=setFocusedWindow]
02-22 02:38:37.859 I/input_focus( 1503): [Focus entering 91ac81d NotificationShade (server),reason=setFocusedWindow]
02-22 02:38:37.906 I/sysui_multi_action( 1966): [757,111,758,1]
02-22 02:38:37.906 I/sysui_multi_action( 1966): [757,126,758,1,759,126,927,0,928,1,1593,0]
02-22 02:38:37.906 I/sysui_multi_action( 1966): [757,113,758,1,759,113,927,1,928,1,1593,0]
02-22 02:38:37.906 I/sysui_multi_action( 1966): [757,0,758,1,759,0,927,2,928,0,1593,0]
02-22 02:38:37.906 I/sysui_multi_action( 1966): [757,0,758,1,759,0,927,3,928,0,1593,0]
02-22 02:38:37.907 I/sysui_multi_action( 1966): [757,491,758,1,759,491,927,4,928,0,1311,-1,1593,0]
02-22 02:38:37.907 I/sysui_multi_action( 1966): [757,0,758,1,759,0,927,5,928,0,1593,0]
02-22 02:38:37.907 I/sysui_multi_action( 1966): [757,111,758,1]
02-22 02:38:37.907 I/sysui_multi_action( 1966): [757,126,758,1,759,126,927,0,928,1,1593,0]
02-22 02:38:37.907 I/sysui_multi_action( 1966): [757,113,758,1,759,113,927,1,928,1,1593,0]
02-22 02:38:37.907 I/sysui_multi_action( 1966): [757,0,758,1,759,0,927,2,928,0,1593,0]
02-22 02:38:37.907 I/sysui_multi_action( 1966): [757,0,758,1,759,0,927,3,928,0,1593,0]
02-22 02:38:38.054 W/hpplay-java( 2708): [main]:IPManager:getActiveNets invalid networkInfo:null
02-22 02:38:38.054 I/hpplay-java( 2708): [main]:IPManager:getActiveNets eth0:false wifi:false mobile:false ap:false
02-22 02:38:38.054 I/hpplay-java( 2708): [main]:ServerTaskManager:get local ip:null
02-22 02:38:38.062 I/selfinstaller( 1191): create socket failed: Network is unreachable 101
02-22 02:38:38.097 I/GameModeConfig( 1503): isGameModeOn = false
02-22 02:38:38.230 I/mpu_uart( 644): [MSG-P:RECV]:No message received in 1000 ms
02-22 02:38:38.288 I/GameModeConfig( 1503): isGameModeOn = false
02-22 02:38:38.352 I/GameModeConfig( 1503): isGameModeOn = false
02-22 02:38:38.356 D/RemoteControlService( 2307): startVlanDispatchThread
02-22 02:38:38.552 I/GameModeConfig( 1503): isGameModeOn = false
02-22 02:38:38.729 I/input_interaction( 1503): Interaction with: 91ac81d NotificationShade (server), edge-swipe (server), swipe-up (server), PointerEventDispatcher0 (server),
02-22 02:38:38.869 I/PowerManagerService( 1503): Napping display group (groupId=0, uid=1000)...
02-22 02:38:38.869 I/PowerManagerService( 1503): Nap time (uid 1000)...
02-22 02:38:38.871 I/DreamManagerService( 1503): Entering dreamland.
02-22 02:38:38.873 I/PowerManagerService( 1503): Dreaming...
02-22 02:38:38.888 I/DreamController( 1503): Starting dream: name=ComponentInfo{com.thundercomm.screensaver/com.thundercomm.saverclock.service.ClockScreensaver}, isTest=false, canDoze=false, userId=0
02-22 02:38:38.888 I/sysui_multi_action( 1503): [757,222,758,1]
02-22 02:38:38.889 V/ShadeControllerImpl( 1966): NotificationShadeWindow: com.android.systemui.statusbar.phone.NotificationShadeWindowView{cd0ea98 V.E...... ........ 0,0-2380,1020} canPanelBeCollapsed(): true
02-22 02:38:38.899 I/input_focus( 1503): [Focus request c2feca5 com.android.settings/com.android.settings.Settings,reason=UpdateInputWindows]
02-22 02:38:38.899 D/CompatibilityInfo( 1503): mCompatibilityFlags - 4
02-22 02:38:38.899 D/CompatibilityInfo( 1503): applicationDensity - 240
02-22 02:38:38.899 D/CompatibilityInfo( 1503): applicationScale - 1.0
02-22 02:38:38.907 I/ActivityTaskManager( 1503): START u0 {flg=0x10000000 pkg=com.thundercomm.screensaver cmp=com.thundercomm.screensaver/android.service.dreams.DreamActivity (has extras)} from uid 10047
02-22 02:38:38.910 I/wm_task_created( 1503): [119,-1]
02-22 02:38:38.910 W/ActivityTaskManager( 1503): Can't find TaskDisplayArea to determine support for multi window. Task id=119 attached=false
02-22 02:38:38.911 I/EventSequenceValidator( 1503): inc AccIntentStartedEvents to 2
02-22 02:38:38.916 I/OpenGLRenderer( 7428): Davey! duration=9223366896159ms; Flags=0, FrameTimelineVsyncId=110212, IntendedVsync=5140695062703, Vsync=5140695062703, InputEventId=0, HandleInputStart=5140695534599, AnimationStart=5140695537567, PerformTraversalsStart=5140695777828, DrawStart=5140704820640, FrameDeadline=5140728396035, FrameInterval=5140695528401, FrameStartTime=16666666, SyncQueued=5140705834859, SyncStart=5140705881786, IssueDrawCommandsStart=5140706577828, SwapBuffers=5140709020015, FrameCompleted=9223372036854775807, DequeueBufferDuration=35052, QueueBufferDuration=1030521, GpuCompleted=9223372036854775807, SwapBuffersCompleted=5140710677046, DisplayPresentTime=0,
02-22 02:38:38.918 I/wm_task_moved( 1503): [119,1,7]
02-22 02:38:38.918 I/wm_task_to_front( 1503): [0,119]
02-22 02:38:38.918 I/wm_create_task( 1503): [0,119]
02-22 02:38:38.918 I/wm_create_activity( 1503): [0,58715430,119,com.thundercomm.screensaver/android.service.dreams.DreamActivity,NULL,NULL,NULL,276824064]
02-22 02:38:38.918 I/wm_task_moved( 1503): [119,1,7]
02-22 02:38:38.918 I/wm_on_top_resumed_lost_called( 7428): [92420193,com.android.settings.Settings,topStateChangedWhenResumed]
02-22 02:38:38.919 D/CompatibilityInfo( 1503): mCompatibilityFlags - 4
02-22 02:38:38.919 D/CompatibilityInfo( 1503): applicationDensity - 240
02-22 02:38:38.919 D/CompatibilityInfo( 1503): applicationScale - 1.0
02-22 02:38:38.919 D/ActivityTrigger( 1503): ActivityTrigger activityPauseTrigger
02-22 02:38:38.919 I/wm_pause_activity( 1503): [0,92420193,com.android.settings/.Settings,userLeaving=true,pauseBackTasks]
02-22 02:38:38.922 I/sysui_multi_action( 7428): [757,35,758,2,1089,2516]
02-22 02:38:38.922 I/sysui_multi_action( 7428): [757,47,758,2,1089,2517]
02-22 02:38:38.923 I/wm_on_paused_called( 7428): [92420193,com.android.settings.Settings,performPause]
02-22 02:38:38.923 I/ActivityTaskManager( 1503): FOREGROUND_APPLICATION_CHANGED to android.service.dreams.DreamActivity
02-22 02:38:38.924 I/ActivityTaskManager( 1503): The Process com.thundercomm.screensaver Already Exists in BG. So sending its PID: 6011
02-22 02:38:38.924 W/ActivityTaskManager( 1503): Tried to set launchTime (0) < mLastActivityLaunchTime (5137373)
02-22 02:38:38.924 I/wm_add_to_stopping( 1503): [0,92420193,com.android.settings/.Settings,makeInvisible]
02-22 02:38:38.924 I/wm_restart_activity( 1503): [0,58715430,119,com.thundercomm.screensaver/android.service.dreams.DreamActivity]
02-22 02:38:38.924 D/CompatibilityInfo( 1503): mCompatibilityFlags - 4
02-22 02:38:38.924 D/CompatibilityInfo( 1503): applicationDensity - 240
02-22 02:38:38.924 D/CompatibilityInfo( 1503): applicationScale - 1.0
02-22 02:38:38.925 I/wm_set_resumed_activity( 1503): [0,com.thundercomm.screensaver/android.service.dreams.DreamActivity,minimalResumeActivityLocked]
02-22 02:38:38.927 I/input_focus( 1503): [Focus leaving 91ac81d NotificationShade (server),reason=NOT_FOCUSABLE]
02-22 02:38:38.927 I/input_focus( 1503): [Focus entering c2feca5 com.android.settings/com.android.settings.Settings (server),reason=setFocusedWindow]
02-22 02:38:38.930 I/sysui_multi_action( 1503): [757,803,799,window_time_0,802,2]
02-22 02:38:38.931 I/GameMode_ActivityMonitoringService( 2087): Notifying about top task: com.thundercomm.screensaver, isInMiniWindowMode: false
02-22 02:38:38.931 I/GameMode_ActivityMonitoringService( 2087): onActivityLaunch: com.thundercomm.screensaver, isGameApp: false
02-22 02:38:38.931 V/GameMode_GpuUtils( 2087): fps:60
02-22 02:38:38.932 I/wm_on_create_called( 6011): [58715430,android.service.dreams.DreamActivity,performCreate]
02-22 02:38:38.932 I/wm_on_start_called( 6011): [58715430,android.service.dreams.DreamActivity,handleStartActivity]
02-22 02:38:38.932 I/wm_on_resume_called( 6011): [58715430,android.service.dreams.DreamActivity,RESUME_ACTIVITY]
02-22 02:38:38.932 D/GameModeIF_GameModeSettings( 2087): getUriFor setting_content_uri_root = content://com.thundercomm.gamemode.api/gamemode_settings , name = gamemode_enable
02-22 02:38:38.933 D/KeyguardViewMediator( 1966): setOccluded true
02-22 02:38:38.934 I/wm_on_top_resumed_gained_called( 6011): [58715430,android.service.dreams.DreamActivity,topStateChangedWhenResumed]
02-22 02:38:38.934 V/KeyguardUpdateMonitor( 1966): startListeningForFingerprint()
02-22 02:38:38.934 D/KeyguardViewMediator( 1966): adjustStatusBarLocked: mShowing=false mOccluded=true isSecure=false force=false --> flags=0x0
02-22 02:38:38.942 E/ThemeUtils( 6011): View class androidx.appcompat.widget.AppCompatImageView is an AppCompat widget that can only be used with a Theme.AppCompat theme (or descendant).
02-22 02:38:38.942 E/ThemeUtils( 6011): View class androidx.appcompat.widget.AppCompatImageView is an AppCompat widget that can only be used with a Theme.AppCompat theme (or descendant).
02-22 02:38:38.943 E/ThemeUtils( 6011): View class androidx.appcompat.widget.AppCompatImageView is an AppCompat widget that can only be used with a Theme.AppCompat theme (or descendant).
02-22 02:38:38.943 E/ThemeUtils( 6011): View class androidx.appcompat.widget.AppCompatImageView is an AppCompat widget that can only be used with a Theme.AppCompat theme (or descendant).
02-22 02:38:38.950 I/input_focus( 1503): [Focus request b6db5b2 com.thundercomm.screensaver/android.service.dreams.DreamActivity,reason=UpdateInputWindows]
02-22 02:38:38.960 I/GameModeConfig( 1503): isGameModeOn = false
02-22 02:38:38.960 I/GameModeConfig( 1503): isGameModeOn = false
02-22 02:38:38.960 I/GameModeConfig( 1503): isGameModeOn = false
02-22 02:38:38.960 I/GameModeConfig( 1503): isGameModeOn = false
02-22 02:38:38.961 I/notification_enqueue( 1503): [10078,1966,com.android.systemui,2048,NULL,0,Notification(channel=updateNotification shortcut=null contentView=null vibrate=null sound=null defaults=0x0 flags=0x0 color=0x00000000 vis=PRIVATE),1]
02-22 02:38:38.961 I/sysui_multi_action( 1966): [757,111,758,2]
02-22 02:38:38.961 I/sysui_multi_action( 1966): [757,111,758,2]
02-22 02:38:38.964 I/sysui_multi_action( 1503): [319,55,322,49,325,5140,757,761,758,8,759,2,806,com.thundercomm.screensaver,871,android.service.dreams.DreamActivity,904,com.thundercomm.screensaver,905,0,1320,4,1321,2]
02-22 02:38:38.964 I/wm_activity_launch_time( 1503): [0,58715430,com.thundercomm.screensaver/android.service.dreams.DreamActivity,49]
02-22 02:38:38.965 I/input_focus( 1503): [Focus leaving c2feca5 com.android.settings/com.android.settings.Settings (server),reason=NO_WINDOW]
02-22 02:38:38.965 I/ActivityTaskManager( 1503): Displayed com.thundercomm.screensaver/android.service.dreams.DreamActivity: +49ms
02-22 02:38:38.966 I/EventSequenceValidator( 1503): dec AccIntentStartedEvents to 1
02-22 02:38:38.976 I/sysui_multi_action( 1966): [757,111,758,1]
02-22 02:38:38.976 I/sysui_multi_action( 1966): [757,126,758,1,759,126,927,0,928,1,1593,0]
02-22 02:38:38.977 I/sysui_multi_action( 1966): [757,113,758,1,759,113,927,1,928,1,1593,0]
02-22 02:38:38.977 I/sysui_multi_action( 1966): [757,0,758,1,759,0,927,2,928,0,1593,0]
02-22 02:38:38.977 I/sysui_multi_action( 1966): [757,0,758,1,759,0,927,3,928,0,1593,0]
02-22 02:38:38.977 I/sysui_multi_action( 1966): [757,491,758,1,759,491,927,4,928,0,1311,-1,1593,0]
02-22 02:38:38.977 I/sysui_multi_action( 1966): [757,0,758,1,759,0,927,5,928,0,1593,0]
02-22 02:38:38.977 I/sysui_multi_action( 1966): [757,111,758,1]
02-22 02:38:38.977 I/sysui_multi_action( 1966): [757,126,758,1,759,126,927,0,928,1,1593,1]
02-22 02:38:38.977 I/sysui_multi_action( 1966): [757,113,758,1,759,113,927,1,928,1,1593,1]
02-22 02:38:38.978 I/sysui_multi_action( 1966): [757,0,758,1,759,0,927,2,928,0,1593,1]
02-22 02:38:38.978 I/sysui_multi_action( 1966): [757,0,758,1,759,0,927,3,928,0,1593,1]
02-22 02:38:38.987 D/StatusBar( 1966): disable disable2
02-22 02:38:38.994 I/input_focus( 1503): [Focus entering b6db5b2 com.thundercomm.screensaver/android.service.dreams.DreamActivity (server),reason=Window became focusable. Previous reason: NOT_VISIBLE]
02-22 02:38:38.998 I/OpenGLRenderer( 1966): Davey! duration=9223366896075ms; Flags=0, FrameTimelineVsyncId=110227, IntendedVsync=5140778165941, Vsync=5140778165941, InputEventId=749479677, HandleInputStart=5140779946057, AnimationStart=5140779947046, PerformTraversalsStart=5140783531630, DrawStart=5140787117411, FrameDeadline=5140811499273, FrameInterval=5140779942619, FrameStartTime=16666666, SyncQueued=5140787149963, SyncStart=5140788578921, IssueDrawCommandsStart=5140788599182, SwapBuffers=5140788751630, FrameCompleted=9223372036854775807, DequeueBufferDuration=8802, QueueBufferDuration=211406, GpuCompleted=9223372036854775807, SwapBuffersCompleted=5140789140901, DisplayPresentTime=0,
02-22 02:38:38.999 I/OpenGLRenderer( 1966): Davey! duration=9223366896076ms; Flags=0, FrameTimelineVsyncId=110227, IntendedVsync=5140778165941, Vsync=5140778165941, InputEventId=1414790808, HandleInputStart=5140779946057, AnimationStart=5140779947046, PerformTraversalsStart=5140783531630, DrawStart=5140788844546, FrameDeadline=5140811499273, FrameInterval=5140779942619, FrameStartTime=16666666, SyncQueued=5140788881265, SyncStart=5140789159078, IssueDrawCommandsStart=5140789179390, SwapBuffers=5140789332463, FrameCompleted=9223372036854775807, DequeueBufferDuration=7552, QueueBufferDuration=199635, GpuCompleted=9223372036854775807, SwapBuffersCompleted=5140789673557, DisplayPresentTime=0,
02-22 02:38:39.004 W/System ( 1966): A resource failed to call close.
02-22 02:38:39.004 W/System ( 1966): A resource failed to call release.
02-22 02:38:39.004 W/System ( 1966): A resource failed to call release.
02-22 02:38:39.015 I/OpenGLRenderer( 1966): Davey! duration=9223366896054ms; Flags=0, FrameTimelineVsyncId=110230, IntendedVsync=5140794860762, Vsync=5140794860762, InputEventId=0, HandleInputStart=5140795213192, AnimationStart=5140795214703, PerformTraversalsStart=5140796055067, DrawStart=5140797914494, FrameDeadline=5140828194094, FrameInterval=5140795204703, FrameStartTime=16666666, SyncQueued=5140797957151, SyncStart=5140803732880, IssueDrawCommandsStart=5140803757203, SwapBuffers=5140803886057, FrameCompleted=9223372036854775807, DequeueBufferDuration=6302, QueueBufferDuration=190104, GpuCompleted=9223372036854775807, SwapBuffersCompleted=5140804154234, DisplayPresentTime=0,
02-22 02:38:39.015 I/OpenGLRenderer( 1966): Davey! duration=9223366896059ms; Flags=0, FrameTimelineVsyncId=110230, IntendedVsync=5140794860762, Vsync=5140794860762, InputEventId=0, HandleInputStart=5140795213192, AnimationStart=5140795214703, PerformTraversalsStart=5140796055067, DrawStart=5140803804442, FrameDeadline=5140828194094, FrameInterval=5140795204703, FrameStartTime=16666666, SyncQueued=5140803813661, SyncStart=5140804170796, IssueDrawCommandsStart=5140804186161, SwapBuffers=5140804265640, FrameCompleted=9223372036854775807, DequeueBufferDuration=5729, QueueBufferDuration=165833, GpuCompleted=9223372036854775807, SwapBuffersCompleted=5140804505484, DisplayPresentTime=0,
02-22 02:38:39.027 W/FreeFormWindowHelper( 1503): Current Display FreeFormTask is null
02-22 02:38:39.028 W/FreeFormWindowHelper( 1503): Current Display FreeFormTask is null
02-22 02:38:39.032 I/OpenGLRenderer( 1966): Davey! duration=9223366896036ms; Flags=0, FrameTimelineVsyncId=110233, IntendedVsync=5140811561225, Vsync=5140811561225, InputEventId=0, HandleInputStart=5140811826421, AnimationStart=5140811829859, PerformTraversalsStart=5140812400536, DrawStart=5140812982932, FrameDeadline=5140844894557, FrameInterval=5140811821578, FrameStartTime=16666666, SyncQueued=5140813013140, SyncStart=5140820096578, IssueDrawCommandsStart=5140820118244, SwapBuffers=5140820229130, FrameCompleted=9223372036854775807, DequeueBufferDuration=5729, QueueBufferDuration=153177, GpuCompleted=9223372036854775807, SwapBuffersCompleted=5140820460588, DisplayPresentTime=0,
02-22 02:38:39.032 I/OpenGLRenderer( 1966): Davey! duration=9223366896042ms; Flags=0, FrameTimelineVsyncId=110233, IntendedVsync=5140811561225, Vsync=5140811561225, InputEventId=0, HandleInputStart=5140811826421, AnimationStart=5140811829859, PerformTraversalsStart=5140812400536, DrawStart=5140820157151, FrameDeadline=5140844894557, FrameInterval=5140811821578, FrameStartTime=16666666, SyncQueued=5140820165588, SyncStart=5140820477046, IssueDrawCommandsStart=5140820489651, SwapBuffers=5140820558609, FrameCompleted=9223372036854775807, DequeueBufferDuration=4636, QueueBufferDuration=160729, GpuCompleted=9223372036854775807, SwapBuffersCompleted=5140820789442, DisplayPresentTime=0,
02-22 02:38:39.048 I/OpenGLRenderer( 1966): Davey! duration=9223366896018ms; Flags=0, FrameTimelineVsyncId=110236, IntendedVsync=5140828263143, Vsync=5140828263143, InputEventId=0, HandleInputStart=5140828483244, AnimationStart=5140828486005, PerformTraversalsStart=5140829008869, DrawStart=5140829550015, FrameDeadline=5140861596475, FrameInterval=5140828480328, FrameStartTime=16666666, SyncQueued=5140829579911, SyncStart=5140837512515, IssueDrawCommandsStart=5140837541369, SwapBuffers=5140837699703, FrameCompleted=9223372036854775807, DequeueBufferDuration=5416, QueueBufferDuration=169948, GpuCompleted=9223372036854775807, SwapBuffersCompleted=5140837948088, DisplayPresentTime=0,
02-22 02:38:39.048 I/OpenGLRenderer( 1966): Davey! duration=9223366896026ms; Flags=0, FrameTimelineVsyncId=110236, IntendedVsync=5140828263143, Vsync=5140828263143, InputEventId=0, HandleInputStart=5140828483244, AnimationStart=5140828486005, PerformTraversalsStart=5140829008869, DrawStart=5140837578349, FrameDeadline=5140861596475, FrameInterval=5140828480328, FrameStartTime=16666666, SyncQueued=5140837586213, SyncStart=5140837963140, IssueDrawCommandsStart=5140837977671, SwapBuffers=5140838044494, FrameCompleted=9223372036854775807, DequeueBufferDuration=4740, QueueBufferDuration=151250, GpuCompleted=9223372036854775807, SwapBuffersCompleted=5140838262776, DisplayPresentTime=0,
02-22 02:38:39.056 W/hpplay-java( 2708): [main]:IPManager:getActiveNets invalid networkInfo:null
02-22 02:38:39.056 I/hpplay-java( 2708): [main]:IPManager:getActiveNets eth0:false wifi:false mobile:false ap:false
02-22 02:38:39.056 I/hpplay-java( 2708): [main]:ServerTaskManager:get local ip:null
02-22 02:38:39.065 I/OpenGLRenderer( 1966): Davey! duration=9223366896002ms; Flags=0, FrameTimelineVsyncId=110239, IntendedVsync=5140844963713, Vsync=5140844963713, InputEventId=0, HandleInputStart=5140845225588, AnimationStart=5140845226265, PerformTraversalsStart=5140845729963, DrawStart=5140846190692, FrameDeadline=5140878297045, FrameInterval=5140845223817, FrameStartTime=16666666, SyncQueued=5140846219546, SyncStart=5140853188869, IssueDrawCommandsStart=5140853209286, SwapBuffers=5140853304703, FrameCompleted=9223372036854775807, DequeueBufferDuration=5364, QueueBufferDuration=151302, GpuCompleted=9223372036854775807, SwapBuffersCompleted=5140853525744, DisplayPresentTime=0,
02-22 02:38:39.065 I/OpenGLRenderer( 1966): Davey! duration=9223366896009ms; Flags=0, FrameTimelineVsyncId=110239, IntendedVsync=5140844963713, Vsync=5140844963713, InputEventId=0, HandleInputStart=5140845225588, AnimationStart=5140845226265, PerformTraversalsStart=5140845729963, DrawStart=5140853239338, FrameDeadline=5140878297045, FrameInterval=5140845223817, FrameStartTime=16666666, SyncQueued=5140853246005, SyncStart=5140853540901, IssueDrawCommandsStart=5140853553192, SwapBuffers=5140853619390, FrameCompleted=9223372036854775807, DequeueBufferDuration=4792, QueueBufferDuration=145573, GpuCompleted=9223372036854775807, SwapBuffersCompleted=5140853830536, DisplayPresentTime=0,
02-22 02:38:39.069 I/commit_sys_config_file( 1503): [settings-2-0,1]
02-22 02:38:39.081 I/OpenGLRenderer( 1966): Davey! duration=9223366895986ms; Flags=0, FrameTimelineVsyncId=110242, IntendedVsync=5140861663343, Vsync=5140861663343, InputEventId=0, HandleInputStart=5140861898817, AnimationStart=5140861900119, PerformTraversalsStart=5140862460744, DrawStart=5140863001630, FrameDeadline=5140894996675, FrameInterval=5140861896265, FrameStartTime=16666666, SyncQueued=5140863024859, SyncStart=5140869607046, IssueDrawCommandsStart=5140869628036, SwapBuffers=5140869723453, FrameCompleted=9223372036854775807, DequeueBufferDuration=5260, QueueBufferDuration=148593, GpuCompleted=9223372036854775807, SwapBuffersCompleted=5140869943974, DisplayPresentTime=0,
02-22 02:38:39.081 I/OpenGLRenderer( 1966): Davey! duration=9223366895992ms; Flags=0, FrameTimelineVsyncId=110242, IntendedVsync=5140861663343, Vsync=5140861663343, InputEventId=0, HandleInputStart=5140861898817, AnimationStart=5140861900119, PerformTraversalsStart=5140862460744, DrawStart=5140869658505, FrameDeadline=5140894996675, FrameInterval=5140861896265, FrameStartTime=16666666, SyncQueued=5140869665171, SyncStart=5140869958765, IssueDrawCommandsStart=5140869971317, SwapBuffers=5140870037046, FrameCompleted=9223372036854775807, DequeueBufferDuration=4687, QueueBufferDuration=159792, GpuCompleted=9223372036854775807, SwapBuffersCompleted=5140870264494, DisplayPresentTime=0,
02-22 02:38:39.098 I/OpenGLRenderer( 1966): Davey! duration=9223366895970ms; Flags=0, FrameTimelineVsyncId=110245, IntendedVsync=5140878362017, Vsync=5140878362017, InputEventId=0, HandleInputStart=5140878603505, AnimationStart=5140878605380, PerformTraversalsStart=5140879292203, DrawStart=5140879854703, FrameDeadline=5140911695349, FrameInterval=5140878598765, FrameStartTime=16666666, SyncQueued=5140879882880, SyncStart=5140886161786, IssueDrawCommandsStart=5140886182724, SwapBuffers=5140886282619, FrameCompleted=9223372036854775807, DequeueBufferDuration=5312, QueueBufferDuration=164532, GpuCompleted=9223372036854775807, SwapBuffersCompleted=5140886520328, DisplayPresentTime=0,
02-22 02:38:39.098 I/OpenGLRenderer( 1966): Davey! duration=9223366895976ms; Flags=0, FrameTimelineVsyncId=110245, IntendedVsync=5140878362017, Vsync=5140878362017, InputEventId=0, HandleInputStart=5140878603505, AnimationStart=5140878605380, PerformTraversalsStart=5140879292203, DrawStart=5140886215224, FrameDeadline=5140911695349, FrameInterval=5140878598765, FrameStartTime=16666666, SyncQueued=5140886222099, SyncStart=5140886536526, IssueDrawCommandsStart=5140886558765, SwapBuffers=5140886626630, FrameCompleted=9223372036854775807, DequeueBufferDuration=4739, QueueBufferDuration=145833, GpuCompleted=9223372036854775807, SwapBuffersCompleted=5140886842359, DisplayPresentTime=0,
02-22 02:38:39.115 I/OpenGLRenderer( 1966): Davey! duration=9223366895953ms; Flags=0, FrameTimelineVsyncId=110248, IntendedVsync=5140895062706, Vsync=5140895062706, InputEventId=0, HandleInputStart=5140895290119, AnimationStart=5140895893296, PerformTraversalsStart=5140896319442, DrawStart=5140896748453, FrameDeadline=5140928396038, FrameInterval=5140895288713, FrameStartTime=16666666, SyncQueued=5140896776109, SyncStart=5140902851265, IssueDrawCommandsStart=5140902871630, SwapBuffers=5140902972463, FrameCompleted=9223372036854775807, DequeueBufferDuration=4791, QueueBufferDuration=149375, GpuCompleted=9223372036854775807, SwapBuffersCompleted=5140903191474, DisplayPresentTime=0,
02-22 02:38:39.115 I/OpenGLRenderer( 1966): Davey! duration=9223366895959ms; Flags=0, FrameTimelineVsyncId=110248, IntendedVsync=5140895062706, Vsync=5140895062706, InputEventId=0, HandleInputStart=5140895290119, AnimationStart=5140895893296, PerformTraversalsStart=5140896319442, DrawStart=5140902905901, FrameDeadline=5140928396038, FrameInterval=5140895288713, FrameStartTime=16666666, SyncQueued=5140902912724, SyncStart=5140903205171, IssueDrawCommandsStart=5140903215536, SwapBuffers=5140903270692, FrameCompleted=9223372036854775807, DequeueBufferDuration=3906, QueueBufferDuration=150313, GpuCompleted=9223372036854775807, SwapBuffersCompleted=5140903481526, DisplayPresentTime=0,
02-22 02:38:39.131 I/OpenGLRenderer( 1966): Davey! duration=9223366895936ms; Flags=0, FrameTimelineVsyncId=110251, IntendedVsync=5140911766182, Vsync=5140911766182, InputEventId=0, HandleInputStart=5140911991369, AnimationStart=5140911992046, PerformTraversalsStart=5140912517411, DrawStart=5140912983244, FrameDeadline=5140945099514, FrameInterval=5140911989651, FrameStartTime=16666666, SyncQueued=5140913008921, SyncStart=5140919271682, IssueDrawCommandsStart=5140919291786, SwapBuffers=5140919389442, FrameCompleted=9223372036854775807, DequeueBufferDuration=4792, QueueBufferDuration=145156, GpuCompleted=9223372036854775807, SwapBuffersCompleted=5140919665276, DisplayPresentTime=0,
02-22 02:38:39.131 I/OpenGLRenderer( 1966): Davey! duration=9223366895942ms; Flags=0, FrameTimelineVsyncId=110251, IntendedVsync=5140911766182, Vsync=5140911766182, InputEventId=0, HandleInputStart=5140911991369, AnimationStart=5140911992046, PerformTraversalsStart=5140912517411, DrawStart=5140919323974, FrameDeadline=5140945099514, FrameInterval=5140911989651, FrameStartTime=16666666, SyncQueued=5140919331005, SyncStart=5140919679390, IssueDrawCommandsStart=5140919689234, SwapBuffers=5140919750432, FrameCompleted=9223372036854775807, DequeueBufferDuration=3750, QueueBufferDuration=169531, GpuCompleted=9223372036854775807, SwapBuffersCompleted=5140919981317, DisplayPresentTime=0,
02-22 02:38:39.148 I/OpenGLRenderer( 1966): Davey! duration=9223366895919ms; Flags=0, FrameTimelineVsyncId=110254, IntendedVsync=5140928467781, Vsync=5140928467781, InputEventId=0, HandleInputStart=5140928697307, AnimationStart=5140928698140, PerformTraversalsStart=5140929217098, DrawStart=5140929664963, FrameDeadline=5140961801113, FrameInterval=5140928695432, FrameStartTime=16666666, SyncQueued=5140929688192, SyncStart=5140936055640, IssueDrawCommandsStart=5140936077515, SwapBuffers=5140936191630, FrameCompleted=9223372036854775807, DequeueBufferDuration=5469, QueueBufferDuration=172760, GpuCompleted=9223372036854775807, SwapBuffersCompleted=5140936449286, DisplayPresentTime=0,
02-22 02:38:39.148 I/OpenGLRenderer( 1966): Davey! duration=9223366895925ms; Flags=0, FrameTimelineVsyncId=110254, IntendedVsync=5140928467781, Vsync=5140928467781, InputEventId=0, HandleInputStart=5140928697307, AnimationStart=5140928698140, PerformTraversalsStart=5140929217098, DrawStart=5140936107776, FrameDeadline=5140961801113, FrameInterval=5140928695432, FrameStartTime=16666666, SyncQueued=5140936114442, SyncStart=5140936466421, IssueDrawCommandsStart=5140936481005, SwapBuffers=5140936561630, FrameCompleted=9223372036854775807, DequeueBufferDuration=5052, QueueBufferDuration=173125, GpuCompleted=9223372036854775807, SwapBuffersCompleted=5140936808973, DisplayPresentTime=0,
02-22 02:38:39.162 I/GameModeConfig( 1503): isGameModeOn = false
02-22 02:38:39.164 I/OpenGLRenderer( 1966): Davey! duration=9223366895903ms; Flags=0, FrameTimelineVsyncId=110257, IntendedVsync=5140945169612, Vsync=5140945169612, InputEventId=0, HandleInputStart=5140945600848, AnimationStart=5140945601369, PerformTraversalsStart=5140946083088, DrawStart=5140946493140, FrameDeadline=5140978502944, FrameInterval=5140945599130, FrameStartTime=16666666, SyncQueued=5140946517671, SyncStart=5140952743036, IssueDrawCommandsStart=5140952761161, SwapBuffers=5140952845119, FrameCompleted=9223372036854775807, DequeueBufferDuration=4948, QueueBufferDuration=149428, GpuCompleted=9223372036854775807, SwapBuffersCompleted=5140953059442, DisplayPresentTime=0,
02-22 02:38:39.164 I/OpenGLRenderer( 1966): Davey! duration=9223366895909ms; Flags=0, FrameTimelineVsyncId=110257, IntendedVsync=5140945169612, Vsync=5140945169612, InputEventId=0, HandleInputStart=5140945600848, AnimationStart=5140945601369, PerformTraversalsStart=5140946083088, DrawStart=5140952791994, FrameDeadline=5140978502944, FrameInterval=5140945599130, FrameStartTime=16666666, SyncQueued=5140952799130, SyncStart=5140953075640, IssueDrawCommandsStart=5140953088713, SwapBuffers=5140953162515, FrameCompleted=9223372036854775807, DequeueBufferDuration=5416, QueueBufferDuration=168229, GpuCompleted=9223372036854775807, SwapBuffersCompleted=5140953401317, DisplayPresentTime=0,
02-22 02:38:39.181 I/OpenGLRenderer( 1966): Davey! duration=9223366895887ms; Flags=0, FrameTimelineVsyncId=110260, IntendedVsync=5140961871425, Vsync=5140961871425, InputEventId=0, HandleInputStart=5140962714182, AnimationStart=5140962714807, PerformTraversalsStart=5140963114286, DrawStart=5140963515901, FrameDeadline=5140995204757, FrameInterval=5140962711578, FrameStartTime=16666666, SyncQueued=5140963534546, SyncStart=5140969360223, IssueDrawCommandsStart=5140969392515, SwapBuffers=5140969513973, FrameCompleted=9223372036854775807, DequeueBufferDuration=5729, QueueBufferDuration=150365, GpuCompleted=9223372036854775807, SwapBuffersCompleted=5140969740848, DisplayPresentTime=0,
02-22 02:38:39.181 I/OpenGLRenderer( 1966): Davey! duration=9223366895892ms; Flags=0, FrameTimelineVsyncId=110260, IntendedVsync=5140961871425, Vsync=5140961871425, InputEventId=0, HandleInputStart=5140962714182, AnimationStart=5140962714807, PerformTraversalsStart=5140963114286, DrawStart=5140969420380, FrameDeadline=5140995204757, FrameInterval=5140962711578, FrameStartTime=16666666, SyncQueued=5140969426890, SyncStart=5140969756734, IssueDrawCommandsStart=5140969769078, SwapBuffers=5140969842984, FrameCompleted=9223372036854775807, DequeueBufferDuration=4636, QueueBufferDuration=168854, GpuCompleted=9223372036854775807, SwapBuffersCompleted=5140970079598, DisplayPresentTime=0,
02-22 02:38:39.193 I/GameModeConfig( 1503): isGameModeOn = false
02-22 02:38:39.193 I/GameModeConfig( 1503): isGameModeOn = false
02-22 02:38:39.193 I/GameModeConfig( 1503): isGameModeOn = false
02-22 02:38:39.193 I/GameModeConfig( 1503): isGameModeOn = false
02-22 02:38:39.193 I/notification_enqueue( 1503): [10078,1966,com.android.systemui,2048,NULL,0,Notification(channel=updateNotification shortcut=null contentView=null vibrate=null sound=null defaults=0x0 flags=0x0 color=0x00000000 vis=PRIVATE),1]
02-22 02:38:39.193 I/sysui_multi_action( 1966): [757,111,758,2]
02-22 02:38:39.193 I/sysui_multi_action( 1966): [757,111,758,2]
02-22 02:38:39.198 I/OpenGLRenderer( 1966): Davey! duration=9223366895871ms; Flags=0, FrameTimelineVsyncId=110263, IntendedVsync=5140978571027, Vsync=5140978571027, InputEventId=0, HandleInputStart=5140978793401, AnimationStart=5140978794130, PerformTraversalsStart=5140979824703, DrawStart=5140980241109, FrameDeadline=5141011904359, FrameInterval=5140978791421, FrameStartTime=16666666, SyncQueued=5140980253609, SyncStart=5140985435848, IssueDrawCommandsStart=5140985455171, SwapBuffers=5140985551265, FrameCompleted=9223372036854775807, DequeueBufferDuration=4532, QueueBufferDuration=160209, GpuCompleted=9223372036854775807, SwapBuffersCompleted=5140985782463, DisplayPresentTime=0,
02-22 02:38:39.198 I/OpenGLRenderer( 1966): Davey! duration=9223366895875ms; Flags=0, FrameTimelineVsyncId=110263, IntendedVsync=5140978571027, Vsync=5140978571027, InputEventId=0, HandleInputStart=5140978793401, AnimationStart=5140978794130, PerformTraversalsStart=5140979824703, DrawStart=5140985472619, FrameDeadline=5141011904359, FrameInterval=5140978791421, FrameStartTime=16666666, SyncQueued=5140985477203, SyncStart=5140985798505, IssueDrawCommandsStart=5140985812307, SwapBuffers=5140985886526, FrameCompleted=9223372036854775807, DequeueBufferDuration=4531, QueueBufferDuration=135834, GpuCompleted=9223372036854775807, SwapBuffersCompleted=5140986092828, DisplayPresentTime=0,
02-22 02:38:39.200 D/InterruptionStateProvider( 1966): No bubble up: not allowed to bubble: 0|com.android.systemui|2048|null|10078
02-22 02:38:39.200 D/InterruptionStateProvider( 1966): No heads up: unimportant notification: 0|com.android.systemui|2048|null|10078
02-22 02:38:39.201 D/PeopleSpaceWidgetMgr( 1966): Sbn doesn't contain valid PeopleTileKey: null/0/com.android.systemui
02-22 02:38:39.215 I/OpenGLRenderer( 1966): Davey! duration=9223366895855ms; Flags=0, FrameTimelineVsyncId=110266, IntendedVsync=5140995270462, Vsync=5140995270462, InputEventId=0, HandleInputStart=5140996131526, AnimationStart=5140996132046, PerformTraversalsStart=5140998132203, DrawStart=5140998940432, FrameDeadline=5141028603794, FrameInterval=5140996129338, FrameStartTime=16666666, SyncQueued=5140998943973, SyncStart=5141003054442, IssueDrawCommandsStart=5141003074338, SwapBuffers=5141003180692, FrameCompleted=9223372036854775807, DequeueBufferDuration=5625, QueueBufferDuration=149584, GpuCompleted=9223372036854775807, SwapBuffersCompleted=5141003404859, DisplayPresentTime=0,
02-22 02:38:39.215 I/OpenGLRenderer( 1966): Davey! duration=9223366895859ms; Flags=0, FrameTimelineVsyncId=110266, IntendedVsync=5140995270462, Vsync=5140995270462, InputEventId=0, HandleInputStart=5140996131526, AnimationStart=5140996132046, PerformTraversalsStart=5140998132203, DrawStart=5141003092671, FrameDeadline=5141028603794, FrameInterval=5140996129338, FrameStartTime=16666666, SyncQueued=5141003097515, SyncStart=5141003420015, IssueDrawCommandsStart=5141003434546, SwapBuffers=5141003529911, FrameCompleted=9223372036854775807, DequeueBufferDuration=4739, QueueBufferDuration=151875, GpuCompleted=9223372036854775807, SwapBuffersCompleted=5141003755432, DisplayPresentTime=0,
02-22 02:38:39.230 I/mpu_uart( 644): [MSG-P:RECV]:No message received in 1000 ms
02-22 02:38:39.231 I/OpenGLRenderer( 1966): Davey! duration=9223366895836ms; Flags=0, FrameTimelineVsyncId=110269, IntendedVsync=5141011969500, Vsync=5141011969500, InputEventId=0, HandleInputStart=5141012236265, AnimationStart=5141012236994, PerformTraversalsStart=5141012645119, DrawStart=5141012939026, FrameDeadline=5141045302832, FrameInterval=5141012233973, FrameStartTime=16666666, SyncQueued=5141012943296, SyncStart=5141019418192, IssueDrawCommandsStart=5141019443140, SwapBuffers=5141019527046, FrameCompleted=9223372036854775807, DequeueBufferDuration=5312, QueueBufferDuration=149948, GpuCompleted=9223372036854775807, SwapBuffersCompleted=5141019751161, DisplayPresentTime=0,
02-22 02:38:39.231 I/OpenGLRenderer( 1966): Davey! duration=9223366895842ms; Flags=0, FrameTimelineVsyncId=110269, IntendedVsync=5141011969500, Vsync=5141011969500, InputEventId=0, HandleInputStart=5141012236265, AnimationStart=5141012236994, PerformTraversalsStart=5141012645119, DrawStart=5141019486057, FrameDeadline=5141045302832, FrameInterval=5141012233973, FrameStartTime=16666666, SyncQueued=5141019490536, SyncStart=5141019767203, IssueDrawCommandsStart=5141019783817, SwapBuffers=5141019888869, FrameCompleted=9223372036854775807, DequeueBufferDuration=4792, QueueBufferDuration=146979, GpuCompleted=9223372036854775807, SwapBuffersCompleted=5141020104911, DisplayPresentTime=0,
02-22 02:38:39.264 I/OpenGLRenderer( 1966): Davey! duration=9223366895803ms; Flags=0, FrameTimelineVsyncId=110275, IntendedVsync=5141045341666, Vsync=5141045341666, InputEventId=0, HandleInputStart=5141045539651, AnimationStart=5141045540380, PerformTraversalsStart=5141045952046, DrawStart=5141046207880, FrameDeadline=5141078674998, FrameInterval=5141045537932, FrameStartTime=16666666, SyncQueued=5141046210848, SyncStart=5141052289963, IssueDrawCommandsStart=5141052308453, SwapBuffers=5141052426994, FrameCompleted=9223372036854775807, DequeueBufferDuration=4583, QueueBufferDuration=142344, GpuCompleted=9223372036854775807, SwapBuffersCompleted=5141052642255, DisplayPresentTime=0,
02-22 02:38:39.264 I/OpenGLRenderer( 1966): Davey! duration=9223366895809ms; Flags=0, FrameTimelineVsyncId=110275, IntendedVsync=5141045341666, Vsync=5141045341666, InputEventId=0, HandleInputStart=5141045539651, AnimationStart=5141045540380, PerformTraversalsStart=5141045952046, DrawStart=5141052329338, FrameDeadline=5141078674998, FrameInterval=5141045537932, FrameStartTime=16666666, SyncQueued=5141052334078, SyncStart=5141052656838, IssueDrawCommandsStart=5141052667932, SwapBuffers=5141052725484, FrameCompleted=9223372036854775807, DequeueBufferDuration=3906, QueueBufferDuration=142239, GpuCompleted=9223372036854775807, SwapBuffersCompleted=5141052932098, DisplayPresentTime=0,
02-22 02:38:39.394 I/GameModeConfig( 1503): isGameModeOn = false
02-22 02:38:39.394 E/NotificationService( 1503): Muting recently noisy 0|com.android.systemui|2048|null|10078
02-22 02:38:39.399 I/sysui_multi_action( 1503): [757,128,758,2,793,5130418,794,1547,795,5130418,796,26,798,0,806,android,857,DEVELOPER_IMPORTANT,858,4,947,0,1395,2,1500,5130013,1688,1]
02-22 02:38:39.399 I/notification_visibility( 1503): [-1|android|26|null|1000,0,5130418,5130418,0,0]
