02-28 15:03:21.271 19541 19541 I HCDN_DownloadEn: type=1400 audit(0.0:22867): avc: denied { open } for path="/proc/stat" dev="proc" ino=4026532245 scontext=u:r:untrusted_app:s0:c103,c256,c512,c768 tcontext=u:object_r:proc_stat:s0 tclass=file permissive=1 app=com.qiyi.video
02-28 15:03:21.271 19541 19541 I auditd : type=1400 audit(0.0:22868): avc: denied { getattr } for comm="HCDN_DownloadEn" path="/proc/stat" dev="proc" ino=4026532245 scontext=u:r:untrusted_app:s0:c103,c256,c512,c768 tcontext=u:object_r:proc_stat:s0 tclass=file permissive=1 app=com.qiyi.video
02-28 15:03:21.271 19541 19541 I HCDN_DownloadEn: type=1400 audit(0.0:22868): avc: denied { getattr } for path="/proc/stat" dev="proc" ino=4026532245 scontext=u:r:untrusted_app:s0:c103,c256,c512,c768 tcontext=u:object_r:proc_stat:s0 tclass=file permissive=1 app=com.qiyi.video
02-28 15:03:21.384 650 664 I mpu_uart: [MSG-P:RECV]:No message received in 1000 ms
02-28 15:03:21.573 19732 20581 W kcp_info: HCDN_LOG: [T:20581]Update: udp kcp size[0], timeout kcp size[0]
02-28 15:03:21.634 19541 20557 W kcp_info: HCDN_LOG: [T:20557]Update: udp kcp size[0], timeout kcp size[0]
02-28 15:03:21.775 650 663 I mpu_uart: [MSG-P:R]:recv sync frame timeout
02-28 15:03:21.903 15467 15467 I auditd : type=1400 audit(0.0:22869): avc: denied { call } for comm="MediaCodec_loop" scontext=u:r:su:s0 tcontext=u:r:mediaserver:s0 tclass=binder permissive=1
02-28 15:03:21.903 15467 15467 I MediaCodec_loop: type=1400 audit(0.0:22869): avc: denied { call } for scontext=u:r:su:s0 tcontext=u:r:mediaserver:s0 tclass=binder permissive=1
02-28 15:03:21.924 1342 1399 E tlogd : [TzLogger](isPathReadable) file /sys/kernel/debug/tzdbg/qsee_log isn't exist or no permission, err: No such file or directory
02-28 15:03:21.924 1342 1399 E tlogd : [TzLogger](saveTzlogAsync) /sys/kernel/debug/tzdbg/qsee_log can not read.
02-28 15:03:21.924 1342 1399 E tlogd : [TzLogger](isPathReadable) file /sys/kernel/debug/tzdbg/log isn't exist or no permission, err: No such file or directory
02-28 15:03:21.924 1342 1399 E tlogd : [TzLogger](saveTzlogAsync) /sys/kernel/debug/tzdbg/log can not read.
02-28 15:03:22.075 19732 20589 W multisource: HCDN_LOG: [T:20589]UpdateMaxSpeed TOTAL => play speed:0[len:0, tm:0], offline speed:0[len:0, tm:0], predeploy speed:0[len:0, tm:0], m_maxDownloadSpeed:0
02-28 15:03:22.361 16448 16636 I cr.sandbox.render: RenderIOThread heartbeat, interval/index: 30s/2, render: 11(NORMAL_WITHOUT_SECCOMP), gpu: 2(FULL)
02-28 15:03:22.367 19732 21123 E cube_taskex: HCDN_LOG: [T:21123]Java_com_qiyi_hcdndownloader_HCDNDownloaderTask_GetFileSizeNative 170: taskptr = 0xb3dc2a10
02-28 15:03:22.367 19732 21123 E cube_taskex: HCDN_LOG: [T:21123]Java_com_qiyi_hcdndownloader_HCDNDownloaderTask_GetDownloadSizeNative 187: taskptr = 0xb3dc2a10
02-28 15:03:22.367 19732 21123 E cube_taskex: HCDN_LOG: [T:21123]Java_com_qiyi_hcdndownloader_HCDNDownloaderTask_GetSpeedNative 139: taskptr = 0xb3dc2a10
02-28 15:03:22.384 650 664 I mpu_uart: [MSG-P:RECV]:No message received in 1000 ms
02-28 15:03:22.384 16448 16619 I cr.sandbox.render: RenderMainThread heartbeat, interval/index: 30s/2, render: 11(NORMAL_WITHOUT_SECCOMP), gpu: 2(FULL)
02-28 15:03:22.560 16522 16651 I cr.sandbox.gpu: GpuMainThread heartbeat, interval/index: 30/2
02-28 15:03:22.579 19732 20581 W kcp_info: HCDN_LOG: [T:20581]Update: udp kcp size[0], timeout kcp size[0]
02-28 15:03:22.639 19541 20557 W kcp_info: HCDN_LOG: [T:20557]Update: udp kcp size[0], timeout kcp size[0]
01-09 09:16:37.060 0 0 E DTC_ETH,link_delay_work_func: 3003, SQI=0, link=0
02-28 15:03:23.385 650 664 I mpu_uart: [MSG-P:RECV]:No message received in 1000 ms
02-28 15:03:23.587 19732 20581 W kcp_info: HCDN_LOG: [T:20581]Update: udp kcp size[0], timeout kcp size[0]
02-28 15:03:23.628 19732 21123 E cube_taskex: HCDN_LOG: [T:21123]Java_com_qiyi_hcdndownloader_HCDNDownloaderTask_GetFileSizeNative 170: taskptr = 0xb3dc2a10
02-28 15:03:23.628 19732 21123 E cube_taskex: HCDN_LOG: [T:21123]Java_com_qiyi_hcdndownloader_HCDNDownloaderTask_GetDownloadSizeNative 187: taskptr = 0xb3dc2a10
02-28 15:03:23.628 19732 21123 E cube_taskex: HCDN_LOG: [T:21123]Java_com_qiyi_hcdndownloader_HCDNDownloaderTask_GetSpeedNative 139: taskptr = 0xb3dc2a10
02-28 15:03:23.636 19541 20557 W kcp_info: HCDN_LOG: [T:20557]Update: udp kcp size[0], timeout kcp size[0]
02-28 15:03:23.924 1232 15491 I OMX-VENC: venc_dev: stats: avg. fps 0.20, bitrate 4995
02-28 15:03:23.919 1232 1232 I auditd : type=1400 audit(0.0:22870): avc: denied { call } for comm="OMXCallbackDisp" scontext=u:r:mediacodec:s0 tcontext=u:r:su:s0 tclass=binder permissive=1
02-28 15:03:23.919 1232 1232 I OMXCallbackDisp: type=1400 audit(0.0:22870): avc: denied { call } for scontext=u:r:mediacodec:s0 tcontext=u:r:su:s0 tclass=binder permissive=1
02-28 15:03:23.919 15467 15467 I auditd : type=1400 audit(0.0:22871): avc: denied { transfer } for comm="MediaCodec_loop" scontext=u:r:su:s0 tcontext=u:r:mediaserver:s0 tclass=binder permissive=1
02-28 15:03:23.919 15467 15467 I MediaCodec_loop: type=1400 audit(0.0:22871): avc: denied { transfer } for scontext=u:r:su:s0 tcontext=u:r:mediaserver:s0 tclass=binder permissive=1
02-28 15:03:23.923 15467 15467 I auditd : type=1400 audit(0.0:22872): avc: denied { call } for comm="CodecLooper" scontext=u:r:su:s0 tcontext=u:r:mediacodec:s0 tclass=binder permissive=1
02-28 15:03:23.923 15467 15467 I CodecLooper: type=1400 audit(0.0:22872): avc: denied { call } for scontext=u:r:su:s0 tcontext=u:r:mediacodec:s0 tclass=binder permissive=1
02-28 15:03:24.224 19541 20565 W multisource: HCDN_LOG: [T:20565]UpdateMaxSpeed TOTAL => play speed:0[len:0, tm:0], offline speed:0[len:0, tm:0], predeploy speed:0[len:0, tm:0], m_maxDownloadSpeed:0
02-28 15:03:24.385 650 664 I mpu_uart: [MSG-P:RECV]:No message received in 1000 ms
02-28 15:03:24.618 19732 20581 W kcp_info: HCDN_LOG: [T:20581]Update: udp kcp size[0], timeout kcp size[0]
02-28 15:03:24.644 19541 20557 W kcp_info: HCDN_LOG: [T:20557]Update: udp kcp size[0], timeout kcp size[0]
02-28 15:03:24.777 650 663 I mpu_uart: [MSG-P:R]:recv sync frame timeout
02-28 15:03:24.921 19732 21123 E cube_taskex: HCDN_LOG: [T:21123]Java_com_qiyi_hcdndownloader_HCDNDownloaderTask_GetFileSizeNative 170: taskptr = 0xb3dc2a10
02-28 15:03:24.921 19732 21123 E cube_taskex: HCDN_LOG: [T:21123]Java_com_qiyi_hcdndownloader_HCDNDownloaderTask_GetDownloadSizeNative 187: taskptr = 0xb3dc2a10
02-28 15:03:24.921 19732 21123 E cube_taskex: HCDN_LOG: [T:21123]Java_com_qiyi_hcdndownloader_HCDNDownloaderTask_GetSpeedNative 139: taskptr = 0xb3dc2a10
02-28 15:03:24.934 1232 15491 I OMX-VENC: venc_dev: stats: avg. fps 9.90, bitrate 248410
02-28 15:03:25.385 650 664 I mpu_uart: [MSG-P:RECV]:No message received in 1000 ms
02-28 15:03:25.589 4922 5088 E GODZILLA: Original size is 1064960 but real size is 536576
02-28 15:03:25.649 19541 20557 W kcp_info: HCDN_LOG: [T:20557]Update: udp kcp size[0], timeout kcp size[0]
02-28 15:03:25.649 19732 20581 W kcp_info: HCDN_LOG: [T:20581]Update: udp kcp size[0], timeout kcp size[0]
02-28 15:03:26.128 19732 21123 E cube_taskex: HCDN_LOG: [T:21123]Java_com_qiyi_hcdndownloader_HCDNDownloaderTask_GetFileSizeNative 170: taskptr = 0xb3dc2a10
02-28 15:03:26.128 19732 21123 E cube_taskex: HCDN_LOG: [T:21123]Java_com_qiyi_hcdndownloader_HCDNDownloaderTask_GetDownloadSizeNative 187: taskptr = 0xb3dc2a10
02-28 15:03:26.128 19732 21123 E cube_taskex: HCDN_LOG: [T:21123]Java_com_qiyi_hcdndownloader_HCDNDownloaderTask_GetSpeedNative 139: taskptr = 0xb3dc2a10
02-28 15:03:26.386 650 664 I mpu_uart: [MSG-P:RECV]:No message received in 1000 ms
01-09 09:16:40.742 0 0 I msm_vidc: err : ffffffff: .....: DBLP Set: status 0
02-28 15:03:26.676 19541 20557 W kcp_info: HCDN_LOG: [T:20557]Update: udp kcp size[0], timeout kcp size[0]
02-28 15:03:26.690 19732 20581 W kcp_info: HCDN_LOG: [T:20581]Update: udp kcp size[0], timeout kcp size[0]
02-28 15:03:26.925 1342 1399 E tlogd : [TzLogger](isPathReadable) file /sys/kernel/debug/tzdbg/qsee_log isn't exist or no permission, err: No such file or directory
02-28 15:03:26.925 1342 1399 E tlogd : [TzLogger](saveTzlogAsync) /sys/kernel/debug/tzdbg/qsee_log can not read.
02-28 15:03:26.925 1342 1399 E tlogd : [TzLogger](isPathReadable) file /sys/kernel/debug/tzdbg/log isn't exist or no permission, err: No such file or directory
02-28 15:03:26.925 1342 1399 E tlogd : [TzLogger](saveTzlogAsync) /sys/kernel/debug/tzdbg/log can not read.
02-28 15:03:27.386 650 664 I mpu_uart: [MSG-P:RECV]:No message received in 1000 ms
02-28 15:03:27.387 19732 21123 E cube_taskex: HCDN_LOG: [T:21123]Java_com_qiyi_hcdndownloader_HCDNDownloaderTask_GetFileSizeNative 170: taskptr = 0xb3dc2a10
02-28 15:03:27.387 19732 21123 E cube_taskex: HCDN_LOG: [T:21123]Java_com_qiyi_hcdndownloader_HCDNDownloaderTask_GetDownloadSizeNative 187: taskptr = 0xb3dc2a10
02-28 15:03:27.387 19732 21123 E cube_taskex: HCDN_LOG: [T:21123]Java_com_qiyi_hcdndownloader_HCDNDownloaderTask_GetSpeedNative 139: taskptr = 0xb3dc2a10
02-28 15:03:27.691 19541 20557 W kcp_info: HCDN_LOG: [T:20557]Update: udp kcp size[0], timeout kcp size[0]
02-28 15:03:27.704 19732 20581 W kcp_info: HCDN_LOG: [T:20581]Update: udp kcp size[0], timeout kcp size[0]
02-28 15:03:27.780 650 663 I mpu_uart: [MSG-P:R]:recv sync frame timeout
01-09 09:16:42.180 0 0 E DTC_ETH,link_delay_work_func: 3003, SQI=0, link=0
02-28 15:03:28.386 650 664 I mpu_uart: [MSG-P:RECV]:No message received in 1000 ms
02-28 15:03:28.649 19732 21123 E cube_taskex: HCDN_LOG: [T:21123]Java_com_qiyi_hcdndownloader_HCDNDownloaderTask_GetFileSizeNative 170: taskptr = 0xb3dc2a10
02-28 15:03:28.649 19732 21123 E cube_taskex: HCDN_LOG: [T:21123]Java_com_qiyi_hcdndownloader_HCDNDownloaderTask_GetDownloadSizeNative 187: taskptr = 0xb3dc2a10
02-28 15:03:28.649 19732 21123 E cube_taskex: HCDN_LOG: [T:21123]Java_com_qiyi_hcdndownloader_HCDNDownloaderTask_GetSpeedNative 139: taskptr = 0xb3dc2a10
02-28 15:03:28.709 19541 20557 W kcp_info: HCDN_LOG: [T:20557]Update: udp kcp size[0], timeout kcp size[0]
02-28 15:03:28.713 19732 20581 W kcp_info: HCDN_LOG: [T:20581]Update: udp kcp size[0], timeout kcp size[0]
02-28 15:03:29.387 650 664 I mpu_uart: [MSG-P:RECV]:No message received in 1000 ms
02-28 15:03:29.736 19541 20557 W kcp_info: HCDN_LOG: [T:20557]Update: udp kcp size[0], timeout kcp size[0]
02-28 15:03:29.741 19732 20581 W kcp_info: HCDN_LOG: [T:20581]Update: udp kcp size[0], timeout kcp size[0]
02-28 15:03:29.846 19732 21123 E cube_taskex: HCDN_LOG: [T:21123]Java_com_qiyi_hcdndownloader_HCDNDownloaderTask_GetFileSizeNative 170: taskptr = 0xb3dc2a10
02-28 15:03:29.846 19732 21123 E cube_taskex: HCDN_LOG: [T:21123]Java_com_qiyi_hcdndownloader_HCDNDownloaderTask_GetDownloadSizeNative 187: taskptr = 0xb3dc2a10
02-28 15:03:29.846 19732 21123 E cube_taskex: HCDN_LOG: [T:21123]Java_com_qiyi_hcdndownloader_HCDNDownloaderTask_GetSpeedNative 139: taskptr = 0xb3dc2a10
02-28 15:03:30.387 650 664 I mpu_uart: [MSG-P:RECV]:No message received in 1000 ms
02-28 15:03:30.736 19541 20557 W kcp_info: HCDN_LOG: [T:20557]Update: udp kcp size[0], timeout kcp size[0]
02-28 15:03:30.766 19732 20581 W kcp_info: HCDN_LOG: [T:20581]Update: udp kcp size[0], timeout kcp size[0]
02-28 15:03:30.784 650 663 I mpu_uart: [MSG-P:R]:recv sync frame timeout
02-28 15:03:31.058 19732 21123 E cube_taskex: HCDN_LOG: [T:21123]Java_com_qiyi_hcdndownloader_HCDNDownloaderTask_GetFileSizeNative 170: taskptr = 0xb3dc2a10
02-28 15:03:31.058 19732 21123 E cube_taskex: HCDN_LOG: [T:21123]Java_com_qiyi_hcdndownloader_HCDNDownloaderTask_GetDownloadSizeNative 187: taskptr = 0xb3dc2a10
02-28 15:03:31.059 19732 21123 E cube_taskex: HCDN_LOG: [T:21123]Java_com_qiyi_hcdndownloader_HCDNDownloaderTask_GetSpeedNative 139: taskptr = 0xb3dc2a10
02-28 15:03:31.388 650 664 I mpu_uart: [MSG-P:RECV]:No message received in 1000 ms
02-28 15:03:31.522 2905 14894 I hpplay-java: [AsyncTask #209]:IM_MessageClient:heartBeatReceived
02-28 15:03:31.732 19541 20557 W kcp_info: HCDN_LOG: [T:20557]Update: udp kcp size[0], timeout kcp size[0]
02-28 15:03:31.780 19732 20581 W kcp_info: HCDN_LOG: [T:20581]Update: udp kcp size[0], timeout kcp size[0]
02-28 15:03:31.925 1342 1399 E tlogd : [TzLogger](isPathReadable) file /sys/kernel/debug/tzdbg/qsee_log isn't exist or no permission, err: No such file or directory
02-28 15:03:31.926 1342 1399 E tlogd : [TzLogger](saveTzlogAsync) /sys/kernel/debug/tzdbg/qsee_log can not read.
02-28 15:03:31.926 1342 1399 E tlogd : [TzLogger](isPathReadable) file /sys/kernel/debug/tzdbg/log isn't exist or no permission, err: No such file or directory
02-28 15:03:31.926 1342 1399 E tlogd : [TzLogger](saveTzlogAsync) /sys/kernel/debug/tzdbg/log can not read.
02-28 15:03:32.259 19732 21123 E cube_taskex: HCDN_LOG: [T:21123]Java_com_qiyi_hcdndownloader_HCDNDownloaderTask_GetFileSizeNative 170: taskptr = 0xb3dc2a10
02-28 15:03:32.260 19732 21123 E cube_taskex: HCDN_LOG: [T:21123]Java_com_qiyi_hcdndownloader_HCDNDownloaderTask_GetDownloadSizeNative 187: taskptr = 0xb3dc2a10
02-28 15:03:32.260 19732 21123 E cube_taskex: HCDN_LOG: [T:21123]Java_com_qiyi_hcdndownloader_HCDNDownloaderTask_GetSpeedNative 139: taskptr = 0xb3dc2a10
02-28 15:03:32.388 650 664 I mpu_uart: [MSG-P:RECV]:No message received in 1000 ms
02-28 15:03:32.739 19541 20557 W kcp_info: HCDN_LOG: [T:20557]Update: udp kcp size[0], timeout kcp size[0]
02-28 15:03:32.773 19732 20581 W kcp_info: HCDN_LOG: [T:20581]Update: udp kcp size[0], timeout kcp size[0]
01-09 09:16:47.300 0 0 E DTC_ETH,link_delay_work_func: 3003, SQI=0, link=0
02-28 15:03:33.389 650 664 I mpu_uart: [MSG-P:RECV]:No message received in 1000 ms
02-28 15:03:33.501 19732 21123 E cube_taskex: HCDN_LOG: [T:21123]Java_com_qiyi_hcdndownloader_HCDNDownloaderTask_GetFileSizeNative 170: taskptr = 0xb3dc2a10
02-28 15:03:33.501 19732 21123 E cube_taskex: HCDN_LOG: [T:21123]Java_com_qiyi_hcdndownloader_HCDNDownloaderTask_GetDownloadSizeNative 187: taskptr = 0xb3dc2a10
02-28 15:03:33.502 19732 21123 E cube_taskex: HCDN_LOG: [T:21123]Java_com_qiyi_hcdndownloader_HCDNDownloaderTask_GetSpeedNative 139: taskptr = 0xb3dc2a10
02-28 15:03:33.523 12341 12418 E GODZILLA: Original size is 1064960 but real size is 536576
02-28 15:03:33.527 12341 12418 E GODZILLA: Original size is 1064960 but real size is 536576
02-28 15:03:33.529 12341 17664 E GODZILLA: Original size is 1064960 but real size is 536576
02-28 15:03:33.717 1186 1186 I CNSS : cnss_open_log_file: directory /data/vendor/wifi/wlan_logs/ created
02-28 15:03:33.748 19541 20557 W kcp_info: HCDN_LOG: [T:20557]Update: udp kcp size[0], timeout kcp size[0]
02-28 15:03:33.787 650 663 I mpu_uart: [MSG-P:R]:recv sync frame timeout
02-28 15:03:33.789 19732 20581 W kcp_info: HCDN_LOG: [T:20581]Update: udp kcp size[0], timeout kcp size[0]
02-28 15:03:34.248 4922 5088 E GODZILLA: Original size is 1064960 but real size is 536576
02-28 15:03:34.389 650 664 I mpu_uart: [MSG-P:RECV]:No message received in 1000 ms
02-28 15:03:34.680 19732 21123 E cube_taskex: HCDN_LOG: [T:21123]Java_com_qiyi_hcdndownloader_HCDNDownloaderTask_GetFileSizeNative 170: taskptr = 0xb3dc2a10
02-28 15:03:34.681 19732 21123 E cube_taskex: HCDN_LOG: [T:21123]Java_com_qiyi_hcdndownloader_HCDNDownloaderTask_GetDownloadSizeNative 187: taskptr = 0xb3dc2a10
02-28 15:03:34.681 19732 21123 E cube_taskex: HCDN_LOG: [T:21123]Java_com_qiyi_hcdndownloader_HCDNDownloaderTask_GetSpeedNative 139: taskptr = 0xb3dc2a10
02-28 15:03:34.784 19732 20581 W kcp_info: HCDN_LOG: [T:20581]Update: udp kcp size[0], timeout kcp size[0]
02-28 15:03:34.784 19541 20557 W kcp_info: HCDN_LOG: [T:20557]Update: udp kcp size[0], timeout kcp size[0]
02-28 15:03:35.390 650 664 I mpu_uart: [MSG-P:RECV]:No message received in 1000 ms
02-28 15:03:35.683 30797 30797 I auditd : type=1400 audit(0.0:22873): avc: granted { nlmsg_readpriv } for comm="DaemonThread-6" scontext=u:r:untrusted_app_27:s0:c104,c256,c512,c768 tcontext=u:r:untrusted_app_27:s0:c104,c256,c512,c768 tclass=netlink_route_socket app=com.taobao.taobao
02-28 15:03:35.683 30797 30797 W DaemonThread-6: type=1400 audit(0.0:22873): avc: granted { nlmsg_readpriv } for scontext=u:r:untrusted_app_27:s0:c104,c256,c512,c768 tcontext=u:r:untrusted_app_27:s0:c104,c256,c512,c768 tclass=netlink_route_socket app=com.taobao.taobao
02-28 15:03:35.792 19541 20557 W kcp_info: HCDN_LOG: [T:20557]Update: udp kcp size[0], timeout kcp size[0]
02-28 15:03:35.828 19732 20581 W kcp_info: HCDN_LOG: [T:20581]Update: udp kcp size[0], timeout kcp size[0]
02-28 15:03:35.953 19732 21123 E cube_taskex: HCDN_LOG: [T:21123]Java_com_qiyi_hcdndownloader_HCDNDownloaderTask_GetFileSizeNative 170: taskptr = 0xb3dc2a10
02-28 15:03:35.953 19732 21123 E cube_taskex: HCDN_LOG: [T:21123]Java_com_qiyi_hcdndownloader_HCDNDownloaderTask_GetDownloadSizeNative 187: taskptr = 0xb3dc2a10
02-28 15:03:35.953 19732 21123 E cube_taskex: HCDN_LOG: [T:21123]Java_com_qiyi_hcdndownloader_HCDNDownloaderTask_GetSpeedNative 139: taskptr = 0xb3dc2a10
02-28 15:03:36.255 30797 30797 I auditd : type=1400 audit(0.0:22874): avc: granted { nlmsg_readpriv } for comm="DaemonThread-6" scontext=u:r:untrusted_app_27:s0:c104,c256,c512,c768 tcontext=u:r:untrusted_app_27:s0:c104,c256,c512,c768 tclass=netlink_route_socket app=com.taobao.taobao
02-28 15:03:36.255 30797 30797 W DaemonThread-6: type=1400 audit(0.0:22874): avc: granted { nlmsg_readpriv } for scontext=u:r:untrusted_app_27:s0:c104,c256,c512,c768 tcontext=u:r:untrusted_app_27:s0:c104,c256,c512,c768 tclass=netlink_route_socket app=com.taobao.taobao
02-28 15:03:36.390 650 664 I mpu_uart: [MSG-P:RECV]:No message received in 1000 ms
02-28 15:03:36.791 650 663 I mpu_uart: [MSG-P:R]:recv sync frame timeout
02-28 15:03:36.792 19541 20557 W kcp_info: HCDN_LOG: [T:20557]Update: udp kcp size[0], timeout kcp size[0]
02-28 15:03:36.842 19732 20581 W kcp_info: HCDN_LOG: [T:20581]Update: udp kcp size[0], timeout kcp size[0]
02-28 15:03:36.926 1342 1399 E tlogd : [TzLogger](isPathReadable) file /sys/kernel/debug/tzdbg/qsee_log isn't exist or no permission, err: No such file or directory
02-28 15:03:36.926 1342 1399 E tlogd : [TzLogger](saveTzlogAsync) /sys/kernel/debug/tzdbg/qsee_log can not read.
02-28 15:03:36.926 1342 1399 E tlogd : [TzLogger](isPathReadable) file /sys/kernel/debug/tzdbg/log isn't exist or no permission, err: No such file or directory
02-28 15:03:36.926 1342 1399 E tlogd : [TzLogger](saveTzlogAsync) /sys/kernel/debug/tzdbg/log can not read.
02-28 15:03:36.937 1544 1642 I am_uid_idle: 10064
02-28 15:03:37.101 19732 21123 E cube_taskex: HCDN_LOG: [T:21123]Java_com_qiyi_hcdndownloader_HCDNDownloaderTask_GetFileSizeNative 170: taskptr = 0xb3dc2a10
02-28 15:03:37.101 19732 21123 E cube_taskex: HCDN_LOG: [T:21123]Java_com_qiyi_hcdndownloader_HCDNDownloaderTask_GetDownloadSizeNative 187: taskptr = 0xb3dc2a10
02-28 15:03:37.101 19732 21123 E cube_taskex: HCDN_LOG: [T:21123]Java_com_qiyi_hcdndownloader_HCDNDownloaderTask_GetSpeedNative 139: taskptr = 0xb3dc2a10
02-28 15:03:37.390 650 664 I mpu_uart: [MSG-P:RECV]:No message received in 1000 ms
02-28 15:03:37.836 19541 20557 W kcp_info: HCDN_LOG: [T:20557]Update: udp kcp size[0], timeout kcp size[0]
02-28 15:03:37.860 19732 20581 W kcp_info: HCDN_LOG: [T:20581]Update: udp kcp size[0], timeout kcp size[0]
01-09 09:16:52.420 0 0 E DTC_ETH,link_delay_work_func: 3003, SQI=0, link=0
02-28 15:03:38.317 19732 21123 E cube_taskex: HCDN_LOG: [T:21123]Java_com_qiyi_hcdndownloader_HCDNDownloaderTask_GetFileSizeNative 170: taskptr = 0xb3dc2a10
02-28 15:03:38.317 19732 21123 E cube_taskex: HCDN_LOG: [T:21123]Java_com_qiyi_hcdndownloader_HCDNDownloaderTask_GetDownloadSizeNative 187: taskptr = 0xb3dc2a10
02-28 15:03:38.317 19732 21123 E cube_taskex: HCDN_LOG: [T:21123]Java_com_qiyi_hcdndownloader_HCDNDownloaderTask_GetSpeedNative 139: taskptr = 0xb3dc2a10
02-28 15:03:38.391 650 664 I mpu_uart: [MSG-P:RECV]:No message received in 1000 ms
02-28 15:03:38.675 4922 5088 E GODZILLA: Original size is 1064960 but real size is 536576
02-28 15:03:38.867 19732 20581 W kcp_info: HCDN_LOG: [T:20581]Update: udp kcp size[0], timeout kcp size[0]
02-28 15:03:38.868 19541 20557 W kcp_info: HCDN_LOG: [T:20557]Update: udp kcp size[0], timeout kcp size[0]
02-28 15:03:39.391 650 664 I mpu_uart: [MSG-P:RECV]:No message received in 1000 ms
02-28 15:03:39.581 19732 21123 E cube_taskex: HCDN_LOG: [T:21123]Java_com_qiyi_hcdndownloader_HCDNDownloaderTask_GetFileSizeNative 170: taskptr = 0xb3dc2a10
02-28 15:03:39.581 19732 21123 E cube_taskex: HCDN_LOG: [T:21123]Java_com_qiyi_hcdndownloader_HCDNDownloaderTask_GetDownloadSizeNative 187: taskptr = 0xb3dc2a10
02-28 15:03:39.581 19732 21123 E cube_taskex: HCDN_LOG: [T:21123]Java_com_qiyi_hcdndownloader_HCDNDownloaderTask_GetSpeedNative 139: taskptr = 0xb3dc2a10
02-28 15:03:39.794 650 663 I mpu_uart: [MSG-P:R]:recv sync frame timeout
02-28 15:03:39.899 19541 20557 W kcp_info: HCDN_LOG: [T:20557]Update: udp kcp size[0], timeout kcp size[0]
02-28 15:03:39.901 19732 20581 W kcp_info: HCDN_LOG: [T:20581]Update: udp kcp size[0], timeout kcp size[0]
02-28 15:03:40.392 650 664 I mpu_uart: [MSG-P:RECV]:No message received in 1000 ms
02-28 15:03:40.774 19732 21123 E cube_taskex: HCDN_LOG: [T:21123]Java_com_qiyi_hcdndownloader_HCDNDownloaderTask_GetFileSizeNative 170: taskptr = 0xb3dc2a10
02-28 15:03:40.774 19732 21123 E cube_taskex: HCDN_LOG: [T:21123]Java_com_qiyi_hcdndownloader_HCDNDownloaderTask_GetDownloadSizeNative 187: taskptr = 0xb3dc2a10
02-28 15:03:40.774 19732 21123 E cube_taskex: HCDN_LOG: [T:21123]Java_com_qiyi_hcdndownloader_HCDNDownloaderTask_GetSpeedNative 139: taskptr = 0xb3dc2a10
02-28 15:03:40.899 19732 20581 W kcp_info: HCDN_LOG: [T:20581]Update: udp kcp size[0], timeout kcp size[0]
02-28 15:03:40.900 19541 20557 W kcp_info: HCDN_LOG: [T:20557]Update: udp kcp size[0], timeout kcp size[0]
02-28 15:03:41.392 650 664 I mpu_uart: [MSG-P:RECV]:No message received in 1000 ms
02-28 15:03:41.387 9926 9926 I auditd : type=1400 audit(0.0:22875): avc: denied { use } for comm="UsbFfs-worker" path="anon_inode:[eventfd]" dev="anon_inodefs" ino=10296 scontext=u:r:su:s0 tcontext=u:r:adbd:s0 tclass=fd permissive=1
02-28 15:03:41.387 9926 9926 I UsbFfs-worker: type=1400 audit(0.0:22875): avc: denied { use } for path="anon_inode:[eventfd]" dev="anon_inodefs" ino=10296 scontext=u:r:su:s0 tcontext=u:r:adbd:s0 tclass=fd permissive=1
02-28 15:03:41.655 19541 19541 I auditd : type=1400 audit(0.0:22876): avc: denied { open } for comm="HCDN_DownloadEn" path="/proc/stat" dev="proc" ino=4026532245 scontext=u:r:untrusted_app:s0:c103,c256,c512,c768 tcontext=u:object_r:proc_stat:s0 tclass=file permissive=1 app=com.qiyi.video
02-28 15:03:41.655 19541 19541 I HCDN_DownloadEn: type=1400 audit(0.0:22876): avc: denied { open } for path="/proc/stat" dev="proc" ino=4026532245 scontext=u:r:untrusted_app:s0:c103,c256,c512,c768 tcontext=u:object_r:proc_stat:s0 tclass=file permissive=1 app=com.qiyi.video
02-28 15:03:41.655 19541 19541 I auditd : type=1400 audit(0.0:22877): avc: denied { getattr } for comm="HCDN_DownloadEn" path="/proc/stat" dev="proc" ino=4026532245 scontext=u:r:untrusted_app:s0:c103,c256,c512,c768 tcontext=u:object_r:proc_stat:s0 tclass=file permissive=1 app=com.qiyi.video
02-28 15:03:41.655 19541 19541 I HCDN_DownloadEn: type=1400 audit(0.0:22877): avc: denied { getattr } for path="/proc/stat" dev="proc" ino=4026532245 scontext=u:r:untrusted_app:s0:c103,c256,c512,c768 tcontext=u:object_r:proc_stat:s0 tclass=file permissive=1 app=com.qiyi.video
02-28 15:03:41.927 1342 1399 E tlogd : [TzLogger](isPathReadable) file /sys/kernel/debug/tzdbg/qsee_log isn't exist or no permission, err: No such file or directory
02-28 15:03:41.927 1342 1399 E tlogd : [TzLogger](saveTzlogAsync) /sys/kernel/debug/tzdbg/qsee_log can not read.
02-28 15:03:41.927 1342 1399 E tlogd : [TzLogger](isPathReadable) file /sys/kernel/debug/tzdbg/log isn't exist or no permission, err: No such file or directory
02-28 15:03:41.927 1342 1399 E tlogd : [TzLogger](saveTzlogAsync) /sys/kernel/debug/tzdbg/log can not read.
02-28 15:03:41.928 19541 20557 W kcp_info: HCDN_LOG: [T:20557]Update: udp kcp size[0], timeout kcp size[0]
02-28 15:03:41.929 19732 20581 W kcp_info: HCDN_LOG: [T:20581]Update: udp kcp size[0], timeout kcp size[0]
02-28 15:03:42.007 19732 21123 E cube_taskex: HCDN_LOG: [T:21123]Java_com_qiyi_hcdndownloader_HCDNDownloaderTask_GetFileSizeNative 170: taskptr = 0xb3dc2a10
02-28 15:03:42.007 19732 21123 E cube_taskex: HCDN_LOG: [T:21123]Java_com_qiyi_hcdndownloader_HCDNDownloaderTask_GetDownloadSizeNative 187: taskptr = 0xb3dc2a10
02-28 15:03:42.008 19732 21123 E cube_taskex: HCDN_LOG: [T:21123]Java_com_qiyi_hcdndownloader_HCDNDownloaderTask_GetSpeedNative 139: taskptr = 0xb3dc2a10
02-28 15:03:42.393 650 664 I mpu_uart: [MSG-P:RECV]:No message received in 1000 ms
02-28 15:03:42.798 650 663 I mpu_uart: [MSG-P:R]:recv sync frame timeout
02-28 15:03:42.961 19732 20581 W kcp_info: HCDN_LOG: [T:20581]Update: udp kcp size[0], timeout kcp size[0]
02-28 15:03:42.961 19541 20557 W kcp_info: HCDN_LOG: [T:20557]Update: udp kcp size[0], timeout kcp size[0]
01-09 09:16:57.540 0 0 E DTC_ETH,link_delay_work_func: 3003, SQI=0, link=0
02-28 15:03:43.310 19732 21123 E cube_taskex: HCDN_LOG: [T:21123]Java_com_qiyi_hcdndownloader_HCDNDownloaderTask_GetFileSizeNative 170: taskptr = 0xb3dc2a10
02-28 15:03:43.310 19732 21123 E cube_taskex: HCDN_LOG: [T:21123]Java_com_qiyi_hcdndownloader_HCDNDownloaderTask_GetDownloadSizeNative 187: taskptr = 0xb3dc2a10
02-28 15:03:43.310 19732 21123 E cube_taskex: HCDN_LOG: [T:21123]Java_com_qiyi_hcdndownloader_HCDNDownloaderTask_GetSpeedNative 139: taskptr = 0xb3dc2a10
02-28 15:03:43.393 650 664 I mpu_uart: [MSG-P:RECV]:No message received in 1000 ms
02-28 15:03:43.966 19732 20581 W kcp_info: HCDN_LOG: [T:20581]Update: udp kcp size[0], timeout kcp size[0]
02-28 15:03:43.967 19541 20557 W kcp_info: HCDN_LOG: [T:20557]Update: udp kcp size[0], timeout kcp size[0]
02-28 15:03:44.394 650 664 I mpu_uart: [MSG-P:RECV]:No message received in 1000 ms
02-28 15:03:44.467 19732 21123 E cube_taskex: HCDN_LOG: [T:21123]Java_com_qiyi_hcdndownloader_HCDNDownloaderTask_GetFileSizeNative 170: taskptr = 0xb3dc2a10
02-28 15:03:44.467 19732 21123 E cube_taskex: HCDN_LOG: [T:21123]Java_com_qiyi_hcdndownloader_HCDNDownloaderTask_GetDownloadSizeNative 187: taskptr = 0xb3dc2a10
02-28 15:03:44.467 19732 21123 E cube_taskex: HCDN_LOG: [T:21123]Java_com_qiyi_hcdndownloader_HCDNDownloaderTask_GetSpeedNative 139: taskptr = 0xb3dc2a10
02-28 15:03:44.588 30797 31510 I cr.sandbox: BrowserIOThread heartbeat, interval/index: 30s/145, render: 11(NORMAL_WITHOUT_SECCOMP), gpu: 2(FULL)
02-28 15:03:44.986 19541 20557 W kcp_info: HCDN_LOG: [T:20557]Update: udp kcp size[0], timeout kcp size[0]
02-28 15:03:44.999 19732 20581 W kcp_info: HCDN_LOG: [T:20581]Update: udp kcp size[0], timeout kcp size[0]
02-28 15:03:45.394 650 664 I mpu_uart: [MSG-P:RECV]:No message received in 1000 ms
02-28 15:03:45.687 19732 21123 E cube_taskex: HCDN_LOG: [T:21123]Java_com_qiyi_hcdndownloader_HCDNDownloaderTask_GetFileSizeNative 170: taskptr = 0xb3dc2a10
02-28 15:03:45.687 19732 21123 E cube_taskex: HCDN_LOG: [T:21123]Java_com_qiyi_hcdndownloader_HCDNDownloaderTask_GetDownloadSizeNative 187: taskptr = 0xb3dc2a10
02-28 15:03:45.687 19732 21123 E cube_taskex: HCDN_LOG: [T:21123]Java_com_qiyi_hcdndownloader_HCDNDownloaderTask_GetSpeedNative 139: taskptr = 0xb3dc2a10
02-28 15:03:45.801 650 663 I mpu_uart: [MSG-P:R]:recv sync frame timeout
02-28 15:03:46.001 19541 20557 W kcp_info: HCDN_LOG: [T:20557]Update: udp kcp size[0], timeout kcp size[0]
02-28 15:03:46.016 19732 20581 W kcp_info: HCDN_LOG: [T:20581]Update: udp kcp size[0], timeout kcp size[0]
02-28 15:03:46.395 650 664 I mpu_uart: [MSG-P:RECV]:No message received in 1000 ms
02-28 15:03:46.928 1342 1399 E tlogd : [TzLogger](isPathReadable) file /sys/kernel/debug/tzdbg/qsee_log isn't exist or no permission, err: No such file or directory
02-28 15:03:46.928 1342 1399 E tlogd : [TzLogger](saveTzlogAsync) /sys/kernel/debug/tzdbg/qsee_log can not read.
02-28 15:03:46.928 1342 1399 E tlogd : [TzLogger](isPathReadable) file /sys/kernel/debug/tzdbg/log isn't exist or no permission, err: No such file or directory
02-28 15:03:46.928 1342 1399 E tlogd : [TzLogger](saveTzlogAsync) /sys/kernel/debug/tzdbg/log can not read.
02-28 15:03:46.940 19732 21123 E cube_taskex: HCDN_LOG: [T:21123]Java_com_qiyi_hcdndownloader_HCDNDownloaderTask_GetFileSizeNative 170: taskptr = 0xb3dc2a10
02-28 15:03:46.940 19732 21123 E cube_taskex: HCDN_LOG: [T:21123]Java_com_qiyi_hcdndownloader_HCDNDownloaderTask_GetDownloadSizeNative 187: taskptr = 0xb3dc2a10
02-28 15:03:46.940 19732 21123 E cube_taskex: HCDN_LOG: [T:21123]Java_com_qiyi_hcdndownloader_HCDNDownloaderTask_GetSpeedNative 139: taskptr = 0xb3dc2a10
02-28 15:03:47.006 19541 20557 W kcp_info: HCDN_LOG: [T:20557]Update: udp kcp size[0], timeout kcp size[0]
02-28 15:03:47.020 19732 20581 W kcp_info: HCDN_LOG: [T:20581]Update: udp kcp size[0], timeout kcp size[0]
02-28 15:03:47.395 650 664 I mpu_uart: [MSG-P:RECV]:No message received in 1000 ms
02-28 15:03:48.040 19732 20581 W kcp_info: HCDN_LOG: [T:20581]Update: udp kcp size[0], timeout kcp size[0]
02-28 15:03:48.040 19541 20557 W kcp_info: HCDN_LOG: [T:20557]Update: udp kcp size[0], timeout kcp size[0]
02-28 15:03:48.177 19732 21123 E cube_taskex: HCDN_LOG: [T:21123]Java_com_qiyi_hcdndownloader_HCDNDownloaderTask_GetFileSizeNative 170: taskptr = 0xb3dc2a10
02-28 15:03:48.177 19732 21123 E cube_taskex: HCDN_LOG: [T:21123]Java_com_qiyi_hcdndownloader_HCDNDownloaderTask_GetDownloadSizeNative 187: taskptr = 0xb3dc2a10
02-28 15:03:48.178 19732 21123 E cube_taskex: HCDN_LOG: [T:21123]Java_com_qiyi_hcdndownloader_HCDNDownloaderTask_GetSpeedNative 139: taskptr = 0xb3dc2a10
01-09 09:17:02.660 0 0 E DTC_ETH,link_delay_work_func: 3003, SQI=0, link=0
02-28 15:03:48.396 650 664 I mpu_uart: [MSG-P:RECV]:No message received in 1000 ms
02-28 15:03:48.805 650 663 I mpu_uart: [MSG-P:R]:recv sync frame timeout
02-28 15:03:48.883 12341 12418 E GODZILLA: Original size is 1064960 but real size is 536576
02-28 15:03:48.886 12341 17676 E GODZILLA: Original size is 1064960 but real size is 536576
01-09 09:17:03.177 0 0 I qcom_rpmh DRV: apps_rsc TCS Busy, retrying RPMH message send: addr=0x40d00
02-28 15:03:49.037 19541 20557 W kcp_info: HCDN_LOG: [T:20557]Update: udp kcp size[0], timeout kcp size[0]
02-28 15:03:49.074 19732 20581 W kcp_info: HCDN_LOG: [T:20581]Update: udp kcp size[0], timeout kcp size[0]
02-28 15:03:49.396 19732 21123 E cube_taskex: HCDN_LOG: [T:21123]Java_com_qiyi_hcdndownloader_HCDNDownloaderTask_GetFileSizeNative 170: taskptr = 0xb3dc2a10
02-28 15:03:49.396 19732 21123 E cube_taskex: HCDN_LOG: [T:21123]Java_com_qiyi_hcdndownloader_HCDNDownloaderTask_GetDownloadSizeNative 187: taskptr = 0xb3dc2a10
02-28 15:03:49.396 650 664 I mpu_uart: [MSG-P:RECV]:No message received in 1000 ms
02-28 15:03:49.396 19732 21123 E cube_taskex: HCDN_LOG: [T:21123]Java_com_qiyi_hcdndownloader_HCDNDownloaderTask_GetSpeedNative 139: taskptr = 0xb3dc2a10
02-28 15:03:50.079 19541 20557 W kcp_info: HCDN_LOG: [T:20557]Update: udp kcp size[0], timeout kcp size[0]
02-28 15:03:50.108 19732 20581 W kcp_info: HCDN_LOG: [T:20581]Update: udp kcp size[0], timeout kcp size[0]
02-28 15:03:50.397 650 664 I mpu_uart: [MSG-P:RECV]:No message received in 1000 ms
01-09 09:17:04.705 0 0 I [dp_rx_][0x3469d78408][15:03:50.413000] wlan: [3682:I:QDF] DHCP-D RX: SA:16:4e:03:f1:75:97 DA:ff:ff:ff:ff:ff:ff
02-28 15:03:50.642 19732 21123 E cube_taskex: HCDN_LOG: [T:21123]Java_com_qiyi_hcdndownloader_HCDNDownloaderTask_GetFileSizeNative 170: taskptr = 0xb3dc2a10
02-28 15:03:50.642 19732 21123 E cube_taskex: HCDN_LOG: [T:21123]Java_com_qiyi_hcdndownloader_HCDNDownloaderTask_GetDownloadSizeNative 187: taskptr = 0xb3dc2a10
02-28 15:03:50.642 19732 21123 E cube_taskex: HCDN_LOG: [T:21123]Java_com_qiyi_hcdndownloader_HCDNDownloaderTask_GetSpeedNative 139: taskptr = 0xb3dc2a10
02-28 15:03:51.120 19541 20557 W kcp_info: HCDN_LOG: [T:20557]Update: udp kcp size[0], timeout kcp size[0]
02-28 15:03:51.129 1232 15491 I OMX-VENC: venc_dev: stats: avg. fps 0.04, bitrate 952
02-28 15:03:51.123 1232 1232 I auditd : type=1400 audit(0.0:22878): avc: denied { call } for comm="OMXCallbackDisp" scontext=u:r:mediacodec:s0 tcontext=u:r:su:s0 tclass=binder permissive=1
02-28 15:03:51.123 1232 1232 I OMXCallbackDisp: type=1400 audit(0.0:22878): avc: denied { call } for scontext=u:r:mediacodec:s0 tcontext=u:r:su:s0 tclass=binder permissive=1
02-28 15:03:51.127 15467 15467 I auditd : type=1400 audit(0.0:22879): avc: denied { call } for comm="MediaCodec_loop" scontext=u:r:su:s0 tcontext=u:r:mediaserver:s0 tclass=binder permissive=1
02-28 15:03:51.127 15467 15467 I MediaCodec_loop: type=1400 audit(0.0:22879): avc: denied { call } for scontext=u:r:su:s0 tcontext=u:r:mediaserver:s0 tclass=binder permissive=1
02-28 15:03:51.127 15467 15467 I auditd : type=1400 audit(0.0:22880): avc: denied { transfer } for comm="MediaCodec_loop" scontext=u:r:su:s0 tcontext=u:r:mediaserver:s0 tclass=binder permissive=1
02-28 15:03:51.127 15467 15467 I MediaCodec_loop: type=1400 audit(0.0:22880): avc: denied { transfer } for scontext=u:r:su:s0 tcontext=u:r:mediaserver:s0 tclass=binder permissive=1
02-28 15:03:51.148 19732 20581 W kcp_info: HCDN_LOG: [T:20581]Update: udp kcp size[0], timeout kcp size[0]
02-28 15:03:51.203 0 0 I auditd : type=1400 audit(0.0:22881): avc: denied { kill } for comm="swapper/0" capability=5 scontext=u:r:kernel:s0 tcontext=u:r:kernel:s0 tclass=capability permissive=1
02-28 15:03:51.203 0 0 I swapper/0: type=1400 audit(0.0:22881): avc: denied { kill } for capability=5 scontext=u:r:kernel:s0 tcontext=u:r:kernel:s0 tclass=capability permissive=1
02-28 15:03:51.306 16413 17609 W SQLiteLog: (28) double-quoted string literal: "dm_insight"
02-28 15:03:51.307 16413 17609 W SQLiteLog: (28) double-quoted string literal: "config_update"
02-28 15:03:51.309 16413 17609 W SQLiteLog: (28) double-quoted string literal: "dm_insight"
02-28 15:03:51.309 16413 17609 W SQLiteLog: (28) double-quoted string literal: "config_effect"
02-28 15:03:51.310 16413 17609 W SQLiteLog: (28) double-quoted string literal: "Adaemon"
02-28 15:03:51.311 16413 17609 W SQLiteLog: (28) double-quoted string literal: "processStat"
02-28 15:03:51.313 16413 17609 W SQLiteLog: (28) double-quoted string literal: "Adaemon"
02-28 15:03:51.313 16413 17609 W SQLiteLog: (28) double-quoted string literal: "lifecycleStat"
02-28 15:03:51.315 16413 17609 W SQLiteLog: (28) double-quoted string literal: "networkPrefer"
02-28 15:03:51.315 16413 17609 W SQLiteLog: (28) double-quoted string literal: "conn_stat"
02-28 15:03:51.317 16413 17609 W SQLiteLog: (28) double-quoted string literal: "APreferences"
02-28 15:03:51.317 16413 17609 W SQLiteLog: (28) double-quoted string literal: "ipcStat"
02-28 15:03:51.318 16413 17609 W SQLiteLog: (28) double-quoted string literal: "accs"
02-28 15:03:51.318 16413 17609 W SQLiteLog: (28) double-quoted string literal: "silence_conn"
02-28 15:03:51.320 16413 17609 W SQLiteLog: (28) double-quoted string literal: "splitBundle"
02-28 15:03:51.320 16413 17609 W SQLiteLog: (28) double-quoted string literal: "splitLoader"
02-28 15:03:51.321 16413 17609 W SQLiteLog: (28) double-quoted string literal: "networkPrefer"
02-28 15:03:51.321 16413 17609 W SQLiteLog: (28) double-quoted string literal: "amdcAseResult"
02-28 15:03:51.321 16413 17609 W SQLiteLog: (28) double-quoted string literal: "networkPrefer"
02-28 15:03:51.322 16413 17609 W SQLiteLog: (28) double-quoted string literal: "flow"
02-28 15:03:51.322 16413 17609 W SQLiteLog: (28) double-quoted string literal: "networkPrefer"
02-28 15:03:51.322 16413 17609 W SQLiteLog: (28) double-quoted string literal: "amdcResult"
02-28 15:03:51.323 16413 17609 W SQLiteLog: (28) double-quoted string literal: "networkPrefer"
02-28 15:03:51.323 16413 17609 W SQLiteLog: (28) double-quoted string literal: "strategy_stat"
02-28 15:03:51.324 16413 17609 W SQLiteLog: (28) double-quoted string literal: "Adaemon"
02-28 15:03:51.324 16413 17609 W SQLiteLog: (28) double-quoted string literal: "processMemStat"
02-28 15:03:51.397 650 664 I mpu_uart: [MSG-P:RECV]:No message received in 1000 ms
02-28 15:03:51.808 650 663 I mpu_uart: [MSG-P:R]:recv sync frame timeout
02-28 15:03:51.881 19732 21123 E cube_taskex: HCDN_LOG: [T:21123]Java_com_qiyi_hcdndownloader_HCDNDownloaderTask_GetFileSizeNative 170: taskptr = 0xb3dc2a10
02-28 15:03:51.881 19732 21123 E cube_taskex: HCDN_LOG: [T:21123]Java_com_qiyi_hcdndownloader_HCDNDownloaderTask_GetDownloadSizeNative 187: taskptr = 0xb3dc2a10
02-28 15:03:51.881 19732 21123 E cube_taskex: HCDN_LOG: [T:21123]Java_com_qiyi_hcdndownloader_HCDNDownloaderTask_GetSpeedNative 139: taskptr = 0xb3dc2a10
02-28 15:03:51.928 1342 1399 E tlogd : [TzLogger](isPathReadable) file /sys/kernel/debug/tzdbg/qsee_log isn't exist or no permission, err: No such file or directory
02-28 15:03:51.928 1342 1399 E tlogd : [TzLogger](saveTzlogAsync) /sys/kernel/debug/tzdbg/qsee_log can not read.
02-28 15:03:51.928 1342 1399 E tlogd : [TzLogger](isPathReadable) file /sys/kernel/debug/tzdbg/log isn't exist or no permission, err: No such file or directory
02-28 15:03:51.928 1342 1399 E tlogd : [TzLogger](saveTzlogAsync) /sys/kernel/debug/tzdbg/log can not read.
02-28 15:03:52.124 19541 20557 W kcp_info: HCDN_LOG: [T:20557]Update: udp kcp size[0], timeout kcp size[0]
02-28 15:03:52.134 1232 15491 I OMX-VENC: venc_dev: stats: avg. fps 9.95, bitrate 250836
02-28 15:03:52.152 19732 20581 W kcp_info: HCDN_LOG: [T:20581]Update: udp kcp size[0], timeout kcp size[0]
02-28 15:03:52.381 16448 16636 I cr.sandbox.render: RenderIOThread heartbeat, interval/index: 30s/3, render: 11(NORMAL_WITHOUT_SECCOMP), gpu: 2(FULL)
02-28 15:03:52.396 16448 16619 I cr.sandbox.render: RenderMainThread heartbeat, interval/index: 30s/3, render: 11(NORMAL_WITHOUT_SECCOMP), gpu: 2(FULL)
02-28 15:03:52.397 650 664 I mpu_uart: [MSG-P:RECV]:No message received in 1000 ms
02-28 15:03:52.582 16522 16651 I cr.sandbox.gpu: GpuMainThread heartbeat, interval/index: 30/3
02-28 15:03:52.624 19732 20589 W multisource: HCDN_LOG: [T:20589]UpdateMaxSpeed TOTAL => play speed:0[len:0, tm:0], offline speed:0[len:0, tm:0], predeploy speed:0[len:0, tm:0], m_maxDownloadSpeed:0
02-28 15:03:53.111 19732 21123 E cube_taskex: HCDN_LOG: [T:21123]Java_com_qiyi_hcdndownloader_HCDNDownloaderTask_GetFileSizeNative 170: taskptr = 0xb3dc2a10
02-28 15:03:53.112 19732 21123 E cube_taskex: HCDN_LOG: [T:21123]Java_com_qiyi_hcdndownloader_HCDNDownloaderTask_GetDownloadSizeNative 187: taskptr = 0xb3dc2a10
02-28 15:03:53.112 19732 21123 E cube_taskex: HCDN_LOG: [T:21123]Java_com_qiyi_hcdndownloader_HCDNDownloaderTask_GetSpeedNative 139: taskptr = 0xb3dc2a10
02-28 15:03:53.144 19541 20557 W kcp_info: HCDN_LOG: [T:20557]Update: udp kcp size[0], timeout kcp size[0]
02-28 15:03:53.194 19732 20581 W kcp_info: HCDN_LOG: [T:20581]Update: udp kcp size[0], timeout kcp size[0]
02-28 15:03:53.398 650 664 I mpu_uart: [MSG-P:RECV]:No message received in 1000 ms
01-09 09:17:07.780 0 0 E DTC_ETH,link_delay_work_func: 3003, SQI=0, link=0
01-09 09:17:07.942 0 0 I msm_vidc: err : ffffffff: .....: DBLP Set: status 0
02-28 15:03:54.147 19541 20557 W kcp_info: HCDN_LOG: [T:20557]Update: udp kcp size[0], timeout kcp size[0]
02-28 15:03:54.228 19732 20581 W kcp_info: HCDN_LOG: [T:20581]Update: udp kcp size[0], timeout kcp size[0]
02-28 15:03:54.369 19732 21123 E cube_taskex: HCDN_LOG: [T:21123]Java_com_qiyi_hcdndownloader_HCDNDownloaderTask_GetFileSizeNative 170: taskptr = 0xb3dc2a10
02-28 15:03:54.369 19732 21123 E cube_taskex: HCDN_LOG: [T:21123]Java_com_qiyi_hcdndownloader_HCDNDownloaderTask_GetDownloadSizeNative 187: taskptr = 0xb3dc2a10
02-28 15:03:54.369 19732 21123 E cube_taskex: HCDN_LOG: [T:21123]Java_com_qiyi_hcdndownloader_HCDNDownloaderTask_GetSpeedNative 139: taskptr = 0xb3dc2a10
02-28 15:03:54.398 650 664 I mpu_uart: [MSG-P:RECV]:No message received in 1000 ms
02-28 15:03:54.812 650 663 I mpu_uart: [MSG-P:R]:recv sync frame timeout
02-28 15:03:54.816 19541 20565 W multisource: HCDN_LOG: [T:20565]UpdateMaxSpeed TOTAL => play speed:0[len:0, tm:0], offline speed:0[len:0, tm:0], predeploy speed:0[len:0, tm:0], m_maxDownloadSpeed:0
02-28 15:03:55.151 19541 20557 W kcp_info: HCDN_LOG: [T:20557]Update: udp kcp size[0], timeout kcp size[0]
02-28 15:03:55.241 19732 20581 W kcp_info: HCDN_LOG: [T:20581]Update: udp kcp size[0], timeout kcp size[0]
02-28 15:03:55.398 650 664 I mpu_uart: [MSG-P:RECV]:No message received in 1000 ms
02-28 15:03:55.600 19732 21123 E cube_taskex: HCDN_LOG: [T:21123]Java_com_qiyi_hcdndownloader_HCDNDownloaderTask_GetFileSizeNative 170: taskptr = 0xb3dc2a10
02-28 15:03:55.600 19732 21123 E cube_taskex: HCDN_LOG: [T:21123]Java_com_qiyi_hcdndownloader_HCDNDownloaderTask_GetDownloadSizeNative 187: taskptr = 0xb3dc2a10
02-28 15:03:55.600 19732 21123 E cube_taskex: HCDN_LOG: [T:21123]Java_com_qiyi_hcdndownloader_HCDNDownloaderTask_GetSpeedNative 139: taskptr = 0xb3dc2a10
02-28 15:03:55.670 4922 5088 E GODZILLA: Original size is 1064960 but real size is 536576
02-28 15:03:56.171 19541 20557 W kcp_info: HCDN_LOG: [T:20557]Update: udp kcp size[0], timeout kcp size[0]
02-28 15:03:56.268 19732 20581 W kcp_info: HCDN_LOG: [T:20581]Update: udp kcp size[0], timeout kcp size[0]
02-28 15:03:56.398 650 664 I mpu_uart: [MSG-P:RECV]:No message received in 1000 ms
02-28 15:03:56.816 19732 21123 E cube_taskex: HCDN_LOG: [T:21123]Java_com_qiyi_hcdndownloader_HCDNDownloaderTask_GetFileSizeNative 170: taskptr = 0xb3dc2a10
02-28 15:03:56.817 19732 21123 E cube_taskex: HCDN_LOG: [T:21123]Java_com_qiyi_hcdndownloader_HCDNDownloaderTask_GetDownloadSizeNative 187: taskptr = 0xb3dc2a10
02-28 15:03:56.817 19732 21123 E cube_taskex: HCDN_LOG: [T:21123]Java_com_qiyi_hcdndownloader_HCDNDownloaderTask_GetSpeedNative 139: taskptr = 0xb3dc2a10
02-28 15:03:56.929 1342 1399 E tlogd : [TzLogger](isPathReadable) file /sys/kernel/debug/tzdbg/qsee_log isn't exist or no permission, err: No such file or directory
02-28 15:03:56.929 1342 1399 E tlogd : [TzLogger](saveTzlogAsync) /sys/kernel/debug/tzdbg/qsee_log can not read.
02-28 15:03:56.929 1342 1399 E tlogd : [TzLogger](isPathReadable) file /sys/kernel/debug/tzdbg/log isn't exist or no permission, err: No such file or directory
02-28 15:03:56.929 1342 1399 E tlogd : [TzLogger](saveTzlogAsync) /sys/kernel/debug/tzdbg/log can not read.
02-28 15:03:57.136 1232 15491 I OMX-VENC: venc_dev: stats: avg. fps 0.20, bitrate 5015
02-28 15:03:57.164 19541 20557 W kcp_info: HCDN_LOG: [T:20557]Update: udp kcp size[0], timeout kcp size[0]
02-28 15:03:57.308 19732 20581 W kcp_info: HCDN_LOG: [T:20581]Update: udp kcp size[0], timeout kcp size[0]
02-28 15:03:57.399 650 664 I mpu_uart: [MSG-P:RECV]:No message received in 1000 ms
02-28 15:03:57.815 650 663 I mpu_uart: [MSG-P:R]:recv sync frame timeout
02-28 15:03:58.019 19732 21123 E cube_taskex: HCDN_LOG: [T:21123]Java_com_qiyi_hcdndownloader_HCDNDownloaderTask_GetFileSizeNative 170: taskptr = 0xb3dc2a10
02-28 15:03:58.019 19732 21123 E cube_taskex: HCDN_LOG: [T:21123]Java_com_qiyi_hcdndownloader_HCDNDownloaderTask_GetDownloadSizeNative 187: taskptr = 0xb3dc2a10
02-28 15:03:58.019 19732 21123 E cube_taskex: HCDN_LOG: [T:21123]Java_com_qiyi_hcdndownloader_HCDNDownloaderTask_GetSpeedNative 139: taskptr = 0xb3dc2a10
02-28 15:03:58.145 1232 15491 I OMX-VENC: venc_dev: stats: avg. fps 9.91, bitrate 466339
02-28 15:03:58.169 19541 20557 W kcp_info: HCDN_LOG: [T:20557]Update: udp kcp size[0], timeout kcp size[0]
02-28 15:03:58.331 19732 20581 W kcp_info: HCDN_LOG: [T:20581]Update: udp kcp size[0], timeout kcp size[0]
02-28 15:03:58.399 650 664 I mpu_uart: [MSG-P:RECV]:No message received in 1000 ms
01-09 09:17:12.900 0 0 E DTC_ETH,link_delay_work_func: 3003, SQI=0, link=0
02-28 15:03:59.168 19541 20557 W kcp_info: HCDN_LOG: [T:20557]Update: udp kcp size[0], timeout kcp size[0]
02-28 15:03:59.256 19732 21123 E cube_taskex: HCDN_LOG: [T:21123]Java_com_qiyi_hcdndownloader_HCDNDownloaderTask_GetFileSizeNative 170: taskptr = 0xb3dc2a10
02-28 15:03:59.256 19732 21123 E cube_taskex: HCDN_LOG: [T:21123]Java_com_qiyi_hcdndownloader_HCDNDownloaderTask_GetDownloadSizeNative 187: taskptr = 0xb3dc2a10
02-28 15:03:59.256 19732 21123 E cube_taskex: HCDN_LOG: [T:21123]Java_com_qiyi_hcdndownloader_HCDNDownloaderTask_GetSpeedNative 139: taskptr = 0xb3dc2a10
02-28 15:03:59.360 19732 20581 W kcp_info: HCDN_LOG: [T:20581]Update: udp kcp size[0], timeout kcp size[0]
02-28 15:03:59.400 650 664 I mpu_uart: [MSG-P:RECV]:No message received in 1000 ms
01-09 09:17:13.958 0 0 I msm_vidc: err : ffffffff: .....: DBLP Set: status 0
02-28 15:04:00.004 2050 2050 D KeyguardUpdateMonitor: received broadcast android.intent.action.TIME_TICK
02-28 15:04:00.006 2050 2050 D KeyguardUpdateMonitor: handleTimeUpdate
02-28 15:04:00.079 19732 20576 W hcdn_downloadengine: HCDN_LOG: [T:20576]UpdateCellularNetCdnP2pPolicy,5518 conntype:wifi,isp:CMNET,province:SiChuan,tf-status:-1,cdn_param_direct:0,play_policy:2,offline_policy:2
02-28 15:04:00.081 1232 15491 I OMX-VENC: venc_dev: stats: avg. fps 0.52, bitrate 14150
02-28 15:04:00.120 19541 20551 W hcdn_downloadengine: HCDN_LOG: [T:20551]UpdateCellularNetCdnP2pPolicy,5518 conntype:wifi,isp:CMNET,province:SiChuan,tf-status:-1,cdn_param_direct:0,play_policy:2,offline_policy:2
02-28 15:04:00.177 19541 20557 W kcp_info: HCDN_LOG: [T:20557]Update: udp kcp size[0], timeout kcp size[0]
02-28 15:04:00.371 19732 20581 W kcp_info: HCDN_LOG: [T:20581]Update: udp kcp size[0], timeout kcp size[0]
02-28 15:04:00.400 650 664 I mpu_uart: [MSG-P:RECV]:No message received in 1000 ms
02-28 15:04:00.442 19732 21123 E cube_taskex: HCDN_LOG: [T:21123]Java_com_qiyi_hcdndownloader_HCDNDownloaderTask_GetFileSizeNative 170: taskptr = 0xb3dc2a10
02-28 15:04:00.443 19732 21123 E cube_taskex: HCDN_LOG: [T:21123]Java_com_qiyi_hcdndownloader_HCDNDownloaderTask_GetDownloadSizeNative 187: taskptr = 0xb3dc2a10
02-28 15:04:00.443 19732 21123 E cube_taskex: HCDN_LOG: [T:21123]Java_com_qiyi_hcdndownloader_HCDNDownloaderTask_GetSpeedNative 139: taskptr = 0xb3dc2a10
02-28 15:04:00.815 16413 16413 I auditd : type=1400 audit(0.0:22882): avc: denied { read } for comm="CrashSDKBkgdHan" name="loadavg" dev="proc" ino=4026532243 scontext=u:r:untrusted_app_27:s0:c104,c256,c512,c768 tcontext=u:object_r:proc_loadavg:s0 tclass=file permissive=1 app=com.taobao.taobao
02-28 15:04:00.815 16413 16413 I CrashSDKBkgdHan: type=1400 audit(0.0:22882): avc: denied { read } for name="loadavg" dev="proc" ino=4026532243 scontext=u:r:untrusted_app_27:s0:c104,c256,c512,c768 tcontext=u:object_r:proc_loadavg:s0 tclass=file permissive=1 app=com.taobao.taobao
02-28 15:04:00.815 16413 16413 I auditd : type=1400 audit(0.0:22883): avc: denied { open } for comm="CrashSDKBkgdHan" path="/proc/loadavg" dev="proc" ino=4026532243 scontext=u:r:untrusted_app_27:s0:c104,c256,c512,c768 tcontext=u:object_r:proc_loadavg:s0 tclass=file permissive=1 app=com.taobao.taobao
02-28 15:04:00.815 16413 16413 I CrashSDKBkgdHan: type=1400 audit(0.0:22883): avc: denied { open } for path="/proc/loadavg" dev="proc" ino=4026532243 scontext=u:r:untrusted_app_27:s0:c104,c256,c512,c768 tcontext=u:object_r:proc_loadavg:s0 tclass=file permissive=1 app=com.taobao.taobao
02-28 15:04:00.815 16413 16413 I auditd : type=1400 audit(0.0:22884): avc: denied { open } for comm="CrashSDKBkgdHan" path="/proc/stat" dev="proc" ino=4026532245 scontext=u:r:untrusted_app_27:s0:c104,c256,c512,c768 tcontext=u:object_r:proc_stat:s0 tclass=file permissive=1 app=com.taobao.taobao
02-28 15:04:00.815 16413 16413 I CrashSDKBkgdHan: type=1400 audit(0.0:22884): avc: denied { open } for path="/proc/stat" dev="proc" ino=4026532245 scontext=u:r:untrusted_app_27:s0:c104,c256,c512,c768 tcontext=u:object_r:proc_stat:s0 tclass=file permissive=1 app=com.taobao.taobao
02-28 15:04:01.089 1232 15491 I OMX-VENC: venc_dev: stats: avg. fps 9.92, bitrate 256358
02-28 15:04:01.205 19541 20557 W kcp_info: HCDN_LOG: [T:20557]Update: udp kcp size[0], timeout kcp size[0]
02-28 15:04:01.271 19541 20043 I IM-VIDEO: KEPLER > Ping send, @kepler-scheduled-0, [INIT][ACTIVE](88)
02-28 15:04:01.273 19541 20043 I IM-VIDEO: Q> ConnState onPingSuccess
02-28 15:04:01.273 19541 20043 I IM-VIDEO: Broadcast sendTo: com.iqiyi.hotchat.connect.ping.success
02-28 15:04:01.273 19541 19575 I CONNECTOR: Sent(3): 070000
02-28 15:04:01.275 19541 20043 I IM-VIDEO: HCHttpActions getStandardTime, URL: http://data.video.iqiyi.com/t
02-28 15:04:01.275 19541 20043 I IM-VIDEO-I: ipv6HttpUtils performGetRequest, Url: http://data.video.iqiyi.com/t
02-28 15:04:01.401 650 664 I mpu_uart: [MSG-P:RECV]:No message received in 1000 ms
02-28 15:04:01.411 19732 20581 W kcp_info: HCDN_LOG: [T:20581]Update: udp kcp size[0], timeout kcp size[0]
02-28 15:04:01.422 19541 20043 I IM-VIDEO-I: ipv6HttpUtils performGetRequest, Res: {"t":"1677664421","i":"220.181.109.33"}
02-28 15:04:01.423 19541 20043 I IM-VIDEO: HCHttpActions getStandardTime, RES: {"t":"1677664421","i":"^_^"}
02-28 15:04:01.424 19541 20043 I IM-VIDEO: StandardTimeUtils sync, diff: 96579576
02-28 15:04:01.612 19732 21123 E cube_taskex: HCDN_LOG: [T:21123]Java_com_qiyi_hcdndownloader_HCDNDownloaderTask_GetFileSizeNative 170: taskptr = 0xb3dc2a10
02-28 15:04:01.612 19732 21123 E cube_taskex: HCDN_LOG: [T:21123]Java_com_qiyi_hcdndownloader_HCDNDownloaderTask_GetDownloadSizeNative 187: taskptr = 0xb3dc2a10
02-28 15:04:01.612 19732 21123 E cube_taskex: HCDN_LOG: [T:21123]Java_com_qiyi_hcdndownloader_HCDNDownloaderTask_GetSpeedNative 139: taskptr = 0xb3dc2a10
02-28 15:04:01.929 1342 1399 E tlogd : [TzLogger](isPathReadable) file /sys/kernel/debug/tzdbg/qsee_log isn't exist or no permission, err: No such file or directory
02-28 15:04:01.930 1342 1399 E tlogd : [TzLogger](saveTzlogAsync) /sys/kernel/debug/tzdbg/qsee_log can not read.
02-28 15:04:01.930 1342 1399 E tlogd : [TzLogger](isPathReadable) file /sys/kernel/debug/tzdbg/log isn't exist or no permission, err: No such file or directory
