02-28 15:02:20.565 30797 30797 I cr.ucmedia: [media_service_impl.cc(57) ~MediaServiceImpl] 0x72a97f9a20[16/2]
02-28 15:02:20.566 30797 30797 I cr.ucmedia: [media_service_impl.cc(57) ~MediaServiceImpl] 0x72a97f86d0[17/1]
02-28 15:02:20.566 30797 30797 I cr.ucmedia: [media_service_impl.cc(57) ~MediaServiceImpl] 0x73068917f0[18/0]
02-28 15:02:20.569 30797 30797 I cr.sandbox.aw_browser_terminator: Render process crashed: n, app foreground: n, crash count: 6
02-28 15:02:20.569 30797 30797 I cr.sandbox: [process_setting.cc(47) SetProcMode] render process mode changed: 11(NORMAL_WITHOUT_SECCOMP) -> -1(INVALID)
02-28 15:02:20.569 30797 30797 E sandbox.AwContents: Render onProcessGone - crashed: false, inCache: false - 2373d75
02-28 15:02:20.570 30797 30797 E sandbox.MPStats: onRenderProcessGone - awcontents: 2373d75, pid: 15161, crashed: false, gone count: 6, app will reload: true
02-28 15:02:20.570 30797 30797 I sandbox.MPStats: url0: about:blank?static
02-28 15:02:20.570 30797 16411 I ActivityThread: Acquiring provider com.taobao.taobao:channel for user 0: existing object's process dead
02-28 15:02:20.570 30797 16411 I ActivityThread: Removing dead content provider:android.content.ContentProviderProxy@d40d8be
02-28 15:02:20.570 30797 30797 E sandbox.Render.NN.ServiceSetting: process gone, live time: 729774, count: 0, events: 0TfVUYXWQPIKHGBDC0TfVUYXWQPIKHGBDC0TfVUYXWQPIKHGBDC0TfVUYXWQP
02-28 15:02:20.570 30797 30797 E sandbox.AwContents: Render onProcessGone - crashed: false, inCache: false - 49ae68f
02-28 15:02:20.571 30797 30797 E sandbox.MPStats: onRenderProcessGone - awcontents: 49ae68f, pid: 15161, crashed: false, gone count: 6, app will reload: true
02-28 15:02:20.571 30797 30797 I sandbox.MPStats: url0: https://hybrid.miniapp.taobao.com/index....
02-28 15:02:20.571 30797 30797 E sandbox.AwContents: Render onProcessGone - crashed: false, inCache: false - 93c2914
02-28 15:02:20.571 1544 12850 D CompatibilityChangeReporter: Compat change id reported: 135634846; UID 10104; state: DISABLED
02-28 15:02:20.571 1544 12850 D CompatibilityChangeReporter: Compat change id reported: 177438394; UID 10104; state: DISABLED
02-28 15:02:20.571 1544 12850 D CompatibilityChangeReporter: Compat change id reported: 135772972; UID 10104; state: DISABLED
02-28 15:02:20.571 1544 12850 D CompatibilityChangeReporter: Compat change id reported: 135754954; UID 10104; state: DISABLED
02-28 15:02:20.572 30797 30797 E sandbox.MPStats: onRenderProcessGone - awcontents: 93c2914, pid: 15161, crashed: false, gone count: 6, app will reload: true
02-28 15:02:20.572 30797 30797 I sandbox.MPStats: url0: https://tbshop.m.taobao.com/app/tb-shop-...
02-28 15:02:20.572 30797 30797 I cr.sandbox.aw_browser_terminator: FallbackToNonIsolatedIfNeeded, HasChannelEverConnected: Y
02-28 15:02:20.573 1544 1643 D CompatibilityChangeReporter: Compat change id reported: 143937733; UID 10104; state: DISABLED
02-28 15:02:20.578 1544 1639 I am_pss : [16110,1000,com.android.settings,124228608,115908608,50176,242827264,0,15,14]
02-28 15:02:20.581 673 673 D Zygote : Forked child process 16413
02-28 15:02:20.581 1544 1643 I am_proc_start: [0,16413,10104,com.taobao.taobao:channel,content provider,{com.taobao.taobao/com.taobao.accs.AccsIPCProvider}]
02-28 15:02:20.581 1544 1643 I ActivityManager: Start proc 16413:com.taobao.taobao:channel/u0a104 for content provider {com.taobao.taobao/com.taobao.accs.AccsIPCProvider}
02-28 15:02:20.585 1544 1639 I am_pss : [16143,10082,com.qualcomm.qti.qccauthmgr,6619136,4382720,50176,91275264,0,19,6]
02-28 15:02:20.587 16413 16413 I Zygote : seccomp disabled by setenforce 0
02-28 15:02:20.588 16413 16413 I libc : SetHeapTaggingLevel: tag level set to 0
02-28 15:02:20.592 1544 1639 I am_pss : [16090,10065,com.android.gallery3d,7631872,5140480,50176,90714112,0,19,6]
02-28 15:02:20.598 30797 31377 I sandbox.Render.ChildConnAllocator: Allocator freed a connection, name: com.taobao.android.uc.service.SandboxedPrivilegedProcessService, slot: 0
02-28 15:02:20.595 16413 16413 I auditd : type=1400 audit(0.0:21816): avc: denied { connectto } for comm=4144422D4A44575020436F6E6E6563 path=006A6477702D636F6E74726F6C scontext=u:r:untrusted_app_27:s0:c104,c256,c512,c768 tcontext=u:r:su:s0 tclass=unix_stream_socket permissive=1 app=com.taobao.taobao
02-28 15:02:20.595 16413 16413 I zygote64: type=1400 audit(0.0:21816): avc: denied { connectto } for comm=4144422D4A44575020436F6E6E6563 path=006A6477702D636F6E74726F6C scontext=u:r:untrusted_app_27:s0:c104,c256,c512,c768 tcontext=u:r:su:s0 tclass=unix_stream_socket permissive=1 app=com.taobao.taobao
02-28 15:02:20.602 9926 9935 I adbd : jdwp connection from 16413
02-28 15:02:20.607 16413 16413 D ProcessState: Binder ioctl to enable oneway spam detection failed: Invalid argument
01-09 09:15:34.899 0 0 I binder : 16413:16413 ioctl 40046210 7fdc67a694 returned -22
02-28 15:02:20.603 1232 1232 I auditd : type=1400 audit(0.0:21817): avc: denied { call } for comm="OMXCallbackDisp" scontext=u:r:mediacodec:s0 tcontext=u:r:su:s0 tclass=binder permissive=1
02-28 15:02:20.603 1232 1232 I OMXCallbackDisp: type=1400 audit(0.0:21817): avc: denied { call } for scontext=u:r:mediacodec:s0 tcontext=u:r:su:s0 tclass=binder permissive=1
02-28 15:02:20.607 15467 15467 I auditd : type=1400 audit(0.0:21818): avc: denied { call } for comm="CodecLooper" scontext=u:r:su:s0 tcontext=u:r:mediacodec:s0 tclass=binder permissive=1
02-28 15:02:20.607 15467 15467 I CodecLooper: type=1400 audit(0.0:21818): avc: denied { call } for scontext=u:r:su:s0 tcontext=u:r:mediacodec:s0 tclass=binder permissive=1
02-28 15:02:20.613 1544 12850 I am_proc_bound: [0,16413,com.taobao.taobao:channel]
02-28 15:02:20.615 1544 12850 D CompatibilityChangeReporter: Compat change id reported: 168419799; UID 10104; state: DISABLED
02-28 15:02:20.615 1544 12850 D CompatibilityInfo: mCompatibilityFlags - 4
02-28 15:02:20.616 1544 12850 D CompatibilityInfo: applicationDensity - 240
02-28 15:02:20.616 1544 12850 D CompatibilityInfo: applicationScale - 1.0
02-28 15:02:20.621 1544 1642 D CompatibilityInfo: mCompatibilityFlags - 4
02-28 15:02:20.621 1544 1642 D CompatibilityInfo: applicationDensity - 240
02-28 15:02:20.621 1544 1642 D CompatibilityInfo: applicationScale - 1.0
02-28 15:02:20.623 16413 16413 D CompatibilityChangeReporter: Compat change id reported: 171979766; UID 10104; state: DISABLED
02-28 15:02:20.628 16413 16413 D ApplicationLoaders: Returning zygote-cached class loader: /system/framework/android.test.base.jar
02-28 15:02:20.634 16413 16413 W .taobao:channe: ClassLoaderContext shared library size mismatch. Expected=0, found=2 (PCL[] | PCL[]{PCL[/system/framework/android.test.base.jar*3790657674]#PCL[/system/framework/android.test.mock.jar*3606445801]})
02-28 15:02:20.639 16413 16413 D ApplicationLoaders: Returning zygote-cached class loader: /system/framework/android.test.base.jar
02-28 15:02:20.658 16413 16413 I Perf : Connecting to perf service.
02-28 15:02:20.662 16413 16413 V GraphicsEnvironment: ANGLE Developer option for 'com.taobao.taobao' set to: 'default'
02-28 15:02:20.662 16413 16413 V GraphicsEnvironment: ANGLE GameManagerService for com.taobao.taobao: false
02-28 15:02:20.663 16413 16413 V GraphicsEnvironment: Updatable production driver is not supported on the device.
02-28 15:02:20.664 16413 16413 D NetworkSecurityConfig: Using Network Security Config from resource network_security_config debugBuild: false
02-28 15:02:20.665 16413 16413 D NetworkSecurityConfig: Using Network Security Config from resource network_security_config debugBuild: false
02-28 15:02:20.683 16413 16413 I auditd : type=1400 audit(0.0:21819): avc: denied { read } for comm=".taobao:channel" name="version" dev="proc" ino=4026532247 scontext=u:r:untrusted_app_27:s0:c104,c256,c512,c768 tcontext=u:object_r:proc_version:s0 tclass=file permissive=1 app=com.taobao.taobao
02-28 15:02:20.683 16413 16413 I .taobao:channel: type=1400 audit(0.0:21819): avc: denied { read } for name="version" dev="proc" ino=4026532247 scontext=u:r:untrusted_app_27:s0:c104,c256,c512,c768 tcontext=u:object_r:proc_version:s0 tclass=file permissive=1 app=com.taobao.taobao
02-28 15:02:20.683 16413 16413 I auditd : type=1400 audit(0.0:21820): avc: denied { open } for comm=".taobao:channel" path="/proc/version" dev="proc" ino=4026532247 scontext=u:r:untrusted_app_27:s0:c104,c256,c512,c768 tcontext=u:object_r:proc_version:s0 tclass=file permissive=1 app=com.taobao.taobao
02-28 15:02:20.683 16413 16413 I .taobao:channel: type=1400 audit(0.0:21820): avc: denied { open } for path="/proc/version" dev="proc" ino=4026532247 scontext=u:r:untrusted_app_27:s0:c104,c256,c512,c768 tcontext=u:object_r:proc_version:s0 tclass=file permissive=1 app=com.taobao.taobao
02-28 15:02:20.683 16413 16413 I auditd : type=1400 audit(0.0:21821): avc: denied { getattr } for comm=".taobao:channel" path="/proc/version" dev="proc" ino=4026532247 scontext=u:r:untrusted_app_27:s0:c104,c256,c512,c768 tcontext=u:object_r:proc_version:s0 tclass=file permissive=1 app=com.taobao.taobao
02-28 15:02:20.683 16413 16413 I .taobao:channel: type=1400 audit(0.0:21821): avc: denied { getattr } for path="/proc/version" dev="proc" ino=4026532247 scontext=u:r:untrusted_app_27:s0:c104,c256,c512,c768 tcontext=u:object_r:proc_version:s0 tclass=file permissive=1 app=com.taobao.taobao
02-28 15:02:20.695 16413 16413 I crashsdk: LibcMalloc detail: disabled.
02-28 15:02:20.702 16413 16413 E InstantPatcher: no patch
01-09 09:15:34.998 0 0 W audit : audit_lost=18171 audit_rate_limit=5 audit_backlog_limit=64
01-09 09:15:34.998 0 0 E audit : rate limit exceeded
02-28 15:02:20.710 16413 16413 E WindVane.WVPluginManager: HY_REGISTERPLUGIN:WVABGlobalApi::com.taobao.android.ab.jsbridge.WVABGlobalApi
02-28 15:02:20.726 16413 16413 E BundleInfoManager: generate info from generator
02-28 15:02:20.729 16413 16413 E ApplicationInvoker: successfully invoke start application com.taobao.tao.TaoApplication
02-28 15:02:20.749 16413 16413 E WindVane.WVPluginManager: HY_REGISTERPLUGIN:WVUTABDebug::com.alibaba.ut.abtest.internal.debug.DebugWindVanePlugin
02-28 15:02:20.773 30797 30797 W System.err: java.lang.UnsupportedOperationException: This isn't a hierarchical URI.
02-28 15:02:20.773 30797 30797 W System.err: at android.net.Uri.getQueryParameter(Uri.java:1720)
02-28 15:02:20.773 30797 30797 W System.err: at tb.aeo.a(Taobao:31)
02-28 15:02:20.773 30797 30797 W System.err: at com.taobao.weaver.prefetch.f.a(Taobao:67)
02-28 15:02:20.773 30797 30797 W System.err: at android.taobao.windvane.extra.uc.WVUCWebView.reload(Taobao:1808)
02-28 15:02:20.773 30797 30797 W System.err: at android.taobao.windvane.extra.uc.w$2.run(Taobao:562)
02-28 15:02:20.773 30797 30797 W System.err: at android.os.Handler.handleCallback(Handler.java:938)
02-28 15:02:20.773 30797 30797 W System.err: at android.os.Handler.dispatchMessage(Handler.java:99)
02-28 15:02:20.773 30797 30797 W System.err: at android.os.Looper.loopOnce(Looper.java:201)
02-28 15:02:20.773 30797 30797 W System.err: at android.os.Looper.loop(Looper.java:288)
02-28 15:02:20.773 30797 30797 W System.err: at android.app.ActivityThread.main(ActivityThread.java:7880)
02-28 15:02:20.773 30797 30797 W System.err: at java.lang.reflect.Method.invoke(Native Method)
02-28 15:02:20.773 30797 30797 W System.err: at com.android.internal.os.RuntimeInit$MethodAndArgsCaller.run(RuntimeInit.java:548)
02-28 15:02:20.773 30797 30797 W System.err: at com.android.internal.os.ZygoteInit.main(ZygoteInit.java:1009)
02-28 15:02:20.774 30797 30797 I sandbox.MPStats: onEstablishGpuChannelStart: false
02-28 15:02:20.775 30797 30797 I sandbox.GPU.ServiceSetting: event i ESTABLISH_GPU_CHANNEL_S <- 0 END
02-28 15:02:20.775 30797 31510 I cr.gpuproc: [gpu_client_impl.cc(0x72c89c0e10,189) EstablishGpuChannel] client_id: 4, begin
02-28 15:02:20.776 30797 31510 I cr.gpuproc: [gpu_process_host.cc(0x72a97a3360,736) GpuProcessHost] in_process_: 0
02-28 15:02:20.777 30797 31510 I cr.gpuproc: [gpu_process_host.cc(0x72a97a3360,1016) EstablishGpuChannel] client_id: 4, begin
02-28 15:02:20.778 30797 31510 I cr.gpuproc: [gpu_process_host.cc(0x72a97a3360,1045) EstablishGpuChannel] client_id: 4, call service EstablishGpuChannel
02-28 15:02:20.778 30797 31510 I cr.gpuproc: [gpu_process_host.cc(0x72a97a3360,1060) EstablishGpuChannel] client_id: 4, end
02-28 15:02:20.778 30797 31510 I cr.gpuproc: [gpu_client_impl.cc(0x72c89c0e10,230) EstablishGpuChannel] client_id: 4, end
02-28 15:02:20.781 30797 31377 I cr.sandbox: [aw_browser_terminator.cc(275) OnChildStart] OnChildStart
02-28 15:02:20.782 30797 30797 I cr.ucmedia: [media_service_impl.cc(50) MediaServiceImpl] 0x730f1b0840[19/1], web_contents_: 0x72a97edee0
02-28 15:02:20.783 30797 31377 I u4native: [INFO:child_process_launcher_helper_android.cc(139)] renderer.sandbox 0, fd: 263, desc: MojoIPCChannel
02-28 15:02:20.783 30797 31377 I u4native: [INFO:child_process_launcher_helper_android.cc(139)] renderer.sandbox 1, fd: 336, desc: kAndroidWebViewMainPakDescriptor
02-28 15:02:20.783 30797 31377 I u4native: [INFO:child_process_launcher_helper_android.cc(139)] renderer.sandbox 2, fd: 333, desc: kAndroidWebView100PercentPakDescriptor
02-28 15:02:20.783 30797 31377 I u4native: [INFO:child_process_launcher_helper_android.cc(139)] renderer.sandbox 3, fd: 335, desc: kAndroidWebViewLocalePakDescriptor
02-28 15:02:20.783 30797 31377 I u4native: [INFO:child_process_launcher_helper_android.cc(139)] renderer.sandbox 4, fd: 280, desc: kAndroidWebViewCrashSignalDescriptor
02-28 15:02:20.783 30797 31377 I u4native: [INFO:child_process_launcher_helper_android.cc(139)] renderer.sandbox 5, fd: 393, desc: assets/snapshot_blob_32.bin
02-28 15:02:20.783 30797 31377 I u4native: [INFO:child_process_launcher_helper_android.cc(139)] renderer.sandbox 6, fd: 391, desc: assets/snapshot_blob_64.bin
02-28 15:02:20.784 30797 31377 I sandbox.ChildProcLH: createAndStart - process type: renderer
02-28 15:02:20.784 30797 31377 I sandbox.ChildProcLH: start with SpareSandboxedConnection
02-28 15:02:20.784 30797 31377 I sandbox.ChildProcLU: notifyWarmUpStatus, status: SANDBOXED_ACTIVED
02-28 15:02:20.785 30797 31377 I sandbox.[Render.NN]ChildProcessConn@13: addIntentExtras, null, null, /data/user/0/com.taobao.taobao/app_ucmsdk/decompresses2/_159528522/13066248_312739200000/lib
02-28 15:02:20.785 30797 31377 W u4java.sandbox.PreStartup: Can't find connection for proc id 0
02-28 15:02:20.785 30797 31377 I sandbox.Render.ChildConnAllocator: Allocator allocated and bound a connection, name: com.taobao.android.uc.service.SandboxedPrivilegedProcessService, slot: 0
02-28 15:02:20.785 30797 31377 I sandbox.[Render.NN]ChildProcessConn@13: start
02-28 15:02:20.785 30797 31377 I sandbox.[Render.NN]ChildProcessConn@13.WatchDog: start - timeout/retry = 5000/0, event/reason = 5/52
02-28 15:02:20.786 30797 31377 I sandbox.[Render.NN]ChildProcessConn@13: bind - strong: false, com.taobao.android.uc.service.SandboxedPrivilegedProcessService0, com.taobao.taobao...
02-28 15:02:20.786 30797 31377 I sandbox.Render.NN.ServiceSetting: event C BIND <- 0 END
02-28 15:02:20.786 30797 31377 I sandbox.BindService: doBindService - bindServiceByReflection
02-28 15:02:20.787 30797 30797 I sandbox.AwContents: onWarmUpStatusChanged, status: SANDBOXED_ACTIVED
02-28 15:02:20.787 30797 30797 I sandbox.AwContents: onWarmUpStatusChanged, status: SANDBOXED_ACTIVED
02-28 15:02:20.788 30797 30797 I sandbox.AwContents: onWarmUpStatusChanged, status: SANDBOXED_ACTIVED
02-28 15:02:20.788 1544 14086 D CompatibilityChangeReporter: Compat change id reported: 135634846; UID 10104; state: DISABLED
02-28 15:02:20.788 1544 14086 D CompatibilityChangeReporter: Compat change id reported: 177438394; UID 10104; state: DISABLED
02-28 15:02:20.788 1544 14086 D CompatibilityChangeReporter: Compat change id reported: 135772972; UID 10104; state: DISABLED
02-28 15:02:20.788 1544 14086 D CompatibilityChangeReporter: Compat change id reported: 135754954; UID 10104; state: DISABLED
02-28 15:02:20.789 1544 1643 D CompatibilityChangeReporter: Compat change id reported: 143937733; UID 10104; state: DISABLED
02-28 15:02:20.790 30797 30797 I cr.ucmedia: [media_service_impl.cc(50) MediaServiceImpl] 0x730f201990[20/2], web_contents_: 0x7306888570
02-28 15:02:20.790 30797 31377 I sandbox.Render.NN.ServiceSetting: event D BINDING <- C BIND
02-28 15:02:20.791 30797 31377 I sandbox.[Render.NN]ChildProcessConn@13: bindingState changed - 3 <- 0
02-28 15:02:20.791 30797 31377 I sandbox.Render.NN.ServiceSetting: event B LAUNCH_START <- D BINDING
02-28 15:02:20.791 30797 31377 I sandbox.[Render.NN]ChildProcessConn@13.WatchDog: reset - timeout/retry = 5000/0, event/reason = 5/52
02-28 15:02:20.797 30797 30797 I cr.ucmedia: [media_service_impl.cc(50) MediaServiceImpl] 0x72abc14920[21/3], web_contents_: 0x72a9777980
02-28 15:02:20.799 673 673 D Zygote : Forked child process 16448
02-28 15:02:20.799 1544 1643 I am_proc_start: [0,16448,10104,com.taobao.taobao:sandboxed_privilege_process0,service,{com.taobao.taobao/com.taobao.android.uc.service.SandboxedPrivilegedProcessService0}]
02-28 15:02:20.799 1544 1643 I ActivityManager: Start proc 16448:com.taobao.taobao:sandboxed_privilege_process0/u0a104 for service {com.taobao.taobao/com.taobao.android.uc.service.SandboxedPrivilegedProcessService0}
02-28 15:02:20.802 1544 12850 E DatabaseUtils: Writing exception to parcel
02-28 15:02:20.802 1544 12850 E DatabaseUtils: java.lang.SecurityException: com.taobao.taobao was not granted this permission: android.permission.WRITE_SETTINGS.
02-28 15:02:20.802 1544 12850 E DatabaseUtils: at android.provider.Settings.isCallingPackageAllowedToPerformAppOpsProtectedOperation(Settings.java:17094)
02-28 15:02:20.802 1544 12850 E DatabaseUtils: at android.provider.Settings.checkAndNoteWriteSettingsOperation(Settings.java:16982)
02-28 15:02:20.802 1544 12850 E DatabaseUtils: at com.android.providers.settings.SettingsProvider.mutateSystemSetting(SettingsProvider.java:1854)
02-28 15:02:20.802 1544 12850 E DatabaseUtils: at com.android.providers.settings.SettingsProvider.insertSystemSetting(SettingsProvider.java:1820)
02-28 15:02:20.802 1544 12850 E DatabaseUtils: at com.android.providers.settings.SettingsProvider.call(SettingsProvider.java:461)
02-28 15:02:20.802 1544 12850 E DatabaseUtils: at android.content.ContentProvider.call(ContentProvider.java:2464)
02-28 15:02:20.802 1544 12850 E DatabaseUtils: at android.content.ContentProvider$Transport.call(ContentProvider.java:512)
02-28 15:02:20.802 1544 12850 E DatabaseUtils: at android.content.ContentProviderNative.onTransact(ContentProviderNative.java:295)
02-28 15:02:20.802 1544 12850 E DatabaseUtils: at android.os.Binder.execTransactInternal(Binder.java:1179)
02-28 15:02:20.802 1544 12850 E DatabaseUtils: at android.os.Binder.execTransact(Binder.java:1143)
02-28 15:02:20.807 16448 16448 I Zygote : seccomp disabled by setenforce 0
02-28 15:02:20.808 16448 16448 I libc : SetHeapTaggingLevel: tag level set to 0
02-28 15:02:20.810 16413 16413 E adaemon : [isChannelMemOptimizeEnable] enable:true
02-28 15:02:20.817 9926 9935 I adbd : jdwp connection from 16448
02-28 15:02:20.819 16448 16448 D ProcessState: Binder ioctl to enable oneway spam detection failed: Invalid argument
01-09 09:15:35.111 0 0 I binder : 16448:16448 ioctl 40046210 7fdc67a694 returned -22
02-28 15:02:20.825 1544 12850 I am_proc_bound: [0,16448,com.taobao.taobao:sandboxed_privilege_process0]
02-28 15:02:20.826 1544 12850 D CompatibilityInfo: mCompatibilityFlags - 4
02-28 15:02:20.826 1544 12850 D CompatibilityInfo: applicationDensity - 240
02-28 15:02:20.826 1544 12850 D CompatibilityInfo: applicationScale - 1.0
02-28 15:02:20.837 1544 12850 D CompatibilityInfo: mCompatibilityFlags - 4
02-28 15:02:20.837 1544 12850 D CompatibilityInfo: applicationDensity - 240
02-28 15:02:20.837 1544 12850 D CompatibilityInfo: applicationScale - 1.0
02-28 15:02:20.838 16448 16448 D CompatibilityChangeReporter: Compat change id reported: 171979766; UID 10104; state: DISABLED
02-28 15:02:20.843 16448 16448 D ApplicationLoaders: Returning zygote-cached class loader: /system/framework/android.test.base.jar
02-28 15:02:20.849 16448 16448 W vilege_process: ClassLoaderContext shared library size mismatch. Expected=0, found=2 (PCL[] | PCL[]{PCL[/system/framework/android.test.base.jar*3790657674]#PCL[/system/framework/android.test.mock.jar*3606445801]})
02-28 15:02:20.854 16448 16448 D ApplicationLoaders: Returning zygote-cached class loader: /system/framework/android.test.base.jar
02-28 15:02:20.867 19732 20589 W multisource: HCDN_LOG: [T:20589]UpdateMaxSpeed TOTAL => play speed:0[len:0, tm:0], offline speed:0[len:0, tm:0], predeploy speed:0[len:0, tm:0], m_maxDownloadSpeed:0
02-28 15:02:20.873 16448 16448 I Perf : Connecting to perf service.
02-28 15:02:20.877 16448 16448 V GraphicsEnvironment: ANGLE Developer option for 'com.taobao.taobao' set to: 'default'
02-28 15:02:20.878 16448 16448 V GraphicsEnvironment: ANGLE GameManagerService for com.taobao.taobao: false
02-28 15:02:20.878 16448 16448 V GraphicsEnvironment: Updatable production driver is not supported on the device.
02-28 15:02:20.879 16448 16448 D NetworkSecurityConfig: Using Network Security Config from resource network_security_config debugBuild: false
02-28 15:02:20.880 16448 16448 D NetworkSecurityConfig: Using Network Security Config from resource network_security_config debugBuild: false
02-28 15:02:20.909 16413 16487 E adaemon : [isChannelMemOptimizeEnable] enable:true
02-28 15:02:20.915 16448 16448 I crashsdk: LibcMalloc detail: disabled.
02-28 15:02:20.929 16448 16448 E InstantPatcher: no patch
02-28 15:02:20.938 16448 16448 E WindVane.WVPluginManager: HY_REGISTERPLUGIN:WVABGlobalApi::com.taobao.android.ab.jsbridge.WVABGlobalApi
02-28 15:02:20.941 16413 16502 I WebViewFactory: Loading com.android.webview version 95.0.4638.74 (code 463807403)
02-28 15:02:20.947 16413 16427 E awcn.GlobalAppRuntimeInfo: CurrentProcess:com.taobao.taobao:channel TargetProcess:com.taobao.taobao
02-28 15:02:20.948 16413 16427 E awcn.StrategyCenter: registerListener listener:[]
02-28 15:02:20.956 16448 16448 E BundleInfoManager: generate info from generator
02-28 15:02:20.959 16448 16448 E ApplicationInvoker: successfully invoke start application com.taobao.tao.TaoApplication
02-28 15:02:20.959 16413 16486 E awcn.Inet64Util: startIpStackDetect ip stack:1 detectType:udp_connect
02-28 15:02:20.963 16413 16513 E awcn.SessionCenter: |[seq:[default]] onNetworkStatusChanged. networkStatus:WIFI
02-28 15:02:20.964 1544 14086 D ConnectivityService: requestNetwork for uid/pid:10104/16413 activeRequest: null callbackRequest: 516 [NetworkRequest [ REQUEST id=517, [ Capabilities: INTERNET&NOT_RESTRICTED&TRUSTED&NOT_VCN_MANAGED Uid: 10104 RequestorUid: 10104 RequestorPkg: com.taobao.taobao] ]] callback flags: 0 priority: 2147483647
02-28 15:02:20.964 16413 16502 D nativeloader: classloader namespace configured for unbundled product apk. library_path=/product/app/webview/lib/arm64:/product/app/webview/webview.apk!/lib/arm64-v8a:/product/lib64:/system/product/lib64
02-28 15:02:20.965 16413 16486 E awcn.NetworkStatusMonitor: [registerCellularNetworkCallback]
02-28 15:02:20.966 1544 1947 D ConnectivityService: NetReassign [517 : null → 100]
02-28 15:02:20.967 1544 12850 D ConnectivityService: requestNetwork for uid/pid:10104/16413 activeRequest: null callbackRequest: 518 [NetworkRequest [ REQUEST id=518, [ Transports: CELLULAR Capabilities: INTERNET&NOT_RESTRICTED&TRUSTED&NOT_VPN&NOT_VCN_MANAGED Uid: 10104 RequestorUid: 10104 RequestorPkg: com.taobao.taobao] ]] callback flags: 0 priority: 2147483647
02-28 15:02:20.968 1544 2017 D Ethernet: got request NetworkRequest [ REQUEST id=517, [ Capabilities: INTERNET&NOT_RESTRICTED&TRUSTED&NOT_VCN_MANAGED Uid: 10104 RequestorUid: 10104 RequestorPkg: com.taobao.taobao] ]
02-28 15:02:20.968 1544 2017 D EthernetNetworkFactory: acceptRequest, request: NetworkRequest [ REQUEST id=517, [ Capabilities: INTERNET&NOT_RESTRICTED&TRUSTED&NOT_VCN_MANAGED Uid: 10104 RequestorUid: 10104 RequestorPkg: com.taobao.taobao] ]
02-28 15:02:20.968 1544 2017 I EthernetNetworkFactory: networkForRequest, request: NetworkRequest [ REQUEST id=517, [ Capabilities: INTERNET&NOT_RESTRICTED&TRUSTED&NOT_VCN_MANAGED Uid: 10104 RequestorUid: 10104 RequestorPkg: com.taobao.taobao] ], network: null
02-28 15:02:20.968 1544 1897 D WifiNetworkFactory: got request NetworkRequest [ REQUEST id=517, [ Capabilities: INTERNET&NOT_RESTRICTED&TRUSTED&NOT_VCN_MANAGED Uid: 10104 RequestorUid: 10104 RequestorPkg: com.taobao.taobao] ]
02-28 15:02:20.968 1544 1897 D UntrustedWifiNetworkFactory: got request NetworkRequest [ REQUEST id=517, [ Capabilities: INTERNET&NOT_RESTRICTED&TRUSTED&NOT_VCN_MANAGED Uid: 10104 RequestorUid: 10104 RequestorPkg: com.taobao.taobao] ]
02-28 15:02:20.969 1544 1897 D OemPaidWifiNetworkFactory: got request NetworkRequest [ REQUEST id=517, [ Capabilities: INTERNET&NOT_RESTRICTED&TRUSTED&NOT_VCN_MANAGED Uid: 10104 RequestorUid: 10104 RequestorPkg: com.taobao.taobao] ]
02-28 15:02:20.969 1544 1947 D ConnectivityService: NetReassign [no changes]
02-28 15:02:20.977 30797 31378 I cr.sandbox: [aw_browser_terminator.cc(275) OnChildStart] OnChildStart
02-28 15:02:20.978 30797 31378 I u4native: [INFO:child_process_launcher_helper_android.cc(139)] gpu-process.sandbox 0, fd: 154, desc: MojoIPCChannel
02-28 15:02:20.978 30797 31378 I u4native: [INFO:child_process_launcher_helper_android.cc(139)] gpu-process.sandbox 1, fd: 336, desc: kAndroidWebViewMainPakDescriptor
02-28 15:02:20.978 30797 31378 I u4native: [INFO:child_process_launcher_helper_android.cc(139)] gpu-process.sandbox 2, fd: 333, desc: kAndroidWebView100PercentPakDescriptor
02-28 15:02:20.978 30797 31378 I u4native: [INFO:child_process_launcher_helper_android.cc(139)] gpu-process.sandbox 3, fd: 335, desc: kAndroidWebViewLocalePakDescriptor
02-28 15:02:20.979 30797 31378 I u4native: [INFO:child_process_launcher_helper_android.cc(139)] gpu-process.sandbox 4, fd: 305, desc: kAndroidWebViewCrashSignalDescriptor
02-28 15:02:20.979 30797 31378 I sandbox.ChildProcLH: createAndStart - process type: gpu-process
02-28 15:02:20.980 30797 31378 I sandbox.[GPU]ChildProcessConn@14: addIntentExtras, null, null, /data/user/0/com.taobao.taobao/app_ucmsdk/decompresses2/_159528522/13066248_312739200000/lib
02-28 15:02:20.980 30797 31378 W u4java.sandbox.PreStartup: Can't find connection for proc id 2
02-28 15:02:20.980 30797 31378 I sandbox.GPU.ChildConnAllocator: Allocator allocated and bound a connection, name: com.taobao.android.uc.service.GpuProcessService, slot: 0
02-28 15:02:20.980 30797 31378 I sandbox.[GPU]ChildProcessConn@14: start
02-28 15:02:20.980 30797 31378 I sandbox.[GPU]ChildProcessConn@14.WatchDog: start - timeout/retry = 5000/0, event/reason = 5/52
02-28 15:02:20.980 30797 31378 I sandbox.[GPU]ChildProcessConn@14: bind - strong: true, com.taobao.android.uc.service.GpuProcessService0, com.taobao.taobao...
02-28 15:02:20.981 30797 31378 I sandbox.GPU.ServiceSetting: event C BIND <- i ESTABLISH_GPU_CHANNEL_S
02-28 15:02:20.984 30797 31378 I sandbox.BindService: doBindService - bindServiceByReflection
02-28 15:02:20.986 1544 12850 D CompatibilityChangeReporter: Compat change id reported: 135634846; UID 10104; state: DISABLED
02-28 15:02:20.987 1544 12850 D CompatibilityChangeReporter: Compat change id reported: 177438394; UID 10104; state: DISABLED
02-28 15:02:20.987 1544 12850 D CompatibilityChangeReporter: Compat change id reported: 135772972; UID 10104; state: DISABLED
02-28 15:02:20.987 1544 12850 D CompatibilityChangeReporter: Compat change id reported: 135754954; UID 10104; state: DISABLED
02-28 15:02:20.988 1544 1643 D CompatibilityChangeReporter: Compat change id reported: 143937733; UID 10104; state: DISABLED
02-28 15:02:20.988 30797 31378 I sandbox.GPU.ServiceSetting: event D BINDING <- C BIND
02-28 15:02:20.988 30797 31378 I sandbox.[GPU]ChildProcessConn@14: bindingState changed - 3 <- 0
02-28 15:02:20.989 30797 31378 I sandbox.GPU.ServiceSetting: event B LAUNCH_START <- D BINDING
02-28 15:02:20.989 30797 31378 I sandbox.[GPU]ChildProcessConn@14.WatchDog: reset - timeout/retry = 5000/0, event/reason = 5/52
02-28 15:02:20.994 16448 16448 E WindVane.WVPluginManager: HY_REGISTERPLUGIN:WVUTABDebug::com.alibaba.ut.abtest.internal.debug.DebugWindVanePlugin
02-28 15:02:20.996 16413 16521 E amdc.DispatchParamBuilder: amdc sign is null or appkey is empty
02-28 15:02:20.996 673 673 D Zygote : Forked child process 16522
02-28 15:02:20.997 1544 1643 I am_proc_start: [0,16522,10104,com.taobao.taobao:gpu_process,service,{com.taobao.taobao/com.taobao.android.uc.service.GpuProcessService0}]
02-28 15:02:20.997 1544 1643 I ActivityManager: Start proc 16522:com.taobao.taobao:gpu_process/u0a104 for service {com.taobao.taobao/com.taobao.android.uc.service.GpuProcessService0}
02-28 15:02:21.002 16522 16522 I Zygote : seccomp disabled by setenforce 0
02-28 15:02:21.003 16522 16522 I libc : SetHeapTaggingLevel: tag level set to 0
02-28 15:02:21.008 16413 16502 I cr_WVCFactoryProvider: Loaded version=95.0.4638.74 minSdkVersion=21 isBundle=false multiprocess=true packageId=2
02-28 15:02:21.014 16413 16427 E awcn.StrategyCenter: registerListener listener:[anet.channel.SessionCenter$InnerListener@92473ae]
02-28 15:02:21.017 16413 16427 E awcn.SessionCenter: |[seq:21646297] getInternal u:https://msgacs.m.taobao.com sessionType:LongLink timeout:0
02-28 15:02:21.019 16413 16427 E awcn.SessionRequest: |[seq:21646297.AWCN1] [getAvailStrategy] strategies:[{59.82.112.185 443 http2_0rtt_acs}, {59.82.112.185 80 http2_0rtt_acs}, {59.82.112.185 443 spdy_0rtt_acs}, {59.82.112.185 80 spdy_0rtt_acs}, {203.119.145.196 443 http2_0rtt_acs}, {203.119.145.196 80 http2_0rtt_acs}, {203.119.145.196 443 spdy_0rtt_acs}, {203.119.145.196 80 spdy_0rtt_acs}]
02-28 15:02:21.020 9926 9935 I adbd : jdwp connection from 16522
02-28 15:02:21.024 16522 16522 D ProcessState: Binder ioctl to enable oneway spam detection failed: Invalid argument
02-28 15:02:21.026 16413 16427 E awcn.TnetSpdySession: |[seq:21646297.AWCN1_1] connect host:https://msgacs.m.taobao.com ip:59.82.112.185 port:443 sessionId:1677567741026 SpdyProtocol,:http2_0rtt_acs proxyIp,: proxyPort,:0 proxyStrategies:[]
01-09 09:15:35.316 0 0 I binder : 16522:16522 ioctl 40046210 7fdc67a694 returned -22
02-28 15:02:21.029 1544 12850 I am_proc_bound: [0,16522,com.taobao.taobao:gpu_process]
02-28 15:02:21.030 1544 12850 D CompatibilityInfo: mCompatibilityFlags - 4
02-28 15:02:21.030 16413 16502 I cr_LibraryLoader: Successfully loaded native library
02-28 15:02:21.030 1544 12850 D CompatibilityInfo: applicationDensity - 240
02-28 15:02:21.030 1544 12850 D CompatibilityInfo: applicationScale - 1.0
02-28 15:02:21.030 16413 16502 W .taobao:channe: Accessing hidden field Ljava/util/Collections$SynchronizedCollection;->mutex:Ljava/lang/Object; (max-target-o, reflection, denied)
02-28 15:02:21.031 16413 16502 W .taobao:channe: Accessing hidden method Ljava/util/Collections$SynchronizedSet;->(Ljava/util/Set;Ljava/lang/Object;)V (max-target-o, reflection, denied)
02-28 15:02:21.031 16413 16502 W .taobao:channe: Accessing hidden method Ljava/util/Collections$SynchronizedCollection;->(Ljava/util/Collection;Ljava/lang/Object;)V (max-target-o, reflection, denied)
02-28 15:02:21.031 1544 12850 D CompatibilityInfo: mCompatibilityFlags - 4
02-28 15:02:21.031 1544 12850 D CompatibilityInfo: applicationDensity - 240
02-28 15:02:21.031 1544 12850 D CompatibilityInfo: applicationScale - 1.0
02-28 15:02:21.033 16522 16522 D CompatibilityChangeReporter: Compat change id reported: 171979766; UID 10104; state: DISABLED
02-28 15:02:21.034 16413 16427 E tnetsdk.SpdyAgent: |[seq:org.android.spdy.SpdySession@6e8409d] create new session| authority:59.82.112.185:443/0.0.0.0:0 domain:https://msgacs.m.taobao.com_21646297 certHost: protocol:4232 connectTimeOut:6000 tunnelInfo: path:false isTimeoutChange:false
02-28 15:02:21.035 16413 16427 E awcn.Session: |[seq:21646297.AWCN1_1] notifyStatus status:CONNECTING
02-28 15:02:21.038 16522 16522 D ApplicationLoaders: Returning zygote-cached class loader: /system/framework/android.test.base.jar
02-28 15:02:21.038 16413 16502 I cr_CachingUmaRecorder: Flushed 7 samples from 7 histograms.
02-28 15:02:21.039 16413 16502 E anet.CookieManager: CookieManager setup. cost:105
02-28 15:02:21.049 16522 16522 W bao:gpu_proces: ClassLoaderContext shared library size mismatch. Expected=0, found=2 (PCL[] | PCL[]{PCL[/system/framework/android.test.base.jar*3790657674]#PCL[/system/framework/android.test.mock.jar*3606445801]})
02-28 15:02:21.057 16522 16522 D ApplicationLoaders: Returning zygote-cached class loader: /system/framework/android.test.base.jar
02-28 15:02:21.065 1544 12850 E DatabaseUtils: Writing exception to parcel
02-28 15:02:21.065 1544 12850 E DatabaseUtils: java.lang.SecurityException: com.taobao.taobao was not granted this permission: android.permission.WRITE_SETTINGS.
02-28 15:02:21.065 1544 12850 E DatabaseUtils: at android.provider.Settings.isCallingPackageAllowedToPerformAppOpsProtectedOperation(Settings.java:17094)
02-28 15:02:21.065 1544 12850 E DatabaseUtils: at android.provider.Settings.checkAndNoteWriteSettingsOperation(Settings.java:16982)
02-28 15:02:21.065 1544 12850 E DatabaseUtils: at com.android.providers.settings.SettingsProvider.mutateSystemSetting(SettingsProvider.java:1854)
02-28 15:02:21.065 1544 12850 E DatabaseUtils: at com.android.providers.settings.SettingsProvider.insertSystemSetting(SettingsProvider.java:1820)
02-28 15:02:21.065 1544 12850 E DatabaseUtils: at com.android.providers.settings.SettingsProvider.call(SettingsProvider.java:461)
02-28 15:02:21.065 1544 12850 E DatabaseUtils: at android.content.ContentProvider.call(ContentProvider.java:2464)
02-28 15:02:21.065 1544 12850 E DatabaseUtils: at android.content.ContentProvider$Transport.call(ContentProvider.java:512)
02-28 15:02:21.065 1544 12850 E DatabaseUtils: at android.content.ContentProviderNative.onTransact(ContentProviderNative.java:295)
02-28 15:02:21.065 1544 12850 E DatabaseUtils: at android.os.Binder.execTransactInternal(Binder.java:1179)
02-28 15:02:21.065 1544 12850 E DatabaseUtils: at android.os.Binder.execTransact(Binder.java:1143)
02-28 15:02:21.068 16448 16448 E adaemon : [isChannelMemOptimizeEnable] enable:true
02-28 15:02:21.073 16413 16413 E WindVane.WVPluginManager: HY_REGISTERPLUGIN:WVTBUserTrack::com.ut.mini.core.WVUserTrack
02-28 15:02:21.076 16413 16485 E anet.NetworkSdkSetting: NetworkSdkSetting init
02-28 15:02:21.077 16413 16485 E awcn.GlobalAppRuntimeInfo: CurrentProcess:com.taobao.taobao:channel TargetProcess:com.taobao.taobao
02-28 15:02:21.077 16522 16522 I Perf : Connecting to perf service.
02-28 15:02:21.081 16522 16522 V GraphicsEnvironment: ANGLE Developer option for 'com.taobao.taobao' set to: 'default'
02-28 15:02:21.082 16522 16522 V GraphicsEnvironment: ANGLE GameManagerService for com.taobao.taobao: false
02-28 15:02:21.082 16522 16522 V GraphicsEnvironment: Updatable production driver is not supported on the device.
02-28 15:02:21.083 16522 16522 D NetworkSecurityConfig: Using Network Security Config from resource network_security_config debugBuild: false
02-28 15:02:21.084 16522 16522 D NetworkSecurityConfig: Using Network Security Config from resource network_security_config debugBuild: false
02-28 15:02:21.092 1544 14086 D CompatibilityInfo: mCompatibilityFlags - 4
02-28 15:02:21.092 1544 14086 D CompatibilityInfo: applicationDensity - 240
02-28 15:02:21.092 1544 14086 D CompatibilityInfo: applicationScale - 1.0
02-28 15:02:21.098 16413 16485 E awcn.Utils: [isABGlobalFeatureOpened] featureName:network_multi_path_hudong status:true
02-28 15:02:21.101 16413 16485 E awcn.Utils: [isABGlobalFeatureOpened] featureName:network_multi_path_dimensions status:true
02-28 15:02:21.102 16413 16485 E awcn.AwcnConfig: [setIpv6RateOptimizeEnable] status:true
02-28 15:02:21.102 16413 16485 E awcn.TaobaoNetworkAdapter: localInstanceEnable
02-28 15:02:21.102 16413 16485 E awcn.TaobaoNetworkAdapter: [isABGlobalFeatureOpened] featureName:channelCookieOpt status:false
02-28 15:02:21.110 16413 16485 E WindVane.WVPluginManager: HY_REGISTERPLUGIN:NWFullTracePlugin::com.taobao.analysis.fulltrace.NWFullTracePlugin
02-28 15:02:21.116 16413 16566 E TLogStatistics: TLog statistic ut_enable=true, file_enable=false, randomRate=9971, configRate=10000,fileRate=20
02-28 15:02:21.116 16522 16522 I crashsdk: LibcMalloc detail: disabled.
02-28 15:02:21.117 16413 16566 E TLOG.TLogNative: loadLibrary AliHALogEngine
02-28 15:02:21.120 16413 16485 E WindVane.WVPluginManager: HY_REGISTERPLUGIN:NetworkDiagnosisPlugin::com.network.diagnosis.toolchain.WVNetworkDiagnosisPlugin
02-28 15:02:21.121 16413 16485 E WindVane.WVPluginManager: HY_REGISTERPLUGIN:WVNetworkQuality::com.network.diagnosis.toolchain.WVNetworkQualityPlugin
02-28 15:02:21.133 16522 16522 E InstantPatcher: no patch
02-28 15:02:21.141 16413 16566 E AliHALogEngine: Use zstd!
02-28 15:02:21.141 16413 16566 E AliHALogEngine: zstd level=7
02-28 15:02:21.141 16413 16566 E AliHALogEngine: LogConfig Init. file_version=9, buffer_size=204800, kLogMaxLength=194560, max_sharding_size=52428800, log_dir=/storage/emulated/0/Android/data/com.taobao.taobao/files/tdata_v9, cache_dir=/data/user/0/com.taobao.taobao/files/tlog_v9, log_level=1, zstd_level=7, use_slice_log=1, max_slice_size=5242880, total_slice_size=419430400, max_log_day=7, log_suffix_=.data
02-28 15:02:21.141 16522 16522 E WindVane.WVPluginManager: HY_REGISTERPLUGIN:WVABGlobalApi::com.taobao.android.ab.jsbridge.WVABGlobalApi
02-28 15:02:21.147 16413 16566 E AliHALogEngine: cache mmap address: 0x7349db6000, size: 204800
02-28 15:02:21.147 16413 16566 E AliHALogEngine: LogFile::Init Done
02-28 15:02:21.147 16413 16566 E AliHALogEngine: LogManager::Init Done
02-28 15:02:21.147 16413 16566 E TLOG.TLogNative: Init TLOG at process: 16413
02-28 15:02:21.152 16413 16566 E TLOG : tlog init end! Config: TLogVer: 9, Debuggable: false, LogLevel: E, CacheSize: 200K, LogMaxSize: 50M,UseSlice: true, SliceSize: 5M, TotalSlice: 400M, SliceScope: 2H, MaxLogDay: 7, UseZstd: true, ZstdLevel: 7, MainProcess: false, CacheDir: /data/user/0/com.taobao.taobao/files/tlog_v9
02-28 15:02:21.153 16413 16566 E WindVane.WVPluginManager: HY_REGISTERPLUGIN:tlogBridge::com.taobao.tlog.adapter.JSLogBridge
02-28 15:02:21.153 16413 16566 E WindVane.WVPluginManager: HY_REGISTERPLUGIN:TLogJSBridage::com.taobao.tlog.adapter.TLogJSBridage
02-28 15:02:21.154 16413 16566 E WindVane.WVPluginManager: HY_REGISTERPLUGIN:TLogDiagnoseBridge::com.taobao.tlog.adapter.TLogDiagnose
02-28 15:02:21.155 1544 12850 D CompatibilityInfo: mCompatibilityFlags - 4
02-28 15:02:21.155 1544 12850 D CompatibilityInfo: applicationDensity - 240
02-28 15:02:21.155 1544 12850 D CompatibilityInfo: applicationScale - 1.0
02-28 15:02:21.164 16522 16522 E BundleInfoManager: generate info from generator
02-28 15:02:21.166 16522 16522 E ApplicationInvoker: successfully invoke start application com.taobao.tao.TaoApplication
02-28 15:02:21.169 16413 16566 E DmInsightSwitcher: init:
02-28 15:02:21.169 16413 16413 E FlexaLogger: TLog
02-28 15:02:21.178 16413 16608 D native : Found attached 0
02-28 15:02:21.178 16413 16608 D native : Calling class is: java.lang.Class
02-28 15:02:21.179 16413 16609 D native : Found attached 0
02-28 15:02:21.179 16413 16609 D native : Calling class is: java.lang.Class
02-28 15:02:21.181 16413 16413 E BundleInfoManager: {"DigitalHome4Android":{"appVersion":"10.21.10","featureName":"DigitalHome4Android","md5":"a3d4fa9aadc1adb336dd1f7b67098e5c","size":470891,"status":0,"url":"https://appdownload.alicdn.com/feature/a3d4fa9aadc1adb336dd1f7b67098e5c/DigitalHome4Android.so","version":"1.0.1.4_3jwylgpzdrkpyz57egv8d0i94"},"TB3DSpace":{"appVersion":"10.21.10","featureName":"TB3DSpace","md5":"522e2ad161606f3f25cd61f2b4e91e4a","size":6028712,"status":0,"url":"https://appdownload.alicdn.com/feature/522e2ad161606f3f25cd61f2b4e91e4a/TB3DSpace.so","version":"1.0.30_6ys7tnek17ekh17n1g6phxoq"},"dtao_liveshop_detail":{"appVersion":"10.21.10","featureName":"dtao_liveshop_detail","md5":"c02dee706c0ebb9b7598db6d8884849a","size":167503,"status":0,"url":"https://appdownload.alicdn.com/feature/c02dee706c0ebb9b7598db6d8884849a/dtao_liveshop_detail.so","version":"2.70.0.09211349_85mor1n0r4f5me4pndo4k7ts4"},"industry":{"appVersion":"10.21.10","featureName":"industry","md5":"569bdbc66bfa04eec0c86cd00d9d464c","size":195857,"status":0,"url":"https://appdownload.alicdn.com/feature/569bdbc66bfa04eec0c86cd00d9d464c/industry.so","version":"1.0.18_v8a97a4dv6llpx5mbvc60yff"},"message_chat_v2":{"appVersion":"10.21.10","featureName":"message_chat_v2","md5":"fab63c55eca129160134ee2e19fe1327","size":114873,"status":0,"url":"https://appdownload.alicdn.com/feature/fab63c55eca129160134ee2e19fe1327/message_chat_v2.so","version":"0.2.33.9_6ha34vzsvy4xzfgnnlokl5lpz"},"taobao_audio":{"appVersion":"10.21.10","featureName":"taobao_audio","md5":"af9e9997786f4d26ff4be7930f09a7be","size":36298,"status":0,"url":"https://appdownload.alicdn.com/feature/af9e9997786f4d26ff4be7930f09a7be/taobao_audio.so","version":"2.1.3.2_7ig9ijj37eipjjuh20h99byyw"},"taocrazycity":{"appVersion":"10.21.10","featureName":"taocrazycity","md5":"67492b750c532ed793af128f482ad429","size":148380,"status":0,"url":"https://appdownload.alicdn.com/feature/67492b750c532ed793af128f482ad429/taocrazycity.so","version":"1.0.4.10_6ny7vg44cnjvu8dix0odoba8j"}}
02-28 15:02:21.183 16448 16448 E FlexaLogger: TLog
02-28 15:02:21.183 16413 16566 E WindVane.WVPluginManager: HY_REGISTERPLUGIN:DmInsightBridge::com.taobao.android.dm.insight.DmInsightBridge
02-28 15:02:21.194 16448 16448 E BundleInfoManager: {"DigitalHome4Android":{"appVersion":"10.21.10","featureName":"DigitalHome4Android","md5":"a3d4fa9aadc1adb336dd1f7b67098e5c","size":470891,"status":0,"url":"https://appdownload.alicdn.com/feature/a3d4fa9aadc1adb336dd1f7b67098e5c/DigitalHome4Android.so","version":"1.0.1.4_3jwylgpzdrkpyz57egv8d0i94"},"TB3DSpace":{"appVersion":"10.21.10","featureName":"TB3DSpace","md5":"522e2ad161606f3f25cd61f2b4e91e4a","size":6028712,"status":0,"url":"https://appdownload.alicdn.com/feature/522e2ad161606f3f25cd61f2b4e91e4a/TB3DSpace.so","version":"1.0.30_6ys7tnek17ekh17n1g6phxoq"},"dtao_liveshop_detail":{"appVersion":"10.21.10","featureName":"dtao_liveshop_detail","md5":"c02dee706c0ebb9b7598db6d8884849a","size":167503,"status":0,"url":"https://appdownload.alicdn.com/feature/c02dee706c0ebb9b7598db6d8884849a/dtao_liveshop_detail.so","version":"2.70.0.09211349_85mor1n0r4f5me4pndo4k7ts4"},"industry":{"appVersion":"10.21.10","featureName":"industry","md5":"569bdbc66bfa04eec0c86cd00d9d464c","size":195857,"status":0,"url":"https://appdownload.alicdn.com/feature/569bdbc66bfa04eec0c86cd00d9d464c/industry.so","version":"1.0.18_v8a97a4dv6llpx5mbvc60yff"},"message_chat_v2":{"appVersion":"10.21.10","featureName":"message_chat_v2","md5":"fab63c55eca129160134ee2e19fe1327","size":114873,"status":0,"url":"https://appdownload.alicdn.com/feature/fab63c55eca129160134ee2e19fe1327/message_chat_v2.so","version":"0.2.33.9_6ha34vzsvy4xzfgnnlokl5lpz"},"taobao_audio":{"appVersion":"10.21.10","featureName":"taobao_audio","md5":"af9e9997786f4d26ff4be7930f09a7be","size":36298,"status":0,"url":"https://appdownload.alicdn.com/feature/af9e9997786f4d26ff4be7930f09a7be/taobao_audio.so","version":"2.1.3.2_7ig9ijj37eipjjuh20h99byyw"},"taocrazycity":{"appVersion":"10.21.10","featureName":"taocrazycity","md5":"67492b750c532ed793af128f482ad429","size":148380,"status":0,"url":"https://appdownload.alicdn.com/feature/67492b750c532ed793af128f482ad429/taocrazycity.so","version":"1.0.4.10_6ny7vg44cnjvu8dix0odoba8j"}}
02-28 15:02:21.200 16448 16448 I u4java.SandboxedProcessService: onCreate
02-28 15:02:21.201 16448 16448 I u4java.SandboxedProcessService: onBind
02-28 15:02:21.204 16448 16448 I u4java.[Render.NN.Svc.30797]SandboxedProcessService: onIntentInit - Intent { cmp=com.taobao.taobao/com.taobao.android.uc.service.SandboxedPrivilegedProcessService0 (has extras) }, com.taobao.taobao, call count 1
02-28 15:02:21.206 30797 31377 I sandbox.Render.NN.ServiceSetting: event G CONNECTED_A <- B LAUNCH_START
02-28 15:02:21.207 30797 31377 I sandbox.[Render.NN]ChildProcessConn@13: ChildServiceConnectionDelegate.onServiceConnected service:android.os.BinderProxy@e90e391
02-28 15:02:21.207 30797 31377 I sandbox.[Render.NN]ChildProcessConn@13.WatchDog: cancel
02-28 15:02:21.207 30797 31377 I sandbox.Render.NN.ServiceSetting: event H CONNECTED_B <- G CONNECTED_A
02-28 15:02:21.208 30797 31377 I sandbox.Render.NN.ServiceSetting: event K PRE_SETUP <- H CONNECTED_B
02-28 15:02:21.209 16448 16506 I u4java.[Render.NN.Svc.30797]SandboxedProcessService: preSetupConnection, dex fd: null
02-28 15:02:21.209 16448 16506 I u4java.[Render.NN.Svc.30797]SandboxedProcessService: doInit 1/4 - initCrashSdkIfNeeded, crashFD: {ParcelFileDescriptor: java.io.FileDescriptor@7c588bf}
02-28 15:02:21.209 16448 16506 I u4java.[Render.NN.Svc.30797]SandboxedProcessService: doInit 2/4 - initServiceClassIfNeeded, dexFd: null, libFdInfos: null
02-28 15:02:21.209 30797 31502 I crashsdk: someone is connected
02-28 15:02:21.210 16448 16506 I u4java.[Render.NN.Svc.30797]SandboxedProcessService: core info:
02-28 15:02:21.210 16448 16506 I u4java.[Render.NN.Svc.30797]SandboxedProcessService: dexPath: null
02-28 15:02:21.210 16448 16506 I u4java.[Render.NN.Svc.30797]SandboxedProcessService: odexPath: null
02-28 15:02:21.210 16448 16506 I u4java.[Render.NN.Svc.30797]SandboxedProcessService: libPath: /data/user/0/com.taobao.taobao/app_ucmsdk/decompresses2/_159528522/13066248_312739200000/lib
02-28 15:02:21.210 16448 16506 I u4java.[Render.NN.Svc.30797]SandboxedProcessService: sourceDir: /data/app/~~GVVWEatBT7B0kzB89G3RDA==/com.taobao.taobao-55Ptjaj_CctBrcA3Azge0Q==/base.apk
02-28 15:02:21.210 16448 16506 I u4java.[Render.NN.Svc.30797]SandboxedProcessService: sourceDirPrior: /data/app/~~GVVWEatBT7B0kzB89G3RDA==/com.taobao.taobao-55Ptjaj_CctBrcA3Azge0Q==/lib/arm64/libservicefakedex.so
02-28 15:02:21.211 16448 16506 I u4java.[Render.NN.Svc.30797]SandboxedProcessService: main process version: 3.22.1.248_221206100233, 4.0.0.1
02-28 15:02:21.211 16448 16506 I u4java.[Render.NN.Svc.30797]SandboxedProcessService: this process version: 3.22.1.248_221206100233, 4.0.0.1
02-28 15:02:21.213 16448 16506 I u4java.[Render.NN.Svc.30797]SandboxedProcessService: doInit 3/4 - attachSandboxedProcessService
02-28 15:02:21.214 16448 16506 I u4java.[Render.NN.Svc.30797]SandboxedProcessService: doInit 4/4 - doInitService, libFdInfos: null
02-28 15:02:21.214 16522 16522 E WindVane.WVPluginManager: HY_REGISTERPLUGIN:WVUTABDebug::com.alibaba.ut.abtest.internal.debug.DebugWindVanePlugin
02-28 15:02:21.215 16448 16506 I sandbox.[Render.NN.Svc.30797]ChildProcessService: onBind - intent: Intent { cmp=com.taobao.taobao/com.taobao.android.uc.service.SandboxedPrivilegedProcessService0 (has extras) }, com.taobao.taobao
02-28 15:02:21.215 16448 16506 I u4java.sandbox.[Render.NN.Svc.30797]ChildProcessService: onBind - intent: Intent { cmp=com.taobao.taobao/com.taobao.android.uc.service.SandboxedPrivilegedProcessService0 (has extras) }, com.taobao.taobao
02-28 15:02:21.215 16448 16506 I sandbox.[Render.NN.Svc.30797]ChildProcessService: onCreate: pid = 16448
02-28 15:02:21.215 16448 16506 I u4java.sandbox.[Render.NN.Svc.30797]ChildProcessService: onCreate: pid = 16448
02-28 15:02:21.216 16448 16506 I sandbox.MPStats: onEngineInit
02-28 15:02:21.216 16448 16506 I u4java.sandbox.MPStats: onEngineInit
02-28 15:02:21.216 16448 16506 I sandbox.[Render.NN.Svc.30797]ChildProcessService: onBind: Intent { cmp=com.taobao.taobao/com.taobao.android.uc.service.SandboxedPrivilegedProcessService0 (has extras) }
02-28 15:02:21.216 16448 16506 I u4java.sandbox.[Render.NN.Svc.30797]ChildProcessService: onBind: Intent { cmp=com.taobao.taobao/com.taobao.android.uc.service.SandboxedPrivilegedProcessService0 (has extras) }
02-28 15:02:21.225 16448 16506 I sandbox.[Render.NN.Svc.30797]ChildProcessService: initializeEngine null
02-28 15:02:21.225 16448 16506 I u4java.sandbox.[Render.NN.Svc.30797]ChildProcessService: initializeEngine null
02-28 15:02:21.225 16448 16506 I u4java.[Render.NN.Svc.30797]SandboxedProcessService: doInit done.
02-28 15:02:21.225 16448 16506 I u4java.[Render.NN.Svc.30797]SandboxedProcessService: preSetupConnection done.
02-28 15:02:21.225 30797 31377 I sandbox.Render.NN.ServiceSetting: event I CONNECTED_C <- K PRE_SETUP
02-28 15:02:21.226 30797 31377 I sandbox.Render.NN.ServiceSetting: event P BIND_TO_CALLER <- I CONNECTED_C
02-28 15:02:21.226 16448 16448 I u4java.ContentCPSDelegate: loadNativeLibrary libPath:/data/user/0/com.taobao.taobao/app_ucmsdk/decompresses2/_159528522/13066248_312739200000/lib
02-28 15:02:21.226 16448 16464 I sandbox.[Render.NN.Svc.30797]ChildProcessService: bindToCaller - com.taobao.taobao
02-28 15:02:21.226 16448 16464 I u4java.sandbox.[Render.NN.Svc.30797]ChildProcessService: bindToCaller - com.taobao.taobao
02-28 15:02:21.226 30797 31377 I sandbox.Render.NN.ServiceSetting: event Q CONNECT_COMPLETE <- P BIND_TO_CALLER
02-28 15:02:21.226 30797 31377 I sandbox.[Render.NN]ChildProcessConn@13: ChildProcessConnection onServiceConnected.
02-28 15:02:21.227 16448 16448 I u4java_LibraryLoader_uc: loadLibraryUsingPath /data/user/0/com.taobao.taobao/app_ucmsdk/decompresses2/_159528522/13066248_312739200000/lib/libwebviewuc.so
02-28 15:02:21.227 30797 31377 I sandbox.Render.NN.ServiceSetting: event W SETUP_CONNECTION <- Q CONNECT_COMPLETE
02-28 15:02:21.227 30797 31377 I sandbox.[Render.NN]ChildProcessConn@13.WatchDog: start - timeout/retry = 5000/0, event/reason = 40/62
02-28 15:02:21.228 30797 31377 I sandbox.Render.NN.ServiceSetting: event X SETUP_CONNECTING <- W SETUP_CONNECTION
02-28 15:02:21.228 30797 31377 I sandbox.[Render.NN]ChildProcessConn@13: SETUP_CONNECTION done
