--------- beginning of main
02-28 15:01:43.343 650 664 I mpu_uart: [MSG-P:RECV]:No message received in 1000 ms
02-28 15:01:43.549 19732 20581 W kcp_info: HCDN_LOG: [T:20581]Update: udp kcp size[0], timeout kcp size[0]
02-28 15:01:43.677 19541 20557 W kcp_info: HCDN_LOG: [T:20557]Update: udp kcp size[0], timeout kcp size[0]
02-28 15:01:44.151 19732 21123 E cube_taskex: HCDN_LOG: [T:21123]Java_com_qiyi_hcdndownloader_HCDNDownloaderTask_GetFileSizeNative 170: taskptr = 0xb3dc2a10
02-28 15:01:44.151 19732 21123 E cube_taskex: HCDN_LOG: [T:21123]Java_com_qiyi_hcdndownloader_HCDNDownloaderTask_GetDownloadSizeNative 187: taskptr = 0xb3dc2a10
02-28 15:01:44.151 19732 21123 E cube_taskex: HCDN_LOG: [T:21123]Java_com_qiyi_hcdndownloader_HCDNDownloaderTask_GetSpeedNative 139: taskptr = 0xb3dc2a10
02-28 15:01:44.281 1232 15491 I OMX-VENC: venc_dev: stats: avg. fps 0.12, bitrate 3121
02-28 15:01:44.344 650 664 I mpu_uart: [MSG-P:RECV]:No message received in 1000 ms
02-28 15:01:44.492 30797 31510 I cr.sandbox: BrowserIOThread heartbeat, interval/index: 30s/141, render: 11(NORMAL_WITHOUT_SECCOMP), gpu: 2(FULL)
02-28 15:01:44.573 19732 20581 W kcp_info: HCDN_LOG: [T:20581]Update: udp kcp size[0], timeout kcp size[0]
02-28 15:01:44.710 19541 20557 W kcp_info: HCDN_LOG: [T:20557]Update: udp kcp size[0], timeout kcp size[0]
02-28 15:01:45.288 1232 15491 I OMX-VENC: venc_dev: stats: avg. fps 9.93, bitrate 252284
02-28 15:01:45.319 19732 21123 E cube_taskex: HCDN_LOG: [T:21123]Java_com_qiyi_hcdndownloader_HCDNDownloaderTask_GetFileSizeNative 170: taskptr = 0xb3dc2a10
02-28 15:01:45.319 19732 21123 E cube_taskex: HCDN_LOG: [T:21123]Java_com_qiyi_hcdndownloader_HCDNDownloaderTask_GetDownloadSizeNative 187: taskptr = 0xb3dc2a10
02-28 15:01:45.319 19732 21123 E cube_taskex: HCDN_LOG: [T:21123]Java_com_qiyi_hcdndownloader_HCDNDownloaderTask_GetSpeedNative 139: taskptr = 0xb3dc2a10
02-28 15:01:45.344 650 664 I mpu_uart: [MSG-P:RECV]:No message received in 1000 ms --------- beginning of kernel
01-09 09:14:59.780 0 0 E DTC_ETH,link_delay_work_func: 3003, SQI=0, link=0
02-28 15:01:45.618 19732 20581 W kcp_info: HCDN_LOG: [T:20581]Update: udp kcp size[0], timeout kcp size[0]
02-28 15:01:45.693 650 663 I mpu_uart: [MSG-P:R]:recv sync frame timeout
02-28 15:01:45.724 19541 20557 W kcp_info: HCDN_LOG: [T:20557]Update: udp kcp size[0], timeout kcp size[0]
02-28 15:01:46.003 12341 12418 E GODZILLA: Original size is 1064960 but real size is 536576
02-28 15:01:46.005 12341 16380 E GODZILLA: Original size is 1064960 but real size is 536576
02-28 15:01:46.345 650 664 I mpu_uart: [MSG-P:RECV]:No message received in 1000 ms
02-28 15:01:46.508 19732 21123 E cube_taskex: HCDN_LOG: [T:21123]Java_com_qiyi_hcdndownloader_HCDNDownloaderTask_GetFileSizeNative 170: taskptr = 0xb3dc2a10
02-28 15:01:46.508 19732 21123 E cube_taskex: HCDN_LOG: [T:21123]Java_com_qiyi_hcdndownloader_HCDNDownloaderTask_GetDownloadSizeNative 187: taskptr = 0xb3dc2a10
02-28 15:01:46.508 19732 21123 E cube_taskex: HCDN_LOG: [T:21123]Java_com_qiyi_hcdndownloader_HCDNDownloaderTask_GetSpeedNative 139: taskptr = 0xb3dc2a10
02-28 15:01:46.631 19732 20581 W kcp_info: HCDN_LOG: [T:20581]Update: udp kcp size[0], timeout kcp size[0]
02-28 15:01:46.737 19541 20557 W kcp_info: HCDN_LOG: [T:20557]Update: udp kcp size[0], timeout kcp size[0]
01-09 09:15:01.094 0 0 I msm_vidc: err : ffffffff: .....: DBLP Set: status 0
02-28 15:01:46.909 1342 1399 E tlogd : [TzLogger](isPathReadable) file /sys/kernel/debug/tzdbg/qsee_log isn't exist or no permission, err: No such file or directory
02-28 15:01:46.909 1342 1399 E tlogd : [TzLogger](saveTzlogAsync) /sys/kernel/debug/tzdbg/qsee_log can not read.
02-28 15:01:46.909 1342 1399 E tlogd : [TzLogger](isPathReadable) file /sys/kernel/debug/tzdbg/log isn't exist or no permission, err: No such file or directory
02-28 15:01:46.909 1342 1399 E tlogd : [TzLogger](saveTzlogAsync) /sys/kernel/debug/tzdbg/log can not read.
02-28 15:01:47.307 1232 15491 I OMX-VENC: venc_dev: stats: avg. fps 0.50, bitrate 12611
02-28 15:01:47.345 650 664 I mpu_uart: [MSG-P:RECV]:No message received in 1000 ms
02-28 15:01:47.654 815 815 D vendor.qti.bluetooth@1.0-ibs_handler: SerialClockVote: vote for UART CLK ON
02-28 15:01:47.654 815 815 D vendor.qti.bluetooth@1.0-wake_lock: Acquire wakelock is acquired
02-28 15:01:47.654 815 815 I vendor.qti.bluetooth@1.0-ibs_handler: DeviceWakeUp: Writing IBS_WAKE_IND
02-28 15:01:47.661 815 3139 I vendor.qti.bluetooth@1.0-ibs_handler: ProcessIbsCmd: Received IBS_WAKE_ACK: 0xFC
02-28 15:01:47.661 815 3139 I vendor.qti.bluetooth@1.0-ibs_handler: ProcessIbsCmd: Signal wack_cond_
02-28 15:01:47.661 815 815 D vendor.qti.bluetooth@1.0-ibs_handler: DeviceWakeUp: Unblocked from waiting for FC, pthread_cond_timedwait ret = 0
02-28 15:01:47.662 815 3139 I vendor.qti.bluetooth@1.0-ibs_handler: ProcessIbsCmd: Received IBS_WAKE_IND: 0xFD
02-28 15:01:47.662 815 3139 I vendor.qti.bluetooth@1.0-ibs_handler: ProcessIbsCmd: Writing IBS_WAKE_ACK
02-28 15:01:47.663 19732 20581 W kcp_info: HCDN_LOG: [T:20581]Update: udp kcp size[0], timeout kcp size[0]
02-28 15:01:47.663 2037 3160 I bt_stack: [INFO:btm_ble_bgconn.cc(429)] Already connection initiated (or) No Pending connections(or) Resources of lcb are exhausted
02-28 15:01:47.745 815 3139 I vendor.qti.bluetooth@1.0-ibs_handler: ProcessIbsCmd: Received IBS_SLEEP_IND: 0xFE
02-28 15:01:47.764 19541 20557 W kcp_info: HCDN_LOG: [T:20557]Update: udp kcp size[0], timeout kcp size[0]
02-28 15:01:47.801 19732 21123 E cube_taskex: HCDN_LOG: [T:21123]Java_com_qiyi_hcdndownloader_HCDNDownloaderTask_GetFileSizeNative 170: taskptr = 0xb3dc2a10
02-28 15:01:47.802 19732 21123 E cube_taskex: HCDN_LOG: [T:21123]Java_com_qiyi_hcdndownloader_HCDNDownloaderTask_GetDownloadSizeNative 187: taskptr = 0xb3dc2a10
02-28 15:01:47.802 19732 21123 E cube_taskex: HCDN_LOG: [T:21123]Java_com_qiyi_hcdndownloader_HCDNDownloaderTask_GetSpeedNative 139: taskptr = 0xb3dc2a10
02-28 15:01:48.317 1232 15491 I OMX-VENC: venc_dev: stats: avg. fps 9.91, bitrate 251789
02-28 15:01:48.346 650 664 I mpu_uart: [MSG-P:RECV]:No message received in 1000 ms --------- beginning of events
02-28 15:01:48.403 19732 19732 I auditd : type=1400 audit(0.0:21812): avc: denied { open } for comm="HCDN_DownloadEn" path="/proc/stat" dev="proc" ino=4026532245 scontext=u:r:untrusted_app:s0:c103,c256,c512,c768 tcontext=u:object_r:proc_stat:s0 tclass=file permissive=1 app=com.qiyi.video
02-28 15:01:48.403 19732 19732 I HCDN_DownloadEn: type=1400 audit(0.0:21812): avc: denied { open } for path="/proc/stat" dev="proc" ino=4026532245 scontext=u:r:untrusted_app:s0:c103,c256,c512,c768 tcontext=u:object_r:proc_stat:s0 tclass=file permissive=1 app=com.qiyi.video
02-28 15:01:48.403 19732 19732 I auditd : type=1400 audit(0.0:21813): avc: denied { getattr } for comm="HCDN_DownloadEn" path="/proc/stat" dev="proc" ino=4026532245 scontext=u:r:untrusted_app:s0:c103,c256,c512,c768 tcontext=u:object_r:proc_stat:s0 tclass=file permissive=1 app=com.qiyi.video
02-28 15:01:48.403 19732 19732 I HCDN_DownloadEn: type=1400 audit(0.0:21813): avc: denied { getattr } for path="/proc/stat" dev="proc" ino=4026532245 scontext=u:r:untrusted_app:s0:c103,c256,c512,c768 tcontext=u:object_r:proc_stat:s0 tclass=file permissive=1 app=com.qiyi.video
02-28 15:01:48.664 815 3163 I vendor.qti.bluetooth@1.0-ibs_handler: DeviceSleep: TX Awake, Sending SLEEP_IND
02-28 15:01:48.664 815 3163 D vendor.qti.bluetooth@1.0-ibs_handler: SerialClockVote: vote for UART CLK OFF
02-28 15:01:48.686 19732 20581 W kcp_info: HCDN_LOG: [T:20581]Update: udp kcp size[0], timeout kcp size[0]
02-28 15:01:48.696 650 663 I mpu_uart: [MSG-P:R]:recv sync frame timeout
02-28 15:01:48.764 19541 20557 W kcp_info: HCDN_LOG: [T:20557]Update: udp kcp size[0], timeout kcp size[0]
02-28 15:01:48.815 815 2638 D vendor.qti.bluetooth@1.0-wake_lock: Release wakelock is released
02-28 15:01:48.962 19732 21123 E cube_taskex: HCDN_LOG: [T:21123]Java_com_qiyi_hcdndownloader_HCDNDownloaderTask_GetFileSizeNative 170: taskptr = 0xb3dc2a10
02-28 15:01:48.962 19732 21123 E cube_taskex: HCDN_LOG: [T:21123]Java_com_qiyi_hcdndownloader_HCDNDownloaderTask_GetDownloadSizeNative 187: taskptr = 0xb3dc2a10
02-28 15:01:48.962 19732 21123 E cube_taskex: HCDN_LOG: [T:21123]Java_com_qiyi_hcdndownloader_HCDNDownloaderTask_GetSpeedNative 139: taskptr = 0xb3dc2a10
02-28 15:01:49.346 650 664 I mpu_uart: [MSG-P:RECV]:No message received in 1000 ms
02-28 15:01:49.722 19732 20581 W kcp_info: HCDN_LOG: [T:20581]Update: udp kcp size[0], timeout kcp size[0]
02-28 15:01:49.808 19541 20557 W kcp_info: HCDN_LOG: [T:20557]Update: udp kcp size[0], timeout kcp size[0]
01-09 09:15:04.133 0 0 I msm_vidc: err : ffffffff: .....: DBLP Set: status 0
02-28 15:01:50.083 19732 20589 W multisource: HCDN_LOG: [T:20589]UpdateMaxSpeed TOTAL => play speed:0[len:0, tm:0], offline speed:0[len:0, tm:0], predeploy speed:0[len:0, tm:0], m_maxDownloadSpeed:0
02-28 15:01:50.249 19732 21123 E cube_taskex: HCDN_LOG: [T:21123]Java_com_qiyi_hcdndownloader_HCDNDownloaderTask_GetFileSizeNative 170: taskptr = 0xb3dc2a10
02-28 15:01:50.249 19732 21123 E cube_taskex: HCDN_LOG: [T:21123]Java_com_qiyi_hcdndownloader_HCDNDownloaderTask_GetDownloadSizeNative 187: taskptr = 0xb3dc2a10
02-28 15:01:50.249 19732 21123 E cube_taskex: HCDN_LOG: [T:21123]Java_com_qiyi_hcdndownloader_HCDNDownloaderTask_GetSpeedNative 139: taskptr = 0xb3dc2a10
02-28 15:01:50.332 1232 15491 I OMX-VENC: venc_dev: stats: avg. fps 0.50, bitrate 12513
02-28 15:01:50.347 650 664 I mpu_uart: [MSG-P:RECV]:No message received in 1000 ms
01-09 09:15:04.900 0 0 E DTC_ETH,link_delay_work_func: 3003, SQI=0, link=0
02-28 15:01:50.744 19732 20581 W kcp_info: HCDN_LOG: [T:20581]Update: udp kcp size[0], timeout kcp size[0]
02-28 15:01:50.824 19541 20557 W kcp_info: HCDN_LOG: [T:20557]Update: udp kcp size[0], timeout kcp size[0]
02-28 15:01:50.999 15079 15079 I auditd : type=1400 audit(0.0:21814): avc: denied { open } for comm="CrashSDKBkgdHan" path="/proc/stat" dev="proc" ino=4026532245 scontext=u:r:untrusted_app_27:s0:c104,c256,c512,c768 tcontext=u:object_r:proc_stat:s0 tclass=file permissive=1 app=com.taobao.taobao
02-28 15:01:50.999 15079 15079 I CrashSDKBkgdHan: type=1400 audit(0.0:21814): avc: denied { open } for path="/proc/stat" dev="proc" ino=4026532245 scontext=u:r:untrusted_app_27:s0:c104,c256,c512,c768 tcontext=u:object_r:proc_stat:s0 tclass=file permissive=1 app=com.taobao.taobao
02-28 15:01:51.343 1232 15491 I OMX-VENC: venc_dev: stats: avg. fps 9.89, bitrate 251154
02-28 15:01:51.347 650 664 I mpu_uart: [MSG-P:RECV]:No message received in 1000 ms
02-28 15:01:51.516 19732 21123 E cube_taskex: HCDN_LOG: [T:21123]Java_com_qiyi_hcdndownloader_HCDNDownloaderTask_GetFileSizeNative 170: taskptr = 0xb3dc2a10
02-28 15:01:51.517 19732 21123 E cube_taskex: HCDN_LOG: [T:21123]Java_com_qiyi_hcdndownloader_HCDNDownloaderTask_GetDownloadSizeNative 187: taskptr = 0xb3dc2a10
02-28 15:01:51.517 19732 21123 E cube_taskex: HCDN_LOG: [T:21123]Java_com_qiyi_hcdndownloader_HCDNDownloaderTask_GetSpeedNative 139: taskptr = 0xb3dc2a10
02-28 15:01:51.700 650 663 I mpu_uart: [MSG-P:R]:recv sync frame timeout
02-28 15:01:51.760 19732 20581 W kcp_info: HCDN_LOG: [T:20581]Update: udp kcp size[0], timeout kcp size[0]
02-28 15:01:51.829 19541 20557 W kcp_info: HCDN_LOG: [T:20557]Update: udp kcp size[0], timeout kcp size[0]
02-28 15:01:51.910 1342 1399 E tlogd : [TzLogger](isPathReadable) file /sys/kernel/debug/tzdbg/qsee_log isn't exist or no permission, err: No such file or directory
02-28 15:01:51.910 1342 1399 E tlogd : [TzLogger](saveTzlogAsync) /sys/kernel/debug/tzdbg/qsee_log can not read.
02-28 15:01:51.910 1342 1399 E tlogd : [TzLogger](isPathReadable) file /sys/kernel/debug/tzdbg/log isn't exist or no permission, err: No such file or directory
02-28 15:01:51.910 1342 1399 E tlogd : [TzLogger](saveTzlogAsync) /sys/kernel/debug/tzdbg/log can not read.
02-28 15:01:52.153 19541 20565 W multisource: HCDN_LOG: [T:20565]UpdateMaxSpeed TOTAL => play speed:0[len:0, tm:0], offline speed:0[len:0, tm:0], predeploy speed:0[len:0, tm:0], m_maxDownloadSpeed:0
02-28 15:01:52.347 650 664 I mpu_uart: [MSG-P:RECV]:No message received in 1000 ms
02-28 15:01:52.765 19732 21123 E cube_taskex: HCDN_LOG: [T:21123]Java_com_qiyi_hcdndownloader_HCDNDownloaderTask_GetFileSizeNative 170: taskptr = 0xb3dc2a10
02-28 15:01:52.765 19732 21123 E cube_taskex: HCDN_LOG: [T:21123]Java_com_qiyi_hcdndownloader_HCDNDownloaderTask_GetDownloadSizeNative 187: taskptr = 0xb3dc2a10
02-28 15:01:52.766 19732 21123 E cube_taskex: HCDN_LOG: [T:21123]Java_com_qiyi_hcdndownloader_HCDNDownloaderTask_GetSpeedNative 139: taskptr = 0xb3dc2a10
02-28 15:01:52.767 19732 20581 W kcp_info: HCDN_LOG: [T:20581]Update: udp kcp size[0], timeout kcp size[0]
02-28 15:01:52.840 19541 20557 W kcp_info: HCDN_LOG: [T:20557]Update: udp kcp size[0], timeout kcp size[0]
01-09 09:15:07.142 0 0 I msm_vidc: err : ffffffff: .....: DBLP Set: status 0
02-28 15:01:53.332 1232 15491 I OMX-VENC: venc_dev: stats: avg. fps 0.50, bitrate 12803
02-28 15:01:53.348 650 664 I mpu_uart: [MSG-P:RECV]:No message received in 1000 ms
02-28 15:01:53.787 19732 20581 W kcp_info: HCDN_LOG: [T:20581]Update: udp kcp size[0], timeout kcp size[0]
02-28 15:01:53.872 19541 20557 W kcp_info: HCDN_LOG: [T:20557]Update: udp kcp size[0], timeout kcp size[0]
02-28 15:01:53.958 19732 21123 E cube_taskex: HCDN_LOG: [T:21123]Java_com_qiyi_hcdndownloader_HCDNDownloaderTask_GetFileSizeNative 170: taskptr = 0xb3dc2a10
02-28 15:01:53.958 19732 21123 E cube_taskex: HCDN_LOG: [T:21123]Java_com_qiyi_hcdndownloader_HCDNDownloaderTask_GetDownloadSizeNative 187: taskptr = 0xb3dc2a10
02-28 15:01:53.958 19732 21123 E cube_taskex: HCDN_LOG: [T:21123]Java_com_qiyi_hcdndownloader_HCDNDownloaderTask_GetSpeedNative 139: taskptr = 0xb3dc2a10
02-28 15:01:54.340 1232 15491 I OMX-VENC: venc_dev: stats: avg. fps 9.93, bitrate 252228
02-28 15:01:54.348 650 664 I mpu_uart: [MSG-P:RECV]:No message received in 1000 ms
02-28 15:01:54.703 650 663 I mpu_uart: [MSG-P:R]:recv sync frame timeout
02-28 15:01:54.823 19732 20581 W kcp_info: HCDN_LOG: [T:20581]Update: udp kcp size[0], timeout kcp size[0]
02-28 15:01:54.900 19541 20557 W kcp_info: HCDN_LOG: [T:20557]Update: udp kcp size[0], timeout kcp size[0]
02-28 15:01:55.108 19732 21123 E cube_taskex: HCDN_LOG: [T:21123]Java_com_qiyi_hcdndownloader_HCDNDownloaderTask_GetFileSizeNative 170: taskptr = 0xb3dc2a10
02-28 15:01:55.108 19732 21123 E cube_taskex: HCDN_LOG: [T:21123]Java_com_qiyi_hcdndownloader_HCDNDownloaderTask_GetDownloadSizeNative 187: taskptr = 0xb3dc2a10
02-28 15:01:55.108 19732 21123 E cube_taskex: HCDN_LOG: [T:21123]Java_com_qiyi_hcdndownloader_HCDNDownloaderTask_GetSpeedNative 139: taskptr = 0xb3dc2a10
02-28 15:01:55.250 4922 5088 E GODZILLA: Original size is 1064960 but real size is 536576
02-28 15:01:55.252 4922 5088 E GODZILLA: Original size is 1064960 but real size is 536576
02-28 15:01:55.349 650 664 I mpu_uart: [MSG-P:RECV]:No message received in 1000 ms
01-09 09:15:10.020 0 0 E DTC_ETH,link_delay_work_func: 3003, SQI=0, link=0
02-28 15:01:55.856 19732 20581 W kcp_info: HCDN_LOG: [T:20581]Update: udp kcp size[0], timeout kcp size[0]
01-09 09:15:10.150 0 0 I msm_vidc: err : ffffffff: .....: DBLP Set: status 0
02-28 15:01:55.896 19541 20557 W kcp_info: HCDN_LOG: [T:20557]Update: udp kcp size[0], timeout kcp size[0]
02-28 15:01:56.285 19732 21123 E cube_taskex: HCDN_LOG: [T:21123]Java_com_qiyi_hcdndownloader_HCDNDownloaderTask_GetFileSizeNative 170: taskptr = 0xb3dc2a10
02-28 15:01:56.285 19732 21123 E cube_taskex: HCDN_LOG: [T:21123]Java_com_qiyi_hcdndownloader_HCDNDownloaderTask_GetDownloadSizeNative 187: taskptr = 0xb3dc2a10
02-28 15:01:56.285 19732 21123 E cube_taskex: HCDN_LOG: [T:21123]Java_com_qiyi_hcdndownloader_HCDNDownloaderTask_GetSpeedNative 139: taskptr = 0xb3dc2a10
02-28 15:01:56.349 650 664 I mpu_uart: [MSG-P:RECV]:No message received in 1000 ms
02-28 15:01:56.889 19732 20581 W kcp_info: HCDN_LOG: [T:20581]Update: udp kcp size[0], timeout kcp size[0]
02-28 15:01:56.898 19541 20557 W kcp_info: HCDN_LOG: [T:20557]Update: udp kcp size[0], timeout kcp size[0]
02-28 15:01:56.911 1342 1399 E tlogd : [TzLogger](isPathReadable) file /sys/kernel/debug/tzdbg/qsee_log isn't exist or no permission, err: No such file or directory
02-28 15:01:56.911 1342 1399 E tlogd : [TzLogger](saveTzlogAsync) /sys/kernel/debug/tzdbg/qsee_log can not read.
02-28 15:01:56.911 1342 1399 E tlogd : [TzLogger](isPathReadable) file /sys/kernel/debug/tzdbg/log isn't exist or no permission, err: No such file or directory
02-28 15:01:56.911 1342 1399 E tlogd : [TzLogger](saveTzlogAsync) /sys/kernel/debug/tzdbg/log can not read.
02-28 15:01:57.349 650 664 I mpu_uart: [MSG-P:RECV]:No message received in 1000 ms
02-28 15:01:57.540 19732 21123 E cube_taskex: HCDN_LOG: [T:21123]Java_com_qiyi_hcdndownloader_HCDNDownloaderTask_GetFileSizeNative 170: taskptr = 0xb3dc2a10
02-28 15:01:57.540 19732 21123 E cube_taskex: HCDN_LOG: [T:21123]Java_com_qiyi_hcdndownloader_HCDNDownloaderTask_GetDownloadSizeNative 187: taskptr = 0xb3dc2a10
02-28 15:01:57.540 19732 21123 E cube_taskex: HCDN_LOG: [T:21123]Java_com_qiyi_hcdndownloader_HCDNDownloaderTask_GetSpeedNative 139: taskptr = 0xb3dc2a10
02-28 15:01:57.706 650 663 I mpu_uart: [MSG-P:R]:recv sync frame timeout
02-28 15:01:57.904 19541 20557 W kcp_info: HCDN_LOG: [T:20557]Update: udp kcp size[0], timeout kcp size[0]
02-28 15:01:57.917 19732 20581 W kcp_info: HCDN_LOG: [T:20581]Update: udp kcp size[0], timeout kcp size[0]
02-28 15:01:58.350 650 664 I mpu_uart: [MSG-P:RECV]:No message received in 1000 ms
02-28 15:01:58.884 19732 21123 E cube_taskex: HCDN_LOG: [T:21123]Java_com_qiyi_hcdndownloader_HCDNDownloaderTask_GetFileSizeNative 170: taskptr = 0xb3dc2a10
02-28 15:01:58.884 19732 21123 E cube_taskex: HCDN_LOG: [T:21123]Java_com_qiyi_hcdndownloader_HCDNDownloaderTask_GetDownloadSizeNative 187: taskptr = 0xb3dc2a10
02-28 15:01:58.884 19732 21123 E cube_taskex: HCDN_LOG: [T:21123]Java_com_qiyi_hcdndownloader_HCDNDownloaderTask_GetSpeedNative 139: taskptr = 0xb3dc2a10
02-28 15:01:58.904 19541 20557 W kcp_info: HCDN_LOG: [T:20557]Update: udp kcp size[0], timeout kcp size[0]
02-28 15:01:58.925 19732 20581 W kcp_info: HCDN_LOG: [T:20581]Update: udp kcp size[0], timeout kcp size[0]
02-28 15:01:59.350 650 664 I mpu_uart: [MSG-P:RECV]:No message received in 1000 ms
02-28 15:01:59.371 1232 15491 I OMX-VENC: venc_dev: stats: avg. fps 0.20, bitrate 5012
02-28 15:01:59.932 19732 20581 W kcp_info: HCDN_LOG: [T:20581]Update: udp kcp size[0], timeout kcp size[0]
02-28 15:01:59.932 19541 20557 W kcp_info: HCDN_LOG: [T:20557]Update: udp kcp size[0], timeout kcp size[0]
02-28 15:02:00.005 2050 2050 D KeyguardUpdateMonitor: received broadcast android.intent.action.TIME_TICK
02-28 15:02:00.011 2050 2050 D KeyguardUpdateMonitor: handleTimeUpdate
02-28 15:02:00.108 19732 21123 E cube_taskex: HCDN_LOG: [T:21123]Java_com_qiyi_hcdndownloader_HCDNDownloaderTask_GetFileSizeNative 170: taskptr = 0xb3dc2a10
02-28 15:02:00.108 19732 21123 E cube_taskex: HCDN_LOG: [T:21123]Java_com_qiyi_hcdndownloader_HCDNDownloaderTask_GetDownloadSizeNative 187: taskptr = 0xb3dc2a10
02-28 15:02:00.108 19732 21123 E cube_taskex: HCDN_LOG: [T:21123]Java_com_qiyi_hcdndownloader_HCDNDownloaderTask_GetSpeedNative 139: taskptr = 0xb3dc2a10
02-28 15:02:00.350 650 664 I mpu_uart: [MSG-P:RECV]:No message received in 1000 ms
02-28 15:02:00.456 1232 15491 I OMX-VENC: venc_dev: stats: avg. fps 10.13, bitrate 258986
02-28 15:02:00.641 19541 20551 W hcdn_downloadengine: HCDN_LOG: [T:20551]UpdateCellularNetCdnP2pPolicy,5518 conntype:wifi,isp:CMNET,province:SiChuan,tf-status:-1,cdn_param_direct:0,play_policy:2,offline_policy:2
02-28 15:02:00.663 19732 20576 W hcdn_downloadengine: HCDN_LOG: [T:20576]UpdateCellularNetCdnP2pPolicy,5518 conntype:wifi,isp:CMNET,province:SiChuan,tf-status:-1,cdn_param_direct:0,play_policy:2,offline_policy:2
02-28 15:02:00.708 650 663 I mpu_uart: [MSG-P:R]:recv sync frame timeout
01-09 09:15:15.140 0 0 E DTC_ETH,link_delay_work_func: 3003, SQI=0, link=0
02-28 15:02:00.932 19541 20557 W kcp_info: HCDN_LOG: [T:20557]Update: udp kcp size[0], timeout kcp size[0]
02-28 15:02:00.949 19732 20581 W kcp_info: HCDN_LOG: [T:20581]Update: udp kcp size[0], timeout kcp size[0]
02-28 15:02:01.351 650 664 I mpu_uart: [MSG-P:RECV]:No message received in 1000 ms
02-28 15:02:01.363 12341 12418 E GODZILLA: Original size is 1064960 but real size is 536576
02-28 15:02:01.365 12341 12418 E GODZILLA: Original size is 1064960 but real size is 536576
02-28 15:02:01.367 12341 16386 E GODZILLA: Original size is 1064960 but real size is 536576
02-28 15:02:01.388 19732 21123 E cube_taskex: HCDN_LOG: [T:21123]Java_com_qiyi_hcdndownloader_HCDNDownloaderTask_GetFileSizeNative 170: taskptr = 0xb3dc2a10
02-28 15:02:01.388 19732 21123 E cube_taskex: HCDN_LOG: [T:21123]Java_com_qiyi_hcdndownloader_HCDNDownloaderTask_GetDownloadSizeNative 187: taskptr = 0xb3dc2a10
02-28 15:02:01.388 19732 21123 E cube_taskex: HCDN_LOG: [T:21123]Java_com_qiyi_hcdndownloader_HCDNDownloaderTask_GetSpeedNative 139: taskptr = 0xb3dc2a10
02-28 15:02:01.911 1342 1399 E tlogd : [TzLogger](isPathReadable) file /sys/kernel/debug/tzdbg/qsee_log isn't exist or no permission, err: No such file or directory
02-28 15:02:01.911 1342 1399 E tlogd : [TzLogger](saveTzlogAsync) /sys/kernel/debug/tzdbg/qsee_log can not read.
02-28 15:02:01.911 1342 1399 E tlogd : [TzLogger](isPathReadable) file /sys/kernel/debug/tzdbg/log isn't exist or no permission, err: No such file or directory
02-28 15:02:01.912 1342 1399 E tlogd : [TzLogger](saveTzlogAsync) /sys/kernel/debug/tzdbg/log can not read.
02-28 15:02:01.950 19541 20557 W kcp_info: HCDN_LOG: [T:20557]Update: udp kcp size[0], timeout kcp size[0]
02-28 15:02:01.960 19732 20581 W kcp_info: HCDN_LOG: [T:20581]Update: udp kcp size[0], timeout kcp size[0]
02-28 15:02:02.351 650 664 I mpu_uart: [MSG-P:RECV]:No message received in 1000 ms
02-28 15:02:02.384 1232 15491 I OMX-VENC: venc_dev: stats: avg. fps 3.63, bitrate 91955
02-28 15:02:02.531 19732 21123 E cube_taskex: HCDN_LOG: [T:21123]Java_com_qiyi_hcdndownloader_HCDNDownloaderTask_GetFileSizeNative 170: taskptr = 0xb3dc2a10
02-28 15:02:02.531 19732 21123 E cube_taskex: HCDN_LOG: [T:21123]Java_com_qiyi_hcdndownloader_HCDNDownloaderTask_GetDownloadSizeNative 187: taskptr = 0xb3dc2a10
02-28 15:02:02.532 19732 21123 E cube_taskex: HCDN_LOG: [T:21123]Java_com_qiyi_hcdndownloader_HCDNDownloaderTask_GetSpeedNative 139: taskptr = 0xb3dc2a10
02-28 15:02:02.962 19732 20581 W kcp_info: HCDN_LOG: [T:20581]Update: udp kcp size[0], timeout kcp size[0]
02-28 15:02:02.979 19541 20557 W kcp_info: HCDN_LOG: [T:20557]Update: udp kcp size[0], timeout kcp size[0]
02-28 15:02:03.352 650 664 I mpu_uart: [MSG-P:RECV]:No message received in 1000 ms
02-28 15:02:03.396 1232 15491 I OMX-VENC: venc_dev: stats: avg. fps 9.89, bitrate 251191
02-28 15:02:03.664 1186 1186 I CNSS : cnss_open_log_file: directory /data/vendor/wifi/wlan_logs/ created
02-28 15:02:03.711 650 663 I mpu_uart: [MSG-P:R]:recv sync frame timeout
02-28 15:02:03.770 19732 21123 E cube_taskex: HCDN_LOG: [T:21123]Java_com_qiyi_hcdndownloader_HCDNDownloaderTask_GetFileSizeNative 170: taskptr = 0xb3dc2a10
02-28 15:02:03.770 19732 21123 E cube_taskex: HCDN_LOG: [T:21123]Java_com_qiyi_hcdndownloader_HCDNDownloaderTask_GetDownloadSizeNative 187: taskptr = 0xb3dc2a10
02-28 15:02:03.770 19732 21123 E cube_taskex: HCDN_LOG: [T:21123]Java_com_qiyi_hcdndownloader_HCDNDownloaderTask_GetSpeedNative 139: taskptr = 0xb3dc2a10
02-28 15:02:03.972 19732 20581 W kcp_info: HCDN_LOG: [T:20581]Update: udp kcp size[0], timeout kcp size[0]
02-28 15:02:04.007 19541 20557 W kcp_info: HCDN_LOG: [T:20557]Update: udp kcp size[0], timeout kcp size[0]
02-28 15:02:04.352 650 664 I mpu_uart: [MSG-P:RECV]:No message received in 1000 ms
01-09 09:15:19.206 0 0 I msm_vidc: err : ffffffff: .....: DBLP Set: status 0
02-28 15:02:04.998 19732 21123 E cube_taskex: HCDN_LOG: [T:21123]Java_com_qiyi_hcdndownloader_HCDNDownloaderTask_GetFileSizeNative 170: taskptr = 0xb3dc2a10
02-28 15:02:04.998 19732 21123 E cube_taskex: HCDN_LOG: [T:21123]Java_com_qiyi_hcdndownloader_HCDNDownloaderTask_GetDownloadSizeNative 187: taskptr = 0xb3dc2a10
02-28 15:02:04.998 19732 21123 E cube_taskex: HCDN_LOG: [T:21123]Java_com_qiyi_hcdndownloader_HCDNDownloaderTask_GetSpeedNative 139: taskptr = 0xb3dc2a10
02-28 15:02:05.010 19732 20581 W kcp_info: HCDN_LOG: [T:20581]Update: udp kcp size[0], timeout kcp size[0]
02-28 15:02:05.010 19541 20557 W kcp_info: HCDN_LOG: [T:20557]Update: udp kcp size[0], timeout kcp size[0]
02-28 15:02:05.352 650 664 I mpu_uart: [MSG-P:RECV]:No message received in 1000 ms
01-09 09:15:20.260 0 0 E DTC_ETH,link_delay_work_func: 3003, SQI=0, link=0
02-28 15:02:06.040 19732 20581 W kcp_info: HCDN_LOG: [T:20581]Update: udp kcp size[0], timeout kcp size[0]
02-28 15:02:06.040 19541 20557 W kcp_info: HCDN_LOG: [T:20557]Update: udp kcp size[0], timeout kcp size[0]
02-28 15:02:06.268 19732 21123 E cube_taskex: HCDN_LOG: [T:21123]Java_com_qiyi_hcdndownloader_HCDNDownloaderTask_GetFileSizeNative 170: taskptr = 0xb3dc2a10
02-28 15:02:06.268 19732 21123 E cube_taskex: HCDN_LOG: [T:21123]Java_com_qiyi_hcdndownloader_HCDNDownloaderTask_GetDownloadSizeNative 187: taskptr = 0xb3dc2a10
02-28 15:02:06.268 19732 21123 E cube_taskex: HCDN_LOG: [T:21123]Java_com_qiyi_hcdndownloader_HCDNDownloaderTask_GetSpeedNative 139: taskptr = 0xb3dc2a10
02-28 15:02:06.353 650 664 I mpu_uart: [MSG-P:RECV]:No message received in 1000 ms
02-28 15:02:06.714 650 663 I mpu_uart: [MSG-P:R]:recv sync frame timeout
02-28 15:02:06.912 1342 1399 E tlogd : [TzLogger](isPathReadable) file /sys/kernel/debug/tzdbg/qsee_log isn't exist or no permission, err: No such file or directory
02-28 15:02:06.912 1342 1399 E tlogd : [TzLogger](saveTzlogAsync) /sys/kernel/debug/tzdbg/qsee_log can not read.
02-28 15:02:06.912 1342 1399 E tlogd : [TzLogger](isPathReadable) file /sys/kernel/debug/tzdbg/log isn't exist or no permission, err: No such file or directory
02-28 15:02:06.912 1342 1399 E tlogd : [TzLogger](saveTzlogAsync) /sys/kernel/debug/tzdbg/log can not read.
02-28 15:02:07.047 19732 20581 W kcp_info: HCDN_LOG: [T:20581]Update: udp kcp size[0], timeout kcp size[0]
02-28 15:02:07.048 19541 20557 W kcp_info: HCDN_LOG: [T:20557]Update: udp kcp size[0], timeout kcp size[0]
02-28 15:02:07.353 650 664 I mpu_uart: [MSG-P:RECV]:No message received in 1000 ms
02-28 15:02:07.516 19732 21123 E cube_taskex: HCDN_LOG: [T:21123]Java_com_qiyi_hcdndownloader_HCDNDownloaderTask_GetFileSizeNative 170: taskptr = 0xb3dc2a10
02-28 15:02:07.516 19732 21123 E cube_taskex: HCDN_LOG: [T:21123]Java_com_qiyi_hcdndownloader_HCDNDownloaderTask_GetDownloadSizeNative 187: taskptr = 0xb3dc2a10
02-28 15:02:07.516 19732 21123 E cube_taskex: HCDN_LOG: [T:21123]Java_com_qiyi_hcdndownloader_HCDNDownloaderTask_GetSpeedNative 139: taskptr = 0xb3dc2a10
02-28 15:02:08.047 19541 20557 W kcp_info: HCDN_LOG: [T:20557]Update: udp kcp size[0], timeout kcp size[0]
02-28 15:02:08.053 19732 20581 W kcp_info: HCDN_LOG: [T:20581]Update: udp kcp size[0], timeout kcp size[0]
02-28 15:02:08.354 650 664 I mpu_uart: [MSG-P:RECV]:No message received in 1000 ms
02-28 15:02:08.558 4922 5088 E GODZILLA: Original size is 1064960 but real size is 536576
02-28 15:02:08.559 4922 5088 E GODZILLA: Original size is 1064960 but real size is 536576
02-28 15:02:08.772 19732 21123 E cube_taskex: HCDN_LOG: [T:21123]Java_com_qiyi_hcdndownloader_HCDNDownloaderTask_GetFileSizeNative 170: taskptr = 0xb3dc2a10
02-28 15:02:08.772 19732 21123 E cube_taskex: HCDN_LOG: [T:21123]Java_com_qiyi_hcdndownloader_HCDNDownloaderTask_GetDownloadSizeNative 187: taskptr = 0xb3dc2a10
02-28 15:02:08.772 19732 21123 E cube_taskex: HCDN_LOG: [T:21123]Java_com_qiyi_hcdndownloader_HCDNDownloaderTask_GetSpeedNative 139: taskptr = 0xb3dc2a10
02-28 15:02:09.077 19541 20557 W kcp_info: HCDN_LOG: [T:20557]Update: udp kcp size[0], timeout kcp size[0]
02-28 15:02:09.093 19732 20581 W kcp_info: HCDN_LOG: [T:20581]Update: udp kcp size[0], timeout kcp size[0]
02-28 15:02:09.354 650 664 I mpu_uart: [MSG-P:RECV]:No message received in 1000 ms
02-28 15:02:09.718 650 663 I mpu_uart: [MSG-P:R]:recv sync frame timeout
02-28 15:02:09.996 19732 21123 E cube_taskex: HCDN_LOG: [T:21123]Java_com_qiyi_hcdndownloader_HCDNDownloaderTask_GetFileSizeNative 170: taskptr = 0xb3dc2a10
02-28 15:02:09.997 19732 21123 E cube_taskex: HCDN_LOG: [T:21123]Java_com_qiyi_hcdndownloader_HCDNDownloaderTask_GetDownloadSizeNative 187: taskptr = 0xb3dc2a10
02-28 15:02:09.997 19732 21123 E cube_taskex: HCDN_LOG: [T:21123]Java_com_qiyi_hcdndownloader_HCDNDownloaderTask_GetSpeedNative 139: taskptr = 0xb3dc2a10
02-28 15:02:10.112 19541 20557 W kcp_info: HCDN_LOG: [T:20557]Update: udp kcp size[0], timeout kcp size[0]
02-28 15:02:10.136 19732 20581 W kcp_info: HCDN_LOG: [T:20581]Update: udp kcp size[0], timeout kcp size[0]
02-28 15:02:10.355 650 664 I mpu_uart: [MSG-P:RECV]:No message received in 1000 ms
01-09 09:15:25.380 0 0 E DTC_ETH,link_delay_work_func: 3003, SQI=0, link=0
02-28 15:02:11.101 19732 21123 E cube_taskex: HCDN_LOG: [T:21123]Java_com_qiyi_hcdndownloader_HCDNDownloaderTask_GetFileSizeNative 170: taskptr = 0xb3dc2a10
02-28 15:02:11.101 19732 21123 E cube_taskex: HCDN_LOG: [T:21123]Java_com_qiyi_hcdndownloader_HCDNDownloaderTask_GetDownloadSizeNative 187: taskptr = 0xb3dc2a10
02-28 15:02:11.101 19732 21123 E cube_taskex: HCDN_LOG: [T:21123]Java_com_qiyi_hcdndownloader_HCDNDownloaderTask_GetSpeedNative 139: taskptr = 0xb3dc2a10
02-28 15:02:11.137 19541 20557 W kcp_info: HCDN_LOG: [T:20557]Update: udp kcp size[0], timeout kcp size[0]
02-28 15:02:11.142 19732 20581 W kcp_info: HCDN_LOG: [T:20581]Update: udp kcp size[0], timeout kcp size[0]
02-28 15:02:11.355 650 664 I mpu_uart: [MSG-P:RECV]:No message received in 1000 ms
02-28 15:02:11.913 1342 1399 E tlogd : [TzLogger](isPathReadable) file /sys/kernel/debug/tzdbg/qsee_log isn't exist or no permission, err: No such file or directory
02-28 15:02:11.913 1342 1399 E tlogd : [TzLogger](saveTzlogAsync) /sys/kernel/debug/tzdbg/qsee_log can not read.
02-28 15:02:11.913 1342 1399 E tlogd : [TzLogger](isPathReadable) file /sys/kernel/debug/tzdbg/log isn't exist or no permission, err: No such file or directory
02-28 15:02:11.913 1342 1399 E tlogd : [TzLogger](saveTzlogAsync) /sys/kernel/debug/tzdbg/log can not read.
02-28 15:02:12.136 19541 20557 W kcp_info: HCDN_LOG: [T:20557]Update: udp kcp size[0], timeout kcp size[0]
02-28 15:02:12.166 19732 21123 E cube_taskex: HCDN_LOG: [T:21123]Java_com_qiyi_hcdndownloader_HCDNDownloaderTask_GetFileSizeNative 170: taskptr = 0xb3dc2a10
02-28 15:02:12.166 19732 21123 E cube_taskex: HCDN_LOG: [T:21123]Java_com_qiyi_hcdndownloader_HCDNDownloaderTask_GetDownloadSizeNative 187: taskptr = 0xb3dc2a10
02-28 15:02:12.166 19732 21123 E cube_taskex: HCDN_LOG: [T:21123]Java_com_qiyi_hcdndownloader_HCDNDownloaderTask_GetSpeedNative 139: taskptr = 0xb3dc2a10
02-28 15:02:12.187 19732 20581 W kcp_info: HCDN_LOG: [T:20581]Update: udp kcp size[0], timeout kcp size[0]
02-28 15:02:12.356 650 664 I mpu_uart: [MSG-P:RECV]:No message received in 1000 ms
02-28 15:02:12.408 15161 15310 I cr.sandbox.render: RenderIOThread heartbeat, interval/index: 30s/24, render: 11(NORMAL_WITHOUT_SECCOMP), gpu: 2(FULL)
02-28 15:02:12.489 15161 15301 I cr.sandbox.render: RenderMainThread heartbeat, interval/index: 30s/24, render: 11(NORMAL_WITHOUT_SECCOMP), gpu: 2(FULL)
02-28 15:02:12.520 15228 15326 I cr.sandbox.gpu: GpuMainThread heartbeat, interval/index: 30/24
02-28 15:02:12.721 650 663 I mpu_uart: [MSG-P:R]:recv sync frame timeout
02-28 15:02:13.139 19541 20557 W kcp_info: HCDN_LOG: [T:20557]Update: udp kcp size[0], timeout kcp size[0]
02-28 15:02:13.229 19732 20581 W kcp_info: HCDN_LOG: [T:20581]Update: udp kcp size[0], timeout kcp size[0]
02-28 15:02:13.321 19732 21123 E cube_taskex: HCDN_LOG: [T:21123]Java_com_qiyi_hcdndownloader_HCDNDownloaderTask_GetFileSizeNative 170: taskptr = 0xb3dc2a10
02-28 15:02:13.321 19732 21123 E cube_taskex: HCDN_LOG: [T:21123]Java_com_qiyi_hcdndownloader_HCDNDownloaderTask_GetDownloadSizeNative 187: taskptr = 0xb3dc2a10
02-28 15:02:13.321 19732 21123 E cube_taskex: HCDN_LOG: [T:21123]Java_com_qiyi_hcdndownloader_HCDNDownloaderTask_GetSpeedNative 139: taskptr = 0xb3dc2a10
02-28 15:02:13.356 650 664 I mpu_uart: [MSG-P:RECV]:No message received in 1000 ms
02-28 15:02:14.164 19541 20557 W kcp_info: HCDN_LOG: [T:20557]Update: udp kcp size[0], timeout kcp size[0]
02-28 15:02:14.228 19732 20581 W kcp_info: HCDN_LOG: [T:20581]Update: udp kcp size[0], timeout kcp size[0]
02-28 15:02:14.356 650 664 I mpu_uart: [MSG-P:RECV]:No message received in 1000 ms
02-28 15:02:14.475 19732 21123 E cube_taskex: HCDN_LOG: [T:21123]Java_com_qiyi_hcdndownloader_HCDNDownloaderTask_GetFileSizeNative 170: taskptr = 0xb3dc2a10
02-28 15:02:14.475 19732 21123 E cube_taskex: HCDN_LOG: [T:21123]Java_com_qiyi_hcdndownloader_HCDNDownloaderTask_GetDownloadSizeNative 187: taskptr = 0xb3dc2a10
02-28 15:02:14.475 19732 21123 E cube_taskex: HCDN_LOG: [T:21123]Java_com_qiyi_hcdndownloader_HCDNDownloaderTask_GetSpeedNative 139: taskptr = 0xb3dc2a10
02-28 15:02:14.528 30797 31510 I cr.sandbox: BrowserIOThread heartbeat, interval/index: 30s/142, render: 11(NORMAL_WITHOUT_SECCOMP), gpu: 2(FULL)
02-28 15:02:15.196 19541 20557 W kcp_info: HCDN_LOG: [T:20557]Update: udp kcp size[0], timeout kcp size[0]
02-28 15:02:15.263 19732 20581 W kcp_info: HCDN_LOG: [T:20581]Update: udp kcp size[0], timeout kcp size[0]
02-28 15:02:15.357 650 664 I mpu_uart: [MSG-P:RECV]:No message received in 1000 ms
02-28 15:02:15.668 19732 21123 E cube_taskex: HCDN_LOG: [T:21123]Java_com_qiyi_hcdndownloader_HCDNDownloaderTask_GetFileSizeNative 170: taskptr = 0xb3dc2a10
02-28 15:02:15.668 19732 21123 E cube_taskex: HCDN_LOG: [T:21123]Java_com_qiyi_hcdndownloader_HCDNDownloaderTask_GetDownloadSizeNative 187: taskptr = 0xb3dc2a10
02-28 15:02:15.668 19732 21123 E cube_taskex: HCDN_LOG: [T:21123]Java_com_qiyi_hcdndownloader_HCDNDownloaderTask_GetSpeedNative 139: taskptr = 0xb3dc2a10
02-28 15:02:15.725 650 663 I mpu_uart: [MSG-P:R]:recv sync frame timeout
01-09 09:15:30.500 0 0 E DTC_ETH,link_delay_work_func: 3003, SQI=0, link=0
02-28 15:02:16.219 19541 20557 W kcp_info: HCDN_LOG: [T:20557]Update: udp kcp size[0], timeout kcp size[0]
02-28 15:02:16.299 19732 20581 W kcp_info: HCDN_LOG: [T:20581]Update: udp kcp size[0], timeout kcp size[0]
02-28 15:02:16.357 650 664 I mpu_uart: [MSG-P:RECV]:No message received in 1000 ms
02-28 15:02:16.723 12341 12418 E GODZILLA: Original size is 1064960 but real size is 536576
02-28 15:02:16.724 12341 16399 E GODZILLA: Original size is 1064960 but real size is 536576
02-28 15:02:16.792 19732 21123 E cube_taskex: HCDN_LOG: [T:21123]Java_com_qiyi_hcdndownloader_HCDNDownloaderTask_GetFileSizeNative 170: taskptr = 0xb3dc2a10
02-28 15:02:16.792 19732 21123 E cube_taskex: HCDN_LOG: [T:21123]Java_com_qiyi_hcdndownloader_HCDNDownloaderTask_GetDownloadSizeNative 187: taskptr = 0xb3dc2a10
02-28 15:02:16.792 19732 21123 E cube_taskex: HCDN_LOG: [T:21123]Java_com_qiyi_hcdndownloader_HCDNDownloaderTask_GetSpeedNative 139: taskptr = 0xb3dc2a10
02-28 15:02:16.913 1342 1399 E tlogd : [TzLogger](isPathReadable) file /sys/kernel/debug/tzdbg/qsee_log isn't exist or no permission, err: No such file or directory
02-28 15:02:16.913 1342 1399 E tlogd : [TzLogger](saveTzlogAsync) /sys/kernel/debug/tzdbg/qsee_log can not read.
02-28 15:02:16.913 1342 1399 E tlogd : [TzLogger](isPathReadable) file /sys/kernel/debug/tzdbg/log isn't exist or no permission, err: No such file or directory
02-28 15:02:16.914 1342 1399 E tlogd : [TzLogger](saveTzlogAsync) /sys/kernel/debug/tzdbg/log can not read.
02-28 15:02:17.233 19541 20557 W kcp_info: HCDN_LOG: [T:20557]Update: udp kcp size[0], timeout kcp size[0]
02-28 15:02:17.314 19732 20581 W kcp_info: HCDN_LOG: [T:20581]Update: udp kcp size[0], timeout kcp size[0]
02-28 15:02:17.358 650 664 I mpu_uart: [MSG-P:RECV]:No message received in 1000 ms
02-28 15:02:17.996 19732 21123 E cube_taskex: HCDN_LOG: [T:21123]Java_com_qiyi_hcdndownloader_HCDNDownloaderTask_GetFileSizeNative 170: taskptr = 0xb3dc2a10
02-28 15:02:17.996 19732 21123 E cube_taskex: HCDN_LOG: [T:21123]Java_com_qiyi_hcdndownloader_HCDNDownloaderTask_GetDownloadSizeNative 187: taskptr = 0xb3dc2a10
02-28 15:02:17.996 19732 21123 E cube_taskex: HCDN_LOG: [T:21123]Java_com_qiyi_hcdndownloader_HCDNDownloaderTask_GetSpeedNative 139: taskptr = 0xb3dc2a10
02-28 15:02:18.241 19541 20557 W kcp_info: HCDN_LOG: [T:20557]Update: udp kcp size[0], timeout kcp size[0]
02-28 15:02:18.340 19732 20581 W kcp_info: HCDN_LOG: [T:20581]Update: udp kcp size[0], timeout kcp size[0]
02-28 15:02:18.358 650 664 I mpu_uart: [MSG-P:RECV]:No message received in 1000 ms
02-28 15:02:18.728 650 663 I mpu_uart: [MSG-P:R]:recv sync frame timeout
02-28 15:02:19.205 19732 21123 E cube_taskex: HCDN_LOG: [T:21123]Java_com_qiyi_hcdndownloader_HCDNDownloaderTask_GetFileSizeNative 170: taskptr = 0xb3dc2a10
02-28 15:02:19.205 19732 21123 E cube_taskex: HCDN_LOG: [T:21123]Java_com_qiyi_hcdndownloader_HCDNDownloaderTask_GetDownloadSizeNative 187: taskptr = 0xb3dc2a10
02-28 15:02:19.205 19732 21123 E cube_taskex: HCDN_LOG: [T:21123]Java_com_qiyi_hcdndownloader_HCDNDownloaderTask_GetSpeedNative 139: taskptr = 0xb3dc2a10
02-28 15:02:19.248 19541 20557 W kcp_info: HCDN_LOG: [T:20557]Update: udp kcp size[0], timeout kcp size[0]
02-28 15:02:19.359 650 664 I mpu_uart: [MSG-P:RECV]:No message received in 1000 ms
02-28 15:02:19.374 19732 20581 W kcp_info: HCDN_LOG: [T:20581]Update: udp kcp size[0], timeout kcp size[0]
02-28 15:02:19.907 16403 16403 I auditd : type=1400 audit(0.0:21815): avc: denied { write } for comm="logcat" name="logdr" dev="tmpfs" ino=1340 scontext=u:r:su:s0 tcontext=u:object_r:logdr_socket:s0 tclass=sock_file permissive=1
02-28 15:02:19.907 16403 16403 I logcat : type=1400 audit(0.0:21815): avc: denied { write } for name="logdr" dev="tmpfs" ino=1340 scontext=u:r:su:s0 tcontext=u:object_r:logdr_socket:s0 tclass=sock_file permissive=1
01-09 09:15:34.205 0 0 I logd : logdr: UID=0 GID=0 PID=16403 b tail=0 logMask=bf pid=0 start=0ns deadline=0ns
02-28 15:02:20.286 19541 20557 W kcp_info: HCDN_LOG: [T:20557]Update: udp kcp size[0], timeout kcp size[0]
02-28 15:02:20.359 650 664 I mpu_uart: [MSG-P:RECV]:No message received in 1000 ms
02-28 15:02:20.379 19732 21123 E cube_taskex: HCDN_LOG: [T:21123]Java_com_qiyi_hcdndownloader_HCDNDownloaderTask_GetFileSizeNative 170: taskptr = 0xb3dc2a10
02-28 15:02:20.379 19732 21123 E cube_taskex: HCDN_LOG: [T:21123]Java_com_qiyi_hcdndownloader_HCDNDownloaderTask_GetDownloadSizeNative 187: taskptr = 0xb3dc2a10
02-28 15:02:20.379 19732 21123 E cube_taskex: HCDN_LOG: [T:21123]Java_com_qiyi_hcdndownloader_HCDNDownloaderTask_GetSpeedNative 139: taskptr = 0xb3dc2a10
02-28 15:02:20.416 19732 20581 W kcp_info: HCDN_LOG: [T:20581]Update: udp kcp size[0], timeout kcp size[0]
01-09 09:15:34.778 0 0 I binder : 1544:1777 ioctl 400c620e 7341dfe5d8 returned -22 --------- beginning of system
02-28 15:02:20.486 1544 1777 D ActivityManager: freezing 15079 com.taobao.taobao:channel
01-09 09:15:34.781 0 0 I binder : 1544:1777 ioctl c00c620f 7341dfe5b8 returned -22
02-28 15:02:20.487 1544 1777 E ActivityManager: Unable to freeze binder for 15079 com.taobao.taobao:channel
02-28 15:02:20.489 1544 1777 D ActivityManager: froze 15079 com.taobao.taobao:channel
02-28 15:02:20.489 1544 1777 I am_freeze: [15079,com.taobao.taobao:channel]
02-28 15:02:20.490 1544 1777 E ActivityManager: Unable to freeze binder for 15079 com.taobao.taobao:channel
02-28 15:02:20.494 1544 1777 D ActivityManager: freezing 15228 com.taobao.taobao:gpu_process
02-28 15:02:20.494 1544 1777 E ActivityManager: Unable to freeze binder for 15228 com.taobao.taobao:gpu_process
02-28 15:02:20.495 1544 1777 D ActivityManager: froze 15228 com.taobao.taobao:gpu_process
02-28 15:02:20.495 1544 1777 I am_freeze: [15228,com.taobao.taobao:gpu_process]
01-09 09:15:34.786 0 0 I binder : 1544:1777 ioctl 400c620e 7341dfe5d8 returned -22
02-28 15:02:20.495 1544 1777 E ActivityManager: Unable to freeze binder for 15228 com.taobao.taobao:gpu_process
01-09 09:15:34.787 0 0 I binder : 1544:1777 ioctl c00c620f 7341dfe5b8 returned -22
02-28 15:02:20.497 1544 1777 D ActivityManager: freezing 15161 com.taobao.taobao:sandboxed_privilege_process0
02-28 15:02:20.497 1544 1777 E ActivityManager: Unable to freeze binder for 15161 com.taobao.taobao:sandboxed_privilege_process0
02-28 15:02:20.498 1544 1777 D ActivityManager: froze 15161 com.taobao.taobao:sandboxed_privilege_process0
02-28 15:02:20.498 1544 1777 I am_freeze: [15161,com.taobao.taobao:sandboxed_privilege_process0]
02-28 15:02:20.498 1544 1777 E ActivityManager: Unable to freeze binder for 15161 com.taobao.taobao:sandboxed_privilege_process0
01-09 09:15:34.789 0 0 I binder : 1544:1777 ioctl 400c620e 7341dfe5d8 returned -22
01-09 09:15:34.790 0 0 I binder : 1544:1777 ioctl c00c620f 7341dfe5b8 returned -22
02-28 15:02:20.500 1544 1777 I ActivityManager: Killing 15079:com.taobao.taobao:channel/u0a104 (adj 975): Unable to freeze binder interface
02-28 15:02:20.500 1544 1777 I am_kill : [0,15079,com.taobao.taobao:channel,975,Unable to freeze binder interface]
02-28 15:02:20.502 1544 1777 I ActivityManager: Killing 15228:com.taobao.taobao:gpu_process/u0a104 (adj 975): Unable to freeze binder interface
02-28 15:02:20.502 1544 1777 I am_kill : [0,15228,com.taobao.taobao:gpu_process,975,Unable to freeze binder interface]
02-28 15:02:20.503 1544 1777 I ActivityManager: Killing 15161:com.taobao.taobao:sandboxed_privilege_process0/u0a104 (adj 975): Unable to freeze binder interface
02-28 15:02:20.503 1544 1777 I am_kill : [0,15161,com.taobao.taobao:sandboxed_privilege_process0,975,Unable to freeze binder interface]
02-28 15:02:20.511 1544 1649 I libprocessgroup: Successfully killed process cgroup uid 10104 pid 15079 in 10ms
02-28 15:02:20.512 1232 15491 I OMX-VENC: venc_dev: stats: avg. fps 0.06, bitrate 1488
02-28 15:02:20.542 30797 31510 I cr.gpuproc: [gpu_process_host.cc(0x72a97e2520,1196) OnProcessCrashed] begin, exit_code: 0
02-28 15:02:20.543 30797 30797 I cr.sandbox: [process_setting.cc(47) SetProcMode] gpu process mode changed: 2(ISOLATE) -> -1(INVALID)
02-28 15:02:20.543 30797 31510 I cr.gpuproc: [gpu_process_host.cc(0x72a97e2520,1229) OnProcessCrashed] end
02-28 15:02:20.543 30797 30797 I cr.sandbox.child_exit_observer_android: BrowserChildProcessKilled: k_by_browser = 0, status = 0, exit_code = 0
02-28 15:02:20.543 30797 30797 I cr.sandbox.child_exit_observer_android: PopulateTerminationInfo: 3, 0, 2, 0, 0, 0
02-28 15:02:20.544 30797 30797 E cr.sandbox: [child_exit_observer_android.cc(117) OnChildExit] k_by_browser = 0, normal_termination = 0, process_host_id = 9, pid = 15228
02-28 15:02:20.545 30797 15102 E cr.sandbox: [aw_browser_terminator.cc(318) OnChildExitAsync] k_by_browser = 0, pipe = 1, normal_termination = 0, pid = 15228
02-28 15:02:20.545 30797 30797 I cr.sandbox.aw_browser_terminator: GPU process crashed: n, app foreground: n, crash count: 6
02-28 15:02:20.545 30797 30797 E sandbox.AwContents: GPU onProcessGone - noWebGl, crashed: false, inCache: false - about:blank?static@2373d75
02-28 15:02:20.546 30797 30797 E sandbox.AwContents: GPU onProcessGone - noWebGl, crashed: false, inCache: false - https://hybrid.miniapp.taobao.com/index....@49ae68f
02-28 15:02:20.546 30797 30797 E sandbox.AwContents: GPU onProcessGone - noWebGl, crashed: false, inCache: false - https://tbshop.m.taobao.com/app/tb-shop-...@93c2914
02-28 15:02:20.547 30797 30797 E sandbox.GPU.ServiceSetting: process gone, live time: 729834, count: 0, events: jYXWQPIKHGBDCi0TfVUjYXWQPIKHGBDCi0TfVUjYXWQPIKHGBDCi0TfVUjYXW
02-28 15:02:20.549 1544 2179 I am_proc_died: [0,15228,com.taobao.taobao:gpu_process,975,19]
02-28 15:02:20.549 30797 31378 I sandbox.GPU.ServiceSetting: event U DIS_CONNECTED_A <- j ESTABLISH_GPU_CHANNEL_F
02-28 15:02:20.549 30797 31378 I sandbox.GPU.ServiceSetting: event V DIS_CONNECTED_B <- U DIS_CONNECTED_A
02-28 15:02:20.549 30797 31378 I sandbox.GPU.ServiceSetting: event f STOP <- V DIS_CONNECTED_B
02-28 15:02:20.550 30797 31378 I sandbox.GPU.ServiceSetting: event T UNBIND <- f STOP
02-28 15:02:20.550 1544 2179 W ActivityManager: Scheduling restart of crashed service com.taobao.taobao/com.taobao.android.uc.service.GpuProcessService0 in 1000ms for connection
02-28 15:02:20.550 1544 2179 I am_schedule_service_restart: [0,com.taobao.taobao/com.taobao.android.uc.service.GpuProcessService0,1000]
02-28 15:02:20.554 30797 31377 I sandbox.Render.NN.ServiceSetting: event U DIS_CONNECTED_A <- Y SETUP_CONNECTION_COMPLETE
02-28 15:02:20.554 1544 2179 I am_proc_died: [0,15161,com.taobao.taobao:sandboxed_privilege_process0,975,19]
02-28 15:02:20.554 30797 31377 I sandbox.Render.NN.ServiceSetting: event V DIS_CONNECTED_B <- U DIS_CONNECTED_A
02-28 15:02:20.554 30797 31377 I sandbox.Render.NN.ServiceSetting: event f STOP <- V DIS_CONNECTED_B
02-28 15:02:20.554 30797 31377 I sandbox.Render.NN.ServiceSetting: event T UNBIND <- f STOP
02-28 15:02:20.554 1544 2179 W ActivityManager: Scheduling restart of crashed service com.taobao.taobao/com.taobao.android.uc.service.SandboxedPrivilegedProcessService0 in 1000ms for connection
02-28 15:02:20.554 1544 2179 I am_schedule_service_restart: [0,com.taobao.taobao/com.taobao.android.uc.service.SandboxedPrivilegedProcessService0,1000]
02-28 15:02:20.554 673 673 I Zygote : Process 15161 exited due to signal 9 (Killed)
02-28 15:02:20.555 30797 31378 I sandbox.[GPU]ChildProcessConn@12: bindingState changed - 0 <- 3
02-28 15:02:20.555 30797 31378 I sandbox.GPU.ServiceSetting: event 0 END <- T UNBIND
02-28 15:02:20.555 30797 31378 I sandbox.GPU.ChildProcessLauncher: onChildProcessDied
02-28 15:02:20.556 30797 31378 I sandbox.GPU.ChildConnAllocator: Allocator freed a connection, name: com.taobao.android.uc.service.GpuProcessService, slot: 0
02-28 15:02:20.556 30797 30797 I u4native: [INFO:render_process_host_impl.cc(3520)] RenderProcessHostImpl::OnChannelError
02-28 15:02:20.556 30797 30797 I cr.sandbox.render_process_host_impl: ProcessDied - status: 0, exit_code: 0, was killed intentionally by browser: n
02-28 15:02:20.556 30797 31377 I sandbox.[Render.NN]ChildProcessConn@11: bindingState changed - 0 <- 3
02-28 15:02:20.557 30797 31377 I sandbox.Render.NN.ServiceSetting: event 0 END <- T UNBIND
02-28 15:02:20.557 673 673 I Zygote : Process 15228 exited due to signal 9 (Killed)
02-28 15:02:20.557 30797 30797 I cr.sandbox.child_exit_observer_android: Observe begin
02-28 15:02:20.557 30797 31377 I sandbox.Render.ChildProcessLauncher: onChildProcessDied
02-28 15:02:20.557 30797 30797 I cr.sandbox.child_exit_observer_android: PopulateTerminationInfo: 3, 0, 1, 0, 0, 0
02-28 15:02:20.557 30797 30797 I cr.sandbox.child_exit_observer_android: Observe type: NOTIFICATION_RENDERER_PROCESS_CLOSED
02-28 15:02:20.557 30797 30797 I cr.sandbox.child_exit_observer_android: Observe end
02-28 15:02:20.557 30797 30797 E cr.sandbox: [child_exit_observer_android.cc(117) OnChildExit] k_by_browser = 0, normal_termination = 0, process_host_id = 4, pid = 15161
02-28 15:02:20.557 30797 30797 I cr.sandbox.aw_contents: OnRenderProcessGone - 0x72c8d59fe0, 4 - 1
02-28 15:02:20.557 30797 30797 I cr.sandbox.aw_contents: OnRenderProcessGone - 0x72c8d59fe0, 4 - 2
02-28 15:02:20.558 30797 30797 I cr.sandbox.aw_contents: OnRenderProcessGone - 0x72a97b2120, 4 - 1
02-28 15:02:20.558 30797 30797 I cr.sandbox.aw_contents: OnRenderProcessGone - 0x72a97b2120, 4 - 2
02-28 15:02:20.558 30797 30797 I cr.sandbox.aw_contents: OnRenderProcessGone - 0x73696f2310, 4 - 1
02-28 15:02:20.558 30797 30797 I cr.sandbox.aw_contents: OnRenderProcessGone - 0x73696f2310, 4 - 2
02-28 15:02:20.558 30797 30797 I cr.sandbox.render_view_host_impl: RenderProcessExited 1
02-28 15:02:20.558 30797 16407 E cr.sandbox: [aw_browser_terminator.cc(318) OnChildExitAsync] k_by_browser = 0, pipe = 1, normal_termination = 0, pid = 15161
02-28 15:02:20.558 30797 30797 I cr.sandbox.render_view_host_impl: RenderProcessExited 2
02-28 15:02:20.559 30797 30797 I cr.sandbox.render_view_host_impl: RenderProcessExited 1
02-28 15:02:20.559 30797 30797 I cr.sandbox.render_view_host_impl: RenderProcessExited 2
02-28 15:02:20.561 30797 30797 I cr.sandbox.render_view_host_impl: RenderProcessExited 1
02-28 15:02:20.561 1544 2179 D ConnectivityService: ConnectivityService NetworkRequestInfo binderDied(uid/pid:10104/15079, android.os.BinderProxy@3191644)
02-28 15:02:20.561 1544 8320 D ConnectivityService: ConnectivityService NetworkRequestInfo binderDied(uid/pid:10104/15079, android.os.BinderProxy@30f632d)
02-28 15:02:20.561 1544 1947 D ConnectivityService: releasing NetworkRequest [ REQUEST id=501, [ Capabilities: INTERNET&NOT_RESTRICTED&TRUSTED&NOT_VCN_MANAGED Uid: 10104 RequestorUid: 10104 RequestorPkg: com.taobao.taobao] ] (release request)
02-28 15:02:20.561 1544 14086 I am_proc_died: [0,15079,com.taobao.taobao:channel,975,19]
02-28 15:02:20.562 1544 1947 D ConnectivityService: releasing NetworkRequest [ REQUEST id=502, [ Transports: CELLULAR Capabilities: INTERNET&NOT_RESTRICTED&TRUSTED&NOT_VPN&NOT_VCN_MANAGED Uid: 10104 RequestorUid: 10104 RequestorPkg: com.taobao.taobao] ] (release request)
02-28 15:02:20.563 673 673 I Zygote : Process 15079 exited due to signal 9 (Killed)
02-28 15:02:20.563 1544 1649 I libprocessgroup: Successfully killed process cgroup uid 10104 pid 15228 in 0ms
02-28 15:02:20.564 30797 30797 I cr.sandbox.render_view_host_impl: RenderProcessExited 2
02-28 15:02:20.564 1544 14086 W ActivityManager: Scheduling restart of crashed service com.taobao.taobao/com.alibaba.analytics.AnalyticsService in 1000ms for connection
02-28 15:02:20.564 1544 14086 I am_schedule_service_restart: [0,com.taobao.taobao/com.alibaba.analytics.AnalyticsService,1000]
02-28 15:02:20.565 1544 1649 I libprocessgroup: Successfully killed process cgroup uid 10104 pid 15161 in 0ms
