02-28 15:02:31.276 16705 16731 I OpenRuntimeJNI: mmvulkan fileLen:14000
02-28 15:02:31.276 16705 16731 D OpenRuntimeJNI: 49586dc9613e28ea5c0f5235d23c1246 md5String:mmvulkan
02-28 15:02:31.276 16705 16731 I OpenRuntimeJNI: mmvulkan abi:1 check success
02-28 15:02:31.276 16705 16731 I OpenRuntimeJNI: wechataudiosilk fileLen:74980
02-28 15:02:31.276 16759 16759 D NetworkSecurityConfig: Using Network Security Config from resource g debugBuild: false
02-28 15:02:31.276 16705 16731 D OpenRuntimeJNI: 19122d176cd242bff81c470ccb5fa2bb md5String:wechataudiosilk
02-28 15:02:31.276 16705 16731 I OpenRuntimeJNI: wechataudiosilk abi:1 check success
02-28 15:02:31.277 16705 16731 I OpenRuntimeJNI: liteavsdk fileLen:3537504
02-28 15:02:31.277 16736 16736 I MMKV : current API level = 31
02-28 15:02:31.277 16736 16736 I MMKV : page size:4096
02-28 15:02:31.277 16736 16736 I MMKV : root dir: /data/user/0/com.tencent.qqlive/files/mmkv
02-28 15:02:31.277 16759 16759 I load_dex_tag: QQLiveApplication init
02-28 15:02:31.283 16736 16736 I MMKV : loading [vb_platformInfo] with 2776 size in total, file size is 4096
02-28 15:02:31.283 16736 16736 I MMKV : loading [vb_platformInfo] with crc 51680839 sequence 2
02-28 15:02:31.283 16736 16736 I MMKV : loaded [vb_platformInfo] with 8 values
02-28 15:02:31.279 19541 19541 I auditd : type=1400 audit(0.0:21862): avc: denied { open } for comm="HCDN_DownloadEn" path="/proc/stat" dev="proc" ino=4026532245 scontext=u:r:untrusted_app:s0:c103,c256,c512,c768 tcontext=u:object_r:proc_stat:s0 tclass=file permissive=1 app=com.qiyi.video
02-28 15:02:31.279 19541 19541 I HCDN_DownloadEn: type=1400 audit(0.0:21862): avc: denied { open } for path="/proc/stat" dev="proc" ino=4026532245 scontext=u:r:untrusted_app:s0:c103,c256,c512,c768 tcontext=u:object_r:proc_stat:s0 tclass=file permissive=1 app=com.qiyi.video
02-28 15:02:31.279 19541 19541 I auditd : type=1400 audit(0.0:21863): avc: denied { getattr } for comm="HCDN_DownloadEn" path="/proc/stat" dev="proc" ino=4026532245 scontext=u:r:untrusted_app:s0:c103,c256,c512,c768 tcontext=u:object_r:proc_stat:s0 tclass=file permissive=1 app=com.qiyi.video
02-28 15:02:31.279 19541 19541 I HCDN_DownloadEn: type=1400 audit(0.0:21863): avc: denied { getattr } for path="/proc/stat" dev="proc" ino=4026532245 scontext=u:r:untrusted_app:s0:c103,c256,c512,c768 tcontext=u:object_r:proc_stat:s0 tclass=file permissive=1 app=com.qiyi.video
02-28 15:02:31.287 16759 16759 I load_dex_tag: application attachBaseContext
02-28 15:02:31.288 16736 16736 D AppConfig: traverseSharedPreferencesKey: start
02-28 15:02:31.288 16759 16759 I MultiDex: VM with version 2.1.0 has multidex support
02-28 15:02:31.288 16759 16759 I MultiDex: install
02-28 15:02:31.288 16759 16759 I MultiDex: VM has multidex support, MultiDex support library is disabled.
02-28 15:02:31.290 16759 16759 E a : ApplicationWrapper:attachBaseContext: process = com.tencent.qqlive:services, processType = 17
02-28 15:02:31.293 16759 16759 D SLAReporter: set open: false ,real: false
02-28 15:02:31.293 16759 16759 D RAApplicationContext: startup [32725752], current RAFT version:com.raft.uas/v1alpha2
02-28 15:02:31.293 16759 16759 D RAServiceManager: init ...
02-28 15:02:31.296 16736 16796 W SQLiteCompatibilityWalFlags: Cannot read global setting sqlite_compatibility_wal_flags - Application state not available
02-28 15:02:31.297 16759 16759 D RAServiceManager: init success :{interface com.tencent.qqlive.modules.vb.skin.service.IVBSkinService=com.tencent.raft.generate.interface1985581822$QQLive_app@898ced, interface com.tencent.qqlive.modules.vb.danmaku.service.IVBDanmakuService=com.tencent.raft.generate.interface786679668$QQLive_app@fcf6722, class com.tencent.qqlive.modules.vb.platforminfo.service.VBPlatformInfoService=com.tencent.raft.generate.interface1883630954$QQLive_app@30775b3, class com.tencent.qqlive.modules.attachable.b.b=com.tencent.raft.generate.interface1008491740$QQLive_app@b7bd770, class com.tencent.qqlive.modules.vb.videokit.service.VBCoverGenerateService=com.tencent.raft.generate.interface438429825$QQLive_app@fff0ae9, interface com.tencent.qqlive.modules.vb.videokit.service.IVBCoverPickerService=com.tencent.raft.generate.interface760724600$QQLive_app@e20d36e, interface com.tencent.qqlive.modules.vb.threadservice.service.IVBThreadService=com.tencent.raft.generate.interface1753729375$QQLive_app@979ba0f, class com.tencent.qqlive.modules.vb.danmaku.service.VBDanmakuService=com.tencent.raft.generate.interface786679668$QQLive_app@61efa9c, class com.tencent.qqlive.modules.vb.videokit.service.VBMediaPreviewerService=com.tencent.raft.generate.interface237566004$QQLive_app@c346ca5, class com.tencent.qqlive.modules.vb.idauth.service.VBIDAuthService=com.tencent.raft.generate.interface387926606$QQLive_app@80ab87a, class com.tencent.qqlive.modules.vb.wrapperloginservice.VBWrapperLoginService=com.tencent.raft.generate.interface1907459880$QQLive_app@921e82b, interface com.tencent.qqlive.modules.vb.log.IVBLogService=com.tencent.raft.generate.interface720016883$QQLive_app@46f2488, interface com.tencent.qqlive.modules.vb.idauth.service.IVBIDAuthService=com.tencent.raft.generate.interface387926606$QQLive_app@9a42e21, interface com.tencent.qqlive.modules.vb.networkservice.service.IVBNetworkService=com.tencent.raft.generate.interface812276117$QQLive_app@f7be246, interface com.tencent.qqlive.modules.vb.location.service.IVBLocationService=com.tencent.raft.generate.interface1514662158$QQLive_app@ed4dc07, interface com.tencent.qqlive.modules.vb.videoupload.service.IVBUploadVideoService=com.tencent.raft.generate.interface1516007402$QQLive_app@160134, interface com.tencent.qqlive.modules.vb.dialog.service.IVBDialogService=com.tencent.raft.generate.interface416549288$QQLive_app@ff48b5d, interface com.tencent.qqlive.modules.vb.loginservice.IVBLoginService=com.tencent.raft.generate.interface2111711442$QQLive_app@483dcd2, class com.tencent.qqlive.modules.vb.loginservice.VBLoginService=com.tencent.raft.generate.interface2111711442$QQLive_app@5d931a3, class com.tencent.qqlive.modules.vb.log.VBLogService=com.tencent.raft.generate.interface720016883$QQLive_app@1abfca0, interface com.tencent.qqlive.modules.attachable.b.c=com.tencent.raft.generate.interface1008491740$QQLive_app@f38059, interface com.tencent.qqlive.modules.vb.platforminfo.service.IVBPlatformInfoService=com.tencent.raft.generate.interface1883630954$QQLive_app@69ef41e, interface com.tencent.qqlive.modules.vb.videokit.service.IVBMediaPreviewerService=com.tencent.raft.generate.interface237566004$QQLive_app@d4344ff, class com.tencent.qqlive.modules.vb.camera.service.VBCameraService=com.tencent.raft.generate.interface1737817582$QQLive_app@e442cc, interface com.tencent.qqlive.modules.vb.camera.service.IVBCameraService=com.tencent.raft.generate.interface1737817582$QQLive_app@352c915, interface com.tencent.qqlive.modules.vb.videokit.service.IVBCoverGenerateService=com.tencent.raft.generate.interface438429825$QQLive_app@ec2342a, class com.tencent.qqlive.modules.vb.videokit.service.VBCoverPickerService=com.tencent.raft.generate.interface760724600$QQLive_app@711321b, interface com.tencent.qqlive.modules.vb.kv.service.IVBKVService=com.tencent.raft.generate.interface169200130$QQLive_app@b78bfb8, class com.tencent.qqlive.modules.vb.videoupload.service.VBUploadVideoService=com.tencent.raft.generate.interface1516007402$QQLive_app@d23e191, interface com.tencent.qqlive.modules.vb.pb.service.IVBPBService=c
02-28 15:02:31.297 16759 16759 D RADeclareManager: init success :{}
02-28 15:02:31.298 16705 16731 D OpenRuntimeJNI: faae96ae439706f0713a76036679f2fd md5String:liteavsdk
02-28 15:02:31.298 16705 16731 I OpenRuntimeJNI: liteavsdk abi:1 check success
02-28 15:02:31.298 16705 16731 I OpenRuntimeJNI: mmmediasdk fileLen:1140232
02-28 15:02:31.300 16736 16736 D AppConfig: fs length is :533
02-28 15:02:31.300 19541 20043 I IM-VIDEO: KEPLER > Ping send, @kepler-scheduled-0, [INIT][ACTIVE](87)
02-28 15:02:31.301 19541 20043 I IM-VIDEO: Q> ConnState onPingSuccess
02-28 15:02:31.301 19541 20043 I IM-VIDEO: Broadcast sendTo: com.iqiyi.hotchat.connect.ping.success
02-28 15:02:31.301 19541 19575 I CONNECTOR: Sent(3): 070000
02-28 15:02:31.302 16736 16736 I MMKV : loading [mmkv_inner_prefs_migrate_finish] with 411 size in total, file size is 4096
02-28 15:02:31.302 16736 16736 I MMKV : loading [mmkv_inner_prefs_migrate_finish] with crc 3375570496 sequence 2
02-28 15:02:31.302 16736 16736 I MMKV : loaded [mmkv_inner_prefs_migrate_finish] with 16 values
02-28 15:02:31.302 16736 16736 I MMKV : loading [com.tencent.qqlive_preferences] with 29748 size in total, file size is 32768
02-28 15:02:31.302 16736 16736 I MMKV : loading [com.tencent.qqlive_preferences] with crc 2555155388 sequence 4
02-28 15:02:31.303 16736 16736 I MMKV : loaded [com.tencent.qqlive_preferences] with 59 values
02-28 15:02:31.303 19541 20043 E IM-VIDEO: HCTool getTopPackageName @java.util.ArrayList:get:437, IndexOutOfBoundsException: Index: 0, Size: 0
02-28 15:02:31.306 16705 16731 D OpenRuntimeJNI: fdccb39bfb5e38aeea97f1145ad3bc59 md5String:mmmediasdk
02-28 15:02:31.306 16705 16731 I OpenRuntimeJNI: mmmediasdk abi:1 check success
02-28 15:02:31.306 16705 16731 I OpenRuntimeJNI: mmmediasdkjni fileLen:46556
02-28 15:02:31.306 16736 16796 E SQLiteLog: (1) no such table: OnePrefs_UpdatePrefsFile in "SELECT * FROM 'OnePrefs_UpdatePrefsFile'"
02-28 15:02:31.306 16705 16731 D OpenRuntimeJNI: eedb69a7945489ad2aca936ece1afc87 md5String:mmmediasdkjni
02-28 15:02:31.306 16705 16731 I OpenRuntimeJNI: mmmediasdkjni abi:1 check success
02-28 15:02:31.306 16705 16731 I OpenRuntimeJNI: qm_native_decoder_ape fileLen:198436
02-28 15:02:31.306 16736 16736 I ashercai: QQLiveApplication 1
02-28 15:02:31.307 16705 16731 D OpenRuntimeJNI: 04c1604780ed1cef6143598aca9b730f md5String:qm_native_decoder_ape
02-28 15:02:31.307 16705 16731 I OpenRuntimeJNI: qm_native_decoder_ape abi:1 check success
02-28 15:02:31.308 16705 16731 I OpenRuntimeJNI: ilink_im fileLen:3328948
01-09 09:15:45.610 0 0 W "qqlive : services" (16759) uses obsolete SWP{B} instruction at 0xd9f4d3f4
01-09 09:15:45.610 0 0 W "qqlive : services" (16759) uses obsolete SWP{B} instruction at 0xd9f4d4fc
02-28 15:02:31.320 16759 16759 E QQLiveXLogger: new:com.tencent.qqlive:services,services
02-28 15:02:31.321 16736 16736 W DummyProcessStartup: initialize: useless startup:java.lang.Throwable
02-28 15:02:31.321 16736 16736 W DummyProcessStartup: at com.tencent.luggage.wxa.ans.h(DummyProcessStartup.kt:12)
02-28 15:02:31.321 16736 16736 W DummyProcessStartup: at com.tencent.luggage.wxa.anw.h(ProcessStartupFactory.kt:45)
02-28 15:02:31.321 16736 16736 W DummyProcessStartup: at com.tencent.luggage.wxa.amw.(WxaApiImpl.kt:140)
02-28 15:02:31.321 16736 16736 W DummyProcessStartup: at com.tencent.luggage.wxaapi.WxaApi$Factory.createApi(WxaApi.java:167)
02-28 15:02:31.321 16736 16736 W DummyProcessStartup: at com.tencent.qqlive.jsapi.utils.WxaSdkPkgLoader.b(WxaSdkPkgLoader.java:128)
02-28 15:02:31.321 16736 16736 W DummyProcessStartup: at com.tencent.qqlive.jsapi.utils.WxaSdkPkgLoader.onApplicationCreate(WxaSdkPkgLoader.java:90)
02-28 15:02:31.321 16736 16736 W DummyProcessStartup: at com.tencent.qqlive.ona.base.a.a.l.a(WXATask.java:14)
02-28 15:02:31.321 16736 16736 W DummyProcessStartup: at com.tencent.qqlive.ona.base.a.c.c(LaunchTaskMonitor.java:52)
02-28 15:02:31.321 16736 16736 W DummyProcessStartup: at com.tencent.qqlive.ona.base.a.c.a(LaunchTaskMonitor.java:28)
02-28 15:02:31.321 16736 16736 W DummyProcessStartup: at com.tencent.qqlive.ona.base.a.b.a(AppLaunchManager.java:61)
02-28 15:02:31.321 16736 16736 W DummyProcessStartup: at com.tencent.qqlive.ona.base.QQLiveApplicationWrapper.d(QQLiveApplicationWrapper.java:67)
02-28 15:02:31.321 16736 16736 W DummyProcessStartup: at com.tencent.qqlive.ona.base.QQLiveApplicationWrapper.attachBaseContext(QQLiveApplicationWrapper.java:110)
02-28 15:02:31.321 16736 16736 W DummyProcessStartup: at android.app.Application.attach(Application.java:331)
02-28 15:02:31.321 16736 16736 W DummyProcessStartup: at android.app.Instrumentation.newApplication(Instrumentation.java:1179)
02-28 15:02:31.321 16736 16736 W DummyProcessStartup: at android.app.LoadedApk.makeApplication(LoadedApk.java:1356)
02-28 15:02:31.321 16736 16736 W DummyProcessStartup: at android.app.ActivityThread.handleBindApplication(ActivityThread.java:6705)
02-28 15:02:31.321 16736 16736 W DummyProcessStartup: at android.app.ActivityThread.access$1500(ActivityThread.java:248)
02-28 15:02:31.321 16736 16736 W DummyProcessStartup: at android.app.ActivityThread$H.handleMessage(ActivityThread.java:2054)
02-28 15:02:31.321 16736 16736 W DummyProcessStartup: at android.os.Handler.dispatchMessage(Handler.java:106)
02-28 15:02:31.321 16736 16736 W DummyProcessStartup: at android.os.Looper.loopOnce(Looper.java:201)
02-28 15:02:31.321 16736 16736 W DummyProcessStartup: at android.os.Looper.loop(Looper.java:288)
02-28 15:02:31.321 16736 16736 W DummyProcessStartup: at android.app.ActivityThread.main(ActivityThread.java:7880)
02-28 15:02:31.321 16736 16736 W DummyProcessStartup: at java.lang.reflect.Method.invoke(Native Method)
02-28 15:02:31.321 16736 16736 W DummyProcessStartup: at com.android.internal.os.RuntimeInit$MethodAndArgsCaller.run(RuntimeInit.java:548)
02-28 15:02:31.321 16736 16736 W DummyProcessStartup: at com.android.internal.os.ZygoteInit.main(ZygoteInit.java:1009)
02-28 15:02:31.322 16736 16736 D MicroMsg.PaySdk.WXFactory: createWXAPI, appId = wxca942bbff22e0e51, checkSignature = true
02-28 15:02:31.323 16736 16736 D MicroMsg.SDK.WXApiImplV10: , appId = wxca942bbff22e0e51, checkSignature = true
02-28 15:02:31.325 1544 14086 W ActivityManager: Background start not allowed: service Intent { cmp=com.tencent.qqlive/.ipc.BroadcastService } to com.tencent.qqlive/.ipc.BroadcastService from pid=16705 uid=10105 pkg=com.tencent.qqlive startFg?=false
02-28 15:02:31.327 16759 16759 I MMKV : current API level = 31
02-28 15:02:31.327 16759 16759 I MMKV : page size:4096
02-28 15:02:31.327 16759 16759 I MMKV : root dir: /data/user/0/com.tencent.qqlive/files/mmkv
02-28 15:02:31.327 16705 16705 I ReusePool: init
02-28 15:02:31.328 16736 16736 I Luggage.WxaApiImpl: process:com.tencent.qqlive:pmservice, version:1.3.1(0x27001430), hostAppID:wxca942bbff22e0e51, abiType:1
02-28 15:02:31.328 16736 16736 I ashercai: QQLiveApplication 2
02-28 15:02:31.328 16705 16731 D OpenRuntimeJNI: fc3faedd21a321fe48a8d4ffa2c1beec md5String:ilink_im
02-28 15:02:31.328 16705 16731 I OpenRuntimeJNI: ilink_im abi:1 check success
02-28 15:02:31.328 16736 16736 I ashercai: QQLiveApplication 3
02-28 15:02:31.328 16705 16731 I OpenRuntimeJNI: skia-canvas-log-bridge fileLen:13996
02-28 15:02:31.328 16736 16736 I Statistics: appStartUp()
02-28 15:02:31.328 16705 16731 D OpenRuntimeJNI: 703af1158b15c36ad69561183847e781 md5String:skia-canvas-log-bridge
02-28 15:02:31.328 16705 16731 I OpenRuntimeJNI: skia-canvas-log-bridge abi:1 check success
02-28 15:02:31.328 16705 16731 I OpenRuntimeJNI: commonimgdec fileLen:304952
02-28 15:02:31.329 16736 16736 I ApplicationWrapper: attachBaseContext pN =com.tencent.qqlive:pmservice
02-28 15:02:31.330 16705 16731 D OpenRuntimeJNI: fa644f8974b59d694630d174012ea7a2 md5String:commonimgdec
02-28 15:02:31.330 16705 16731 I OpenRuntimeJNI: commonimgdec abi:1 check success
02-28 15:02:31.330 16705 16731 I OpenRuntimeJNI: ilink_dev fileLen:2965396
02-28 15:02:31.333 16705 16705 I SkinEngine: [initParams]======init params======
02-28 15:02:31.334 16705 16705 I SkinEngine: [initParams]======init params end====== skinInitInfo = SkinInitInfo{mApplicationContext=com.tencent.qqlive.ona.base.QQLiveApplicationWrapper@ef58a54, mSkinInitParams=com.tencent.qqlive.component.config.o$6@f18aa8a, mLog=com.tencent.component.theme.b.a$a@232d8fb, mSkinBlackWhiteParams=null, mSkinRollBackParam=null, mSkinCustomParams=null, mSkinThemeColorParam=null, mSkinEngineHandler=null, mSkinDrawableCheckParam=null, mSkinEventHandler=com.tencent.qqlive.component.config.o$5@ae50d18}
02-28 15:02:31.334 16705 16705 I SkinEngine: [getDensityIndex]: densityDpi:240
02-28 15:02:31.334 16759 16759 I MMKV : loading [vb_platformInfo] with 2879 size in total, file size is 4096
02-28 15:02:31.334 16759 16759 I MMKV : loading [vb_platformInfo] with crc 3971001365 sequence 2
02-28 15:02:31.334 16759 16759 I MMKV : loaded [vb_platformInfo] with 8 values
02-28 15:02:31.335 16736 16736 W System : ClassLoader referenced unknown path:
02-28 15:02:31.335 16736 16736 W qlive:pmservic: Unsupported class loader
02-28 15:02:31.340 16759 16806 W SQLiteCompatibilityWalFlags: Cannot read global setting sqlite_compatibility_wal_flags - Application state not available
02-28 15:02:31.344 16759 16759 D AppConfig: traverseSharedPreferencesKey: start
02-28 15:02:31.345 16759 16806 E SQLiteLog: (1) no such table: OnePrefs_UpdatePrefsFile in "SELECT * FROM 'OnePrefs_UpdatePrefsFile'"
02-28 15:02:31.348 16705 16731 D OpenRuntimeJNI: 6773749ba0afdd7a8486083af81542bc md5String:ilink_dev
02-28 15:02:31.348 16705 16731 I OpenRuntimeJNI: ilink_dev abi:1 check success
02-28 15:02:31.348 16705 16731 I OpenRuntimeJNI: mmskia fileLen:4812644
02-28 15:02:31.351 16759 16759 D AppConfig: fs length is :533
02-28 15:02:31.353 16759 16759 I MMKV : loading [mmkv_inner_prefs_migrate_finish] with 411 size in total, file size is 4096
02-28 15:02:31.353 16759 16759 I MMKV : loading [mmkv_inner_prefs_migrate_finish] with crc 3375570496 sequence 2
02-28 15:02:31.353 16759 16759 I MMKV : loaded [mmkv_inner_prefs_migrate_finish] with 16 values
02-28 15:02:31.354 16759 16759 I MMKV : loading [com.tencent.qqlive_preferences] with 29748 size in total, file size is 32768
02-28 15:02:31.354 16759 16759 I MMKV : loading [com.tencent.qqlive_preferences] with crc 2555155388 sequence 4
02-28 15:02:31.354 16759 16759 I MMKV : loaded [com.tencent.qqlive_preferences] with 59 values
02-28 15:02:31.356 16759 16759 I ashercai: QQLiveApplication 1
02-28 15:02:31.351 15467 15467 I auditd : type=1400 audit(0.0:21864): avc: denied { call } for comm="CodecLooper" scontext=u:r:su:s0 tcontext=u:r:mediacodec:s0 tclass=binder permissive=1
02-28 15:02:31.351 15467 15467 I CodecLooper: type=1400 audit(0.0:21864): avc: denied { call } for scontext=u:r:su:s0 tcontext=u:r:mediacodec:s0 tclass=binder permissive=1
02-28 15:02:31.362 650 664 I mpu_uart: [MSG-P:RECV]:No message received in 1000 ms
02-28 15:02:31.367 16736 16736 I MMKV : loading [nx_login_config_file] with 91 size in total, file size is 4096
02-28 15:02:31.367 16736 16736 I MMKV : loading [nx_login_config_file] with crc 2471409713 sequence 8
02-28 15:02:31.367 16736 16736 I MMKV : loaded [nx_login_config_file] with 2 values
02-28 15:02:31.371 16759 16759 W DummyProcessStartup: initialize: useless startup:java.lang.Throwable
02-28 15:02:31.371 16759 16759 W DummyProcessStartup: at com.tencent.luggage.wxa.ans.h(DummyProcessStartup.kt:12)
02-28 15:02:31.371 16759 16759 W DummyProcessStartup: at com.tencent.luggage.wxa.anw.h(ProcessStartupFactory.kt:45)
02-28 15:02:31.371 16759 16759 W DummyProcessStartup: at com.tencent.luggage.wxa.amw.(WxaApiImpl.kt:140)
02-28 15:02:31.371 16759 16759 W DummyProcessStartup: at com.tencent.luggage.wxaapi.WxaApi$Factory.createApi(WxaApi.java:167)
02-28 15:02:31.371 16759 16759 W DummyProcessStartup: at com.tencent.qqlive.jsapi.utils.WxaSdkPkgLoader.b(WxaSdkPkgLoader.java:128)
02-28 15:02:31.371 16759 16759 W DummyProcessStartup: at com.tencent.qqlive.jsapi.utils.WxaSdkPkgLoader.onApplicationCreate(WxaSdkPkgLoader.java:90)
02-28 15:02:31.371 16759 16759 W DummyProcessStartup: at com.tencent.qqlive.ona.base.a.a.l.a(WXATask.java:14)
02-28 15:02:31.371 16759 16759 W DummyProcessStartup: at com.tencent.qqlive.ona.base.a.c.c(LaunchTaskMonitor.java:52)
02-28 15:02:31.371 16759 16759 W DummyProcessStartup: at com.tencent.qqlive.ona.base.a.c.a(LaunchTaskMonitor.java:28)
02-28 15:02:31.371 16759 16759 W DummyProcessStartup: at com.tencent.qqlive.ona.base.a.b.a(AppLaunchManager.java:61)
02-28 15:02:31.371 16759 16759 W DummyProcessStartup: at com.tencent.qqlive.ona.base.QQLiveApplicationWrapper.d(QQLiveApplicationWrapper.java:67)
02-28 15:02:31.371 16759 16759 W DummyProcessStartup: at com.tencent.qqlive.ona.base.QQLiveApplicationWrapper.attachBaseContext(QQLiveApplicationWrapper.java:110)
02-28 15:02:31.371 16759 16759 W DummyProcessStartup: at android.app.Application.attach(Application.java:331)
02-28 15:02:31.371 16759 16759 W DummyProcessStartup: at android.app.Instrumentation.newApplication(Instrumentation.java:1179)
02-28 15:02:31.371 16759 16759 W DummyProcessStartup: at android.app.LoadedApk.makeApplication(LoadedApk.java:1356)
02-28 15:02:31.371 16759 16759 W DummyProcessStartup: at android.app.ActivityThread.handleBindApplication(ActivityThread.java:6705)
02-28 15:02:31.371 16759 16759 W DummyProcessStartup: at android.app.ActivityThread.access$1500(ActivityThread.java:248)
02-28 15:02:31.371 16759 16759 W DummyProcessStartup: at android.app.ActivityThread$H.handleMessage(ActivityThread.java:2054)
02-28 15:02:31.371 16759 16759 W DummyProcessStartup: at android.os.Handler.dispatchMessage(Handler.java:106)
02-28 15:02:31.371 16759 16759 W DummyProcessStartup: at android.os.Looper.loopOnce(Looper.java:201)
02-28 15:02:31.371 16759 16759 W DummyProcessStartup: at android.os.Looper.loop(Looper.java:288)
02-28 15:02:31.371 16759 16759 W DummyProcessStartup: at android.app.ActivityThread.main(ActivityThread.java:7880)
02-28 15:02:31.371 16759 16759 W DummyProcessStartup: at java.lang.reflect.Method.invoke(Native Method)
02-28 15:02:31.371 16759 16759 W DummyProcessStartup: at com.android.internal.os.RuntimeInit$MethodAndArgsCaller.run(RuntimeInit.java:548)
02-28 15:02:31.371 16759 16759 W DummyProcessStartup: at com.android.internal.os.ZygoteInit.main(ZygoteInit.java:1009)
02-28 15:02:31.372 16759 16759 D MicroMsg.PaySdk.WXFactory: createWXAPI, appId = wxca942bbff22e0e51, checkSignature = true
02-28 15:02:31.372 16759 16759 D MicroMsg.SDK.WXApiImplV10: , appId = wxca942bbff22e0e51, checkSignature = true
02-28 15:02:31.374 16759 16759 I Luggage.WxaApiImpl: process:com.tencent.qqlive:services, version:1.3.1(0x27001430), hostAppID:wxca942bbff22e0e51, abiType:1
02-28 15:02:31.374 16759 16759 I ashercai: QQLiveApplication 2
02-28 15:02:31.374 16759 16759 I ashercai: QQLiveApplication 3
02-28 15:02:31.374 16759 16759 I Statistics: appStartUp()
02-28 15:02:31.375 16759 16759 I ApplicationWrapper: attachBaseContext pN =com.tencent.qqlive:services
02-28 15:02:31.376 16705 16731 D OpenRuntimeJNI: cfb1b20d29200a0e09c26ec6bdad4c80 md5String:mmskia
02-28 15:02:31.376 16705 16731 I OpenRuntimeJNI: mmskia abi:1 check success
02-28 15:02:31.376 16705 16731 I OpenRuntimeJNI: mmimgcodec fileLen:67524
02-28 15:02:31.377 16705 16731 D OpenRuntimeJNI: ac51c9340a1e0cf9bff64ba0c37afb8d md5String:mmimgcodec
02-28 15:02:31.377 16705 16731 I OpenRuntimeJNI: mmimgcodec abi:1 check success
02-28 15:02:31.377 16705 16731 I OpenRuntimeJNI: mmv8 fileLen:12329092
02-28 15:02:31.380 16759 16759 W System : ClassLoader referenced unknown path:
02-28 15:02:31.381 16759 16759 W qqlive:service: Unsupported class loader
02-28 15:02:31.396 16736 16736 D TENCENT_AD_: isOpen:false
02-28 15:02:31.402 16736 16736 I MMKV : loading [qad_core_sp_storage] with 3999 size in total, file size is 4096
02-28 15:02:31.402 16736 16736 I MMKV : loading [qad_core_sp_storage] with crc 3481155822 sequence 4
02-28 15:02:31.402 16736 16736 I MMKV : loaded [qad_core_sp_storage] with 72 values
02-28 15:02:31.408 16736 16736 I CrashCatcher: deviceName: TC/figure
02-28 15:02:31.412 16759 16759 I MMKV : loading [nx_login_config_file] with 91 size in total, file size is 4096
02-28 15:02:31.412 16759 16759 I MMKV : loading [nx_login_config_file] with crc 2471409713 sequence 8
02-28 15:02:31.412 16759 16759 I MMKV : loaded [nx_login_config_file] with 2 values
02-28 15:02:31.417 16736 16796 I MMKV : loading [ab_cloud_config_sp] with 32404 size in total, file size is 524288
02-28 15:02:31.417 16736 16796 I MMKV : loading [ab_cloud_config_sp] with crc 2612689724 sequence 9
02-28 15:02:31.417 16736 16796 I MMKV : loaded [ab_cloud_config_sp] with 1 values
02-28 15:02:31.444 1544 14086 W ActivityManager: Background start not allowed: service Intent { cmp=com.tencent.qqlive/.ipc.BroadcastService } to com.tencent.qqlive/.ipc.BroadcastService from pid=16736 uid=10105 pkg=com.tencent.qqlive startFg?=false
02-28 15:02:31.446 16736 16736 I MMKV : loading [vblottie_config_file] with 20 size in total, file size is 4096
02-28 15:02:31.446 16736 16736 I MMKV : loading [vblottie_config_file] with crc 3805669050 sequence 8
02-28 15:02:31.446 16736 16736 I MMKV : loaded [vblottie_config_file] with 1 values
02-28 15:02:31.449 1544 14086 W ActivityManager: Background start not allowed: service Intent { cmp=com.tencent.qqlive/.ipc.BroadcastService } to com.tencent.qqlive/.ipc.BroadcastService from pid=16736 uid=10105 pkg=com.tencent.qqlive startFg?=false
02-28 15:02:31.450 16705 16731 D OpenRuntimeJNI: d4b842d5e3bff09efc2aba38dbeea466 md5String:mmv8
02-28 15:02:31.450 16705 16731 I OpenRuntimeJNI: mmv8 abi:1 check success
02-28 15:02:31.450 16705 16705 I SkinEngine: [getFirstAndLastField]clazz[class com.tencent.qqlive.e$b], result[Result(firstResourcesId=2131230727, firstResourcesIdHex = 7f080007, lastResourceId=2131235329, lastResourceId=7f081201fieldSize=4602)]
02-28 15:02:31.450 16705 16731 I OpenRuntimeJNI: ilink_network fileLen:3555400
02-28 15:02:31.454 1544 14086 W ActivityManager: Background start not allowed: service Intent { cmp=com.tencent.qqlive/.ipc.BroadcastService } to com.tencent.qqlive/.ipc.BroadcastService from pid=16736 uid=10105 pkg=com.tencent.qqlive startFg?=false
02-28 15:02:31.457 16759 16759 D TENCENT_AD_: isOpen:false
02-28 15:02:31.460 16736 16736 D PushCrashMgr: init
02-28 15:02:31.461 16736 16736 I MMKV : loading [VideoConfigCacheMgr] with 0 size in total, file size is 4096
02-28 15:02:31.461 16736 16736 I MMKV : loaded [VideoConfigCacheMgr] with 0 values
02-28 15:02:31.462 16759 16759 I MMKV : loading [qad_core_sp_storage] with 3999 size in total, file size is 4096
02-28 15:02:31.462 16759 16759 I MMKV : loading [qad_core_sp_storage] with crc 3481155822 sequence 4
02-28 15:02:31.462 16759 16759 I MMKV : loaded [qad_core_sp_storage] with 72 values
02-28 15:02:31.471 16705 16731 D OpenRuntimeJNI: 205c550703fe167874634290b9060edc md5String:ilink_network
02-28 15:02:31.471 16705 16731 I OpenRuntimeJNI: ilink_network abi:1 check success
02-28 15:02:31.471 16705 16731 I OpenRuntimeJNI: mmnode fileLen:3570836
02-28 15:02:31.476 16759 16759 I CrashCatcher: deviceName: TC/figure
02-28 15:02:31.493 16705 16731 D OpenRuntimeJNI: fd53414d6b3ecc4b5cce6b7e233ecd25 md5String:mmnode
02-28 15:02:31.493 16705 16731 I OpenRuntimeJNI: mmnode abi:1 check success
02-28 15:02:31.493 16705 16731 I OpenRuntimeJNI: tencentlocsapp fileLen:32568
02-28 15:02:31.493 16705 16731 D OpenRuntimeJNI: f093ef0714fe1320f17aab3342b089b5 md5String:tencentlocsapp
02-28 15:02:31.493 16705 16731 I OpenRuntimeJNI: tencentlocsapp abi:1 check success
02-28 15:02:31.493 16705 16731 I OpenRuntimeJNI: skia-canvas fileLen:308960
02-28 15:02:31.495 16705 16731 D OpenRuntimeJNI: 4a69aad4b5943a9c12287f457f3ce37e md5String:skia-canvas
02-28 15:02:31.495 16705 16731 I OpenRuntimeJNI: skia-canvas abi:1 check success
02-28 15:02:31.495 16705 16731 I OpenRuntimeJNI: linebreak fileLen:91532
02-28 15:02:31.496 16705 16731 D OpenRuntimeJNI: 14a9661cdd58f559ff7489debd308970 md5String:linebreak
02-28 15:02:31.496 16705 16731 I OpenRuntimeJNI: linebreak abi:1 check success
02-28 15:02:31.496 16705 16731 I OpenRuntimeJNI: FFmpeg fileLen:2262924
02-28 15:02:31.497 16705 16705 I SkinEngine.examination: [START][DRAWABLE][0x7f080ebf]
02-28 15:02:31.497 16705 16705 I DrawableLoader: [beginTest]:TEST_MODE_THREAD_ID[2]
02-28 15:02:31.499 16759 16806 I MMKV : loading [ab_cloud_config_sp] with 32404 size in total, file size is 524288
02-28 15:02:31.499 16759 16806 I MMKV : loading [ab_cloud_config_sp] with crc 2612689724 sequence 9
02-28 15:02:31.499 16759 16806 I MMKV : loaded [ab_cloud_config_sp] with 1 values
02-28 15:02:31.499 16705 16705 I SkinEngine.examination: [GET][DRAWABLE][systemKey=0x6000016ef]
02-28 15:02:31.499 16705 16705 I DrawableLoader: [finishTest]:
02-28 15:02:31.500 16705 16705 I SkinEngine: [DrawableLoader][check=true][rule=0][assetCookie=0x6][data=0x16ef][systemKey=0x6000016ef]
02-28 15:02:31.500 16705 16705 I SkinEngine: [DrawableLoader][check=true][rule=0][fixed]
02-28 15:02:31.500 16705 16705 I SkinEngine: SDK is 31, RELEASE is 12, Model is figure, manufacturer is TC
02-28 15:02:31.506 16736 16736 I MMKV : loading [vb_personalize] with 2433 size in total, file size is 4096
02-28 15:02:31.507 16736 16736 I MMKV : loading [vb_personalize] with crc 1616613612 sequence 2
02-28 15:02:31.507 16736 16736 I MMKV : loaded [vb_personalize] with 2 values
02-28 15:02:31.509 16705 16731 D OpenRuntimeJNI: 9a95dbf0bdd7ed78cf920f1de7f74012 md5String:FFmpeg
02-28 15:02:31.509 16705 16731 I OpenRuntimeJNI: FFmpeg abi:1 check success
02-28 15:02:31.510 16705 16731 I OpenRuntimeJNI: NLog fileLen:74964
02-28 15:02:31.510 16736 16817 W Settings: Setting android_id has moved from android.provider.Settings.System to android.provider.Settings.Secure, returning read-only value.
02-28 15:02:31.510 16705 16731 D OpenRuntimeJNI: e6687f570dad618352d5d296271d02dd md5String:NLog
02-28 15:02:31.510 16705 16731 I OpenRuntimeJNI: NLog abi:1 check success
02-28 15:02:31.510 16705 16705 I SkinEngine: [getFirstAndLastField]clazz[class com.tencent.qqlive.e$a], result[Result(firstResourcesId=2131099648, firstResourcesIdHex = 7f060000, lastResourceId=2131101007, lastResourceId=7f06054ffieldSize=1359)]
02-28 15:02:31.510 16705 16731 I OpenRuntimeJNI: mmphysx fileLen:3927984
02-28 15:02:31.516 1544 12850 W ActivityManager: Background start not allowed: service Intent { cmp=com.tencent.qqlive/.ipc.BroadcastService } to com.tencent.qqlive/.ipc.BroadcastService from pid=16759 uid=10105 pkg=com.tencent.qqlive startFg?=false
02-28 15:02:31.517 1544 3044 W ActivityManager: Background start not allowed: service Intent { cmp=com.tencent.qqlive/.ipc.BroadcastService } to com.tencent.qqlive/.ipc.BroadcastService from pid=16759 uid=10105 pkg=com.tencent.qqlive startFg?=false
02-28 15:02:31.517 16705 16705 I SkinEngine.examination: [START][COLOR][0x7f060482]
02-28 15:02:31.518 16705 16705 I ColorStateListPreloadIntercepter#: [beginTest]:TEST_MODE_THREAD_ID[2]
02-28 15:02:31.518 16705 16705 I ColorStateListPreloadIntercepter15: [beginTest]:TEST_MODE_THREAD_ID[2]
02-28 15:02:31.518 16759 16759 I MMKV : loading [vblottie_config_file] with 20 size in total, file size is 4096
02-28 15:02:31.518 16759 16759 I MMKV : loading [vblottie_config_file] with crc 3805669050 sequence 8
02-28 15:02:31.518 16759 16759 I MMKV : loaded [vblottie_config_file] with 1 values
02-28 15:02:31.518 16705 16705 I SkinEngine.examination: [GET][COLOR][key=0x6000004aa][New]
02-28 15:02:31.518 16705 16705 I ColorStateListPreloadIntercepter#SkinEngine: [loadColorStateList]: value:r/ae/skin_examination.xml,mResourcesID:2131100802,file name :skin_examination.xml,mFilePath:null
02-28 15:02:31.520 16705 16705 I ColorStateListPreloadIntercepter#SkinEngineSkinnableColorStateList: [inflate]: colorRes =0,haveColor:true,color:0,changeWay:1
02-28 15:02:31.520 16705 16705 I ColorStateListPreloadIntercepter#: [finishTest]:
02-28 15:02:31.520 16705 16705 I ColorStateListPreloadIntercepter15: [finishTest]:
02-28 15:02:31.520 16705 16705 I SkinEngine: [ColorStateList][check=true][rule=0][assetCookie=0x6][data=0x4aa][systemKey=0x6000004aa]
02-28 15:02:31.520 16705 16705 I SkinEngine: [ColorStateList][check=true][rule=0][fixed]
02-28 15:02:31.524 1544 3044 W ActivityManager: Background start not allowed: service Intent { cmp=com.tencent.qqlive/.ipc.BroadcastService } to com.tencent.qqlive/.ipc.BroadcastService from pid=16759 uid=10105 pkg=com.tencent.qqlive startFg?=false
02-28 15:02:31.526 16705 16705 I SkinEngine: [setSkinRootPath]:rootPath[null]
02-28 15:02:31.526 16705 16705 I SkinEngine: [markBeforeUpdate]:mLastRootPath[empty], rootPath[null]
02-28 15:02:31.527 16759 16759 D PushCrashMgr: init
02-28 15:02:31.528 16759 16759 I MMKV : loading [VideoConfigCacheMgr] with 0 size in total, file size is 4096
02-28 15:02:31.528 16759 16759 I MMKV : loaded [VideoConfigCacheMgr] with 0 values
02-28 15:02:31.532 1544 14086 D ConnectivityService: requestNetwork for uid/pid:10105/16736 activeRequest: null callbackRequest: 519 [NetworkRequest [ REQUEST id=520, [ Capabilities: INTERNET&NOT_RESTRICTED&TRUSTED&NOT_VCN_MANAGED Uid: 10105 RequestorUid: 10105 RequestorPkg: com.tencent.qqlive] ]] callback flags: 0 priority: 2147483647
02-28 15:02:31.533 1544 1947 D ConnectivityService: NetReassign [520 : null → 100]
02-28 15:02:31.533 16705 16731 D OpenRuntimeJNI: de4da7fc292417cae522b95db241be43 md5String:mmphysx
02-28 15:02:31.533 16705 16731 I OpenRuntimeJNI: mmphysx abi:1 check success
02-28 15:02:31.534 16705 16731 I OpenRuntimeJNI: traeimp-rtmp fileLen:1523936
02-28 15:02:31.534 1544 2017 D Ethernet: got request NetworkRequest [ REQUEST id=520, [ Capabilities: INTERNET&NOT_RESTRICTED&TRUSTED&NOT_VCN_MANAGED Uid: 10105 RequestorUid: 10105 RequestorPkg: com.tencent.qqlive] ]
02-28 15:02:31.534 1544 2017 D EthernetNetworkFactory: acceptRequest, request: NetworkRequest [ REQUEST id=520, [ Capabilities: INTERNET&NOT_RESTRICTED&TRUSTED&NOT_VCN_MANAGED Uid: 10105 RequestorUid: 10105 RequestorPkg: com.tencent.qqlive] ]
02-28 15:02:31.534 1544 1897 D WifiNetworkFactory: got request NetworkRequest [ REQUEST id=520, [ Capabilities: INTERNET&NOT_RESTRICTED&TRUSTED&NOT_VCN_MANAGED Uid: 10105 RequestorUid: 10105 RequestorPkg: com.tencent.qqlive] ]
02-28 15:02:31.534 1544 2017 I EthernetNetworkFactory: networkForRequest, request: NetworkRequest [ REQUEST id=520, [ Capabilities: INTERNET&NOT_RESTRICTED&TRUSTED&NOT_VCN_MANAGED Uid: 10105 RequestorUid: 10105 RequestorPkg: com.tencent.qqlive] ], network: null
02-28 15:02:31.534 1544 1897 D UntrustedWifiNetworkFactory: got request NetworkRequest [ REQUEST id=520, [ Capabilities: INTERNET&NOT_RESTRICTED&TRUSTED&NOT_VCN_MANAGED Uid: 10105 RequestorUid: 10105 RequestorPkg: com.tencent.qqlive] ]
02-28 15:02:31.535 1544 1897 D OemPaidWifiNetworkFactory: got request NetworkRequest [ REQUEST id=520, [ Capabilities: INTERNET&NOT_RESTRICTED&TRUSTED&NOT_VCN_MANAGED Uid: 10105 RequestorUid: 10105 RequestorPkg: com.tencent.qqlive] ]
02-28 15:02:31.542 16705 16731 D OpenRuntimeJNI: c1a9208c5f8f157f2407947711aa04e8 md5String:traeimp-rtmp
02-28 15:02:31.542 16705 16731 I OpenRuntimeJNI: traeimp-rtmp abi:1 check success
02-28 15:02:31.543 16705 16731 I OpenRuntimeJNI: qqmusic_decoder_jni fileLen:46292
02-28 15:02:31.543 16705 16731 D OpenRuntimeJNI: 8af32c1b332990af4b4b7558d3e6de46 md5String:qqmusic_decoder_jni
02-28 15:02:31.543 16705 16731 I OpenRuntimeJNI: qqmusic_decoder_jni abi:1 check success
02-28 15:02:31.543 16705 16731 I OpenRuntimeJNI: ilink_xlog fileLen:95976
02-28 15:02:31.544 16705 16731 D OpenRuntimeJNI: 1d3bac7e46a2f1417214c577e0567f18 md5String:ilink_xlog
02-28 15:02:31.544 16705 16731 I OpenRuntimeJNI: ilink_xlog abi:1 check success
02-28 15:02:31.544 16705 16731 I OpenRuntimeJNI: mmudp fileLen:157448
02-28 15:02:31.545 16705 16731 D OpenRuntimeJNI: a755a6a37cba284618bce96834973534 md5String:mmudp
02-28 15:02:31.545 16705 16731 I OpenRuntimeJNI: mmudp abi:1 check success
02-28 15:02:31.545 16705 16731 I OpenRuntimeJNI: mmj2v8 fileLen:509492
02-28 15:02:31.546 16736 16736 I load_dex_tag: application onCreate
02-28 15:02:31.548 16705 16731 D OpenRuntimeJNI: 74aca2d632b0d80f6ea37ee9b385d168 md5String:mmj2v8
02-28 15:02:31.548 16705 16731 I OpenRuntimeJNI: mmj2v8 abi:1 check success
02-28 15:02:31.548 16705 16731 I OpenRuntimeJNI: andromeda fileLen:4880024
01-09 09:15:45.860 0 0 E DTC_ETH,link_delay_work_func: 3003, SQI=0, link=0
02-28 15:02:31.572 16705 16705 I livesdk : preInit live sdk...
02-28 15:02:31.577 16705 16731 D OpenRuntimeJNI: 0f4e109857dd64a400852a5b03fa4a95 md5String:andromeda
02-28 15:02:31.577 16705 16731 I OpenRuntimeJNI: andromeda abi:1 check success
02-28 15:02:31.577 16705 16731 I OpenRuntimeJNI: 108168wxa fileLen:119076
02-28 15:02:31.578 16705 16731 D OpenRuntimeJNI: 41ad10d4799d0c397b6578cb1896246c md5String:108168wxa
02-28 15:02:31.578 16705 16731 I OpenRuntimeJNI: 108168wxa abi:1 check success
02-28 15:02:31.578 16705 16731 I OpenRuntimeJNI: mmbox2d fileLen:2119424
02-28 15:02:31.580 16705 16705 V threadimpl_log: thread pool size 8
02-28 15:02:31.580 16705 16705 V threadimpl_log: thread create ok
02-28 15:02:31.581 16736 16736 I g : onInit
02-28 15:02:31.582 16736 16736 I MMKV : root dir: /data/user/0/com.tencent.qqlive/files/mmkv
02-28 15:02:31.583 16736 16736 I MMKV : [VideoConfigCacheMgr] oldSeq 29, newSeq 31
02-28 15:02:31.583 16736 16736 I MMKV : clearMemoryState [VideoConfigCacheMgr]
02-28 15:02:31.583 16736 16736 I MMKV : loading [VideoConfigCacheMgr] with 0 size in total, file size is 4096
02-28 15:02:31.583 16736 16736 I MMKV : loaded [VideoConfigCacheMgr] with 0 values
02-28 15:02:31.586 16736 16837 E ODK : appkey in StatConfig.setAppKey() is null or exceed 256 bytes
02-28 15:02:31.587 16705 16705 I livesdk : core init suc: true, msg: rely is ignored!
02-28 15:02:31.588 16705 16705 D soloaderutil: dq systemLibDirs,size=2
02-28 15:02:31.589 16759 16829 W Settings: Setting android_id has moved from android.provider.Settings.System to android.provider.Settings.Secure, returning read-only value.
02-28 15:02:31.589 16705 16705 D SoLoader: init start
02-28 15:02:31.589 16705 16705 D SoLoader: adding system library source: /vendor/lib
02-28 15:02:31.589 16705 16705 D SoLoader: adding system library source: /system/lib
02-28 15:02:31.590 16705 16705 D SoLoader: adding application source: com.facebook.soloader.DirectorySoSource[root = /data/app/~~S5aGTg02MfzFbeW7FiP1Bw==/com.tencent.qqlive-MhbA5CWSBXkRmiY8Hx5K5w==/lib/arm flags = 0]
02-28 15:02:31.590 16705 16705 D SoLoader: adding backup source from : com.facebook.soloader.ApkSoSource[root = /data/user/0/com.tencent.qqlive/lib-main flags = 1]
02-28 15:02:31.590 16705 16705 D SoLoader: Preparing SO source: com.facebook.soloader.DirectorySoSource[root = /system/lib flags = 2]
02-28 15:02:31.590 16705 16705 D SoLoader: Preparing SO source: com.facebook.soloader.DirectorySoSource[root = /vendor/lib flags = 2]
02-28 15:02:31.590 16705 16731 D OpenRuntimeJNI: 9da4d72d88667a954d18dca55cb529b7 md5String:mmbox2d
02-28 15:02:31.590 16705 16731 I OpenRuntimeJNI: mmbox2d abi:1 check success
02-28 15:02:31.590 16705 16731 I OpenRuntimeJNI: mp3lame fileLen:145352
02-28 15:02:31.591 16705 16731 D OpenRuntimeJNI: 83d6261e9519b090410c7c7d2307e3fd md5String:mp3lame
02-28 15:02:31.591 16705 16731 I OpenRuntimeJNI: mp3lame abi:1 check success
02-28 15:02:31.591 16705 16731 I OpenRuntimeJNI: wxa_library fileLen:3052510
02-28 15:02:31.592 16705 16705 D SoLoader: Preparing SO source: com.facebook.soloader.DirectorySoSource[root = /data/app/~~S5aGTg02MfzFbeW7FiP1Bw==/com.tencent.qqlive-MhbA5CWSBXkRmiY8Hx5K5w==/lib/arm flags = 0]
02-28 15:02:31.592 16705 16705 D SoLoader: Preparing SO source: com.facebook.soloader.ApkSoSource[root = /data/user/0/com.tencent.qqlive/lib-main flags = 1]
02-28 15:02:31.593 16705 16705 V fb-UnpackingSoSource: locked dso store /data/user/0/com.tencent.qqlive/lib-main
02-28 15:02:31.593 16705 16705 I fb-UnpackingSoSource: dso store is up-to-date: /data/user/0/com.tencent.qqlive/lib-main
02-28 15:02:31.593 16705 16705 V fb-UnpackingSoSource: releasing dso store lock for /data/user/0/com.tencent.qqlive/lib-main
02-28 15:02:31.593 16705 16705 D SoLoader: init finish: 4 SO sources prepared
02-28 15:02:31.593 16705 16705 D SoLoader: init exiting
02-28 15:02:31.594 16705 16705 I ServiceManager: getService:a in LiveEngine is own service, self create
02-28 15:02:31.595 19541 20557 W kcp_info: HCDN_LOG: [T:20557]Update: udp kcp size[0], timeout kcp size[0]
02-28 15:02:31.597 16705 16705 D AppGeneralInfoService: initShareBugly end
02-28 15:02:31.597 16705 16705 I ServiceManager: getService:a in LiveEngine is own service, self create
02-28 15:02:31.598 16705 16705 D AppGeneralInfoService: opensdk_appid=1400341179this=com.tencent.falco.base.b.a@dd9d813
02-28 15:02:31.598 16705 16705 I ServiceManager: getService:HostProxyInterface in LiveEngine is own service, self create
02-28 15:02:31.599 16705 16705 I ServiceManager: getService:a in LiveEngine is own service, self create
02-28 15:02:31.599 16705 16705 I ServiceManager: getService:c in LiveEngine is own service, self create
02-28 15:02:31.600 16705 16705 I ServiceManager: getService:b in LiveEngine is own service, self create
02-28 15:02:31.601 16759 16759 I MMKV : loading [vb_personalize] with 2433 size in total, file size is 4096
02-28 15:02:31.601 16759 16759 I MMKV : loading [vb_personalize] with crc 1616613612 sequence 2
02-28 15:02:31.601 16759 16759 I MMKV : loaded [vb_personalize] with 2 values
02-28 15:02:31.602 16705 16705 D CompatibilityChangeReporter: Compat change id reported: 160794467; UID 10105; state: DISABLED
01-09 09:15:45.895 0 0 W audit : audit_lost=18194 audit_rate_limit=5 audit_backlog_limit=64
01-09 09:15:45.895 0 0 E audit : rate limit exceeded
02-28 15:02:31.604 16759 16829 D ActivityThread: Loading provider com.tencent.qqlive.provider.guid: com.tencent.qqlive.services.guid.GUIDProvider
02-28 15:02:31.607 1544 12850 E DatabaseUtils: Writing exception to parcel
02-28 15:02:31.607 1544 12850 E DatabaseUtils: java.lang.SecurityException: com.tencent.qqlive was not granted this permission: android.permission.WRITE_SETTINGS.
02-28 15:02:31.607 1544 12850 E DatabaseUtils: at android.provider.Settings.isCallingPackageAllowedToPerformAppOpsProtectedOperation(Settings.java:17094)
02-28 15:02:31.607 1544 12850 E DatabaseUtils: at android.provider.Settings.checkAndNoteWriteSettingsOperation(Settings.java:16982)
02-28 15:02:31.607 1544 12850 E DatabaseUtils: at com.android.providers.settings.SettingsProvider.mutateSystemSetting(SettingsProvider.java:1854)
02-28 15:02:31.607 1544 12850 E DatabaseUtils: at com.android.providers.settings.SettingsProvider.insertSystemSetting(SettingsProvider.java:1820)
02-28 15:02:31.607 1544 12850 E DatabaseUtils: at com.android.providers.settings.SettingsProvider.call(SettingsProvider.java:461)
02-28 15:02:31.607 1544 12850 E DatabaseUtils: at android.content.ContentProvider.call(ContentProvider.java:2464)
02-28 15:02:31.607 1544 12850 E DatabaseUtils: at android.content.ContentProvider$Transport.call(ContentProvider.java:512)
02-28 15:02:31.607 1544 12850 E DatabaseUtils: at android.content.ContentProviderNative.onTransact(ContentProviderNative.java:295)
02-28 15:02:31.607 1544 12850 E DatabaseUtils: at android.os.Binder.execTransactInternal(Binder.java:1179)
02-28 15:02:31.607 1544 12850 E DatabaseUtils: at android.os.Binder.execTransact(Binder.java:1143)
02-28 15:02:31.609 16705 16731 D OpenRuntimeJNI: d1903c5f3f8a154f5f2cf2a9d5fc6d22 md5String:wxa_library
02-28 15:02:31.610 16705 16731 I OpenRuntimeJNI: wxa_library abi:1 check success
02-28 15:02:31.610 16705 16731 I OpenRuntimeJNI: appbrandcommon fileLen:95336
02-28 15:02:31.611 16705 16731 D OpenRuntimeJNI: 5cc02ba3c77826f2ab45f3387983bfa3 md5String:appbrandcommon
02-28 15:02:31.611 16705 16731 I OpenRuntimeJNI: appbrandcommon abi:1 check success
02-28 15:02:31.611 16705 16731 I OpenRuntimeJNI: owl fileLen:272296
02-28 15:02:31.613 16705 16731 D OpenRuntimeJNI: 04a106c756b1bfbc9c335891f462a900 md5String:owl
02-28 15:02:31.613 16705 16731 I OpenRuntimeJNI: owl abi:1 check success
02-28 15:02:31.613 16705 16731 I OpenRuntimeJNI: ilink_tdi fileLen:580136
02-28 15:02:31.616 16705 16731 D OpenRuntimeJNI: 174f8e79f29f5e266f26dffa5279d9a5 md5String:ilink_tdi
02-28 15:02:31.616 16705 16731 I OpenRuntimeJNI: ilink_tdi abi:1 check success
02-28 15:02:31.616 16705 16731 I OpenRuntimeJNI: qm_native_decoder_ffmpeg fileLen:79068
02-28 15:02:31.616 16705 16705 W NetworkObserver: LAST -> null
02-28 15:02:31.616 16705 16705 W NetworkObserver: CURR -> NetworkState [connected=true, apnName=, type=WIFI, accessPoint=NONE]
02-28 15:02:31.617 16705 16731 D OpenRuntimeJNI: d432158d4c905e83e957aa43bd77f2f0 md5String:qm_native_decoder_ffmpeg
02-28 15:02:31.617 16705 16731 I OpenRuntimeJNI: qm_native_decoder_ffmpeg abi:1 check success
02-28 15:02:31.617 16705 16731 I OpenRuntimeJNI: QmNativeDataSource fileLen:34004
02-28 15:02:31.617 16705 16731 D OpenRuntimeJNI: bea559bae932e3d77a44dabb924ce30d md5String:QmNativeDataSource
02-28 15:02:31.617 16705 16731 I OpenRuntimeJNI: QmNativeDataSource abi:1 check success
02-28 15:02:31.617 16705 16731 I OpenRuntimeJNI: native-iv fileLen:59048
02-28 15:02:31.617 16705 16731 D OpenRuntimeJNI: d5896063c8b6376dc88498f2902c71a6 md5String:native-iv
02-28 15:02:31.617 16705 16731 I OpenRuntimeJNI: native-iv abi:1 check success
02-28 15:02:31.618 16705 16731 I OpenRuntimeJNI: private_protobuf fileLen:177856
02-28 15:02:31.618 16705 16705 V NetworkDash: isDeviceIdBySlot:0
02-28 15:02:31.619 16705 16731 D OpenRuntimeJNI: 60bab218883859fb321748d2f6c9ea69 md5String:private_protobuf
02-28 15:02:31.619 16705 16731 I OpenRuntimeJNI: private_protobuf abi:1 check success
02-28 15:02:31.619 16705 16731 I OpenRuntimeJNI: txffmpeg fileLen:1760752
02-28 15:02:31.624 16736 16836 W QAPM_manager_QAPMConfigureWizard: AppInstance is not android.app.Application.
02-28 15:02:31.626 16705 16705 V NetworkDash: isDeviceIdBySlot:1
02-28 15:02:31.627 16705 16705 I NetworkDash: imsi: null
02-28 15:02:31.627 16705 16705 W NetworkObserver: null => N/A
02-28 15:02:31.629 1544 12850 D ConnectivityService: requestNetwork for uid/pid:10105/16759 activeRequest: null callbackRequest: 521 [NetworkRequest [ REQUEST id=522, [ Capabilities: INTERNET&NOT_RESTRICTED&TRUSTED&NOT_VCN_MANAGED Uid: 10105 RequestorUid: 10105 RequestorPkg: com.tencent.qqlive] ]] callback flags: 0 priority: 2147483647
02-28 15:02:31.629 16705 16731 D OpenRuntimeJNI: 4a3b64bd59f8ee39c013b1f980212a04 md5String:txffmpeg
02-28 15:02:31.629 16705 16731 I OpenRuntimeJNI: txffmpeg abi:1 check success
02-28 15:02:31.629 16705 16731 I OpenRuntimeJNI: qm_native_decoder_mp3 fileLen:227352
02-28 15:02:31.630 1544 1947 D ConnectivityService: NetReassign [522 : null → 100]
02-28 15:02:31.631 1544 2017 D Ethernet: got request NetworkRequest [ REQUEST id=522, [ Capabilities: INTERNET&NOT_RESTRICTED&TRUSTED&NOT_VCN_MANAGED Uid: 10105 RequestorUid: 10105 RequestorPkg: com.tencent.qqlive] ]
02-28 15:02:31.631 1544 2017 D EthernetNetworkFactory: acceptRequest, request: NetworkRequest [ REQUEST id=522, [ Capabilities: INTERNET&NOT_RESTRICTED&TRUSTED&NOT_VCN_MANAGED Uid: 10105 RequestorUid: 10105 RequestorPkg: com.tencent.qqlive] ]
02-28 15:02:31.631 1544 2017 I EthernetNetworkFactory: networkForRequest, request: NetworkRequest [ REQUEST id=522, [ Capabilities: INTERNET&NOT_RESTRICTED&TRUSTED&NOT_VCN_MANAGED Uid: 10105 RequestorUid: 10105 RequestorPkg: com.tencent.qqlive] ], network: null
02-28 15:02:31.631 16705 16731 D OpenRuntimeJNI: f0cacc60f98b2ab5f7b6281e14578bb9 md5String:qm_native_decoder_mp3
02-28 15:02:31.631 16705 16731 I OpenRuntimeJNI: qm_native_decoder_mp3 abi:1 check success
02-28 15:02:31.631 1544 1897 D WifiNetworkFactory: got request NetworkRequest [ REQUEST id=522, [ Capabilities: INTERNET&NOT_RESTRICTED&TRUSTED&NOT_VCN_MANAGED Uid: 10105 RequestorUid: 10105 RequestorPkg: com.tencent.qqlive] ]
02-28 15:02:31.631 16759 16829 D UserStatusInfoModule: getCurUserStatusInfo
02-28 15:02:31.631 16705 16731 I OpenRuntimeJNI: FormatDetector fileLen:46348
02-28 15:02:31.631 1544 1897 D UntrustedWifiNetworkFactory: got request NetworkRequest [ REQUEST id=522, [ Capabilities: INTERNET&NOT_RESTRICTED&TRUSTED&NOT_VCN_MANAGED Uid: 10105 RequestorUid: 10105 RequestorPkg: com.tencent.qqlive] ]
02-28 15:02:31.631 1544 1897 D OemPaidWifiNetworkFactory: got request NetworkRequest [ REQUEST id=522, [ Capabilities: INTERNET&NOT_RESTRICTED&TRUSTED&NOT_VCN_MANAGED Uid: 10105 RequestorUid: 10105 RequestorPkg: com.tencent.qqlive] ]
02-28 15:02:31.631 16705 16731 D OpenRuntimeJNI: 5a953ff0f59c51e5ca7b50e0938146f1 md5String:FormatDetector
02-28 15:02:31.631 16705 16731 I OpenRuntimeJNI: FormatDetector abi:1 check success
02-28 15:02:31.631 1544 1947 D ConnectivityService: NetReassign [no changes]
02-28 15:02:31.631 16705 16731 I OpenRuntimeJNI: codec_factory fileLen:46292
02-28 15:02:31.632 16705 16731 D OpenRuntimeJNI: c63d0d7a87eb4ae7e0e025125437cd29 md5String:codec_factory
02-28 15:02:31.632 16705 16731 I OpenRuntimeJNI: codec_factory abi:1 check success
02-28 15:02:31.632 16705 16731 I OpenRuntimeJNI: magicbrush fileLen:4540504
02-28 15:02:31.634 16759 16759 I LoginProvider: onCreate()
02-28 15:02:31.637 16759 16759 I CarrierProvider: onCreate() 238472451
02-28 15:02:31.638 16736 16736 E TAG : resumeInit
02-28 15:02:31.638 16759 16759 I TMSDUAL-INIT-KcInner: init() START
02-28 15:02:31.638 16759 16759 I TMSDUAL-INIT-KcInner: startAsyn ...
02-28 15:02:31.643 16736 16852 I ODK : db check ok
02-28 15:02:31.651 16736 16855 I beacon : beacon logAble: false
02-28 15:02:31.652 16759 16759 I TMSDUAL-INIT-KcInner: doInit ...licence check done.
02-28 15:02:31.653 16759 16759 E TMSDUAL-INIT-KcInner: channel 10654123
02-28 15:02:31.653 16759 16759 I TMSDUAL-INIT-KcInner: doInit ... Env init done
02-28 15:02:31.655 16759 16759 D SharkInternalManager: SharkInternalManager: kcsdkint.lt@18ffab9
02-28 15:02:31.655 16759 16759 D SharkContext: mIIntSharkInterface: kcsdkint.lt@18ffab9
02-28 15:02:31.655 16759 16759 D SharkInternalManager: initShark
02-28 15:02:31.660 16705 16731 D OpenRuntimeJNI: a11904be56d50e42b7b2c56b2aa8e0ee md5String:magicbrush
02-28 15:02:31.660 16705 16731 I OpenRuntimeJNI: magicbrush abi:1 check success
02-28 15:02:31.660 16705 16731 I OpenRuntimeJNI: wcwss fileLen:2895588
