02-28 15:02:31.661 16759 16759 I TMSDUAL-INIT-KcInner: initInner done
02-28 15:02:31.661 16759 16759 I TMSDUAL-INIT-KcInner: loadInitContextClass done
02-28 15:02:31.662 16736 16835 V TGPA : load tgpa gradishwrapper lib success by loader.
02-28 15:02:31.663 16759 16759 I TMSDUAL-INIT-KcInner: doInit ... rEnv init done
02-28 15:02:31.663 16759 16759 I TMSDUAL-INIT-KcInner: startAsyn ... patchManager init done
02-28 15:02:31.664 16705 16866 D LibraryLoader: try to load library: networkbase_v1.3 from system lib
02-28 15:02:31.666 16705 16866 D LibraryLoader: try to load library: wnsnetwork_v1.3 from system lib
02-28 15:02:31.671 16759 16759 I CarrierTaskMgr: initTMSdk() done! mIsDual=false tmsdkGuid=
02-28 15:02:31.671 1544 12850 W ActivityManager: Background start not allowed: service Intent { cmp=com.tencent.qqlive/com.tencent.wns.service.WnsMain (has extras) } to com.tencent.qqlive/com.tencent.wns.service.WnsMain from pid=16705 uid=10105 pkg=com.tencent.qqlive startFg?=false
02-28 15:02:31.671 16759 16759 E kc_test : notifyCheck msg: FIRST_REGISTER_LISTENER immediate: false
02-28 15:02:31.676 1544 14086 D CompatibilityInfo: mCompatibilityFlags - 4
02-28 15:02:31.676 1544 14086 D CompatibilityInfo: applicationDensity - 240
02-28 15:02:31.676 1544 14086 D CompatibilityInfo: applicationScale - 1.0
02-28 15:02:31.677 16736 16852 I ODK : init local store has 6 records, dbRebuild : false
02-28 15:02:31.677 16705 16731 D OpenRuntimeJNI: 6c062a4a1452559abfd90048c602e0f8 md5String:wcwss
02-28 15:02:31.677 16705 16731 I OpenRuntimeJNI: wcwss abi:1 check success
02-28 15:02:31.677 16705 16731 I OpenRuntimeJNI: qm_native_decoder_flac fileLen:152852
02-28 15:02:31.678 16705 16731 D OpenRuntimeJNI: f4cb322201875487beb0034de9a23132 md5String:qm_native_decoder_flac
02-28 15:02:31.678 16705 16731 I OpenRuntimeJNI: qm_native_decoder_flac abi:1 check success
02-28 15:02:31.678 16705 16731 I OpenRuntimeJNI: linkid fileLen:640364
02-28 15:02:31.679 16705 16705 I ServiceManager: getService:a in LiveEngine is own service, self create
02-28 15:02:31.679 16705 16705 I ServiceManager: getService:b in LiveEngine is own service, self create
02-28 15:02:31.680 16736 16854 I MID : >>> queryMatchContentProviders size:0
02-28 15:02:31.680 16705 16705 I ServiceManager: getService:a in LiveEngine is own service, self create
02-28 15:02:31.682 16705 16731 D OpenRuntimeJNI: a58ef2ad70eb81117e26b937ed6bfa62 md5String:linkid
02-28 15:02:31.682 16705 16731 I OpenRuntimeJNI: linkid abi:1 check success
02-28 15:02:31.682 16705 16731 I OpenRuntimeJNI: canvas fileLen:325372
02-28 15:02:31.682 16705 16705 I ServiceManager: getService:b in LiveEngine is own service, self create
02-28 15:02:31.684 16705 16731 D OpenRuntimeJNI: 1a5390a25d6aa322e8da7cdbc94685ce md5String:canvas
02-28 15:02:31.684 16705 16731 I OpenRuntimeJNI: canvas abi:1 check success
02-28 15:02:31.684 16705 16731 I OpenRuntimeJNI: mmavmedia fileLen:10493964
02-28 15:02:31.687 1544 14086 D CompatibilityChangeReporter: Compat change id reported: 135634846; UID 10105; state: DISABLED
02-28 15:02:31.687 1544 1643 D CompatibilityChangeReporter: Compat change id reported: 143937733; UID 10105; state: DISABLED
02-28 15:02:31.691 16736 16840 E ODK : Could not get permission of android.permission.READ_PHONE_STATE
02-28 15:02:31.692 16736 16877 I NetworkMonitorReceiver: onReceive : android.net.conn.CONNECTIVITY_CHANGE
02-28 15:02:31.695 674 674 D Zygote : Forked child process 16891
02-28 15:02:31.696 1544 1643 I am_proc_start: [0,16891,10105,com.tencent.qqlive:downloadService,service,{com.tencent.qqlive/com.tencent.qqlive.download.service.TkdDownloadService}]
02-28 15:02:31.696 1544 1643 I ActivityManager: Start proc 16891:com.tencent.qqlive:downloadService/u0a105 for service {com.tencent.qqlive/com.tencent.qqlive.download.service.TkdDownloadService}
02-28 15:02:31.697 16736 16840 I ODK : System config:
02-28 15:02:31.699 16736 16877 I AppNetworkUtils: refreshNetwork 1, netInfo.apn = WIFI, lastApn = WIFI
02-28 15:02:31.701 16891 16891 I Zygote : seccomp disabled by setenforce 0
02-28 15:02:31.706 16759 16867 I TMSDUAL-INIT-KcInner: initShark onInitFinished called
02-28 15:02:31.706 16759 16867 I TMSDUAL-INIT-KcInner: initShark onInitFinished done, guid:03027623030115415000390154225438
02-28 15:02:31.707 16891 16891 W downloadServic: Using default instruction set features for ARM CPU variant (cortex-a9) using conservative defaults
02-28 15:02:31.712 9926 9935 I adbd : jdwp connection from 16891
02-28 15:02:31.714 16891 16891 D ProcessState: Binder ioctl to enable oneway spam detection failed: Invalid argument
01-09 09:15:46.006 0 0 I binder : 16891:16891 ioctl 40046210 ffd2ee18 returned -22
02-28 15:02:31.716 19732 20581 W kcp_info: HCDN_LOG: [T:20581]Update: udp kcp size[0], timeout kcp size[0]
02-28 15:02:31.716 16736 16893 I DpmTcmClient: RegisterTcmMonitor from: $Proxy2
02-28 15:02:31.720 1544 14086 I am_proc_bound: [0,16891,com.tencent.qqlive:downloadService]
02-28 15:02:31.723 1544 14086 D CompatibilityInfo: mCompatibilityFlags - 4
02-28 15:02:31.723 1544 14086 D CompatibilityInfo: applicationDensity - 240
02-28 15:02:31.723 1544 14086 D CompatibilityInfo: applicationScale - 1.0
02-28 15:02:31.725 16705 16866 D network : wnsjni:@debug@ Java_com_tencent_wns_network_ConnectionImpl_native_1init engine =-4876082487983657916
02-28 15:02:31.726 16705 16705 I LOGSDK_CmdFetchPlugin: start, context: com.tencent.qqlive.ona.base.QQLiveApplicationWrapper@ef58a54
02-28 15:02:31.727 1544 14086 D CompatibilityInfo: mCompatibilityFlags - 4
02-28 15:02:31.727 1544 14086 D CompatibilityInfo: applicationDensity - 240
02-28 15:02:31.727 1544 14086 D CompatibilityInfo: applicationScale - 1.0
02-28 15:02:31.737 16759 16759 I load_dex_tag: application onCreate
02-28 15:02:31.740 16705 16705 I LOGSDK_CmdFetchPlugin: setActivated: true
02-28 15:02:31.742 16891 16891 D CompatibilityChangeReporter: Compat change id reported: 171979766; UID 10105; state: DISABLED
02-28 15:02:31.748 16705 16731 D OpenRuntimeJNI: e6d77645521d6da51ae7c266a02ebc29 md5String:mmavmedia
02-28 15:02:31.748 16705 16731 I OpenRuntimeJNI: mmavmedia abi:1 check success
02-28 15:02:31.748 16705 16731 I OpenRuntimeJNI: wmpfcommonjni fileLen:1501388
02-28 15:02:31.752 16891 16891 D ApplicationLoaders: Returning zygote-cached class loader: /system/framework/android.test.base.jar
02-28 15:02:31.758 16705 16731 D OpenRuntimeJNI: 4b39c365d92f96c3c9a1b36042836db0 md5String:wmpfcommonjni
02-28 15:02:31.758 16705 16731 I OpenRuntimeJNI: wmpfcommonjni abi:1 check success
02-28 15:02:31.759 16705 16731 I OpenRuntimeJNI: mmlockstep fileLen:481088
02-28 15:02:31.762 16705 16731 D OpenRuntimeJNI: 973844f9134fa4b20d93d447733eb759 md5String:mmlockstep
02-28 15:02:31.762 16705 16731 I OpenRuntimeJNI: mmlockstep abi:1 check success
02-28 15:02:31.762 16705 16731 I OpenRuntimeJNI: wechatpack fileLen:788716
02-28 15:02:31.767 16705 16731 D OpenRuntimeJNI: cc30cc873105001082dee725b7b7ca0e md5String:wechatpack
02-28 15:02:31.767 16705 16731 I OpenRuntimeJNI: wechatpack abi:1 check success
02-28 15:02:31.767 16705 16731 I OpenRuntimeJNI: mmwcwss fileLen:247560
02-28 15:02:31.769 16705 16731 D OpenRuntimeJNI: c29f28aa12f72c3c32160c71fdefcfb6 md5String:mmwcwss
02-28 15:02:31.769 16705 16731 I OpenRuntimeJNI: mmwcwss abi:1 check success
02-28 15:02:31.769 16705 16731 I OpenRuntimeJNI: audio_common fileLen:58636
02-28 15:02:31.769 16705 16731 D OpenRuntimeJNI: 1941d40fd0d87773733c9ee4e166a626 md5String:audio_common
02-28 15:02:31.769 16705 16731 I OpenRuntimeJNI: audio_common abi:1 check success
02-28 15:02:31.769 16705 16731 I OpenRuntimeJNI: mmvulkan fileLen:14000
02-28 15:02:31.769 16705 16731 D OpenRuntimeJNI: 49586dc9613e28ea5c0f5235d23c1246 md5String:mmvulkan
02-28 15:02:31.769 16705 16731 I OpenRuntimeJNI: mmvulkan abi:1 check success
02-28 15:02:31.769 16705 16731 I OpenRuntimeJNI: wechataudiosilk fileLen:74980
02-28 15:02:31.770 16705 16731 D OpenRuntimeJNI: 19122d176cd242bff81c470ccb5fa2bb md5String:wechataudiosilk
02-28 15:02:31.770 16705 16731 I OpenRuntimeJNI: wechataudiosilk abi:1 check success
02-28 15:02:31.770 16705 16731 I OpenRuntimeJNI: liteavsdk fileLen:3537504
02-28 15:02:31.775 16705 16705 I ServiceManager: getService:c in UserEngine not own service, parent get or create
02-28 15:02:31.775 16705 16705 I ServiceManager: getService:b in UserEngine not own service, parent get or create
02-28 15:02:31.775 16705 16705 I ServiceManager: getService:b in LiveEngine is own service, self create
02-28 15:02:31.775 16736 16882 E ODK : 上报缓存记录数失败,错误码:4012,错误信息:send to https://btrace.qq.com/kvcollect java.net.ConnectException: Failed to connect to btrace.qq.com/0.0.0.1:443
02-28 15:02:31.777 16705 16705 I [ok_web] OkWebManager: OkWebManager: call init, isInit is false
02-28 15:02:31.777 16705 16705 I [ok_web] OkWebManager: OkWebManager init, run
02-28 15:02:31.791 16705 16731 D OpenRuntimeJNI: faae96ae439706f0713a76036679f2fd md5String:liteavsdk
02-28 15:02:31.791 16705 16731 I OpenRuntimeJNI: liteavsdk abi:1 check success
02-28 15:02:31.791 16705 16731 I OpenRuntimeJNI: mmmediasdk fileLen:1140232
02-28 15:02:31.798 16705 16705 I [ok_web] OkWebThreadImpl: thread create ok
02-28 15:02:31.798 16705 16731 D OpenRuntimeJNI: fdccb39bfb5e38aeea97f1145ad3bc59 md5String:mmmediasdk
02-28 15:02:31.798 16705 16731 I OpenRuntimeJNI: mmmediasdk abi:1 check success
02-28 15:02:31.799 16705 16731 I OpenRuntimeJNI: mmmediasdkjni fileLen:46556
02-28 15:02:31.799 16705 16705 I [ok_web] OkWebManager: OkWebManager init, run end
02-28 15:02:31.799 16705 16731 D OpenRuntimeJNI: eedb69a7945489ad2aca936ece1afc87 md5String:mmmediasdkjni
02-28 15:02:31.799 16705 16731 I OpenRuntimeJNI: mmmediasdkjni abi:1 check success
02-28 15:02:31.799 16705 16731 I OpenRuntimeJNI: qm_native_decoder_ape fileLen:198436
02-28 15:02:31.800 16705 16731 D OpenRuntimeJNI: 04c1604780ed1cef6143598aca9b730f md5String:qm_native_decoder_ape
02-28 15:02:31.800 16705 16731 I OpenRuntimeJNI: qm_native_decoder_ape abi:1 check success
02-28 15:02:31.800 16705 16731 I OpenRuntimeJNI: ilink_im fileLen:3328948
02-28 15:02:31.801 16736 16840 E ODK : Could not get permission of android.permission.READ_PHONE_STATE
02-28 15:02:31.801 16705 16754 V UserStatusInfoModule: init UserStatusInfoModule and loadUserStatusInfo
02-28 15:02:31.801 16705 16754 D UserStatusInfoModule: getCurUserStatusInfo
02-28 15:02:31.807 16736 16817 D UserStatusInfoModule: getCurUserStatusInfo
02-28 15:02:31.811 16736 16920 I ODK : db check ok
02-28 15:02:31.812 19732 21123 E cube_taskex: HCDN_LOG: [T:21123]Java_com_qiyi_hcdndownloader_HCDNDownloaderTask_GetFileSizeNative 170: taskptr = 0xb3dc2a10
02-28 15:02:31.812 19732 21123 E cube_taskex: HCDN_LOG: [T:21123]Java_com_qiyi_hcdndownloader_HCDNDownloaderTask_GetDownloadSizeNative 187: taskptr = 0xb3dc2a10
02-28 15:02:31.812 19732 21123 E cube_taskex: HCDN_LOG: [T:21123]Java_com_qiyi_hcdndownloader_HCDNDownloaderTask_GetSpeedNative 139: taskptr = 0xb3dc2a10
02-28 15:02:31.816 16736 16852 E ODK : Could not get permission of android.permission.READ_PHONE_STATE
02-28 15:02:31.821 16705 16731 D OpenRuntimeJNI: fc3faedd21a321fe48a8d4ffa2c1beec md5String:ilink_im
02-28 15:02:31.821 16705 16731 I OpenRuntimeJNI: ilink_im abi:1 check success
02-28 15:02:31.821 16705 16731 I OpenRuntimeJNI: skia-canvas-log-bridge fileLen:13996
02-28 15:02:31.821 16705 16731 D OpenRuntimeJNI: 703af1158b15c36ad69561183847e781 md5String:skia-canvas-log-bridge
02-28 15:02:31.821 16705 16731 I OpenRuntimeJNI: skia-canvas-log-bridge abi:1 check success
02-28 15:02:31.821 16705 16731 I OpenRuntimeJNI: commonimgdec fileLen:304952
02-28 15:02:31.823 16705 16731 D OpenRuntimeJNI: fa644f8974b59d694630d174012ea7a2 md5String:commonimgdec
02-28 15:02:31.823 16705 16731 I OpenRuntimeJNI: commonimgdec abi:1 check success
02-28 15:02:31.823 16705 16731 I OpenRuntimeJNI: ilink_dev fileLen:2965396
02-28 15:02:31.832 16736 16896 I MID : >>> queryMatchContentProviders size:0
02-28 15:02:31.841 16705 16731 D OpenRuntimeJNI: 6773749ba0afdd7a8486083af81542bc md5String:ilink_dev
02-28 15:02:31.841 16705 16731 I OpenRuntimeJNI: ilink_dev abi:1 check success
02-28 15:02:31.842 16705 16731 I OpenRuntimeJNI: mmskia fileLen:4812644
02-28 15:02:31.842 1544 14086 W ServiceManager: Permission failure: android.permission.HIGH_SAMPLING_RATE_SENSORS from uid=10105 pid=16736
02-28 15:02:31.846 16759 16759 I g : onInit
02-28 15:02:31.847 16705 16758 D TENCENT_AD_: setDebug, enableLogfalse, enableToast: false
02-28 15:02:31.847 16759 16759 I MMKV : root dir: /data/user/0/com.tencent.qqlive/files/mmkv
02-28 15:02:31.848 16759 16759 I MMKV : [VideoConfigCacheMgr] oldSeq 30, newSeq 32
02-28 15:02:31.848 16759 16759 I MMKV : clearMemoryState [VideoConfigCacheMgr]
02-28 15:02:31.848 16759 16759 I MMKV : loading [VideoConfigCacheMgr] with 0 size in total, file size is 4096
02-28 15:02:31.848 16759 16759 I MMKV : loaded [VideoConfigCacheMgr] with 0 values
02-28 15:02:31.849 16705 16943 D UserStatusInfoModule: getCurUserStatusInfo
02-28 15:02:31.866 16736 16840 I ODK : init completed, appkey is AES1V77ZTU79 channel is 77 , sdk version is 5.1.9.012 report strategy : INSTANT
02-28 15:02:31.871 16705 16731 D OpenRuntimeJNI: cfb1b20d29200a0e09c26ec6bdad4c80 md5String:mmskia
02-28 15:02:31.871 16705 16731 I OpenRuntimeJNI: mmskia abi:1 check success
02-28 15:02:31.871 16705 16731 I OpenRuntimeJNI: mmimgcodec fileLen:67524
02-28 15:02:31.872 16891 16891 I Perf : Connecting to perf service.
02-28 15:02:31.872 16705 16731 D OpenRuntimeJNI: ac51c9340a1e0cf9bff64ba0c37afb8d md5String:mmimgcodec
02-28 15:02:31.872 16705 16731 I OpenRuntimeJNI: mmimgcodec abi:1 check success
02-28 15:02:31.872 16705 16731 I OpenRuntimeJNI: mmv8 fileLen:12329092
02-28 15:02:31.883 16736 16852 E ODK : Could not get permission of android.permission.READ_PHONE_STATE
02-28 15:02:31.901 16891 16891 V GraphicsEnvironment: ANGLE Developer option for 'com.tencent.qqlive' set to: 'default'
02-28 15:02:31.901 16891 16891 V GraphicsEnvironment: ANGLE GameManagerService for com.tencent.qqlive: false
02-28 15:02:31.903 16891 16891 V GraphicsEnvironment: Updatable production driver is not supported on the device.
02-28 15:02:31.903 16891 16891 D NetworkSecurityConfig: Using Network Security Config from resource g debugBuild: false
02-28 15:02:31.905 16891 16891 D NetworkSecurityConfig: Using Network Security Config from resource g debugBuild: false
02-28 15:02:31.906 16891 16891 I load_dex_tag: QQLiveApplication init
02-28 15:02:31.912 16759 16956 E ODK : appkey in StatConfig.setAppKey() is null or exceed 256 bytes
02-28 15:02:31.913 1544 3045 D ConnectivityService: requestNetwork for uid/pid:10105/16705 activeRequest: null callbackRequest: 524 [NetworkRequest [ REQUEST id=525, [ Capabilities: INTERNET&NOT_RESTRICTED&TRUSTED&NOT_VCN_MANAGED Uid: 10105 RequestorUid: 10105 RequestorPkg: com.tencent.qqlive] ]] callback flags: 0 priority: 2147483647
02-28 15:02:31.914 1544 1947 D ConnectivityService: NetReassign [525 : null → 100]
02-28 15:02:31.915 1544 2017 D Ethernet: got request NetworkRequest [ REQUEST id=525, [ Capabilities: INTERNET&NOT_RESTRICTED&TRUSTED&NOT_VCN_MANAGED Uid: 10105 RequestorUid: 10105 RequestorPkg: com.tencent.qqlive] ]
02-28 15:02:31.915 1544 2017 D EthernetNetworkFactory: acceptRequest, request: NetworkRequest [ REQUEST id=525, [ Capabilities: INTERNET&NOT_RESTRICTED&TRUSTED&NOT_VCN_MANAGED Uid: 10105 RequestorUid: 10105 RequestorPkg: com.tencent.qqlive] ]
02-28 15:02:31.915 1544 2017 I EthernetNetworkFactory: networkForRequest, request: NetworkRequest [ REQUEST id=525, [ Capabilities: INTERNET&NOT_RESTRICTED&TRUSTED&NOT_VCN_MANAGED Uid: 10105 RequestorUid: 10105 RequestorPkg: com.tencent.qqlive] ], network: null
02-28 15:02:31.915 16736 16796 I CarrierManager: getRemoteSubscription(arg=null) imsi=30005012ab642c6512dcb466b398b89cb1be0201b110010218201 nondual=false sub=[ EmptySubscription imsi = 30005012ab642c6512dcb466b398b89cb1be0201b110010218201 ] remote=Bundle[{imsi=30005012ab642c6512dcb466b398b89cb1be0201b110010218201}]
02-28 15:02:31.915 1544 1897 D WifiNetworkFactory: got request NetworkRequest [ REQUEST id=525, [ Capabilities: INTERNET&NOT_RESTRICTED&TRUSTED&NOT_VCN_MANAGED Uid: 10105 RequestorUid: 10105 RequestorPkg: com.tencent.qqlive] ]
02-28 15:02:31.915 1544 1897 D UntrustedWifiNetworkFactory: got request NetworkRequest [ REQUEST id=525, [ Capabilities: INTERNET&NOT_RESTRICTED&TRUSTED&NOT_VCN_MANAGED Uid: 10105 RequestorUid: 10105 RequestorPkg: com.tencent.qqlive] ]
02-28 15:02:31.915 1544 1897 D OemPaidWifiNetworkFactory: got request NetworkRequest [ REQUEST id=525, [ Capabilities: INTERNET&NOT_RESTRICTED&TRUSTED&NOT_VCN_MANAGED Uid: 10105 RequestorUid: 10105 RequestorPkg: com.tencent.qqlive] ]
02-28 15:02:31.917 1342 1399 E tlogd : [TzLogger](isPathReadable) file /sys/kernel/debug/tzdbg/qsee_log isn't exist or no permission, err: No such file or directory
02-28 15:02:31.917 1342 1399 E tlogd : [TzLogger](saveTzlogAsync) /sys/kernel/debug/tzdbg/qsee_log can not read.
02-28 15:02:31.917 1342 1399 E tlogd : [TzLogger](isPathReadable) file /sys/kernel/debug/tzdbg/log isn't exist or no permission, err: No such file or directory
02-28 15:02:31.917 1342 1399 E tlogd : [TzLogger](saveTzlogAsync) /sys/kernel/debug/tzdbg/log can not read.
02-28 15:02:31.921 16736 16796 I CarrierManager: getActiveSubscription()=[ EmptySubscription imsi = 30005012ab642c6512dcb466b398b89cb1be0201b110010218201 ] hash=EmptySubscription@235421904
02-28 15:02:31.923 16736 16796 I CarrierManager: getRemoteSubscription(arg=minor) imsi=null nondual=false sub=null remote=null
02-28 15:02:31.923 16736 16796 I CarrierManager: getMinorSubscription()=[ EmptySubscription imsi = ] hash=EmptySubscription@237185225
02-28 15:02:31.926 16891 16891 I load_dex_tag: application attachBaseContext
02-28 15:02:31.928 16891 16891 I MultiDex: VM with version 2.1.0 has multidex support
02-28 15:02:31.928 16891 16891 I MultiDex: install
02-28 15:02:31.928 16891 16891 I MultiDex: VM has multidex support, MultiDex support library is disabled.
02-28 15:02:31.929 16891 16891 E a : ApplicationWrapper:attachBaseContext: process = com.tencent.qqlive:downloadService, processType = 18
02-28 15:02:31.932 16891 16891 D SLAReporter: set open: false ,real: false
02-28 15:02:31.933 16891 16891 D RAApplicationContext: startup [32725752], current RAFT version:com.raft.uas/v1alpha2
02-28 15:02:31.933 16891 16891 D RAServiceManager: init ...
02-28 15:02:31.939 16891 16891 D RAServiceManager: init success :{interface com.tencent.qqlive.modules.vb.skin.service.IVBSkinService=com.tencent.raft.generate.interface1985581822$QQLive_app@898ced, interface com.tencent.qqlive.modules.vb.danmaku.service.IVBDanmakuService=com.tencent.raft.generate.interface786679668$QQLive_app@fcf6722, class com.tencent.qqlive.modules.vb.platforminfo.service.VBPlatformInfoService=com.tencent.raft.generate.interface1883630954$QQLive_app@30775b3, class com.tencent.qqlive.modules.attachable.b.b=com.tencent.raft.generate.interface1008491740$QQLive_app@b7bd770, class com.tencent.qqlive.modules.vb.videokit.service.VBCoverGenerateService=com.tencent.raft.generate.interface438429825$QQLive_app@fff0ae9, interface com.tencent.qqlive.modules.vb.videokit.service.IVBCoverPickerService=com.tencent.raft.generate.interface760724600$QQLive_app@e20d36e, interface com.tencent.qqlive.modules.vb.threadservice.service.IVBThreadService=com.tencent.raft.generate.interface1753729375$QQLive_app@979ba0f, class com.tencent.qqlive.modules.vb.danmaku.service.VBDanmakuService=com.tencent.raft.generate.interface786679668$QQLive_app@61efa9c, class com.tencent.qqlive.modules.vb.videokit.service.VBMediaPreviewerService=com.tencent.raft.generate.interface237566004$QQLive_app@c346ca5, class com.tencent.qqlive.modules.vb.idauth.service.VBIDAuthService=com.tencent.raft.generate.interface387926606$QQLive_app@80ab87a, class com.tencent.qqlive.modules.vb.wrapperloginservice.VBWrapperLoginService=com.tencent.raft.generate.interface1907459880$QQLive_app@921e82b, interface com.tencent.qqlive.modules.vb.log.IVBLogService=com.tencent.raft.generate.interface720016883$QQLive_app@46f2488, interface com.tencent.qqlive.modules.vb.idauth.service.IVBIDAuthService=com.tencent.raft.generate.interface387926606$QQLive_app@9a42e21, interface com.tencent.qqlive.modules.vb.networkservice.service.IVBNetworkService=com.tencent.raft.generate.interface812276117$QQLive_app@f7be246, interface com.tencent.qqlive.modules.vb.location.service.IVBLocationService=com.tencent.raft.generate.interface1514662158$QQLive_app@ed4dc07, interface com.tencent.qqlive.modules.vb.videoupload.service.IVBUploadVideoService=com.tencent.raft.generate.interface1516007402$QQLive_app@160134, interface com.tencent.qqlive.modules.vb.dialog.service.IVBDialogService=com.tencent.raft.generate.interface416549288$QQLive_app@ff48b5d, interface com.tencent.qqlive.modules.vb.loginservice.IVBLoginService=com.tencent.raft.generate.interface2111711442$QQLive_app@483dcd2, class com.tencent.qqlive.modules.vb.loginservice.VBLoginService=com.tencent.raft.generate.interface2111711442$QQLive_app@5d931a3, class com.tencent.qqlive.modules.vb.log.VBLogService=com.tencent.raft.generate.interface720016883$QQLive_app@1abfca0, interface com.tencent.qqlive.modules.attachable.b.c=com.tencent.raft.generate.interface1008491740$QQLive_app@f38059, interface com.tencent.qqlive.modules.vb.platforminfo.service.IVBPlatformInfoService=com.tencent.raft.generate.interface1883630954$QQLive_app@69ef41e, interface com.tencent.qqlive.modules.vb.videokit.service.IVBMediaPreviewerService=com.tencent.raft.generate.interface237566004$QQLive_app@d4344ff, class com.tencent.qqlive.modules.vb.camera.service.VBCameraService=com.tencent.raft.generate.interface1737817582$QQLive_app@e442cc, interface com.tencent.qqlive.modules.vb.camera.service.IVBCameraService=com.tencent.raft.generate.interface1737817582$QQLive_app@352c915, interface com.tencent.qqlive.modules.vb.videokit.service.IVBCoverGenerateService=com.tencent.raft.generate.interface438429825$QQLive_app@ec2342a, class com.tencent.qqlive.modules.vb.videokit.service.VBCoverPickerService=com.tencent.raft.generate.interface760724600$QQLive_app@711321b, interface com.tencent.qqlive.modules.vb.kv.service.IVBKVService=com.tencent.raft.generate.interface169200130$QQLive_app@b78bfb8, class com.tencent.qqlive.modules.vb.videoupload.service.VBUploadVideoService=com.tencent.raft.generate.interface1516007402$QQLive_app@d23e191, interface com.tencent.qqlive.modules.vb.pb.service.IVBPBService=c
02-28 15:02:31.939 16891 16891 D RADeclareManager: init success :{}
02-28 15:02:31.945 16759 16955 W QAPM_manager_QAPMConfigureWizard: AppInstance is not android.app.Application.
02-28 15:02:31.956 16705 16731 D OpenRuntimeJNI: d4b842d5e3bff09efc2aba38dbeea466 md5String:mmv8
02-28 15:02:31.956 16705 16731 I OpenRuntimeJNI: mmv8 abi:1 check success
02-28 15:02:31.956 16705 16731 I OpenRuntimeJNI: ilink_network fileLen:3555400
02-28 15:02:31.963 16736 16959 I MID : >>> queryMatchContentProviders size:0
02-28 15:02:31.974 16705 16758 D TENCENT_AD_: setDebug, enableLogfalse, enableToast: false
02-28 15:02:31.976 16705 16758 I TadStreamManager: getSharedPreferences, name = AD_MANAGER
02-28 15:02:31.980 16736 16852 E ODK : Could not get permission of android.permission.READ_PHONE_STATE
02-28 15:02:31.980 16705 16731 D OpenRuntimeJNI: 205c550703fe167874634290b9060edc md5String:ilink_network
02-28 15:02:31.980 16705 16731 I OpenRuntimeJNI: ilink_network abi:1 check success
02-28 15:02:31.980 16705 16731 I OpenRuntimeJNI: mmnode fileLen:3570836
02-28 15:02:31.984 16736 16876 D Qp.QFW : Native ver: 16777216(1.0.0)
02-28 15:02:31.985 16705 16947 I DpmTcmClient: RegisterTcmMonitor from: $Proxy2
02-28 15:02:31.988 16736 16876 D Qp.QLM : OnEveryLogin mHasLoadLocal = false
02-28 15:02:31.990 16736 16876 D Qp.RPT : {"rh":{"sc":3,"ai":"00000VAFHI3U915P","di":"cb9431f9be40542c704d3736100019217301","ui":"","bv":"4.1.19","ov":31,"av":"8.3.05.21773","sv":"0.0.2","ti":1677567751989,"pf":1,"md":"0","ud":"","pn":"com.tencent.qqlive","psn":"106409A8F91A970D58BEB2263CE7550F","pse":84128718},"rb":{"log":"2,4"}}
02-28 15:02:31.996 16736 16963 D Qmsp.Cb : Start to query cb!
02-28 15:02:32.010 16705 16729 I CarrierManager: getRemoteSubscription(arg=null) imsi=30005012ab642c6512dcb466b398b89cb1be0201b110010218201 nondual=false sub=[ EmptySubscription imsi = 30005012ab642c6512dcb466b398b89cb1be0201b110010218201 ] remote=Bundle[{imsi=30005012ab642c6512dcb466b398b89cb1be0201b110010218201}]
02-28 15:02:32.010 16705 16729 I CarrierManager: getActiveSubscription()=[ EmptySubscription imsi = 30005012ab642c6512dcb466b398b89cb1be0201b110010218201 ] hash=EmptySubscription@192501775
02-28 15:02:32.010 16705 16730 I CarrierManager: getActiveSubscription()=[ EmptySubscription imsi = 30005012ab642c6512dcb466b398b89cb1be0201b110010218201 ] hash=EmptySubscription@192501775
02-28 15:02:32.010 16705 16778 I CarrierManager: getActiveSubscription()=[ EmptySubscription imsi = 30005012ab642c6512dcb466b398b89cb1be0201b110010218201 ] hash=EmptySubscription@192501775
02-28 15:02:32.013 16705 16730 I CarrierManager: getRemoteSubscription(arg=minor) imsi=null nondual=false sub=null remote=null
02-28 15:02:32.013 16705 16730 I CarrierManager: getMinorSubscription()=[ EmptySubscription imsi = ] hash=EmptySubscription@102318236
02-28 15:02:32.014 16705 16731 D OpenRuntimeJNI: fd53414d6b3ecc4b5cce6b7e233ecd25 md5String:mmnode
02-28 15:02:32.014 16705 16731 I OpenRuntimeJNI: mmnode abi:1 check success
02-28 15:02:32.014 16705 16731 I OpenRuntimeJNI: tencentlocsapp fileLen:32568
02-28 15:02:32.014 1544 1947 D ConnectivityService: NetReassign [no changes]
02-28 15:02:32.014 16705 16731 D OpenRuntimeJNI: f093ef0714fe1320f17aab3342b089b5 md5String:tencentlocsapp
02-28 15:02:32.014 16705 16731 I OpenRuntimeJNI: tencentlocsapp abi:1 check success
02-28 15:02:32.014 16705 16731 I OpenRuntimeJNI: skia-canvas fileLen:308960
02-28 15:02:32.015 16705 16778 I CarrierManager: getRemoteSubscription(arg=minor) imsi=null nondual=false sub=null remote=null
02-28 15:02:32.015 16705 16778 I CarrierManager: getMinorSubscription()=[ EmptySubscription imsi = ] hash=EmptySubscription@102318236
02-28 15:02:32.015 16705 16779 I CarrierManager: getActiveSubscription()=[ EmptySubscription imsi = 30005012ab642c6512dcb466b398b89cb1be0201b110010218201 ] hash=EmptySubscription@192501775
02-28 15:02:32.016 16705 16731 D OpenRuntimeJNI: 4a69aad4b5943a9c12287f457f3ce37e md5String:skia-canvas
02-28 15:02:32.016 16705 16731 I OpenRuntimeJNI: skia-canvas abi:1 check success
02-28 15:02:32.016 16705 16731 I OpenRuntimeJNI: linebreak fileLen:91532
02-28 15:02:32.017 16705 16731 D OpenRuntimeJNI: 14a9661cdd58f559ff7489debd308970 md5String:linebreak
02-28 15:02:32.017 16705 16731 I OpenRuntimeJNI: linebreak abi:1 check success
02-28 15:02:32.017 16705 16731 I OpenRuntimeJNI: FFmpeg fileLen:2262924
02-28 15:02:32.028 16891 16891 E QQLiveXLogger: new:com.tencent.qqlive:downloadService,downloadService
02-28 15:02:32.031 16705 16779 I CarrierManager: getRemoteSubscription(arg=minor) imsi=null nondual=false sub=null remote=null
02-28 15:02:32.031 16705 16779 I CarrierManager: getMinorSubscription()=[ EmptySubscription imsi = ] hash=EmptySubscription@102318236
02-28 15:02:32.036 16705 16729 I CarrierManager: getRemoteSubscription(arg=minor) imsi=null nondual=false sub=null remote=null
02-28 15:02:32.037 16705 16729 I CarrierManager: getMinorSubscription()=[ EmptySubscription imsi = ] hash=EmptySubscription@102318236
02-28 15:02:32.046 16891 16891 I MMKV : current API level = 31
02-28 15:02:32.046 16891 16891 I MMKV : page size:4096
02-28 15:02:32.046 16891 16891 I MMKV : root dir: /data/user/0/com.tencent.qqlive/files/mmkv
02-28 15:02:32.048 16736 16963 D Qmsp.Cb : time has not arrived!
02-28 15:02:32.048 16736 16963 D Qmsp.Cb : next time: 20977660
02-28 15:02:32.049 16736 16963 D Qp.QLM : onLoadLocalLibs
02-28 15:02:32.049 16736 16963 D Qp.QLM : addLostUpgradeLibs
02-28 15:02:32.049 16736 16963 D Qp.QLM : QSecSFUReader read, bid = 1
02-28 15:02:32.050 16736 16963 D Qp.QPUpdate: [SFU] invalid sig of config: /data/user/0/com.tencent.qqlive/app_qmsp/.SFU/qp_sfu_config.dat
02-28 15:02:32.050 16736 16963 D Qp.QLM : QSecSFUReader read updateSections count = 0
02-28 15:02:32.050 16736 16963 D Qp.RPT : Rpt: {"arr":[{"rh":{"sc":3,"ai":"00000VAFHI3U915P","di":"cb9431f9be40542c704d3736100019217301","ui":"","bv":"4.1.19","ov":31,"av":"8.3.05.21773","sv":"0.0.2","ti":1677567751989,"pf":1,"md":"0","ud":"","pn":"com.tencent.qqlive","psn":"106409A8F91A970D58BEB2263CE7550F","pse":84128718},"rb":{"log":"2,4"}}]}
02-28 15:02:32.064 16891 16891 I MMKV : loading [vb_platformInfo] with 2982 size in total, file size is 4096
02-28 15:02:32.064 16891 16891 I MMKV : loading [vb_platformInfo] with crc 1020476847 sequence 2
02-28 15:02:32.064 16891 16891 I MMKV : loaded [vb_platformInfo] with 8 values
02-28 15:02:32.065 16705 16731 D OpenRuntimeJNI: 9a95dbf0bdd7ed78cf920f1de7f74012 md5String:FFmpeg
02-28 15:02:32.065 16705 16731 I OpenRuntimeJNI: FFmpeg abi:1 check success
02-28 15:02:32.065 16705 16731 I OpenRuntimeJNI: NLog fileLen:74964
02-28 15:02:32.066 16705 16731 D OpenRuntimeJNI: e6687f570dad618352d5d296271d02dd md5String:NLog
02-28 15:02:32.066 16705 16731 I OpenRuntimeJNI: NLog abi:1 check success
02-28 15:02:32.066 16705 16731 I OpenRuntimeJNI: mmphysx fileLen:3927984
02-28 15:02:32.067 16759 17017 I beacon : beacon logAble: false
02-28 15:02:32.068 16705 17027 D ActivityThread: Loading provider com.tencent.qqlive.XG_SETTINGS_PROVIDER: com.tencent.tpns.baseapi.base.SettingsContentProvider
02-28 15:02:32.074 16891 16891 D AppConfig: traverseSharedPreferencesKey: start
02-28 15:02:32.079 16736 17000 I MID : >>> queryMatchContentProviders size:0
02-28 15:02:32.080 16891 17032 W SQLiteCompatibilityWalFlags: Cannot read global setting sqlite_compatibility_wal_flags - Application state not available
02-28 15:02:32.081 12341 12418 E GODZILLA: Original size is 1064960 but real size is 536576
02-28 15:02:32.087 16736 16884 W MID : [MidWorkThread(68): null:100] - can not get the permission of android.permission.WRITE_EXTERNAL_STORAGE
02-28 15:02:32.087 16891 17032 E SQLiteLog: (1) no such table: OnePrefs_UpdatePrefsFile in "SELECT * FROM 'OnePrefs_UpdatePrefsFile'"
02-28 15:02:32.090 16891 16891 D AppConfig: fs length is :533
02-28 15:02:32.092 16759 16759 E TAG : resumeInit
02-28 15:02:32.095 16891 16891 I MMKV : loading [mmkv_inner_prefs_migrate_finish] with 411 size in total, file size is 4096
02-28 15:02:32.095 16891 16891 I MMKV : loading [mmkv_inner_prefs_migrate_finish] with crc 3375570496 sequence 2
02-28 15:02:32.095 16891 16891 I MMKV : loaded [mmkv_inner_prefs_migrate_finish] with 16 values
02-28 15:02:32.095 16891 16891 I MMKV : loading [com.tencent.qqlive_preferences] with 29748 size in total, file size is 32768
02-28 15:02:32.095 16891 16891 I MMKV : loading [com.tencent.qqlive_preferences] with crc 2555155388 sequence 4
02-28 15:02:32.095 16891 16891 I MMKV : loaded [com.tencent.qqlive_preferences] with 59 values
02-28 15:02:32.096 16759 16942 I TMSDUAL-INIT-KcInner: registLoadCallback
02-28 15:02:32.096 16759 16878 E DWT : DualSimManagerCore fetchSoluAndSave
02-28 15:02:32.096 16759 16878 E DWT : USE_DUAL_ADAPTION fetchSoluAndSave
02-28 15:02:32.096 12341 17033 E GODZILLA: Original size is 1064960 but real size is 536576
02-28 15:02:32.098 16759 16878 I TMSDUAL-INIT-KcInner: checkNeedFetchSolution:false
02-28 15:02:32.099 16759 17011 I ODK : db check ok
02-28 15:02:32.104 16891 16891 I ashercai: QQLiveApplication 1
02-28 15:02:32.111 16759 17011 I ODK : init local store has 11 records, dbRebuild : false
02-28 15:02:32.124 16705 16731 D OpenRuntimeJNI: de4da7fc292417cae522b95db241be43 md5String:mmphysx
02-28 15:02:32.125 16705 16731 I OpenRuntimeJNI: mmphysx abi:1 check success
02-28 15:02:32.125 16705 16731 I OpenRuntimeJNI: traeimp-rtmp fileLen:1523936
02-28 15:02:32.145 16759 17049 E ODK : Could not get permission of android.permission.READ_PHONE_STATE
02-28 15:02:32.148 16759 17049 I DpmTcmClient: RegisterTcmMonitor from: $Proxy2
02-28 15:02:32.155 16891 16891 W DummyProcessStartup: initialize: useless startup:java.lang.Throwable
02-28 15:02:32.155 16891 16891 W DummyProcessStartup: at com.tencent.luggage.wxa.ans.h(DummyProcessStartup.kt:12)
02-28 15:02:32.155 16891 16891 W DummyProcessStartup: at com.tencent.luggage.wxa.anw.h(ProcessStartupFactory.kt:45)
02-28 15:02:32.155 16891 16891 W DummyProcessStartup: at com.tencent.luggage.wxa.amw.(WxaApiImpl.kt:140)
02-28 15:02:32.155 16891 16891 W DummyProcessStartup: at com.tencent.luggage.wxaapi.WxaApi$Factory.createApi(WxaApi.java:167)
02-28 15:02:32.155 16891 16891 W DummyProcessStartup: at com.tencent.qqlive.jsapi.utils.WxaSdkPkgLoader.b(WxaSdkPkgLoader.java:128)
02-28 15:02:32.155 16891 16891 W DummyProcessStartup: at com.tencent.qqlive.jsapi.utils.WxaSdkPkgLoader.onApplicationCreate(WxaSdkPkgLoader.java:90)
02-28 15:02:32.155 16891 16891 W DummyProcessStartup: at com.tencent.qqlive.ona.base.a.a.l.a(WXATask.java:14)
02-28 15:02:32.155 16891 16891 W DummyProcessStartup: at com.tencent.qqlive.ona.base.a.c.c(LaunchTaskMonitor.java:52)
02-28 15:02:32.155 16891 16891 W DummyProcessStartup: at com.tencent.qqlive.ona.base.a.c.a(LaunchTaskMonitor.java:28)
02-28 15:02:32.155 16891 16891 W DummyProcessStartup: at com.tencent.qqlive.ona.base.a.b.a(AppLaunchManager.java:61)
02-28 15:02:32.155 16891 16891 W DummyProcessStartup: at com.tencent.qqlive.ona.base.QQLiveApplicationWrapper.d(QQLiveApplicationWrapper.java:67)
02-28 15:02:32.155 16891 16891 W DummyProcessStartup: at com.tencent.qqlive.ona.base.QQLiveApplicationWrapper.attachBaseContext(QQLiveApplicationWrapper.java:110)
02-28 15:02:32.155 16891 16891 W DummyProcessStartup: at android.app.Application.attach(Application.java:331)
02-28 15:02:32.155 16891 16891 W DummyProcessStartup: at android.app.Instrumentation.newApplication(Instrumentation.java:1179)
02-28 15:02:32.155 16891 16891 W DummyProcessStartup: at android.app.LoadedApk.makeApplication(LoadedApk.java:1356)
02-28 15:02:32.155 16891 16891 W DummyProcessStartup: at android.app.ActivityThread.handleBindApplication(ActivityThread.java:6705)
02-28 15:02:32.155 16891 16891 W DummyProcessStartup: at android.app.ActivityThread.access$1500(ActivityThread.java:248)
02-28 15:02:32.155 16891 16891 W DummyProcessStartup: at android.app.ActivityThread$H.handleMessage(ActivityThread.java:2054)
02-28 15:02:32.155 16891 16891 W DummyProcessStartup: at android.os.Handler.dispatchMessage(Handler.java:106)
02-28 15:02:32.155 16891 16891 W DummyProcessStartup: at android.os.Looper.loopOnce(Looper.java:201)
02-28 15:02:32.155 16891 16891 W DummyProcessStartup: at android.os.Looper.loop(Looper.java:288)
02-28 15:02:32.155 16891 16891 W DummyProcessStartup: at android.app.ActivityThread.main(ActivityThread.java:7880)
02-28 15:02:32.155 16891 16891 W DummyProcessStartup: at java.lang.reflect.Method.invoke(Native Method)
02-28 15:02:32.155 16891 16891 W DummyProcessStartup: at com.android.internal.os.RuntimeInit$MethodAndArgsCaller.run(RuntimeInit.java:548)
02-28 15:02:32.155 16891 16891 W DummyProcessStartup: at com.android.internal.os.ZygoteInit.main(ZygoteInit.java:1009)
02-28 15:02:32.157 16891 16891 D MicroMsg.PaySdk.WXFactory: createWXAPI, appId = wxca942bbff22e0e51, checkSignature = true
02-28 15:02:32.157 16891 16891 D MicroMsg.SDK.WXApiImplV10: , appId = wxca942bbff22e0e51, checkSignature = true
02-28 15:02:32.159 16759 17014 I MID : >>> queryMatchContentProviders size:0
02-28 15:02:32.159 16891 16891 I Luggage.WxaApiImpl: process:com.tencent.qqlive:downloadService, version:1.3.1(0x27001430), hostAppID:wxca942bbff22e0e51, abiType:1
02-28 15:02:32.159 16891 16891 I ashercai: QQLiveApplication 2
02-28 15:02:32.160 16891 16891 I ashercai: QQLiveApplication 3
02-28 15:02:32.160 16891 16891 I Statistics: appStartUp()
02-28 15:02:32.161 16891 16891 I ApplicationWrapper: attachBaseContext pN =com.tencent.qqlive:downloadService
02-28 15:02:32.165 16759 17049 E ODK : 上报缓存记录数失败,错误码:4012,错误信息:send to https://btrace.qq.com/kvcollect java.net.ConnectException: Failed to connect to btrace.qq.com/0.0.0.1:443
02-28 15:02:32.177 16891 16891 W System : ClassLoader referenced unknown path:
02-28 15:02:32.177 16891 16891 W downloadServic: Unsupported class loader
02-28 15:02:32.179 16736 16736 I auditd : type=1400 audit(0.0:22550): avc: granted { nlmsg_readpriv } for comm="MidWorkThread" scontext=u:r:untrusted_app_27:s0:c105,c256,c512,c768 tcontext=u:r:untrusted_app_27:s0:c105,c256,c512,c768 tclass=netlink_route_socket app=com.tencent.qqlive
02-28 15:02:32.179 16736 16736 W MidWorkThread: type=1400 audit(0.0:22550): avc: granted { nlmsg_readpriv } for scontext=u:r:untrusted_app_27:s0:c105,c256,c512,c768 tcontext=u:r:untrusted_app_27:s0:c105,c256,c512,c768 tclass=netlink_route_socket app=com.tencent.qqlive
02-28 15:02:32.185 16705 16731 D OpenRuntimeJNI: c1a9208c5f8f157f2407947711aa04e8 md5String:traeimp-rtmp
02-28 15:02:32.185 16705 16731 I OpenRuntimeJNI: traeimp-rtmp abi:1 check success
02-28 15:02:32.207 16759 16759 I auditd : type=1400 audit(0.0:22551): avc: denied { read } for comm="ODK_MAIN_HANDLE" name="u:object_r:wifi_hal_prop:s0" dev="tmpfs" ino=11668 scontext=u:r:untrusted_app_27:s0:c105,c256,c512,c768 tcontext=u:object_r:wifi_hal_prop:s0 tclass=file permissive=1 app=com.tencent.qqlive
02-28 15:02:32.185 16705 16731 I OpenRuntimeJNI: qqmusic_decoder_jni fileLen:46292
02-28 15:02:32.186 16705 16731 D OpenRuntimeJNI: 8af32c1b332990af4b4b7558d3e6de46 md5String:qqmusic_decoder_jni
02-28 15:02:32.186 16705 16731 I OpenRuntimeJNI: qqmusic_decoder_jni abi:1 check success
02-28 15:02:32.188 16705 16731 I OpenRuntimeJNI: ilink_xlog fileLen:95976
02-28 15:02:32.191 16705 16731 D OpenRuntimeJNI: 1d3bac7e46a2f1417214c577e0567f18 md5String:ilink_xlog
02-28 15:02:32.191 16705 16731 I OpenRuntimeJNI: ilink_xlog abi:1 check success
02-28 15:02:32.191 16705 16731 I OpenRuntimeJNI: mmudp fileLen:157448
02-28 15:02:32.197 16736 16963 D Qp.RPT : ret: 161
02-28 15:02:32.201 1544 3044 D CompatibilityInfo: mCompatibilityFlags - 4
02-28 15:02:32.201 1544 3044 D CompatibilityInfo: applicationDensity - 240
02-28 15:02:32.201 1544 3044 D CompatibilityInfo: applicationScale - 1.0
02-28 15:02:32.202 16705 16731 D OpenRuntimeJNI: a755a6a37cba284618bce96834973534 md5String:mmudp
02-28 15:02:32.202 16705 16731 I OpenRuntimeJNI: mmudp abi:1 check success
02-28 15:02:32.202 16705 16731 I OpenRuntimeJNI: mmj2v8 fileLen:509492
02-28 15:02:32.208 1544 14086 W WifiService: Permission violation - getScanResults not allowed for uid=10105, packageName=com.tencent.qqlive, reason=java.lang.SecurityException: UID 10105 has no location permission
02-28 15:02:32.209 16736 16963 D Qp.QLM : next rp interval: 28800000
02-28 15:02:32.222 16759 16975 I ODK : System config:
02-28 15:02:32.223 16891 16891 I MMKV : loading [nx_login_config_file] with 91 size in total, file size is 4096
02-28 15:02:32.223 16891 16891 I MMKV : loading [nx_login_config_file] with crc 2471409713 sequence 8
02-28 15:02:32.223 16891 16891 I MMKV : loaded [nx_login_config_file] with 2 values
02-28 15:02:32.207 16759 16759 I ODK_MAIN_HANDLE: type=1400 audit(0.0:22551): avc: denied { read } for name="u:object_r:wifi_hal_prop:s0" dev="tmpfs" ino=11668 scontext=u:r:untrusted_app_27:s0:c105,c256,c512,c768 tcontext=u:object_r:wifi_hal_prop:s0 tclass=file permissive=1 app=com.tencent.qqlive
02-28 15:02:32.207 16759 16759 I auditd : type=1400 audit(0.0:22552): avc: denied { open } for comm="ODK_MAIN_HANDLE" path="/dev/__properties__/u:object_r:wifi_hal_prop:s0" dev="tmpfs" ino=11668 scontext=u:r:untrusted_app_27:s0:c105,c256,c512,c768 tcontext=u:object_r:wifi_hal_prop:s0 tclass=file permissive=1 app=com.tencent.qqlive
02-28 15:02:32.207 16759 16759 I ODK_MAIN_HANDLE: type=1400 audit(0.0:22552): avc: denied { open } for path="/dev/__properties__/u:object_r:wifi_hal_prop:s0" dev="tmpfs" ino=11668 scontext=u:r:untrusted_app_27:s0:c105,c256,c512,c768 tcontext=u:object_r:wifi_hal_prop:s0 tclass=file permissive=1 app=com.tencent.qqlive
02-28 15:02:32.207 16759 16759 I auditd : type=1400 audit(0.0:22553): avc: denied { getattr } for comm="ODK_MAIN_HANDLE" path="/dev/__properties__/u:object_r:wifi_hal_prop:s0" dev="tmpfs" ino=11668 scontext=u:r:untrusted_app_27:s0:c105,c256,c512,c768 tcontext=u:object_r:wifi_hal_prop:s0 tclass=file permissive=1 app=com.tencent.qqlive
02-28 15:02:32.241 16705 16938 D DexLoader: initTbsSettings - {use_speedy_classloader=true}
02-28 15:02:32.241 16705 16938 D dexloader: Set base classLoader for DexClassLoader: dalvik.system.PathClassLoader[DexPathList[[zip file "/data/app/~~S5aGTg02MfzFbeW7FiP1Bw==/com.tencent.qqlive-MhbA5CWSBXkRmiY8Hx5K5w==/base.apk"],nativeLibraryDirectories=[/data/user/0/com.tencent.qqlive/livesdk_lib, /data/user/0/com.tencent.qqlive/app_libs, /data/app/~~S5aGTg02MfzFbeW7FiP1Bw==/com.tencent.qqlive-MhbA5CWSBXkRmiY8Hx5K5w==/lib/arm, /data/app/~~S5aGTg02MfzFbeW7FiP1Bw==/com.tencent.qqlive-MhbA5CWSBXkRmiY8Hx5K5w==/base.apk!/lib/armeabi, /system/lib, /system_ext/lib, /system/lib, /system_ext/lib]]]
02-28 15:02:32.243 16736 17074 I MID : >>> queryMatchContentProviders size:0
02-28 15:02:32.207 16759 16759 I auditd : type=1400 audit(0.0:22554): avc: denied { map } for comm="ODK_MAIN_HANDLE" path="/dev/__properties__/u:object_r:wifi_hal_prop:s0" dev="tmpfs" ino=11668 scontext=u:r:untrusted_app_27:s0:c105,c256,c512,c768 tcontext=u:object_r:wifi_hal_prop:s0 tclass=file permissive=1 app=com.tencent.qqlive
02-28 15:02:32.207 16759 16759 I ODK_MAIN_HANDLE: type=1400 audit(0.0:22554): avc: denied { map } for path="/dev/__properties__/u:object_r:wifi_hal_prop:s0" dev="tmpfs" ino=11668 scontext=u:r:untrusted_app_27:s0:c105,c256,c512,c768 tcontext=u:object_r:wifi_hal_prop:s0 tclass=file permissive=1 app=com.tencent.qqlive
02-28 15:02:32.249 16705 16731 D OpenRuntimeJNI: 74aca2d632b0d80f6ea37ee9b385d168 md5String:mmj2v8
02-28 15:02:32.249 16705 16731 I OpenRuntimeJNI: mmj2v8 abi:1 check success
02-28 15:02:32.249 16705 16731 I OpenRuntimeJNI: andromeda fileLen:4880024
02-28 15:02:32.256 16759 17011 I ODK : db check ok
02-28 15:02:32.263 16759 17011 E ODK : Could not get permission of android.permission.READ_PHONE_STATE
02-28 15:02:32.283 16759 17071 I NetworkMonitorReceiver: onReceive : android.net.conn.CONNECTIVITY_CHANGE
02-28 15:02:32.286 16705 16938 I DexLoader: createDexClassLoader,old VerisonCode=8.3.05.21773;newVersionCode=21773oldVersionName8.3.05.21773;newVersionName+8.3.05.21773oldDisplay01.00.0078.X101;newDisplay=01.00.0078.X101
02-28 15:02:32.286 16705 16938 D dexloader: createDexClassLoader: /data/user/0/com.tencent.qqlive/app_tbs/core_share/tbs_sdk_extension_dex.jar
02-28 15:02:32.286 16705 16938 D dexloader: sync odex...new DexClassLoader
02-28 15:02:32.286 16759 17071 I AppNetworkUtils: refreshNetwork 1, netInfo.apn = WIFI, lastApn = WIFI
02-28 15:02:32.287 16705 16705 I TPush-Native: JNI_OnLoad
02-28 15:02:32.287 16759 16759 E kc_test : notifyCheck msg: android.net.conn.CONNECTIVITY_CHANGE immediate: false
02-28 15:02:32.293 16759 16975 E ODK : Could not get permission of android.permission.READ_PHONE_STATE
02-28 15:02:32.304 16736 17094 I MID : >>> queryMatchContentProviders size:0
02-28 15:02:32.307 16705 16938 D dexloader: createDexClassLoader result: dalvik.system.DexClassLoader[DexPathList[[zip file "/data/user/0/com.tencent.qqlive/app_tbs/core_share/tbs_sdk_extension_dex.jar"],nativeLibraryDirectories=[/data/user/0/com.tencent.qqlive/app_tbs/core_share, /system/lib, /system_ext/lib]]]
02-28 15:02:32.312 16705 16731 D OpenRuntimeJNI: 0f4e109857dd64a400852a5b03fa4a95 md5String:andromeda
02-28 15:02:32.312 16705 16731 I OpenRuntimeJNI: andromeda abi:1 check success
02-28 15:02:32.312 16891 16891 D TENCENT_AD_: isOpen:false
02-28 15:02:32.312 16705 16731 I OpenRuntimeJNI: 108168wxa fileLen:119076
02-28 15:02:32.313 16705 16731 D OpenRuntimeJNI: 41ad10d4799d0c397b6578cb1896246c md5String:108168wxa
02-28 15:02:32.313 16705 16731 I OpenRuntimeJNI: 108168wxa abi:1 check success
02-28 15:02:32.313 16705 16731 I OpenRuntimeJNI: mmbox2d fileLen:2119424
02-28 15:02:32.313 16759 17084 I MID : >>> queryMatchContentProviders size:0
02-28 15:02:32.315 16759 17017 D Qp.QFW : Native ver: 16777216(1.0.0)
02-28 15:02:32.318 16891 16891 I MMKV : loading [qad_core_sp_storage] with 3999 size in total, file size is 4096
02-28 15:02:32.318 16891 16891 I MMKV : loading [qad_core_sp_storage] with crc 3481155822 sequence 4
02-28 15:02:32.318 16891 16891 I MMKV : loaded [qad_core_sp_storage] with 72 values
02-28 15:02:32.319 16759 17103 D Qmsp.Cb : Start to query cb!
02-28 15:02:32.320 16759 17017 D Qp.QLM : OnEveryLogin mHasLoadLocal = false
02-28 15:02:32.321 16759 17017 D Qp.RPT : {"rh":{"sc":3,"ai":"00000VAFHI3U915P","di":"cb9431f9be40542c704d3736100019217301","ui":"","bv":"4.1.19","ov":31,"av":"8.3.05.21773","sv":"0.0.2","ti":1677567752321,"pf":1,"md":"0","ud":"","pn":"com.tencent.qqlive","psn":"106409A8F91A970D58BEB2263CE7550F","pse":84128718},"rb":{"log":"2,4"}}
02-28 15:02:32.326 16705 16731 D OpenRuntimeJNI: 9da4d72d88667a954d18dca55cb529b7 md5String:mmbox2d
02-28 15:02:32.326 16705 16731 I OpenRuntimeJNI: mmbox2d abi:1 check success
02-28 15:02:32.326 16705 16731 I OpenRuntimeJNI: mp3lame fileLen:145352
02-28 15:02:32.327 16705 16731 D OpenRuntimeJNI: 83d6261e9519b090410c7c7d2307e3fd md5String:mp3lame
02-28 15:02:32.327 16705 16731 I OpenRuntimeJNI: mp3lame abi:1 check success
02-28 15:02:32.327 16705 16731 I OpenRuntimeJNI: wxa_library fileLen:3052510
02-28 15:02:32.332 1544 7124 W ServiceManager: Permission failure: android.permission.HIGH_SAMPLING_RATE_SENSORS from uid=10105 pid=16759
02-28 15:02:32.345 16759 17103 D Qmsp.Cb : time has not arrived!
02-28 15:02:32.345 16759 17103 D Qmsp.Cb : next time: 20977363
02-28 15:02:32.345 16705 17019 I ProtocolManager: createNetWorkTask: needCheck, request = HomeTabListRequest
02-28 15:02:32.345 16759 17103 D Qp.QLM : onLoadLocalLibs
02-28 15:02:32.345 16759 17103 D Qp.QLM : addLostUpgradeLibs
02-28 15:02:32.346 16759 17103 D Qp.QLM : QSecSFUReader read, bid = 1
02-28 15:02:32.347 16759 17103 D Qp.QPUpdate: [SFU] invalid sig of config: /data/user/0/com.tencent.qqlive/app_qmsp/.SFU/qp_sfu_config.dat
02-28 15:02:32.347 16759 17103 D Qp.QLM : QSecSFUReader read updateSections count = 0
02-28 15:02:32.347 16759 17103 D Qp.RPT : Rpt: {"arr":[{"rh":{"sc":3,"ai":"00000VAFHI3U915P","di":"cb9431f9be40542c704d3736100019217301","ui":"","bv":"4.1.19","ov":31,"av":"8.3.05.21773","sv":"0.0.2","ti":1677567752321,"pf":1,"md":"0","ud":"","pn":"com.tencent.qqlive","psn":"106409A8F91A970D58BEB2263CE7550F","pse":84128718},"rb":{"log":"2,4"}}]}
02-28 15:02:32.347 16705 16731 D OpenRuntimeJNI: d1903c5f3f8a154f5f2cf2a9d5fc6d22 md5String:wxa_library
02-28 15:02:32.347 16705 16731 I OpenRuntimeJNI: wxa_library abi:1 check success
02-28 15:02:32.349 16759 16975 I ODK : init completed, appkey is AES1V77ZTU79 channel is 77 , sdk version is 5.1.9.012 report strategy : INSTANT
02-28 15:02:32.351 16705 16731 I OpenRuntimeJNI: appbrandcommon fileLen:95336
02-28 15:02:32.352 16705 16731 D OpenRuntimeJNI: 5cc02ba3c77826f2ab45f3387983bfa3 md5String:appbrandcommon
02-28 15:02:32.352 16705 16731 I OpenRuntimeJNI: appbrandcommon abi:1 check success
02-28 15:02:32.352 16705 16731 I OpenRuntimeJNI: owl fileLen:272296
02-28 15:02:32.353 16891 16891 I CrashCatcher: deviceName: TC/figure
02-28 15:02:32.357 16705 16731 D OpenRuntimeJNI: 04a106c756b1bfbc9c335891f462a900 md5String:owl
02-28 15:02:32.357 16705 16731 I OpenRuntimeJNI: owl abi:1 check success
02-28 15:02:32.357 16705 16731 I OpenRuntimeJNI: ilink_tdi fileLen:580136
02-28 15:02:32.359 16759 17011 E ODK : Could not get permission of android.permission.READ_PHONE_STATE
02-28 15:02:32.360 16759 16955 V TGPA : load tgpa gradishwrapper lib success by loader.
02-28 15:02:32.361 16705 16731 D OpenRuntimeJNI: 174f8e79f29f5e266f26dffa5279d9a5 md5String:ilink_tdi
02-28 15:02:32.361 16705 16731 I OpenRuntimeJNI: ilink_tdi abi:1 check success
02-28 15:02:32.362 16705 16731 I OpenRuntimeJNI: qm_native_decoder_ffmpeg fileLen:79068
02-28 15:02:32.363 650 664 I mpu_uart: [MSG-P:RECV]:No message received in 1000 ms
02-28 15:02:32.362 16705 16731 D OpenRuntimeJNI: d432158d4c905e83e957aa43bd77f2f0 md5String:qm_native_decoder_ffmpeg
02-28 15:02:32.364 16705 16731 I OpenRuntimeJNI: qm_native_decoder_ffmpeg abi:1 check success
02-28 15:02:32.364 16705 16731 I OpenRuntimeJNI: QmNativeDataSource fileLen:34004
02-28 15:02:32.364 16705 16731 D OpenRuntimeJNI: bea559bae932e3d77a44dabb924ce30d md5String:QmNativeDataSource
02-28 15:02:32.364 16705 16731 I OpenRuntimeJNI: QmNativeDataSource abi:1 check success
02-28 15:02:32.365 16705 16731 I OpenRuntimeJNI: native-iv fileLen:59048
02-28 15:02:32.365 16705 16731 D OpenRuntimeJNI: d5896063c8b6376dc88498f2902c71a6 md5String:native-iv
02-28 15:02:32.365 16705 16731 I OpenRuntimeJNI: native-iv abi:1 check success
02-28 15:02:32.365 16705 16731 I OpenRuntimeJNI: private_protobuf fileLen:177856
02-28 15:02:32.366 16705 16731 D OpenRuntimeJNI: 60bab218883859fb321748d2f6c9ea69 md5String:private_protobuf
02-28 15:02:32.366 16705 16731 I OpenRuntimeJNI: private_protobuf abi:1 check success
02-28 15:02:32.366 16705 16731 I OpenRuntimeJNI: txffmpeg fileLen:1760752
02-28 15:02:32.371 16759 17011 E ODK : Could not get permission of android.permission.READ_PHONE_STATE
02-28 15:02:32.379 16759 17011 E ODK : Could not get permission of android.permission.READ_PHONE_STATE
02-28 15:02:32.379 16891 17032 I MMKV : loading [ab_cloud_config_sp] with 32404 size in total, file size is 524288
02-28 15:02:32.379 16891 17032 I MMKV : loading [ab_cloud_config_sp] with crc 2612689724 sequence 9
02-28 15:02:32.379 16891 17032 I MMKV : loaded [ab_cloud_config_sp] with 1 values
02-28 15:02:32.392 16759 17011 E ODK : Could not get permission of android.permission.READ_PHONE_STATE
