02-28 15:02:22.197 1544 1642 I am_wtf : [0,1544,system_server,-1,DisplayDeviceConfig,requesting nits when no mapping exists.]
02-28 15:02:22.199 0 0 I auditd : type=1400 audit(0.0:21846): avc: denied { kill } for comm="swapper/3" capability=5 scontext=u:r:kernel:s0 tcontext=u:r:kernel:s0 tclass=capability permissive=1
02-28 15:02:22.199 0 0 I swapper/3: type=1400 audit(0.0:21846): avc: denied { kill } for capability=5 scontext=u:r:kernel:s0 tcontext=u:r:kernel:s0 tclass=capability permissive=1
02-28 15:02:22.213 1544 2028 E DisplayDeviceConfig: requesting nits when no mapping exists.
02-28 15:02:22.213 1544 1642 I am_wtf : [0,1544,system_server,-1,DisplayDeviceConfig,requesting nits when no mapping exists.]
02-28 15:02:22.213 1544 2028 E DisplayDeviceConfig: requesting nits when no mapping exists.
02-28 15:02:22.213 1544 1642 I am_wtf : [0,1544,system_server,-1,DisplayDeviceConfig,requesting nits when no mapping exists.]
02-28 15:02:22.232 1544 2028 E DisplayDeviceConfig: requesting nits when no mapping exists.
02-28 15:02:22.232 1544 2028 E DisplayDeviceConfig: requesting nits when no mapping exists.
02-28 15:02:22.232 1544 1642 I am_wtf : [0,1544,system_server,-1,DisplayDeviceConfig,requesting nits when no mapping exists.]
02-28 15:02:22.233 1544 1642 I am_wtf : [0,1544,system_server,-1,DisplayDeviceConfig,requesting nits when no mapping exists.]
02-28 15:02:22.246 1544 2028 E DisplayDeviceConfig: requesting nits when no mapping exists.
02-28 15:02:22.246 1544 2028 E DisplayDeviceConfig: requesting nits when no mapping exists.
02-28 15:02:22.246 1544 1642 I am_wtf : [0,1544,system_server,-1,DisplayDeviceConfig,requesting nits when no mapping exists.]
02-28 15:02:22.247 1544 1642 I am_wtf : [0,1544,system_server,-1,DisplayDeviceConfig,requesting nits when no mapping exists.]
02-28 15:02:22.263 1544 2028 E DisplayDeviceConfig: requesting nits when no mapping exists.
02-28 15:02:22.264 1544 2028 E DisplayDeviceConfig: requesting nits when no mapping exists.
02-28 15:02:22.264 1544 1642 I am_wtf : [0,1544,system_server,-1,DisplayDeviceConfig,requesting nits when no mapping exists.]
02-28 15:02:22.266 1544 1642 I am_wtf : [0,1544,system_server,-1,DisplayDeviceConfig,requesting nits when no mapping exists.]
02-28 15:02:22.279 1544 2028 E DisplayDeviceConfig: requesting nits when no mapping exists.
02-28 15:02:22.279 1544 2028 E DisplayDeviceConfig: requesting nits when no mapping exists.
02-28 15:02:22.279 1544 1642 I am_wtf : [0,1544,system_server,-1,DisplayDeviceConfig,requesting nits when no mapping exists.]
02-28 15:02:22.280 1544 1642 I am_wtf : [0,1544,system_server,-1,DisplayDeviceConfig,requesting nits when no mapping exists.]
02-28 15:02:22.296 1544 2028 E DisplayDeviceConfig: requesting nits when no mapping exists.
02-28 15:02:22.296 1544 2028 E DisplayDeviceConfig: requesting nits when no mapping exists.
02-28 15:02:22.297 1544 1642 I am_wtf : [0,1544,system_server,-1,DisplayDeviceConfig,requesting nits when no mapping exists.]
02-28 15:02:22.297 1544 1642 I am_wtf : [0,1544,system_server,-1,DisplayDeviceConfig,requesting nits when no mapping exists.]
02-28 15:02:22.309 16448 16636 I cr.sandbox.render: RenderIOThread heartbeat, interval/index: 30s/0, render: 11(NORMAL_WITHOUT_SECCOMP), gpu: 2(FULL)
02-28 15:02:22.312 1544 2028 E DisplayDeviceConfig: requesting nits when no mapping exists.
02-28 15:02:22.313 1544 2028 E DisplayDeviceConfig: requesting nits when no mapping exists.
02-28 15:02:22.313 1544 1642 I am_wtf : [0,1544,system_server,-1,DisplayDeviceConfig,requesting nits when no mapping exists.]
02-28 15:02:22.314 1544 1642 I am_wtf : [0,1544,system_server,-1,DisplayDeviceConfig,requesting nits when no mapping exists.]
02-28 15:02:22.330 1544 2028 E DisplayDeviceConfig: requesting nits when no mapping exists.
02-28 15:02:22.330 1544 2028 E DisplayDeviceConfig: requesting nits when no mapping exists.
02-28 15:02:22.330 1544 1642 I am_wtf : [0,1544,system_server,-1,DisplayDeviceConfig,requesting nits when no mapping exists.]
02-28 15:02:22.331 1544 1642 I am_wtf : [0,1544,system_server,-1,DisplayDeviceConfig,requesting nits when no mapping exists.]
02-28 15:02:22.345 19541 20557 W kcp_info: HCDN_LOG: [T:20557]Update: udp kcp size[0], timeout kcp size[0]
02-28 15:02:22.347 1544 2028 E DisplayDeviceConfig: requesting nits when no mapping exists.
02-28 15:02:22.347 1544 2028 E DisplayDeviceConfig: requesting nits when no mapping exists.
02-28 15:02:22.347 1544 1642 I am_wtf : [0,1544,system_server,-1,DisplayDeviceConfig,requesting nits when no mapping exists.]
02-28 15:02:22.348 1544 1642 I am_wtf : [0,1544,system_server,-1,DisplayDeviceConfig,requesting nits when no mapping exists.]
02-28 15:02:22.356 16448 16619 I cr.sandbox.render: RenderMainThread heartbeat, interval/index: 30s/0, render: 11(NORMAL_WITHOUT_SECCOMP), gpu: 2(FULL)
02-28 15:02:22.360 650 664 I mpu_uart: [MSG-P:RECV]:No message received in 1000 ms
02-28 15:02:22.363 1544 2028 E DisplayDeviceConfig: requesting nits when no mapping exists.
02-28 15:02:22.363 1544 2028 E DisplayDeviceConfig: requesting nits when no mapping exists.
02-28 15:02:22.363 1544 1642 I am_wtf : [0,1544,system_server,-1,DisplayDeviceConfig,requesting nits when no mapping exists.]
02-28 15:02:22.365 1544 1642 I am_wtf : [0,1544,system_server,-1,DisplayDeviceConfig,requesting nits when no mapping exists.]
02-28 15:02:22.380 1544 2028 E DisplayDeviceConfig: requesting nits when no mapping exists.
02-28 15:02:22.380 1544 2028 E DisplayDeviceConfig: requesting nits when no mapping exists.
02-28 15:02:22.381 1544 1642 I am_wtf : [0,1544,system_server,-1,DisplayDeviceConfig,requesting nits when no mapping exists.]
02-28 15:02:22.382 1544 1642 I am_wtf : [0,1544,system_server,-1,DisplayDeviceConfig,requesting nits when no mapping exists.]
02-28 15:02:22.398 1544 2028 E DisplayDeviceConfig: requesting nits when no mapping exists.
02-28 15:02:22.398 1544 2028 E DisplayDeviceConfig: requesting nits when no mapping exists.
02-28 15:02:22.398 1544 1642 I am_wtf : [0,1544,system_server,-1,DisplayDeviceConfig,requesting nits when no mapping exists.]
02-28 15:02:22.399 1544 1642 I am_wtf : [0,1544,system_server,-1,DisplayDeviceConfig,requesting nits when no mapping exists.]
02-28 15:02:22.413 1544 2028 E DisplayDeviceConfig: requesting nits when no mapping exists.
02-28 15:02:22.413 1544 2028 E DisplayDeviceConfig: requesting nits when no mapping exists.
02-28 15:02:22.413 1544 1642 I am_wtf : [0,1544,system_server,-1,DisplayDeviceConfig,requesting nits when no mapping exists.]
02-28 15:02:22.414 1544 1642 I am_wtf : [0,1544,system_server,-1,DisplayDeviceConfig,requesting nits when no mapping exists.]
02-28 15:02:22.429 1544 2028 E DisplayDeviceConfig: requesting nits when no mapping exists.
02-28 15:02:22.430 1544 2028 E DisplayDeviceConfig: requesting nits when no mapping exists.
02-28 15:02:22.430 1544 1642 I am_wtf : [0,1544,system_server,-1,DisplayDeviceConfig,requesting nits when no mapping exists.]
02-28 15:02:22.430 1544 1642 I am_wtf : [0,1544,system_server,-1,DisplayDeviceConfig,requesting nits when no mapping exists.]
02-28 15:02:22.446 1544 2028 E DisplayDeviceConfig: requesting nits when no mapping exists.
02-28 15:02:22.447 1544 2028 E DisplayDeviceConfig: requesting nits when no mapping exists.
02-28 15:02:22.447 1544 1642 I am_wtf : [0,1544,system_server,-1,DisplayDeviceConfig,requesting nits when no mapping exists.]
02-28 15:02:22.448 1544 1642 I am_wtf : [0,1544,system_server,-1,DisplayDeviceConfig,requesting nits when no mapping exists.]
02-28 15:02:22.463 1544 2028 E DisplayDeviceConfig: requesting nits when no mapping exists.
02-28 15:02:22.463 1544 2028 E DisplayDeviceConfig: requesting nits when no mapping exists.
02-28 15:02:22.463 1544 1642 I am_wtf : [0,1544,system_server,-1,DisplayDeviceConfig,requesting nits when no mapping exists.]
02-28 15:02:22.464 1544 1642 I am_wtf : [0,1544,system_server,-1,DisplayDeviceConfig,requesting nits when no mapping exists.]
02-28 15:02:22.480 1544 2028 E DisplayDeviceConfig: requesting nits when no mapping exists.
02-28 15:02:22.480 1544 2028 E DisplayDeviceConfig: requesting nits when no mapping exists.
02-28 15:02:22.480 1544 1642 I am_wtf : [0,1544,system_server,-1,DisplayDeviceConfig,requesting nits when no mapping exists.]
02-28 15:02:22.481 1544 1642 I am_wtf : [0,1544,system_server,-1,DisplayDeviceConfig,requesting nits when no mapping exists.]
02-28 15:02:22.486 19732 20581 W kcp_info: HCDN_LOG: [T:20581]Update: udp kcp size[0], timeout kcp size[0]
02-28 15:02:22.491 16522 16651 I cr.sandbox.gpu: GpuMainThread heartbeat, interval/index: 30/0
02-28 15:02:22.496 1544 2028 E DisplayDeviceConfig: requesting nits when no mapping exists.
02-28 15:02:22.497 1544 2028 E DisplayDeviceConfig: requesting nits when no mapping exists.
02-28 15:02:22.497 1544 1642 I am_wtf : [0,1544,system_server,-1,DisplayDeviceConfig,requesting nits when no mapping exists.]
02-28 15:02:22.497 1544 1642 I am_wtf : [0,1544,system_server,-1,DisplayDeviceConfig,requesting nits when no mapping exists.]
02-28 15:02:22.513 1544 2028 E DisplayDeviceConfig: requesting nits when no mapping exists.
02-28 15:02:22.513 1544 2028 E DisplayDeviceConfig: requesting nits when no mapping exists.
02-28 15:02:22.513 1544 1642 I am_wtf : [0,1544,system_server,-1,DisplayDeviceConfig,requesting nits when no mapping exists.]
02-28 15:02:22.514 1544 1642 I am_wtf : [0,1544,system_server,-1,DisplayDeviceConfig,requesting nits when no mapping exists.]
02-28 15:02:22.530 1544 2028 E DisplayDeviceConfig: requesting nits when no mapping exists.
02-28 15:02:22.530 1544 2028 E DisplayDeviceConfig: requesting nits when no mapping exists.
02-28 15:02:22.530 1544 1642 I am_wtf : [0,1544,system_server,-1,DisplayDeviceConfig,requesting nits when no mapping exists.]
02-28 15:02:22.531 1544 1642 I am_wtf : [0,1544,system_server,-1,DisplayDeviceConfig,requesting nits when no mapping exists.]
02-28 15:02:22.547 1544 2028 E DisplayDeviceConfig: requesting nits when no mapping exists.
02-28 15:02:22.547 1544 2028 E DisplayDeviceConfig: requesting nits when no mapping exists.
02-28 15:02:22.547 1544 1642 I am_wtf : [0,1544,system_server,-1,DisplayDeviceConfig,requesting nits when no mapping exists.]
02-28 15:02:22.548 1544 1642 I am_wtf : [0,1544,system_server,-1,DisplayDeviceConfig,requesting nits when no mapping exists.]
02-28 15:02:22.563 1544 2028 E DisplayDeviceConfig: requesting nits when no mapping exists.
02-28 15:02:22.564 1544 2028 E DisplayDeviceConfig: requesting nits when no mapping exists.
02-28 15:02:22.564 1544 1642 I am_wtf : [0,1544,system_server,-1,DisplayDeviceConfig,requesting nits when no mapping exists.]
02-28 15:02:22.565 1544 1642 I am_wtf : [0,1544,system_server,-1,DisplayDeviceConfig,requesting nits when no mapping exists.]
02-28 15:02:22.580 1544 2028 E DisplayDeviceConfig: requesting nits when no mapping exists.
02-28 15:02:22.580 1544 2028 E DisplayDeviceConfig: requesting nits when no mapping exists.
02-28 15:02:22.580 1544 1642 I am_wtf : [0,1544,system_server,-1,DisplayDeviceConfig,requesting nits when no mapping exists.]
02-28 15:02:22.580 1544 1642 I am_wtf : [0,1544,system_server,-1,DisplayDeviceConfig,requesting nits when no mapping exists.]
02-28 15:02:22.596 1544 2028 E DisplayDeviceConfig: requesting nits when no mapping exists.
02-28 15:02:22.597 1544 2028 E DisplayDeviceConfig: requesting nits when no mapping exists.
02-28 15:02:22.597 1544 1642 I am_wtf : [0,1544,system_server,-1,DisplayDeviceConfig,requesting nits when no mapping exists.]
02-28 15:02:22.597 1544 1642 I am_wtf : [0,1544,system_server,-1,DisplayDeviceConfig,requesting nits when no mapping exists.]
02-28 15:02:22.616 1544 2028 E DisplayDeviceConfig: requesting nits when no mapping exists.
02-28 15:02:22.616 1544 1642 I am_wtf : [0,1544,system_server,-1,DisplayDeviceConfig,requesting nits when no mapping exists.]
02-28 15:02:22.616 1544 2028 E DisplayDeviceConfig: requesting nits when no mapping exists.
02-28 15:02:22.617 1544 1642 I am_wtf : [0,1544,system_server,-1,DisplayDeviceConfig,requesting nits when no mapping exists.]
02-28 15:02:22.630 1544 2028 E DisplayDeviceConfig: requesting nits when no mapping exists.
02-28 15:02:22.630 1544 2028 E DisplayDeviceConfig: requesting nits when no mapping exists.
02-28 15:02:22.631 1544 1642 I am_wtf : [0,1544,system_server,-1,DisplayDeviceConfig,requesting nits when no mapping exists.]
02-28 15:02:22.632 1544 1642 I am_wtf : [0,1544,system_server,-1,DisplayDeviceConfig,requesting nits when no mapping exists.]
02-28 15:02:22.645 16413 16424 W System : A resource failed to call close.
02-28 15:02:22.645 16413 16424 W System : A resource failed to call close.
02-28 15:02:22.645 16413 16424 W System : A resource failed to call close.
02-28 15:02:22.645 16413 16424 W System : A resource failed to call close.
02-28 15:02:22.645 16413 16424 W System : A resource failed to call close.
02-28 15:02:22.647 1544 2028 E DisplayDeviceConfig: requesting nits when no mapping exists.
02-28 15:02:22.647 1544 1642 I am_wtf : [0,1544,system_server,-1,DisplayDeviceConfig,requesting nits when no mapping exists.]
02-28 15:02:22.648 1544 2028 E DisplayDeviceConfig: requesting nits when no mapping exists.
02-28 15:02:22.648 1544 1642 I am_wtf : [0,1544,system_server,-1,DisplayDeviceConfig,requesting nits when no mapping exists.]
02-28 15:02:22.663 1544 2028 E DisplayDeviceConfig: requesting nits when no mapping exists.
02-28 15:02:22.664 1544 2028 E DisplayDeviceConfig: requesting nits when no mapping exists.
02-28 15:02:22.664 1544 1642 I am_wtf : [0,1544,system_server,-1,DisplayDeviceConfig,requesting nits when no mapping exists.]
02-28 15:02:22.664 1544 1642 I am_wtf : [0,1544,system_server,-1,DisplayDeviceConfig,requesting nits when no mapping exists.]
02-28 15:02:22.680 1544 2028 E DisplayDeviceConfig: requesting nits when no mapping exists.
02-28 15:02:22.681 1544 2028 E DisplayDeviceConfig: requesting nits when no mapping exists.
02-28 15:02:22.681 1544 1642 I am_wtf : [0,1544,system_server,-1,DisplayDeviceConfig,requesting nits when no mapping exists.]
02-28 15:02:22.683 1544 1642 I am_wtf : [0,1544,system_server,-1,DisplayDeviceConfig,requesting nits when no mapping exists.]
02-28 15:02:22.697 1544 2028 E DisplayDeviceConfig: requesting nits when no mapping exists.
02-28 15:02:22.697 1544 2028 E DisplayDeviceConfig: requesting nits when no mapping exists.
02-28 15:02:22.698 1544 1642 I am_wtf : [0,1544,system_server,-1,DisplayDeviceConfig,requesting nits when no mapping exists.]
02-28 15:02:22.699 1544 1642 I am_wtf : [0,1544,system_server,-1,DisplayDeviceConfig,requesting nits when no mapping exists.]
02-28 15:02:22.714 1544 2028 E DisplayDeviceConfig: requesting nits when no mapping exists.
02-28 15:02:22.714 1544 2028 E DisplayDeviceConfig: requesting nits when no mapping exists.
02-28 15:02:22.715 1544 1642 I am_wtf : [0,1544,system_server,-1,DisplayDeviceConfig,requesting nits when no mapping exists.]
02-28 15:02:22.716 1544 1642 I am_wtf : [0,1544,system_server,-1,DisplayDeviceConfig,requesting nits when no mapping exists.]
02-28 15:02:22.730 1544 2028 E DisplayDeviceConfig: requesting nits when no mapping exists.
02-28 15:02:22.731 1544 2028 E DisplayDeviceConfig: requesting nits when no mapping exists.
02-28 15:02:22.731 1544 1642 I am_wtf : [0,1544,system_server,-1,DisplayDeviceConfig,requesting nits when no mapping exists.]
02-28 15:02:22.732 1544 1642 I am_wtf : [0,1544,system_server,-1,DisplayDeviceConfig,requesting nits when no mapping exists.]
02-28 15:02:22.746 1544 2028 E DisplayDeviceConfig: requesting nits when no mapping exists.
02-28 15:02:22.747 1544 2028 E DisplayDeviceConfig: requesting nits when no mapping exists.
02-28 15:02:22.747 1544 1642 I am_wtf : [0,1544,system_server,-1,DisplayDeviceConfig,requesting nits when no mapping exists.]
02-28 15:02:22.748 1544 1642 I am_wtf : [0,1544,system_server,-1,DisplayDeviceConfig,requesting nits when no mapping exists.]
02-28 15:02:22.763 1544 2028 E DisplayDeviceConfig: requesting nits when no mapping exists.
02-28 15:02:22.764 1544 2028 E DisplayDeviceConfig: requesting nits when no mapping exists.
02-28 15:02:22.764 1544 1642 I am_wtf : [0,1544,system_server,-1,DisplayDeviceConfig,requesting nits when no mapping exists.]
02-28 15:02:22.764 1544 1642 I am_wtf : [0,1544,system_server,-1,DisplayDeviceConfig,requesting nits when no mapping exists.]
02-28 15:02:22.880 19541 20565 W multisource: HCDN_LOG: [T:20565]UpdateMaxSpeed TOTAL => play speed:0[len:0, tm:0], offline speed:0[len:0, tm:0], predeploy speed:0[len:0, tm:0], m_maxDownloadSpeed:0
02-28 15:02:22.961 2620 6555 I OpenGLRenderer: Davey! duration=9223360401862ms; Flags=0, FrameTimelineVsyncId=-1, IntendedVsync=11634992210664, Vsync=11634992212799, InputEventId=364948760, HandleInputStart=11634992220247, AnimationStart=11634992230508, PerformTraversalsStart=11634992406289, DrawStart=11634992539726, FrameDeadline=9223372036854775807, FrameInterval=11634992212799, FrameStartTime=16666666, SyncQueued=11634992849153, SyncStart=11634993118112, IssueDrawCommandsStart=11634993364049, SwapBuffers=11634996180924, FrameCompleted=9223372036854775807, DequeueBufferDuration=45052, QueueBufferDuration=834062, GpuCompleted=9223372036854775807, SwapBuffersCompleted=11634997501133, DisplayPresentTime=11103385660033,
02-28 15:02:22.968 1232 15491 I OMX-VENC: venc_dev: stats: avg. fps 0.69, bitrate 17409
02-28 15:02:22.988 19732 21123 E cube_taskex: HCDN_LOG: [T:21123]Java_com_qiyi_hcdndownloader_HCDNDownloaderTask_GetFileSizeNative 170: taskptr = 0xb3dc2a10
02-28 15:02:22.988 19732 21123 E cube_taskex: HCDN_LOG: [T:21123]Java_com_qiyi_hcdndownloader_HCDNDownloaderTask_GetDownloadSizeNative 187: taskptr = 0xb3dc2a10
02-28 15:02:22.988 19732 21123 E cube_taskex: HCDN_LOG: [T:21123]Java_com_qiyi_hcdndownloader_HCDNDownloaderTask_GetSpeedNative 139: taskptr = 0xb3dc2a10
02-28 15:02:23.096 1544 12849 I thunderperf: Maybe need boostperf for current app!
02-28 15:02:23.097 2123 8258 D FgBoostPerfService: [FgBoostPerfService.perfBoostAcq]start: stat=true pkgName=com.android.settings
02-28 15:02:23.097 2123 8258 I FgBoostPerfService: [FgBoostPerfService.perfBoostAcq] not game-mode or game app!
02-28 15:02:23.098 1544 12849 I ThunderPerfManager: PerfAcq error : state=true pkgName=com.android.settings
02-28 15:02:23.098 2123 8258 I FgBoostPerfService: [GetGpuMode] isMode=0 isGame=false mGpuMode=0
02-28 15:02:23.098 2123 8258 I FgBoostPerfService: [GetGpuDpiType] isMode=0 isGame=false mGpuDpiType=0
02-28 15:02:23.098 2123 8258 I FgBoostPerfService: [GetGpuDpiType] isMode=0 isGame=false mGpuStandardValue=0
02-28 15:02:23.098 1544 12849 I thunderperf: Current app pkgName=com.android.settings bm:com.thundercomm.perf.BoostPerfManager@ce6c93 gpuMode=-1 gpuType=-1 gpuStandardVal=-1
02-28 15:02:23.099 1544 12849 I ThunderBoostPerfService: Resolution: Uid=10072 Pid=2620 gMode=-1 dType=-1 gpuStandardVal=-1
02-28 15:02:23.099 1544 12849 I thunderperf: PlatormCompat.setOverrides: Uid1=10072 Pid1=2620 Uid2=10072 Pid2=2620
02-28 15:02:23.099 1544 12849 I thunderperf: PlatormCompat.setOverrides: needCheck:false
02-28 15:02:23.099 1544 12849 I thunderperf: CompatConfig.addOverrideUnsafe: bef-state=0
02-28 15:02:23.099 1544 12849 I thunderperf: CompatConfig.addOverrideUnsafe: aft-state=0
02-28 15:02:23.101 1544 12849 I thunderperf: CompatConfig.addOverrideUnsafe: bef-state=0
02-28 15:02:23.101 1544 12849 I thunderperf: CompatConfig.addOverrideUnsafe: aft-state=0
02-28 15:02:23.101 1544 12849 I thunderperf: CompatConfig.addOverrideUnsafe: bef-state=0
02-28 15:02:23.102 1544 12849 I thunderperf: CompatConfig.addOverrideUnsafe: aft-state=0
02-28 15:02:23.102 1544 12849 I thunderperf: CompatConfig.addOverrideUnsafe: bef-state=0
02-28 15:02:23.102 1544 12849 I thunderperf: CompatConfig.addOverrideUnsafe: aft-state=0
02-28 15:02:23.102 1544 12849 I thunderperf: CompatConfig.addOverrideUnsafe: bef-state=0
02-28 15:02:23.103 1544 12849 I thunderperf: CompatConfig.addOverrideUnsafe: aft-state=0
02-28 15:02:23.103 1544 12849 I thunderperf: CompatConfig.addOverrideUnsafe: bef-state=0
02-28 15:02:23.103 1544 12849 I thunderperf: CompatConfig.addOverrideUnsafe: aft-state=0
02-28 15:02:23.104 1544 12849 I thunderperf: CompatConfig.addOverrideUnsafe: bef-state=0
02-28 15:02:23.104 1544 12849 I thunderperf: CompatConfig.addOverrideUnsafe: aft-state=0
02-28 15:02:23.104 1544 12849 I thunderperf: CompatConfig.addOverrideUnsafe: bef-state=0
02-28 15:02:23.104 1544 12849 I thunderperf: CompatConfig.addOverrideUnsafe: aft-state=0
02-28 15:02:23.104 1544 12849 I thunderperf: CompatConfig.addOverrideUnsafe: bef-state=0
02-28 15:02:23.104 1544 12849 I thunderperf: CompatConfig.addOverrideUnsafe: aft-state=0
02-28 15:02:23.105 1544 12849 I thunderperf: CompatConfig.addOverrideUnsafe: bef-state=0
02-28 15:02:23.105 1544 12849 I thunderperf: CompatConfig.addOverrideUnsafe: aft-state=0
02-28 15:02:23.105 1544 12849 I thunderperf: CompatConfig.addOverrideUnsafe: bef-state=0
02-28 15:02:23.105 1544 12849 I thunderperf: CompatConfig.addOverrideUnsafe: aft-state=0
02-28 15:02:23.105 1544 12849 I thunderperf: CompatConfig.addOverrideUnsafe: bef-state=0
02-28 15:02:23.105 1544 12849 I thunderperf: CompatConfig.addOverrideUnsafe: aft-state=0
02-28 15:02:23.106 1544 12849 I thunderperf: CompatConfig.addOverrideUnsafe: bef-state=0
02-28 15:02:23.106 1544 12849 I thunderperf: CompatConfig.addOverrideUnsafe: aft-state=0
02-28 15:02:23.106 1544 12849 I thunderperf: CompatConfig.addOverrideUnsafe: bef-state=0
02-28 15:02:23.106 1544 12849 I thunderperf: CompatConfig.addOverrideUnsafe: aft-state=0
02-28 15:02:23.115 1544 12849 I ThunderBoostPerfService: Disable downscaling com.android.settings to 2380x1020
02-28 15:02:23.116 1544 12849 I ActivityTaskManager: START u0 {act=android.intent.action.MAIN cat=[android.intent.category.LAUNCHER] flg=0x10200000 cmp=com.android.settings/.Settings bnds=[2128,710][2314,910]} from uid 10072
02-28 15:02:23.116 1544 1628 I EventSequenceValidator: Transition from ACTIVITY_FINISHED to INTENT_STARTED
02-28 15:02:23.118 1544 12849 I wm_task_moved: [267,1,6]
02-28 15:02:23.118 1544 12849 I wm_task_to_front: [0,267]
02-28 15:02:23.119 1544 12849 I wm_focused_root_task: [0,0,267,1,bringingFoundTaskToFront]
02-28 15:02:23.120 1544 12849 I wm_set_resumed_activity: [0,com.android.settings/.Settings,bringingFoundTaskToFront]
02-28 15:02:23.120 1544 12849 I wm_new_intent: [0,239776141,267,com.android.settings/.Settings,android.intent.action.MAIN,NULL,NULL,270532608]
02-28 15:02:23.121 1544 12849 D CompatibilityInfo: mCompatibilityFlags - 4
02-28 15:02:23.121 1544 12849 D CompatibilityInfo: applicationDensity - 240
02-28 15:02:23.121 1544 12849 D CompatibilityInfo: applicationScale - 1.0
02-28 15:02:23.123 1544 12849 D ActivityTrigger: ActivityTrigger activityPauseTrigger
02-28 15:02:23.123 1544 12849 I wm_pause_activity: [0,68127756,com.android.launcher3/.uioverrides.QuickstepLauncher,userLeaving=true,pauseBackTasks]
02-28 15:02:23.124 2050 2218 D PhoneStartingWindowTypeAlgorithm: preferredStartingWindowType newTask:false taskSwitch:true processRunning:true allowTaskSnapshot:true activityCreated:true useEmptySplashScreen:false legacySplashScreen:false topIsHome:false
02-28 15:02:23.125 2050 2218 D PhoneStartingWindowTypeAlgorithm: isSnapshotCompatible rotation 0 snapshot 0
02-28 15:02:23.130 2620 2620 I wm_on_top_resumed_lost_called: [68127756,com.android.launcher3.uioverrides.QuickstepLauncher,topStateChangedWhenResumed]
02-28 15:02:23.135 2620 2620 I wm_on_paused_called: [68127756,com.android.launcher3.uioverrides.QuickstepLauncher,performPause]
02-28 15:02:23.136 1544 1628 I EventSequenceValidator: Transition from INTENT_STARTED to ACTIVITY_LAUNCHED
02-28 15:02:23.138 1544 14086 I ActivityTaskManager: FOREGROUND_APPLICATION_CHANGED to com.android.settings.homepage.SettingsHomepageActivity
02-28 15:02:23.144 1544 14086 I wm_set_resumed_activity: [0,com.android.settings/.Settings,resumeTopActivityInnerLocked]
02-28 15:02:23.144 1544 14086 I wm_add_to_stopping: [0,68127756,com.android.launcher3/.uioverrides.QuickstepLauncher,makeInvisible]
02-28 15:02:23.147 1544 14086 I wm_resume_activity: [0,239776141,267,com.android.settings/.Settings]
02-28 15:02:23.159 16110 16110 I wm_on_restart_called: [239776141,com.android.settings.Settings,performRestartActivity]
02-28 15:02:23.159 1544 1628 I sysui_multi_action: [757,803,799,window_time_0,802,310]
02-28 15:02:23.161 16110 16110 W BatteryBroadcastRcvr: Problem reading the battery meter.
02-28 15:02:23.164 16110 16110 I wm_on_start_called: [239776141,com.android.settings.Settings,handleStartActivity]
02-28 15:02:23.165 16110 16110 I snet_event_log: [120484087,-1,]
02-28 15:02:23.165 16110 16110 I wm_on_resume_called: [239776141,com.android.settings.Settings,RESUME_ACTIVITY]
02-28 15:02:23.166 16110 16110 I sysui_multi_action: [757,35,758,1,833,0,1089,0]
02-28 15:02:23.167 2123 4001 I GameMode_ActivityMonitoringService: Notifying about top task: com.android.settings, isInMiniWindowMode: false
02-28 15:02:23.167 2123 4001 I GameMode_ActivityMonitoringService: onActivityLaunch: com.android.settings, isGameApp: false
02-28 15:02:23.167 2123 4001 V GameMode_GpuUtils: fps:60
02-28 15:02:23.167 16110 16676 D UsageGraph: No enabled state changed, skipping updateCategory call
02-28 15:02:23.169 16110 16110 I sysui_multi_action: [757,46,758,1,833,0,1089,0]
02-28 15:02:23.169 1544 1807 I input_focus: [Focus leaving bef888c com.android.launcher3/com.android.launcher3.uioverrides.QuickstepLauncher (server),reason=NO_WINDOW]
02-28 15:02:23.170 2123 4001 D GameModeIF_GameModeSettings: getUriFor setting_content_uri_root = content://com.thundercomm.gamemode.api/gamemode_settings , name = gamemode_enable
02-28 15:02:23.171 1544 3044 I am_uid_active: 10064
02-28 15:02:23.173 16110 16110 I sysui_multi_action: [757,47,758,1,833,0,1089,0]
02-28 15:02:23.178 16110 16110 D DashboardFragment: Cannot find preference with key when_to_start in Controller WhenToDreamPreferenceController
02-28 15:02:23.179 16110 16110 I wm_on_top_resumed_gained_called: [239776141,com.android.settings.Settings,topWhenResuming]
02-28 15:02:23.183 1544 1629 I input_focus: [Focus request b3a8008 com.android.settings/com.android.settings.Settings,reason=UpdateInputWindows]
02-28 15:02:23.179 1232 1232 I auditd : type=1400 audit(0.0:21847): avc: denied { call } for comm="OMXCallbackDisp" scontext=u:r:mediacodec:s0 tcontext=u:r:su:s0 tclass=binder permissive=1
02-28 15:02:23.179 1232 1232 I OMXCallbackDisp: type=1400 audit(0.0:21847): avc: denied { call } for scontext=u:r:mediacodec:s0 tcontext=u:r:su:s0 tclass=binder permissive=1
02-28 15:02:23.197 1544 1660 W BatteryExternalStatsWorker: error reading modem stats:ERROR_PHONE_NOT_AVAILABLE
02-28 15:02:23.197 815 815 D vendor.qti.bluetooth@1.0-ibs_handler: SerialClockVote: vote for UART CLK ON
02-28 15:02:23.198 815 815 D vendor.qti.bluetooth@1.0-wake_lock: Acquire wakelock is acquired
02-28 15:02:23.198 815 815 I vendor.qti.bluetooth@1.0-ibs_handler: DeviceWakeUp: Writing IBS_WAKE_IND
02-28 15:02:23.202 16110 16110 W BatteryBroadcastRcvr: Problem reading the battery meter.
02-28 15:02:23.204 815 3139 I vendor.qti.bluetooth@1.0-ibs_handler: ProcessIbsCmd: Received IBS_WAKE_ACK: 0xFC
02-28 15:02:23.204 815 3139 I vendor.qti.bluetooth@1.0-ibs_handler: ProcessIbsCmd: Signal wack_cond_
02-28 15:02:23.205 2050 2218 D StartingSurfaceDrawer: Task start finish, remove starting surface for task 267
02-28 15:02:23.205 1544 1628 I EventSequenceValidator: Transition from ACTIVITY_LAUNCHED to ACTIVITY_FINISHED
02-28 15:02:23.206 815 815 D vendor.qti.bluetooth@1.0-ibs_handler: DeviceWakeUp: Unblocked from waiting for FC, pthread_cond_timedwait ret = 0
02-28 15:02:23.207 815 3139 I vendor.qti.bluetooth@1.0-ibs_handler: ProcessIbsCmd: Received IBS_WAKE_IND: 0xFD
02-28 15:02:23.208 815 3139 I vendor.qti.bluetooth@1.0-ibs_handler: ProcessIbsCmd: Writing IBS_WAKE_ACK
02-28 15:02:23.212 1544 1624 I sysui_multi_action: [319,47,321,45,322,88,325,11635,757,761,758,9,759,4,806,com.android.settings,871,com.android.settings.Settings,904,com.android.launcher3,905,0,1320,8,1321,5]
02-28 15:02:23.219 1544 1807 I input_focus: [Focus entering b3a8008 com.android.settings/com.android.settings.Settings (server),reason=Window became focusable. Previous reason: NOT_VISIBLE]
02-28 15:02:23.225 1544 1660 E KernelCpuSpeedReader: Failed to read cpu-freq: /sys/devices/system/cpu/cpu4/cpufreq/stats/time_in_state: open failed: ENOENT (No such file or directory)
02-28 15:02:23.225 1544 1660 E KernelCpuSpeedReader: Failed to read cpu-freq: /sys/devices/system/cpu/cpu0/cpufreq/stats/time_in_state: open failed: ENOENT (No such file or directory)
02-28 15:02:23.226 1544 1660 E system_server: Cannot read thread CPU times for PID 1544
02-28 15:02:23.219 570 570 I auditd : type=1400 audit(0.0:21848): avc: denied { read } for comm="Binder:570_2" name="wakeup58" dev="sysfs" ino=71818 scontext=u:r:system_suspend:s0 tcontext=u:object_r:sysfs:s0 tclass=dir permissive=1
02-28 15:02:23.219 570 570 I Binder:570_2: type=1400 audit(0.0:21848): avc: denied { read } for name="wakeup58" dev="sysfs" ino=71818 scontext=u:r:system_suspend:s0 tcontext=u:object_r:sysfs:s0 tclass=dir permissive=1
02-28 15:02:23.219 570 570 I auditd : type=1400 audit(0.0:21849): avc: denied { open } for comm="Binder:570_2" path="/sys/devices/virtual/misc/msm_g711alaw/wakeup58" dev="sysfs" ino=71818 scontext=u:r:system_suspend:s0 tcontext=u:object_r:sysfs:s0 tclass=dir permissive=1
02-28 15:02:23.219 570 570 I Binder:570_2: type=1400 audit(0.0:21849): avc: denied { open } for path="/sys/devices/virtual/misc/msm_g711alaw/wakeup58" dev="sysfs" ino=71818 scontext=u:r:system_suspend:s0 tcontext=u:object_r:sysfs:s0 tclass=dir permissive=1
02-28 15:02:23.219 570 570 I auditd : type=1400 audit(0.0:21850): avc: denied { read } for comm="Binder:570_2" name="event_count" dev="sysfs" ino=71825 scontext=u:r:system_suspend:s0 tcontext=u:object_r:sysfs:s0 tclass=file permissive=1
02-28 15:02:23.219 570 570 I Binder:570_2: type=1400 audit(0.0:21850): avc: denied { read } for name="event_count" dev="sysfs" ino=71825 scontext=u:r:system_suspend:s0 tcontext=u:object_r:sysfs:s0 tclass=file permissive=1
02-28 15:02:23.219 570 570 I auditd : type=1400 audit(0.0:21851): avc: denied { open } for comm="Binder:570_2" path="/sys/devices/virtual/misc/msm_g711alaw/wakeup58/event_count" dev="sysfs" ino=71825 scontext=u:r:system_suspend:s0 tcontext=u:object_r:sysfs:s0 tclass=file permissive=1
02-28 15:02:23.219 570 570 I Binder:570_2: type=1400 audit(0.0:21851): avc: denied { open } for path="/sys/devices/virtual/misc/msm_g711alaw/wakeup58/event_count" dev="sysfs" ino=71825 scontext=u:r:system_suspend:s0 tcontext=u:object_r:sysfs:s0 tclass=file permissive=1
02-28 15:02:23.219 570 570 I auditd : type=1400 audit(0.0:21852): avc: denied { getattr } for comm="Binder:570_2" path="/sys/devices/virtual/misc/msm_g711alaw/wakeup58/event_count" dev="sysfs" ino=71825 scontext=u:r:system_suspend:s0 tcontext=u:object_r:sysfs:s0 tclass=file permissive=1
02-28 15:02:23.219 570 570 I Binder:570_2: type=1400 audit(0.0:21852): avc: denied { getattr } for path="/sys/devices/virtual/misc/msm_g711alaw/wakeup58/event_count" dev="sysfs" ino=71825 scontext=u:r:system_suspend:s0 tcontext=u:object_r:sysfs:s0 tclass=file permissive=1
02-28 15:02:23.219 15467 15467 I auditd : type=1400 audit(0.0:21853): avc: denied { call } for comm="CodecLooper" scontext=u:r:su:s0 tcontext=u:r:mediacodec:s0 tclass=binder permissive=1
02-28 15:02:23.219 15467 15467 I CodecLooper: type=1400 audit(0.0:21853): avc: denied { call } for scontext=u:r:su:s0 tcontext=u:r:mediacodec:s0 tclass=binder permissive=1
02-28 15:02:23.247 16110 16165 D BatteryInfo: time for getStats: 0ms
02-28 15:02:23.248 1544 1660 W BatteryExternalStatsWorker: error reading modem stats:ERROR_PHONE_NOT_AVAILABLE
02-28 15:02:23.249 1544 3045 W FreeFormWindowHelper: Current Display FreeFormTask is null
02-28 15:02:23.249 16110 16165 D BatteryInfo: time for regular BatteryInfo: 2ms
02-28 15:02:23.251 1544 1660 E KernelCpuSpeedReader: Failed to read cpu-freq: /sys/devices/system/cpu/cpu4/cpufreq/stats/time_in_state: open failed: ENOENT (No such file or directory)
02-28 15:02:23.251 1544 1660 E KernelCpuSpeedReader: Failed to read cpu-freq: /sys/devices/system/cpu/cpu0/cpufreq/stats/time_in_state: open failed: ENOENT (No such file or directory)
02-28 15:02:23.251 1544 1660 E system_server: Cannot read thread CPU times for PID 1544
02-28 15:02:23.255 16110 16165 D BatteryInfo: time for getBatteryInfo: 6ms
02-28 15:02:23.255 16110 16110 D BatteryInfo: time for callback: 0ms
02-28 15:02:23.274 16413 16521 I DpmTcmClient: RegisterTcmMonitor from: $Proxy2
02-28 15:02:23.275 16110 16676 D BatteryInfo: time for getStats: 0ms
02-28 15:02:23.275 16110 16676 D BatteryInfo: time for regular BatteryInfo: 0ms
02-28 15:02:23.276 16110 16676 D BatteryInfo: time for getBatteryInfo: 1ms
02-28 15:02:23.277 16110 16110 D BatteryInfo: time for callback: 0ms
02-28 15:02:23.289 16110 16192 D BatteryTipLoader: BatteryInfoLoader post query: 1ms
02-28 15:02:23.289 16110 16192 D BatteryInfo: time for getBatteryInfo: 0ms
02-28 15:02:23.289 16110 16192 D BatteryTipLoader: BatteryInfoLoader.loadInBackground: 1ms
02-28 15:02:23.297 16110 16167 D BatteryTipLoader: BatteryInfoLoader post query: 0ms
02-28 15:02:23.298 16110 16167 D BatteryInfo: time for getBatteryInfo: 0ms
02-28 15:02:23.298 16110 16167 D BatteryTipLoader: BatteryInfoLoader.loadInBackground: 1ms
02-28 15:02:23.306 1544 14086 W InputManager-JNI: Input channel object 'ce96511 SnapshotStartingWindow for taskId=267 (client)' was disposed without first being removed with the input manager!
02-28 15:02:23.330 815 3139 I vendor.qti.bluetooth@1.0-ibs_handler: ProcessIbsCmd: Received IBS_SLEEP_IND: 0xFE
02-28 15:02:23.360 650 664 I mpu_uart: [MSG-P:RECV]:No message received in 1000 ms
02-28 15:02:23.384 19541 20557 W kcp_info: HCDN_LOG: [T:20557]Update: udp kcp size[0], timeout kcp size[0]
02-28 15:02:23.517 19732 20581 W kcp_info: HCDN_LOG: [T:20581]Update: udp kcp size[0], timeout kcp size[0]
02-28 15:02:23.706 1544 1628 I wm_stop_activity: [0,68127756,com.android.launcher3/.uioverrides.QuickstepLauncher]
02-28 15:02:23.739 2620 2620 D StateManager: goToState: Normal
02-28 15:02:23.740 2620 2620 I wm_on_stop_called: [68127756,com.android.launcher3.uioverrides.QuickstepLauncher,STOP_ACTIVITY_ITEM]
02-28 15:02:23.788 2620 2950 W FrameTracker: Missing SF jank callback for vsyncId: 355441
02-28 15:02:24.030 1232 15491 I OMX-VENC: venc_dev: stats: avg. fps 47.08, bitrate 3021753
01-09 09:15:38.496 0 0 W audit : audit_lost=18193 audit_rate_limit=5 audit_backlog_limit=64
01-09 09:15:38.496 0 0 E audit : rate limit exceeded
02-28 15:02:24.249 815 3163 I vendor.qti.bluetooth@1.0-ibs_handler: DeviceSleep: TX Awake, Sending SLEEP_IND
02-28 15:02:24.249 815 3163 D vendor.qti.bluetooth@1.0-ibs_handler: SerialClockVote: vote for UART CLK OFF
02-28 15:02:24.304 19732 21123 E cube_taskex: HCDN_LOG: [T:21123]Java_com_qiyi_hcdndownloader_HCDNDownloaderTask_GetFileSizeNative 170: taskptr = 0xb3dc2a10
02-28 15:02:24.304 19732 21123 E cube_taskex: HCDN_LOG: [T:21123]Java_com_qiyi_hcdndownloader_HCDNDownloaderTask_GetDownloadSizeNative 187: taskptr = 0xb3dc2a10
02-28 15:02:24.304 19732 21123 E cube_taskex: HCDN_LOG: [T:21123]Java_com_qiyi_hcdndownloader_HCDNDownloaderTask_GetSpeedNative 139: taskptr = 0xb3dc2a10
02-28 15:02:24.361 650 664 I mpu_uart: [MSG-P:RECV]:No message received in 1000 ms
02-28 15:02:24.390 19541 20557 W kcp_info: HCDN_LOG: [T:20557]Update: udp kcp size[0], timeout kcp size[0]
02-28 15:02:24.400 815 2638 D vendor.qti.bluetooth@1.0-wake_lock: Release wakelock is released
02-28 15:02:24.539 19732 20581 W kcp_info: HCDN_LOG: [T:20581]Update: udp kcp size[0], timeout kcp size[0]
02-28 15:02:24.621 1544 1807 I input_interaction: Interaction with: b3a8008 com.android.settings/com.android.settings.Settings (server), swipe-up (server), edge-swipe (server), PointerEventDispatcher0 (server),
02-28 15:02:24.732 650 663 I mpu_uart: [MSG-P:R]:recv sync frame timeout
02-28 15:02:24.763 16110 16110 I sysui_multi_action: [757,830,758,4,833,0,854,screen_timeout_dream,1089,0]
02-28 15:02:24.897 16110 16110 I sysui_multi_action: [757,1852,758,1,833,0,1089,22]
02-28 15:02:25.041 1232 15491 I OMX-VENC: venc_dev: stats: avg. fps 23.75, bitrate 637323
02-28 15:02:25.338 4922 5088 E GODZILLA: Original size is 1064960 but real size is 536576
02-28 15:02:25.340 4922 5088 E GODZILLA: Original size is 1064960 but real size is 536576
02-28 15:02:25.361 650 664 I mpu_uart: [MSG-P:RECV]:No message received in 1000 ms
02-28 15:02:25.396 19541 20557 W kcp_info: HCDN_LOG: [T:20557]Update: udp kcp size[0], timeout kcp size[0]
02-28 15:02:25.498 19732 21123 E cube_taskex: HCDN_LOG: [T:21123]Java_com_qiyi_hcdndownloader_HCDNDownloaderTask_GetFileSizeNative 170: taskptr = 0xb3dc2a10
02-28 15:02:25.499 19732 21123 E cube_taskex: HCDN_LOG: [T:21123]Java_com_qiyi_hcdndownloader_HCDNDownloaderTask_GetDownloadSizeNative 187: taskptr = 0xb3dc2a10
02-28 15:02:25.499 19732 21123 E cube_taskex: HCDN_LOG: [T:21123]Java_com_qiyi_hcdndownloader_HCDNDownloaderTask_GetSpeedNative 139: taskptr = 0xb3dc2a10
02-28 15:02:25.555 19732 20581 W kcp_info: HCDN_LOG: [T:20581]Update: udp kcp size[0], timeout kcp size[0]
02-28 15:02:25.901 16110 16110 I sysui_multi_action: [757,1754,758,4,759,30000]
02-28 15:02:25.902 16110 16110 I sysui_multi_action: [757,830,758,4,833,0,854,30000,1089,0]
02-28 15:02:26.014 16413 16515 E WindVane.AliNetwork: addHttpRequestCallback
02-28 15:02:26.014 16413 16515 E DataReportJniBridge: registerWindVaneListenerBridge invoke success !!!
02-28 15:02:26.042 1232 15491 I OMX-VENC: venc_dev: stats: avg. fps 20.99, bitrate 624845
02-28 15:02:26.361 650 664 I mpu_uart: [MSG-P:RECV]:No message received in 1000 ms
02-28 15:02:26.436 19541 20557 W kcp_info: HCDN_LOG: [T:20557]Update: udp kcp size[0], timeout kcp size[0]
01-09 09:15:40.742 0 0 E DTC_ETH,link_delay_work_func: 3003, SQI=0, link=0
02-28 15:02:26.577 19732 20581 W kcp_info: HCDN_LOG: [T:20581]Update: udp kcp size[0], timeout kcp size[0]
02-28 15:02:26.716 19732 21123 E cube_taskex: HCDN_LOG: [T:21123]Java_com_qiyi_hcdndownloader_HCDNDownloaderTask_GetFileSizeNative 170: taskptr = 0xb3dc2a10
02-28 15:02:26.716 19732 21123 E cube_taskex: HCDN_LOG: [T:21123]Java_com_qiyi_hcdndownloader_HCDNDownloaderTask_GetDownloadSizeNative 187: taskptr = 0xb3dc2a10
02-28 15:02:26.716 19732 21123 E cube_taskex: HCDN_LOG: [T:21123]Java_com_qiyi_hcdndownloader_HCDNDownloaderTask_GetSpeedNative 139: taskptr = 0xb3dc2a10
02-28 15:02:26.916 1342 1399 E tlogd : [TzLogger](isPathReadable) file /sys/kernel/debug/tzdbg/qsee_log isn't exist or no permission, err: No such file or directory
02-28 15:02:26.916 1342 1399 E tlogd : [TzLogger](saveTzlogAsync) /sys/kernel/debug/tzdbg/qsee_log can not read.
02-28 15:02:26.916 1342 1399 E tlogd : [TzLogger](isPathReadable) file /sys/kernel/debug/tzdbg/log isn't exist or no permission, err: No such file or directory
02-28 15:02:26.916 1342 1399 E tlogd : [TzLogger](saveTzlogAsync) /sys/kernel/debug/tzdbg/log can not read.
02-28 15:02:26.958 16110 16110 I sysui_multi_action: [757,1754,758,4,759,60000]
02-28 15:02:26.961 16110 16110 I sysui_multi_action: [757,830,758,4,833,0,854,60000,1089,0]
02-28 15:02:27.045 1232 15491 I OMX-VENC: venc_dev: stats: avg. fps 46.85, bitrate 1091695
02-28 15:02:27.166 1544 1776 I commit_sys_config_file: [settings-1-0,6]
02-28 15:02:27.361 650 664 I mpu_uart: [MSG-P:RECV]:No message received in 1000 ms
02-28 15:02:27.456 19541 20557 W kcp_info: HCDN_LOG: [T:20557]Update: udp kcp size[0], timeout kcp size[0]
02-28 15:02:27.611 19732 20581 W kcp_info: HCDN_LOG: [T:20581]Update: udp kcp size[0], timeout kcp size[0]
02-28 15:02:27.720 1544 1544 I service_manager_stats: [104,57,5658]
02-28 15:02:27.733 650 663 I mpu_uart: [MSG-P:R]:recv sync frame timeout
02-28 15:02:27.844 16110 16110 I sysui_multi_action: [757,1754,758,4,759,30000]
02-28 15:02:27.847 16110 16110 I sysui_multi_action: [757,830,758,4,833,0,854,30000,1089,0]
02-28 15:02:27.940 19732 21123 E cube_taskex: HCDN_LOG: [T:21123]Java_com_qiyi_hcdndownloader_HCDNDownloaderTask_GetFileSizeNative 170: taskptr = 0xb3dc2a10
02-28 15:02:27.940 19732 21123 E cube_taskex: HCDN_LOG: [T:21123]Java_com_qiyi_hcdndownloader_HCDNDownloaderTask_GetDownloadSizeNative 187: taskptr = 0xb3dc2a10
02-28 15:02:27.940 19732 21123 E cube_taskex: HCDN_LOG: [T:21123]Java_com_qiyi_hcdndownloader_HCDNDownloaderTask_GetSpeedNative 139: taskptr = 0xb3dc2a10
02-28 15:02:28.050 1232 15491 I OMX-VENC: venc_dev: stats: avg. fps 54.74, bitrate 1436052
02-28 15:02:28.054 1544 1776 I commit_sys_config_file: [settings-1-0,7]
02-28 15:02:28.362 650 664 I mpu_uart: [MSG-P:RECV]:No message received in 1000 ms
02-28 15:02:28.477 19541 20557 W kcp_info: HCDN_LOG: [T:20557]Update: udp kcp size[0], timeout kcp size[0]
02-28 15:02:28.614 19732 20581 W kcp_info: HCDN_LOG: [T:20581]Update: udp kcp size[0], timeout kcp size[0]
02-28 15:02:29.142 1232 15491 I OMX-VENC: venc_dev: stats: avg. fps 41.21, bitrate 931752
02-28 15:02:29.146 19732 21123 E cube_taskex: HCDN_LOG: [T:21123]Java_com_qiyi_hcdndownloader_HCDNDownloaderTask_GetFileSizeNative 170: taskptr = 0xb3dc2a10
02-28 15:02:29.146 19732 21123 E cube_taskex: HCDN_LOG: [T:21123]Java_com_qiyi_hcdndownloader_HCDNDownloaderTask_GetDownloadSizeNative 187: taskptr = 0xb3dc2a10
02-28 15:02:29.146 19732 21123 E cube_taskex: HCDN_LOG: [T:21123]Java_com_qiyi_hcdndownloader_HCDNDownloaderTask_GetSpeedNative 139: taskptr = 0xb3dc2a10
02-28 15:02:29.362 650 664 I mpu_uart: [MSG-P:RECV]:No message received in 1000 ms
02-28 15:02:29.519 19541 20557 W kcp_info: HCDN_LOG: [T:20557]Update: udp kcp size[0], timeout kcp size[0]
02-28 15:02:29.564 951 1059 W HWComposer: Ignoring duplicate VSYNC event from HWC for display 4630946370410392961 (t=11641612728000)
02-28 15:02:29.581 951 1059 W HWComposer: Ignoring duplicate VSYNC event from HWC for display 4630946370410392961 (t=11641629438000)
02-28 15:02:29.598 951 1059 W HWComposer: Ignoring duplicate VSYNC event from HWC for display 4630946370410392961 (t=11641646152000)
02-28 15:02:29.615 951 1059 W HWComposer: Ignoring duplicate VSYNC event from HWC for display 4630946370410392961 (t=11641662853000)
02-28 15:02:29.631 951 1059 W HWComposer: Ignoring duplicate VSYNC event from HWC for display 4630946370410392961 (t=11641679572000)
02-28 15:02:29.644 19732 20581 W kcp_info: HCDN_LOG: [T:20581]Update: udp kcp size[0], timeout kcp size[0]
02-28 15:02:29.648 951 1059 W HWComposer: Ignoring duplicate VSYNC event from HWC for display 4630946370410392961 (t=11641696288000)
02-28 15:02:30.064 1544 12850 W FreeFormWindowHelper: Current Display FreeFormTask is null
02-28 15:02:30.064 1544 14086 I wm_task_moved: [1,0,0]
02-28 15:02:30.065 1544 1628 I EventSequenceValidator: Transition from ACTIVITY_FINISHED to INTENT_STARTED
02-28 15:02:30.065 1544 14086 I wm_task_moved: [1,0,5]
02-28 15:02:30.069 951 1062 I BpBinder: onLastStrongRef automatically unlinking death recipients:
02-28 15:02:30.073 1544 1628 I EventSequenceValidator: Transition from INTENT_STARTED to ACTIVITY_LAUNCHED
02-28 15:02:30.079 1544 14086 I InputDispatcher: Monitor swipe-up (server) is stealing touch from [b3a8008 com.android.settings/com.android.settings.Settings (server), ]
02-28 15:02:30.079 16110 16110 I view_enqueue_input_event: [Motion - Cancel,com.android.settings/com.android.settings.Settings]
02-28 15:02:30.085 1544 1624 D AutofillManagerService: Close system dialogs
02-28 15:02:30.085 2050 2050 V ShadeControllerImpl: NotificationShadeWindow: com.android.systemui.statusbar.phone.NotificationShadeWindowView{5e9374e I.E...... ......ID 0,0-2380,1020} canPanelBeCollapsed(): false
02-28 15:02:30.088 2620 2620 I wm_on_restart_called: [68127756,com.android.launcher3.uioverrides.QuickstepLauncher,performRestartActivity]
02-28 15:02:30.088 2620 2620 D StateManager: goToState: Background
02-28 15:02:30.088 1544 14086 W FreeFormWindowHelper: Current Display FreeFormTask is null
02-28 15:02:30.088 2620 2620 D FreeWindowContainer: reloadTask: null
02-28 15:02:30.089 1544 12850 W FreeFormWindowHelper: Current Display FreeFormTask is null
02-28 15:02:30.090 1544 1807 I input_interaction: Interaction with: swipe-up (server), edge-swipe (server), PointerEventDispatcher0 (server),
02-28 15:02:30.092 2620 2620 V GameTypeUtils: judge isGame:com.android.gallery3d
02-28 15:02:30.092 2620 2620 V GameTypeUtils: judge isGame:com.android.music
02-28 15:02:30.092 2620 2620 V GameTypeUtils: judge isGame:com.android.music
02-28 15:02:30.092 2620 2620 V GameTypeUtils: judge isGame:com.microsoft.emmx
02-28 15:02:30.092 2620 2620 V GameTypeUtils: judge isGame:com.android.documentsui
02-28 15:02:30.092 2620 2620 V GameTypeUtils: judge isGame:com.sohu.inputmethod.sogou.car
02-28 15:02:30.092 2620 2620 V GameTypeUtils: judge isGame:com.qiyi.video
02-28 15:02:30.092 2620 2620 V GameTypeUtils: judge isGame:com.ss.android.ugc.aweme
02-28 15:02:30.092 2620 2620 V GameTypeUtils: judge isGame:com.taobao.taobao
02-28 15:02:30.092 2620 2620 V GameTypeUtils: judge isGame:com.tencent.qqlive
02-28 15:02:30.092 2620 2620 V GameTypeUtils: judge isGame:com.tencent.tmgp.pubgmhd
02-28 15:02:30.087 9926 9926 I auditd : type=1400 audit(0.0:21855): avc: denied { use } for comm="UsbFfs-worker" path="anon_inode:[eventfd]" dev="anon_inodefs" ino=10296 scontext=u:r:su:s0 tcontext=u:r:adbd:s0 tclass=fd permissive=1
02-28 15:02:30.087 9926 9926 I UsbFfs-worker: type=1400 audit(0.0:21855): avc: denied { use } for path="anon_inode:[eventfd]" dev="anon_inodefs" ino=10296 scontext=u:r:su:s0 tcontext=u:r:adbd:s0 tclass=fd permissive=1
02-28 15:02:30.118 1544 1807 I input_focus: [Focus leaving b3a8008 com.android.settings/com.android.settings.Settings (server),reason=NOT_FOCUSABLE]
02-28 15:02:30.144 2620 2620 D EditModeHelper: setHotseatVisibility: 8
02-28 15:02:30.146 2620 2620 I wm_on_start_called: [68127756,com.android.launcher3.uioverrides.QuickstepLauncher,handleStartActivity]
02-28 15:02:30.147 1544 14086 W FreeFormWindowHelper: Current Display FreeFormTask is null
02-28 15:02:30.148 2620 6786 D BaseIconFactory: normalizeAndWrapToAdaptiveIcon: scale=0.8095241
02-28 15:02:30.154 1544 12849 W ActivityTaskManager: getTaskSnapshot: taskId=1267 not found
02-28 15:02:30.155 2620 6786 D BaseIconFactory: normalizeAndWrapToAdaptiveIcon: scale=0.8095241
02-28 15:02:30.157 1544 12849 W ActivityTaskManager: getTaskSnapshot: taskId=2267 not found
02-28 15:02:30.158 1544 12849 W FreeFormWindowHelper: Current Display FreeFormTask is null
02-28 15:02:30.158 1544 12849 W FreeFormWindowHelper: Current Display FreeFormTask is null
02-28 15:02:30.158 2620 6786 D BaseIconFactory: normalizeAndWrapToAdaptiveIcon: scale=0.8095241
02-28 15:02:30.159 2620 2620 I LatencyTracker: ACTION_TOGGLE_RECENTS latency=109
02-28 15:02:30.159 2620 2620 I sysui_latency: [1,109]
02-28 15:02:30.159 1544 12849 W ActivityTaskManager: getTaskSnapshot: taskId=3267 not found
02-28 15:02:30.160 1544 12849 W ActivityTaskManager: getTaskSnapshot: taskId=1267 not found
02-28 15:02:30.161 1544 12849 W ActivityTaskManager: getTaskSnapshot: taskId=2267 not found
02-28 15:02:30.161 1544 12849 W ActivityTaskManager: getTaskSnapshot: taskId=3267 not found
02-28 15:02:30.162 2620 6786 D BaseIconFactory: normalizeAndWrapToAdaptiveIcon: scale=0.8095241
02-28 15:02:30.163 1544 12849 W ActivityTaskManager: getTaskSnapshot: taskId=4267 not found
02-28 15:02:30.164 2620 6786 D BaseIconFactory: normalizeAndWrapToAdaptiveIcon: scale=0.8095241
02-28 15:02:30.167 1544 7124 W FreeFormWindowHelper: Current Display FreeFormTask is null
02-28 15:02:30.167 1544 7124 W FreeFormWindowHelper: Current Display FreeFormTask is null
02-28 15:02:30.168 1544 12850 W ActivityTaskManager: getTaskSnapshot: taskId=5267 not found
02-28 15:02:30.170 2620 6786 D BaseIconFactory: normalizeAndWrapToAdaptiveIcon: scale=0.8095241
02-28 15:02:30.170 1544 1628 I EventSequenceValidator: Transition from ACTIVITY_LAUNCHED to ACTIVITY_FINISHED
02-28 15:02:30.171 1232 15491 I OMX-VENC: venc_dev: stats: avg. fps 26.23, bitrate 568253
02-28 15:02:30.173 1544 1624 I sysui_multi_action: [319,10,322,101,325,11642,757,761,758,9,759,5,806,com.android.launcher3,871,com.android.launcher3.uioverrides.QuickstepLauncher,905,0,1320,8,1321,5]
02-28 15:02:30.200 2620 2620 W OrientationEventListener: Cannot detect sensors. Invalid disable
02-28 15:02:30.202 2620 2620 D FreeWindowHelper: enterOrExitRecentTasks: isEnterRecentTasks=false,mExitFlag=0
02-28 15:02:30.202 1544 7124 W FreeFormWindowHelper: exitRecentTasks type=0
02-28 15:02:30.202 2620 2620 D EditModeHelper: setHotseatVisibility: 0
02-28 15:02:30.205 1544 12850 W FreeFormWindowHelper: Current Display FreeFormTask is null
02-28 15:02:30.206 1544 12850 W FreeFormWindowHelper: Current Display FreeFormTask is null
02-28 15:02:30.206 2620 2620 W View : requestLayout() improperly called by com.android.launcher3.views.NoInsetView{b487258 V.ED..... ......ID 2038,0-2380,1020 #7f09007c app:id/bg_hotseat} during layout: running second layout pass
02-28 15:02:30.351 1544 1776 I commit_sys_config_file: [settings-1-0,3]
02-28 15:02:30.362 650 664 I mpu_uart: [MSG-P:RECV]:No message received in 1000 ms
02-28 15:02:30.449 19732 21123 E cube_taskex: HCDN_LOG: [T:21123]Java_com_qiyi_hcdndownloader_HCDNDownloaderTask_GetFileSizeNative 170: taskptr = 0xb3dc2a10
02-28 15:02:30.449 19732 21123 E cube_taskex: HCDN_LOG: [T:21123]Java_com_qiyi_hcdndownloader_HCDNDownloaderTask_GetDownloadSizeNative 187: taskptr = 0xb3dc2a10
02-28 15:02:30.449 19732 21123 E cube_taskex: HCDN_LOG: [T:21123]Java_com_qiyi_hcdndownloader_HCDNDownloaderTask_GetSpeedNative 139: taskptr = 0xb3dc2a10
02-28 15:02:30.469 1544 1639 I LatencyTracker: ACTION_START_RECENTS_ANIMATION latency=111
02-28 15:02:30.470 1544 1639 I sysui_latency: [8,111]
