02-28 15:04:01.930 1342 1399 E tlogd : [TzLogger](saveTzlogAsync) /sys/kernel/debug/tzdbg/log can not read.
02-28 15:04:02.122 16705 17560 W System.err: java.net.UnknownHostException: Unable to resolve host "push.pgl.qq.com": No address associated with hostname
02-28 15:04:02.123 16705 17560 W System.err: at java.net.Inet6AddressImpl.lookupHostByName(Inet6AddressImpl.java:156)
02-28 15:04:02.123 16705 17560 W System.err: at java.net.Inet6AddressImpl.lookupAllHostAddr(Inet6AddressImpl.java:103)
02-28 15:04:02.123 16705 17560 W System.err: at java.net.InetAddress.getAllByName(InetAddress.java:1152)
02-28 15:04:02.123 16705 17560 W System.err: at com.android.okhttp.Dns$1.lookup(Dns.java:41)
02-28 15:04:02.123 16705 17560 W System.err: at com.android.okhttp.internal.http.RouteSelector.resetNextInetSocketAddress(RouteSelector.java:178)
02-28 15:04:02.123 16705 17560 W System.err: at com.android.okhttp.internal.http.RouteSelector.nextProxy(RouteSelector.java:144)
02-28 15:04:02.123 16705 17560 W System.err: at com.android.okhttp.internal.http.RouteSelector.next(RouteSelector.java:86)
02-28 15:04:02.123 16705 17560 W System.err: at com.android.okhttp.internal.http.StreamAllocation.findConnection(StreamAllocation.java:176)
02-28 15:04:02.123 16705 17560 W System.err: at com.android.okhttp.internal.http.StreamAllocation.findHealthyConnection(StreamAllocation.java:128)
02-28 15:04:02.124 16705 17560 W System.err: at com.android.okhttp.internal.http.StreamAllocation.newStream(StreamAllocation.java:97)
02-28 15:04:02.124 16705 17560 W System.err: at com.android.okhttp.internal.http.HttpEngine.connect(HttpEngine.java:289)
02-28 15:04:02.124 16705 17560 W System.err: at com.android.okhttp.internal.http.HttpEngine.sendRequest(HttpEngine.java:232)
02-28 15:04:02.124 16705 17560 W System.err: at com.android.okhttp.internal.huc.HttpURLConnectionImpl.execute(HttpURLConnectionImpl.java:465)
02-28 15:04:02.124 16705 17560 W System.err: at com.android.okhttp.internal.huc.HttpURLConnectionImpl.connect(HttpURLConnectionImpl.java:131)
02-28 15:04:02.124 16705 17560 W System.err: at com.android.okhttp.internal.huc.DelegatingHttpsURLConnection.connect(DelegatingHttpsURLConnection.java:90)
02-28 15:04:02.124 16705 17560 W System.err: at com.android.okhttp.internal.huc.HttpsURLConnectionImpl.connect(HttpsURLConnectionImpl.java:30)
02-28 15:04:02.124 16705 17560 W System.err: at com.tencent.mtt.log.internal.e.a.b(Unknown Source:56)
02-28 15:04:02.124 16705 17560 W System.err: at com.tencent.mtt.log.plugin.cmdfetch.f.d(Unknown Source:0)
02-28 15:04:02.124 16705 17560 W System.err: at com.tencent.mtt.log.plugin.cmdfetch.b.run(Unknown Source:2)
02-28 15:04:02.124 16705 17560 W System.err: at com.tencent.mtt.log.internal.i.d.a(Unknown Source:2)
02-28 15:04:02.124 16705 17560 W System.err: at com.tencent.mtt.log.internal.i.a.run(Unknown Source:0)
02-28 15:04:02.124 16705 17560 W System.err: at java.util.concurrent.ThreadPoolExecutor.runWorker(ThreadPoolExecutor.java:1167)
02-28 15:04:02.124 16705 17560 W System.err: at java.util.concurrent.ThreadPoolExecutor$Worker.run(ThreadPoolExecutor.java:641)
02-28 15:04:02.124 16705 17560 W System.err: at java.lang.Thread.run(Thread.java:920)
02-28 15:04:02.124 16705 17560 W System.err: at com.tencent.mtt.log.internal.i.f.run(Unknown Source:5)
02-28 15:04:02.125 16705 17560 W System.err: Caused by: android.system.GaiException: android_getaddrinfo failed: EAI_NODATA (No address associated with hostname)
02-28 15:04:02.125 16705 17560 W System.err: at libcore.io.Linux.android_getaddrinfo(Native Method)
02-28 15:04:02.125 16705 17560 W System.err: at libcore.io.ForwardingOs.android_getaddrinfo(ForwardingOs.java:136)
02-28 15:04:02.126 16705 17560 W System.err: at libcore.io.BlockGuardOs.android_getaddrinfo(BlockGuardOs.java:221)
02-28 15:04:02.126 16705 17560 W System.err: at libcore.io.ForwardingOs.android_getaddrinfo(ForwardingOs.java:136)
02-28 15:04:02.126 16705 17560 W System.err: at java.net.Inet6AddressImpl.lookupHostByName(Inet6AddressImpl.java:135)
02-28 15:04:02.126 16705 17560 W System.err: ... 24 more
02-28 15:04:02.126 16705 17560 I LOGSDK_CmdFetchPlugin: handleFetchResult, onResult, resultCode: -1, resultMsg: Unable to resolve host "push.pgl.qq.com": No address associated with hostname
02-28 15:04:02.236 19541 20557 W kcp_info: HCDN_LOG: [T:20557]Update: udp kcp size[0], timeout kcp size[0]
02-28 15:04:02.401 650 664 I mpu_uart: [MSG-P:RECV]:No message received in 1000 ms
02-28 15:04:02.432 19732 20581 W kcp_info: HCDN_LOG: [T:20581]Update: udp kcp size[0], timeout kcp size[0]
01-09 09:17:16.902 0 0 I msm_vidc: err : ffffffff: .....: DBLP Set: status 0
02-28 15:04:02.877 19732 21123 E cube_taskex: HCDN_LOG: [T:21123]Java_com_qiyi_hcdndownloader_HCDNDownloaderTask_GetFileSizeNative 170: taskptr = 0xb3dc2a10
02-28 15:04:02.877 19732 21123 E cube_taskex: HCDN_LOG: [T:21123]Java_com_qiyi_hcdndownloader_HCDNDownloaderTask_GetDownloadSizeNative 187: taskptr = 0xb3dc2a10
02-28 15:04:02.877 19732 21123 E cube_taskex: HCDN_LOG: [T:21123]Java_com_qiyi_hcdndownloader_HCDNDownloaderTask_GetSpeedNative 139: taskptr = 0xb3dc2a10
02-28 15:04:03.237 19541 20557 W kcp_info: HCDN_LOG: [T:20557]Update: udp kcp size[0], timeout kcp size[0]
02-28 15:04:03.402 650 664 I mpu_uart: [MSG-P:RECV]:No message received in 1000 ms
02-28 15:04:03.465 19732 20581 W kcp_info: HCDN_LOG: [T:20581]Update: udp kcp size[0], timeout kcp size[0]
01-09 09:17:18.020 0 0 E DTC_ETH,link_delay_work_func: 3003, SQI=0, link=0
02-28 15:04:03.822 650 663 I mpu_uart: [MSG-P:R]:recv sync frame timeout
01-09 09:17:18.277 0 0 D cnss : Host time = 11738261420 us, device time = 11723658350 us, offset = 14603070 us
01-09 09:17:18.277 0 0 D cnss : Updated time sync regs [0x984] = 0xded33e, [0x988] = 0x0
02-28 15:04:04.081 19732 21123 E cube_taskex: HCDN_LOG: [T:21123]Java_com_qiyi_hcdndownloader_HCDNDownloaderTask_GetFileSizeNative 170: taskptr = 0xb3dc2a10
02-28 15:04:04.082 19732 21123 E cube_taskex: HCDN_LOG: [T:21123]Java_com_qiyi_hcdndownloader_HCDNDownloaderTask_GetDownloadSizeNative 187: taskptr = 0xb3dc2a10
02-28 15:04:04.082 19732 21123 E cube_taskex: HCDN_LOG: [T:21123]Java_com_qiyi_hcdndownloader_HCDNDownloaderTask_GetSpeedNative 139: taskptr = 0xb3dc2a10
02-28 15:04:04.237 19541 20557 W kcp_info: HCDN_LOG: [T:20557]Update: udp kcp size[0], timeout kcp size[0]
02-28 15:04:04.243 12341 12418 E GODZILLA: Original size is 1064960 but real size is 536576
02-28 15:04:04.246 12341 17689 E GODZILLA: Original size is 1064960 but real size is 536576
02-28 15:04:04.402 650 664 I mpu_uart: [MSG-P:RECV]:No message received in 1000 ms
02-28 15:04:04.483 19732 20581 W kcp_info: HCDN_LOG: [T:20581]Update: udp kcp size[0], timeout kcp size[0]
02-28 15:04:05.232 19541 20557 W kcp_info: HCDN_LOG: [T:20557]Update: udp kcp size[0], timeout kcp size[0]
02-28 15:04:05.336 19732 21123 E cube_taskex: HCDN_LOG: [T:21123]Java_com_qiyi_hcdndownloader_HCDNDownloaderTask_GetFileSizeNative 170: taskptr = 0xb3dc2a10
02-28 15:04:05.336 19732 21123 E cube_taskex: HCDN_LOG: [T:21123]Java_com_qiyi_hcdndownloader_HCDNDownloaderTask_GetDownloadSizeNative 187: taskptr = 0xb3dc2a10
02-28 15:04:05.336 19732 21123 E cube_taskex: HCDN_LOG: [T:21123]Java_com_qiyi_hcdndownloader_HCDNDownloaderTask_GetSpeedNative 139: taskptr = 0xb3dc2a10
02-28 15:04:05.402 650 664 I mpu_uart: [MSG-P:RECV]:No message received in 1000 ms
02-28 15:04:05.520 19732 20581 W kcp_info: HCDN_LOG: [T:20581]Update: udp kcp size[0], timeout kcp size[0]
02-28 15:04:06.236 19541 20557 W kcp_info: HCDN_LOG: [T:20557]Update: udp kcp size[0], timeout kcp size[0]
02-28 15:04:06.403 650 664 I mpu_uart: [MSG-P:RECV]:No message received in 1000 ms
02-28 15:04:06.545 19732 20581 W kcp_info: HCDN_LOG: [T:20581]Update: udp kcp size[0], timeout kcp size[0]
02-28 15:04:06.582 19732 21123 E cube_taskex: HCDN_LOG: [T:21123]Java_com_qiyi_hcdndownloader_HCDNDownloaderTask_GetFileSizeNative 170: taskptr = 0xb3dc2a10
02-28 15:04:06.583 19732 21123 E cube_taskex: HCDN_LOG: [T:21123]Java_com_qiyi_hcdndownloader_HCDNDownloaderTask_GetDownloadSizeNative 187: taskptr = 0xb3dc2a10
02-28 15:04:06.583 19732 21123 E cube_taskex: HCDN_LOG: [T:21123]Java_com_qiyi_hcdndownloader_HCDNDownloaderTask_GetSpeedNative 139: taskptr = 0xb3dc2a10
02-28 15:04:06.825 650 663 I mpu_uart: [MSG-P:R]:recv sync frame timeout
02-28 15:04:06.930 1342 1399 E tlogd : [TzLogger](isPathReadable) file /sys/kernel/debug/tzdbg/qsee_log isn't exist or no permission, err: No such file or directory
02-28 15:04:06.930 1342 1399 E tlogd : [TzLogger](saveTzlogAsync) /sys/kernel/debug/tzdbg/qsee_log can not read.
02-28 15:04:06.930 1342 1399 E tlogd : [TzLogger](isPathReadable) file /sys/kernel/debug/tzdbg/log isn't exist or no permission, err: No such file or directory
02-28 15:04:06.930 1342 1399 E tlogd : [TzLogger](saveTzlogAsync) /sys/kernel/debug/tzdbg/log can not read.
02-28 15:04:07.243 19541 20557 W kcp_info: HCDN_LOG: [T:20557]Update: udp kcp size[0], timeout kcp size[0]
02-28 15:04:07.403 650 664 I mpu_uart: [MSG-P:RECV]:No message received in 1000 ms
02-28 15:04:07.548 19732 20581 W kcp_info: HCDN_LOG: [T:20581]Update: udp kcp size[0], timeout kcp size[0]
02-28 15:04:07.782 19732 21123 E cube_taskex: HCDN_LOG: [T:21123]Java_com_qiyi_hcdndownloader_HCDNDownloaderTask_GetFileSizeNative 170: taskptr = 0xb3dc2a10
02-28 15:04:07.782 19732 21123 E cube_taskex: HCDN_LOG: [T:21123]Java_com_qiyi_hcdndownloader_HCDNDownloaderTask_GetDownloadSizeNative 187: taskptr = 0xb3dc2a10
02-28 15:04:07.782 19732 21123 E cube_taskex: HCDN_LOG: [T:21123]Java_com_qiyi_hcdndownloader_HCDNDownloaderTask_GetSpeedNative 139: taskptr = 0xb3dc2a10
02-28 15:04:08.245 19541 20557 W kcp_info: HCDN_LOG: [T:20557]Update: udp kcp size[0], timeout kcp size[0]
02-28 15:04:08.404 650 664 I mpu_uart: [MSG-P:RECV]:No message received in 1000 ms
02-28 15:04:08.567 19732 20581 W kcp_info: HCDN_LOG: [T:20581]Update: udp kcp size[0], timeout kcp size[0]
02-28 15:04:08.699 4922 5088 E GODZILLA: Original size is 1064960 but real size is 536576
01-09 09:17:23.140 0 0 E DTC_ETH,link_delay_work_func: 3003, SQI=0, link=0
02-28 15:04:08.896 19732 21123 E cube_taskex: HCDN_LOG: [T:21123]Java_com_qiyi_hcdndownloader_HCDNDownloaderTask_GetFileSizeNative 170: taskptr = 0xb3dc2a10
02-28 15:04:08.896 19732 21123 E cube_taskex: HCDN_LOG: [T:21123]Java_com_qiyi_hcdndownloader_HCDNDownloaderTask_GetDownloadSizeNative 187: taskptr = 0xb3dc2a10
02-28 15:04:08.896 19732 21123 E cube_taskex: HCDN_LOG: [T:21123]Java_com_qiyi_hcdndownloader_HCDNDownloaderTask_GetSpeedNative 139: taskptr = 0xb3dc2a10
02-28 15:04:09.266 19541 20557 W kcp_info: HCDN_LOG: [T:20557]Update: udp kcp size[0], timeout kcp size[0]
02-28 15:04:09.404 650 664 I mpu_uart: [MSG-P:RECV]:No message received in 1000 ms
02-28 15:04:09.602 19732 20581 W kcp_info: HCDN_LOG: [T:20581]Update: udp kcp size[0], timeout kcp size[0]
02-28 15:04:09.829 650 663 I mpu_uart: [MSG-P:R]:recv sync frame timeout
02-28 15:04:10.063 30797 30797 I auditd : type=1400 audit(0.0:22885): avc: denied { open } for comm="m.taobao.taobao" path="/proc/vmstat" dev="proc" ino=4026531858 scontext=u:r:untrusted_app_27:s0:c104,c256,c512,c768 tcontext=u:object_r:proc_vmstat:s0 tclass=file permissive=1 app=com.taobao.taobao
02-28 15:04:10.063 30797 30797 I m.taobao.taobao: type=1400 audit(0.0:22885): avc: denied { open } for path="/proc/vmstat" dev="proc" ino=4026531858 scontext=u:r:untrusted_app_27:s0:c104,c256,c512,c768 tcontext=u:object_r:proc_vmstat:s0 tclass=file permissive=1 app=com.taobao.taobao
02-28 15:04:10.063 30797 30797 I auditd : type=1400 audit(0.0:22886): avc: denied { getattr } for comm="m.taobao.taobao" path="/proc/vmstat" dev="proc" ino=4026531858 scontext=u:r:untrusted_app_27:s0:c104,c256,c512,c768 tcontext=u:object_r:proc_vmstat:s0 tclass=file permissive=1 app=com.taobao.taobao
02-28 15:04:10.063 30797 30797 I m.taobao.taobao: type=1400 audit(0.0:22886): avc: denied { getattr } for path="/proc/vmstat" dev="proc" ino=4026531858 scontext=u:r:untrusted_app_27:s0:c104,c256,c512,c768 tcontext=u:object_r:proc_vmstat:s0 tclass=file permissive=1 app=com.taobao.taobao
02-28 15:04:10.096 19732 21123 E cube_taskex: HCDN_LOG: [T:21123]Java_com_qiyi_hcdndownloader_HCDNDownloaderTask_GetFileSizeNative 170: taskptr = 0xb3dc2a10
02-28 15:04:10.096 19732 21123 E cube_taskex: HCDN_LOG: [T:21123]Java_com_qiyi_hcdndownloader_HCDNDownloaderTask_GetDownloadSizeNative 187: taskptr = 0xb3dc2a10
02-28 15:04:10.096 19732 21123 E cube_taskex: HCDN_LOG: [T:21123]Java_com_qiyi_hcdndownloader_HCDNDownloaderTask_GetSpeedNative 139: taskptr = 0xb3dc2a10
02-28 15:04:10.264 19541 20557 W kcp_info: HCDN_LOG: [T:20557]Update: udp kcp size[0], timeout kcp size[0]
02-28 15:04:10.404 650 664 I mpu_uart: [MSG-P:RECV]:No message received in 1000 ms
02-28 15:04:10.640 19732 20581 W kcp_info: HCDN_LOG: [T:20581]Update: udp kcp size[0], timeout kcp size[0]
02-28 15:04:11.289 19732 21123 E cube_taskex: HCDN_LOG: [T:21123]Java_com_qiyi_hcdndownloader_HCDNDownloaderTask_GetFileSizeNative 170: taskptr = 0xb3dc2a10
02-28 15:04:11.289 19732 21123 E cube_taskex: HCDN_LOG: [T:21123]Java_com_qiyi_hcdndownloader_HCDNDownloaderTask_GetDownloadSizeNative 187: taskptr = 0xb3dc2a10
02-28 15:04:11.289 19732 21123 E cube_taskex: HCDN_LOG: [T:21123]Java_com_qiyi_hcdndownloader_HCDNDownloaderTask_GetSpeedNative 139: taskptr = 0xb3dc2a10
02-28 15:04:11.294 19541 20557 W kcp_info: HCDN_LOG: [T:20557]Update: udp kcp size[0], timeout kcp size[0]
02-28 15:04:11.405 650 664 I mpu_uart: [MSG-P:RECV]:No message received in 1000 ms
02-28 15:04:11.652 19732 20581 W kcp_info: HCDN_LOG: [T:20581]Update: udp kcp size[0], timeout kcp size[0]
02-28 15:04:11.931 1342 1399 E tlogd : [TzLogger](isPathReadable) file /sys/kernel/debug/tzdbg/qsee_log isn't exist or no permission, err: No such file or directory
02-28 15:04:11.931 1342 1399 E tlogd : [TzLogger](saveTzlogAsync) /sys/kernel/debug/tzdbg/qsee_log can not read.
02-28 15:04:11.931 1342 1399 E tlogd : [TzLogger](isPathReadable) file /sys/kernel/debug/tzdbg/log isn't exist or no permission, err: No such file or directory
02-28 15:04:11.931 1342 1399 E tlogd : [TzLogger](saveTzlogAsync) /sys/kernel/debug/tzdbg/log can not read.
02-28 15:04:12.327 19541 20557 W kcp_info: HCDN_LOG: [T:20557]Update: udp kcp size[0], timeout kcp size[0]
02-28 15:04:12.405 650 664 I mpu_uart: [MSG-P:RECV]:No message received in 1000 ms
02-28 15:04:12.511 19732 21123 E cube_taskex: HCDN_LOG: [T:21123]Java_com_qiyi_hcdndownloader_HCDNDownloaderTask_GetFileSizeNative 170: taskptr = 0xb3dc2a10
02-28 15:04:12.511 19732 21123 E cube_taskex: HCDN_LOG: [T:21123]Java_com_qiyi_hcdndownloader_HCDNDownloaderTask_GetDownloadSizeNative 187: taskptr = 0xb3dc2a10
02-28 15:04:12.511 19732 21123 E cube_taskex: HCDN_LOG: [T:21123]Java_com_qiyi_hcdndownloader_HCDNDownloaderTask_GetSpeedNative 139: taskptr = 0xb3dc2a10
02-28 15:04:12.693 19732 20581 W kcp_info: HCDN_LOG: [T:20581]Update: udp kcp size[0], timeout kcp size[0]
02-28 15:04:12.832 650 663 I mpu_uart: [MSG-P:R]:recv sync frame timeout
02-28 15:04:13.357 19541 20557 W kcp_info: HCDN_LOG: [T:20557]Update: udp kcp size[0], timeout kcp size[0]
02-28 15:04:13.406 650 664 I mpu_uart: [MSG-P:RECV]:No message received in 1000 ms
02-28 15:04:13.729 19732 20581 W kcp_info: HCDN_LOG: [T:20581]Update: udp kcp size[0], timeout kcp size[0]
02-28 15:04:13.786 19732 21123 E cube_taskex: HCDN_LOG: [T:21123]Java_com_qiyi_hcdndownloader_HCDNDownloaderTask_GetFileSizeNative 170: taskptr = 0xb3dc2a10
02-28 15:04:13.787 19732 21123 E cube_taskex: HCDN_LOG: [T:21123]Java_com_qiyi_hcdndownloader_HCDNDownloaderTask_GetDownloadSizeNative 187: taskptr = 0xb3dc2a10
02-28 15:04:13.787 19732 21123 E cube_taskex: HCDN_LOG: [T:21123]Java_com_qiyi_hcdndownloader_HCDNDownloaderTask_GetSpeedNative 139: taskptr = 0xb3dc2a10
01-09 09:17:28.260 0 0 E DTC_ETH,link_delay_work_func: 3003, SQI=0, link=0
02-28 15:04:14.364 19541 20557 W kcp_info: HCDN_LOG: [T:20557]Update: udp kcp size[0], timeout kcp size[0]
02-28 15:04:14.406 650 664 I mpu_uart: [MSG-P:RECV]:No message received in 1000 ms
02-28 15:04:14.620 30797 31510 I cr.sandbox: BrowserIOThread heartbeat, interval/index: 30s/146, render: 11(NORMAL_WITHOUT_SECCOMP), gpu: 2(FULL)
02-28 15:04:14.748 19732 20581 W kcp_info: HCDN_LOG: [T:20581]Update: udp kcp size[0], timeout kcp size[0]
02-28 15:04:15.072 19732 21123 E cube_taskex: HCDN_LOG: [T:21123]Java_com_qiyi_hcdndownloader_HCDNDownloaderTask_GetFileSizeNative 170: taskptr = 0xb3dc2a10
02-28 15:04:15.072 19732 21123 E cube_taskex: HCDN_LOG: [T:21123]Java_com_qiyi_hcdndownloader_HCDNDownloaderTask_GetDownloadSizeNative 187: taskptr = 0xb3dc2a10
02-28 15:04:15.072 19732 21123 E cube_taskex: HCDN_LOG: [T:21123]Java_com_qiyi_hcdndownloader_HCDNDownloaderTask_GetSpeedNative 139: taskptr = 0xb3dc2a10
02-28 15:04:15.391 19541 20557 W kcp_info: HCDN_LOG: [T:20557]Update: udp kcp size[0], timeout kcp size[0]
02-28 15:04:15.407 650 664 I mpu_uart: [MSG-P:RECV]:No message received in 1000 ms
02-28 15:04:15.750 19732 20581 W kcp_info: HCDN_LOG: [T:20581]Update: udp kcp size[0], timeout kcp size[0]
02-28 15:04:15.836 650 663 I mpu_uart: [MSG-P:R]:recv sync frame timeout
02-28 15:04:16.346 19732 21123 E cube_taskex: HCDN_LOG: [T:21123]Java_com_qiyi_hcdndownloader_HCDNDownloaderTask_GetFileSizeNative 170: taskptr = 0xb3dc2a10
02-28 15:04:16.346 19732 21123 E cube_taskex: HCDN_LOG: [T:21123]Java_com_qiyi_hcdndownloader_HCDNDownloaderTask_GetDownloadSizeNative 187: taskptr = 0xb3dc2a10
02-28 15:04:16.346 19732 21123 E cube_taskex: HCDN_LOG: [T:21123]Java_com_qiyi_hcdndownloader_HCDNDownloaderTask_GetSpeedNative 139: taskptr = 0xb3dc2a10
02-28 15:04:16.407 650 664 I mpu_uart: [MSG-P:RECV]:No message received in 1000 ms
02-28 15:04:16.416 19541 20557 W kcp_info: HCDN_LOG: [T:20557]Update: udp kcp size[0], timeout kcp size[0]
02-28 15:04:16.777 19732 20581 W kcp_info: HCDN_LOG: [T:20581]Update: udp kcp size[0], timeout kcp size[0]
02-28 15:04:16.932 1342 1399 E tlogd : [TzLogger](isPathReadable) file /sys/kernel/debug/tzdbg/qsee_log isn't exist or no permission, err: No such file or directory
02-28 15:04:16.932 1342 1399 E tlogd : [TzLogger](saveTzlogAsync) /sys/kernel/debug/tzdbg/qsee_log can not read.
02-28 15:04:16.932 1342 1399 E tlogd : [TzLogger](isPathReadable) file /sys/kernel/debug/tzdbg/log isn't exist or no permission, err: No such file or directory
02-28 15:04:16.932 1342 1399 E tlogd : [TzLogger](saveTzlogAsync) /sys/kernel/debug/tzdbg/log can not read.
02-28 15:04:17.407 650 664 I mpu_uart: [MSG-P:RECV]:No message received in 1000 ms
02-28 15:04:17.422 19541 20557 W kcp_info: HCDN_LOG: [T:20557]Update: udp kcp size[0], timeout kcp size[0]
02-28 15:04:17.588 19732 21123 E cube_taskex: HCDN_LOG: [T:21123]Java_com_qiyi_hcdndownloader_HCDNDownloaderTask_GetFileSizeNative 170: taskptr = 0xb3dc2a10
02-28 15:04:17.588 19732 21123 E cube_taskex: HCDN_LOG: [T:21123]Java_com_qiyi_hcdndownloader_HCDNDownloaderTask_GetDownloadSizeNative 187: taskptr = 0xb3dc2a10
02-28 15:04:17.588 19732 21123 E cube_taskex: HCDN_LOG: [T:21123]Java_com_qiyi_hcdndownloader_HCDNDownloaderTask_GetSpeedNative 139: taskptr = 0xb3dc2a10
02-28 15:04:17.800 19732 20581 W kcp_info: HCDN_LOG: [T:20581]Update: udp kcp size[0], timeout kcp size[0]
02-28 15:04:18.408 650 664 I mpu_uart: [MSG-P:RECV]:No message received in 1000 ms
02-28 15:04:18.468 19541 20557 W kcp_info: HCDN_LOG: [T:20557]Update: udp kcp size[0], timeout kcp size[0]
02-28 15:04:18.820 19732 21123 E cube_taskex: HCDN_LOG: [T:21123]Java_com_qiyi_hcdndownloader_HCDNDownloaderTask_GetFileSizeNative 170: taskptr = 0xb3dc2a10
02-28 15:04:18.820 19732 21123 E cube_taskex: HCDN_LOG: [T:21123]Java_com_qiyi_hcdndownloader_HCDNDownloaderTask_GetDownloadSizeNative 187: taskptr = 0xb3dc2a10
02-28 15:04:18.820 19732 21123 E cube_taskex: HCDN_LOG: [T:21123]Java_com_qiyi_hcdndownloader_HCDNDownloaderTask_GetSpeedNative 139: taskptr = 0xb3dc2a10
02-28 15:04:18.822 19732 20581 W kcp_info: HCDN_LOG: [T:20581]Update: udp kcp size[0], timeout kcp size[0]
02-28 15:04:18.837 650 663 I mpu_uart: [MSG-P:R]:recv sync frame timeout
02-28 15:04:19.065 1544 1878 W BestClock: java.time.DateTimeException: Missing NTP fix
02-28 15:04:19.087 1544 1878 W BestClock: java.time.DateTimeException: Missing NTP fix
02-28 15:04:19.087 1544 1878 I netstats_mobile_sample: [0,0,0,0,0,0,0,0,0,0,0,0,1677567859087]
02-28 15:04:19.087 1544 1878 I netstats_wifi_sample: [1339590040,1086198,77871329,498659,1339590040,1086198,77871329,498659,1557295793,1368496,58845381,493178,1677567859087]
01-09 09:17:33.380 0 0 E DTC_ETH,link_delay_work_func: 3003, SQI=0, link=0
02-28 15:04:19.091 1544 1881 W BestClock: java.time.DateTimeException: Missing NTP fix
02-28 15:04:19.092 1544 1881 W BestClock: java.time.DateTimeException: Missing NTP fix
02-28 15:04:19.408 650 664 I mpu_uart: [MSG-P:RECV]:No message received in 1000 ms
02-28 15:04:19.463 19541 20557 W kcp_info: HCDN_LOG: [T:20557]Update: udp kcp size[0], timeout kcp size[0]
02-28 15:04:19.603 12341 12418 E GODZILLA: Original size is 1064960 but real size is 536576
02-28 15:04:19.604 12341 12418 E GODZILLA: Original size is 1064960 but real size is 536576
02-28 15:04:19.606 12341 17698 E GODZILLA: Original size is 1064960 but real size is 536576
02-28 15:04:19.834 19732 20581 W kcp_info: HCDN_LOG: [T:20581]Update: udp kcp size[0], timeout kcp size[0]
02-28 15:04:20.054 19732 21123 E cube_taskex: HCDN_LOG: [T:21123]Java_com_qiyi_hcdndownloader_HCDNDownloaderTask_GetFileSizeNative 170: taskptr = 0xb3dc2a10
02-28 15:04:20.054 19732 21123 E cube_taskex: HCDN_LOG: [T:21123]Java_com_qiyi_hcdndownloader_HCDNDownloaderTask_GetDownloadSizeNative 187: taskptr = 0xb3dc2a10
02-28 15:04:20.054 19732 21123 E cube_taskex: HCDN_LOG: [T:21123]Java_com_qiyi_hcdndownloader_HCDNDownloaderTask_GetSpeedNative 139: taskptr = 0xb3dc2a10
02-28 15:04:20.409 650 664 I mpu_uart: [MSG-P:RECV]:No message received in 1000 ms
02-28 15:04:20.489 19541 20557 W kcp_info: HCDN_LOG: [T:20557]Update: udp kcp size[0], timeout kcp size[0]
02-28 15:04:20.872 19732 20581 W kcp_info: HCDN_LOG: [T:20581]Update: udp kcp size[0], timeout kcp size[0]
02-28 15:04:21.348 19732 21123 E cube_taskex: HCDN_LOG: [T:21123]Java_com_qiyi_hcdndownloader_HCDNDownloaderTask_GetFileSizeNative 170: taskptr = 0xb3dc2a10
02-28 15:04:21.348 19732 21123 E cube_taskex: HCDN_LOG: [T:21123]Java_com_qiyi_hcdndownloader_HCDNDownloaderTask_GetDownloadSizeNative 187: taskptr = 0xb3dc2a10
02-28 15:04:21.348 19732 21123 E cube_taskex: HCDN_LOG: [T:21123]Java_com_qiyi_hcdndownloader_HCDNDownloaderTask_GetSpeedNative 139: taskptr = 0xb3dc2a10
02-28 15:04:21.409 650 664 I mpu_uart: [MSG-P:RECV]:No message received in 1000 ms
02-28 15:04:21.508 19541 20557 W kcp_info: HCDN_LOG: [T:20557]Update: udp kcp size[0], timeout kcp size[0]
02-28 15:04:21.840 650 663 I mpu_uart: [MSG-P:R]:recv sync frame timeout
02-28 15:04:21.917 19732 20581 W kcp_info: HCDN_LOG: [T:20581]Update: udp kcp size[0], timeout kcp size[0]
02-28 15:04:21.932 1342 1399 E tlogd : [TzLogger](isPathReadable) file /sys/kernel/debug/tzdbg/qsee_log isn't exist or no permission, err: No such file or directory
02-28 15:04:21.932 1342 1399 E tlogd : [TzLogger](saveTzlogAsync) /sys/kernel/debug/tzdbg/qsee_log can not read.
02-28 15:04:21.932 1342 1399 E tlogd : [TzLogger](isPathReadable) file /sys/kernel/debug/tzdbg/log isn't exist or no permission, err: No such file or directory
02-28 15:04:21.932 1342 1399 E tlogd : [TzLogger](saveTzlogAsync) /sys/kernel/debug/tzdbg/log can not read.
02-28 15:04:22.385 16448 16636 I cr.sandbox.render: RenderIOThread heartbeat, interval/index: 30s/4, render: 11(NORMAL_WITHOUT_SECCOMP), gpu: 2(FULL)
02-28 15:04:22.409 650 664 I mpu_uart: [MSG-P:RECV]:No message received in 1000 ms
02-28 15:04:22.436 16448 16619 I cr.sandbox.render: RenderMainThread heartbeat, interval/index: 30s/4, render: 11(NORMAL_WITHOUT_SECCOMP), gpu: 2(FULL)
02-28 15:04:22.523 19541 20557 W kcp_info: HCDN_LOG: [T:20557]Update: udp kcp size[0], timeout kcp size[0]
02-28 15:04:22.572 19732 21123 E cube_taskex: HCDN_LOG: [T:21123]Java_com_qiyi_hcdndownloader_HCDNDownloaderTask_GetFileSizeNative 170: taskptr = 0xb3dc2a10
02-28 15:04:22.572 19732 21123 E cube_taskex: HCDN_LOG: [T:21123]Java_com_qiyi_hcdndownloader_HCDNDownloaderTask_GetDownloadSizeNative 187: taskptr = 0xb3dc2a10
02-28 15:04:22.573 19732 21123 E cube_taskex: HCDN_LOG: [T:21123]Java_com_qiyi_hcdndownloader_HCDNDownloaderTask_GetSpeedNative 139: taskptr = 0xb3dc2a10
02-28 15:04:22.591 16522 16651 I cr.sandbox.gpu: GpuMainThread heartbeat, interval/index: 30/4
02-28 15:04:22.932 19732 20581 W kcp_info: HCDN_LOG: [T:20581]Update: udp kcp size[0], timeout kcp size[0]
02-28 15:04:23.079 19732 20589 W multisource: HCDN_LOG: [T:20589]UpdateMaxSpeed TOTAL => play speed:0[len:0, tm:0], offline speed:0[len:0, tm:0], predeploy speed:0[len:0, tm:0], m_maxDownloadSpeed:0
02-28 15:04:23.410 650 664 I mpu_uart: [MSG-P:RECV]:No message received in 1000 ms
02-28 15:04:23.557 19541 20557 W kcp_info: HCDN_LOG: [T:20557]Update: udp kcp size[0], timeout kcp size[0]
02-28 15:04:23.781 19732 21123 E cube_taskex: HCDN_LOG: [T:21123]Java_com_qiyi_hcdndownloader_HCDNDownloaderTask_GetFileSizeNative 170: taskptr = 0xb3dc2a10
02-28 15:04:23.781 19732 21123 E cube_taskex: HCDN_LOG: [T:21123]Java_com_qiyi_hcdndownloader_HCDNDownloaderTask_GetDownloadSizeNative 187: taskptr = 0xb3dc2a10
02-28 15:04:23.782 19732 21123 E cube_taskex: HCDN_LOG: [T:21123]Java_com_qiyi_hcdndownloader_HCDNDownloaderTask_GetSpeedNative 139: taskptr = 0xb3dc2a10
02-28 15:04:23.945 19732 20581 W kcp_info: HCDN_LOG: [T:20581]Update: udp kcp size[0], timeout kcp size[0]
01-09 09:17:38.500 0 0 E DTC_ETH,link_delay_work_func: 3003, SQI=0, link=0
02-28 15:04:24.410 650 664 I mpu_uart: [MSG-P:RECV]:No message received in 1000 ms
02-28 15:04:24.594 19541 20557 W kcp_info: HCDN_LOG: [T:20557]Update: udp kcp size[0], timeout kcp size[0]
02-28 15:04:24.843 650 663 I mpu_uart: [MSG-P:R]:recv sync frame timeout
02-28 15:04:24.959 19732 20581 W kcp_info: HCDN_LOG: [T:20581]Update: udp kcp size[0], timeout kcp size[0]
02-28 15:04:24.977 1212 1251 I selfinstaller: create socket failed: Connection timed out 110
02-28 15:04:24.983 19732 21123 E cube_taskex: HCDN_LOG: [T:21123]Java_com_qiyi_hcdndownloader_HCDNDownloaderTask_GetFileSizeNative 170: taskptr = 0xb3dc2a10
02-28 15:04:24.983 19732 21123 E cube_taskex: HCDN_LOG: [T:21123]Java_com_qiyi_hcdndownloader_HCDNDownloaderTask_GetDownloadSizeNative 187: taskptr = 0xb3dc2a10
02-28 15:04:24.983 19732 21123 E cube_taskex: HCDN_LOG: [T:21123]Java_com_qiyi_hcdndownloader_HCDNDownloaderTask_GetSpeedNative 139: taskptr = 0xb3dc2a10
02-28 15:04:25.410 650 664 I mpu_uart: [MSG-P:RECV]:No message received in 1000 ms
02-28 15:04:25.464 19541 20565 W multisource: HCDN_LOG: [T:20565]UpdateMaxSpeed TOTAL => play speed:0[len:0, tm:0], offline speed:0[len:0, tm:0], predeploy speed:0[len:0, tm:0], m_maxDownloadSpeed:0
02-28 15:04:25.638 19541 20557 W kcp_info: HCDN_LOG: [T:20557]Update: udp kcp size[0], timeout kcp size[0]
02-28 15:04:25.751 4922 5088 E GODZILLA: Original size is 1064960 but real size is 536576
02-28 15:04:25.962 19732 20581 W kcp_info: HCDN_LOG: [T:20581]Update: udp kcp size[0], timeout kcp size[0]
02-28 15:04:26.248 19732 21123 E cube_taskex: HCDN_LOG: [T:21123]Java_com_qiyi_hcdndownloader_HCDNDownloaderTask_GetFileSizeNative 170: taskptr = 0xb3dc2a10
02-28 15:04:26.248 19732 21123 E cube_taskex: HCDN_LOG: [T:21123]Java_com_qiyi_hcdndownloader_HCDNDownloaderTask_GetDownloadSizeNative 187: taskptr = 0xb3dc2a10
02-28 15:04:26.248 19732 21123 E cube_taskex: HCDN_LOG: [T:21123]Java_com_qiyi_hcdndownloader_HCDNDownloaderTask_GetSpeedNative 139: taskptr = 0xb3dc2a10
02-28 15:04:26.411 650 664 I mpu_uart: [MSG-P:RECV]:No message received in 1000 ms
02-28 15:04:26.658 19541 20557 W kcp_info: HCDN_LOG: [T:20557]Update: udp kcp size[0], timeout kcp size[0]
02-28 15:04:26.933 1342 1399 E tlogd : [TzLogger](isPathReadable) file /sys/kernel/debug/tzdbg/qsee_log isn't exist or no permission, err: No such file or directory
02-28 15:04:26.933 1342 1399 E tlogd : [TzLogger](saveTzlogAsync) /sys/kernel/debug/tzdbg/qsee_log can not read.
02-28 15:04:26.933 1342 1399 E tlogd : [TzLogger](isPathReadable) file /sys/kernel/debug/tzdbg/log isn't exist or no permission, err: No such file or directory
02-28 15:04:26.933 1342 1399 E tlogd : [TzLogger](saveTzlogAsync) /sys/kernel/debug/tzdbg/log can not read.
02-28 15:04:26.996 19732 20581 W kcp_info: HCDN_LOG: [T:20581]Update: udp kcp size[0], timeout kcp size[0]
02-28 15:04:27.411 650 664 I mpu_uart: [MSG-P:RECV]:No message received in 1000 ms
02-28 15:04:27.479 19732 21123 E cube_taskex: HCDN_LOG: [T:21123]Java_com_qiyi_hcdndownloader_HCDNDownloaderTask_GetFileSizeNative 170: taskptr = 0xb3dc2a10
02-28 15:04:27.479 19732 21123 E cube_taskex: HCDN_LOG: [T:21123]Java_com_qiyi_hcdndownloader_HCDNDownloaderTask_GetDownloadSizeNative 187: taskptr = 0xb3dc2a10
02-28 15:04:27.479 19732 21123 E cube_taskex: HCDN_LOG: [T:21123]Java_com_qiyi_hcdndownloader_HCDNDownloaderTask_GetSpeedNative 139: taskptr = 0xb3dc2a10
02-28 15:04:27.690 19541 20557 W kcp_info: HCDN_LOG: [T:20557]Update: udp kcp size[0], timeout kcp size[0]
02-28 15:04:27.847 650 663 I mpu_uart: [MSG-P:R]:recv sync frame timeout
02-28 15:04:28.020 19732 20581 W kcp_info: HCDN_LOG: [T:20581]Update: udp kcp size[0], timeout kcp size[0]
02-28 15:04:28.412 650 664 I mpu_uart: [MSG-P:RECV]:No message received in 1000 ms
02-28 15:04:28.591 19732 21123 E cube_taskex: HCDN_LOG: [T:21123]Java_com_qiyi_hcdndownloader_HCDNDownloaderTask_GetFileSizeNative 170: taskptr = 0xb3dc2a10
02-28 15:04:28.591 19732 21123 E cube_taskex: HCDN_LOG: [T:21123]Java_com_qiyi_hcdndownloader_HCDNDownloaderTask_GetDownloadSizeNative 187: taskptr = 0xb3dc2a10
02-28 15:04:28.591 19732 21123 E cube_taskex: HCDN_LOG: [T:21123]Java_com_qiyi_hcdndownloader_HCDNDownloaderTask_GetSpeedNative 139: taskptr = 0xb3dc2a10
02-28 15:04:28.684 19541 20557 W kcp_info: HCDN_LOG: [T:20557]Update: udp kcp size[0], timeout kcp size[0]
02-28 15:04:29.033 19732 20581 W kcp_info: HCDN_LOG: [T:20581]Update: udp kcp size[0], timeout kcp size[0]
01-09 09:17:43.620 0 0 E DTC_ETH,link_delay_work_func: 3003, SQI=0, link=0
02-28 15:04:29.412 650 664 I mpu_uart: [MSG-P:RECV]:No message received in 1000 ms
02-28 15:04:29.700 19541 20557 W kcp_info: HCDN_LOG: [T:20557]Update: udp kcp size[0], timeout kcp size[0]
02-28 15:04:29.709 19732 21123 E cube_taskex: HCDN_LOG: [T:21123]Java_com_qiyi_hcdndownloader_HCDNDownloaderTask_GetFileSizeNative 170: taskptr = 0xb3dc2a10
02-28 15:04:29.709 19732 21123 E cube_taskex: HCDN_LOG: [T:21123]Java_com_qiyi_hcdndownloader_HCDNDownloaderTask_GetDownloadSizeNative 187: taskptr = 0xb3dc2a10
02-28 15:04:29.709 19732 21123 E cube_taskex: HCDN_LOG: [T:21123]Java_com_qiyi_hcdndownloader_HCDNDownloaderTask_GetSpeedNative 139: taskptr = 0xb3dc2a10
02-28 15:04:30.070 19732 20581 W kcp_info: HCDN_LOG: [T:20581]Update: udp kcp size[0], timeout kcp size[0]
02-28 15:04:30.413 650 664 I mpu_uart: [MSG-P:RECV]:No message received in 1000 ms
02-28 15:04:30.709 19541 20557 W kcp_info: HCDN_LOG: [T:20557]Update: udp kcp size[0], timeout kcp size[0]
02-28 15:04:30.850 650 663 I mpu_uart: [MSG-P:R]:recv sync frame timeout
02-28 15:04:30.900 19732 21123 E cube_taskex: HCDN_LOG: [T:21123]Java_com_qiyi_hcdndownloader_HCDNDownloaderTask_GetFileSizeNative 170: taskptr = 0xb3dc2a10
02-28 15:04:30.900 19732 21123 E cube_taskex: HCDN_LOG: [T:21123]Java_com_qiyi_hcdndownloader_HCDNDownloaderTask_GetDownloadSizeNative 187: taskptr = 0xb3dc2a10
02-28 15:04:30.900 19732 21123 E cube_taskex: HCDN_LOG: [T:21123]Java_com_qiyi_hcdndownloader_HCDNDownloaderTask_GetSpeedNative 139: taskptr = 0xb3dc2a10
02-28 15:04:31.005 1544 2166 D CompatibilityChangeReporter: Compat change id reported: 168419799; UID 10104; state: DISABLED
02-28 15:04:31.005 1544 2166 D CompatibilityInfo: mCompatibilityFlags - 4
02-28 15:04:31.005 1544 2166 D CompatibilityInfo: applicationDensity - 240
02-28 15:04:31.006 1544 2166 D CompatibilityInfo: applicationScale - 1.0
02-28 15:04:31.082 19732 20581 W kcp_info: HCDN_LOG: [T:20581]Update: udp kcp size[0], timeout kcp size[0]
02-28 15:04:31.413 650 664 I mpu_uart: [MSG-P:RECV]:No message received in 1000 ms
02-28 15:04:31.721 19541 20557 W kcp_info: HCDN_LOG: [T:20557]Update: udp kcp size[0], timeout kcp size[0]
02-28 15:04:31.933 1342 1399 E tlogd : [TzLogger](isPathReadable) file /sys/kernel/debug/tzdbg/qsee_log isn't exist or no permission, err: No such file or directory
02-28 15:04:31.934 1342 1399 E tlogd : [TzLogger](saveTzlogAsync) /sys/kernel/debug/tzdbg/qsee_log can not read.
02-28 15:04:31.934 1342 1399 E tlogd : [TzLogger](isPathReadable) file /sys/kernel/debug/tzdbg/log isn't exist or no permission, err: No such file or directory
02-28 15:04:31.934 1342 1399 E tlogd : [TzLogger](saveTzlogAsync) /sys/kernel/debug/tzdbg/log can not read.
02-28 15:04:32.096 19732 20581 W kcp_info: HCDN_LOG: [T:20581]Update: udp kcp size[0], timeout kcp size[0]
02-28 15:04:32.168 19732 21123 E cube_taskex: HCDN_LOG: [T:21123]Java_com_qiyi_hcdndownloader_HCDNDownloaderTask_GetFileSizeNative 170: taskptr = 0xb3dc2a10
02-28 15:04:32.168 19732 21123 E cube_taskex: HCDN_LOG: [T:21123]Java_com_qiyi_hcdndownloader_HCDNDownloaderTask_GetDownloadSizeNative 187: taskptr = 0xb3dc2a10
02-28 15:04:32.168 19732 21123 E cube_taskex: HCDN_LOG: [T:21123]Java_com_qiyi_hcdndownloader_HCDNDownloaderTask_GetSpeedNative 139: taskptr = 0xb3dc2a10
02-28 15:04:32.413 650 664 I mpu_uart: [MSG-P:RECV]:No message received in 1000 ms
02-28 15:04:32.719 19541 20557 W kcp_info: HCDN_LOG: [T:20557]Update: udp kcp size[0], timeout kcp size[0]
02-28 15:04:33.107 19732 20581 W kcp_info: HCDN_LOG: [T:20581]Update: udp kcp size[0], timeout kcp size[0]
02-28 15:04:33.370 19732 21123 E cube_taskex: HCDN_LOG: [T:21123]Java_com_qiyi_hcdndownloader_HCDNDownloaderTask_GetFileSizeNative 170: taskptr = 0xb3dc2a10
02-28 15:04:33.370 19732 21123 E cube_taskex: HCDN_LOG: [T:21123]Java_com_qiyi_hcdndownloader_HCDNDownloaderTask_GetDownloadSizeNative 187: taskptr = 0xb3dc2a10
02-28 15:04:33.370 19732 21123 E cube_taskex: HCDN_LOG: [T:21123]Java_com_qiyi_hcdndownloader_HCDNDownloaderTask_GetSpeedNative 139: taskptr = 0xb3dc2a10
02-28 15:04:33.414 650 664 I mpu_uart: [MSG-P:RECV]:No message received in 1000 ms
02-28 15:04:33.717 19541 20557 W kcp_info: HCDN_LOG: [T:20557]Update: udp kcp size[0], timeout kcp size[0]
02-28 15:04:33.853 650 663 I mpu_uart: [MSG-P:R]:recv sync frame timeout
02-28 15:04:34.117 19732 20581 W kcp_info: HCDN_LOG: [T:20581]Update: udp kcp size[0], timeout kcp size[0]
02-28 15:04:34.226 4922 5088 E GODZILLA: Original size is 1064960 but real size is 536576
02-28 15:04:34.414 650 664 I mpu_uart: [MSG-P:RECV]:No message received in 1000 ms
01-09 09:17:48.740 0 0 E DTC_ETH,link_delay_work_func: 3003, SQI=0, link=0
02-28 15:04:34.665 19732 21123 E cube_taskex: HCDN_LOG: [T:21123]Java_com_qiyi_hcdndownloader_HCDNDownloaderTask_GetFileSizeNative 170: taskptr = 0xb3dc2a10
02-28 15:04:34.666 19732 21123 E cube_taskex: HCDN_LOG: [T:21123]Java_com_qiyi_hcdndownloader_HCDNDownloaderTask_GetDownloadSizeNative 187: taskptr = 0xb3dc2a10
02-28 15:04:34.666 19732 21123 E cube_taskex: HCDN_LOG: [T:21123]Java_com_qiyi_hcdndownloader_HCDNDownloaderTask_GetSpeedNative 139: taskptr = 0xb3dc2a10
02-28 15:04:34.731 19541 20557 W kcp_info: HCDN_LOG: [T:20557]Update: udp kcp size[0], timeout kcp size[0]
02-28 15:04:34.963 12341 12418 E GODZILLA: Original size is 1064960 but real size is 536576
02-28 15:04:34.965 12341 17709 E GODZILLA: Original size is 1064960 but real size is 536576
02-28 15:04:35.126 19732 20581 W kcp_info: HCDN_LOG: [T:20581]Update: udp kcp size[0], timeout kcp size[0]
02-28 15:04:35.415 650 664 I mpu_uart: [MSG-P:RECV]:No message received in 1000 ms
02-28 15:04:35.724 19541 20557 W kcp_info: HCDN_LOG: [T:20557]Update: udp kcp size[0], timeout kcp size[0]
02-28 15:04:35.905 19732 21123 E cube_taskex: HCDN_LOG: [T:21123]Java_com_qiyi_hcdndownloader_HCDNDownloaderTask_GetFileSizeNative 170: taskptr = 0xb3dc2a10
02-28 15:04:35.905 19732 21123 E cube_taskex: HCDN_LOG: [T:21123]Java_com_qiyi_hcdndownloader_HCDNDownloaderTask_GetDownloadSizeNative 187: taskptr = 0xb3dc2a10
02-28 15:04:35.906 19732 21123 E cube_taskex: HCDN_LOG: [T:21123]Java_com_qiyi_hcdndownloader_HCDNDownloaderTask_GetSpeedNative 139: taskptr = 0xb3dc2a10
02-28 15:04:36.134 19732 20581 W kcp_info: HCDN_LOG: [T:20581]Update: udp kcp size[0], timeout kcp size[0]
02-28 15:04:36.327 30797 30797 I auditd : type=1400 audit(0.0:22887): avc: granted { nlmsg_readpriv } for comm="DaemonThread-6" scontext=u:r:untrusted_app_27:s0:c104,c256,c512,c768 tcontext=u:r:untrusted_app_27:s0:c104,c256,c512,c768 tclass=netlink_route_socket app=com.taobao.taobao
02-28 15:04:36.327 30797 30797 W DaemonThread-6: type=1400 audit(0.0:22887): avc: granted { nlmsg_readpriv } for scontext=u:r:untrusted_app_27:s0:c104,c256,c512,c768 tcontext=u:r:untrusted_app_27:s0:c104,c256,c512,c768 tclass=netlink_route_socket app=com.taobao.taobao
02-28 15:04:36.415 650 664 I mpu_uart: [MSG-P:RECV]:No message received in 1000 ms
02-28 15:04:36.537 4987 5004 W droid.ugc.awem: Profile data size exceeds 500000 bytes. It has 782776 bytes.
02-28 15:04:36.728 19541 20557 W kcp_info: HCDN_LOG: [T:20557]Update: udp kcp size[0], timeout kcp size[0]
02-28 15:04:36.857 650 663 I mpu_uart: [MSG-P:R]:recv sync frame timeout
02-28 15:04:36.899 30797 30797 I auditd : type=1400 audit(0.0:22888): avc: granted { nlmsg_readpriv } for comm="DaemonThread-6" scontext=u:r:untrusted_app_27:s0:c104,c256,c512,c768 tcontext=u:r:untrusted_app_27:s0:c104,c256,c512,c768 tclass=netlink_route_socket app=com.taobao.taobao
02-28 15:04:36.899 30797 30797 W DaemonThread-6: type=1400 audit(0.0:22888): avc: granted { nlmsg_readpriv } for scontext=u:r:untrusted_app_27:s0:c104,c256,c512,c768 tcontext=u:r:untrusted_app_27:s0:c104,c256,c512,c768 tclass=netlink_route_socket app=com.taobao.taobao
02-28 15:04:36.934 1342 1399 E tlogd : [TzLogger](isPathReadable) file /sys/kernel/debug/tzdbg/qsee_log isn't exist or no permission, err: No such file or directory
02-28 15:04:36.934 1342 1399 E tlogd : [TzLogger](saveTzlogAsync) /sys/kernel/debug/tzdbg/qsee_log can not read.
02-28 15:04:36.934 1342 1399 E tlogd : [TzLogger](isPathReadable) file /sys/kernel/debug/tzdbg/log isn't exist or no permission, err: No such file or directory
02-28 15:04:36.934 1342 1399 E tlogd : [TzLogger](saveTzlogAsync) /sys/kernel/debug/tzdbg/log can not read.
02-28 15:04:37.168 19732 21123 E cube_taskex: HCDN_LOG: [T:21123]Java_com_qiyi_hcdndownloader_HCDNDownloaderTask_GetFileSizeNative 170: taskptr = 0xb3dc2a10
02-28 15:04:37.168 19732 21123 E cube_taskex: HCDN_LOG: [T:21123]Java_com_qiyi_hcdndownloader_HCDNDownloaderTask_GetDownloadSizeNative 187: taskptr = 0xb3dc2a10
02-28 15:04:37.168 19732 21123 E cube_taskex: HCDN_LOG: [T:21123]Java_com_qiyi_hcdndownloader_HCDNDownloaderTask_GetSpeedNative 139: taskptr = 0xb3dc2a10
02-28 15:04:37.177 19732 20581 W kcp_info: HCDN_LOG: [T:20581]Update: udp kcp size[0], timeout kcp size[0]
02-28 15:04:37.416 650 664 I mpu_uart: [MSG-P:RECV]:No message received in 1000 ms
02-28 15:04:37.745 19541 20557 W kcp_info: HCDN_LOG: [T:20557]Update: udp kcp size[0], timeout kcp size[0]
02-28 15:04:38.180 19732 20581 W kcp_info: HCDN_LOG: [T:20581]Update: udp kcp size[0], timeout kcp size[0]
02-28 15:04:38.350 19732 21123 E cube_taskex: HCDN_LOG: [T:21123]Java_com_qiyi_hcdndownloader_HCDNDownloaderTask_GetFileSizeNative 170: taskptr = 0xb3dc2a10
02-28 15:04:38.351 19732 21123 E cube_taskex: HCDN_LOG: [T:21123]Java_com_qiyi_hcdndownloader_HCDNDownloaderTask_GetDownloadSizeNative 187: taskptr = 0xb3dc2a10
02-28 15:04:38.351 19732 21123 E cube_taskex: HCDN_LOG: [T:21123]Java_com_qiyi_hcdndownloader_HCDNDownloaderTask_GetSpeedNative 139: taskptr = 0xb3dc2a10
02-28 15:04:38.416 650 664 I mpu_uart: [MSG-P:RECV]:No message received in 1000 ms
02-28 15:04:38.725 4922 5088 E GODZILLA: Original size is 1064960 but real size is 536576
02-28 15:04:38.769 19541 20557 W kcp_info: HCDN_LOG: [T:20557]Update: udp kcp size[0], timeout kcp size[0]