02-28 15:02:54.825 1544 1642 I am_wtf : [0,1544,system_server,-1,DisplayDeviceConfig,requesting nits when no mapping exists.]
02-28 15:02:54.842 1544 2028 E DisplayDeviceConfig: requesting nits when no mapping exists.
02-28 15:02:54.843 1544 1642 I am_wtf : [0,1544,system_server,-1,DisplayDeviceConfig,requesting nits when no mapping exists.]
02-28 15:02:54.843 1544 2028 E DisplayDeviceConfig: requesting nits when no mapping exists.
02-28 15:02:54.844 1544 1642 I am_wtf : [0,1544,system_server,-1,DisplayDeviceConfig,requesting nits when no mapping exists.]
02-28 15:02:54.858 1544 2028 E DisplayDeviceConfig: requesting nits when no mapping exists.
02-28 15:02:54.858 1544 2028 E DisplayDeviceConfig: requesting nits when no mapping exists.
02-28 15:02:54.859 1544 1642 I am_wtf : [0,1544,system_server,-1,DisplayDeviceConfig,requesting nits when no mapping exists.]
02-28 15:02:54.860 1544 1642 I am_wtf : [0,1544,system_server,-1,DisplayDeviceConfig,requesting nits when no mapping exists.]
02-28 15:02:54.874 1544 2028 E DisplayDeviceConfig: requesting nits when no mapping exists.
02-28 15:02:54.874 1544 2028 E DisplayDeviceConfig: requesting nits when no mapping exists.
02-28 15:02:54.874 1544 1642 I am_wtf : [0,1544,system_server,-1,DisplayDeviceConfig,requesting nits when no mapping exists.]
02-28 15:02:54.875 1544 1642 I am_wtf : [0,1544,system_server,-1,DisplayDeviceConfig,requesting nits when no mapping exists.]
02-28 15:02:54.891 1544 2028 E DisplayDeviceConfig: requesting nits when no mapping exists.
02-28 15:02:54.892 1544 2028 E DisplayDeviceConfig: requesting nits when no mapping exists.
02-28 15:02:54.892 1544 1642 I am_wtf : [0,1544,system_server,-1,DisplayDeviceConfig,requesting nits when no mapping exists.]
02-28 15:02:54.893 1544 1642 I am_wtf : [0,1544,system_server,-1,DisplayDeviceConfig,requesting nits when no mapping exists.]
02-28 15:02:54.907 1544 2028 E DisplayDeviceConfig: requesting nits when no mapping exists.
02-28 15:02:54.908 1544 2028 E DisplayDeviceConfig: requesting nits when no mapping exists.
02-28 15:02:54.908 1544 1642 I am_wtf : [0,1544,system_server,-1,DisplayDeviceConfig,requesting nits when no mapping exists.]
02-28 15:02:54.908 1544 1642 I am_wtf : [0,1544,system_server,-1,DisplayDeviceConfig,requesting nits when no mapping exists.]
02-28 15:02:54.924 1544 2028 E DisplayDeviceConfig: requesting nits when no mapping exists.
02-28 15:02:54.925 1544 2028 E DisplayDeviceConfig: requesting nits when no mapping exists.
02-28 15:02:54.925 1544 1642 I am_wtf : [0,1544,system_server,-1,DisplayDeviceConfig,requesting nits when no mapping exists.]
02-28 15:02:54.926 1544 1642 I am_wtf : [0,1544,system_server,-1,DisplayDeviceConfig,requesting nits when no mapping exists.]
02-28 15:02:54.941 19732 21123 E cube_taskex: HCDN_LOG: [T:21123]Java_com_qiyi_hcdndownloader_HCDNDownloaderTask_GetFileSizeNative 170: taskptr = 0xb3dc2a10
02-28 15:02:54.941 19732 21123 E cube_taskex: HCDN_LOG: [T:21123]Java_com_qiyi_hcdndownloader_HCDNDownloaderTask_GetDownloadSizeNative 187: taskptr = 0xb3dc2a10
02-28 15:02:54.941 19732 21123 E cube_taskex: HCDN_LOG: [T:21123]Java_com_qiyi_hcdndownloader_HCDNDownloaderTask_GetSpeedNative 139: taskptr = 0xb3dc2a10
02-28 15:02:54.941 1544 2028 E DisplayDeviceConfig: requesting nits when no mapping exists.
02-28 15:02:54.942 1544 1642 I am_wtf : [0,1544,system_server,-1,DisplayDeviceConfig,requesting nits when no mapping exists.]
02-28 15:02:54.942 1544 2028 E DisplayDeviceConfig: requesting nits when no mapping exists.
02-28 15:02:54.943 1544 1642 I am_wtf : [0,1544,system_server,-1,DisplayDeviceConfig,requesting nits when no mapping exists.]
02-28 15:02:54.944 1544 1642 I service_manager_stats: [100,58,27223]
02-28 15:02:54.958 1544 2028 E DisplayDeviceConfig: requesting nits when no mapping exists.
02-28 15:02:54.958 1544 1642 I am_wtf : [0,1544,system_server,-1,DisplayDeviceConfig,requesting nits when no mapping exists.]
02-28 15:02:54.958 1544 2028 E DisplayDeviceConfig: requesting nits when no mapping exists.
02-28 15:02:54.959 1544 1642 I am_wtf : [0,1544,system_server,-1,DisplayDeviceConfig,requesting nits when no mapping exists.]
02-28 15:02:54.974 1544 2028 E DisplayDeviceConfig: requesting nits when no mapping exists.
02-28 15:02:54.975 1544 2028 E DisplayDeviceConfig: requesting nits when no mapping exists.
02-28 15:02:54.976 1544 1642 I am_wtf : [0,1544,system_server,-1,DisplayDeviceConfig,requesting nits when no mapping exists.]
02-28 15:02:54.976 1544 1642 I am_wtf : [0,1544,system_server,-1,DisplayDeviceConfig,requesting nits when no mapping exists.]
02-28 15:02:54.991 1544 2028 E DisplayDeviceConfig: requesting nits when no mapping exists.
02-28 15:02:54.992 1544 2028 E DisplayDeviceConfig: requesting nits when no mapping exists.
02-28 15:02:54.992 1544 1642 I am_wtf : [0,1544,system_server,-1,DisplayDeviceConfig,requesting nits when no mapping exists.]
02-28 15:02:54.993 1544 1642 I am_wtf : [0,1544,system_server,-1,DisplayDeviceConfig,requesting nits when no mapping exists.]
02-28 15:02:55.008 1544 2028 E DisplayDeviceConfig: requesting nits when no mapping exists.
02-28 15:02:55.009 1544 2028 E DisplayDeviceConfig: requesting nits when no mapping exists.
02-28 15:02:55.009 1544 1642 I am_wtf : [0,1544,system_server,-1,DisplayDeviceConfig,requesting nits when no mapping exists.]
02-28 15:02:55.010 1544 1642 I am_wtf : [0,1544,system_server,-1,DisplayDeviceConfig,requesting nits when no mapping exists.]
02-28 15:02:55.025 1544 2028 E DisplayDeviceConfig: requesting nits when no mapping exists.
02-28 15:02:55.025 1544 2028 E DisplayDeviceConfig: requesting nits when no mapping exists.
02-28 15:02:55.025 1544 1642 I am_wtf : [0,1544,system_server,-1,DisplayDeviceConfig,requesting nits when no mapping exists.]
02-28 15:02:55.026 1544 1642 I am_wtf : [0,1544,system_server,-1,DisplayDeviceConfig,requesting nits when no mapping exists.]
02-28 15:02:55.041 1544 2028 E DisplayDeviceConfig: requesting nits when no mapping exists.
02-28 15:02:55.042 1544 1642 I am_wtf : [0,1544,system_server,-1,DisplayDeviceConfig,requesting nits when no mapping exists.]
02-28 15:02:55.042 1544 2028 E DisplayDeviceConfig: requesting nits when no mapping exists.
02-28 15:02:55.042 1544 1642 I am_wtf : [0,1544,system_server,-1,DisplayDeviceConfig,requesting nits when no mapping exists.]
02-28 15:02:55.058 1544 2028 E DisplayDeviceConfig: requesting nits when no mapping exists.
02-28 15:02:55.058 1544 2028 E DisplayDeviceConfig: requesting nits when no mapping exists.
02-28 15:02:55.058 1544 1642 I am_wtf : [0,1544,system_server,-1,DisplayDeviceConfig,requesting nits when no mapping exists.]
02-28 15:02:55.059 1544 1642 I am_wtf : [0,1544,system_server,-1,DisplayDeviceConfig,requesting nits when no mapping exists.]
02-28 15:02:55.075 1544 2028 E DisplayDeviceConfig: requesting nits when no mapping exists.
02-28 15:02:55.075 1544 2028 E DisplayDeviceConfig: requesting nits when no mapping exists.
02-28 15:02:55.076 1544 1642 I am_wtf : [0,1544,system_server,-1,DisplayDeviceConfig,requesting nits when no mapping exists.]
02-28 15:02:55.077 1544 1642 I am_wtf : [0,1544,system_server,-1,DisplayDeviceConfig,requesting nits when no mapping exists.]
02-28 15:02:55.091 1544 2028 E DisplayDeviceConfig: requesting nits when no mapping exists.
02-28 15:02:55.092 1544 2028 E DisplayDeviceConfig: requesting nits when no mapping exists.
02-28 15:02:55.092 1544 1642 I am_wtf : [0,1544,system_server,-1,DisplayDeviceConfig,requesting nits when no mapping exists.]
02-28 15:02:55.093 1544 1642 I am_wtf : [0,1544,system_server,-1,DisplayDeviceConfig,requesting nits when no mapping exists.]
02-28 15:02:55.098 19732 20581 W kcp_info: HCDN_LOG: [T:20581]Update: udp kcp size[0], timeout kcp size[0]
02-28 15:02:55.108 1544 2028 E DisplayDeviceConfig: requesting nits when no mapping exists.
02-28 15:02:55.109 1544 2028 E DisplayDeviceConfig: requesting nits when no mapping exists.
02-28 15:02:55.109 1544 1642 I am_wtf : [0,1544,system_server,-1,DisplayDeviceConfig,requesting nits when no mapping exists.]
02-28 15:02:55.109 1544 1642 I am_wtf : [0,1544,system_server,-1,DisplayDeviceConfig,requesting nits when no mapping exists.]
02-28 15:02:55.125 1544 2028 E DisplayDeviceConfig: requesting nits when no mapping exists.
02-28 15:02:55.125 1544 2028 E DisplayDeviceConfig: requesting nits when no mapping exists.
02-28 15:02:55.125 1544 1642 I am_wtf : [0,1544,system_server,-1,DisplayDeviceConfig,requesting nits when no mapping exists.]
02-28 15:02:55.126 1544 1642 I am_wtf : [0,1544,system_server,-1,DisplayDeviceConfig,requesting nits when no mapping exists.]
02-28 15:02:55.136 19541 20557 W kcp_info: HCDN_LOG: [T:20557]Update: udp kcp size[0], timeout kcp size[0]
02-28 15:02:55.141 1544 2028 E DisplayDeviceConfig: requesting nits when no mapping exists.
02-28 15:02:55.141 1544 2028 E DisplayDeviceConfig: requesting nits when no mapping exists.
02-28 15:02:55.141 1544 1642 I am_wtf : [0,1544,system_server,-1,DisplayDeviceConfig,requesting nits when no mapping exists.]
02-28 15:02:55.142 1544 1642 I am_wtf : [0,1544,system_server,-1,DisplayDeviceConfig,requesting nits when no mapping exists.]
02-28 15:02:55.158 1544 2028 E DisplayDeviceConfig: requesting nits when no mapping exists.
02-28 15:02:55.159 1544 2028 E DisplayDeviceConfig: requesting nits when no mapping exists.
02-28 15:02:55.159 1544 1642 I am_wtf : [0,1544,system_server,-1,DisplayDeviceConfig,requesting nits when no mapping exists.]
02-28 15:02:55.160 1544 1642 I am_wtf : [0,1544,system_server,-1,DisplayDeviceConfig,requesting nits when no mapping exists.]
02-28 15:02:55.374 650 664 I mpu_uart: [MSG-P:RECV]:No message received in 1000 ms
02-28 15:02:55.415 4922 5088 E GODZILLA: Original size is 1064960 but real size is 536576
02-28 15:02:55.416 4922 5088 E GODZILLA: Original size is 1064960 but real size is 536576
02-28 15:02:56.113 19732 20581 W kcp_info: HCDN_LOG: [T:20581]Update: udp kcp size[0], timeout kcp size[0]
02-28 15:02:56.163 19732 21123 E cube_taskex: HCDN_LOG: [T:21123]Java_com_qiyi_hcdndownloader_HCDNDownloaderTask_GetFileSizeNative 170: taskptr = 0xb3dc2a10
02-28 15:02:56.163 19732 21123 E cube_taskex: HCDN_LOG: [T:21123]Java_com_qiyi_hcdndownloader_HCDNDownloaderTask_GetDownloadSizeNative 187: taskptr = 0xb3dc2a10
02-28 15:02:56.163 19732 21123 E cube_taskex: HCDN_LOG: [T:21123]Java_com_qiyi_hcdndownloader_HCDNDownloaderTask_GetSpeedNative 139: taskptr = 0xb3dc2a10
02-28 15:02:56.172 19541 20557 W kcp_info: HCDN_LOG: [T:20557]Update: udp kcp size[0], timeout kcp size[0]
01-09 09:16:10.566 0 0 I msm_vidc: err : ffffffff: .....: DBLP Set: status 0
02-28 15:02:56.374 650 664 I mpu_uart: [MSG-P:RECV]:No message received in 1000 ms
02-28 15:02:56.921 1342 1399 E tlogd : [TzLogger](isPathReadable) file /sys/kernel/debug/tzdbg/qsee_log isn't exist or no permission, err: No such file or directory
02-28 15:02:56.921 1342 1399 E tlogd : [TzLogger](saveTzlogAsync) /sys/kernel/debug/tzdbg/qsee_log can not read.
02-28 15:02:56.921 1342 1399 E tlogd : [TzLogger](isPathReadable) file /sys/kernel/debug/tzdbg/log isn't exist or no permission, err: No such file or directory
02-28 15:02:56.921 1342 1399 E tlogd : [TzLogger](saveTzlogAsync) /sys/kernel/debug/tzdbg/log can not read.
02-28 15:02:57.128 19732 20581 W kcp_info: HCDN_LOG: [T:20581]Update: udp kcp size[0], timeout kcp size[0]
01-09 09:16:11.460 0 0 E DTC_ETH,link_delay_work_func: 3003, SQI=0, link=0
02-28 15:02:57.182 19541 20557 W kcp_info: HCDN_LOG: [T:20557]Update: udp kcp size[0], timeout kcp size[0]
02-28 15:02:57.322 19732 21123 E cube_taskex: HCDN_LOG: [T:21123]Java_com_qiyi_hcdndownloader_HCDNDownloaderTask_GetFileSizeNative 170: taskptr = 0xb3dc2a10
02-28 15:02:57.322 19732 21123 E cube_taskex: HCDN_LOG: [T:21123]Java_com_qiyi_hcdndownloader_HCDNDownloaderTask_GetDownloadSizeNative 187: taskptr = 0xb3dc2a10
02-28 15:02:57.322 19732 21123 E cube_taskex: HCDN_LOG: [T:21123]Java_com_qiyi_hcdndownloader_HCDNDownloaderTask_GetSpeedNative 139: taskptr = 0xb3dc2a10
02-28 15:02:57.374 650 664 I mpu_uart: [MSG-P:RECV]:No message received in 1000 ms
02-28 15:02:57.754 650 663 I mpu_uart: [MSG-P:R]:recv sync frame timeout
02-28 15:02:58.165 19732 20581 W kcp_info: HCDN_LOG: [T:20581]Update: udp kcp size[0], timeout kcp size[0]
02-28 15:02:58.215 19541 20557 W kcp_info: HCDN_LOG: [T:20557]Update: udp kcp size[0], timeout kcp size[0]
02-28 15:02:58.375 650 664 I mpu_uart: [MSG-P:RECV]:No message received in 1000 ms
02-28 15:02:58.485 19732 21123 E cube_taskex: HCDN_LOG: [T:21123]Java_com_qiyi_hcdndownloader_HCDNDownloaderTask_GetFileSizeNative 170: taskptr = 0xb3dc2a10
02-28 15:02:58.485 19732 21123 E cube_taskex: HCDN_LOG: [T:21123]Java_com_qiyi_hcdndownloader_HCDNDownloaderTask_GetDownloadSizeNative 187: taskptr = 0xb3dc2a10
02-28 15:02:58.485 19732 21123 E cube_taskex: HCDN_LOG: [T:21123]Java_com_qiyi_hcdndownloader_HCDNDownloaderTask_GetSpeedNative 139: taskptr = 0xb3dc2a10
02-28 15:02:59.172 19732 20581 W kcp_info: HCDN_LOG: [T:20581]Update: udp kcp size[0], timeout kcp size[0]
02-28 15:02:59.220 19541 20557 W kcp_info: HCDN_LOG: [T:20557]Update: udp kcp size[0], timeout kcp size[0]
02-28 15:02:59.375 650 664 I mpu_uart: [MSG-P:RECV]:No message received in 1000 ms
02-28 15:02:59.656 19732 21123 E cube_taskex: HCDN_LOG: [T:21123]Java_com_qiyi_hcdndownloader_HCDNDownloaderTask_GetFileSizeNative 170: taskptr = 0xb3dc2a10
02-28 15:02:59.656 19732 21123 E cube_taskex: HCDN_LOG: [T:21123]Java_com_qiyi_hcdndownloader_HCDNDownloaderTask_GetDownloadSizeNative 187: taskptr = 0xb3dc2a10
02-28 15:02:59.656 19732 21123 E cube_taskex: HCDN_LOG: [T:21123]Java_com_qiyi_hcdndownloader_HCDNDownloaderTask_GetSpeedNative 139: taskptr = 0xb3dc2a10
02-28 15:02:59.766 1232 15491 I OMX-VENC: venc_dev: stats: avg. fps 0.20, bitrate 4995
02-28 15:03:00.004 2050 2050 D KeyguardUpdateMonitor: received broadcast android.intent.action.TIME_TICK
02-28 15:03:00.012 2050 2050 D KeyguardUpdateMonitor: handleTimeUpdate
02-28 15:03:00.211 19732 20581 W kcp_info: HCDN_LOG: [T:20581]Update: udp kcp size[0], timeout kcp size[0]
02-28 15:03:00.220 19541 20557 W kcp_info: HCDN_LOG: [T:20557]Update: udp kcp size[0], timeout kcp size[0]
02-28 15:03:00.376 650 664 I mpu_uart: [MSG-P:RECV]:No message received in 1000 ms
02-28 15:03:00.755 650 663 I mpu_uart: [MSG-P:R]:recv sync frame timeout
02-28 15:03:00.776 1232 15491 I OMX-VENC: venc_dev: stats: avg. fps 9.90, bitrate 249771
02-28 15:03:00.829 19732 21123 E cube_taskex: HCDN_LOG: [T:21123]Java_com_qiyi_hcdndownloader_HCDNDownloaderTask_GetFileSizeNative 170: taskptr = 0xb3dc2a10
02-28 15:03:00.829 19732 21123 E cube_taskex: HCDN_LOG: [T:21123]Java_com_qiyi_hcdndownloader_HCDNDownloaderTask_GetDownloadSizeNative 187: taskptr = 0xb3dc2a10
02-28 15:03:00.830 19732 21123 E cube_taskex: HCDN_LOG: [T:21123]Java_com_qiyi_hcdndownloader_HCDNDownloaderTask_GetSpeedNative 139: taskptr = 0xb3dc2a10
02-28 15:03:00.979 19541 20551 W hcdn_downloadengine: HCDN_LOG: [T:20551]UpdateCellularNetCdnP2pPolicy,5518 conntype:wifi,isp:CMNET,province:SiChuan,tf-status:-1,cdn_param_direct:0,play_policy:2,offline_policy:2
02-28 15:03:00.989 19732 20576 W hcdn_downloadengine: HCDN_LOG: [T:20576]UpdateCellularNetCdnP2pPolicy,5518 conntype:wifi,isp:CMNET,province:SiChuan,tf-status:-1,cdn_param_direct:0,play_policy:2,offline_policy:2
02-28 15:03:01.125 1544 7124 W ActivityManager: Unable to start service Intent { act=com.google.android.gms.ads.identifier.service.START pkg=com.google.android.gms } U=0: not found
02-28 15:03:01.236 19732 20581 W kcp_info: HCDN_LOG: [T:20581]Update: udp kcp size[0], timeout kcp size[0]
02-28 15:03:01.252 19541 20557 W kcp_info: HCDN_LOG: [T:20557]Update: udp kcp size[0], timeout kcp size[0]
02-28 15:03:01.376 650 664 I mpu_uart: [MSG-P:RECV]:No message received in 1000 ms
02-28 15:03:01.921 1342 1399 E tlogd : [TzLogger](isPathReadable) file /sys/kernel/debug/tzdbg/qsee_log isn't exist or no permission, err: No such file or directory
02-28 15:03:01.922 1342 1399 E tlogd : [TzLogger](saveTzlogAsync) /sys/kernel/debug/tzdbg/qsee_log can not read.
02-28 15:03:01.922 1342 1399 E tlogd : [TzLogger](isPathReadable) file /sys/kernel/debug/tzdbg/log isn't exist or no permission, err: No such file or directory
02-28 15:03:01.922 1342 1399 E tlogd : [TzLogger](saveTzlogAsync) /sys/kernel/debug/tzdbg/log can not read.
02-28 15:03:02.061 19732 21123 E cube_taskex: HCDN_LOG: [T:21123]Java_com_qiyi_hcdndownloader_HCDNDownloaderTask_GetFileSizeNative 170: taskptr = 0xb3dc2a10
02-28 15:03:02.061 19732 21123 E cube_taskex: HCDN_LOG: [T:21123]Java_com_qiyi_hcdndownloader_HCDNDownloaderTask_GetDownloadSizeNative 187: taskptr = 0xb3dc2a10
02-28 15:03:02.061 19732 21123 E cube_taskex: HCDN_LOG: [T:21123]Java_com_qiyi_hcdndownloader_HCDNDownloaderTask_GetSpeedNative 139: taskptr = 0xb3dc2a10
02-28 15:03:02.269 19732 20581 W kcp_info: HCDN_LOG: [T:20581]Update: udp kcp size[0], timeout kcp size[0]
02-28 15:03:02.290 19541 20557 W kcp_info: HCDN_LOG: [T:20557]Update: udp kcp size[0], timeout kcp size[0]
01-09 09:16:16.580 0 0 E DTC_ETH,link_delay_work_func: 3003, SQI=0, link=0
02-28 15:03:02.376 650 664 I mpu_uart: [MSG-P:RECV]:No message received in 1000 ms
01-09 09:16:16.902 0 0 I msm_vidc: err : ffffffff: .....: DBLP Set: status 0
02-28 15:03:02.802 12341 12418 E GODZILLA: Original size is 1064960 but real size is 536576
02-28 15:03:02.804 1232 15491 I OMX-VENC: venc_dev: stats: avg. fps 1.97, bitrate 49350
02-28 15:03:02.804 12341 17616 E GODZILLA: Original size is 1064960 but real size is 536576
02-28 15:03:03.256 19732 21123 E cube_taskex: HCDN_LOG: [T:21123]Java_com_qiyi_hcdndownloader_HCDNDownloaderTask_GetFileSizeNative 170: taskptr = 0xb3dc2a10
02-28 15:03:03.256 19732 21123 E cube_taskex: HCDN_LOG: [T:21123]Java_com_qiyi_hcdndownloader_HCDNDownloaderTask_GetDownloadSizeNative 187: taskptr = 0xb3dc2a10
02-28 15:03:03.256 19732 21123 E cube_taskex: HCDN_LOG: [T:21123]Java_com_qiyi_hcdndownloader_HCDNDownloaderTask_GetSpeedNative 139: taskptr = 0xb3dc2a10
02-28 15:03:03.277 19732 20581 W kcp_info: HCDN_LOG: [T:20581]Update: udp kcp size[0], timeout kcp size[0]
02-28 15:03:03.328 19541 20557 W kcp_info: HCDN_LOG: [T:20557]Update: udp kcp size[0], timeout kcp size[0]
02-28 15:03:03.377 650 664 I mpu_uart: [MSG-P:RECV]:No message received in 1000 ms
02-28 15:03:03.755 650 663 I mpu_uart: [MSG-P:R]:recv sync frame timeout
02-28 15:03:03.813 1232 15491 I OMX-VENC: venc_dev: stats: avg. fps 9.91, bitrate 248614
02-28 15:03:04.312 19732 20581 W kcp_info: HCDN_LOG: [T:20581]Update: udp kcp size[0], timeout kcp size[0]
02-28 15:03:04.360 19541 20557 W kcp_info: HCDN_LOG: [T:20557]Update: udp kcp size[0], timeout kcp size[0]
02-28 15:03:04.377 650 664 I mpu_uart: [MSG-P:RECV]:No message received in 1000 ms
02-28 15:03:04.449 19732 21123 E cube_taskex: HCDN_LOG: [T:21123]Java_com_qiyi_hcdndownloader_HCDNDownloaderTask_GetFileSizeNative 170: taskptr = 0xb3dc2a10
02-28 15:03:04.450 19732 21123 E cube_taskex: HCDN_LOG: [T:21123]Java_com_qiyi_hcdndownloader_HCDNDownloaderTask_GetDownloadSizeNative 187: taskptr = 0xb3dc2a10
02-28 15:03:04.450 19732 21123 E cube_taskex: HCDN_LOG: [T:21123]Java_com_qiyi_hcdndownloader_HCDNDownloaderTask_GetSpeedNative 139: taskptr = 0xb3dc2a10
02-28 15:03:05.315 19732 20581 W kcp_info: HCDN_LOG: [T:20581]Update: udp kcp size[0], timeout kcp size[0]
01-09 09:16:19.622 0 0 I msm_vidc: err : ffffffff: .....: DBLP Set: status 0
02-28 15:03:05.377 650 664 I mpu_uart: [MSG-P:RECV]:No message received in 1000 ms
02-28 15:03:05.382 19541 20557 W kcp_info: HCDN_LOG: [T:20557]Update: udp kcp size[0], timeout kcp size[0]
02-28 15:03:05.727 16413 16429 W .taobao:channe: Profile data size exceeds 500000 bytes. It has 698966 bytes.
02-28 15:03:05.753 19732 21123 E cube_taskex: HCDN_LOG: [T:21123]Java_com_qiyi_hcdndownloader_HCDNDownloaderTask_GetFileSizeNative 170: taskptr = 0xb3dc2a10
02-28 15:03:05.753 19732 21123 E cube_taskex: HCDN_LOG: [T:21123]Java_com_qiyi_hcdndownloader_HCDNDownloaderTask_GetDownloadSizeNative 187: taskptr = 0xb3dc2a10
02-28 15:03:05.753 19732 21123 E cube_taskex: HCDN_LOG: [T:21123]Java_com_qiyi_hcdndownloader_HCDNDownloaderTask_GetSpeedNative 139: taskptr = 0xb3dc2a10
02-28 15:03:05.953 16705 17560 W System.err: java.net.UnknownHostException: Unable to resolve host "push.pgl.qq.com": No address associated with hostname
02-28 15:03:05.953 16705 17560 W System.err: at java.net.Inet6AddressImpl.lookupHostByName(Inet6AddressImpl.java:156)
02-28 15:03:05.953 16705 17560 W System.err: at java.net.Inet6AddressImpl.lookupAllHostAddr(Inet6AddressImpl.java:103)
02-28 15:03:05.953 16705 17560 W System.err: at java.net.InetAddress.getAllByName(InetAddress.java:1152)
02-28 15:03:05.954 16705 17560 W System.err: at com.android.okhttp.Dns$1.lookup(Dns.java:41)
02-28 15:03:05.954 16705 17560 W System.err: at com.android.okhttp.internal.http.RouteSelector.resetNextInetSocketAddress(RouteSelector.java:178)
02-28 15:03:05.954 16705 17560 W System.err: at com.android.okhttp.internal.http.RouteSelector.nextProxy(RouteSelector.java:144)
02-28 15:03:05.954 16705 17560 W System.err: at com.android.okhttp.internal.http.RouteSelector.next(RouteSelector.java:86)
02-28 15:03:05.954 16705 17560 W System.err: at com.android.okhttp.internal.http.StreamAllocation.findConnection(StreamAllocation.java:176)
02-28 15:03:05.954 16705 17560 W System.err: at com.android.okhttp.internal.http.StreamAllocation.findHealthyConnection(StreamAllocation.java:128)
02-28 15:03:05.954 16705 17560 W System.err: at com.android.okhttp.internal.http.StreamAllocation.newStream(StreamAllocation.java:97)
02-28 15:03:05.954 16705 17560 W System.err: at com.android.okhttp.internal.http.HttpEngine.connect(HttpEngine.java:289)
02-28 15:03:05.954 16705 17560 W System.err: at com.android.okhttp.internal.http.HttpEngine.sendRequest(HttpEngine.java:232)
02-28 15:03:05.954 16705 17560 W System.err: at com.android.okhttp.internal.huc.HttpURLConnectionImpl.execute(HttpURLConnectionImpl.java:465)
02-28 15:03:05.954 16705 17560 W System.err: at com.android.okhttp.internal.huc.HttpURLConnectionImpl.connect(HttpURLConnectionImpl.java:131)
02-28 15:03:05.954 16705 17560 W System.err: at com.android.okhttp.internal.huc.DelegatingHttpsURLConnection.connect(DelegatingHttpsURLConnection.java:90)
02-28 15:03:05.954 16705 17560 W System.err: at com.android.okhttp.internal.huc.HttpsURLConnectionImpl.connect(HttpsURLConnectionImpl.java:30)
02-28 15:03:05.954 16705 17560 W System.err: at com.tencent.mtt.log.internal.e.a.b(Unknown Source:56)
02-28 15:03:05.954 16705 17560 W System.err: at com.tencent.mtt.log.plugin.cmdfetch.f.d(Unknown Source:0)
02-28 15:03:05.954 16705 17560 W System.err: at com.tencent.mtt.log.plugin.cmdfetch.b.run(Unknown Source:2)
02-28 15:03:05.954 16705 17560 W System.err: at com.tencent.mtt.log.internal.i.d.a(Unknown Source:2)
02-28 15:03:05.954 16705 17560 W System.err: at com.tencent.mtt.log.internal.i.a.run(Unknown Source:0)
02-28 15:03:05.954 16705 17560 W System.err: at java.util.concurrent.ThreadPoolExecutor.runWorker(ThreadPoolExecutor.java:1167)
02-28 15:03:05.954 16705 17560 W System.err: at java.util.concurrent.ThreadPoolExecutor$Worker.run(ThreadPoolExecutor.java:641)
02-28 15:03:05.954 16705 17560 W System.err: at java.lang.Thread.run(Thread.java:920)
02-28 15:03:05.954 16705 17560 W System.err: at com.tencent.mtt.log.internal.i.f.run(Unknown Source:5)
02-28 15:03:05.955 16705 17560 W System.err: Caused by: android.system.GaiException: android_getaddrinfo failed: EAI_NODATA (No address associated with hostname)
02-28 15:03:05.955 16705 17560 W System.err: at libcore.io.Linux.android_getaddrinfo(Native Method)
02-28 15:03:05.955 16705 17560 W System.err: at libcore.io.ForwardingOs.android_getaddrinfo(ForwardingOs.java:136)
02-28 15:03:05.955 16705 17560 W System.err: at libcore.io.BlockGuardOs.android_getaddrinfo(BlockGuardOs.java:221)
02-28 15:03:05.955 16705 17560 W System.err: at libcore.io.ForwardingOs.android_getaddrinfo(ForwardingOs.java:136)
02-28 15:03:05.955 16705 17560 W System.err: at java.net.Inet6AddressImpl.lookupHostByName(Inet6AddressImpl.java:135)
02-28 15:03:05.955 16705 17560 W System.err: ... 24 more
02-28 15:03:05.955 16705 17560 I LOGSDK_CmdFetchPlugin: handleFetchResult, onResult, resultCode: -1, resultMsg: Unable to resolve host "push.pgl.qq.com": No address associated with hostname
02-28 15:03:06.324 19732 20581 W kcp_info: HCDN_LOG: [T:20581]Update: udp kcp size[0], timeout kcp size[0]
02-28 15:03:06.377 650 664 I mpu_uart: [MSG-P:RECV]:No message received in 1000 ms
02-28 15:03:06.382 19541 20557 W kcp_info: HCDN_LOG: [T:20557]Update: udp kcp size[0], timeout kcp size[0]
02-28 15:03:06.759 650 663 I mpu_uart: [MSG-P:R]:recv sync frame timeout
02-28 15:03:06.922 1342 1399 E tlogd : [TzLogger](isPathReadable) file /sys/kernel/debug/tzdbg/qsee_log isn't exist or no permission, err: No such file or directory
02-28 15:03:06.922 1342 1399 E tlogd : [TzLogger](saveTzlogAsync) /sys/kernel/debug/tzdbg/qsee_log can not read.
02-28 15:03:06.922 1342 1399 E tlogd : [TzLogger](isPathReadable) file /sys/kernel/debug/tzdbg/log isn't exist or no permission, err: No such file or directory
02-28 15:03:06.922 1342 1399 E tlogd : [TzLogger](saveTzlogAsync) /sys/kernel/debug/tzdbg/log can not read.
02-28 15:03:06.936 19732 21123 E cube_taskex: HCDN_LOG: [T:21123]Java_com_qiyi_hcdndownloader_HCDNDownloaderTask_GetFileSizeNative 170: taskptr = 0xb3dc2a10
02-28 15:03:06.936 19732 21123 E cube_taskex: HCDN_LOG: [T:21123]Java_com_qiyi_hcdndownloader_HCDNDownloaderTask_GetDownloadSizeNative 187: taskptr = 0xb3dc2a10
02-28 15:03:06.936 19732 21123 E cube_taskex: HCDN_LOG: [T:21123]Java_com_qiyi_hcdndownloader_HCDNDownloaderTask_GetSpeedNative 139: taskptr = 0xb3dc2a10
02-28 15:03:07.332 19732 20581 W kcp_info: HCDN_LOG: [T:20581]Update: udp kcp size[0], timeout kcp size[0]
02-28 15:03:07.378 650 664 I mpu_uart: [MSG-P:RECV]:No message received in 1000 ms
02-28 15:03:07.394 19541 20557 W kcp_info: HCDN_LOG: [T:20557]Update: udp kcp size[0], timeout kcp size[0]
01-09 09:16:21.700 0 0 E DTC_ETH,link_delay_work_func: 3003, SQI=0, link=0
02-28 15:03:08.103 19732 21123 E cube_taskex: HCDN_LOG: [T:21123]Java_com_qiyi_hcdndownloader_HCDNDownloaderTask_GetFileSizeNative 170: taskptr = 0xb3dc2a10
02-28 15:03:08.103 19732 21123 E cube_taskex: HCDN_LOG: [T:21123]Java_com_qiyi_hcdndownloader_HCDNDownloaderTask_GetDownloadSizeNative 187: taskptr = 0xb3dc2a10
02-28 15:03:08.104 19732 21123 E cube_taskex: HCDN_LOG: [T:21123]Java_com_qiyi_hcdndownloader_HCDNDownloaderTask_GetSpeedNative 139: taskptr = 0xb3dc2a10
02-28 15:03:08.344 19732 20581 W kcp_info: HCDN_LOG: [T:20581]Update: udp kcp size[0], timeout kcp size[0]
02-28 15:03:08.378 650 664 I mpu_uart: [MSG-P:RECV]:No message received in 1000 ms
02-28 15:03:08.421 19541 20557 W kcp_info: HCDN_LOG: [T:20557]Update: udp kcp size[0], timeout kcp size[0]
02-28 15:03:08.622 4922 5088 E GODZILLA: Original size is 1064960 but real size is 536576
02-28 15:03:09.229 19732 21123 E cube_taskex: HCDN_LOG: [T:21123]Java_com_qiyi_hcdndownloader_HCDNDownloaderTask_GetFileSizeNative 170: taskptr = 0xb3dc2a10
02-28 15:03:09.229 19732 21123 E cube_taskex: HCDN_LOG: [T:21123]Java_com_qiyi_hcdndownloader_HCDNDownloaderTask_GetDownloadSizeNative 187: taskptr = 0xb3dc2a10
02-28 15:03:09.230 19732 21123 E cube_taskex: HCDN_LOG: [T:21123]Java_com_qiyi_hcdndownloader_HCDNDownloaderTask_GetSpeedNative 139: taskptr = 0xb3dc2a10
02-28 15:03:09.379 650 664 I mpu_uart: [MSG-P:RECV]:No message received in 1000 ms
02-28 15:03:09.386 19732 20581 W kcp_info: HCDN_LOG: [T:20581]Update: udp kcp size[0], timeout kcp size[0]
02-28 15:03:09.437 19541 20557 W kcp_info: HCDN_LOG: [T:20557]Update: udp kcp size[0], timeout kcp size[0]
02-28 15:03:09.762 650 663 I mpu_uart: [MSG-P:R]:recv sync frame timeout
01-09 09:16:24.231 0 0 I binder : 1544:1777 ioctl 400c620e 7341dfe5d8 returned -22
01-09 09:16:24.234 0 0 I binder : 1544:1777 ioctl c00c620f 7341dfe5b8 returned -22
02-28 15:03:09.939 1544 1777 D ActivityManager: freezing 14442 com.thundercomm.screensaver
02-28 15:03:09.939 1544 1777 E ActivityManager: Unable to freeze binder for 14442 com.thundercomm.screensaver
02-28 15:03:09.942 1544 1777 D ActivityManager: froze 14442 com.thundercomm.screensaver
02-28 15:03:09.942 1544 1777 I am_freeze: [14442,com.thundercomm.screensaver]
02-28 15:03:09.942 1544 1777 E ActivityManager: Unable to freeze binder for 14442 com.thundercomm.screensaver
02-28 15:03:09.945 1544 1777 I ActivityManager: Killing 14442:com.thundercomm.screensaver/u0a51 (adj 985): Unable to freeze binder interface
02-28 15:03:09.945 1544 1777 I am_kill : [0,14442,com.thundercomm.screensaver,985,Unable to freeze binder interface]
02-28 15:03:09.952 1544 1649 I libprocessgroup: Successfully killed process cgroup uid 10051 pid 14442 in 5ms
02-28 15:03:10.017 1544 3045 I am_proc_died: [0,14442,com.thundercomm.screensaver,985,19]
02-28 15:03:10.018 1544 3045 I am_uid_stopped: 10051
02-28 15:03:10.022 1544 1628 W ActivityManager: setHasOverlayUi called on unknown pid: 14442
02-28 15:03:10.023 673 673 I Zygote : Process 14442 exited due to signal 9 (Killed)
02-28 15:03:10.033 1544 1639 I am_pss : [16759,10105,com.tencent.qqlive:services,39366656,18739200,45056,164712448,0,19,9]
02-28 15:03:10.041 1544 1639 I am_pss : [16736,10105,com.tencent.qqlive:pmservice,37391360,17055744,45056,162131968,0,19,7]
02-28 15:03:10.049 1544 1639 I am_pss : [16891,10105,com.tencent.qqlive:downloadService,35984384,15781888,45056,160141312,0,19,8]
02-28 15:03:10.066 1544 1639 I am_pss : [16705,10105,com.tencent.qqlive,130062336,105230336,45056,273612800,0,19,16]
02-28 15:03:10.059 30797 30797 I auditd : type=1400 audit(0.0:22857): avc: denied { open } for comm="m.taobao.taobao" path="/proc/vmstat" dev="proc" ino=4026531858 scontext=u:r:untrusted_app_27:s0:c104,c256,c512,c768 tcontext=u:object_r:proc_vmstat:s0 tclass=file permissive=1 app=com.taobao.taobao
02-28 15:03:10.059 30797 30797 I m.taobao.taobao: type=1400 audit(0.0:22857): avc: denied { open } for path="/proc/vmstat" dev="proc" ino=4026531858 scontext=u:r:untrusted_app_27:s0:c104,c256,c512,c768 tcontext=u:object_r:proc_vmstat:s0 tclass=file permissive=1 app=com.taobao.taobao
02-28 15:03:10.059 30797 30797 I auditd : type=1400 audit(0.0:22858): avc: denied { getattr } for comm="m.taobao.taobao" path="/proc/vmstat" dev="proc" ino=4026531858 scontext=u:r:untrusted_app_27:s0:c104,c256,c512,c768 tcontext=u:object_r:proc_vmstat:s0 tclass=file permissive=1 app=com.taobao.taobao
02-28 15:03:10.059 30797 30797 I m.taobao.taobao: type=1400 audit(0.0:22858): avc: denied { getattr } for path="/proc/vmstat" dev="proc" ino=4026531858 scontext=u:r:untrusted_app_27:s0:c104,c256,c512,c768 tcontext=u:object_r:proc_vmstat:s0 tclass=file permissive=1 app=com.taobao.taobao
02-28 15:03:10.080 1544 1639 I am_pss : [16413,10104,com.taobao.taobao:channel,64032768,35209216,48128,218447872,0,19,13]
02-28 15:03:10.095 1544 1639 I am_pss : [16448,10104,com.taobao.taobao:sandboxed_privilege_process0,75600896,52641792,48128,215486464,0,19,14]
02-28 15:03:10.106 1544 1639 I am_pss : [16522,10104,com.taobao.taobao:gpu_process,36781056,17346560,49152,175316992,0,19,10]
02-28 15:03:10.353 19732 21123 E cube_taskex: HCDN_LOG: [T:21123]Java_com_qiyi_hcdndownloader_HCDNDownloaderTask_GetFileSizeNative 170: taskptr = 0xb3dc2a10
02-28 15:03:10.354 19732 21123 E cube_taskex: HCDN_LOG: [T:21123]Java_com_qiyi_hcdndownloader_HCDNDownloaderTask_GetDownloadSizeNative 187: taskptr = 0xb3dc2a10
02-28 15:03:10.354 19732 21123 E cube_taskex: HCDN_LOG: [T:21123]Java_com_qiyi_hcdndownloader_HCDNDownloaderTask_GetSpeedNative 139: taskptr = 0xb3dc2a10
02-28 15:03:10.379 650 664 I mpu_uart: [MSG-P:RECV]:No message received in 1000 ms
02-28 15:03:10.420 19732 20581 W kcp_info: HCDN_LOG: [T:20581]Update: udp kcp size[0], timeout kcp size[0]
02-28 15:03:10.445 19541 20557 W kcp_info: HCDN_LOG: [T:20557]Update: udp kcp size[0], timeout kcp size[0]
02-28 15:03:10.795 16413 16413 I auditd : type=1400 audit(0.0:22859): avc: denied { read } for comm="CrashSDKBkgdHan" name="loadavg" dev="proc" ino=4026532243 scontext=u:r:untrusted_app_27:s0:c104,c256,c512,c768 tcontext=u:object_r:proc_loadavg:s0 tclass=file permissive=1 app=com.taobao.taobao
02-28 15:03:10.795 16413 16413 I CrashSDKBkgdHan: type=1400 audit(0.0:22859): avc: denied { read } for name="loadavg" dev="proc" ino=4026532243 scontext=u:r:untrusted_app_27:s0:c104,c256,c512,c768 tcontext=u:object_r:proc_loadavg:s0 tclass=file permissive=1 app=com.taobao.taobao
02-28 15:03:10.795 16413 16413 I auditd : type=1400 audit(0.0:22860): avc: denied { open } for comm="CrashSDKBkgdHan" path="/proc/loadavg" dev="proc" ino=4026532243 scontext=u:r:untrusted_app_27:s0:c104,c256,c512,c768 tcontext=u:object_r:proc_loadavg:s0 tclass=file permissive=1 app=com.taobao.taobao
02-28 15:03:10.795 16413 16413 I CrashSDKBkgdHan: type=1400 audit(0.0:22860): avc: denied { open } for path="/proc/loadavg" dev="proc" ino=4026532243 scontext=u:r:untrusted_app_27:s0:c104,c256,c512,c768 tcontext=u:object_r:proc_loadavg:s0 tclass=file permissive=1 app=com.taobao.taobao
02-28 15:03:10.795 16413 16413 I auditd : type=1400 audit(0.0:22861): avc: denied { open } for comm="CrashSDKBkgdHan" path="/proc/stat" dev="proc" ino=4026532245 scontext=u:r:untrusted_app_27:s0:c104,c256,c512,c768 tcontext=u:object_r:proc_stat:s0 tclass=file permissive=1 app=com.taobao.taobao
02-28 15:03:10.795 16413 16413 I CrashSDKBkgdHan: type=1400 audit(0.0:22861): avc: denied { open } for path="/proc/stat" dev="proc" ino=4026532245 scontext=u:r:untrusted_app_27:s0:c104,c256,c512,c768 tcontext=u:object_r:proc_stat:s0 tclass=file permissive=1 app=com.taobao.taobao
02-28 15:03:11.380 650 664 I mpu_uart: [MSG-P:RECV]:No message received in 1000 ms
02-28 15:03:11.439 19732 20581 W kcp_info: HCDN_LOG: [T:20581]Update: udp kcp size[0], timeout kcp size[0]
02-28 15:03:11.468 19541 20557 W kcp_info: HCDN_LOG: [T:20557]Update: udp kcp size[0], timeout kcp size[0]
02-28 15:03:11.486 19732 21123 E cube_taskex: HCDN_LOG: [T:21123]Java_com_qiyi_hcdndownloader_HCDNDownloaderTask_GetFileSizeNative 170: taskptr = 0xb3dc2a10
02-28 15:03:11.486 19732 21123 E cube_taskex: HCDN_LOG: [T:21123]Java_com_qiyi_hcdndownloader_HCDNDownloaderTask_GetDownloadSizeNative 187: taskptr = 0xb3dc2a10
02-28 15:03:11.487 19732 21123 E cube_taskex: HCDN_LOG: [T:21123]Java_com_qiyi_hcdndownloader_HCDNDownloaderTask_GetSpeedNative 139: taskptr = 0xb3dc2a10
02-28 15:03:11.923 1342 1399 E tlogd : [TzLogger](isPathReadable) file /sys/kernel/debug/tzdbg/qsee_log isn't exist or no permission, err: No such file or directory
02-28 15:03:11.923 1342 1399 E tlogd : [TzLogger](saveTzlogAsync) /sys/kernel/debug/tzdbg/qsee_log can not read.
02-28 15:03:11.923 1342 1399 E tlogd : [TzLogger](isPathReadable) file /sys/kernel/debug/tzdbg/log isn't exist or no permission, err: No such file or directory
02-28 15:03:11.923 1342 1399 E tlogd : [TzLogger](saveTzlogAsync) /sys/kernel/debug/tzdbg/log can not read.
02-28 15:03:12.380 650 664 I mpu_uart: [MSG-P:RECV]:No message received in 1000 ms
02-28 15:03:12.448 19732 20581 W kcp_info: HCDN_LOG: [T:20581]Update: udp kcp size[0], timeout kcp size[0]
02-28 15:03:12.467 19541 20557 W kcp_info: HCDN_LOG: [T:20557]Update: udp kcp size[0], timeout kcp size[0]
01-09 09:16:26.820 0 0 E DTC_ETH,link_delay_work_func: 3003, SQI=0, link=0
02-28 15:03:12.706 19732 21123 E cube_taskex: HCDN_LOG: [T:21123]Java_com_qiyi_hcdndownloader_HCDNDownloaderTask_GetFileSizeNative 170: taskptr = 0xb3dc2a10
02-28 15:03:12.707 19732 21123 E cube_taskex: HCDN_LOG: [T:21123]Java_com_qiyi_hcdndownloader_HCDNDownloaderTask_GetDownloadSizeNative 187: taskptr = 0xb3dc2a10
02-28 15:03:12.707 19732 21123 E cube_taskex: HCDN_LOG: [T:21123]Java_com_qiyi_hcdndownloader_HCDNDownloaderTask_GetSpeedNative 139: taskptr = 0xb3dc2a10
02-28 15:03:12.765 650 663 I mpu_uart: [MSG-P:R]:recv sync frame timeout
02-28 15:03:13.380 650 664 I mpu_uart: [MSG-P:RECV]:No message received in 1000 ms
02-28 15:03:13.450 19732 20581 W kcp_info: HCDN_LOG: [T:20581]Update: udp kcp size[0], timeout kcp size[0]
02-28 15:03:13.473 19541 20557 W kcp_info: HCDN_LOG: [T:20557]Update: udp kcp size[0], timeout kcp size[0]
02-28 15:03:13.894 19732 21123 E cube_taskex: HCDN_LOG: [T:21123]Java_com_qiyi_hcdndownloader_HCDNDownloaderTask_GetFileSizeNative 170: taskptr = 0xb3dc2a10
02-28 15:03:13.894 19732 21123 E cube_taskex: HCDN_LOG: [T:21123]Java_com_qiyi_hcdndownloader_HCDNDownloaderTask_GetDownloadSizeNative 187: taskptr = 0xb3dc2a10
02-28 15:03:13.894 19732 21123 E cube_taskex: HCDN_LOG: [T:21123]Java_com_qiyi_hcdndownloader_HCDNDownloaderTask_GetSpeedNative 139: taskptr = 0xb3dc2a10
02-28 15:03:14.381 650 664 I mpu_uart: [MSG-P:RECV]:No message received in 1000 ms
02-28 15:03:14.478 19732 20581 W kcp_info: HCDN_LOG: [T:20581]Update: udp kcp size[0], timeout kcp size[0]
02-28 15:03:14.500 19541 20557 W kcp_info: HCDN_LOG: [T:20557]Update: udp kcp size[0], timeout kcp size[0]
02-28 15:03:14.562 30797 31510 I cr.sandbox: BrowserIOThread heartbeat, interval/index: 30s/144, render: 11(NORMAL_WITHOUT_SECCOMP), gpu: 2(FULL)
02-28 15:03:15.183 19732 21123 E cube_taskex: HCDN_LOG: [T:21123]Java_com_qiyi_hcdndownloader_HCDNDownloaderTask_GetFileSizeNative 170: taskptr = 0xb3dc2a10
02-28 15:03:15.183 19732 21123 E cube_taskex: HCDN_LOG: [T:21123]Java_com_qiyi_hcdndownloader_HCDNDownloaderTask_GetDownloadSizeNative 187: taskptr = 0xb3dc2a10
02-28 15:03:15.184 19732 21123 E cube_taskex: HCDN_LOG: [T:21123]Java_com_qiyi_hcdndownloader_HCDNDownloaderTask_GetSpeedNative 139: taskptr = 0xb3dc2a10
02-28 15:03:15.381 650 664 I mpu_uart: [MSG-P:RECV]:No message received in 1000 ms
02-28 15:03:15.488 19732 20581 W kcp_info: HCDN_LOG: [T:20581]Update: udp kcp size[0], timeout kcp size[0]
02-28 15:03:15.532 19541 20557 W kcp_info: HCDN_LOG: [T:20557]Update: udp kcp size[0], timeout kcp size[0]
02-28 15:03:15.769 650 663 I mpu_uart: [MSG-P:R]:recv sync frame timeout
02-28 15:03:16.320 19732 21123 E cube_taskex: HCDN_LOG: [T:21123]Java_com_qiyi_hcdndownloader_HCDNDownloaderTask_GetFileSizeNative 170: taskptr = 0xb3dc2a10
02-28 15:03:16.320 19732 21123 E cube_taskex: HCDN_LOG: [T:21123]Java_com_qiyi_hcdndownloader_HCDNDownloaderTask_GetDownloadSizeNative 187: taskptr = 0xb3dc2a10
02-28 15:03:16.321 19732 21123 E cube_taskex: HCDN_LOG: [T:21123]Java_com_qiyi_hcdndownloader_HCDNDownloaderTask_GetSpeedNative 139: taskptr = 0xb3dc2a10
02-28 15:03:16.382 650 664 I mpu_uart: [MSG-P:RECV]:No message received in 1000 ms
02-28 15:03:16.491 19732 20581 W kcp_info: HCDN_LOG: [T:20581]Update: udp kcp size[0], timeout kcp size[0]
02-28 15:03:16.559 19541 20557 W kcp_info: HCDN_LOG: [T:20557]Update: udp kcp size[0], timeout kcp size[0]
02-28 15:03:16.924 1342 1399 E tlogd : [TzLogger](isPathReadable) file /sys/kernel/debug/tzdbg/qsee_log isn't exist or no permission, err: No such file or directory
02-28 15:03:16.924 1342 1399 E tlogd : [TzLogger](saveTzlogAsync) /sys/kernel/debug/tzdbg/qsee_log can not read.
02-28 15:03:16.924 1342 1399 E tlogd : [TzLogger](isPathReadable) file /sys/kernel/debug/tzdbg/log isn't exist or no permission, err: No such file or directory
02-28 15:03:16.924 1342 1399 E tlogd : [TzLogger](saveTzlogAsync) /sys/kernel/debug/tzdbg/log can not read.
02-28 15:03:17.382 650 664 I mpu_uart: [MSG-P:RECV]:No message received in 1000 ms
02-28 15:03:17.494 19732 21123 E cube_taskex: HCDN_LOG: [T:21123]Java_com_qiyi_hcdndownloader_HCDNDownloaderTask_GetFileSizeNative 170: taskptr = 0xb3dc2a10
02-28 15:03:17.494 19732 21123 E cube_taskex: HCDN_LOG: [T:21123]Java_com_qiyi_hcdndownloader_HCDNDownloaderTask_GetDownloadSizeNative 187: taskptr = 0xb3dc2a10
02-28 15:03:17.494 19732 21123 E cube_taskex: HCDN_LOG: [T:21123]Java_com_qiyi_hcdndownloader_HCDNDownloaderTask_GetSpeedNative 139: taskptr = 0xb3dc2a10
02-28 15:03:17.524 19732 20581 W kcp_info: HCDN_LOG: [T:20581]Update: udp kcp size[0], timeout kcp size[0]
02-28 15:03:17.593 19541 20557 W kcp_info: HCDN_LOG: [T:20557]Update: udp kcp size[0], timeout kcp size[0]
01-09 09:16:31.940 0 0 E DTC_ETH,link_delay_work_func: 3003, SQI=0, link=0
02-28 15:03:17.893 1232 15491 I OMX-VENC: venc_dev: stats: avg. fps 0.07, bitrate 1772
02-28 15:03:18.163 12341 12418 E GODZILLA: Original size is 1064960 but real size is 536576
02-28 15:03:18.164 12341 17636 E GODZILLA: Original size is 1064960 but real size is 536576
02-28 15:03:18.383 650 664 I mpu_uart: [MSG-P:RECV]:No message received in 1000 ms
02-28 15:03:18.523 19732 20581 W kcp_info: HCDN_LOG: [T:20581]Update: udp kcp size[0], timeout kcp size[0]
02-28 15:03:18.607 19541 20557 W kcp_info: HCDN_LOG: [T:20557]Update: udp kcp size[0], timeout kcp size[0]
02-28 15:03:18.670 19732 21123 E cube_taskex: HCDN_LOG: [T:21123]Java_com_qiyi_hcdndownloader_HCDNDownloaderTask_GetFileSizeNative 170: taskptr = 0xb3dc2a10
02-28 15:03:18.670 19732 21123 E cube_taskex: HCDN_LOG: [T:21123]Java_com_qiyi_hcdndownloader_HCDNDownloaderTask_GetDownloadSizeNative 187: taskptr = 0xb3dc2a10
02-28 15:03:18.671 19732 21123 E cube_taskex: HCDN_LOG: [T:21123]Java_com_qiyi_hcdndownloader_HCDNDownloaderTask_GetSpeedNative 139: taskptr = 0xb3dc2a10
02-28 15:03:18.772 650 663 I mpu_uart: [MSG-P:R]:recv sync frame timeout
02-28 15:03:18.902 1232 15491 I OMX-VENC: venc_dev: stats: avg. fps 9.91, bitrate 248467
02-28 15:03:19.383 650 664 I mpu_uart: [MSG-P:RECV]:No message received in 1000 ms
02-28 15:03:19.560 19732 20581 W kcp_info: HCDN_LOG: [T:20581]Update: udp kcp size[0], timeout kcp size[0]
02-28 15:03:19.618 19541 20557 W kcp_info: HCDN_LOG: [T:20557]Update: udp kcp size[0], timeout kcp size[0]
02-28 15:03:19.904 19732 21123 E cube_taskex: HCDN_LOG: [T:21123]Java_com_qiyi_hcdndownloader_HCDNDownloaderTask_GetFileSizeNative 170: taskptr = 0xb3dc2a10
02-28 15:03:19.905 19732 21123 E cube_taskex: HCDN_LOG: [T:21123]Java_com_qiyi_hcdndownloader_HCDNDownloaderTask_GetDownloadSizeNative 187: taskptr = 0xb3dc2a10
02-28 15:03:19.905 19732 21123 E cube_taskex: HCDN_LOG: [T:21123]Java_com_qiyi_hcdndownloader_HCDNDownloaderTask_GetSpeedNative 139: taskptr = 0xb3dc2a10
02-28 15:03:20.383 650 664 I mpu_uart: [MSG-P:RECV]:No message received in 1000 ms
01-09 09:16:34.726 0 0 I msm_vidc: err : ffffffff: .....: DBLP Set: status 0
02-28 15:03:20.443 1544 1777 D ActivityManager: freezing 15603 com.android.music
01-09 09:16:34.735 0 0 I binder : 1544:1777 ioctl 400c620e 7341dfe5d8 returned -22
02-28 15:03:20.444 1544 1777 E ActivityManager: Unable to freeze binder for 15603 com.android.music
02-28 15:03:20.445 1544 1777 D ActivityManager: froze 15603 com.android.music
02-28 15:03:20.445 1544 1777 I am_freeze: [15603,com.android.music]
02-28 15:03:20.445 1544 1777 E ActivityManager: Unable to freeze binder for 15603 com.android.music
02-28 15:03:20.447 1544 1777 I ActivityManager: Killing 15603:com.android.music/u0a84 (adj 999): Unable to freeze binder interface
02-28 15:03:20.447 1544 1777 I am_kill : [0,15603,com.android.music,999,Unable to freeze binder interface]
01-09 09:16:34.737 0 0 I binder : 1544:1777 ioctl c00c620f 7341dfe5b8 returned -22
02-28 15:03:20.448 1544 1649 I libprocessgroup: Successfully killed process cgroup uid 10084 pid 15603 in 0ms
02-28 15:03:20.471 1544 1969 I am_proc_died: [0,15603,com.android.music,999,19]
02-28 15:03:20.471 673 673 I Zygote : Process 15603 exited due to signal 9 (Killed)
02-28 15:03:20.472 1544 1969 I am_uid_stopped: 10084
02-28 15:03:20.477 1544 1628 I am_uid_running: 10084
02-28 15:03:20.478 1544 1628 D CompatibilityChangeReporter: Compat change id reported: 135634846; UID 10084; state: DISABLED
02-28 15:03:20.478 1544 1628 D CompatibilityChangeReporter: Compat change id reported: 177438394; UID 10084; state: DISABLED
02-28 15:03:20.478 1544 1628 D CompatibilityChangeReporter: Compat change id reported: 135772972; UID 10084; state: DISABLED
02-28 15:03:20.478 1544 1628 D CompatibilityChangeReporter: Compat change id reported: 135754954; UID 10084; state: ENABLED
02-28 15:03:20.478 1544 1643 D CompatibilityChangeReporter: Compat change id reported: 143937733; UID 10084; state: ENABLED
02-28 15:03:20.494 673 673 D Zygote : Forked child process 17638
02-28 15:03:20.494 1544 1643 I am_proc_start: [0,17638,10084,com.android.music,NULL,]
02-28 15:03:20.494 1544 1643 I ActivityManager: Start proc 17638:com.android.music/u0a84 for null
02-28 15:03:20.502 17638 17638 I Zygote : seccomp disabled by setenforce 0
02-28 15:03:20.499 9926 9926 I auditd : type=1400 audit(0.0:22862): avc: denied { use } for comm="UsbFfs-worker" path="anon_inode:[eventfd]" dev="anon_inodefs" ino=10296 scontext=u:r:su:s0 tcontext=u:r:adbd:s0 tclass=fd permissive=1
02-28 15:03:20.499 9926 9926 I UsbFfs-worker: type=1400 audit(0.0:22862): avc: denied { use } for path="anon_inode:[eventfd]" dev="anon_inodefs" ino=10296 scontext=u:r:su:s0 tcontext=u:r:adbd:s0 tclass=fd permissive=1
02-28 15:03:20.511 17638 17638 I auditd : type=1400 audit(0.0:22863): avc: denied { connectto } for comm=4144422D4A44575020436F6E6E6563 path=006A6477702D636F6E74726F6C scontext=u:r:platform_app:s0:c512,c768 tcontext=u:r:su:s0 tclass=unix_stream_socket permissive=1
02-28 15:03:20.518 9926 9935 I adbd : jdwp connection from 17638
02-28 15:03:20.511 17638 17638 I zygote64: type=1400 audit(0.0:22863): avc: denied { connectto } for comm=4144422D4A44575020436F6E6E6563 path=006A6477702D636F6E74726F6C scontext=u:r:platform_app:s0:c512,c768 tcontext=u:r:su:s0 tclass=unix_stream_socket permissive=1
02-28 15:03:20.519 17638 17638 D ProcessState: Binder ioctl to enable oneway spam detection failed: Invalid argument
01-09 09:16:34.811 0 0 I binder : 17638:17638 ioctl 40046210 7fdc67a694 returned -22
02-28 15:03:20.526 1544 1969 I am_proc_bound: [0,17638,com.android.music]
02-28 15:03:20.528 1544 1969 D CompatibilityChangeReporter: Compat change id reported: 168419799; UID 10084; state: DISABLED
02-28 15:03:20.528 1544 1969 D CompatibilityInfo: mCompatibilityFlags - 4
02-28 15:03:20.528 1544 1969 D CompatibilityInfo: applicationDensity - 240
02-28 15:03:20.528 1544 1969 D CompatibilityInfo: applicationScale - 1.0
02-28 15:03:20.534 17638 17638 D CompatibilityChangeReporter: Compat change id reported: 171979766; UID 10084; state: ENABLED
02-28 15:03:20.552 17638 17638 I Perf : Connecting to perf service.
02-28 15:03:20.556 17638 17638 V GraphicsEnvironment: ANGLE Developer option for 'com.android.music' set to: 'default'
02-28 15:03:20.556 17638 17638 V GraphicsEnvironment: ANGLE GameManagerService for com.android.music: false
02-28 15:03:20.557 17638 17638 D NetworkSecurityConfig: No Network Security Config specified, using platform default
02-28 15:03:20.557 17638 17638 D NetworkSecurityConfig: No Network Security Config specified, using platform default
02-28 15:03:20.561 19732 20581 W kcp_info: HCDN_LOG: [T:20581]Update: udp kcp size[0], timeout kcp size[0]
02-28 15:03:20.614 19541 20557 W kcp_info: HCDN_LOG: [T:20557]Update: udp kcp size[0], timeout kcp size[0]
02-28 15:03:20.700 16413 16432 I DEBUG : begin to generate unexp report
01-09 09:16:34.994 0 0 I logd : logdr: UID=10104 GID=10104 PID=16413 n tail=0 logMask=d pid=0 start=0ns deadline=0ns
02-28 15:03:20.730 16413 16432 I DEBUG : unexp report not generated
02-28 15:03:20.723 16413 16413 I auditd : type=1400 audit(0.0:22864): avc: denied { read } for comm="CrashSDKBkgdHan" name="anr" dev="dm-10" ino=22 scontext=u:r:untrusted_app_27:s0:c104,c256,c512,c768 tcontext=u:object_r:anr_data_file:s0 tclass=dir permissive=1 app=com.taobao.taobao
02-28 15:03:20.723 16413 16413 I CrashSDKBkgdHan: type=1400 audit(0.0:22864): avc: denied { read } for name="anr" dev="dm-10" ino=22 scontext=u:r:untrusted_app_27:s0:c104,c256,c512,c768 tcontext=u:object_r:anr_data_file:s0 tclass=dir permissive=1 app=com.taobao.taobao
02-28 15:03:20.723 16413 16413 I auditd : type=1400 audit(0.0:22865): avc: denied { open } for comm="CrashSDKBkgdHan" path="/data/anr" dev="dm-10" ino=22 scontext=u:r:untrusted_app_27:s0:c104,c256,c512,c768 tcontext=u:object_r:anr_data_file:s0 tclass=dir permissive=1 app=com.taobao.taobao
02-28 15:03:20.723 16413 16413 I CrashSDKBkgdHan: type=1400 audit(0.0:22865): avc: denied { open } for path="/data/anr" dev="dm-10" ino=22 scontext=u:r:untrusted_app_27:s0:c104,c256,c512,c768 tcontext=u:object_r:anr_data_file:s0 tclass=dir permissive=1 app=com.taobao.taobao
02-28 15:03:20.932 16448 16497 I DEBUG : begin to generate unexp report
01-09 09:16:35.226 0 0 I logd : logdr: UID=10104 GID=10104 PID=16448 n tail=0 logMask=d pid=0 start=0ns deadline=0ns
02-28 15:03:20.961 16448 16497 I DEBUG : unexp report not generated
02-28 15:03:21.123 19732 21123 E cube_taskex: HCDN_LOG: [T:21123]Java_com_qiyi_hcdndownloader_HCDNDownloaderTask_GetFileSizeNative 170: taskptr = 0xb3dc2a10
02-28 15:03:21.123 19732 21123 E cube_taskex: HCDN_LOG: [T:21123]Java_com_qiyi_hcdndownloader_HCDNDownloaderTask_GetDownloadSizeNative 187: taskptr = 0xb3dc2a10
02-28 15:03:21.123 19732 21123 E cube_taskex: HCDN_LOG: [T:21123]Java_com_qiyi_hcdndownloader_HCDNDownloaderTask_GetSpeedNative 139: taskptr = 0xb3dc2a10
02-28 15:03:21.199 0 0 I auditd : type=1400 audit(0.0:22866): avc: denied { kill } for comm="swapper/0" capability=5 scontext=u:r:kernel:s0 tcontext=u:r:kernel:s0 tclass=capability permissive=1
02-28 15:03:21.199 0 0 I swapper/0: type=1400 audit(0.0:22866): avc: denied { kill } for capability=5 scontext=u:r:kernel:s0 tcontext=u:r:kernel:s0 tclass=capability permissive=1
02-28 15:03:21.271 19541 19541 I auditd : type=1400 audit(0.0:22867): avc: denied { open } for comm="HCDN_DownloadEn" path="/proc/stat" dev="proc" ino=4026532245 scontext=u:r:untrusted_app:s0:c103,c256,c512,c768 tcontext=u:object_r:proc_stat:s0 tclass=file permissive=1 app=com.qiyi.video
