02-28 15:02:21.228 16448 16464 I sandbox.[Render.NN.Svc.30797]ChildProcessService: processConnectionBundle - mUseExportedService: true, mEnableSeccomp: false, isIsolatedProcess: false
02-28 15:02:21.228 30797 31264 I sandbox.[Render.NN]ChildProcessConn@13: SETUP_CONNECTION_COMPLETE_A
02-28 15:02:21.228 16448 16464 I u4java.sandbox.[Render.NN.Svc.30797]ChildProcessService: processConnectionBundle - mUseExportedService: true, mEnableSeccomp: false, isIsolatedProcess: false
02-28 15:02:21.229 16448 16464 I sandbox.[Render.NN.Svc.30797]ChildProcessService: onAppForegroundChanged: false
02-28 15:02:21.229 16448 16464 I u4java.sandbox.[Render.NN.Svc.30797]ChildProcessService: onAppForegroundChanged: false
02-28 15:02:21.230 30797 31377 I sandbox.[Render.NN]ChildProcessConn@13: [orr] ChildProcessConnection after doConnectionSetup.
02-28 15:02:21.230 30797 31377 I sandbox.[Render.NN]ChildProcessConn@13: SETUP_CONNECTION_COMPLETE_B
02-28 15:02:21.230 30797 31377 I sandbox.[Render.NN]ChildProcessConn@13.WatchDog: cancel
02-28 15:02:21.230 30797 31377 I sandbox.Render.NN.ServiceSetting: event Y SETUP_CONNECTION_COMPLETE <- X SETUP_CONNECTING
02-28 15:02:21.231 30797 31377 I sandbox.Render.ChildProcessLauncher: on connect callback, pid=16448
02-28 15:02:21.231 30797 31377 I sandbox.ChildProcLU: setConnectionStatus, status: BOUNDED_NORMAL
02-28 15:02:21.231 30797 31377 I sandbox.WebViewEntry: connection status changed: normal <- normal
02-28 15:02:21.231 30797 31377 I sandbox.ChildProcLH: updateBoundedConnectionStatus: BOUNDED_NORMAL
02-28 15:02:21.231 30797 31377 I cr.sandbox: [child_process_launcher_helper_android.cc(310) OnChildProcessStarted] renderer - handle: 16448
02-28 15:02:21.231 30797 31377 I cr.sandbox: [child_process_launcher_helper.cc(255) PostLaunchOnLauncherThread] renderer - OutgoingInvitation... 1
02-28 15:02:21.232 30797 31377 I cr.sandbox: [child_process_launcher_helper.cc(267) PostLaunchOnLauncherThread] renderer - OutgoingInvitation done.
02-28 15:02:21.232 30797 31377 I sandbox.[Render.NN]ChildProcessConn@13: SETUP_CONNECTION_COMPLETE_C
02-28 15:02:21.232 30797 30797 E cr.sandbox: [child_process_launcher.cc(91) Notify] A
02-28 15:02:21.233 16448 16619 I sandbox.[Render.NN.Svc.30797]ChildProcessService: MainThread.run begin: pid = 16448
02-28 15:02:21.233 16448 16619 I u4java.sandbox.[Render.NN.Svc.30797]ChildProcessService: MainThread.run begin: pid = 16448
02-28 15:02:21.233 16448 16619 I sandbox.[Render.NN.Svc.30797]ChildProcessService: MainThread.run: before loadNativeLibrary: true
02-28 15:02:21.233 16448 16619 I u4java.sandbox.[Render.NN.Svc.30797]ChildProcessService: MainThread.run: before loadNativeLibrary: true
02-28 15:02:21.233 30797 30797 I cr.sandbox.child_exit_observer_android: Observe begin
02-28 15:02:21.233 30797 30797 I cr.sandbox.child_exit_observer_android: Observe type: NOTIFICATION_RENDERER_PROCESS_CREATED
02-28 15:02:21.243 16448 16448 I JNI_OnLoad: ucCoreSoImplVersion: 3.22.1.248_221206100421
02-28 15:02:21.246 16448 16448 I u4java_LibraryLoader_uc: U4 core time to load native libraries: 20 ms (timestamps 3274-3294)
02-28 15:02:21.246 16448 16448 I u4java_dlmalloc: mremap() is original disabled and change to enabled
02-28 15:02:21.247 16448 16619 I u4java.ContentCPSDelegate: waitNativeLibraryLoadCompleted init begin processType:4
02-28 15:02:21.250 16448 16619 I sandbox.[Render.NN.Svc.30797]ChildProcessService: normal process, disable seccomp-bpf
02-28 15:02:21.250 16448 16619 I u4java.sandbox.[Render.NN.Svc.30797]ChildProcessService: normal process, disable seccomp-bpf
02-28 15:02:21.250 16448 16619 I sandbox.[Render.NN.Svc.30797]ChildProcessService: MainThread.run: after loadNativeLibrary
02-28 15:02:21.250 16448 16619 I u4java.sandbox.[Render.NN.Svc.30797]ChildProcessService: MainThread.run: after loadNativeLibrary
02-28 15:02:21.250 16448 16619 I sandbox.[Render.NN.Svc.30797]ChildProcessService: MainThread.run: before MainThread.wait()
02-28 15:02:21.250 16448 16619 I u4java.sandbox.[Render.NN.Svc.30797]ChildProcessService: MainThread.run: before MainThread.wait()
02-28 15:02:21.250 16448 16619 I sandbox.[Render.NN.Svc.30797]ChildProcessService: MainThread.run: after MainThread.wait(): 7
02-28 15:02:21.250 16448 16619 I u4java.sandbox.[Render.NN.Svc.30797]ChildProcessService: MainThread.run: after MainThread.wait(): 7
02-28 15:02:21.250 16448 16619 I u4java.ContentCPSDelegate: onBeforeMain
02-28 15:02:21.259 16448 16629 E resolve_sym_loader: initialize_if_needed, app_map: 0x772f9d70e0, so_name: /system/bin/app_process64
02-28 15:02:21.261 16413 16593 E TLogConfigReceiver: tlogDestroy is: falsetlogSwitch is : true tlogLevel is : ERROR tlogModule is : off
02-28 15:02:21.261 16413 16593 E TLogConfigReceiver: change tlog level : ERROR
02-28 15:02:21.261 16413 16593 E TLogConfigReceiver: tlog model : off
02-28 15:02:21.262 16413 16593 E TLogConfigReceiver: change tlog start up sampling : 10
02-28 15:02:21.265 16413 16593 E TLogConfigReceiver: [orange]tlog_switch: fileVersion=9, tlogMaxSize=50, utSampleRate=10000, fileStatisticsDays=1, fileStatisticsRate=20, bufferSize=600, scanUpload=true, multiProcessNotify=null, udfSwitch=null, useZstd=true, realtimeEnable=true, interceptEnable=true, sliceConfig=true:5:400:7:2
02-28 15:02:21.271 16448 16619 I u4native: [INFO:message_loop.cc(583)] ThreadWatchdog start to monitor thread: CrRendererMain, duration: 15000ms
02-28 15:02:21.276 16448 16619 I cr.sandbox.render: [process_setting.cc(47) SetProcMode] render process mode changed: -1(INVALID) -> 11(NORMAL_WITHOUT_SECCOMP)
02-28 15:02:21.276 16448 16619 I u4java.cr.sandbox.render: [process_setting.cc(47) SetProcMode] render process mode changed: -1(INVALID) -> 11(NORMAL_WITHOUT_SECCOMP)
02-28 15:02:21.277 16448 16619 I cr.sandbox.render: [child_thread_impl.cc(492) Init] IncomingInvitation...
02-28 15:02:21.277 16448 16619 I u4java.cr.sandbox.render: [child_thread_impl.cc(492) Init] IncomingInvitation...
02-28 15:02:21.277 16448 16619 I cr.sandbox.render: [child_thread_impl.cc(495) Init] IncomingInvitation done.
02-28 15:02:21.277 16448 16619 I u4java.cr.sandbox.render: [child_thread_impl.cc(495) Init] IncomingInvitation done.
02-28 15:02:21.281 30797 30812 W m.taobao.taoba: Profile data size exceeds 500000 bytes. It has 698878 bytes.
02-28 15:02:21.289 1544 12849 E DatabaseUtils: Writing exception to parcel
02-28 15:02:21.289 1544 12849 E DatabaseUtils: java.lang.SecurityException: com.taobao.taobao was not granted this permission: android.permission.WRITE_SETTINGS.
02-28 15:02:21.289 1544 12849 E DatabaseUtils: at android.provider.Settings.isCallingPackageAllowedToPerformAppOpsProtectedOperation(Settings.java:17094)
02-28 15:02:21.289 1544 12849 E DatabaseUtils: at android.provider.Settings.checkAndNoteWriteSettingsOperation(Settings.java:16982)
02-28 15:02:21.289 1544 12849 E DatabaseUtils: at com.android.providers.settings.SettingsProvider.mutateSystemSetting(SettingsProvider.java:1854)
02-28 15:02:21.289 1544 12849 E DatabaseUtils: at com.android.providers.settings.SettingsProvider.insertSystemSetting(SettingsProvider.java:1820)
02-28 15:02:21.289 1544 12849 E DatabaseUtils: at com.android.providers.settings.SettingsProvider.call(SettingsProvider.java:461)
02-28 15:02:21.289 1544 12849 E DatabaseUtils: at android.content.ContentProvider.call(ContentProvider.java:2464)
02-28 15:02:21.289 1544 12849 E DatabaseUtils: at android.content.ContentProvider$Transport.call(ContentProvider.java:512)
02-28 15:02:21.289 1544 12849 E DatabaseUtils: at android.content.ContentProviderNative.onTransact(ContentProviderNative.java:295)
02-28 15:02:21.289 1544 12849 E DatabaseUtils: at android.os.Binder.execTransactInternal(Binder.java:1179)
02-28 15:02:21.289 1544 12849 E DatabaseUtils: at android.os.Binder.execTransact(Binder.java:1143)
02-28 15:02:21.292 16448 16619 E chromium: UcAllocLarge V8 > 134217728
02-28 15:02:21.296 16522 16522 E adaemon : [isChannelMemOptimizeEnable] enable:true
02-28 15:02:21.302 30797 30797 I u4native: [INFO:render_process_host_impl.cc(3496)] RenderProcessHostImpl::OnChannelConnected
02-28 15:02:21.303 30797 30797 I sandbox.AwContents: onProcessReady - Render: 11/11/11 app, inCache: false - https://tbshop.m.taobao.com/app/tb-shop-...@93c2914
02-28 15:02:21.304 30797 30797 I sandbox.AwContents: onProcessReady - Render: 11/11/11 app, inCache: false - https://hybrid.miniapp.taobao.com/index....@49ae68f
02-28 15:02:21.305 30797 30797 I sandbox.AwContents: onProcessReady - Render: 11/11/11 app, inCache: false - about:blank?static@2373d75
02-28 15:02:21.308 16448 16619 I cr.sandbox.render: [render_thread_impl.cc(1621) Init] RENDER_THREAD_READY, mode: 11.
02-28 15:02:21.308 30797 30797 I cr.sandbox: [process_setting.cc(47) SetProcMode] render process mode changed: -1(INVALID) -> 11(NORMAL_WITHOUT_SECCOMP)
02-28 15:02:21.309 30797 30797 I sandbox.Render.NN.ServiceSetting: onProcessReady - desire: 11, got: 11, why: 0
02-28 15:02:21.314 16448 16640 I u4native: [INFO:layer_tree_host_impl.cc(6141)] t2_stat, FinishT2Analysis, status:2, time_used_:0, frame_count_:0
02-28 15:02:21.328 19541 20557 W kcp_info: HCDN_LOG: [T:20557]Update: udp kcp size[0], timeout kcp size[0]
01-09 09:15:35.620 0 0 E DTC_ETH,link_delay_work_func: 3003, SQI=0, link=0
02-28 15:02:21.346 16448 16640 I u4native: [INFO:layer_tree_host_impl.cc(6141)] t2_stat, FinishT2Analysis, status:2, time_used_:0, frame_count_:0
02-28 15:02:21.346 30797 30797 W System.err: java.lang.NullPointerException: Attempt to invoke interface method 'void com.taobao.analysis.v3.p.a(java.lang.Long)' on a null object reference
02-28 15:02:21.347 30797 30797 W System.err: at android.taobao.windvane.util.f.a(Taobao:125)
02-28 15:02:21.347 30797 30797 W System.err: at android.taobao.windvane.util.f.a(Taobao:138)
02-28 15:02:21.347 30797 30797 W System.err: at android.taobao.windvane.util.f.a(Taobao:133)
02-28 15:02:21.347 30797 30797 W System.err: at android.taobao.windvane.extra.uc.w.onPageFinished(Taobao:281)
02-28 15:02:21.347 30797 30797 W System.err: at com.uc.sdk_glue.ak.a(Taobao:192)
02-28 15:02:21.347 30797 30797 W System.err: at com.uc.webkit.impl.fh.d(Taobao:727)
02-28 15:02:21.347 30797 30797 W System.err: at com.uc.webkit.impl.a.d(Taobao:542)
02-28 15:02:21.347 30797 30797 W System.err: at org.chromium.android_webview.ao$e.handleMessage(Taobao:220)
02-28 15:02:21.347 30797 30797 W System.err: at android.os.Handler.dispatchMessage(Handler.java:106)
02-28 15:02:21.347 30797 30797 W System.err: at android.os.Looper.loopOnce(Looper.java:201)
02-28 15:02:21.347 30797 30797 W System.err: at android.os.Looper.loop(Looper.java:288)
02-28 15:02:21.347 30797 30797 W System.err: at android.app.ActivityThread.main(ActivityThread.java:7880)
02-28 15:02:21.347 30797 30797 W System.err: at java.lang.reflect.Method.invoke(Native Method)
02-28 15:02:21.347 30797 30797 W System.err: at com.android.internal.os.RuntimeInit$MethodAndArgsCaller.run(RuntimeInit.java:548)
02-28 15:02:21.347 30797 30797 W System.err: at com.android.internal.os.ZygoteInit.main(ZygoteInit.java:1009)
02-28 15:02:21.356 16448 16640 I u4native: [INFO:layer_tree_host_impl.cc(6141)] t2_stat, FinishT2Analysis, status:2, time_used_:0, frame_count_:0
02-28 15:02:21.359 650 664 I mpu_uart: [MSG-P:RECV]:No message received in 1000 ms
02-28 15:02:21.375 16448 16619 I cr.gpuproc: [render_thread_impl.cc(2731) RequestNewLayerTreeFrameSink]
02-28 15:02:21.375 16448 16619 I cr.gpuproc: [render_thread_impl.cc(2635) EstablishGpuChannelSync] begin
02-28 15:02:21.375 16448 16619 I cr.gpuproc: [gpu.cc(361) EstablishGpuChannelSync] begin
02-28 15:02:21.375 30797 31510 I cr.gpuproc: [gpu_client_impl.cc(0x72c89c0e10,189) EstablishGpuChannel] client_id: 4, begin
02-28 15:02:21.375 30797 31510 I cr.gpuproc: [gpu_client_impl.cc(0x72c89c0e10,218) EstablishGpuChannel] client_id: 4, end, gpu_channel_requested_
02-28 15:02:21.381 16522 16522 E FlexaLogger: TLog
02-28 15:02:21.388 16522 16522 E BundleInfoManager: {"DigitalHome4Android":{"appVersion":"10.21.10","featureName":"DigitalHome4Android","md5":"a3d4fa9aadc1adb336dd1f7b67098e5c","size":470891,"status":0,"url":"https://appdownload.alicdn.com/feature/a3d4fa9aadc1adb336dd1f7b67098e5c/DigitalHome4Android.so","version":"1.0.1.4_3jwylgpzdrkpyz57egv8d0i94"},"TB3DSpace":{"appVersion":"10.21.10","featureName":"TB3DSpace","md5":"522e2ad161606f3f25cd61f2b4e91e4a","size":6028712,"status":0,"url":"https://appdownload.alicdn.com/feature/522e2ad161606f3f25cd61f2b4e91e4a/TB3DSpace.so","version":"1.0.30_6ys7tnek17ekh17n1g6phxoq"},"dtao_liveshop_detail":{"appVersion":"10.21.10","featureName":"dtao_liveshop_detail","md5":"c02dee706c0ebb9b7598db6d8884849a","size":167503,"status":0,"url":"https://appdownload.alicdn.com/feature/c02dee706c0ebb9b7598db6d8884849a/dtao_liveshop_detail.so","version":"2.70.0.09211349_85mor1n0r4f5me4pndo4k7ts4"},"industry":{"appVersion":"10.21.10","featureName":"industry","md5":"569bdbc66bfa04eec0c86cd00d9d464c","size":195857,"status":0,"url":"https://appdownload.alicdn.com/feature/569bdbc66bfa04eec0c86cd00d9d464c/industry.so","version":"1.0.18_v8a97a4dv6llpx5mbvc60yff"},"message_chat_v2":{"appVersion":"10.21.10","featureName":"message_chat_v2","md5":"fab63c55eca129160134ee2e19fe1327","size":114873,"status":0,"url":"https://appdownload.alicdn.com/feature/fab63c55eca129160134ee2e19fe1327/message_chat_v2.so","version":"0.2.33.9_6ha34vzsvy4xzfgnnlokl5lpz"},"taobao_audio":{"appVersion":"10.21.10","featureName":"taobao_audio","md5":"af9e9997786f4d26ff4be7930f09a7be","size":36298,"status":0,"url":"https://appdownload.alicdn.com/feature/af9e9997786f4d26ff4be7930f09a7be/taobao_audio.so","version":"2.1.3.2_7ig9ijj37eipjjuh20h99byyw"},"taocrazycity":{"appVersion":"10.21.10","featureName":"taocrazycity","md5":"67492b750c532ed793af128f482ad429","size":148380,"status":0,"url":"https://appdownload.alicdn.com/feature/67492b750c532ed793af128f482ad429/taocrazycity.so","version":"1.0.4.10_6ny7vg44cnjvu8dix0odoba8j"}}
02-28 15:02:21.393 16522 16522 I u4java.SandboxedProcessService: onCreate
02-28 15:02:21.393 16522 16522 I u4java.SandboxedProcessService: onBind
02-28 15:02:21.395 16522 16522 I u4java.[GPU.Svc.30797]SandboxedProcessService: onIntentInit - Intent { cmp=com.taobao.taobao/com.taobao.android.uc.service.GpuProcessService0 (has extras) }, com.taobao.taobao, call count 1
02-28 15:02:21.396 30797 31378 I sandbox.GPU.ServiceSetting: event G CONNECTED_A <- B LAUNCH_START
02-28 15:02:21.396 30797 31378 I sandbox.[GPU]ChildProcessConn@14: ChildServiceConnectionDelegate.onServiceConnected service:android.os.BinderProxy@9469e3d
02-28 15:02:21.396 30797 31378 I sandbox.[GPU]ChildProcessConn@14.WatchDog: cancel
02-28 15:02:21.396 30797 31378 I sandbox.GPU.ServiceSetting: event H CONNECTED_B <- G CONNECTED_A
02-28 15:02:21.397 30797 31378 I sandbox.GPU.ServiceSetting: event K PRE_SETUP <- H CONNECTED_B
02-28 15:02:21.397 16522 16551 I u4java.[GPU.Svc.30797]SandboxedProcessService: preSetupConnection, dex fd: null
02-28 15:02:21.398 16522 16551 I u4java.[GPU.Svc.30797]SandboxedProcessService: doInit 1/4 - initCrashSdkIfNeeded, crashFD: null
02-28 15:02:21.398 16522 16551 I u4java.[GPU.Svc.30797]SandboxedProcessService: doInit 2/4 - initServiceClassIfNeeded, dexFd: null, libFdInfos: null
02-28 15:02:21.398 16522 16551 I u4java.[GPU.Svc.30797]SandboxedProcessService: core info:
02-28 15:02:21.398 16522 16551 I u4java.[GPU.Svc.30797]SandboxedProcessService: dexPath: null
02-28 15:02:21.398 16522 16551 I u4java.[GPU.Svc.30797]SandboxedProcessService: odexPath: null
02-28 15:02:21.398 16522 16551 I u4java.[GPU.Svc.30797]SandboxedProcessService: libPath: /data/user/0/com.taobao.taobao/app_ucmsdk/decompresses2/_159528522/13066248_312739200000/lib
02-28 15:02:21.398 16522 16551 I u4java.[GPU.Svc.30797]SandboxedProcessService: sourceDir: /data/app/~~GVVWEatBT7B0kzB89G3RDA==/com.taobao.taobao-55Ptjaj_CctBrcA3Azge0Q==/base.apk
02-28 15:02:21.398 16522 16551 I u4java.[GPU.Svc.30797]SandboxedProcessService: sourceDirPrior: /data/app/~~GVVWEatBT7B0kzB89G3RDA==/com.taobao.taobao-55Ptjaj_CctBrcA3Azge0Q==/lib/arm64/libservicefakedex.so
02-28 15:02:21.399 16522 16551 I u4java.[GPU.Svc.30797]SandboxedProcessService: main process version: 3.22.1.248_221206100233, 4.0.0.1
02-28 15:02:21.399 16522 16551 I u4java.[GPU.Svc.30797]SandboxedProcessService: this process version: 3.22.1.248_221206100233, 4.0.0.1
02-28 15:02:21.400 16522 16551 I u4java.[GPU.Svc.30797]SandboxedProcessService: doInit 3/4 - attachSandboxedProcessService
02-28 15:02:21.401 16522 16551 I u4java.[GPU.Svc.30797]SandboxedProcessService: doInit 4/4 - doInitService, libFdInfos: null
02-28 15:02:21.402 16522 16551 I sandbox.[GPU.Svc.30797]ChildProcessService: onBind - intent: Intent { cmp=com.taobao.taobao/com.taobao.android.uc.service.GpuProcessService0 (has extras) }, com.taobao.taobao
02-28 15:02:21.402 16522 16551 I u4java.sandbox.[GPU.Svc.30797]ChildProcessService: onBind - intent: Intent { cmp=com.taobao.taobao/com.taobao.android.uc.service.GpuProcessService0 (has extras) }, com.taobao.taobao
02-28 15:02:21.402 16522 16551 I sandbox.[GPU.Svc.30797]ChildProcessService: onCreate: pid = 16522
02-28 15:02:21.402 16522 16551 I u4java.sandbox.[GPU.Svc.30797]ChildProcessService: onCreate: pid = 16522
02-28 15:02:21.403 16522 16551 I sandbox.MPStats: onEngineInit
02-28 15:02:21.403 16522 16551 I u4java.sandbox.MPStats: onEngineInit
02-28 15:02:21.403 16522 16551 I sandbox.[GPU.Svc.30797]ChildProcessService: onBind: Intent { cmp=com.taobao.taobao/com.taobao.android.uc.service.GpuProcessService0 (has extras) }
02-28 15:02:21.403 16522 16551 I u4java.sandbox.[GPU.Svc.30797]ChildProcessService: onBind: Intent { cmp=com.taobao.taobao/com.taobao.android.uc.service.GpuProcessService0 (has extras) }
02-28 15:02:21.404 16522 16551 I sandbox.[GPU.Svc.30797]ChildProcessService: initializeEngine null
02-28 15:02:21.404 16522 16551 I u4java.sandbox.[GPU.Svc.30797]ChildProcessService: initializeEngine null
02-28 15:02:21.405 16522 16551 I u4java.[GPU.Svc.30797]SandboxedProcessService: doInit done.
02-28 15:02:21.405 16522 16551 I u4java.[GPU.Svc.30797]SandboxedProcessService: preSetupConnection done.
02-28 15:02:21.405 30797 31378 I sandbox.GPU.ServiceSetting: event I CONNECTED_C <- K PRE_SETUP
02-28 15:02:21.405 16522 16522 I u4java.ContentCPSDelegate: loadNativeLibrary libPath:/data/user/0/com.taobao.taobao/app_ucmsdk/decompresses2/_159528522/13066248_312739200000/lib
02-28 15:02:21.405 30797 31378 I sandbox.GPU.ServiceSetting: event P BIND_TO_CALLER <- I CONNECTED_C
02-28 15:02:21.405 16522 16550 I sandbox.[GPU.Svc.30797]ChildProcessService: bindToCaller - com.taobao.taobao
02-28 15:02:21.406 16522 16550 I u4java.sandbox.[GPU.Svc.30797]ChildProcessService: bindToCaller - com.taobao.taobao
02-28 15:02:21.406 30797 31378 I sandbox.GPU.ServiceSetting: event Q CONNECT_COMPLETE <- P BIND_TO_CALLER
02-28 15:02:21.406 16522 16522 I u4java_LibraryLoader_uc: loadLibraryUsingPath /data/user/0/com.taobao.taobao/app_ucmsdk/decompresses2/_159528522/13066248_312739200000/lib/libwebviewuc.so
02-28 15:02:21.406 30797 31378 I sandbox.[GPU]ChildProcessConn@14: ChildProcessConnection onServiceConnected.
02-28 15:02:21.406 30797 31378 I sandbox.GPU.ServiceSetting: event W SETUP_CONNECTION <- Q CONNECT_COMPLETE
02-28 15:02:21.407 30797 31378 I sandbox.[GPU]ChildProcessConn@14.WatchDog: start - timeout/retry = 5000/0, event/reason = 40/62
02-28 15:02:21.407 30797 31378 I sandbox.GPU.ServiceSetting: event X SETUP_CONNECTING <- W SETUP_CONNECTION
02-28 15:02:21.407 30797 31378 I sandbox.[GPU]ChildProcessConn@14: SETUP_CONNECTION done
02-28 15:02:21.407 30797 31378 I sandbox.[GPU]ChildProcessConn@14: [orr] ChildProcessConnection after doConnectionSetup.
02-28 15:02:21.408 16522 16550 I sandbox.[GPU.Svc.30797]ChildProcessService: processConnectionBundle - mUseExportedService: true, mEnableSeccomp: false, isIsolatedProcess: false
02-28 15:02:21.408 16522 16550 I u4java.sandbox.[GPU.Svc.30797]ChildProcessService: processConnectionBundle - mUseExportedService: true, mEnableSeccomp: false, isIsolatedProcess: false
02-28 15:02:21.409 30797 31952 I sandbox.[GPU]ChildProcessConn@14: SETUP_CONNECTION_COMPLETE_A
02-28 15:02:21.409 16522 16551 I sandbox.[GPU.Svc.30797]ChildProcessService: onAppForegroundChanged: false
02-28 15:02:21.409 16522 16551 I u4java.sandbox.[GPU.Svc.30797]ChildProcessService: onAppForegroundChanged: false
02-28 15:02:21.410 30797 31378 I sandbox.[GPU]ChildProcessConn@14: SETUP_CONNECTION_COMPLETE_B
02-28 15:02:21.410 30797 31378 I sandbox.[GPU]ChildProcessConn@14.WatchDog: cancel
02-28 15:02:21.410 30797 31378 I sandbox.GPU.ServiceSetting: event Y SETUP_CONNECTION_COMPLETE <- X SETUP_CONNECTING
02-28 15:02:21.411 30797 31378 I sandbox.GPU.ChildProcessLauncher: on connect callback, pid=16522
02-28 15:02:21.411 30797 31378 I sandbox.ChildProcLU: setConnectionStatus, status: BOUNDED_NORMAL
02-28 15:02:21.411 30797 31378 I sandbox.WebViewEntry: connection status changed: normal <- normal
02-28 15:02:21.411 30797 31378 I sandbox.ChildProcLH: updateBoundedConnectionStatus: BOUNDED_NORMAL
02-28 15:02:21.411 30797 31378 I cr.sandbox: [child_process_launcher_helper_android.cc(310) OnChildProcessStarted] gpu-process - handle: 16522
02-28 15:02:21.412 30797 31378 I cr.sandbox: [child_process_launcher_helper.cc(255) PostLaunchOnLauncherThread] gpu-process - OutgoingInvitation... 1
02-28 15:02:21.412 30797 31378 I cr.sandbox: [child_process_launcher_helper.cc(267) PostLaunchOnLauncherThread] gpu-process - OutgoingInvitation done.
02-28 15:02:21.413 30797 31510 E cr.sandbox: [child_process_launcher.cc(91) Notify] A
02-28 15:02:21.413 30797 31510 I cr.gpuproc: [gpu_process_host.cc(0x72a97a3360,1173) OnProcessLaunched]
02-28 15:02:21.413 30797 31378 I sandbox.[GPU]ChildProcessConn@14: SETUP_CONNECTION_COMPLETE_C
02-28 15:02:21.413 16522 16651 I sandbox.[GPU.Svc.30797]ChildProcessService: MainThread.run begin: pid = 16522
02-28 15:02:21.413 16522 16651 I u4java.sandbox.[GPU.Svc.30797]ChildProcessService: MainThread.run begin: pid = 16522
02-28 15:02:21.414 16522 16651 I sandbox.[GPU.Svc.30797]ChildProcessService: MainThread.run: before loadNativeLibrary: true
02-28 15:02:21.414 16522 16651 I u4java.sandbox.[GPU.Svc.30797]ChildProcessService: MainThread.run: before loadNativeLibrary: true
02-28 15:02:21.416 16522 16522 I JNI_OnLoad: ucCoreSoImplVersion: 3.22.1.248_221206100421
02-28 15:02:21.419 16522 16522 I u4java_LibraryLoader_uc: U4 core time to load native libraries: 14 ms (timestamps 3453-3467)
02-28 15:02:21.419 16522 16522 I u4java_dlmalloc: mremap() is original disabled and change to enabled
02-28 15:02:21.421 16522 16651 I u4java.ContentCPSDelegate: waitNativeLibraryLoadCompleted init begin processType:4
02-28 15:02:21.424 16522 16651 I sandbox.[GPU.Svc.30797]ChildProcessService: normal process, disable seccomp-bpf
02-28 15:02:21.424 16522 16651 I u4java.sandbox.[GPU.Svc.30797]ChildProcessService: normal process, disable seccomp-bpf
02-28 15:02:21.425 16522 16651 I sandbox.[GPU.Svc.30797]ChildProcessService: MainThread.run: after loadNativeLibrary
02-28 15:02:21.425 16522 16651 I u4java.sandbox.[GPU.Svc.30797]ChildProcessService: MainThread.run: after loadNativeLibrary
02-28 15:02:21.425 16522 16651 I sandbox.[GPU.Svc.30797]ChildProcessService: MainThread.run: before MainThread.wait()
02-28 15:02:21.425 16522 16651 I u4java.sandbox.[GPU.Svc.30797]ChildProcessService: MainThread.run: before MainThread.wait()
02-28 15:02:21.425 16522 16651 I sandbox.[GPU.Svc.30797]ChildProcessService: MainThread.run: after MainThread.wait(): 5
02-28 15:02:21.425 16522 16651 I u4java.sandbox.[GPU.Svc.30797]ChildProcessService: MainThread.run: after MainThread.wait(): 5
02-28 15:02:21.425 16522 16651 I u4java.ContentCPSDelegate: onBeforeMain
02-28 15:02:21.428 16522 16653 E resolve_sym_loader: initialize_if_needed, app_map: 0x772f9d70e0, so_name: /system/bin/app_process64
02-28 15:02:21.434 16522 16651 I cr.sandbox.gpu: [gpu_main.cc(255) GpuMain] gpu_init_timeout: 20000, gpu_info_cache_enable: 1
02-28 15:02:21.434 16522 16651 I u4java.cr.sandbox.gpu: [gpu_main.cc(255) GpuMain] gpu_init_timeout: 20000, gpu_info_cache_enable: 1
02-28 15:02:21.434 16522 16651 E u4native: [ERROR:crash_sdk.cc(37)] CrashSDK::Init are called multiple times
02-28 15:02:21.434 16522 16651 I cr.sandbox.gpu: [gpu_main.cc(352) GpuMain] 15:2:21.434 352
02-28 15:02:21.434 16522 16651 I u4java.cr.sandbox.gpu: [gpu_main.cc(352) GpuMain] 15:2:21.434 352
02-28 15:02:21.434 16522 16651 I cr.sandbox.gpu: [gpu_main.cc(364) GpuMain] InitializeSkia... 15:2:21.434 352 0ms/364
02-28 15:02:21.434 16522 16651 I u4java.cr.sandbox.gpu: [gpu_main.cc(364) GpuMain] InitializeSkia... 15:2:21.434 352 0ms/364
02-28 15:02:21.435 16522 16651 I cr.sandbox.gpu: [gpu_main.cc(366) GpuMain] InitializeSkia done. 15:2:21.434 352 0ms/364 2ms/366
02-28 15:02:21.435 16522 16651 I u4java.cr.sandbox.gpu: [gpu_main.cc(366) GpuMain] InitializeSkia done. 15:2:21.434 352 0ms/364 2ms/366
02-28 15:02:21.435 16522 16651 I cr.sandbox.gpu: [gpu_main.cc(376) GpuMain] InitializeAndStartSandbox... 15:2:21.434 352 0ms/364 2ms/366 0ms/376
02-28 15:02:21.435 16522 16651 I u4java.cr.sandbox.gpu: [gpu_main.cc(376) GpuMain] InitializeAndStartSandbox... 15:2:21.434 352 0ms/364 2ms/366 0ms/376
02-28 15:02:21.438 16522 16651 I cr.gpuproc: [gl_surface_egl.cc(886) InitializeDisplay] begin
02-28 15:02:21.439 16522 16651 I u4java.cr.gpuproc: [gl_surface_egl.cc(886) InitializeDisplay] begin
02-28 15:02:21.439 16522 16651 I AdrenoGLES-0: QUALCOMM build : 47421dbee6, I139f36ad46
02-28 15:02:21.439 16522 16651 I AdrenoGLES-0: Build Date : 02/18/22
02-28 15:02:21.439 16522 16651 I AdrenoGLES-0: OpenGL ES Shader Compiler Version: EV031.32.02.17
02-28 15:02:21.439 16522 16651 I AdrenoGLES-0: Local Branch :
02-28 15:02:21.439 16522 16651 I AdrenoGLES-0: Remote Branch :
02-28 15:02:21.439 16522 16651 I AdrenoGLES-0: Remote Branch :
02-28 15:02:21.439 16522 16651 I AdrenoGLES-0: Reconstruct Branch :
02-28 15:02:21.439 16522 16651 I AdrenoGLES-0: Build Config : S P 10.0.7 AArch64
02-28 15:02:21.439 16522 16651 I AdrenoGLES-0: Driver Path : /vendor/lib64/egl/libGLESv2_adreno.so
02-28 15:02:21.440 505 505 I hwservicemanager: getTransport: Cannot find entry android.hardware.graphics.mapper@4.0::IMapper/default in either framework or device VINTF manifest.
02-28 15:02:21.450 16522 16651 I AdrenoGLES-0: PFP: 0x016dd093, ME: 0x00000000
02-28 15:02:21.460 19732 20581 W kcp_info: HCDN_LOG: [T:20581]Update: udp kcp size[0], timeout kcp size[0]
02-28 15:02:21.461 16522 16651 I cr.gpuproc: [gl_surface_egl.cc(973) InitializeDisplay] end, g_egl_display: 0xb4000074b309e9d0
02-28 15:02:21.461 16522 16651 I u4java.cr.gpuproc: [gl_surface_egl.cc(973) InitializeDisplay] end, g_egl_display: 0xb4000074b309e9d0
02-28 15:02:21.473 16522 16651 I cr.sandbox.gpu: [gpu_main.cc(379) GpuMain] InitializeAndStartSandbox done. 15:2:21.434 352 0ms/364 2ms/366 0ms/376 38ms/379
02-28 15:02:21.473 16522 16651 I u4java.cr.sandbox.gpu: [gpu_main.cc(379) GpuMain] InitializeAndStartSandbox done. 15:2:21.434 352 0ms/364 2ms/366 0ms/376 38ms/379
02-28 15:02:21.475 16522 16651 I cr.sandbox.gpu: [gpu_main.cc(398) GpuMain] new GpuChildThread... 15:2:21.434 352 0ms/364 2ms/366 0ms/376 38ms/379 1ms/398
02-28 15:02:21.475 16522 16651 I u4java.cr.sandbox.gpu: [gpu_main.cc(398) GpuMain] new GpuChildThread... 15:2:21.434 352 0ms/364 2ms/366 0ms/376 38ms/379 1ms/398
02-28 15:02:21.475 16522 16651 I cr.sandbox.gpu: [child_thread_impl.cc(492) Init] IncomingInvitation...
02-28 15:02:21.475 16522 16651 I u4java.cr.sandbox.gpu: [child_thread_impl.cc(492) Init] IncomingInvitation...
02-28 15:02:21.475 16522 16651 I cr.sandbox.gpu: [child_thread_impl.cc(495) Init] IncomingInvitation done.
02-28 15:02:21.475 16522 16651 I u4java.cr.sandbox.gpu: [child_thread_impl.cc(495) Init] IncomingInvitation done.
02-28 15:02:21.488 16522 16651 I cr.sandbox.gpu: [gpu_main.cc(401) GpuMain] new GpuChildThread done. 15:2:21.434 352 0ms/364 2ms/366 0ms/376 38ms/379 1ms/398 13ms/401
02-28 15:02:21.488 16522 16651 I cr.sandbox.gpu: [process_setting.cc(47) SetProcMode] gpu process mode changed: -1(INVALID) -> 2(ISOLATE)
02-28 15:02:21.490 30797 30797 I sandbox.GPU.ServiceSetting: onProcessReady - desire: 2, got: 2, why: 0
02-28 15:02:21.491 30797 30797 I cr.sandbox: [process_setting.cc(47) SetProcMode] gpu process mode changed: -1(INVALID) -> 2(ISOLATE)
02-28 15:02:21.492 30797 30797 I sandbox.AwContents: onProcessReady - GPU: 2/2/2 app, inCache: false - about:blank?static@2373d75
02-28 15:02:21.492 30797 30797 I sandbox.AwContents: onProcessReady - GPU: 2/2/2 app, inCache: false - https://hybrid.miniapp.taobao.com/index....@49ae68f
02-28 15:02:21.492 30797 30797 I sandbox.AwContents: onProcessReady - GPU: 2/2/2 app, inCache: false - https://tbshop.m.taobao.com/app/tb-shop-...@93c2914
02-28 15:02:21.494 16522 16658 I cr.gpuproc: [gpu_service_impl.cc(0x7715d3a240,736) EstablishGpuChannel] client_id: 4, post to IO Thread to EstablishGpuChannel
02-28 15:02:21.494 16522 16651 I cr.gpuproc: [gpu_service_impl.cc(0x7715d3a240,752) EstablishGpuChannel] client_id: 4, begin, call manager EstablishChannel
02-28 15:02:21.494 16522 16651 I cr.gpuproc: [gpu_service_impl.cc(0x7715d3a240,757) EstablishGpuChannel] client_id: 4, call Init
02-28 15:02:21.494 16522 16651 I cr.gpuproc: [gpu_service_impl.cc(0x7715d3a240,767) EstablishGpuChannel] client_id: 4, end and call callback
02-28 15:02:21.495 30797 31510 I cr.gpuproc: [gpu_process_host.cc(0x72a97a3360,1123) OnChannelEstablished] client_id: 4, begin
02-28 15:02:21.496 30797 31510 I cr.gpuproc: [gpu_process_host.cc(0x72a97a3360,1145) OnChannelEstablished] client_id: 4, end and call callback
02-28 15:02:21.496 30797 31510 I cr.gpuproc: [gpu_client_impl.cc(0x72c89c0e10,104) OnEstablishGpuChannel] client_id: 4, begin, pre_establish: 1, status: 2
02-28 15:02:21.496 30797 31510 I sandbox.MPStats: onEstablishGpuChannelFinish: false
02-28 15:02:21.496 30797 31510 I sandbox.GPU.ServiceSetting: event j ESTABLISH_GPU_CHANNEL_F <- Y SETUP_CONNECTION_COMPLETE
02-28 15:02:21.496 30797 31510 I cr.gpuproc: [gpu_client_impl.cc(0x72c89c0e10,155) OnEstablishGpuChannel] client_id: 4, end, callback running
02-28 15:02:21.497 16448 16619 I cr.gpuproc: [gpu.cc(373) EstablishGpuChannelSync] end, gpu_channel_ id: 4
02-28 15:02:21.497 16448 16619 I cr.gpuproc: [render_thread_impl.cc(2639) EstablishGpuChannelSync] end and set gpu info
02-28 15:02:21.497 16448 16619 I cr.gpuproc: [render_thread_impl.cc(3108) SharedCompositorWorkerContextProvider]
02-28 15:02:21.497 16448 16619 I cr.gpuproc: [render_thread_impl.cc(2635) EstablishGpuChannelSync] begin
02-28 15:02:21.497 16448 16619 I cr.gpuproc: [gpu.cc(357) EstablishGpuChannelSync] use current channel(id: 4)
02-28 15:02:21.497 16448 16619 I cr.gpuproc: [render_thread_impl.cc(2639) EstablishGpuChannelSync] end and set gpu info
02-28 15:02:21.497 16448 16619 D u4native: [command_buffer_proxy_impl.cc(0x7719205360,69) CommandBufferProxyImpl]
02-28 15:02:21.497 16448 16619 D u4native: [command_buffer_proxy_impl.cc(0x7719205360,85) Initialize] begin
02-28 15:02:21.499 16522 16651 I cr.gpuproc: [gpu_channel.cc(0x7715d43300,632) OnCreateCommandBuffer] begin, handle: 0, is_gpu_host: 0
02-28 15:02:21.499 16522 16651 I cr.gpuproc: [gles2_command_buffer_stub.cc(0x7715c0c9a0,101) GLES2CommandBufferStub]
02-28 15:02:21.499 16522 16651 I cr.gpuproc: [gles2_command_buffer_stub.cc(0x7715c0c9a0,113) Initialize]
02-28 15:02:21.499 16522 16651 D libEGL : MSAA-->msaa:0 gamemode:0 4x_msaa:0
02-28 15:02:21.500 16522 16651 D libEGL : MSAA-->msaa:0 gamemode:0 4x_msaa:0
02-28 15:02:21.520 1232 15491 I OMX-VENC: venc_dev: stats: avg. fps 9.92, bitrate 251895
02-28 15:02:21.521 16522 16651 I cr.gpuproc: [gpu_channel.cc(0x7715d43300,720) OnCreateCommandBuffer] end
02-28 15:02:21.522 16448 16619 D u4native: [command_buffer_proxy_impl.cc(0x7719205360,163) Initialize] end, result: 0
02-28 15:02:21.524 16448 16640 D u4native: [command_buffer_proxy_impl.cc(0x7719417c80,69) CommandBufferProxyImpl]
02-28 15:02:21.524 16448 16640 D u4native: [command_buffer_proxy_impl.cc(0x7719417c80,85) Initialize] begin
02-28 15:02:21.524 16522 16651 I cr.gpuproc: [gpu_channel.cc(0x7715d43300,632) OnCreateCommandBuffer] begin, handle: 0, is_gpu_host: 0
02-28 15:02:21.524 16522 16651 I cr.gpuproc: [gles2_command_buffer_stub.cc(0x77197f4c50,101) GLES2CommandBufferStub]
02-28 15:02:21.524 16522 16651 I cr.gpuproc: [gles2_command_buffer_stub.cc(0x77197f4c50,113) Initialize]
02-28 15:02:21.526 16522 16651 I cr.gpuproc: [gpu_channel.cc(0x7715d43300,720) OnCreateCommandBuffer] end
02-28 15:02:21.527 16448 16640 D u4native: [command_buffer_proxy_impl.cc(0x7719417c80,163) Initialize] end, result: 0
02-28 15:02:21.527 16448 16640 I cr.gpuproc: [display.cc(0x77161f1f60,97) Initialize]
02-28 15:02:21.527 16448 16640 I cr.gpuproc: [display.cc(0x77161f1f60,221) InitializeRenderer]
02-28 15:02:21.527 16448 16640 I cr.gpuproc: [display.cc(0x77161f1f60,142) SetVisible] visible: 1
02-28 15:02:21.537 16448 16619 E resolve_sym_loader: get_soinfo return null!
02-28 15:02:21.552 16448 16619 E resolve_sym_loader: get_soinfo return null!
02-28 15:02:21.558 16448 16619 I cr.gpuproc: [render_thread_impl.cc(2731) RequestNewLayerTreeFrameSink]
02-28 15:02:21.558 16448 16619 I cr.gpuproc: [render_thread_impl.cc(2635) EstablishGpuChannelSync] begin
02-28 15:02:21.558 16448 16619 I cr.gpuproc: [gpu.cc(357) EstablishGpuChannelSync] use current channel(id: 4)
02-28 15:02:21.558 16448 16619 I cr.gpuproc: [render_thread_impl.cc(2639) EstablishGpuChannelSync] end and set gpu info
02-28 15:02:21.558 16448 16640 D u4native: [command_buffer_proxy_impl.cc(0x771941f230,69) CommandBufferProxyImpl]
02-28 15:02:21.558 16448 16640 D u4native: [command_buffer_proxy_impl.cc(0x771941f230,85) Initialize] begin
02-28 15:02:21.559 16448 16619 I cr.gpuproc: [render_thread_impl.cc(2731) RequestNewLayerTreeFrameSink]
02-28 15:02:21.559 16448 16619 I cr.gpuproc: [render_thread_impl.cc(2635) EstablishGpuChannelSync] begin
02-28 15:02:21.559 16448 16619 I cr.gpuproc: [gpu.cc(357) EstablishGpuChannelSync] use current channel(id: 4)
02-28 15:02:21.559 16448 16619 I cr.gpuproc: [render_thread_impl.cc(2639) EstablishGpuChannelSync] end and set gpu info
02-28 15:02:21.563 16522 16651 I cr.gpuproc: [gpu_channel.cc(0x7715d43300,632) OnCreateCommandBuffer] begin, handle: 0, is_gpu_host: 0
02-28 15:02:21.563 16522 16651 I cr.gpuproc: [gles2_command_buffer_stub.cc(0x77197fc540,101) GLES2CommandBufferStub]
02-28 15:02:21.563 16522 16651 I cr.gpuproc: [gles2_command_buffer_stub.cc(0x77197fc540,113) Initialize]
02-28 15:02:21.565 16522 16651 I cr.gpuproc: [gpu_channel.cc(0x7715d43300,720) OnCreateCommandBuffer] end
02-28 15:02:21.566 16448 16640 D u4native: [command_buffer_proxy_impl.cc(0x771941f230,163) Initialize] end, result: 0
02-28 15:02:21.566 16448 16640 I cr.gpuproc: [display.cc(0x77114053e0,97) Initialize]
02-28 15:02:21.566 16448 16640 I cr.gpuproc: [display.cc(0x77114053e0,221) InitializeRenderer]
02-28 15:02:21.566 16448 16640 I cr.gpuproc: [display.cc(0x77114053e0,142) SetVisible] visible: 1
02-28 15:02:21.567 16448 16640 D u4native: [command_buffer_proxy_impl.cc(0x771941c030,69) CommandBufferProxyImpl]
02-28 15:02:21.567 16448 16640 D u4native: [command_buffer_proxy_impl.cc(0x771941c030,85) Initialize] begin
02-28 15:02:21.567 16522 16651 I cr.gpuproc: [gpu_channel.cc(0x7715d43300,632) OnCreateCommandBuffer] begin, handle: 0, is_gpu_host: 0
02-28 15:02:21.567 16522 16651 I cr.gpuproc: [gles2_command_buffer_stub.cc(0x77161f1c60,101) GLES2CommandBufferStub]
02-28 15:02:21.567 16522 16651 I cr.gpuproc: [gles2_command_buffer_stub.cc(0x77161f1c60,113) Initialize]
02-28 15:02:21.569 16522 16651 I cr.gpuproc: [gpu_channel.cc(0x7715d43300,720) OnCreateCommandBuffer] end
02-28 15:02:21.569 16448 16640 D u4native: [command_buffer_proxy_impl.cc(0x771941c030,163) Initialize] end, result: 0
02-28 15:02:21.570 16448 16640 I cr.gpuproc: [display.cc(0x7715c0c240,97) Initialize]
02-28 15:02:21.570 16448 16640 I cr.gpuproc: [display.cc(0x7715c0c240,221) InitializeRenderer]
02-28 15:02:21.570 16448 16640 I cr.gpuproc: [display.cc(0x7715c0c240,142) SetVisible] visible: 1
02-28 15:02:21.589 16448 16619 I cr.sandbox.render: [process_setting.cc(47) SetProcMode] gpu process mode changed: -1(INVALID) -> 2(ISOLATE)
02-28 15:02:21.648 19732 21123 E cube_taskex: HCDN_LOG: [T:21123]Java_com_qiyi_hcdndownloader_HCDNDownloaderTask_GetFileSizeNative 170: taskptr = 0xb3dc2a10
02-28 15:02:21.648 19732 21123 E cube_taskex: HCDN_LOG: [T:21123]Java_com_qiyi_hcdndownloader_HCDNDownloaderTask_GetDownloadSizeNative 187: taskptr = 0xb3dc2a10
02-28 15:02:21.648 19732 21123 E cube_taskex: HCDN_LOG: [T:21123]Java_com_qiyi_hcdndownloader_HCDNDownloaderTask_GetSpeedNative 139: taskptr = 0xb3dc2a10
02-28 15:02:21.729 650 663 I mpu_uart: [MSG-P:R]:recv sync frame timeout
02-28 15:02:21.802 1544 1807 I input_interaction: Interaction with: bef888c com.android.launcher3/com.android.launcher3.uioverrides.QuickstepLauncher (server), cf8a90c com.android.systemui.ImageWallpaper (server), swipe-up (server), edge-swipe (server), PointerEventDispatcher0 (server),
02-28 15:02:21.807 1544 1668 V DisplayPowerController[0]: Brightness [1.0] reason changing to: 'manual', previous reason: 'manual [ dim ]'.
02-28 15:02:21.807 1544 1668 I sysui_multi_action: [757,1696,758,6,759,3]
02-28 15:02:21.811 1544 2028 E DisplayDeviceConfig: requesting nits when no mapping exists.
02-28 15:02:21.812 1544 2028 E DisplayDeviceConfig: requesting nits when no mapping exists.
02-28 15:02:21.812 1544 1642 I am_wtf : [0,1544,system_server,-1,DisplayDeviceConfig,requesting nits when no mapping exists.]
02-28 15:02:21.814 1544 1642 I DropBoxManagerService: add tag=system_server_wtf isTagEnabled=true flags=0x2
02-28 15:02:21.815 1544 1642 I am_wtf : [0,1544,system_server,-1,DisplayDeviceConfig,requesting nits when no mapping exists.]
02-28 15:02:21.815 1544 1642 I DropBoxManagerService: add tag=system_server_wtf isTagEnabled=true flags=0x2
02-28 15:02:21.829 1544 2028 E DisplayDeviceConfig: requesting nits when no mapping exists.
02-28 15:02:21.829 1544 2028 E DisplayDeviceConfig: requesting nits when no mapping exists.
02-28 15:02:21.829 1544 1642 I am_wtf : [0,1544,system_server,-1,DisplayDeviceConfig,requesting nits when no mapping exists.]
02-28 15:02:21.831 1544 1642 I DropBoxManagerService: add tag=system_server_wtf isTagEnabled=true flags=0x2
02-28 15:02:21.831 1544 1642 I am_wtf : [0,1544,system_server,-1,DisplayDeviceConfig,requesting nits when no mapping exists.]
02-28 15:02:21.832 1544 1642 I DropBoxManagerService: add tag=system_server_wtf isTagEnabled=true flags=0x2
02-28 15:02:21.846 1544 2028 E DisplayDeviceConfig: requesting nits when no mapping exists.
02-28 15:02:21.846 1544 2028 E DisplayDeviceConfig: requesting nits when no mapping exists.
02-28 15:02:21.846 1544 1642 I am_wtf : [0,1544,system_server,-1,DisplayDeviceConfig,requesting nits when no mapping exists.]
02-28 15:02:21.848 1544 1642 I DropBoxManagerService: add tag=system_server_wtf isTagEnabled=true flags=0x2
02-28 15:02:21.848 1544 1642 I am_wtf : [0,1544,system_server,-1,DisplayDeviceConfig,requesting nits when no mapping exists.]
02-28 15:02:21.862 1544 2028 E DisplayDeviceConfig: requesting nits when no mapping exists.
02-28 15:02:21.862 1544 2028 E DisplayDeviceConfig: requesting nits when no mapping exists.
02-28 15:02:21.862 1544 1642 I am_wtf : [0,1544,system_server,-1,DisplayDeviceConfig,requesting nits when no mapping exists.]
02-28 15:02:21.864 1544 1642 I am_wtf : [0,1544,system_server,-1,DisplayDeviceConfig,requesting nits when no mapping exists.]
02-28 15:02:21.878 1544 2028 E DisplayDeviceConfig: requesting nits when no mapping exists.
02-28 15:02:21.879 1544 2028 E DisplayDeviceConfig: requesting nits when no mapping exists.
02-28 15:02:21.879 1544 1642 I am_wtf : [0,1544,system_server,-1,DisplayDeviceConfig,requesting nits when no mapping exists.]
02-28 15:02:21.880 1544 1642 I am_wtf : [0,1544,system_server,-1,DisplayDeviceConfig,requesting nits when no mapping exists.]
02-28 15:02:21.895 1544 2028 E DisplayDeviceConfig: requesting nits when no mapping exists.
02-28 15:02:21.896 1544 2028 E DisplayDeviceConfig: requesting nits when no mapping exists.
02-28 15:02:21.896 1544 1642 I am_wtf : [0,1544,system_server,-1,DisplayDeviceConfig,requesting nits when no mapping exists.]
02-28 15:02:21.898 1544 1642 I am_wtf : [0,1544,system_server,-1,DisplayDeviceConfig,requesting nits when no mapping exists.]
02-28 15:02:21.911 1544 2028 E DisplayDeviceConfig: requesting nits when no mapping exists.
02-28 15:02:21.912 1544 2028 E DisplayDeviceConfig: requesting nits when no mapping exists.
02-28 15:02:21.913 1544 1642 I am_wtf : [0,1544,system_server,-1,DisplayDeviceConfig,requesting nits when no mapping exists.]
02-28 15:02:21.914 1544 1642 I am_wtf : [0,1544,system_server,-1,DisplayDeviceConfig,requesting nits when no mapping exists.]
02-28 15:02:21.916 1342 1399 E tlogd : [TzLogger](isPathReadable) file /sys/kernel/debug/tzdbg/qsee_log isn't exist or no permission, err: No such file or directory
02-28 15:02:21.916 1342 1399 E tlogd : [TzLogger](saveTzlogAsync) /sys/kernel/debug/tzdbg/qsee_log can not read.
02-28 15:02:21.916 1342 1399 E tlogd : [TzLogger](isPathReadable) file /sys/kernel/debug/tzdbg/log isn't exist or no permission, err: No such file or directory
02-28 15:02:21.916 1342 1399 E tlogd : [TzLogger](saveTzlogAsync) /sys/kernel/debug/tzdbg/log can not read.
02-28 15:02:21.932 1544 2028 E DisplayDeviceConfig: requesting nits when no mapping exists.
02-28 15:02:21.932 1544 2028 E DisplayDeviceConfig: requesting nits when no mapping exists.
02-28 15:02:21.932 1544 1642 I am_wtf : [0,1544,system_server,-1,DisplayDeviceConfig,requesting nits when no mapping exists.]
02-28 15:02:21.933 1544 1642 I am_wtf : [0,1544,system_server,-1,DisplayDeviceConfig,requesting nits when no mapping exists.]
02-28 15:02:21.945 1544 2028 E DisplayDeviceConfig: requesting nits when no mapping exists.
02-28 15:02:21.945 1544 2028 E DisplayDeviceConfig: requesting nits when no mapping exists.
02-28 15:02:21.945 1544 1642 I am_wtf : [0,1544,system_server,-1,DisplayDeviceConfig,requesting nits when no mapping exists.]
02-28 15:02:21.946 1544 1642 I am_wtf : [0,1544,system_server,-1,DisplayDeviceConfig,requesting nits when no mapping exists.]
02-28 15:02:21.962 1544 2028 E DisplayDeviceConfig: requesting nits when no mapping exists.
02-28 15:02:21.962 1544 2028 E DisplayDeviceConfig: requesting nits when no mapping exists.
02-28 15:02:21.962 1544 1642 I am_wtf : [0,1544,system_server,-1,DisplayDeviceConfig,requesting nits when no mapping exists.]
02-28 15:02:21.963 1544 1642 I am_wtf : [0,1544,system_server,-1,DisplayDeviceConfig,requesting nits when no mapping exists.]
02-28 15:02:21.978 1544 2028 E DisplayDeviceConfig: requesting nits when no mapping exists.
02-28 15:02:21.979 1544 2028 E DisplayDeviceConfig: requesting nits when no mapping exists.
02-28 15:02:21.979 1544 1642 I am_wtf : [0,1544,system_server,-1,DisplayDeviceConfig,requesting nits when no mapping exists.]
02-28 15:02:21.981 1544 1642 I am_wtf : [0,1544,system_server,-1,DisplayDeviceConfig,requesting nits when no mapping exists.]
02-28 15:02:21.995 1544 2028 E DisplayDeviceConfig: requesting nits when no mapping exists.
02-28 15:02:21.996 1544 2028 E DisplayDeviceConfig: requesting nits when no mapping exists.
02-28 15:02:21.996 1544 1642 I am_wtf : [0,1544,system_server,-1,DisplayDeviceConfig,requesting nits when no mapping exists.]
02-28 15:02:21.997 1544 1642 I am_wtf : [0,1544,system_server,-1,DisplayDeviceConfig,requesting nits when no mapping exists.]
02-28 15:02:22.012 1544 2028 E DisplayDeviceConfig: requesting nits when no mapping exists.
02-28 15:02:22.012 1544 2028 E DisplayDeviceConfig: requesting nits when no mapping exists.
02-28 15:02:22.012 1544 1642 I am_wtf : [0,1544,system_server,-1,DisplayDeviceConfig,requesting nits when no mapping exists.]
02-28 15:02:22.013 1544 1642 I am_wtf : [0,1544,system_server,-1,DisplayDeviceConfig,requesting nits when no mapping exists.]
02-28 15:02:22.011 19541 19541 I auditd : type=1400 audit(0.0:21844): avc: denied { open } for comm="HCDN_DownloadEn" path="/proc/stat" dev="proc" ino=4026532245 scontext=u:r:untrusted_app:s0:c103,c256,c512,c768 tcontext=u:object_r:proc_stat:s0 tclass=file permissive=1 app=com.qiyi.video
02-28 15:02:22.011 19541 19541 I HCDN_DownloadEn: type=1400 audit(0.0:21844): avc: denied { open } for path="/proc/stat" dev="proc" ino=4026532245 scontext=u:r:untrusted_app:s0:c103,c256,c512,c768 tcontext=u:object_r:proc_stat:s0 tclass=file permissive=1 app=com.qiyi.video
02-28 15:02:22.011 19541 19541 I auditd : type=1400 audit(0.0:21845): avc: denied { getattr } for comm="HCDN_DownloadEn" path="/proc/stat" dev="proc" ino=4026532245 scontext=u:r:untrusted_app:s0:c103,c256,c512,c768 tcontext=u:object_r:proc_stat:s0 tclass=file permissive=1 app=com.qiyi.video
02-28 15:02:22.011 19541 19541 I HCDN_DownloadEn: type=1400 audit(0.0:21845): avc: denied { getattr } for path="/proc/stat" dev="proc" ino=4026532245 scontext=u:r:untrusted_app:s0:c103,c256,c512,c768 tcontext=u:object_r:proc_stat:s0 tclass=file permissive=1 app=com.qiyi.video
02-28 15:02:22.028 1544 2028 E DisplayDeviceConfig: requesting nits when no mapping exists.
02-28 15:02:22.029 1544 2028 E DisplayDeviceConfig: requesting nits when no mapping exists.
02-28 15:02:22.029 1544 1642 I am_wtf : [0,1544,system_server,-1,DisplayDeviceConfig,requesting nits when no mapping exists.]
02-28 15:02:22.030 1544 1642 I am_wtf : [0,1544,system_server,-1,DisplayDeviceConfig,requesting nits when no mapping exists.]
02-28 15:02:22.045 1544 2028 E DisplayDeviceConfig: requesting nits when no mapping exists.
02-28 15:02:22.046 1544 2028 E DisplayDeviceConfig: requesting nits when no mapping exists.
02-28 15:02:22.046 1544 1642 I am_wtf : [0,1544,system_server,-1,DisplayDeviceConfig,requesting nits when no mapping exists.]
02-28 15:02:22.047 1544 1642 I am_wtf : [0,1544,system_server,-1,DisplayDeviceConfig,requesting nits when no mapping exists.]
02-28 15:02:22.062 1544 2028 E DisplayDeviceConfig: requesting nits when no mapping exists.
02-28 15:02:22.062 1544 1642 I am_wtf : [0,1544,system_server,-1,DisplayDeviceConfig,requesting nits when no mapping exists.]
02-28 15:02:22.063 1544 2028 E DisplayDeviceConfig: requesting nits when no mapping exists.
02-28 15:02:22.063 1544 1642 I am_wtf : [0,1544,system_server,-1,DisplayDeviceConfig,requesting nits when no mapping exists.]
02-28 15:02:22.063 1544 1642 I service_manager_stats: [100,65,284383]
02-28 15:02:22.078 1544 2028 E DisplayDeviceConfig: requesting nits when no mapping exists.
02-28 15:02:22.079 1544 2028 E DisplayDeviceConfig: requesting nits when no mapping exists.
02-28 15:02:22.079 1544 1642 I am_wtf : [0,1544,system_server,-1,DisplayDeviceConfig,requesting nits when no mapping exists.]
02-28 15:02:22.080 1544 1642 I am_wtf : [0,1544,system_server,-1,DisplayDeviceConfig,requesting nits when no mapping exists.]
02-28 15:02:22.095 1544 2028 E DisplayDeviceConfig: requesting nits when no mapping exists.
02-28 15:02:22.095 1544 1642 I am_wtf : [0,1544,system_server,-1,DisplayDeviceConfig,requesting nits when no mapping exists.]
02-28 15:02:22.096 1544 2028 E DisplayDeviceConfig: requesting nits when no mapping exists.
02-28 15:02:22.096 1544 1642 I am_wtf : [0,1544,system_server,-1,DisplayDeviceConfig,requesting nits when no mapping exists.]
02-28 15:02:22.112 1544 2028 E DisplayDeviceConfig: requesting nits when no mapping exists.
02-28 15:02:22.112 1544 1642 I am_wtf : [0,1544,system_server,-1,DisplayDeviceConfig,requesting nits when no mapping exists.]
02-28 15:02:22.113 1544 2028 E DisplayDeviceConfig: requesting nits when no mapping exists.
02-28 15:02:22.113 1544 1642 I am_wtf : [0,1544,system_server,-1,DisplayDeviceConfig,requesting nits when no mapping exists.]
02-28 15:02:22.129 1544 2028 E DisplayDeviceConfig: requesting nits when no mapping exists.
02-28 15:02:22.129 1544 2028 E DisplayDeviceConfig: requesting nits when no mapping exists.
02-28 15:02:22.129 1544 1642 I am_wtf : [0,1544,system_server,-1,DisplayDeviceConfig,requesting nits when no mapping exists.]
02-28 15:02:22.130 1544 1642 I am_wtf : [0,1544,system_server,-1,DisplayDeviceConfig,requesting nits when no mapping exists.]
02-28 15:02:22.146 1544 2028 E DisplayDeviceConfig: requesting nits when no mapping exists.
02-28 15:02:22.146 1544 2028 E DisplayDeviceConfig: requesting nits when no mapping exists.
02-28 15:02:22.146 1544 1642 I am_wtf : [0,1544,system_server,-1,DisplayDeviceConfig,requesting nits when no mapping exists.]
02-28 15:02:22.147 1544 1642 I am_wtf : [0,1544,system_server,-1,DisplayDeviceConfig,requesting nits when no mapping exists.]
02-28 15:02:22.162 1544 2028 E DisplayDeviceConfig: requesting nits when no mapping exists.
02-28 15:02:22.163 1544 2028 E DisplayDeviceConfig: requesting nits when no mapping exists.
02-28 15:02:22.163 1544 1642 I am_wtf : [0,1544,system_server,-1,DisplayDeviceConfig,requesting nits when no mapping exists.]
02-28 15:02:22.164 1544 1642 I am_wtf : [0,1544,system_server,-1,DisplayDeviceConfig,requesting nits when no mapping exists.]
02-28 15:02:22.179 1544 2028 E DisplayDeviceConfig: requesting nits when no mapping exists.
02-28 15:02:22.179 1544 2028 E DisplayDeviceConfig: requesting nits when no mapping exists.
02-28 15:02:22.179 1544 1642 I am_wtf : [0,1544,system_server,-1,DisplayDeviceConfig,requesting nits when no mapping exists.]
02-28 15:02:22.179 1544 1642 I am_wtf : [0,1544,system_server,-1,DisplayDeviceConfig,requesting nits when no mapping exists.]
02-28 15:02:22.196 1544 2028 E DisplayDeviceConfig: requesting nits when no mapping exists.
02-28 15:02:22.196 1544 2028 E DisplayDeviceConfig: requesting nits when no mapping exists.
02-28 15:02:22.196 1544 1642 I am_wtf : [0,1544,system_server,-1,DisplayDeviceConfig,requesting nits when no mapping exists.]
