02-28 15:02:30.553 19541 20557 W kcp_info: HCDN_LOG: [T:20557]Update: udp kcp size[0], timeout kcp size[0]
02-28 15:02:30.690 19732 20581 W kcp_info: HCDN_LOG: [T:20581]Update: udp kcp size[0], timeout kcp size[0]
02-28 15:02:30.735 650 663 I mpu_uart: [MSG-P:R]:recv sync frame timeout
02-28 15:02:30.843 2620 2620 D EditModeHelper: setHotseatVisibility: 0
02-28 15:02:30.852 1544 7124 W FreeFormWindowHelper: Current Display FreeFormTask is null
02-28 15:02:30.852 1544 3044 W FreeFormWindowHelper: Current Display FreeFormTask is null
02-28 15:02:30.856 1544 7124 I wm_task_moved: [1,1,6]
02-28 15:02:30.856 1544 7124 I wm_task_moved: [8,1,2147483647]
02-28 15:02:30.856 1544 7124 I wm_task_to_front: [0,8]
02-28 15:02:30.856 1544 7124 I wm_focused_root_task: [0,0,1,267,RecentsAnimation.onAnimationFinished()]
02-28 15:02:30.856 16110 16110 I wm_on_top_resumed_lost_called: [239776141,com.android.settings.Settings,topStateChangedWhenResumed]
02-28 15:02:30.857 1544 7124 I wm_set_resumed_activity: [0,com.android.launcher3/.uioverrides.QuickstepLauncher,RecentsAnimation.onAnimationFinished()]
02-28 15:02:30.857 1544 7124 D ActivityTrigger: ActivityTrigger activityPauseTrigger
02-28 15:02:30.858 1544 7124 I wm_pause_activity: [0,239776141,com.android.settings/.Settings,userLeaving=true,pauseBackTasks]
02-28 15:02:30.859 1544 7124 I wm_add_to_stopping: [0,239776141,com.android.settings/.Settings,makeInvisible]
02-28 15:02:30.859 1544 7124 I ActivityTaskManager: FOREGROUND_APPLICATION_CHANGED to com.android.launcher3.uioverrides.QuickstepLauncher
02-28 15:02:30.859 1544 7124 I wm_set_resumed_activity: [0,com.android.launcher3/.uioverrides.QuickstepLauncher,resumeTopActivityInnerLocked]
02-28 15:02:30.864 1544 7124 I wm_resume_activity: [0,68127756,8,com.android.launcher3/.uioverrides.QuickstepLauncher]
02-28 15:02:30.865 2620 2620 I wm_on_resume_called: [68127756,com.android.launcher3.uioverrides.QuickstepLauncher,RESUME_ACTIVITY]
02-28 15:02:30.870 1544 1629 I input_focus: [Focus request bef888c com.android.launcher3/com.android.launcher3.uioverrides.QuickstepLauncher,reason=UpdateInputWindows]
02-28 15:02:30.871 16110 16110 I sysui_multi_action: [757,35,758,2,1089,7705]
02-28 15:02:30.871 16110 16110 I sysui_multi_action: [757,46,758,2,1089,7703]
02-28 15:02:30.872 2620 2620 I wm_on_top_resumed_gained_called: [68127756,com.android.launcher3.uioverrides.QuickstepLauncher,topStateChangedWhenResumed]
02-28 15:02:30.872 16110 16110 I sysui_multi_action: [757,47,758,2,1089,7699]
02-28 15:02:30.872 16110 16110 I sysui_multi_action: [757,1852,758,2,1089,5976]
02-28 15:02:30.873 16110 16110 I wm_on_paused_called: [239776141,com.android.settings.Settings,performPause]
02-28 15:02:30.880 1544 1628 I wm_stop_activity: [0,239776141,com.android.settings/.Settings]
02-28 15:02:30.880 1544 1628 I sysui_multi_action: [757,803,799,window_time_0,802,7]
02-28 15:02:30.883 1544 1628 I am_uid_running: 10105
02-28 15:02:30.883 1544 1628 D CompatibilityChangeReporter: Compat change id reported: 135634846; UID 10105; state: DISABLED
02-28 15:02:30.883 1544 1643 D CompatibilityChangeReporter: Compat change id reported: 143937733; UID 10105; state: DISABLED
02-28 15:02:30.884 1544 1628 I sysui_multi_action: [757,803,799,window_time_0,802,0]
02-28 15:02:30.892 1544 1807 I input_focus: [Focus entering bef888c com.android.launcher3/com.android.launcher3.uioverrides.QuickstepLauncher (server),reason=setFocusedWindow]
02-28 15:02:30.900 16110 16110 I wm_on_stop_called: [239776141,com.android.settings.Settings,STOP_ACTIVITY_ITEM]
02-28 15:02:30.901 674 674 D Zygote : Forked child process 16705
02-28 15:02:30.901 1544 1643 I am_proc_start: [0,16705,10105,com.tencent.qqlive,NULL,]
02-28 15:02:30.901 1544 1643 I ActivityManager: Start proc 16705:com.tencent.qqlive/u0a105 for null
02-28 15:02:30.903 16705 16705 I Zygote : seccomp disabled by setenforce 0
02-28 15:02:30.908 16705 16705 W .tencent.qqliv: Using default instruction set features for ARM CPU variant (cortex-a9) using conservative defaults
02-28 15:02:30.909 2123 4001 I GameMode_ActivityMonitoringService: Notifying about top task: com.android.launcher3, isInMiniWindowMode: false
02-28 15:02:30.910 2123 4001 I GameMode_ActivityMonitoringService: onActivityLaunch: com.android.launcher3, isGameApp: false
02-28 15:02:30.910 2123 4001 V GameMode_GpuUtils: fps:60
02-28 15:02:30.912 9926 9935 I adbd : jdwp connection from 16705
02-28 15:02:30.907 16705 16705 I auditd : type=1400 audit(0.0:21856): avc: denied { connectto } for comm=4144422D4A44575020436F6E6E6563 path=006A6477702D636F6E74726F6C scontext=u:r:untrusted_app_27:s0:c105,c256,c512,c768 tcontext=u:r:su:s0 tclass=unix_stream_socket permissive=1 app=com.tencent.qqlive
02-28 15:02:30.907 16705 16705 I zygote : type=1400 audit(0.0:21856): avc: denied { connectto } for comm=4144422D4A44575020436F6E6E6563 path=006A6477702D636F6E74726F6C scontext=u:r:untrusted_app_27:s0:c105,c256,c512,c768 tcontext=u:r:su:s0 tclass=unix_stream_socket permissive=1 app=com.tencent.qqlive
02-28 15:02:30.915 16705 16705 D ProcessState: Binder ioctl to enable oneway spam detection failed: Invalid argument
01-09 09:15:45.207 0 0 I binder : 16705:16705 ioctl 40046210 ffd2ee18 returned -22
02-28 15:02:30.911 1232 1232 I auditd : type=1400 audit(0.0:21857): avc: denied { call } for comm="OMXCallbackDisp" scontext=u:r:mediacodec:s0 tcontext=u:r:su:s0 tclass=binder permissive=1
02-28 15:02:30.911 1232 1232 I OMXCallbackDisp: type=1400 audit(0.0:21857): avc: denied { call } for scontext=u:r:mediacodec:s0 tcontext=u:r:su:s0 tclass=binder permissive=1
02-28 15:02:30.915 2123 4001 D GameModeIF_GameModeSettings: getUriFor setting_content_uri_root = content://com.thundercomm.gamemode.api/gamemode_settings , name = gamemode_enable
02-28 15:02:30.918 1544 12850 I am_proc_bound: [0,16705,com.tencent.qqlive]
02-28 15:02:30.919 1544 12850 D CompatibilityChangeReporter: Compat change id reported: 168419799; UID 10105; state: DISABLED
02-28 15:02:30.919 1544 12850 D CompatibilityInfo: mCompatibilityFlags - 4
02-28 15:02:30.919 1544 12850 D CompatibilityInfo: applicationDensity - 240
02-28 15:02:30.919 1544 12850 D CompatibilityInfo: applicationScale - 1.0
02-28 15:02:30.915 15467 15467 I auditd : type=1400 audit(0.0:21858): avc: denied { call } for comm="CodecLooper" scontext=u:r:su:s0 tcontext=u:r:mediacodec:s0 tclass=binder permissive=1
02-28 15:02:30.915 15467 15467 I CodecLooper: type=1400 audit(0.0:21858): avc: denied { call } for scontext=u:r:su:s0 tcontext=u:r:mediacodec:s0 tclass=binder permissive=1
02-28 15:02:30.922 16705 16705 D CompatibilityChangeReporter: Compat change id reported: 171979766; UID 10105; state: DISABLED
02-28 15:02:30.927 16705 16705 D ApplicationLoaders: Returning zygote-cached class loader: /system/framework/android.test.base.jar
02-28 15:02:30.928 2050 2067 W System : A resource failed to call close.
02-28 15:02:30.928 2050 2067 W System : A resource failed to call release.
02-28 15:02:30.929 2050 2067 W System : A resource failed to call release.
02-28 15:02:30.929 2050 2067 W System : A resource failed to call close.
02-28 15:02:30.933 2050 2067 W System : A resource failed to call close.
02-28 15:02:30.934 2050 2067 W System : A resource failed to call close.
02-28 15:02:30.934 2050 2067 W System : A resource failed to call close.
02-28 15:02:30.934 2050 2067 W System : A resource failed to call release.
02-28 15:02:30.935 2050 2067 W System : A resource failed to call release.
02-28 15:02:30.936 2050 2067 W System : A resource failed to call release.
02-28 15:02:30.964 16705 16705 I Perf : Connecting to perf service.
02-28 15:02:30.968 16705 16705 V GraphicsEnvironment: ANGLE Developer option for 'com.tencent.qqlive' set to: 'default'
02-28 15:02:30.968 16705 16705 V GraphicsEnvironment: ANGLE GameManagerService for com.tencent.qqlive: false
02-28 15:02:30.969 16705 16705 V GraphicsEnvironment: Updatable production driver is not supported on the device.
02-28 15:02:30.969 16705 16705 D NetworkSecurityConfig: Using Network Security Config from resource g debugBuild: false
02-28 15:02:30.971 16705 16705 D NetworkSecurityConfig: Using Network Security Config from resource g debugBuild: false
02-28 15:02:30.972 16705 16705 I load_dex_tag: QQLiveApplication init
02-28 15:02:30.973 1544 14086 W FreeFormWindowHelper: Current Display FreeFormTask is null
02-28 15:02:30.981 16705 16705 I load_dex_tag: application attachBaseContext
02-28 15:02:30.982 16705 16705 I MultiDex: VM with version 2.1.0 has multidex support
02-28 15:02:30.982 16705 16705 I MultiDex: install
02-28 15:02:30.982 16705 16705 I MultiDex: VM has multidex support, MultiDex support library is disabled.
02-28 15:02:30.983 16705 16705 E a : ApplicationWrapper:attachBaseContext: process = com.tencent.qqlive, processType = 16
02-28 15:02:30.985 16705 16705 D SLAReporter: set open: false ,real: false
02-28 15:02:30.986 16705 16705 D RAApplicationContext: startup [32725752], current RAFT version:com.raft.uas/v1alpha2
02-28 15:02:30.986 16705 16705 D RAServiceManager: init ...
02-28 15:02:30.990 16705 16705 D RAServiceManager: init success :{interface com.tencent.qqlive.modules.vb.skin.service.IVBSkinService=com.tencent.raft.generate.interface1985581822$QQLive_app@898ced, interface com.tencent.qqlive.modules.vb.danmaku.service.IVBDanmakuService=com.tencent.raft.generate.interface786679668$QQLive_app@fcf6722, class com.tencent.qqlive.modules.vb.platforminfo.service.VBPlatformInfoService=com.tencent.raft.generate.interface1883630954$QQLive_app@30775b3, class com.tencent.qqlive.modules.attachable.b.b=com.tencent.raft.generate.interface1008491740$QQLive_app@b7bd770, class com.tencent.qqlive.modules.vb.videokit.service.VBCoverGenerateService=com.tencent.raft.generate.interface438429825$QQLive_app@fff0ae9, interface com.tencent.qqlive.modules.vb.videokit.service.IVBCoverPickerService=com.tencent.raft.generate.interface760724600$QQLive_app@e20d36e, interface com.tencent.qqlive.modules.vb.threadservice.service.IVBThreadService=com.tencent.raft.generate.interface1753729375$QQLive_app@979ba0f, class com.tencent.qqlive.modules.vb.danmaku.service.VBDanmakuService=com.tencent.raft.generate.interface786679668$QQLive_app@61efa9c, class com.tencent.qqlive.modules.vb.videokit.service.VBMediaPreviewerService=com.tencent.raft.generate.interface237566004$QQLive_app@c346ca5, class com.tencent.qqlive.modules.vb.idauth.service.VBIDAuthService=com.tencent.raft.generate.interface387926606$QQLive_app@80ab87a, class com.tencent.qqlive.modules.vb.wrapperloginservice.VBWrapperLoginService=com.tencent.raft.generate.interface1907459880$QQLive_app@921e82b, interface com.tencent.qqlive.modules.vb.log.IVBLogService=com.tencent.raft.generate.interface720016883$QQLive_app@46f2488, interface com.tencent.qqlive.modules.vb.idauth.service.IVBIDAuthService=com.tencent.raft.generate.interface387926606$QQLive_app@9a42e21, interface com.tencent.qqlive.modules.vb.networkservice.service.IVBNetworkService=com.tencent.raft.generate.interface812276117$QQLive_app@f7be246, interface com.tencent.qqlive.modules.vb.location.service.IVBLocationService=com.tencent.raft.generate.interface1514662158$QQLive_app@ed4dc07, interface com.tencent.qqlive.modules.vb.videoupload.service.IVBUploadVideoService=com.tencent.raft.generate.interface1516007402$QQLive_app@160134, interface com.tencent.qqlive.modules.vb.dialog.service.IVBDialogService=com.tencent.raft.generate.interface416549288$QQLive_app@ff48b5d, interface com.tencent.qqlive.modules.vb.loginservice.IVBLoginService=com.tencent.raft.generate.interface2111711442$QQLive_app@483dcd2, class com.tencent.qqlive.modules.vb.loginservice.VBLoginService=com.tencent.raft.generate.interface2111711442$QQLive_app@5d931a3, class com.tencent.qqlive.modules.vb.log.VBLogService=com.tencent.raft.generate.interface720016883$QQLive_app@1abfca0, interface com.tencent.qqlive.modules.attachable.b.c=com.tencent.raft.generate.interface1008491740$QQLive_app@f38059, interface com.tencent.qqlive.modules.vb.platforminfo.service.IVBPlatformInfoService=com.tencent.raft.generate.interface1883630954$QQLive_app@69ef41e, interface com.tencent.qqlive.modules.vb.videokit.service.IVBMediaPreviewerService=com.tencent.raft.generate.interface237566004$QQLive_app@d4344ff, class com.tencent.qqlive.modules.vb.camera.service.VBCameraService=com.tencent.raft.generate.interface1737817582$QQLive_app@e442cc, interface com.tencent.qqlive.modules.vb.camera.service.IVBCameraService=com.tencent.raft.generate.interface1737817582$QQLive_app@352c915, interface com.tencent.qqlive.modules.vb.videokit.service.IVBCoverGenerateService=com.tencent.raft.generate.interface438429825$QQLive_app@ec2342a, class com.tencent.qqlive.modules.vb.videokit.service.VBCoverPickerService=com.tencent.raft.generate.interface760724600$QQLive_app@711321b, interface com.tencent.qqlive.modules.vb.kv.service.IVBKVService=com.tencent.raft.generate.interface169200130$QQLive_app@b78bfb8, class com.tencent.qqlive.modules.vb.videoupload.service.VBUploadVideoService=com.tencent.raft.generate.interface1516007402$QQLive_app@d23e191, interface com.tencent.qqlive.modules.vb.pb.service.IVBPBService=c
02-28 15:02:30.990 16705 16705 D RADeclareManager: init success :{}
01-09 09:15:45.296 0 0 W swp_handler: 22 callbacks suppressed
01-09 09:15:45.296 0 0 W : ".tencent.qqlive" (16705) uses obsolete SWP{B} instruction at 0xda0583f4
01-09 09:15:45.296 0 0 W : ".tencent.qqlive" (16705) uses obsolete SWP{B} instruction at 0xda0584fc
01-09 09:15:45.297 0 0 W : ".tencent.qqlive" (16705) uses obsolete SWP{B} instruction at 0xda0583f4
01-09 09:15:45.297 0 0 W : ".tencent.qqlive" (16705) uses obsolete SWP{B} instruction at 0xda0584fc
02-28 15:02:31.006 16705 16705 E QQLiveXLogger: new:com.tencent.qqlive,
02-28 15:02:31.012 16705 16705 I MMKV : current API level = 31
02-28 15:02:31.012 16705 16705 I MMKV : page size:4096
02-28 15:02:31.012 16705 16705 I MMKV : root dir: /data/user/0/com.tencent.qqlive/files/mmkv
02-28 15:02:31.018 16705 16705 I MMKV : loading [vb_platformInfo] with 2673 size in total, file size is 4096
02-28 15:02:31.018 16705 16705 I MMKV : loading [vb_platformInfo] with crc 84311824 sequence 2
02-28 15:02:31.018 16705 16705 I MMKV : loaded [vb_platformInfo] with 8 values
02-28 15:02:31.021 16705 16731 W SQLiteCompatibilityWalFlags: Cannot read global setting sqlite_compatibility_wal_flags - Application state not available
02-28 15:02:31.022 16705 16705 D AppConfig: traverseSharedPreferencesKey: start
02-28 15:02:31.025 16705 16731 E SQLiteLog: (1) no such table: OnePrefs_UpdatePrefsFile in "SELECT * FROM 'OnePrefs_UpdatePrefsFile'"
02-28 15:02:31.028 16705 16705 D AppConfig: fs length is :533
02-28 15:02:31.030 16705 16705 I MMKV : loading [mmkv_inner_prefs_migrate_finish] with 411 size in total, file size is 4096
02-28 15:02:31.030 16705 16705 I MMKV : loading [mmkv_inner_prefs_migrate_finish] with crc 3375570496 sequence 2
02-28 15:02:31.030 16705 16705 I MMKV : loaded [mmkv_inner_prefs_migrate_finish] with 16 values
02-28 15:02:31.031 16705 16705 I MMKV : loading [com.tencent.qqlive_preferences] with 29748 size in total, file size is 32768
02-28 15:02:31.031 16705 16705 I MMKV : loading [com.tencent.qqlive_preferences] with crc 2555155388 sequence 4
02-28 15:02:31.031 16705 16705 I MMKV : loaded [com.tencent.qqlive_preferences] with 59 values
02-28 15:02:31.033 16705 16705 I ashercai: QQLiveApplication 1
02-28 15:02:31.055 16705 16705 I Luggage.XLogSetup: safeGetExternalFilesDir, api get ok
02-28 15:02:31.064 16705 16705 I Luggage.XLogSetup: init done nameprefix:com.tencent.qqlive debug[false] snapshot[false]
02-28 15:02:31.080 16705 16705 I OpenRuntimeJNI: init
02-28 15:02:31.081 16705 16705 D OpenRuntimeJNI: config:appbrandcommon-armeabi-v7a|95336|5cc02ba3c77826f2ab45f3387983bfa3|owl-armeabi-v7a|272296|04a106c756b1bfbc9c335891f462a900|ilink_tdi-armeabi-v7a|580136|174f8e79f29f5e266f26dffa5279d9a5|qm_native_decoder_ffmpeg-armeabi-v7a|79068|d432158d4c905e83e957aa43bd77f2f0|QmNativeDataSource-armeabi-v7a|34004|bea559bae932e3d77a44dabb924ce30d|native-iv-armeabi-v7a|59048|d5896063c8b6376dc88498f2902c71a6|private_protobuf-armeabi-v7a|177856|60bab218883859fb321748d2f6c9ea69|txffmpeg-armeabi-v7a|1760752|4a3b64bd59f8ee39c013b1f980212a04|qm_native_decoder_mp3-armeabi-v7a|227352|f0cacc60f98b2ab5f7b6281e14578bb9|FormatDetector-armeabi-v7a|46348|5a953ff0f59c51e5ca7b50e0938146f1|codec_factory-armeabi-v7a|46292|c63d0d7a87eb4ae7e0e025125437cd29|magicbrush-armeabi-v7a|4540504|a11904be56d50e42b7b2c56b2aa8e0ee|wcwss-armeabi-v7a|2895588|6c062a4a1452559abfd90048c602e0f8|qm_native_decoder_flac-armeabi-v7a|152852|f4cb322201875487beb0034de9a23132|linkid-armeabi-v7a|640364|a58ef2ad70eb81117e26b937ed6bfa62|canvas-armeabi-v7a|325372|1a5390
02-28 15:02:31.081 16705 16705 D OpenRuntimeJNI: sum:325 libCount:108
02-28 15:02:31.081 16705 16705 D OpenRuntimeJNI: index:0 appbrandcommon-armeabi-v7a 95336 5cc02ba3c77826f2ab45f3387983bfa3
02-28 15:02:31.081 16705 16705 D OpenRuntimeJNI: index:3 owl-armeabi-v7a 272296 04a106c756b1bfbc9c335891f462a900
02-28 15:02:31.081 16705 16705 D OpenRuntimeJNI: index:6 ilink_tdi-armeabi-v7a 580136 174f8e79f29f5e266f26dffa5279d9a5
02-28 15:02:31.081 16705 16705 D OpenRuntimeJNI: index:9 qm_native_decoder_ffmpeg-armeabi-v7a 79068 d432158d4c905e83e957aa43bd77f2f0
02-28 15:02:31.081 16705 16705 D OpenRuntimeJNI: index:12 QmNativeDataSource-armeabi-v7a 34004 bea559bae932e3d77a44dabb924ce30d
02-28 15:02:31.081 16705 16705 D OpenRuntimeJNI: index:15 native-iv-armeabi-v7a 59048 d5896063c8b6376dc88498f2902c71a6
02-28 15:02:31.081 16705 16705 D OpenRuntimeJNI: index:18 private_protobuf-armeabi-v7a 177856 60bab218883859fb321748d2f6c9ea69
02-28 15:02:31.081 16705 16705 D OpenRuntimeJNI: index:21 txffmpeg-armeabi-v7a 1760752 4a3b64bd59f8ee39c013b1f980212a04
02-28 15:02:31.081 16705 16705 D OpenRuntimeJNI: index:24 qm_native_decoder_mp3-armeabi-v7a 227352 f0cacc60f98b2ab5f7b6281e14578bb9
02-28 15:02:31.081 16705 16705 D OpenRuntimeJNI: index:27 FormatDetector-armeabi-v7a 46348 5a953ff0f59c51e5ca7b50e0938146f1
02-28 15:02:31.081 16705 16705 D OpenRuntimeJNI: index:30 codec_factory-armeabi-v7a 46292 c63d0d7a87eb4ae7e0e025125437cd29
02-28 15:02:31.081 16705 16705 D OpenRuntimeJNI: index:33 magicbrush-armeabi-v7a 4540504 a11904be56d50e42b7b2c56b2aa8e0ee
02-28 15:02:31.081 16705 16705 D OpenRuntimeJNI: index:36 wcwss-armeabi-v7a 2895588 6c062a4a1452559abfd90048c602e0f8
02-28 15:02:31.081 16705 16705 D OpenRuntimeJNI: index:39 qm_native_decoder_flac-armeabi-v7a 152852 f4cb322201875487beb0034de9a23132
02-28 15:02:31.081 16705 16705 D OpenRuntimeJNI: index:42 linkid-armeabi-v7a 640364 a58ef2ad70eb81117e26b937ed6bfa62
02-28 15:02:31.081 16705 16705 D OpenRuntimeJNI: index:45 canvas-armeabi-v7a 325372 1a5390a25d6aa322e8da7cdbc94685ce
02-28 15:02:31.081 16705 16705 D OpenRuntimeJNI: index:48 mmavmedia-armeabi-v7a 10493964 e6d77645521d6da51ae7c266a02ebc29
02-28 15:02:31.081 16705 16705 D OpenRuntimeJNI: index:51 wmpfcommonjni-armeabi-v7a 1501388 4b39c365d92f96c3c9a1b36042836db0
02-28 15:02:31.081 16705 16705 D OpenRuntimeJNI: index:54 mmlockstep-armeabi-v7a 481088 973844f9134fa4b20d93d447733eb759
02-28 15:02:31.081 16705 16705 D OpenRuntimeJNI: index:57 wechatpack-armeabi-v7a 788716 cc30cc873105001082dee725b7b7ca0e
02-28 15:02:31.081 16705 16705 D OpenRuntimeJNI: index:60 mmwcwss-armeabi-v7a 247560 c29f28aa12f72c3c32160c71fdefcfb6
02-28 15:02:31.081 16705 16705 D OpenRuntimeJNI: index:63 audio_common-armeabi-v7a 58636 1941d40fd0d87773733c9ee4e166a626
02-28 15:02:31.081 16705 16705 D OpenRuntimeJNI: index:66 mmvulkan-armeabi-v7a 14000 49586dc9613e28ea5c0f5235d23c1246
02-28 15:02:31.081 16705 16705 D OpenRuntimeJNI: index:69 wechataudiosilk-armeabi-v7a 74980 19122d176cd242bff81c470ccb5fa2bb
02-28 15:02:31.081 16705 16705 D OpenRuntimeJNI: index:72 liteavsdk-armeabi-v7a 3537504 faae96ae439706f0713a76036679f2fd
02-28 15:02:31.081 16705 16705 D OpenRuntimeJNI: index:75 mmmediasdk-armeabi-v7a 1140232 fdccb39bfb5e38aeea97f1145ad3bc59
02-28 15:02:31.081 16705 16705 D OpenRuntimeJNI: index:78 mmmediasdkjni-armeabi-v7a 46556 eedb69a7945489ad2aca936ece1afc87
02-28 15:02:31.081 16705 16705 D OpenRuntimeJNI: index:81 qm_native_decoder_ape-armeabi-v7a 198436 04c1604780ed1cef6143598aca9b730f
02-28 15:02:31.081 16705 16705 D OpenRuntimeJNI: index:84 ilink_im-armeabi-v7a 3328948 fc3faedd21a321fe48a8d4ffa2c1beec
02-28 15:02:31.081 16705 16705 D OpenRuntimeJNI: index:87 skia-canvas-log-bridge-armeabi-v7a 13996 703af1158b15c36ad69561183847e781
02-28 15:02:31.081 16705 16705 D OpenRuntimeJNI: index:90 commonimgdec-armeabi-v7a 304952 fa644f8974b59d694630d174012ea7a2
02-28 15:02:31.081 16705 16705 D OpenRuntimeJNI: index:93 ilink_dev-armeabi-v7a 2965396 6773749ba0afdd7a8486083af81542bc
02-28 15:02:31.082 16705 16705 D OpenRuntimeJNI: index:96 mmskia-armeabi-v7a 4812644 cfb1b20d29200a0e09c26ec6bdad4c80
02-28 15:02:31.082 16705 16705 D OpenRuntimeJNI: index:99 mmimgcodec-armeabi-v7a 67524 ac51c9340a1e0cf9bff64ba0c37afb8d
02-28 15:02:31.082 16705 16705 D OpenRuntimeJNI: index:102 mmv8-armeabi-v7a 12329092 d4b842d5e3bff09efc2aba38dbeea466
02-28 15:02:31.082 16705 16705 D OpenRuntimeJNI: index:105 ilink_network-armeabi-v7a 3555400 205c550703fe167874634290b9060edc
02-28 15:02:31.082 16705 16705 D OpenRuntimeJNI: index:108 mmnode-armeabi-v7a 3570836 fd53414d6b3ecc4b5cce6b7e233ecd25
02-28 15:02:31.082 16705 16705 D OpenRuntimeJNI: index:111 tencentlocsapp-armeabi-v7a 32568 f093ef0714fe1320f17aab3342b089b5
02-28 15:02:31.082 16705 16705 D OpenRuntimeJNI: index:114 skia-canvas-armeabi-v7a 308960 4a69aad4b5943a9c12287f457f3ce37e
02-28 15:02:31.082 16705 16705 D OpenRuntimeJNI: index:117 linebreak-armeabi-v7a 91532 14a9661cdd58f559ff7489debd308970
02-28 15:02:31.082 16705 16705 D OpenRuntimeJNI: index:120 FFmpeg-armeabi-v7a 2262924 9a95dbf0bdd7ed78cf920f1de7f74012
02-28 15:02:31.082 16705 16705 D OpenRuntimeJNI: index:123 NLog-armeabi-v7a 74964 e6687f570dad618352d5d296271d02dd
02-28 15:02:31.082 16705 16705 D OpenRuntimeJNI: index:126 mmphysx-armeabi-v7a 3927984 de4da7fc292417cae522b95db241be43
02-28 15:02:31.082 16705 16705 D OpenRuntimeJNI: index:129 traeimp-rtmp-armeabi-v7a 1523936 c1a9208c5f8f157f2407947711aa04e8
02-28 15:02:31.082 16705 16705 D OpenRuntimeJNI: index:132 qqmusic_decoder_jni-armeabi-v7a 46292 8af32c1b332990af4b4b7558d3e6de46
02-28 15:02:31.082 16705 16705 D OpenRuntimeJNI: index:135 ilink_xlog-armeabi-v7a 95976 1d3bac7e46a2f1417214c577e0567f18
02-28 15:02:31.082 16705 16705 D OpenRuntimeJNI: index:138 mmudp-armeabi-v7a 157448 a755a6a37cba284618bce96834973534
02-28 15:02:31.082 16705 16705 D OpenRuntimeJNI: index:141 mmj2v8-armeabi-v7a 509492 74aca2d632b0d80f6ea37ee9b385d168
02-28 15:02:31.082 16705 16705 D OpenRuntimeJNI: index:144 andromeda-armeabi-v7a 4880024 0f4e109857dd64a400852a5b03fa4a95
02-28 15:02:31.082 16705 16705 D OpenRuntimeJNI: index:147 108168wxa-armeabi-v7a 119076 41ad10d4799d0c397b6578cb1896246c
02-28 15:02:31.082 16705 16705 D OpenRuntimeJNI: index:150 mmbox2d-armeabi-v7a 2119424 9da4d72d88667a954d18dca55cb529b7
02-28 15:02:31.082 16705 16705 D OpenRuntimeJNI: index:153 mp3lame-armeabi-v7a 145352 83d6261e9519b090410c7c7d2307e3fd
02-28 15:02:31.082 16705 16705 D OpenRuntimeJNI: index:156 wxa_library-armeabi-v7a 3052510 d1903c5f3f8a154f5f2cf2a9d5fc6d22
02-28 15:02:31.082 16705 16705 D OpenRuntimeJNI: index:159 DynamicPkg-armeabi-v7a 36748615 0eadcb69b7f3368665bf47dedb392824
02-28 15:02:31.082 16705 16705 D OpenRuntimeJNI: index:162 appbrandcommon-arm64-v8a 152984 526fd212c939b6b322d31996f2c29c81
02-28 15:02:31.082 16705 16705 D OpenRuntimeJNI: index:165 owl-arm64-v8a 371264 bbb1207685b0a1775c778b16daee1ce0
02-28 15:02:31.082 16705 16705 D OpenRuntimeJNI: index:168 ilink_tdi-arm64-v8a 991832 8a55116073ffe532f8af7db50cb38c25
02-28 15:02:31.082 16705 16705 D OpenRuntimeJNI: index:171 qm_native_decoder_ffmpeg-arm64-v8a 128592 9eadf31457d6d15acf073d6ce21deadc
02-28 15:02:31.082 16705 16705 D OpenRuntimeJNI: index:174 QmNativeDataSource-arm64-v8a 63056 5d5c1c1f41c4dea7ca864454e802b4b4
02-28 15:02:31.082 16705 16705 D OpenRuntimeJNI: index:177 native-iv-arm64-v8a 84024 7841c2ceb9824730d2c4439af09fbc5d
02-28 15:02:31.082 16705 16705 D OpenRuntimeJNI: index:180 private_protobuf-arm64-v8a 227480 4ef8ba91c87cbcaae83d1c8afb9043b6
02-28 15:02:31.082 16705 16705 D OpenRuntimeJNI: index:183 txffmpeg-arm64-v8a 2247568 7c396b1814c785a0c969dd568afe1bf3
02-28 15:02:31.082 16705 16705 D OpenRuntimeJNI: index:186 qm_native_decoder_mp3-arm64-v8a 310120 ed463b302017c6b9a788603ff4946790
02-28 15:02:31.082 16705 16705 D OpenRuntimeJNI: index:189 FormatDetector-arm64-v8a 91832 ecd704ed05c8dad80c899793fab07e0f
02-28 15:02:31.082 16705 16705 D OpenRuntimeJNI: index:192 codec_factory-arm64-v8a 91728 38205d61e0ebaf527b6b7f310a6d1b0b
02-28 15:02:31.082 16705 16705 D OpenRuntimeJNI: index:195 magicbrush-arm64-v8a 4950832 4675fe7b812d1aa2354392e07efab308
02-28 15:02:31.082 16705 16705 D OpenRuntimeJNI: index:198 wcwss-arm64-v8a 3974984 55578b596015ce3cfe2ac22a9b1d3a29
02-28 15:02:31.082 16705 16705 D OpenRuntimeJNI: index:201 qm_native_decoder_flac-arm64-v8a 185952 f5cb215fa0ecddcc2d450049823344eb
02-28 15:02:31.082 16705 16705 D OpenRuntimeJNI: index:204 linkid-arm64-v8a 1015640 ad3b6682a20a81963e964120b697ad2b
02-28 15:02:31.082 16705 16705 D OpenRuntimeJNI: index:207 canvas-arm64-v8a 411840 d5aae166a5e1ebef014a2557a8940312
02-28 15:02:31.082 16705 16705 D OpenRuntimeJNI: index:210 mmavmedia-arm64-v8a 10848944 3d0c8479a038da606cb68b1b1db98678
02-28 15:02:31.082 16705 16705 D OpenRuntimeJNI: index:213 wmpfcommonjni-arm64-v8a 1829776 fc3a0dd4d378591e326fd9c6cfc27701
02-28 15:02:31.082 16705 16705 D OpenRuntimeJNI: index:216 mmlockstep-arm64-v8a 645336 044646cb725401968519c08f9948b0fc
02-28 15:02:31.082 16705 16705 D OpenRuntimeJNI: index:219 wechatpack-arm64-v8a 1129256 327a16eb1be0333779a56c0aa0bdd053
02-28 15:02:31.082 16705 16705 D OpenRuntimeJNI: index:222 mmwcwss-arm64-v8a 297160 689fdd8c8bd51041e8d6777f2a13d7be
02-28 15:02:31.082 16705 16705 D OpenRuntimeJNI: index:225 audio_common-arm64-v8a 99920 ed569dd36cc72439a03d3819d90ff932
02-28 15:02:31.082 16705 16705 D OpenRuntimeJNI: index:228 mmvulkan-arm64-v8a 5984 484c108c55c9b5c83b9da8104aa71abf
02-28 15:02:31.082 16705 16705 D OpenRuntimeJNI: index:231 wechataudiosilk-arm64-v8a 104048 87e1539de271f382ed1c582df2e62cda
02-28 15:02:31.082 16705 16705 D OpenRuntimeJNI: index:234 liteavsdk-arm64-v8a 5676464 c4c9d6a4fd2339d7b33f8fa5cfde7b21
02-28 15:02:31.082 16705 16705 D OpenRuntimeJNI: index:237 mmmediasdk-arm64-v8a 1279792 61be61aa74725699e88290091c553d74
02-28 15:02:31.082 16705 16705 D OpenRuntimeJNI: index:240 mmmediasdkjni-arm64-v8a 26368 f210437f0182a7b0af207688961d276e
02-28 15:02:31.082 16705 16705 D OpenRuntimeJNI: index:243 qm_native_decoder_ape-arm64-v8a 264960 98840fd1a6edf714e3e18ef31e9fadf4
02-28 15:02:31.082 16705 16705 D OpenRuntimeJNI: index:246 ilink_im-arm64-v8a 4305088 41810bad013bd20c6ad542b4d6cd54c3
02-28 15:02:31.082 16705 16705 D OpenRuntimeJNI: index:249 skia-canvas-log-bridge-arm64-v8a 30840 90f0978eb41b0e114d1c6405ace125ae
02-28 15:02:31.082 16705 16705 D OpenRuntimeJNI: index:252 commonimgdec-arm64-v8a 374912 a61fb033a0c141366843090e701aa38f
02-28 15:02:31.082 16705 16705 D OpenRuntimeJNI: index:255 ilink_dev-arm64-v8a 3495768 16b6be8c888e9253d5e7ca15dc9d3e9d
02-28 15:02:31.082 16705 16705 D OpenRuntimeJNI: index:258 mmskia-arm64-v8a 6679608 f15c5d60bfde411c369db294f9fa9afd
02-28 15:02:31.082 16705 16705 D OpenRuntimeJNI: index:261 mmimgcodec-arm64-v8a 104664 11124cf6265b1ea9eb6e8952316b9fb4
02-28 15:02:31.082 16705 16705 D OpenRuntimeJNI: index:264 mmv8-arm64-v8a 16213664 66af6a607a47e1d0ee7d07bc48f081b9
02-28 15:02:31.082 16705 16705 D OpenRuntimeJNI: index:267 ilink_network-arm64-v8a 5134872 e70c080976d015267bba533aa2eaa95b
02-28 15:02:31.082 16705 16705 D OpenRuntimeJNI: index:270 mmnode-arm64-v8a 3912248 3aa4f27f2ab1aad8ebd77e22ce400b25
02-28 15:02:31.082 16705 16705 D OpenRuntimeJNI: index:273 tencentlocsapp-arm64-v8a 24672 ec0075ee9f05515039c70a7d6e2c0ec2
02-28 15:02:31.082 16705 16705 D OpenRuntimeJNI: index:276 skia-canvas-arm64-v8a 415920 cbf6550f7e131a684cb94945de60965c
02-28 15:02:31.082 16705 16705 D OpenRuntimeJNI: index:279 linebreak-arm64-v8a 145160 1c26e785bba9b1e4a94872349594a931
02-28 15:02:31.082 16705 16705 D OpenRuntimeJNI: index:282 FFmpeg-arm64-v8a 2290712 245eef56f9c1186a8c0625fa0361f090
02-28 15:02:31.082 16705 16705 D OpenRuntimeJNI: index:285 NLog-arm64-v8a 116304 6d720d58a9cc4f943920c2168f76daa5
02-28 15:02:31.083 16705 16705 D OpenRuntimeJNI: index:288 mmphysx-arm64-v8a 5003384 80afea4b7da43330949045265cc3847e
02-28 15:02:31.083 16705 16705 D OpenRuntimeJNI: index:291 traeimp-rtmp-arm64-v8a 2401400 5a61a9335c5f0eeca764c47ba08ce907
02-28 15:02:31.083 16705 16705 D OpenRuntimeJNI: index:294 qqmusic_decoder_jni-arm64-v8a 87632 b09979622b5c6584c54cafd3fe2f0936
02-28 15:02:31.083 16705 16705 D OpenRuntimeJNI: index:297 ilink_xlog-arm64-v8a 161816 2d9ca57245bcd3ba58ff226be6ac2151
02-28 15:02:31.083 16705 16705 D OpenRuntimeJNI: index:300 mmudp-arm64-v8a 211144 d1db1effde780a52d6968da4d2d95a7c
02-28 15:02:31.083 16705 16705 D OpenRuntimeJNI: index:303 mmj2v8-arm64-v8a 649136 46ff8933e615cdc985451fe1f3e646ad
02-28 15:02:31.083 16705 16705 D OpenRuntimeJNI: index:306 andromeda-arm64-v8a 7888080 1c6bc7079512184c96e3cd288ce9efea
02-28 15:02:31.083 16705 16705 D OpenRuntimeJNI: index:309 108168wxa-arm64-v8a 211040 a9d9d34a382599694b1776c1479867c2
02-28 15:02:31.083 16705 16705 D OpenRuntimeJNI: index:312 mmbox2d-arm64-v8a 3135696 2781b2800e3e8e171bcac7761bd8c233
02-28 15:02:31.083 16705 16705 D OpenRuntimeJNI: index:315 mp3lame-arm64-v8a 252056 01b87ad5990c3bdbdac9a0ad3d75d088
02-28 15:02:31.083 16705 16705 D OpenRuntimeJNI: index:318 wxa_library-arm64-v8a 3052510 d1903c5f3f8a154f5f2cf2a9d5fc6d22
02-28 15:02:31.083 16705 16705 D OpenRuntimeJNI: index:321 DynamicPkg-arm64-v8a 40584162 fd29b604fe4f836e3902bc3cc1248ea7
02-28 15:02:31.083 16705 16705 D OpenRuntimeJNI: initLibInfoMap done
02-28 15:02:31.089 16705 16705 I WxaDynamicPkgMgr: initLoadLibrary abiType:1
02-28 15:02:31.095 16705 16705 D MicroMsg.PaySdk.WXFactory: createWXAPI, appId = wxca942bbff22e0e51, checkSignature = true
02-28 15:02:31.095 16705 16705 D MicroMsg.SDK.WXApiImplV10: , appId = wxca942bbff22e0e51, checkSignature = true
02-28 15:02:31.098 16705 16705 I Luggage.WxaApiImpl: process:com.tencent.qqlive, version:1.3.1(0x27001430), hostAppID:wxca942bbff22e0e51, abiType:1
02-28 15:02:31.098 16705 16705 I ashercai: QQLiveApplication 2
02-28 15:02:31.098 16705 16705 I ashercai: QQLiveApplication 3
02-28 15:02:31.102 16705 16705 I MMKV : root dir: /data/user/0/com.tencent.qqlive/files/mmkv
02-28 15:02:31.107 16705 16705 I Statistics: appStartUp()
02-28 15:02:31.108 16705 16731 I OpenRuntimeJNI: appbrandcommon fileLen:95336
02-28 15:02:31.108 16705 16705 I ApplicationWrapper: attachBaseContext pN =com.tencent.qqlive
02-28 15:02:31.109 16705 16731 D OpenRuntimeJNI: 5cc02ba3c77826f2ab45f3387983bfa3 md5String:appbrandcommon
02-28 15:02:31.109 16705 16731 I OpenRuntimeJNI: appbrandcommon abi:1 check success
02-28 15:02:31.110 16705 16731 I OpenRuntimeJNI: owl fileLen:272296
02-28 15:02:31.112 16705 16731 D OpenRuntimeJNI: 04a106c756b1bfbc9c335891f462a900 md5String:owl
02-28 15:02:31.112 16705 16731 I OpenRuntimeJNI: owl abi:1 check success
02-28 15:02:31.112 16705 16731 I OpenRuntimeJNI: ilink_tdi fileLen:580136
02-28 15:02:31.113 16705 16705 W System : ClassLoader referenced unknown path:
02-28 15:02:31.113 16705 16705 W .tencent.qqliv: Unsupported class loader
02-28 15:02:31.116 16705 16731 D OpenRuntimeJNI: 174f8e79f29f5e266f26dffa5279d9a5 md5String:ilink_tdi
02-28 15:02:31.116 16705 16731 I OpenRuntimeJNI: ilink_tdi abi:1 check success
02-28 15:02:31.116 16705 16731 I OpenRuntimeJNI: qm_native_decoder_ffmpeg fileLen:79068
02-28 15:02:31.116 16705 16731 D OpenRuntimeJNI: d432158d4c905e83e957aa43bd77f2f0 md5String:qm_native_decoder_ffmpeg
02-28 15:02:31.116 16705 16731 I OpenRuntimeJNI: qm_native_decoder_ffmpeg abi:1 check success
02-28 15:02:31.116 16705 16731 I OpenRuntimeJNI: QmNativeDataSource fileLen:34004
02-28 15:02:31.116 16705 16731 D OpenRuntimeJNI: bea559bae932e3d77a44dabb924ce30d md5String:QmNativeDataSource
02-28 15:02:31.116 16705 16731 I OpenRuntimeJNI: QmNativeDataSource abi:1 check success
02-28 15:02:31.117 16705 16731 I OpenRuntimeJNI: native-iv fileLen:59048
02-28 15:02:31.117 16705 16731 D OpenRuntimeJNI: d5896063c8b6376dc88498f2902c71a6 md5String:native-iv
02-28 15:02:31.117 16705 16731 I OpenRuntimeJNI: native-iv abi:1 check success
02-28 15:02:31.117 16705 16731 I OpenRuntimeJNI: private_protobuf fileLen:177856
02-28 15:02:31.118 16705 16731 D OpenRuntimeJNI: 60bab218883859fb321748d2f6c9ea69 md5String:private_protobuf
02-28 15:02:31.118 16705 16731 I OpenRuntimeJNI: private_protobuf abi:1 check success
02-28 15:02:31.118 16705 16731 I OpenRuntimeJNI: txffmpeg fileLen:1760752
02-28 15:02:31.122 1544 3044 D CompatibilityChangeReporter: Compat change id reported: 135634846; UID 10105; state: DISABLED
02-28 15:02:31.123 1544 1643 D CompatibilityChangeReporter: Compat change id reported: 143937733; UID 10105; state: DISABLED
02-28 15:02:31.129 674 674 D Zygote : Forked child process 16736
02-28 15:02:31.129 1544 1643 I am_proc_start: [0,16736,10105,com.tencent.qqlive:pmservice,content provider,{com.tencent.qqlive/com.ave.rogers.vplugin.component.process.ProcessPitProviderPersist}]
02-28 15:02:31.130 1544 1643 I ActivityManager: Start proc 16736:com.tencent.qqlive:pmservice/u0a105 for content provider {com.tencent.qqlive/com.ave.rogers.vplugin.component.process.ProcessPitProviderPersist}
02-28 15:02:31.130 16705 16731 D OpenRuntimeJNI: 4a3b64bd59f8ee39c013b1f980212a04 md5String:txffmpeg
02-28 15:02:31.130 16705 16731 I OpenRuntimeJNI: txffmpeg abi:1 check success
02-28 15:02:31.130 16705 16731 I OpenRuntimeJNI: qm_native_decoder_mp3 fileLen:227352
02-28 15:02:31.132 16705 16731 D OpenRuntimeJNI: f0cacc60f98b2ab5f7b6281e14578bb9 md5String:qm_native_decoder_mp3
02-28 15:02:31.132 16705 16731 I OpenRuntimeJNI: qm_native_decoder_mp3 abi:1 check success
02-28 15:02:31.132 16705 16731 I OpenRuntimeJNI: FormatDetector fileLen:46348
02-28 15:02:31.133 16736 16736 I Zygote : seccomp disabled by setenforce 0
02-28 15:02:31.133 16705 16731 D OpenRuntimeJNI: 5a953ff0f59c51e5ca7b50e0938146f1 md5String:FormatDetector
02-28 15:02:31.133 16705 16731 I OpenRuntimeJNI: FormatDetector abi:1 check success
02-28 15:02:31.133 16705 16731 I OpenRuntimeJNI: codec_factory fileLen:46292
02-28 15:02:31.133 16705 16731 D OpenRuntimeJNI: c63d0d7a87eb4ae7e0e025125437cd29 md5String:codec_factory
02-28 15:02:31.133 16705 16731 I OpenRuntimeJNI: codec_factory abi:1 check success
02-28 15:02:31.133 16705 16731 I OpenRuntimeJNI: magicbrush fileLen:4540504
02-28 15:02:31.127 9926 9926 I auditd : type=1400 audit(0.0:21859): avc: denied { use } for comm="UsbFfs-worker" path="anon_inode:[eventfd]" dev="anon_inodefs" ino=10296 scontext=u:r:su:s0 tcontext=u:r:adbd:s0 tclass=fd permissive=1
02-28 15:02:31.127 9926 9926 I UsbFfs-worker: type=1400 audit(0.0:21859): avc: denied { use } for path="anon_inode:[eventfd]" dev="anon_inodefs" ino=10296 scontext=u:r:su:s0 tcontext=u:r:adbd:s0 tclass=fd permissive=1
02-28 15:02:31.137 16736 16736 W qlive:pmservic: Using default instruction set features for ARM CPU variant (cortex-a9) using conservative defaults
02-28 15:02:31.140 9926 9935 I adbd : jdwp connection from 16736
02-28 15:02:31.135 16736 16736 I auditd : type=1400 audit(0.0:21860): avc: denied { connectto } for comm=4144422D4A44575020436F6E6E6563 path=006A6477702D636F6E74726F6C scontext=u:r:untrusted_app_27:s0:c105,c256,c512,c768 tcontext=u:r:su:s0 tclass=unix_stream_socket permissive=1 app=com.tencent.qqlive
02-28 15:02:31.135 16736 16736 I zygote : type=1400 audit(0.0:21860): avc: denied { connectto } for comm=4144422D4A44575020436F6E6E6563 path=006A6477702D636F6E74726F6C scontext=u:r:untrusted_app_27:s0:c105,c256,c512,c768 tcontext=u:r:su:s0 tclass=unix_stream_socket permissive=1 app=com.tencent.qqlive
02-28 15:02:31.141 16736 16736 D ProcessState: Binder ioctl to enable oneway spam detection failed: Invalid argument
01-09 09:15:45.433 0 0 I binder : 16736:16736 ioctl 40046210 ffd2ee18 returned -22
02-28 15:02:31.145 1544 3044 I am_proc_bound: [0,16736,com.tencent.qqlive:pmservice]
02-28 15:02:31.146 1544 3044 D CompatibilityInfo: mCompatibilityFlags - 4
02-28 15:02:31.146 1544 3044 D CompatibilityInfo: applicationDensity - 240
02-28 15:02:31.146 1544 3044 D CompatibilityInfo: applicationScale - 1.0
02-28 15:02:31.149 16736 16736 D CompatibilityChangeReporter: Compat change id reported: 171979766; UID 10105; state: DISABLED
02-28 15:02:31.154 16736 16736 D ApplicationLoaders: Returning zygote-cached class loader: /system/framework/android.test.base.jar
02-28 15:02:31.161 16705 16731 D OpenRuntimeJNI: a11904be56d50e42b7b2c56b2aa8e0ee md5String:magicbrush
02-28 15:02:31.161 16705 16731 I OpenRuntimeJNI: magicbrush abi:1 check success
02-28 15:02:31.161 16705 16731 I OpenRuntimeJNI: wcwss fileLen:2895588
02-28 15:02:31.179 16705 16731 D OpenRuntimeJNI: 6c062a4a1452559abfd90048c602e0f8 md5String:wcwss
02-28 15:02:31.179 16705 16731 I OpenRuntimeJNI: wcwss abi:1 check success
02-28 15:02:31.179 16705 16731 I OpenRuntimeJNI: qm_native_decoder_flac fileLen:152852
02-28 15:02:31.180 16705 16731 D OpenRuntimeJNI: f4cb322201875487beb0034de9a23132 md5String:qm_native_decoder_flac
02-28 15:02:31.180 16705 16731 I OpenRuntimeJNI: qm_native_decoder_flac abi:1 check success
02-28 15:02:31.180 16705 16731 I OpenRuntimeJNI: linkid fileLen:640364
02-28 15:02:31.183 1544 12850 D CompatibilityChangeReporter: Compat change id reported: 135634846; UID 10105; state: DISABLED
02-28 15:02:31.183 1544 1643 D CompatibilityChangeReporter: Compat change id reported: 143937733; UID 10105; state: DISABLED
02-28 15:02:31.185 16705 16731 D OpenRuntimeJNI: a58ef2ad70eb81117e26b937ed6bfa62 md5String:linkid
02-28 15:02:31.185 16705 16731 I OpenRuntimeJNI: linkid abi:1 check success
02-28 15:02:31.185 16705 16731 I OpenRuntimeJNI: canvas fileLen:325372
02-28 15:02:31.188 16705 16731 D OpenRuntimeJNI: 1a5390a25d6aa322e8da7cdbc94685ce md5String:canvas
02-28 15:02:31.188 16705 16731 I OpenRuntimeJNI: canvas abi:1 check success
02-28 15:02:31.189 16705 16731 I OpenRuntimeJNI: mmavmedia fileLen:10493964
02-28 15:02:31.190 674 674 D Zygote : Forked child process 16759
02-28 15:02:31.190 1544 1643 I am_proc_start: [0,16759,10105,com.tencent.qqlive:services,service,{com.tencent.qqlive/com.tencent.qqlive.modules.vb.wrapperloginservice.WrapperLoginDaemon}]
02-28 15:02:31.190 1544 1643 I ActivityManager: Start proc 16759:com.tencent.qqlive:services/u0a105 for service {com.tencent.qqlive/com.tencent.qqlive.modules.vb.wrapperloginservice.WrapperLoginDaemon}
02-28 15:02:31.194 16759 16759 I Zygote : seccomp disabled by setenforce 0
02-28 15:02:31.194 16736 16736 I Perf : Connecting to perf service.
02-28 15:02:31.198 16759 16759 W qqlive:service: Using default instruction set features for ARM CPU variant (cortex-a9) using conservative defaults
02-28 15:02:31.201 9926 9935 I adbd : jdwp connection from 16759
02-28 15:02:31.201 16759 16759 D ProcessState: Binder ioctl to enable oneway spam detection failed: Invalid argument
01-09 09:15:45.493 0 0 I binder : 16759:16759 ioctl 40046210 ffd2ee18 returned -22
02-28 15:02:31.205 1544 3044 I am_proc_bound: [0,16759,com.tencent.qqlive:services]
02-28 15:02:31.205 16736 16736 V GraphicsEnvironment: ANGLE Developer option for 'com.tencent.qqlive' set to: 'default'
02-28 15:02:31.206 16736 16736 V GraphicsEnvironment: ANGLE GameManagerService for com.tencent.qqlive: false
02-28 15:02:31.206 1544 3044 D CompatibilityInfo: mCompatibilityFlags - 4
02-28 15:02:31.206 1544 3044 D CompatibilityInfo: applicationDensity - 240
02-28 15:02:31.206 1544 3044 D CompatibilityInfo: applicationScale - 1.0
02-28 15:02:31.206 16736 16736 V GraphicsEnvironment: Updatable production driver is not supported on the device.
02-28 15:02:31.208 1544 3044 D CompatibilityInfo: mCompatibilityFlags - 4
02-28 15:02:31.208 1544 3044 D CompatibilityInfo: applicationDensity - 240
02-28 15:02:31.208 1544 3044 D CompatibilityInfo: applicationScale - 1.0
02-28 15:02:31.208 16705 16705 D TENCENT_AD_: isOpen:false
02-28 15:02:31.209 16736 16736 D NetworkSecurityConfig: Using Network Security Config from resource g debugBuild: false
02-28 15:02:31.210 16736 16736 D NetworkSecurityConfig: Using Network Security Config from resource g debugBuild: false
02-28 15:02:31.211 16759 16759 D CompatibilityChangeReporter: Compat change id reported: 171979766; UID 10105; state: DISABLED
02-28 15:02:31.211 16736 16736 I load_dex_tag: QQLiveApplication init
02-28 15:02:31.216 1544 3044 D CompatibilityInfo: mCompatibilityFlags - 4
02-28 15:02:31.216 1544 3044 D CompatibilityInfo: applicationDensity - 240
02-28 15:02:31.216 1544 3044 D CompatibilityInfo: applicationScale - 1.0
02-28 15:02:31.217 16759 16759 D ApplicationLoaders: Returning zygote-cached class loader: /system/framework/android.test.base.jar
02-28 15:02:31.223 16736 16736 I load_dex_tag: application attachBaseContext
02-28 15:02:31.224 16736 16736 I MultiDex: VM with version 2.1.0 has multidex support
02-28 15:02:31.224 16736 16736 I MultiDex: install
02-28 15:02:31.224 16736 16736 I MultiDex: VM has multidex support, MultiDex support library is disabled.
02-28 15:02:31.225 16736 16736 E a : ApplicationWrapper:attachBaseContext: process = com.tencent.qqlive:pmservice, processType = 18
02-28 15:02:31.229 16736 16736 D SLAReporter: set open: false ,real: false
02-28 15:02:31.229 16736 16736 D RAApplicationContext: startup [32725752], current RAFT version:com.raft.uas/v1alpha2
02-28 15:02:31.229 16736 16736 D RAServiceManager: init ...
02-28 15:02:31.233 16736 16736 D RAServiceManager: init success :{interface com.tencent.qqlive.modules.vb.skin.service.IVBSkinService=com.tencent.raft.generate.interface1985581822$QQLive_app@898ced, interface com.tencent.qqlive.modules.vb.danmaku.service.IVBDanmakuService=com.tencent.raft.generate.interface786679668$QQLive_app@fcf6722, class com.tencent.qqlive.modules.vb.platforminfo.service.VBPlatformInfoService=com.tencent.raft.generate.interface1883630954$QQLive_app@30775b3, class com.tencent.qqlive.modules.attachable.b.b=com.tencent.raft.generate.interface1008491740$QQLive_app@b7bd770, class com.tencent.qqlive.modules.vb.videokit.service.VBCoverGenerateService=com.tencent.raft.generate.interface438429825$QQLive_app@fff0ae9, interface com.tencent.qqlive.modules.vb.videokit.service.IVBCoverPickerService=com.tencent.raft.generate.interface760724600$QQLive_app@e20d36e, interface com.tencent.qqlive.modules.vb.threadservice.service.IVBThreadService=com.tencent.raft.generate.interface1753729375$QQLive_app@979ba0f, class com.tencent.qqlive.modules.vb.danmaku.service.VBDanmakuService=com.tencent.raft.generate.interface786679668$QQLive_app@61efa9c, class com.tencent.qqlive.modules.vb.videokit.service.VBMediaPreviewerService=com.tencent.raft.generate.interface237566004$QQLive_app@c346ca5, class com.tencent.qqlive.modules.vb.idauth.service.VBIDAuthService=com.tencent.raft.generate.interface387926606$QQLive_app@80ab87a, class com.tencent.qqlive.modules.vb.wrapperloginservice.VBWrapperLoginService=com.tencent.raft.generate.interface1907459880$QQLive_app@921e82b, interface com.tencent.qqlive.modules.vb.log.IVBLogService=com.tencent.raft.generate.interface720016883$QQLive_app@46f2488, interface com.tencent.qqlive.modules.vb.idauth.service.IVBIDAuthService=com.tencent.raft.generate.interface387926606$QQLive_app@9a42e21, interface com.tencent.qqlive.modules.vb.networkservice.service.IVBNetworkService=com.tencent.raft.generate.interface812276117$QQLive_app@f7be246, interface com.tencent.qqlive.modules.vb.location.service.IVBLocationService=com.tencent.raft.generate.interface1514662158$QQLive_app@ed4dc07, interface com.tencent.qqlive.modules.vb.videoupload.service.IVBUploadVideoService=com.tencent.raft.generate.interface1516007402$QQLive_app@160134, interface com.tencent.qqlive.modules.vb.dialog.service.IVBDialogService=com.tencent.raft.generate.interface416549288$QQLive_app@ff48b5d, interface com.tencent.qqlive.modules.vb.loginservice.IVBLoginService=com.tencent.raft.generate.interface2111711442$QQLive_app@483dcd2, class com.tencent.qqlive.modules.vb.loginservice.VBLoginService=com.tencent.raft.generate.interface2111711442$QQLive_app@5d931a3, class com.tencent.qqlive.modules.vb.log.VBLogService=com.tencent.raft.generate.interface720016883$QQLive_app@1abfca0, interface com.tencent.qqlive.modules.attachable.b.c=com.tencent.raft.generate.interface1008491740$QQLive_app@f38059, interface com.tencent.qqlive.modules.vb.platforminfo.service.IVBPlatformInfoService=com.tencent.raft.generate.interface1883630954$QQLive_app@69ef41e, interface com.tencent.qqlive.modules.vb.videokit.service.IVBMediaPreviewerService=com.tencent.raft.generate.interface237566004$QQLive_app@d4344ff, class com.tencent.qqlive.modules.vb.camera.service.VBCameraService=com.tencent.raft.generate.interface1737817582$QQLive_app@e442cc, interface com.tencent.qqlive.modules.vb.camera.service.IVBCameraService=com.tencent.raft.generate.interface1737817582$QQLive_app@352c915, interface com.tencent.qqlive.modules.vb.videokit.service.IVBCoverGenerateService=com.tencent.raft.generate.interface438429825$QQLive_app@ec2342a, class com.tencent.qqlive.modules.vb.videokit.service.VBCoverPickerService=com.tencent.raft.generate.interface760724600$QQLive_app@711321b, interface com.tencent.qqlive.modules.vb.kv.service.IVBKVService=com.tencent.raft.generate.interface169200130$QQLive_app@b78bfb8, class com.tencent.qqlive.modules.vb.videoupload.service.VBUploadVideoService=com.tencent.raft.generate.interface1516007402$QQLive_app@d23e191, interface com.tencent.qqlive.modules.vb.pb.service.IVBPBService=c
02-28 15:02:31.234 16736 16736 D RADeclareManager: init success :{}
02-28 15:02:31.234 1544 12850 W ActivityManager: Background start not allowed: service Intent { cmp=com.tencent.qqlive/.ipc.BroadcastService } to com.tencent.qqlive/.ipc.BroadcastService from pid=16705 uid=10105 pkg=com.tencent.qqlive startFg?=false
02-28 15:02:31.236 16705 16729 W Settings: Setting android_id has moved from android.provider.Settings.System to android.provider.Settings.Secure, returning read-only value.
02-28 15:02:31.236 1544 3044 W ActivityManager: Background start not allowed: service Intent { cmp=com.tencent.qqlive/.ipc.BroadcastService } to com.tencent.qqlive/.ipc.BroadcastService from pid=16705 uid=10105 pkg=com.tencent.qqlive startFg?=false
02-28 15:02:31.245 16705 16730 D TuringFdSDK: TuringFD v36 (c105498, l3119B4B91F353F1A, t1, audienceCommonMini, taf, 1, compiled 2019_11_21_15_08_48)
02-28 15:02:31.247 16705 16730 I TuringFdNative: TuringFD v36 (c105498, l3119B4B91F353F1A, compiled 2019_11_21_15_08_48, aucommon)
02-28 15:02:31.247 16705 16730 I TuringFdNative: success
02-28 15:02:31.256 1232 15491 I OMX-VENC: venc_dev: stats: avg. fps 45.16, bitrate 2360827
02-28 15:02:31.256 16705 16731 D OpenRuntimeJNI: e6d77645521d6da51ae7c266a02ebc29 md5String:mmavmedia
02-28 15:02:31.256 16705 16731 I OpenRuntimeJNI: mmavmedia abi:1 check success
02-28 15:02:31.251 1232 1232 I auditd : type=1400 audit(0.0:21861): avc: denied { call } for comm="OMXCallbackDisp" scontext=u:r:mediacodec:s0 tcontext=u:r:su:s0 tclass=binder permissive=1
02-28 15:02:31.251 1232 1232 I OMXCallbackDisp: type=1400 audit(0.0:21861): avc: denied { call } for scontext=u:r:mediacodec:s0 tcontext=u:r:su:s0 tclass=binder permissive=1
02-28 15:02:31.256 16705 16731 I OpenRuntimeJNI: wmpfcommonjni fileLen:1501388
02-28 15:02:31.262 16759 16759 I Perf : Connecting to perf service.
01-09 09:15:45.559 0 0 W "qlive : pmservice" (16736) uses obsolete SWP{B} instruction at 0xda04b3f4
01-09 09:15:45.559 0 0 W "qlive : pmservice" (16736) uses obsolete SWP{B} instruction at 0xda04b4fc
02-28 15:02:31.265 16705 16731 D OpenRuntimeJNI: 4b39c365d92f96c3c9a1b36042836db0 md5String:wmpfcommonjni
02-28 15:02:31.265 16705 16731 I OpenRuntimeJNI: wmpfcommonjni abi:1 check success
02-28 15:02:31.265 16705 16731 I OpenRuntimeJNI: mmlockstep fileLen:481088
02-28 15:02:31.268 16705 16731 D OpenRuntimeJNI: 973844f9134fa4b20d93d447733eb759 md5String:mmlockstep
02-28 15:02:31.268 16705 16731 I OpenRuntimeJNI: mmlockstep abi:1 check success
02-28 15:02:31.268 16705 16731 I OpenRuntimeJNI: wechatpack fileLen:788716
02-28 15:02:31.269 16736 16736 E QQLiveXLogger: new:com.tencent.qqlive:pmservice,pmservice
01-09 09:15:45.560 0 0 W "qlive : pmservice" (16736) uses obsolete SWP{B} instruction at 0xda04b3f4
01-09 09:15:45.560 0 0 W "qlive : pmservice" (16736) uses obsolete SWP{B} instruction at 0xda04b4fc
02-28 15:02:31.272 16759 16759 V GraphicsEnvironment: ANGLE Developer option for 'com.tencent.qqlive' set to: 'default'
02-28 15:02:31.272 16759 16759 V GraphicsEnvironment: ANGLE GameManagerService for com.tencent.qqlive: false
02-28 15:02:31.273 16759 16759 V GraphicsEnvironment: Updatable production driver is not supported on the device.
02-28 15:02:31.273 16705 16731 D OpenRuntimeJNI: cc30cc873105001082dee725b7b7ca0e md5String:wechatpack
02-28 15:02:31.273 16705 16731 I OpenRuntimeJNI: wechatpack abi:1 check success
02-28 15:02:31.273 16705 16731 I OpenRuntimeJNI: mmwcwss fileLen:247560
02-28 15:02:31.274 16759 16759 D NetworkSecurityConfig: Using Network Security Config from resource g debugBuild: false
02-28 15:02:31.275 16705 16731 D OpenRuntimeJNI: c29f28aa12f72c3c32160c71fdefcfb6 md5String:mmwcwss
02-28 15:02:31.275 16705 16731 I OpenRuntimeJNI: mmwcwss abi:1 check success
02-28 15:02:31.275 16705 16731 I OpenRuntimeJNI: audio_common fileLen:58636
02-28 15:02:31.276 16705 16731 D OpenRuntimeJNI: 1941d40fd0d87773733c9ee4e166a626 md5String:audio_common
02-28 15:02:31.276 16705 16731 I OpenRuntimeJNI: audio_common abi:1 check success
