02-28 15:02:34.441 1544 1947 D ConnectivityService: NetReassign [no changes]
02-28 15:02:34.469 16705 16705 I MultiProcess: Fallback service has disabled
02-28 15:02:34.469 16705 16705 I MultiProcess: No sandbox if not isolated has enabled
02-28 15:02:34.469 16705 16705 I MultiProcess: Auto recovery has enabled
02-28 15:02:34.485 16705 16705 I MultiProcess: Type 0: 0 is chosen when multi-process is not enabled
02-28 15:02:34.524 16705 17426 I .tencent.qqliv: WaitForGcToComplete blocked ClassLinker on Background for 517.012ms
02-28 15:02:34.541 16705 16716 W System : A resource failed to call end.
02-28 15:02:34.542 16705 16716 W System : A resource failed to call end.
02-28 15:02:34.548 16705 16716 W System : A resource failed to call end.
02-28 15:02:34.552 16705 16716 W System : A resource failed to call end.
02-28 15:02:34.554 16705 16705 I WebViewFactory: Loading com.android.webview version 95.0.4638.74 (code 463807403)
02-28 15:02:34.564 16705 16705 D nativeloader: classloader namespace configured for unbundled product apk. library_path=/product/app/webview/lib/arm:/product/app/webview/webview.apk!/lib/armeabi-v7a:/product/lib:/system/product/lib
02-28 15:02:34.607 16705 16705 I cr_WVCFactoryProvider: Loaded version=95.0.4638.74 minSdkVersion=21 isBundle=false multiprocess=true packageId=2
02-28 15:02:34.612 19732 21123 E cube_taskex: HCDN_LOG: [T:21123]Java_com_qiyi_hcdndownloader_HCDNDownloaderTask_GetFileSizeNative 170: taskptr = 0xb3dc2a10
02-28 15:02:34.612 19732 21123 E cube_taskex: HCDN_LOG: [T:21123]Java_com_qiyi_hcdndownloader_HCDNDownloaderTask_GetDownloadSizeNative 187: taskptr = 0xb3dc2a10
02-28 15:02:34.612 19732 21123 E cube_taskex: HCDN_LOG: [T:21123]Java_com_qiyi_hcdndownloader_HCDNDownloaderTask_GetSpeedNative 139: taskptr = 0xb3dc2a10
02-28 15:02:34.680 16705 16705 E KING_CARD: WebSettingsExtension getQProxyEnabled false
02-28 15:02:34.694 19541 20557 W kcp_info: HCDN_LOG: [T:20557]Update: udp kcp size[0], timeout kcp size[0]
02-28 15:02:34.697 1544 3045 D ConnectivityService: requestNetwork for uid/pid:10105/16705 activeRequest: null callbackRequest: 533 [NetworkRequest [ REQUEST id=534, [ Capabilities: INTERNET&NOT_RESTRICTED&TRUSTED&NOT_VCN_MANAGED Uid: 10105 RequestorUid: 10105 RequestorPkg: com.tencent.qqlive] ]] callback flags: 0 priority: 2147483647
02-28 15:02:34.698 1544 1947 D ConnectivityService: NetReassign [534 : null → 100]
02-28 15:02:34.699 1544 2017 D Ethernet: got request NetworkRequest [ REQUEST id=534, [ Capabilities: INTERNET&NOT_RESTRICTED&TRUSTED&NOT_VCN_MANAGED Uid: 10105 RequestorUid: 10105 RequestorPkg: com.tencent.qqlive] ]
02-28 15:02:34.699 1544 2017 D EthernetNetworkFactory: acceptRequest, request: NetworkRequest [ REQUEST id=534, [ Capabilities: INTERNET&NOT_RESTRICTED&TRUSTED&NOT_VCN_MANAGED Uid: 10105 RequestorUid: 10105 RequestorPkg: com.tencent.qqlive] ]
02-28 15:02:34.699 1544 2017 I EthernetNetworkFactory: networkForRequest, request: NetworkRequest [ REQUEST id=534, [ Capabilities: INTERNET&NOT_RESTRICTED&TRUSTED&NOT_VCN_MANAGED Uid: 10105 RequestorUid: 10105 RequestorPkg: com.tencent.qqlive] ], network: null
02-28 15:02:34.699 1544 1897 D WifiNetworkFactory: got request NetworkRequest [ REQUEST id=534, [ Capabilities: INTERNET&NOT_RESTRICTED&TRUSTED&NOT_VCN_MANAGED Uid: 10105 RequestorUid: 10105 RequestorPkg: com.tencent.qqlive] ]
02-28 15:02:34.700 1544 1897 D UntrustedWifiNetworkFactory: got request NetworkRequest [ REQUEST id=534, [ Capabilities: INTERNET&NOT_RESTRICTED&TRUSTED&NOT_VCN_MANAGED Uid: 10105 RequestorUid: 10105 RequestorPkg: com.tencent.qqlive] ]
02-28 15:02:34.700 1544 1947 D ConnectivityService: NetReassign [no changes]
02-28 15:02:34.700 1544 1897 D OemPaidWifiNetworkFactory: got request NetworkRequest [ REQUEST id=534, [ Capabilities: INTERNET&NOT_RESTRICTED&TRUSTED&NOT_VCN_MANAGED Uid: 10105 RequestorUid: 10105 RequestorPkg: com.tencent.qqlive] ]
02-28 15:02:34.717 16705 17532 W System.err: java.io.FileNotFoundException: /data/user/0/com.tencent.qqlive/cache/optlist.ser: open failed: ENOENT (No such file or directory)
02-28 15:02:34.717 16705 17532 W System.err: at libcore.io.IoBridge.open(IoBridge.java:575)
02-28 15:02:34.717 16705 17532 W System.err: at java.io.FileInputStream.(FileInputStream.java:160)
02-28 15:02:34.717 16705 17532 W System.err: at java.io.FileInputStream.(FileInputStream.java:115)
02-28 15:02:34.717 16705 17532 W System.err: at com.tencent.smtt.net.b.b(TbsJavaCore:12)
02-28 15:02:34.717 16705 17532 W System.err: at com.tencent.smtt.net.b.c(TbsJavaCore:4)
02-28 15:02:34.717 16705 17532 W System.err: at com.tencent.smtt.net.NetworkSmttService.preconnectMainResources(TbsJavaCore:1)
02-28 15:02:34.717 16705 17532 W System.err: Caused by: android.system.ErrnoException: open failed: ENOENT (No such file or directory)
02-28 15:02:34.717 16705 17532 W System.err: at libcore.io.Linux.open(Native Method)
02-28 15:02:34.717 16705 17532 W System.err: at libcore.io.ForwardingOs.open(ForwardingOs.java:567)
02-28 15:02:34.717 16705 17532 W System.err: at libcore.io.BlockGuardOs.open(BlockGuardOs.java:273)
02-28 15:02:34.717 16705 17532 W System.err: at libcore.io.ForwardingOs.open(ForwardingOs.java:567)
02-28 15:02:34.717 16705 17532 W System.err: at android.app.ActivityThread$AndroidOs.open(ActivityThread.java:7766)
02-28 15:02:34.717 16705 17532 W System.err: at libcore.io.IoBridge.open(IoBridge.java:561)
02-28 15:02:34.717 16705 17532 W System.err: ... 5 more
02-28 15:02:34.806 16759 16803 I MMKV : [com.tencent.qqlive_preferences] oldSeq 4, newSeq 5
02-28 15:02:34.806 16759 16803 I MMKV : clearMemoryState [com.tencent.qqlive_preferences]
02-28 15:02:34.807 16759 16803 I MMKV : loading [com.tencent.qqlive_preferences] with 19535 size in total, file size is 32768
02-28 15:02:34.807 16759 16803 I MMKV : loading [com.tencent.qqlive_preferences] with crc 4270939048 sequence 5
02-28 15:02:34.807 16759 16803 I MMKV : loaded [com.tencent.qqlive_preferences] with 59 values
02-28 15:02:34.808 16736 16796 I MMKV : [com.tencent.qqlive_preferences] oldSeq 4, newSeq 5
02-28 15:02:34.808 16891 17030 I MMKV : [com.tencent.qqlive_preferences] oldSeq 4, newSeq 5
02-28 15:02:34.808 16736 16796 I MMKV : clearMemoryState [com.tencent.qqlive_preferences]
02-28 15:02:34.808 16891 17030 I MMKV : clearMemoryState [com.tencent.qqlive_preferences]
02-28 15:02:34.808 16891 17030 I MMKV : loading [com.tencent.qqlive_preferences] with 19535 size in total, file size is 32768
02-28 15:02:34.808 16736 16796 I MMKV : loading [com.tencent.qqlive_preferences] with 19535 size in total, file size is 32768
02-28 15:02:34.808 16891 17030 I MMKV : loading [com.tencent.qqlive_preferences] with crc 4270939048 sequence 5
02-28 15:02:34.808 16736 16796 I MMKV : loading [com.tencent.qqlive_preferences] with crc 4270939048 sequence 5
02-28 15:02:34.808 16891 17030 I MMKV : loaded [com.tencent.qqlive_preferences] with 59 values
02-28 15:02:34.808 16736 16796 I MMKV : loaded [com.tencent.qqlive_preferences] with 59 values
02-28 15:02:34.832 19732 20581 W kcp_info: HCDN_LOG: [T:20581]Update: udp kcp size[0], timeout kcp size[0]
02-28 15:02:34.858 16705 16937 D MicroMsg.PaySdk.WXFactory: createWXAPI, appId = wxca942bbff22e0e51, checkSignature = true
02-28 15:02:34.858 16705 16937 D MicroMsg.SDK.WXApiImplV10: , appId = wxca942bbff22e0e51, checkSignature = true
02-28 15:02:34.858 16705 16937 E MicroMsg.SDK.WXApiImplV10: register app failed for wechat app signature check failed
02-28 15:02:34.874 16705 16937 I ProtocolManager: createNetWorkTask: NACManager, serverInfo = 121.51.158.41 : aoma.qq.com, nacState = 3, request = SplashAdPreloadRequest
02-28 15:02:34.882 16705 17268 E NetWorkTask: run: nacState = 3, taskAddress = TaskAddress{mDestDomain='aoma.qq.com', mDestIp='121.51.158.41', mDestPort='80', mPath='null', mCmdId=0, mRequestUrl='', mForceIpDirect=false}
02-28 15:02:34.884 16705 17355 I CarrierManager: getActiveSubscription()=[ EmptySubscription imsi = 30005012ab642c6512dcb466b398b89cb1be0201b110010218201 ] hash=EmptySubscription@192501775
02-28 15:02:34.889 16705 17215 E ODK : Could not get permission of android.permission.READ_PHONE_STATE
02-28 15:02:34.898 16705 17215 E ODK : Could not get permission of android.permission.READ_PHONE_STATE
02-28 15:02:34.992 16705 17352 I CarrierManager: getActiveSubscription()=[ EmptySubscription imsi = 30005012ab642c6512dcb466b398b89cb1be0201b110010218201 ] hash=EmptySubscription@192501775
02-28 15:02:35.000 16705 17215 E ODK : Could not get permission of android.permission.READ_PHONE_STATE
02-28 15:02:35.004 16705 17215 E ODK : Could not get permission of android.permission.READ_PHONE_STATE
02-28 15:02:35.019 16705 17215 E ODK : Could not get permission of android.permission.READ_PHONE_STATE
02-28 15:02:35.035 16705 17215 E ODK : Could not get permission of android.permission.READ_PHONE_STATE
01-09 09:15:49.386 0 0 I msm_vidc: err : ffffffff: .....: DBLP Set: status 0
02-28 15:02:35.305 16759 16865 E kc_test : notifyMsg: TO_FORE_RESULT_CHANGED content: 1677567755305
02-28 15:02:35.306 16759 16880 E kc_test : ononEvent baseProcess: true MsgType: TO_FORE_RESULT_CHANGED
02-28 15:02:35.364 650 664 I mpu_uart: [MSG-P:RECV]:No message received in 1000 ms
02-28 15:02:35.435 16705 16705 I auditd : type=1400 audit(0.0:22849): avc: granted { nlmsg_readpriv } for comm="ThreadPool-thre" scontext=u:r:untrusted_app_27:s0:c105,c256,c512,c768 tcontext=u:r:untrusted_app_27:s0:c105,c256,c512,c768 tclass=netlink_route_socket app=com.tencent.qqlive
02-28 15:02:35.435 16705 16705 W ThreadPool-thre: type=1400 audit(0.0:22849): avc: granted { nlmsg_readpriv } for scontext=u:r:untrusted_app_27:s0:c105,c256,c512,c768 tcontext=u:r:untrusted_app_27:s0:c105,c256,c512,c768 tclass=netlink_route_socket app=com.tencent.qqlive
02-28 15:02:35.442 16705 17499 W Settings: Setting airplane_mode_on has moved from android.provider.Settings.System to android.provider.Settings.Global, returning read-only value.
02-28 15:02:35.511 16705 16705 I auditd : type=1400 audit(0.0:22850): avc: granted { nlmsg_readpriv } for comm="halley_3128_Tem" scontext=u:r:untrusted_app_27:s0:c105,c256,c512,c768 tcontext=u:r:untrusted_app_27:s0:c105,c256,c512,c768 tclass=netlink_route_socket app=com.tencent.qqlive
02-28 15:02:35.511 16705 16705 W halley_3128_Tem: type=1400 audit(0.0:22850): avc: granted { nlmsg_readpriv } for scontext=u:r:untrusted_app_27:s0:c105,c256,c512,c768 tcontext=u:r:untrusted_app_27:s0:c105,c256,c512,c768 tclass=netlink_route_socket app=com.tencent.qqlive
02-28 15:02:35.611 30797 30797 I auditd : type=1400 audit(0.0:22851): avc: granted { nlmsg_readpriv } for comm="DaemonThread-6" scontext=u:r:untrusted_app_27:s0:c104,c256,c512,c768 tcontext=u:r:untrusted_app_27:s0:c104,c256,c512,c768 tclass=netlink_route_socket app=com.taobao.taobao
02-28 15:02:35.611 30797 30797 W DaemonThread-6: type=1400 audit(0.0:22851): avc: granted { nlmsg_readpriv } for scontext=u:r:untrusted_app_27:s0:c104,c256,c512,c768 tcontext=u:r:untrusted_app_27:s0:c104,c256,c512,c768 tclass=netlink_route_socket app=com.taobao.taobao
02-28 15:02:35.720 19541 20557 W kcp_info: HCDN_LOG: [T:20557]Update: udp kcp size[0], timeout kcp size[0]
02-28 15:02:35.857 19732 21123 E cube_taskex: HCDN_LOG: [T:21123]Java_com_qiyi_hcdndownloader_HCDNDownloaderTask_GetFileSizeNative 170: taskptr = 0xb3dc2a10
02-28 15:02:35.857 19732 21123 E cube_taskex: HCDN_LOG: [T:21123]Java_com_qiyi_hcdndownloader_HCDNDownloaderTask_GetDownloadSizeNative 187: taskptr = 0xb3dc2a10
02-28 15:02:35.857 19732 21123 E cube_taskex: HCDN_LOG: [T:21123]Java_com_qiyi_hcdndownloader_HCDNDownloaderTask_GetSpeedNative 139: taskptr = 0xb3dc2a10
02-28 15:02:35.876 19732 20581 W kcp_info: HCDN_LOG: [T:20581]Update: udp kcp size[0], timeout kcp size[0]
02-28 15:02:36.118 16705 16716 W System : A resource failed to call end.
02-28 15:02:36.302 16759 16770 W System : A resource failed to call close.
02-28 15:02:36.302 16759 16770 W System : A resource failed to call close.
02-28 15:02:36.364 650 664 I mpu_uart: [MSG-P:RECV]:No message received in 1000 ms
02-28 15:02:36.583 15467 15467 I auditd : type=1400 audit(0.0:22852): avc: denied { call } for comm="MediaCodec_loop" scontext=u:r:su:s0 tcontext=u:r:mediaserver:s0 tclass=binder permissive=1
02-28 15:02:36.583 15467 15467 I MediaCodec_loop: type=1400 audit(0.0:22852): avc: denied { call } for scontext=u:r:su:s0 tcontext=u:r:mediaserver:s0 tclass=binder permissive=1
01-09 09:15:50.980 0 0 E DTC_ETH,link_delay_work_func: 3003, SQI=0, link=0
02-28 15:02:36.742 650 663 I mpu_uart: [MSG-P:R]:recv sync frame timeout
02-28 15:02:36.758 19541 20557 W kcp_info: HCDN_LOG: [T:20557]Update: udp kcp size[0], timeout kcp size[0]
02-28 15:02:36.904 19732 20581 W kcp_info: HCDN_LOG: [T:20581]Update: udp kcp size[0], timeout kcp size[0]
02-28 15:02:36.918 1342 1399 E tlogd : [TzLogger](isPathReadable) file /sys/kernel/debug/tzdbg/qsee_log isn't exist or no permission, err: No such file or directory
02-28 15:02:36.918 1342 1399 E tlogd : [TzLogger](saveTzlogAsync) /sys/kernel/debug/tzdbg/qsee_log can not read.
02-28 15:02:36.918 1342 1399 E tlogd : [TzLogger](isPathReadable) file /sys/kernel/debug/tzdbg/log isn't exist or no permission, err: No such file or directory
02-28 15:02:36.918 1342 1399 E tlogd : [TzLogger](saveTzlogAsync) /sys/kernel/debug/tzdbg/log can not read.
02-28 15:02:37.045 19732 21123 E cube_taskex: HCDN_LOG: [T:21123]Java_com_qiyi_hcdndownloader_HCDNDownloaderTask_GetFileSizeNative 170: taskptr = 0xb3dc2a10
02-28 15:02:37.045 19732 21123 E cube_taskex: HCDN_LOG: [T:21123]Java_com_qiyi_hcdndownloader_HCDNDownloaderTask_GetDownloadSizeNative 187: taskptr = 0xb3dc2a10
02-28 15:02:37.046 19732 21123 E cube_taskex: HCDN_LOG: [T:21123]Java_com_qiyi_hcdndownloader_HCDNDownloaderTask_GetSpeedNative 139: taskptr = 0xb3dc2a10
02-28 15:02:37.203 0 0 I auditd : type=1400 audit(0.0:22853): avc: denied { kill } for comm="swapper/3" capability=5 scontext=u:r:kernel:s0 tcontext=u:r:kernel:s0 tclass=capability permissive=1
02-28 15:02:37.203 0 0 I swapper/3: type=1400 audit(0.0:22853): avc: denied { kill } for capability=5 scontext=u:r:kernel:s0 tcontext=u:r:kernel:s0 tclass=capability permissive=1
02-28 15:02:37.365 650 664 I mpu_uart: [MSG-P:RECV]:No message received in 1000 ms
02-28 15:02:37.776 19541 20557 W kcp_info: HCDN_LOG: [T:20557]Update: udp kcp size[0], timeout kcp size[0]
02-28 15:02:37.912 19732 20581 W kcp_info: HCDN_LOG: [T:20581]Update: udp kcp size[0], timeout kcp size[0]
02-28 15:02:38.197 19732 21123 E cube_taskex: HCDN_LOG: [T:21123]Java_com_qiyi_hcdndownloader_HCDNDownloaderTask_GetFileSizeNative 170: taskptr = 0xb3dc2a10
02-28 15:02:38.197 19732 21123 E cube_taskex: HCDN_LOG: [T:21123]Java_com_qiyi_hcdndownloader_HCDNDownloaderTask_GetDownloadSizeNative 187: taskptr = 0xb3dc2a10
02-28 15:02:38.197 19732 21123 E cube_taskex: HCDN_LOG: [T:21123]Java_com_qiyi_hcdndownloader_HCDNDownloaderTask_GetSpeedNative 139: taskptr = 0xb3dc2a10
02-28 15:02:38.365 650 664 I mpu_uart: [MSG-P:RECV]:No message received in 1000 ms
02-28 15:02:38.579 4922 5088 E GODZILLA: Original size is 1064960 but real size is 536576
02-28 15:02:38.580 4922 5088 E GODZILLA: Original size is 1064960 but real size is 536576
02-28 15:02:38.800 19541 20557 W kcp_info: HCDN_LOG: [T:20557]Update: udp kcp size[0], timeout kcp size[0]
02-28 15:02:38.944 19732 20581 W kcp_info: HCDN_LOG: [T:20581]Update: udp kcp size[0], timeout kcp size[0]
02-28 15:02:39.366 650 664 I mpu_uart: [MSG-P:RECV]:No message received in 1000 ms
02-28 15:02:39.367 19732 21123 E cube_taskex: HCDN_LOG: [T:21123]Java_com_qiyi_hcdndownloader_HCDNDownloaderTask_GetFileSizeNative 170: taskptr = 0xb3dc2a10
02-28 15:02:39.367 19732 21123 E cube_taskex: HCDN_LOG: [T:21123]Java_com_qiyi_hcdndownloader_HCDNDownloaderTask_GetDownloadSizeNative 187: taskptr = 0xb3dc2a10
02-28 15:02:39.367 19732 21123 E cube_taskex: HCDN_LOG: [T:21123]Java_com_qiyi_hcdndownloader_HCDNDownloaderTask_GetSpeedNative 139: taskptr = 0xb3dc2a10
02-28 15:02:39.744 650 663 I mpu_uart: [MSG-P:R]:recv sync frame timeout
02-28 15:02:39.813 19541 20557 W kcp_info: HCDN_LOG: [T:20557]Update: udp kcp size[0], timeout kcp size[0]
02-28 15:02:39.956 19732 20581 W kcp_info: HCDN_LOG: [T:20581]Update: udp kcp size[0], timeout kcp size[0]
02-28 15:02:40.366 650 664 I mpu_uart: [MSG-P:RECV]:No message received in 1000 ms
02-28 15:02:40.564 19732 21123 E cube_taskex: HCDN_LOG: [T:21123]Java_com_qiyi_hcdndownloader_HCDNDownloaderTask_GetFileSizeNative 170: taskptr = 0xb3dc2a10
02-28 15:02:40.565 19732 21123 E cube_taskex: HCDN_LOG: [T:21123]Java_com_qiyi_hcdndownloader_HCDNDownloaderTask_GetDownloadSizeNative 187: taskptr = 0xb3dc2a10
02-28 15:02:40.565 19732 21123 E cube_taskex: HCDN_LOG: [T:21123]Java_com_qiyi_hcdndownloader_HCDNDownloaderTask_GetSpeedNative 139: taskptr = 0xb3dc2a10
02-28 15:02:40.835 19541 20557 W kcp_info: HCDN_LOG: [T:20557]Update: udp kcp size[0], timeout kcp size[0]
02-28 15:02:40.880 2620 2950 E FrameTracker: force finish cuj because of time out:J
02-28 15:02:40.881 2620 2950 W FrameTracker: Missing SF jank callback for vsyncId: 356026
02-28 15:02:40.961 19732 20581 W kcp_info: HCDN_LOG: [T:20581]Update: udp kcp size[0], timeout kcp size[0]
02-28 15:02:41.367 650 664 I mpu_uart: [MSG-P:RECV]:No message received in 1000 ms
02-28 15:02:41.650 16705 17215 E ODK : Could not get permission of android.permission.READ_PHONE_STATE
02-28 15:02:41.662 16705 17215 E ODK : Could not get permission of android.permission.READ_PHONE_STATE
02-28 15:02:41.669 16705 17215 E ODK : Could not get permission of android.permission.READ_PHONE_STATE
02-28 15:02:41.709 16705 17215 E ODK : Could not get permission of android.permission.READ_PHONE_STATE
02-28 15:02:41.720 16759 16776 D CompatibilityChangeReporter: Compat change id reported: 150939131; UID 10105; state: DISABLED
02-28 15:02:41.721 16705 16720 D CompatibilityChangeReporter: Compat change id reported: 150939131; UID 10105; state: DISABLED
02-28 15:02:41.722 16736 17077 D CompatibilityChangeReporter: Compat change id reported: 150939131; UID 10105; state: DISABLED
02-28 15:02:41.788 19732 21123 E cube_taskex: HCDN_LOG: [T:21123]Java_com_qiyi_hcdndownloader_HCDNDownloaderTask_GetFileSizeNative 170: taskptr = 0xb3dc2a10
02-28 15:02:41.788 19732 21123 E cube_taskex: HCDN_LOG: [T:21123]Java_com_qiyi_hcdndownloader_HCDNDownloaderTask_GetDownloadSizeNative 187: taskptr = 0xb3dc2a10
02-28 15:02:41.788 19732 21123 E cube_taskex: HCDN_LOG: [T:21123]Java_com_qiyi_hcdndownloader_HCDNDownloaderTask_GetSpeedNative 139: taskptr = 0xb3dc2a10
01-09 09:15:56.100 0 0 E DTC_ETH,link_delay_work_func: 3003, SQI=0, link=0
02-28 15:02:41.863 19541 20557 W kcp_info: HCDN_LOG: [T:20557]Update: udp kcp size[0], timeout kcp size[0]
02-28 15:02:41.919 1342 1399 E tlogd : [TzLogger](isPathReadable) file /sys/kernel/debug/tzdbg/qsee_log isn't exist or no permission, err: No such file or directory
02-28 15:02:41.919 1342 1399 E tlogd : [TzLogger](saveTzlogAsync) /sys/kernel/debug/tzdbg/qsee_log can not read.
02-28 15:02:41.919 1342 1399 E tlogd : [TzLogger](isPathReadable) file /sys/kernel/debug/tzdbg/log isn't exist or no permission, err: No such file or directory
02-28 15:02:41.919 1342 1399 E tlogd : [TzLogger](saveTzlogAsync) /sys/kernel/debug/tzdbg/log can not read.
02-28 15:02:41.980 19732 20581 W kcp_info: HCDN_LOG: [T:20581]Update: udp kcp size[0], timeout kcp size[0]
02-28 15:02:42.368 650 664 I mpu_uart: [MSG-P:RECV]:No message received in 1000 ms
02-28 15:02:42.745 650 663 I mpu_uart: [MSG-P:R]:recv sync frame timeout
02-28 15:02:42.882 19541 20557 W kcp_info: HCDN_LOG: [T:20557]Update: udp kcp size[0], timeout kcp size[0]
02-28 15:02:42.975 19732 21123 E cube_taskex: HCDN_LOG: [T:21123]Java_com_qiyi_hcdndownloader_HCDNDownloaderTask_GetFileSizeNative 170: taskptr = 0xb3dc2a10
02-28 15:02:42.975 19732 21123 E cube_taskex: HCDN_LOG: [T:21123]Java_com_qiyi_hcdndownloader_HCDNDownloaderTask_GetDownloadSizeNative 187: taskptr = 0xb3dc2a10
02-28 15:02:42.975 19732 21123 E cube_taskex: HCDN_LOG: [T:21123]Java_com_qiyi_hcdndownloader_HCDNDownloaderTask_GetSpeedNative 139: taskptr = 0xb3dc2a10
02-28 15:02:42.982 19732 20581 W kcp_info: HCDN_LOG: [T:20581]Update: udp kcp size[0], timeout kcp size[0]
02-28 15:02:43.368 650 664 I mpu_uart: [MSG-P:RECV]:No message received in 1000 ms
02-28 15:02:43.888 19541 20557 W kcp_info: HCDN_LOG: [T:20557]Update: udp kcp size[0], timeout kcp size[0]
02-28 15:02:43.991 19732 20581 W kcp_info: HCDN_LOG: [T:20581]Update: udp kcp size[0], timeout kcp size[0]
02-28 15:02:44.153 19732 21123 E cube_taskex: HCDN_LOG: [T:21123]Java_com_qiyi_hcdndownloader_HCDNDownloaderTask_GetFileSizeNative 170: taskptr = 0xb3dc2a10
02-28 15:02:44.153 19732 21123 E cube_taskex: HCDN_LOG: [T:21123]Java_com_qiyi_hcdndownloader_HCDNDownloaderTask_GetDownloadSizeNative 187: taskptr = 0xb3dc2a10
02-28 15:02:44.153 19732 21123 E cube_taskex: HCDN_LOG: [T:21123]Java_com_qiyi_hcdndownloader_HCDNDownloaderTask_GetSpeedNative 139: taskptr = 0xb3dc2a10
02-28 15:02:44.368 650 664 I mpu_uart: [MSG-P:RECV]:No message received in 1000 ms
02-28 15:02:44.532 30797 31510 I cr.sandbox: BrowserIOThread heartbeat, interval/index: 30s/143, render: 11(NORMAL_WITHOUT_SECCOMP), gpu: 2(FULL)
02-28 15:02:44.926 19541 20557 W kcp_info: HCDN_LOG: [T:20557]Update: udp kcp size[0], timeout kcp size[0]
02-28 15:02:44.990 19732 20581 W kcp_info: HCDN_LOG: [T:20581]Update: udp kcp size[0], timeout kcp size[0]
02-28 15:02:45.322 19732 21123 E cube_taskex: HCDN_LOG: [T:21123]Java_com_qiyi_hcdndownloader_HCDNDownloaderTask_GetFileSizeNative 170: taskptr = 0xb3dc2a10
02-28 15:02:45.322 19732 21123 E cube_taskex: HCDN_LOG: [T:21123]Java_com_qiyi_hcdndownloader_HCDNDownloaderTask_GetDownloadSizeNative 187: taskptr = 0xb3dc2a10
02-28 15:02:45.322 19732 21123 E cube_taskex: HCDN_LOG: [T:21123]Java_com_qiyi_hcdndownloader_HCDNDownloaderTask_GetSpeedNative 139: taskptr = 0xb3dc2a10
02-28 15:02:45.369 650 664 I mpu_uart: [MSG-P:RECV]:No message received in 1000 ms
02-28 15:02:45.746 650 663 I mpu_uart: [MSG-P:R]:recv sync frame timeout
02-28 15:02:45.937 19541 20557 W kcp_info: HCDN_LOG: [T:20557]Update: udp kcp size[0], timeout kcp size[0]
02-28 15:02:46.007 19732 20581 W kcp_info: HCDN_LOG: [T:20581]Update: udp kcp size[0], timeout kcp size[0]
02-28 15:02:46.369 650 664 I mpu_uart: [MSG-P:RECV]:No message received in 1000 ms
02-28 15:02:46.550 19732 21123 E cube_taskex: HCDN_LOG: [T:21123]Java_com_qiyi_hcdndownloader_HCDNDownloaderTask_GetFileSizeNative 170: taskptr = 0xb3dc2a10
02-28 15:02:46.550 19732 21123 E cube_taskex: HCDN_LOG: [T:21123]Java_com_qiyi_hcdndownloader_HCDNDownloaderTask_GetDownloadSizeNative 187: taskptr = 0xb3dc2a10
02-28 15:02:46.550 19732 21123 E cube_taskex: HCDN_LOG: [T:21123]Java_com_qiyi_hcdndownloader_HCDNDownloaderTask_GetSpeedNative 139: taskptr = 0xb3dc2a10
02-28 15:02:46.919 1342 1399 E tlogd : [TzLogger](isPathReadable) file /sys/kernel/debug/tzdbg/qsee_log isn't exist or no permission, err: No such file or directory
02-28 15:02:46.919 1342 1399 E tlogd : [TzLogger](saveTzlogAsync) /sys/kernel/debug/tzdbg/qsee_log can not read.
02-28 15:02:46.920 1342 1399 E tlogd : [TzLogger](isPathReadable) file /sys/kernel/debug/tzdbg/log isn't exist or no permission, err: No such file or directory
02-28 15:02:46.920 1342 1399 E tlogd : [TzLogger](saveTzlogAsync) /sys/kernel/debug/tzdbg/log can not read.
01-09 09:16:01.220 0 0 E DTC_ETH,link_delay_work_func: 3003, SQI=0, link=0
02-28 15:02:46.947 19541 20557 W kcp_info: HCDN_LOG: [T:20557]Update: udp kcp size[0], timeout kcp size[0]
02-28 15:02:47.004 19732 20581 W kcp_info: HCDN_LOG: [T:20581]Update: udp kcp size[0], timeout kcp size[0]
02-28 15:02:47.370 650 664 I mpu_uart: [MSG-P:RECV]:No message received in 1000 ms
02-28 15:02:47.442 12341 12418 E GODZILLA: Original size is 1064960 but real size is 536576
02-28 15:02:47.445 12341 12418 E GODZILLA: Original size is 1064960 but real size is 536576
02-28 15:02:47.449 12341 17584 E GODZILLA: Original size is 1064960 but real size is 536576
02-28 15:02:47.780 19732 21123 E cube_taskex: HCDN_LOG: [T:21123]Java_com_qiyi_hcdndownloader_HCDNDownloaderTask_GetFileSizeNative 170: taskptr = 0xb3dc2a10
02-28 15:02:47.781 19732 21123 E cube_taskex: HCDN_LOG: [T:21123]Java_com_qiyi_hcdndownloader_HCDNDownloaderTask_GetDownloadSizeNative 187: taskptr = 0xb3dc2a10
02-28 15:02:47.781 19732 21123 E cube_taskex: HCDN_LOG: [T:21123]Java_com_qiyi_hcdndownloader_HCDNDownloaderTask_GetSpeedNative 139: taskptr = 0xb3dc2a10
02-28 15:02:47.983 19541 20557 W kcp_info: HCDN_LOG: [T:20557]Update: udp kcp size[0], timeout kcp size[0]
02-28 15:02:48.041 19732 20581 W kcp_info: HCDN_LOG: [T:20581]Update: udp kcp size[0], timeout kcp size[0]
02-28 15:02:48.371 650 664 I mpu_uart: [MSG-P:RECV]:No message received in 1000 ms
02-28 15:02:48.748 650 663 I mpu_uart: [MSG-P:R]:recv sync frame timeout
02-28 15:02:48.970 19732 21123 E cube_taskex: HCDN_LOG: [T:21123]Java_com_qiyi_hcdndownloader_HCDNDownloaderTask_GetFileSizeNative 170: taskptr = 0xb3dc2a10
02-28 15:02:48.970 19732 21123 E cube_taskex: HCDN_LOG: [T:21123]Java_com_qiyi_hcdndownloader_HCDNDownloaderTask_GetDownloadSizeNative 187: taskptr = 0xb3dc2a10
02-28 15:02:48.970 19732 21123 E cube_taskex: HCDN_LOG: [T:21123]Java_com_qiyi_hcdndownloader_HCDNDownloaderTask_GetSpeedNative 139: taskptr = 0xb3dc2a10
02-28 15:02:49.016 19541 20557 W kcp_info: HCDN_LOG: [T:20557]Update: udp kcp size[0], timeout kcp size[0]
02-28 15:02:49.041 19732 20581 W kcp_info: HCDN_LOG: [T:20581]Update: udp kcp size[0], timeout kcp size[0]
02-28 15:02:49.371 650 664 I mpu_uart: [MSG-P:RECV]:No message received in 1000 ms
02-28 15:02:50.038 19541 20557 W kcp_info: HCDN_LOG: [T:20557]Update: udp kcp size[0], timeout kcp size[0]
02-28 15:02:50.049 19732 20581 W kcp_info: HCDN_LOG: [T:20581]Update: udp kcp size[0], timeout kcp size[0]
02-28 15:02:50.175 19732 21123 E cube_taskex: HCDN_LOG: [T:21123]Java_com_qiyi_hcdndownloader_HCDNDownloaderTask_GetFileSizeNative 170: taskptr = 0xb3dc2a10
02-28 15:02:50.176 19732 21123 E cube_taskex: HCDN_LOG: [T:21123]Java_com_qiyi_hcdndownloader_HCDNDownloaderTask_GetDownloadSizeNative 187: taskptr = 0xb3dc2a10
02-28 15:02:50.176 19732 21123 E cube_taskex: HCDN_LOG: [T:21123]Java_com_qiyi_hcdndownloader_HCDNDownloaderTask_GetSpeedNative 139: taskptr = 0xb3dc2a10
02-28 15:02:50.372 650 664 I mpu_uart: [MSG-P:RECV]:No message received in 1000 ms
02-28 15:02:50.703 1232 15491 I OMX-VENC: venc_dev: stats: avg. fps 0.06, bitrate 1465
02-28 15:02:50.699 1232 1232 I auditd : type=1400 audit(0.0:22854): avc: denied { call } for comm="OMXCallbackDisp" scontext=u:r:mediacodec:s0 tcontext=u:r:su:s0 tclass=binder permissive=1
02-28 15:02:50.699 1232 1232 I OMXCallbackDisp: type=1400 audit(0.0:22854): avc: denied { call } for scontext=u:r:mediacodec:s0 tcontext=u:r:su:s0 tclass=binder permissive=1
02-28 15:02:50.699 15467 15467 I auditd : type=1400 audit(0.0:22855): avc: denied { transfer } for comm="MediaCodec_loop" scontext=u:r:su:s0 tcontext=u:r:mediaserver:s0 tclass=binder permissive=1
02-28 15:02:50.699 15467 15467 I MediaCodec_loop: type=1400 audit(0.0:22855): avc: denied { transfer } for scontext=u:r:su:s0 tcontext=u:r:mediaserver:s0 tclass=binder permissive=1
02-28 15:02:51.057 19732 20581 W kcp_info: HCDN_LOG: [T:20581]Update: udp kcp size[0], timeout kcp size[0]
02-28 15:02:51.065 19541 20557 W kcp_info: HCDN_LOG: [T:20557]Update: udp kcp size[0], timeout kcp size[0]
02-28 15:02:51.333 19732 21123 E cube_taskex: HCDN_LOG: [T:21123]Java_com_qiyi_hcdndownloader_HCDNDownloaderTask_GetFileSizeNative 170: taskptr = 0xb3dc2a10
02-28 15:02:51.333 19732 21123 E cube_taskex: HCDN_LOG: [T:21123]Java_com_qiyi_hcdndownloader_HCDNDownloaderTask_GetDownloadSizeNative 187: taskptr = 0xb3dc2a10
02-28 15:02:51.333 19732 21123 E cube_taskex: HCDN_LOG: [T:21123]Java_com_qiyi_hcdndownloader_HCDNDownloaderTask_GetSpeedNative 139: taskptr = 0xb3dc2a10
02-28 15:02:51.372 650 664 I mpu_uart: [MSG-P:RECV]:No message received in 1000 ms
02-28 15:02:51.516 19732 20589 W multisource: HCDN_LOG: [T:20589]UpdateMaxSpeed TOTAL => play speed:0[len:0, tm:0], offline speed:0[len:0, tm:0], predeploy speed:0[len:0, tm:0], m_maxDownloadSpeed:0
02-28 15:02:51.712 1232 15491 I OMX-VENC: venc_dev: stats: avg. fps 9.91, bitrate 248464
02-28 15:02:51.749 650 663 I mpu_uart: [MSG-P:R]:recv sync frame timeout
02-28 15:02:51.920 1342 1399 E tlogd : [TzLogger](isPathReadable) file /sys/kernel/debug/tzdbg/qsee_log isn't exist or no permission, err: No such file or directory
02-28 15:02:51.920 1342 1399 E tlogd : [TzLogger](saveTzlogAsync) /sys/kernel/debug/tzdbg/qsee_log can not read.
02-28 15:02:51.920 1342 1399 E tlogd : [TzLogger](isPathReadable) file /sys/kernel/debug/tzdbg/log isn't exist or no permission, err: No such file or directory
02-28 15:02:51.920 1342 1399 E tlogd : [TzLogger](saveTzlogAsync) /sys/kernel/debug/tzdbg/log can not read.
01-09 09:16:06.340 0 0 E DTC_ETH,link_delay_work_func: 3003, SQI=0, link=0
02-28 15:02:52.055 19732 20581 W kcp_info: HCDN_LOG: [T:20581]Update: udp kcp size[0], timeout kcp size[0]
02-28 15:02:52.081 19541 20557 W kcp_info: HCDN_LOG: [T:20557]Update: udp kcp size[0], timeout kcp size[0]
02-28 15:02:52.319 16448 16636 I cr.sandbox.render: RenderIOThread heartbeat, interval/index: 30s/1, render: 11(NORMAL_WITHOUT_SECCOMP), gpu: 2(FULL)
02-28 15:02:52.373 650 664 I mpu_uart: [MSG-P:RECV]:No message received in 1000 ms
02-28 15:02:52.373 16448 16619 I cr.sandbox.render: RenderMainThread heartbeat, interval/index: 30s/1, render: 11(NORMAL_WITHOUT_SECCOMP), gpu: 2(FULL)
02-28 15:02:52.511 19732 21123 E cube_taskex: HCDN_LOG: [T:21123]Java_com_qiyi_hcdndownloader_HCDNDownloaderTask_GetFileSizeNative 170: taskptr = 0xb3dc2a10
02-28 15:02:52.511 19732 21123 E cube_taskex: HCDN_LOG: [T:21123]Java_com_qiyi_hcdndownloader_HCDNDownloaderTask_GetDownloadSizeNative 187: taskptr = 0xb3dc2a10
02-28 15:02:52.512 19732 21123 E cube_taskex: HCDN_LOG: [T:21123]Java_com_qiyi_hcdndownloader_HCDNDownloaderTask_GetSpeedNative 139: taskptr = 0xb3dc2a10
02-28 15:02:52.528 16522 16651 I cr.sandbox.gpu: GpuMainThread heartbeat, interval/index: 30/1
02-28 15:02:53.072 19732 20581 W kcp_info: HCDN_LOG: [T:20581]Update: udp kcp size[0], timeout kcp size[0]
02-28 15:02:53.096 19541 20557 W kcp_info: HCDN_LOG: [T:20557]Update: udp kcp size[0], timeout kcp size[0]
01-09 09:16:07.526 0 0 I msm_vidc: err : ffffffff: .....: DBLP Set: status 0
02-28 15:02:53.373 650 664 I mpu_uart: [MSG-P:RECV]:No message received in 1000 ms
02-28 15:02:53.396 16705 16705 I ProtocolManager: createNetWorkTask: NACManager, serverInfo = 121.51.158.41 : aoma.qq.com, nacState = 3, request = AdInsideVideoRequest
02-28 15:02:53.398 16705 17215 E ODK : Could not get permission of android.permission.READ_PHONE_STATE
02-28 15:02:53.405 16705 17599 E NetWorkTask: run: nacState = 3, taskAddress = TaskAddress{mDestDomain='aoma.qq.com', mDestIp='121.51.158.41', mDestPort='80', mPath='null', mCmdId=0, mRequestUrl='', mForceIpDirect=false}
02-28 15:02:53.490 16705 17215 E ODK : Could not get permission of android.permission.READ_PHONE_STATE
02-28 15:02:53.546 19541 20565 W multisource: HCDN_LOG: [T:20565]UpdateMaxSpeed TOTAL => play speed:0[len:0, tm:0], offline speed:0[len:0, tm:0], predeploy speed:0[len:0, tm:0], m_maxDownloadSpeed:0
02-28 15:02:53.561 16705 16716 W System : A resource failed to call end.
02-28 15:02:53.734 1232 15491 I OMX-VENC: venc_dev: stats: avg. fps 0.49, bitrate 12345
02-28 15:02:53.742 19732 21123 E cube_taskex: HCDN_LOG: [T:21123]Java_com_qiyi_hcdndownloader_HCDNDownloaderTask_GetFileSizeNative 170: taskptr = 0xb3dc2a10
02-28 15:02:53.742 19732 21123 E cube_taskex: HCDN_LOG: [T:21123]Java_com_qiyi_hcdndownloader_HCDNDownloaderTask_GetDownloadSizeNative 187: taskptr = 0xb3dc2a10
02-28 15:02:53.742 19732 21123 E cube_taskex: HCDN_LOG: [T:21123]Java_com_qiyi_hcdndownloader_HCDNDownloaderTask_GetSpeedNative 139: taskptr = 0xb3dc2a10
02-28 15:02:54.094 19732 20581 W kcp_info: HCDN_LOG: [T:20581]Update: udp kcp size[0], timeout kcp size[0]
02-28 15:02:54.100 19541 20557 W kcp_info: HCDN_LOG: [T:20557]Update: udp kcp size[0], timeout kcp size[0]
02-28 15:02:54.204 1544 1668 V DisplayPowerController[0]: Brightness [0.05] reason changing to: 'manual [ dim ]', previous reason: 'manual'.
02-28 15:02:54.205 1544 1668 I sysui_multi_action: [757,1696,758,6,759,2]
02-28 15:02:54.206 1544 2028 E DisplayDeviceConfig: requesting nits when no mapping exists.
02-28 15:02:54.207 1544 2028 E DisplayDeviceConfig: requesting nits when no mapping exists.
02-28 15:02:54.207 1544 1642 I am_wtf : [0,1544,system_server,-1,DisplayDeviceConfig,requesting nits when no mapping exists.]
02-28 15:02:54.209 1544 1642 I DropBoxManagerService: add tag=system_server_wtf isTagEnabled=true flags=0x2
02-28 15:02:54.211 1544 1642 I am_wtf : [0,1544,system_server,-1,DisplayDeviceConfig,requesting nits when no mapping exists.]
02-28 15:02:54.212 1544 1642 I DropBoxManagerService: add tag=system_server_wtf isTagEnabled=true flags=0x2
02-28 15:02:54.223 1544 2028 E DisplayDeviceConfig: requesting nits when no mapping exists.
02-28 15:02:54.223 1544 2028 E DisplayDeviceConfig: requesting nits when no mapping exists.
02-28 15:02:54.223 1544 1642 I am_wtf : [0,1544,system_server,-1,DisplayDeviceConfig,requesting nits when no mapping exists.]
02-28 15:02:54.224 1544 1642 I DropBoxManagerService: add tag=system_server_wtf isTagEnabled=true flags=0x2
02-28 15:02:54.225 1544 1642 I am_wtf : [0,1544,system_server,-1,DisplayDeviceConfig,requesting nits when no mapping exists.]
02-28 15:02:54.227 1544 1642 I DropBoxManagerService: add tag=system_server_wtf isTagEnabled=true flags=0x2
02-28 15:02:54.239 1544 2028 E DisplayDeviceConfig: requesting nits when no mapping exists.
02-28 15:02:54.240 1544 2028 E DisplayDeviceConfig: requesting nits when no mapping exists.
02-28 15:02:54.240 1544 1642 I am_wtf : [0,1544,system_server,-1,DisplayDeviceConfig,requesting nits when no mapping exists.]
02-28 15:02:54.241 1544 1642 I DropBoxManagerService: add tag=system_server_wtf isTagEnabled=true flags=0x2
02-28 15:02:54.242 1544 1642 I am_wtf : [0,1544,system_server,-1,DisplayDeviceConfig,requesting nits when no mapping exists.]
02-28 15:02:54.235 15467 15467 I auditd : type=1400 audit(0.0:22856): avc: denied { call } for comm="CodecLooper" scontext=u:r:su:s0 tcontext=u:r:mediacodec:s0 tclass=binder permissive=1
02-28 15:02:54.235 15467 15467 I CodecLooper: type=1400 audit(0.0:22856): avc: denied { call } for scontext=u:r:su:s0 tcontext=u:r:mediacodec:s0 tclass=binder permissive=1
02-28 15:02:54.256 1544 2028 E DisplayDeviceConfig: requesting nits when no mapping exists.
02-28 15:02:54.257 1544 2028 E DisplayDeviceConfig: requesting nits when no mapping exists.
02-28 15:02:54.257 1544 1642 I am_wtf : [0,1544,system_server,-1,DisplayDeviceConfig,requesting nits when no mapping exists.]
02-28 15:02:54.258 1544 1642 I am_wtf : [0,1544,system_server,-1,DisplayDeviceConfig,requesting nits when no mapping exists.]
02-28 15:02:54.273 1544 2028 E DisplayDeviceConfig: requesting nits when no mapping exists.
02-28 15:02:54.273 1544 2028 E DisplayDeviceConfig: requesting nits when no mapping exists.
02-28 15:02:54.273 1544 1642 I am_wtf : [0,1544,system_server,-1,DisplayDeviceConfig,requesting nits when no mapping exists.]
02-28 15:02:54.274 1544 1642 I am_wtf : [0,1544,system_server,-1,DisplayDeviceConfig,requesting nits when no mapping exists.]
02-28 15:02:54.289 1544 2028 E DisplayDeviceConfig: requesting nits when no mapping exists.
02-28 15:02:54.290 1544 2028 E DisplayDeviceConfig: requesting nits when no mapping exists.
02-28 15:02:54.290 1544 1642 I am_wtf : [0,1544,system_server,-1,DisplayDeviceConfig,requesting nits when no mapping exists.]
02-28 15:02:54.291 1544 1642 I am_wtf : [0,1544,system_server,-1,DisplayDeviceConfig,requesting nits when no mapping exists.]
02-28 15:02:54.306 1544 2028 E DisplayDeviceConfig: requesting nits when no mapping exists.
02-28 15:02:54.307 1544 1642 I am_wtf : [0,1544,system_server,-1,DisplayDeviceConfig,requesting nits when no mapping exists.]
02-28 15:02:54.307 1544 2028 E DisplayDeviceConfig: requesting nits when no mapping exists.
02-28 15:02:54.308 1544 1642 I am_wtf : [0,1544,system_server,-1,DisplayDeviceConfig,requesting nits when no mapping exists.]
02-28 15:02:54.323 1544 2028 E DisplayDeviceConfig: requesting nits when no mapping exists.
02-28 15:02:54.323 1544 2028 E DisplayDeviceConfig: requesting nits when no mapping exists.
02-28 15:02:54.323 1544 1642 I am_wtf : [0,1544,system_server,-1,DisplayDeviceConfig,requesting nits when no mapping exists.]
02-28 15:02:54.324 1544 1642 I am_wtf : [0,1544,system_server,-1,DisplayDeviceConfig,requesting nits when no mapping exists.]
02-28 15:02:54.342 1544 2028 E DisplayDeviceConfig: requesting nits when no mapping exists.
02-28 15:02:54.343 1544 2028 E DisplayDeviceConfig: requesting nits when no mapping exists.
02-28 15:02:54.344 1544 1642 I am_wtf : [0,1544,system_server,-1,DisplayDeviceConfig,requesting nits when no mapping exists.]
02-28 15:02:54.345 1544 1642 I am_wtf : [0,1544,system_server,-1,DisplayDeviceConfig,requesting nits when no mapping exists.]
02-28 15:02:54.356 1544 2028 E DisplayDeviceConfig: requesting nits when no mapping exists.
02-28 15:02:54.356 1544 2028 E DisplayDeviceConfig: requesting nits when no mapping exists.
02-28 15:02:54.356 1544 1642 I am_wtf : [0,1544,system_server,-1,DisplayDeviceConfig,requesting nits when no mapping exists.]
02-28 15:02:54.357 1544 1642 I am_wtf : [0,1544,system_server,-1,DisplayDeviceConfig,requesting nits when no mapping exists.]
02-28 15:02:54.373 650 664 I mpu_uart: [MSG-P:RECV]:No message received in 1000 ms
02-28 15:02:54.373 1544 2028 E DisplayDeviceConfig: requesting nits when no mapping exists.
02-28 15:02:54.374 1544 2028 E DisplayDeviceConfig: requesting nits when no mapping exists.
02-28 15:02:54.374 1544 1642 I am_wtf : [0,1544,system_server,-1,DisplayDeviceConfig,requesting nits when no mapping exists.]
02-28 15:02:54.376 1544 1642 I am_wtf : [0,1544,system_server,-1,DisplayDeviceConfig,requesting nits when no mapping exists.]
02-28 15:02:54.390 1544 2028 E DisplayDeviceConfig: requesting nits when no mapping exists.
02-28 15:02:54.390 1544 2028 E DisplayDeviceConfig: requesting nits when no mapping exists.
02-28 15:02:54.391 1544 1642 I am_wtf : [0,1544,system_server,-1,DisplayDeviceConfig,requesting nits when no mapping exists.]
02-28 15:02:54.392 1544 1642 I am_wtf : [0,1544,system_server,-1,DisplayDeviceConfig,requesting nits when no mapping exists.]
02-28 15:02:54.406 1544 2028 E DisplayDeviceConfig: requesting nits when no mapping exists.
02-28 15:02:54.407 1544 1642 I am_wtf : [0,1544,system_server,-1,DisplayDeviceConfig,requesting nits when no mapping exists.]
02-28 15:02:54.407 1544 2028 E DisplayDeviceConfig: requesting nits when no mapping exists.
02-28 15:02:54.408 1544 1642 I am_wtf : [0,1544,system_server,-1,DisplayDeviceConfig,requesting nits when no mapping exists.]
02-28 15:02:54.423 1544 2028 E DisplayDeviceConfig: requesting nits when no mapping exists.
02-28 15:02:54.423 1544 1642 I am_wtf : [0,1544,system_server,-1,DisplayDeviceConfig,requesting nits when no mapping exists.]
02-28 15:02:54.424 1544 2028 E DisplayDeviceConfig: requesting nits when no mapping exists.
02-28 15:02:54.424 1544 1642 I am_wtf : [0,1544,system_server,-1,DisplayDeviceConfig,requesting nits when no mapping exists.]
02-28 15:02:54.440 1544 2028 E DisplayDeviceConfig: requesting nits when no mapping exists.
02-28 15:02:54.440 1544 2028 E DisplayDeviceConfig: requesting nits when no mapping exists.
02-28 15:02:54.440 1544 1642 I am_wtf : [0,1544,system_server,-1,DisplayDeviceConfig,requesting nits when no mapping exists.]
02-28 15:02:54.441 1544 1642 I am_wtf : [0,1544,system_server,-1,DisplayDeviceConfig,requesting nits when no mapping exists.]
02-28 15:02:54.457 1544 2028 E DisplayDeviceConfig: requesting nits when no mapping exists.
02-28 15:02:54.457 1544 2028 E DisplayDeviceConfig: requesting nits when no mapping exists.
02-28 15:02:54.459 1544 1642 I am_wtf : [0,1544,system_server,-1,DisplayDeviceConfig,requesting nits when no mapping exists.]
02-28 15:02:54.460 1544 1642 I am_wtf : [0,1544,system_server,-1,DisplayDeviceConfig,requesting nits when no mapping exists.]
02-28 15:02:54.473 1544 2028 E DisplayDeviceConfig: requesting nits when no mapping exists.
02-28 15:02:54.474 1544 2028 E DisplayDeviceConfig: requesting nits when no mapping exists.
02-28 15:02:54.474 1544 1642 I am_wtf : [0,1544,system_server,-1,DisplayDeviceConfig,requesting nits when no mapping exists.]
02-28 15:02:54.475 1544 1642 I am_wtf : [0,1544,system_server,-1,DisplayDeviceConfig,requesting nits when no mapping exists.]
02-28 15:02:54.490 1544 2028 E DisplayDeviceConfig: requesting nits when no mapping exists.
02-28 15:02:54.490 1544 2028 E DisplayDeviceConfig: requesting nits when no mapping exists.
02-28 15:02:54.490 1544 1642 I am_wtf : [0,1544,system_server,-1,DisplayDeviceConfig,requesting nits when no mapping exists.]
02-28 15:02:54.491 1544 1642 I am_wtf : [0,1544,system_server,-1,DisplayDeviceConfig,requesting nits when no mapping exists.]
02-28 15:02:54.507 1544 2028 E DisplayDeviceConfig: requesting nits when no mapping exists.
02-28 15:02:54.507 1544 2028 E DisplayDeviceConfig: requesting nits when no mapping exists.
02-28 15:02:54.507 1544 1642 I am_wtf : [0,1544,system_server,-1,DisplayDeviceConfig,requesting nits when no mapping exists.]
02-28 15:02:54.509 1544 1642 I am_wtf : [0,1544,system_server,-1,DisplayDeviceConfig,requesting nits when no mapping exists.]
02-28 15:02:54.523 1544 2028 E DisplayDeviceConfig: requesting nits when no mapping exists.
02-28 15:02:54.524 1544 1642 I am_wtf : [0,1544,system_server,-1,DisplayDeviceConfig,requesting nits when no mapping exists.]
02-28 15:02:54.524 1544 2028 E DisplayDeviceConfig: requesting nits when no mapping exists.
02-28 15:02:54.525 1544 1642 I am_wtf : [0,1544,system_server,-1,DisplayDeviceConfig,requesting nits when no mapping exists.]
02-28 15:02:54.540 1544 2028 E DisplayDeviceConfig: requesting nits when no mapping exists.
02-28 15:02:54.541 1544 2028 E DisplayDeviceConfig: requesting nits when no mapping exists.
02-28 15:02:54.541 1544 1642 I am_wtf : [0,1544,system_server,-1,DisplayDeviceConfig,requesting nits when no mapping exists.]
02-28 15:02:54.542 1544 1642 I am_wtf : [0,1544,system_server,-1,DisplayDeviceConfig,requesting nits when no mapping exists.]
02-28 15:02:54.557 1544 2028 E DisplayDeviceConfig: requesting nits when no mapping exists.
02-28 15:02:54.557 1544 2028 E DisplayDeviceConfig: requesting nits when no mapping exists.
02-28 15:02:54.557 1544 1642 I am_wtf : [0,1544,system_server,-1,DisplayDeviceConfig,requesting nits when no mapping exists.]
02-28 15:02:54.558 1544 1642 I am_wtf : [0,1544,system_server,-1,DisplayDeviceConfig,requesting nits when no mapping exists.]
02-28 15:02:54.573 1544 2028 E DisplayDeviceConfig: requesting nits when no mapping exists.
02-28 15:02:54.574 1544 2028 E DisplayDeviceConfig: requesting nits when no mapping exists.
02-28 15:02:54.574 1544 1642 I am_wtf : [0,1544,system_server,-1,DisplayDeviceConfig,requesting nits when no mapping exists.]
02-28 15:02:54.576 1544 1642 I am_wtf : [0,1544,system_server,-1,DisplayDeviceConfig,requesting nits when no mapping exists.]
02-28 15:02:54.590 1544 2028 E DisplayDeviceConfig: requesting nits when no mapping exists.
02-28 15:02:54.591 1544 1642 I am_wtf : [0,1544,system_server,-1,DisplayDeviceConfig,requesting nits when no mapping exists.]
02-28 15:02:54.591 1544 2028 E DisplayDeviceConfig: requesting nits when no mapping exists.
02-28 15:02:54.592 1544 1642 I am_wtf : [0,1544,system_server,-1,DisplayDeviceConfig,requesting nits when no mapping exists.]
02-28 15:02:54.607 1544 2028 E DisplayDeviceConfig: requesting nits when no mapping exists.
02-28 15:02:54.607 1544 2028 E DisplayDeviceConfig: requesting nits when no mapping exists.
02-28 15:02:54.608 1544 1642 I am_wtf : [0,1544,system_server,-1,DisplayDeviceConfig,requesting nits when no mapping exists.]
02-28 15:02:54.609 1544 1642 I am_wtf : [0,1544,system_server,-1,DisplayDeviceConfig,requesting nits when no mapping exists.]
02-28 15:02:54.624 1544 2028 E DisplayDeviceConfig: requesting nits when no mapping exists.
02-28 15:02:54.624 1544 2028 E DisplayDeviceConfig: requesting nits when no mapping exists.
02-28 15:02:54.624 1544 1642 I am_wtf : [0,1544,system_server,-1,DisplayDeviceConfig,requesting nits when no mapping exists.]
02-28 15:02:54.625 1544 1642 I am_wtf : [0,1544,system_server,-1,DisplayDeviceConfig,requesting nits when no mapping exists.]
02-28 15:02:54.640 1544 2028 E DisplayDeviceConfig: requesting nits when no mapping exists.
02-28 15:02:54.641 1544 2028 E DisplayDeviceConfig: requesting nits when no mapping exists.
02-28 15:02:54.641 1544 1642 I am_wtf : [0,1544,system_server,-1,DisplayDeviceConfig,requesting nits when no mapping exists.]
02-28 15:02:54.643 1544 1642 I am_wtf : [0,1544,system_server,-1,DisplayDeviceConfig,requesting nits when no mapping exists.]
02-28 15:02:54.657 1544 2028 E DisplayDeviceConfig: requesting nits when no mapping exists.
02-28 15:02:54.657 1544 2028 E DisplayDeviceConfig: requesting nits when no mapping exists.
02-28 15:02:54.657 1544 1642 I am_wtf : [0,1544,system_server,-1,DisplayDeviceConfig,requesting nits when no mapping exists.]
02-28 15:02:54.657 1544 1642 I am_wtf : [0,1544,system_server,-1,DisplayDeviceConfig,requesting nits when no mapping exists.]
02-28 15:02:54.673 1544 2028 E DisplayDeviceConfig: requesting nits when no mapping exists.
02-28 15:02:54.674 1544 2028 E DisplayDeviceConfig: requesting nits when no mapping exists.
02-28 15:02:54.674 1544 1642 I am_wtf : [0,1544,system_server,-1,DisplayDeviceConfig,requesting nits when no mapping exists.]
02-28 15:02:54.675 1544 1642 I am_wtf : [0,1544,system_server,-1,DisplayDeviceConfig,requesting nits when no mapping exists.]
02-28 15:02:54.690 1544 2028 E DisplayDeviceConfig: requesting nits when no mapping exists.
02-28 15:02:54.691 1544 2028 E DisplayDeviceConfig: requesting nits when no mapping exists.
02-28 15:02:54.691 1544 1642 I am_wtf : [0,1544,system_server,-1,DisplayDeviceConfig,requesting nits when no mapping exists.]
02-28 15:02:54.692 1544 1642 I am_wtf : [0,1544,system_server,-1,DisplayDeviceConfig,requesting nits when no mapping exists.]
02-28 15:02:54.707 1544 2028 E DisplayDeviceConfig: requesting nits when no mapping exists.
02-28 15:02:54.708 1544 2028 E DisplayDeviceConfig: requesting nits when no mapping exists.
02-28 15:02:54.708 1544 1642 I am_wtf : [0,1544,system_server,-1,DisplayDeviceConfig,requesting nits when no mapping exists.]
02-28 15:02:54.709 1544 1642 I am_wtf : [0,1544,system_server,-1,DisplayDeviceConfig,requesting nits when no mapping exists.]
02-28 15:02:54.724 1544 2028 E DisplayDeviceConfig: requesting nits when no mapping exists.
02-28 15:02:54.725 1544 2028 E DisplayDeviceConfig: requesting nits when no mapping exists.
02-28 15:02:54.725 1544 1642 I am_wtf : [0,1544,system_server,-1,DisplayDeviceConfig,requesting nits when no mapping exists.]
02-28 15:02:54.726 1544 1642 I am_wtf : [0,1544,system_server,-1,DisplayDeviceConfig,requesting nits when no mapping exists.]
02-28 15:02:54.741 1544 2028 E DisplayDeviceConfig: requesting nits when no mapping exists.
02-28 15:02:54.741 1544 2028 E DisplayDeviceConfig: requesting nits when no mapping exists.
02-28 15:02:54.741 1544 1642 I am_wtf : [0,1544,system_server,-1,DisplayDeviceConfig,requesting nits when no mapping exists.]
02-28 15:02:54.742 1544 1642 I am_wtf : [0,1544,system_server,-1,DisplayDeviceConfig,requesting nits when no mapping exists.]
02-28 15:02:54.744 1232 15491 I OMX-VENC: venc_dev: stats: avg. fps 9.90, bitrate 248490
02-28 15:02:54.752 650 663 I mpu_uart: [MSG-P:R]:recv sync frame timeout
02-28 15:02:54.757 1544 2028 E DisplayDeviceConfig: requesting nits when no mapping exists.
02-28 15:02:54.758 1544 2028 E DisplayDeviceConfig: requesting nits when no mapping exists.
02-28 15:02:54.758 1544 1642 I am_wtf : [0,1544,system_server,-1,DisplayDeviceConfig,requesting nits when no mapping exists.]
02-28 15:02:54.760 1544 1642 I am_wtf : [0,1544,system_server,-1,DisplayDeviceConfig,requesting nits when no mapping exists.]
02-28 15:02:54.774 1544 2028 E DisplayDeviceConfig: requesting nits when no mapping exists.
02-28 15:02:54.774 1544 2028 E DisplayDeviceConfig: requesting nits when no mapping exists.
02-28 15:02:54.774 1544 1642 I am_wtf : [0,1544,system_server,-1,DisplayDeviceConfig,requesting nits when no mapping exists.]
02-28 15:02:54.775 1544 1642 I am_wtf : [0,1544,system_server,-1,DisplayDeviceConfig,requesting nits when no mapping exists.]
02-28 15:02:54.790 1544 2028 E DisplayDeviceConfig: requesting nits when no mapping exists.
02-28 15:02:54.791 1544 2028 E DisplayDeviceConfig: requesting nits when no mapping exists.
02-28 15:02:54.792 1544 1642 I am_wtf : [0,1544,system_server,-1,DisplayDeviceConfig,requesting nits when no mapping exists.]
02-28 15:02:54.793 1544 1642 I am_wtf : [0,1544,system_server,-1,DisplayDeviceConfig,requesting nits when no mapping exists.]
02-28 15:02:54.807 1544 2028 E DisplayDeviceConfig: requesting nits when no mapping exists.
02-28 15:02:54.808 1544 2028 E DisplayDeviceConfig: requesting nits when no mapping exists.
02-28 15:02:54.808 1544 1642 I am_wtf : [0,1544,system_server,-1,DisplayDeviceConfig,requesting nits when no mapping exists.]
02-28 15:02:54.809 1544 1642 I am_wtf : [0,1544,system_server,-1,DisplayDeviceConfig,requesting nits when no mapping exists.]
02-28 15:02:54.824 1544 2028 E DisplayDeviceConfig: requesting nits when no mapping exists.
02-28 15:02:54.825 1544 1642 I am_wtf : [0,1544,system_server,-1,DisplayDeviceConfig,requesting nits when no mapping exists.]
02-28 15:02:54.825 1544 2028 E DisplayDeviceConfig: requesting nits when no mapping exists.
