02-28 15:02:32.395 16705 16731 D OpenRuntimeJNI: 4a3b64bd59f8ee39c013b1f980212a04 md5String:txffmpeg
02-28 15:02:32.395 16705 16731 I OpenRuntimeJNI: txffmpeg abi:1 check success
02-28 15:02:32.395 16705 16731 I OpenRuntimeJNI: qm_native_decoder_mp3 fileLen:227352
02-28 15:02:32.396 16705 16731 D OpenRuntimeJNI: f0cacc60f98b2ab5f7b6281e14578bb9 md5String:qm_native_decoder_mp3
02-28 15:02:32.396 16705 16731 I OpenRuntimeJNI: qm_native_decoder_mp3 abi:1 check success
02-28 15:02:32.396 16705 16731 I OpenRuntimeJNI: FormatDetector fileLen:46348
02-28 15:02:32.397 16705 16731 D OpenRuntimeJNI: 5a953ff0f59c51e5ca7b50e0938146f1 md5String:FormatDetector
02-28 15:02:32.397 16705 16731 I OpenRuntimeJNI: FormatDetector abi:1 check success
02-28 15:02:32.397 16705 16731 I OpenRuntimeJNI: codec_factory fileLen:46292
02-28 15:02:32.397 16705 16731 D OpenRuntimeJNI: c63d0d7a87eb4ae7e0e025125437cd29 md5String:codec_factory
02-28 15:02:32.397 16705 16731 I OpenRuntimeJNI: codec_factory abi:1 check success
02-28 15:02:32.397 16705 16731 I OpenRuntimeJNI: magicbrush fileLen:4540504
02-28 15:02:32.398 16736 16884 W System.err: org.apache.http.conn.HttpHostConnectException: Connection to http://pingmid.qq.com:80 refused
02-28 15:02:32.399 16736 16884 W System.err: at org.apache.http.impl.conn.DefaultClientConnectionOperator.openConnection(DefaultClientConnectionOperator.java:193)
02-28 15:02:32.399 16736 16884 W System.err: at org.apache.http.impl.conn.AbstractPoolEntry.open(AbstractPoolEntry.java:170)
02-28 15:02:32.399 16736 16884 W System.err: at org.apache.http.impl.conn.AbstractPooledConnAdapter.open(AbstractPooledConnAdapter.java:124)
02-28 15:02:32.399 16736 16884 W System.err: at org.apache.http.impl.client.DefaultRequestDirector.execute(DefaultRequestDirector.java:366)
02-28 15:02:32.399 16736 16884 W System.err: at org.apache.http.impl.client.AbstractHttpClient.execute(AbstractHttpClient.java:560)
02-28 15:02:32.399 16736 16884 W System.err: at org.apache.http.impl.client.AbstractHttpClient.execute(AbstractHttpClient.java:492)
02-28 15:02:32.399 16736 16884 W System.err: at org.apache.http.impl.client.AbstractHttpClient.execute(AbstractHttpClient.java:470)
02-28 15:02:32.399 16736 16884 W System.err: at com.tencent.qapmsdk.impl.instrumentation.QAPMInstrumentationHttpClient.execute(QAPMInstrumentationHttpClient.java:247)
02-28 15:02:32.399 16736 16884 W System.err: at com.tencent.mid.a.b.a(Unknown Source:134)
02-28 15:02:32.399 16736 16884 W System.err: at com.tencent.mid.a.d.b(Unknown Source:283)
02-28 15:02:32.399 16736 16884 W System.err: at com.tencent.mid.a.d.a(Unknown Source:100)
02-28 15:02:32.399 16736 16884 W System.err: at com.tencent.mid.a.k.run(Unknown Source:92)
02-28 15:02:32.399 16736 16884 W System.err: at android.os.Handler.handleCallback(Handler.java:938)
02-28 15:02:32.399 16736 16884 W System.err: at android.os.Handler.dispatchMessage(Handler.java:99)
02-28 15:02:32.399 16736 16884 W System.err: at android.os.Looper.loopOnce(Looper.java:201)
02-28 15:02:32.399 16736 16884 W System.err: at android.os.Looper.loop(Looper.java:288)
02-28 15:02:32.399 16736 16884 W System.err: at android.os.HandlerThread.run(HandlerThread.java:67)
02-28 15:02:32.399 16736 16884 W System.err: Caused by: java.net.ConnectException: failed to connect to /0.0.0.1 (port 80) from /:: (port 0) after 30000ms: connect failed: EINVAL (Invalid argument)
02-28 15:02:32.399 16736 16884 W System.err: at libcore.io.IoBridge.connect(IoBridge.java:188)
02-28 15:02:32.399 16736 16884 W System.err: at java.net.PlainSocketImpl.socketConnect(PlainSocketImpl.java:142)
02-28 15:02:32.399 16736 16884 W System.err: at java.net.AbstractPlainSocketImpl.doConnect(AbstractPlainSocketImpl.java:390)
02-28 15:02:32.399 16736 16884 W System.err: at java.net.AbstractPlainSocketImpl.connectToAddress(AbstractPlainSocketImpl.java:230)
02-28 15:02:32.399 16736 16884 W System.err: at java.net.AbstractPlainSocketImpl.connect(AbstractPlainSocketImpl.java:212)
02-28 15:02:32.399 16736 16884 W System.err: at java.net.SocksSocketImpl.connect(SocksSocketImpl.java:436)
02-28 15:02:32.399 16736 16884 W System.err: at java.net.Socket.connect(Socket.java:621)
02-28 15:02:32.399 16736 16884 W System.err: at org.apache.http.conn.scheme.PlainSocketFactory.connectSocket(PlainSocketFactory.java:124)
02-28 15:02:32.399 16736 16884 W System.err: at org.apache.http.impl.conn.DefaultClientConnectionOperator.openConnection(DefaultClientConnectionOperator.java:149)
02-28 15:02:32.399 16736 16884 W System.err: ... 16 more
02-28 15:02:32.399 16736 16884 W System.err: Caused by: android.system.ErrnoException: connect failed: EINVAL (Invalid argument)
02-28 15:02:32.399 16736 16884 W System.err: at libcore.io.Linux.connect(Native Method)
02-28 15:02:32.399 16736 16884 W System.err: at libcore.io.ForwardingOs.connect(ForwardingOs.java:204)
02-28 15:02:32.399 16736 16884 W System.err: at libcore.io.BlockGuardOs.connect(BlockGuardOs.java:157)
02-28 15:02:32.399 16736 16884 W System.err: at libcore.io.ForwardingOs.connect(ForwardingOs.java:204)
02-28 15:02:32.399 16736 16884 W System.err: at libcore.io.IoBridge.connectErrno(IoBridge.java:219)
02-28 15:02:32.399 16736 16884 W System.err: at libcore.io.IoBridge.connect(IoBridge.java:180)
02-28 15:02:32.399 16736 16884 W System.err: ... 24 more
02-28 15:02:32.400 16736 16884 W System.err: org.apache.http.conn.HttpHostConnectException: Connection to http://pingmid.qq.com:80 refused
02-28 15:02:32.400 16736 16884 W System.err: at org.apache.http.impl.conn.DefaultClientConnectionOperator.openConnection(DefaultClientConnectionOperator.java:193)
02-28 15:02:32.400 16736 16884 W System.err: at org.apache.http.impl.conn.AbstractPoolEntry.open(AbstractPoolEntry.java:170)
02-28 15:02:32.400 16736 16884 W System.err: at org.apache.http.impl.conn.AbstractPooledConnAdapter.open(AbstractPooledConnAdapter.java:124)
02-28 15:02:32.400 16736 16884 W System.err: at org.apache.http.impl.client.DefaultRequestDirector.execute(DefaultRequestDirector.java:366)
02-28 15:02:32.400 16736 16884 W System.err: at org.apache.http.impl.client.AbstractHttpClient.execute(AbstractHttpClient.java:560)
02-28 15:02:32.400 16736 16884 W System.err: at org.apache.http.impl.client.AbstractHttpClient.execute(AbstractHttpClient.java:492)
02-28 15:02:32.400 16736 16884 W System.err: at org.apache.http.impl.client.AbstractHttpClient.execute(AbstractHttpClient.java:470)
02-28 15:02:32.400 16736 16884 W System.err: at com.tencent.qapmsdk.impl.instrumentation.QAPMInstrumentationHttpClient.execute(QAPMInstrumentationHttpClient.java:247)
02-28 15:02:32.400 16736 16884 W System.err: at com.tencent.mid.a.b.a(Unknown Source:134)
02-28 15:02:32.400 16736 16884 W System.err: at com.tencent.mid.a.d.b(Unknown Source:283)
02-28 15:02:32.400 16736 16884 W System.err: at com.tencent.mid.a.d.a(Unknown Source:100)
02-28 15:02:32.400 16736 16884 W System.err: at com.tencent.mid.a.k.run(Unknown Source:92)
02-28 15:02:32.400 16736 16884 W System.err: at android.os.Handler.handleCallback(Handler.java:938)
02-28 15:02:32.400 16736 16884 W System.err: at android.os.Handler.dispatchMessage(Handler.java:99)
02-28 15:02:32.400 16736 16884 W System.err: at android.os.Looper.loopOnce(Looper.java:201)
02-28 15:02:32.400 16736 16884 W System.err: at android.os.Looper.loop(Looper.java:288)
02-28 15:02:32.400 16736 16884 W System.err: at android.os.HandlerThread.run(HandlerThread.java:67)
02-28 15:02:32.400 16736 16884 W System.err: Caused by: java.net.ConnectException: failed to connect to /0.0.0.1 (port 80) from /:: (port 0) after 30000ms: connect failed: EINVAL (Invalid argument)
02-28 15:02:32.400 16736 16884 W System.err: at libcore.io.IoBridge.connect(IoBridge.java:188)
02-28 15:02:32.400 16736 16884 W System.err: at java.net.PlainSocketImpl.socketConnect(PlainSocketImpl.java:142)
02-28 15:02:32.400 16736 16884 W System.err: at java.net.AbstractPlainSocketImpl.doConnect(AbstractPlainSocketImpl.java:390)
02-28 15:02:32.400 16736 16884 W System.err: at java.net.AbstractPlainSocketImpl.connectToAddress(AbstractPlainSocketImpl.java:230)
02-28 15:02:32.400 16736 16884 W System.err: at java.net.AbstractPlainSocketImpl.connect(AbstractPlainSocketImpl.java:212)
02-28 15:02:32.400 16736 16884 W System.err: at java.net.SocksSocketImpl.connect(SocksSocketImpl.java:436)
02-28 15:02:32.400 16736 16884 W System.err: at java.net.Socket.connect(Socket.java:621)
02-28 15:02:32.400 16736 16884 W System.err: at org.apache.http.conn.scheme.PlainSocketFactory.connectSocket(PlainSocketFactory.java:124)
02-28 15:02:32.400 16736 16884 W System.err: at org.apache.http.impl.conn.DefaultClientConnectionOperator.openConnection(DefaultClientConnectionOperator.java:149)
02-28 15:02:32.400 16736 16884 W System.err: ... 16 more
02-28 15:02:32.400 16736 16884 W System.err: Caused by: android.system.ErrnoException: connect failed: EINVAL (Invalid argument)
02-28 15:02:32.400 16736 16884 W System.err: at libcore.io.Linux.connect(Native Method)
02-28 15:02:32.400 16736 16884 W System.err: at libcore.io.ForwardingOs.connect(ForwardingOs.java:204)
02-28 15:02:32.400 16736 16884 W System.err: at libcore.io.BlockGuardOs.connect(BlockGuardOs.java:157)
02-28 15:02:32.400 16736 16884 W System.err: at libcore.io.ForwardingOs.connect(ForwardingOs.java:204)
02-28 15:02:32.400 16736 16884 W System.err: at libcore.io.IoBridge.connectErrno(IoBridge.java:219)
02-28 15:02:32.400 16736 16884 W System.err: at libcore.io.IoBridge.connect(IoBridge.java:180)
02-28 15:02:32.400 16736 16884 W System.err: ... 24 more
02-28 15:02:32.424 16705 16705 I AGConnectProvider: AGConnectInitializeProvider#onCreate
02-28 15:02:32.424 16705 16705 I AGConnectInstance: AGConnectInstance#initialize
02-28 15:02:32.425 16705 16705 I ServiceRegistrarParser: getServices
02-28 15:02:32.425 16705 16705 I ServiceRegistrarParser: services:0
02-28 15:02:32.448 16705 16731 D OpenRuntimeJNI: a11904be56d50e42b7b2c56b2aa8e0ee md5String:magicbrush
02-28 15:02:32.448 16705 16731 I OpenRuntimeJNI: magicbrush abi:1 check success
02-28 15:02:32.448 16705 16731 I OpenRuntimeJNI: wcwss fileLen:2895588
02-28 15:02:32.452 16705 16705 I TPush : [XGVipPushKAProvider] startService abolish, XG_SERVICE_PULL_UP_OFF on manifest
02-28 15:02:32.454 16759 17103 D Qp.RPT : ret: 161
02-28 15:02:32.460 16759 17103 D Qp.QLM : next rp interval: 28800000
02-28 15:02:32.465 16705 16731 D OpenRuntimeJNI: 6c062a4a1452559abfd90048c602e0f8 md5String:wcwss
02-28 15:02:32.465 16705 16731 I OpenRuntimeJNI: wcwss abi:1 check success
02-28 15:02:32.465 16705 16731 I OpenRuntimeJNI: qm_native_decoder_flac fileLen:152852
02-28 15:02:32.466 16705 16731 D OpenRuntimeJNI: f4cb322201875487beb0034de9a23132 md5String:qm_native_decoder_flac
02-28 15:02:32.466 16705 16731 I OpenRuntimeJNI: qm_native_decoder_flac abi:1 check success
02-28 15:02:32.466 16705 16731 I OpenRuntimeJNI: linkid fileLen:640364
02-28 15:02:32.470 16705 16731 D OpenRuntimeJNI: a58ef2ad70eb81117e26b937ed6bfa62 md5String:linkid
02-28 15:02:32.470 16705 16731 I OpenRuntimeJNI: linkid abi:1 check success
02-28 15:02:32.470 16705 16731 I OpenRuntimeJNI: canvas fileLen:325372
02-28 15:02:32.472 16705 16731 D OpenRuntimeJNI: 1a5390a25d6aa322e8da7cdbc94685ce md5String:canvas
02-28 15:02:32.472 16705 16731 I OpenRuntimeJNI: canvas abi:1 check success
02-28 15:02:32.472 16705 16731 I OpenRuntimeJNI: mmavmedia fileLen:10493964
02-28 15:02:32.494 16705 16705 I load_dex_tag: application onCreate
02-28 15:02:32.499 16705 17128 I MID : >>> queryMatchContentProviders size:0
02-28 15:02:32.500 16705 17134 I MID : >>> queryMatchContentProviders size:0
02-28 15:02:32.502 16891 16891 I MMKV : loading [vblottie_config_file] with 20 size in total, file size is 4096
02-28 15:02:32.502 16891 16891 I MMKV : loading [vblottie_config_file] with crc 3805669050 sequence 8
02-28 15:02:32.502 16891 16891 I MMKV : loaded [vblottie_config_file] with 1 values
02-28 15:02:32.504 1544 7124 W ActivityManager: Background start not allowed: service Intent { cmp=com.tencent.qqlive/.ipc.BroadcastService } to com.tencent.qqlive/.ipc.BroadcastService from pid=16891 uid=10105 pkg=com.tencent.qqlive startFg?=false
02-28 15:02:32.505 16736 16923 I QAPM_Native: native crash catcher init. packageNameStr: com.tencent.qqlive
02-28 15:02:32.510 1544 3045 W ActivityManager: Background start not allowed: service Intent { cmp=com.tencent.qqlive/.ipc.BroadcastService } to com.tencent.qqlive/.ipc.BroadcastService from pid=16891 uid=10105 pkg=com.tencent.qqlive startFg?=false
02-28 15:02:32.512 16736 16923 I QAPM_Native: set up signal id: 1
02-28 15:02:32.517 16705 16779 I QQShareManager: mobile qq is not installed
02-28 15:02:32.518 16705 16779 D MicroMsg.PaySdk.WXFactory: createWXAPI, appId = wxca942bbff22e0e51, checkSignature = true
02-28 15:02:32.518 16705 16779 D MicroMsg.SDK.WXApiImplV10: , appId = wxca942bbff22e0e51, checkSignature = true
02-28 15:02:32.519 16705 16779 E MicroMsg.SDK.WXApiImplV10: register app failed for wechat app signature check failed
02-28 15:02:32.519 16705 16779 E MicroMsg.SDK.WXApiImplV10: open wx app failed, not installed or signature check failed
02-28 15:02:32.525 16891 16891 D PushCrashMgr: init
02-28 15:02:32.526 16891 16891 I MMKV : loading [VideoConfigCacheMgr] with 0 size in total, file size is 4096
02-28 15:02:32.526 16891 16891 I MMKV : loaded [VideoConfigCacheMgr] with 0 values
02-28 15:02:32.530 16705 17149 D DexLoader: initTbsSettings - {use_speedy_classloader=true}
02-28 15:02:32.531 16705 17149 D dexloader: Set base classLoader for DexClassLoader: dalvik.system.PathClassLoader[DexPathList[[zip file "/data/app/~~S5aGTg02MfzFbeW7FiP1Bw==/com.tencent.qqlive-MhbA5CWSBXkRmiY8Hx5K5w==/base.apk"],nativeLibraryDirectories=[/data/user/0/com.tencent.qqlive/livesdk_lib, /data/user/0/com.tencent.qqlive/app_libs, /data/app/~~S5aGTg02MfzFbeW7FiP1Bw==/com.tencent.qqlive-MhbA5CWSBXkRmiY8Hx5K5w==/lib/arm, /data/app/~~S5aGTg02MfzFbeW7FiP1Bw==/com.tencent.qqlive-MhbA5CWSBXkRmiY8Hx5K5w==/base.apk!/lib/armeabi, /system/lib, /system_ext/lib, /system/lib, /system_ext/lib]]]
02-28 15:02:32.531 16705 17149 I DexLoader: createDexClassLoader,old VerisonCode=8.3.05.21773;newVersionCode=21773oldVersionName8.3.05.21773;newVersionName+8.3.05.21773oldDisplay01.00.0078.X101;newDisplay=01.00.0078.X101
02-28 15:02:32.531 16705 17149 D dexloader: createDexClassLoader: /data/user/0/com.tencent.qqlive/app_tbs/core_share/apache_dex.jar
02-28 15:02:32.531 16705 17149 D dexloader: sync odex...new DexClassLoader
02-28 15:02:32.541 1544 7124 W ActivityManager: Background start not allowed: service Intent { cmp=com.tencent.qqlive/.ipc.BroadcastService } to com.tencent.qqlive/.ipc.BroadcastService from pid=16891 uid=10105 pkg=com.tencent.qqlive startFg?=false
02-28 15:02:32.544 16705 17149 D dexloader: createDexClassLoader result: dalvik.system.DexClassLoader[DexPathList[[zip file "/data/user/0/com.tencent.qqlive/app_tbs/core_share/apache_dex.jar"],nativeLibraryDirectories=[/data/user/0/com.tencent.qqlive/app_tbs/core_share, /data/user/0/com.tencent.qqlive/app_tbs/share/plugins/com.tencent.qb.plugin.videodecode, /system/lib, /system_ext/lib]]]
02-28 15:02:32.545 16705 17149 I DexLoader: createDexClassLoader,old VerisonCode=8.3.05.21773;newVersionCode=21773oldVersionName8.3.05.21773;newVersionName+8.3.05.21773oldDisplay01.00.0078.X101;newDisplay=01.00.0078.X101
02-28 15:02:32.545 16705 17149 D dexloader: createDexClassLoader: /data/user/0/com.tencent.qqlive/app_tbs/core_share/tbs_jars_fusion_dex.jar
02-28 15:02:32.545 16705 17149 D dexloader: sync odex...new DexClassLoader
02-28 15:02:32.572 1232 15491 I OMX-VENC: venc_dev: stats: avg. fps 6.08, bitrate 152064
02-28 15:02:32.586 16705 17157 I MID : >>> queryMatchContentProviders size:0
02-28 15:02:32.597 16891 17158 W Settings: Setting android_id has moved from android.provider.Settings.System to android.provider.Settings.Secure, returning read-only value.
02-28 15:02:32.608 16891 16891 I MMKV : loading [vb_personalize] with 2721 size in total, file size is 4096
02-28 15:02:32.608 16891 16891 I MMKV : loading [vb_personalize] with crc 2327205834 sequence 2
02-28 15:02:32.608 16891 16891 I MMKV : loaded [vb_personalize] with 2 values
02-28 15:02:32.615 16705 16731 D OpenRuntimeJNI: e6d77645521d6da51ae7c266a02ebc29 md5String:mmavmedia
02-28 15:02:32.615 16705 16731 I OpenRuntimeJNI: mmavmedia abi:1 check success
02-28 15:02:32.615 16705 16731 I OpenRuntimeJNI: wmpfcommonjni fileLen:1501388
02-28 15:02:32.628 16705 16731 D OpenRuntimeJNI: 4b39c365d92f96c3c9a1b36042836db0 md5String:wmpfcommonjni
02-28 15:02:32.628 16705 16731 I OpenRuntimeJNI: wmpfcommonjni abi:1 check success
02-28 15:02:32.629 16705 16731 I OpenRuntimeJNI: mmlockstep fileLen:481088
02-28 15:02:32.632 19541 20557 W kcp_info: HCDN_LOG: [T:20557]Update: udp kcp size[0], timeout kcp size[0]
02-28 15:02:32.634 1544 3045 D ConnectivityService: requestNetwork for uid/pid:10105/16891 activeRequest: null callbackRequest: 527 [NetworkRequest [ REQUEST id=528, [ Capabilities: INTERNET&NOT_RESTRICTED&TRUSTED&NOT_VCN_MANAGED Uid: 10105 RequestorUid: 10105 RequestorPkg: com.tencent.qqlive] ]] callback flags: 0 priority: 2147483647
02-28 15:02:32.634 16705 16731 D OpenRuntimeJNI: 973844f9134fa4b20d93d447733eb759 md5String:mmlockstep
02-28 15:02:32.634 16705 16731 I OpenRuntimeJNI: mmlockstep abi:1 check success
02-28 15:02:32.634 1544 1947 D ConnectivityService: NetReassign [528 : null → 100]
02-28 15:02:32.634 16705 16731 I OpenRuntimeJNI: wechatpack fileLen:788716
02-28 15:02:32.635 1544 2017 D Ethernet: got request NetworkRequest [ REQUEST id=528, [ Capabilities: INTERNET&NOT_RESTRICTED&TRUSTED&NOT_VCN_MANAGED Uid: 10105 RequestorUid: 10105 RequestorPkg: com.tencent.qqlive] ]
02-28 15:02:32.635 1544 2017 D EthernetNetworkFactory: acceptRequest, request: NetworkRequest [ REQUEST id=528, [ Capabilities: INTERNET&NOT_RESTRICTED&TRUSTED&NOT_VCN_MANAGED Uid: 10105 RequestorUid: 10105 RequestorPkg: com.tencent.qqlive] ]
02-28 15:02:32.635 16891 16891 I load_dex_tag: application onCreate
02-28 15:02:32.635 1544 2017 I EthernetNetworkFactory: networkForRequest, request: NetworkRequest [ REQUEST id=528, [ Capabilities: INTERNET&NOT_RESTRICTED&TRUSTED&NOT_VCN_MANAGED Uid: 10105 RequestorUid: 10105 RequestorPkg: com.tencent.qqlive] ], network: null
02-28 15:02:32.636 1544 1897 D WifiNetworkFactory: got request NetworkRequest [ REQUEST id=528, [ Capabilities: INTERNET&NOT_RESTRICTED&TRUSTED&NOT_VCN_MANAGED Uid: 10105 RequestorUid: 10105 RequestorPkg: com.tencent.qqlive] ]
02-28 15:02:32.636 1544 1897 D UntrustedWifiNetworkFactory: got request NetworkRequest [ REQUEST id=528, [ Capabilities: INTERNET&NOT_RESTRICTED&TRUSTED&NOT_VCN_MANAGED Uid: 10105 RequestorUid: 10105 RequestorPkg: com.tencent.qqlive] ]
02-28 15:02:32.636 1544 1897 D OemPaidWifiNetworkFactory: got request NetworkRequest [ REQUEST id=528, [ Capabilities: INTERNET&NOT_RESTRICTED&TRUSTED&NOT_VCN_MANAGED Uid: 10105 RequestorUid: 10105 RequestorPkg: com.tencent.qqlive] ]
02-28 15:02:32.641 16705 16731 D OpenRuntimeJNI: cc30cc873105001082dee725b7b7ca0e md5String:wechatpack
02-28 15:02:32.641 16705 16731 I OpenRuntimeJNI: wechatpack abi:1 check success
02-28 15:02:32.641 16705 16731 I OpenRuntimeJNI: mmwcwss fileLen:247560
02-28 15:02:32.642 16705 16731 D OpenRuntimeJNI: c29f28aa12f72c3c32160c71fdefcfb6 md5String:mmwcwss
02-28 15:02:32.642 16705 16731 I OpenRuntimeJNI: mmwcwss abi:1 check success
02-28 15:02:32.642 16705 16731 I OpenRuntimeJNI: audio_common fileLen:58636
02-28 15:02:32.643 16705 16731 D OpenRuntimeJNI: 1941d40fd0d87773733c9ee4e166a626 md5String:audio_common
02-28 15:02:32.643 16705 16731 I OpenRuntimeJNI: audio_common abi:1 check success
02-28 15:02:32.643 16705 16731 I OpenRuntimeJNI: mmvulkan fileLen:14000
02-28 15:02:32.643 16705 16731 D OpenRuntimeJNI: 49586dc9613e28ea5c0f5235d23c1246 md5String:mmvulkan
02-28 15:02:32.643 16705 16731 I OpenRuntimeJNI: mmvulkan abi:1 check success
02-28 15:02:32.643 16705 16731 I OpenRuntimeJNI: wechataudiosilk fileLen:74980
02-28 15:02:32.644 16705 16731 D OpenRuntimeJNI: 19122d176cd242bff81c470ccb5fa2bb md5String:wechataudiosilk
02-28 15:02:32.644 16705 16731 I OpenRuntimeJNI: wechataudiosilk abi:1 check success
02-28 15:02:32.644 16705 16731 I OpenRuntimeJNI: liteavsdk fileLen:3537504
02-28 15:02:32.645 16891 17158 D UserStatusInfoModule: getCurUserStatusInfo
02-28 15:02:32.650 16759 16987 I QAPM_Native: native crash catcher init. packageNameStr: com.tencent.qqlive
02-28 15:02:32.650 16759 16987 I QAPM_Native: set up signal id: 1
02-28 15:02:32.665 16705 16731 D OpenRuntimeJNI: faae96ae439706f0713a76036679f2fd md5String:liteavsdk
02-28 15:02:32.665 16705 16731 I OpenRuntimeJNI: liteavsdk abi:1 check success
02-28 15:02:32.665 16705 16731 I OpenRuntimeJNI: mmmediasdk fileLen:1140232
02-28 15:02:32.670 16705 17162 I MID : >>> queryMatchContentProviders size:0
02-28 15:02:32.678 16705 16731 D OpenRuntimeJNI: fdccb39bfb5e38aeea97f1145ad3bc59 md5String:mmmediasdk
02-28 15:02:32.679 16705 16731 I OpenRuntimeJNI: mmmediasdk abi:1 check success
02-28 15:02:32.679 16705 16731 I OpenRuntimeJNI: mmmediasdkjni fileLen:46556
02-28 15:02:32.679 16705 16731 D OpenRuntimeJNI: eedb69a7945489ad2aca936ece1afc87 md5String:mmmediasdkjni
02-28 15:02:32.679 16705 16731 I OpenRuntimeJNI: mmmediasdkjni abi:1 check success
02-28 15:02:32.679 16705 16731 I OpenRuntimeJNI: qm_native_decoder_ape fileLen:198436
02-28 15:02:32.689 16705 16731 D OpenRuntimeJNI: 04c1604780ed1cef6143598aca9b730f md5String:qm_native_decoder_ape
02-28 15:02:32.689 16705 16731 I OpenRuntimeJNI: qm_native_decoder_ape abi:1 check success
02-28 15:02:32.689 16705 16731 I OpenRuntimeJNI: ilink_im fileLen:3328948
02-28 15:02:32.698 16705 16705 I [VideoNative]: app启动更新so配置
02-28 15:02:32.734 16705 16731 D OpenRuntimeJNI: fc3faedd21a321fe48a8d4ffa2c1beec md5String:ilink_im
02-28 15:02:32.735 16705 16731 I OpenRuntimeJNI: ilink_im abi:1 check success
02-28 15:02:32.735 16705 16731 I OpenRuntimeJNI: skia-canvas-log-bridge fileLen:13996
02-28 15:02:32.735 16705 16731 D OpenRuntimeJNI: 703af1158b15c36ad69561183847e781 md5String:skia-canvas-log-bridge
02-28 15:02:32.735 16705 16731 I OpenRuntimeJNI: skia-canvas-log-bridge abi:1 check success
02-28 15:02:32.735 16705 16731 I OpenRuntimeJNI: commonimgdec fileLen:304952
02-28 15:02:32.738 16705 16731 D OpenRuntimeJNI: fa644f8974b59d694630d174012ea7a2 md5String:commonimgdec
02-28 15:02:32.738 16705 16731 I OpenRuntimeJNI: commonimgdec abi:1 check success
02-28 15:02:32.738 16705 16731 I OpenRuntimeJNI: ilink_dev fileLen:2965396
02-28 15:02:32.747 16705 17172 D loadcost: 3
02-28 15:02:32.754 16705 16730 D VideoNative: Preload Castors = org.nutz.castor.Castors@8e9ada9
02-28 15:02:32.756 19732 20581 W kcp_info: HCDN_LOG: [T:20581]Update: udp kcp size[0], timeout kcp size[0]
02-28 15:02:32.771 16705 17132 D UserStatusInfoModule: getCurUserStatusInfo
02-28 15:02:32.785 16891 16891 I g : onInit
02-28 15:02:32.786 16891 16891 I MMKV : root dir: /data/user/0/com.tencent.qqlive/files/mmkv
02-28 15:02:32.797 16705 17171 W Settings: Setting airplane_mode_on has moved from android.provider.Settings.System to android.provider.Settings.Global, returning read-only value.
02-28 15:02:32.802 16705 17149 D dexloader: createDexClassLoader result: dalvik.system.DexClassLoader[DexPathList[[zip file "/data/user/0/com.tencent.qqlive/app_tbs/core_share/tbs_jars_fusion_dex.jar"],nativeLibraryDirectories=[/data/user/0/com.tencent.qqlive/app_tbs/core_share, /data/user/0/com.tencent.qqlive/app_tbs/share/plugins/com.tencent.qb.plugin.videodecode, /system/lib, /system_ext/lib]]]
02-28 15:02:32.813 16705 17172 E ODK : appkey in StatConfig.setAppKey() is null or exceed 256 bytes
02-28 15:02:32.813 16705 17182 I MID : >>> queryMatchContentProviders size:0
02-28 15:02:32.816 16705 17151 W MID : [MidWorkThread(151): null:100] - can not get the permission of android.permission.WRITE_EXTERNAL_STORAGE
02-28 15:02:32.818 1544 8320 W ServiceManager: Permission failure: android.permission.HIGH_SAMPLING_RATE_SENSORS from uid=10105 pid=16705
02-28 15:02:32.830 1544 8320 W ActivityManager: Background start not allowed: service Intent { cmp=com.tencent.qqlive/.ipc.BroadcastService } to com.tencent.qqlive/.ipc.BroadcastService from pid=16705 uid=10105 pkg=com.tencent.qqlive startFg?=false
02-28 15:02:32.832 16891 17191 E ODK : appkey in StatConfig.setAppKey() is null or exceed 256 bytes
02-28 15:02:32.846 16705 16731 D OpenRuntimeJNI: 6773749ba0afdd7a8486083af81542bc md5String:ilink_dev
02-28 15:02:32.846 16705 16731 I OpenRuntimeJNI: ilink_dev abi:1 check success
02-28 15:02:32.846 16705 16731 I OpenRuntimeJNI: mmskia fileLen:4812644
02-28 15:02:32.854 16705 17183 W LOTTIE : You have 5 images. Lottie should primarily be used with shapes. If you are using Adobe Illustrator, convert the Illustrator layers to shape layers.
02-28 15:02:32.856 16705 16944 W System.err: java.lang.UnsupportedOperationException: use allKeys() instead, getAll() not implement because type-erasure inside mmkv
02-28 15:02:32.857 16705 16944 W System.err: at com.tencent.qqlive.apputils.a.e.getAll(QQLiveSharedPreference.java:110)
02-28 15:02:32.857 16705 16944 W System.err: at com.tencent.qqlive.ao.a.a.b(QADPrefsStorage.java:191)
02-28 15:02:32.857 16705 16944 W System.err: at com.tencent.qqlive.qadreport.core.ReportManager.doEventReportFromStorage(ReportManager.java:152)
02-28 15:02:32.857 16705 16944 W System.err: at com.tencent.qqlive.qadreport.core.ReportManager.access$100(ReportManager.java:24)
02-28 15:02:32.857 16705 16944 W System.err: at com.tencent.qqlive.qadreport.core.ReportManager$a.run(ReportManager.java:213)
02-28 15:02:32.857 16705 16944 W System.err: at java.util.concurrent.Executors$RunnableAdapter.call(Executors.java:462)
02-28 15:02:32.857 16705 16944 W System.err: at java.util.concurrent.FutureTask.runAndReset(FutureTask.java:307)
02-28 15:02:32.857 16705 16944 W System.err: at java.util.concurrent.ScheduledThreadPoolExecutor$ScheduledFutureTask.run(ScheduledThreadPoolExecutor.java:302)
02-28 15:02:32.857 16705 16944 W System.err: at java.util.concurrent.ThreadPoolExecutor.runWorker(ThreadPoolExecutor.java:1167)
02-28 15:02:32.857 16705 16944 W System.err: at java.util.concurrent.ThreadPoolExecutor$Worker.run(ThreadPoolExecutor.java:641)
02-28 15:02:32.857 16705 16944 W System.err: at java.lang.Thread.run(Thread.java:920)
02-28 15:02:32.861 16705 17183 W LOTTIE : You have 6 images. Lottie should primarily be used with shapes. If you are using Adobe Illustrator, convert the Illustrator layers to shape layers.
02-28 15:02:32.875 16705 17187 W LOTTIE : You have 7 images. Lottie should primarily be used with shapes. If you are using Adobe Illustrator, convert the Illustrator layers to shape layers.
02-28 15:02:32.878 16705 17183 W LOTTIE : You have 8 images. Lottie should primarily be used with shapes. If you are using Adobe Illustrator, convert the Illustrator layers to shape layers.
01-09 09:15:47.170 0 0 W audit : audit_lost=19146 audit_rate_limit=5 audit_backlog_limit=64
01-09 09:15:47.170 0 0 E audit : rate limit exceeded
02-28 15:02:32.887 1544 1947 D ConnectivityService: NetReassign [no changes]
02-28 15:02:32.888 16705 17194 E ODK : Could not get permission of android.permission.READ_PHONE_STATE
02-28 15:02:32.890 1544 3045 W WifiService: Permission violation - getScanResults not allowed for uid=10105, packageName=com.tencent.qqlive, reason=java.lang.SecurityException: UID 10105 has no location permission
02-28 15:02:32.899 16705 16731 D OpenRuntimeJNI: cfb1b20d29200a0e09c26ec6bdad4c80 md5String:mmskia
02-28 15:02:32.899 16705 16731 I OpenRuntimeJNI: mmskia abi:1 check success
02-28 15:02:32.899 16705 16731 I OpenRuntimeJNI: mmimgcodec fileLen:67524
02-28 15:02:32.900 16705 16731 D OpenRuntimeJNI: ac51c9340a1e0cf9bff64ba0c37afb8d md5String:mmimgcodec
02-28 15:02:32.900 16705 16731 I OpenRuntimeJNI: mmimgcodec abi:1 check success
02-28 15:02:32.900 16705 16731 I OpenRuntimeJNI: mmv8 fileLen:12329092
02-28 15:02:32.902 16891 17190 W QAPM_manager_QAPMConfigureWizard: AppInstance is not android.app.Application.
02-28 15:02:32.905 1544 1947 D ConnectivityService: NetReassign [no changes]
02-28 15:02:32.905 16891 17210 I beacon : beacon logAble: false
02-28 15:02:32.911 16705 17194 I ODK : System config:
02-28 15:02:32.914 16705 17172 W QAPM_manager_QAPMConfigureWizard: AppInstance is not android.app.Application.
02-28 15:02:32.919 16891 16891 E TAG : resumeInit
02-28 15:02:32.920 16891 17032 I CarrierManager: getRemoteSubscription(arg=null) imsi=30005012ab642c6512dcb466b398b89cb1be0201b110010218201 nondual=false sub=[ EmptySubscription imsi = 30005012ab642c6512dcb466b398b89cb1be0201b110010218201 ] remote=Bundle[{imsi=30005012ab642c6512dcb466b398b89cb1be0201b110010218201}]
02-28 15:02:32.920 16891 17032 I CarrierManager: getActiveSubscription()=[ EmptySubscription imsi = 30005012ab642c6512dcb466b398b89cb1be0201b110010218201 ] hash=EmptySubscription@198664462
02-28 15:02:32.921 16891 17032 I CarrierManager: getRemoteSubscription(arg=minor) imsi=null nondual=false sub=null remote=null
02-28 15:02:32.922 16891 17032 I CarrierManager: getMinorSubscription()=[ EmptySubscription imsi = ] hash=EmptySubscription@152749871
02-28 15:02:32.929 16705 17132 D UserStatusInfoModule: getCurUserStatusInfo
02-28 15:02:32.932 16705 17215 I ODK : db check ok
02-28 15:02:32.936 16891 17217 I ODK : db check ok
02-28 15:02:32.949 16705 17194 E ODK : Could not get permission of android.permission.READ_PHONE_STATE
02-28 15:02:32.950 16705 17215 I ODK : init local store has 344 records, dbRebuild : false
02-28 15:02:32.950 16891 17217 I ODK : init local store has 6 records, dbRebuild : false
02-28 15:02:32.967 16891 17218 I DpmTcmClient: RegisterTcmMonitor from: $Proxy2
02-28 15:02:32.972 16891 17219 I MID : >>> queryMatchContentProviders size:0
02-28 15:02:32.981 16705 17216 I MID : >>> queryMatchContentProviders size:0
02-28 15:02:33.000 16891 17228 E ODK : Could not get permission of android.permission.READ_PHONE_STATE
02-28 15:02:33.002 16891 17191 V TGPA : load tgpa gradishwrapper lib success by loader.
02-28 15:02:33.016 16705 16731 D OpenRuntimeJNI: d4b842d5e3bff09efc2aba38dbeea466 md5String:mmv8
02-28 15:02:33.016 16705 16731 I OpenRuntimeJNI: mmv8 abi:1 check success
02-28 15:02:33.016 16705 16731 I OpenRuntimeJNI: ilink_network fileLen:3555400
02-28 15:02:33.024 16705 16705 I RDMCIConfigs: init(). CIVersion = 0.10.14.323
02-28 15:02:33.024 16705 16705 I ProtocolManager: createNetWorkTask: needCheck, request = FileRequest
02-28 15:02:33.027 16705 17149 I .tencent.qqliv: Waiting for a blocking GC ClassLinker
02-28 15:02:33.033 16705 17206 I ashercai: createIsolate
02-28 15:02:33.037 16705 17227 E ODK : 上报缓存记录数失败,错误码:4012,错误信息:send to https://btrace.qq.com/kvcollect java.net.ConnectException: Failed to connect to btrace.qq.com/0.0.0.1:443
02-28 15:02:33.049 16891 17228 E ODK : 上报缓存记录数失败,错误码:4012,错误信息:send to https://btrace.qq.com/kvcollect java.net.ConnectException: Failed to connect to btrace.qq.com/0.0.0.1:443
02-28 15:02:33.058 16891 17204 I ODK : System config:
02-28 15:02:33.058 16705 16705 E beacon : UserAction.initUserAction is not available
02-28 15:02:33.068 16891 17217 I ODK : db check ok
02-28 15:02:33.075 16705 16731 D OpenRuntimeJNI: 205c550703fe167874634290b9060edc md5String:ilink_network
02-28 15:02:33.075 16705 16731 I OpenRuntimeJNI: ilink_network abi:1 check success
02-28 15:02:33.075 16705 16731 I OpenRuntimeJNI: mmnode fileLen:3570836
02-28 15:02:33.075 16891 16891 D TKD_DOWN::DownScheduler: DownloadScheduler() init
02-28 15:02:33.077 16891 17217 E ODK : Could not get permission of android.permission.READ_PHONE_STATE
02-28 15:02:33.081 16705 17194 I ODK : init completed, appkey is AES1V77ZTU79 channel is 77 , sdk version is 5.1.9.012 report strategy : INSTANT
02-28 15:02:33.089 16705 17260 I MID : >>> queryMatchContentProviders size:0
02-28 15:02:33.091 16705 17268 I ProtocolManager: createNetWorkTask: NACManager, serverInfo = 121.51.158.41 : aoma.qq.com, nacState = 3, request = DrTemplateFetchRequest
02-28 15:02:33.093 16891 16891 D TKD_DOWN::Manager: ADD_LISTENER called with: listener = [com.tencent.qqlive.download.service.TkdDownloadService@ff2b759]
02-28 15:02:33.093 16891 17279 D TKD_DOWN::DownScheduler: loadAllNonFinishList ...
02-28 15:02:33.105 16705 16731 D OpenRuntimeJNI: fd53414d6b3ecc4b5cce6b7e233ecd25 md5String:mmnode
02-28 15:02:33.105 16705 16731 I OpenRuntimeJNI: mmnode abi:1 check success
02-28 15:02:33.105 16891 17272 I MID : >>> queryMatchContentProviders size:0
02-28 15:02:33.105 16705 16731 I OpenRuntimeJNI: tencentlocsapp fileLen:32568
02-28 15:02:33.105 16705 16731 D OpenRuntimeJNI: f093ef0714fe1320f17aab3342b089b5 md5String:tencentlocsapp
02-28 15:02:33.105 16705 16731 I OpenRuntimeJNI: tencentlocsapp abi:1 check success
02-28 15:02:33.105 16705 16731 I OpenRuntimeJNI: skia-canvas fileLen:308960
02-28 15:02:33.106 16891 17279 D TKD_DOWN::DownScheduler: loadAllNonFinishList size:[0]
02-28 15:02:33.106 16891 17279 D TKD_DOWN::DownScheduler: loadAllNonFinishList [HIGH] = []
02-28 15:02:33.106 16891 17279 D TKD_DOWN::DownScheduler: loadAllNonFinishList [NORMAL] =[]
02-28 15:02:33.107 16891 17279 D TKD_DOWN::DownScheduler: scheduleNextDownloadTask: network=[WIFI], running=[0], pending=[0]
02-28 15:02:33.107 16705 16731 D OpenRuntimeJNI: 4a69aad4b5943a9c12287f457f3ce37e md5String:skia-canvas
02-28 15:02:33.107 16705 16731 I OpenRuntimeJNI: skia-canvas abi:1 check success
02-28 15:02:33.107 16705 16731 I OpenRuntimeJNI: linebreak fileLen:91532
02-28 15:02:33.108 16705 16731 D OpenRuntimeJNI: 14a9661cdd58f559ff7489debd308970 md5String:linebreak
02-28 15:02:33.108 16705 16731 I OpenRuntimeJNI: linebreak abi:1 check success
02-28 15:02:33.108 16705 16731 I OpenRuntimeJNI: FFmpeg fileLen:2262924
02-28 15:02:33.110 16705 16968 I ProtocolManager: createNetWorkTask: NACManager, serverInfo = 121.51.158.41 : aoma.qq.com, nacState = 3, request = ChannelListRequest
02-28 15:02:33.119 16891 17282 I NetworkMonitorReceiver: onReceive : android.net.conn.CONNECTIVITY_CHANGE
02-28 15:02:33.121 16891 17282 I AppNetworkUtils: refreshNetwork 1, netInfo.apn = WIFI, lastApn = WIFI
02-28 15:02:33.123 16891 17204 E ODK : Could not get permission of android.permission.READ_PHONE_STATE
02-28 15:02:33.126 16705 16943 E NetWorkTask: run: nacState = 3, taskAddress = TaskAddress{mDestDomain='aoma.qq.com', mDestIp='121.51.158.41', mDestPort='80', mPath='null', mCmdId=0, mRequestUrl='', mForceIpDirect=false}
02-28 15:02:33.127 16705 17268 E NetWorkTask: run: nacState = 3, taskAddress = TaskAddress{mDestDomain='aoma.qq.com', mDestIp='121.51.158.41', mDestPort='80', mPath='null', mCmdId=0, mRequestUrl='', mForceIpDirect=false}
02-28 15:02:33.135 16705 16731 D OpenRuntimeJNI: 9a95dbf0bdd7ed78cf920f1de7f74012 md5String:FFmpeg
02-28 15:02:33.135 16705 16731 I OpenRuntimeJNI: FFmpeg abi:1 check success
02-28 15:02:33.135 16705 16731 I OpenRuntimeJNI: NLog fileLen:74964
02-28 15:02:33.136 16705 16731 D OpenRuntimeJNI: e6687f570dad618352d5d296271d02dd md5String:NLog
02-28 15:02:33.136 16705 16731 I OpenRuntimeJNI: NLog abi:1 check success
02-28 15:02:33.136 16705 16731 I OpenRuntimeJNI: mmphysx fileLen:3927984
02-28 15:02:33.141 1544 8320 W ServiceManager: Permission failure: android.permission.HIGH_SAMPLING_RATE_SENSORS from uid=10105 pid=16891
02-28 15:02:33.151 16891 17204 I ODK : init completed, appkey is AES1V77ZTU79 channel is 77 , sdk version is 5.1.9.012 report strategy : INSTANT
02-28 15:02:33.158 16891 17217 E ODK : Could not get permission of android.permission.READ_PHONE_STATE
02-28 15:02:33.161 16705 17278 I ODK : db check ok
02-28 15:02:33.168 16891 17217 E ODK : Could not get permission of android.permission.READ_PHONE_STATE
02-28 15:02:33.181 16705 16731 D OpenRuntimeJNI: de4da7fc292417cae522b95db241be43 md5String:mmphysx
02-28 15:02:33.181 16705 16731 I OpenRuntimeJNI: mmphysx abi:1 check success
02-28 15:02:33.181 16705 16731 I OpenRuntimeJNI: traeimp-rtmp fileLen:1523936
02-28 15:02:33.193 16705 16731 D OpenRuntimeJNI: c1a9208c5f8f157f2407947711aa04e8 md5String:traeimp-rtmp
02-28 15:02:33.193 16705 16731 I OpenRuntimeJNI: traeimp-rtmp abi:1 check success
02-28 15:02:33.193 16705 16731 I OpenRuntimeJNI: qqmusic_decoder_jni fileLen:46292
02-28 15:02:33.194 16705 16731 D OpenRuntimeJNI: 8af32c1b332990af4b4b7558d3e6de46 md5String:qqmusic_decoder_jni
02-28 15:02:33.194 16705 16731 I OpenRuntimeJNI: qqmusic_decoder_jni abi:1 check success
02-28 15:02:33.194 16705 16731 I OpenRuntimeJNI: ilink_xlog fileLen:95976
02-28 15:02:33.194 16705 16731 D OpenRuntimeJNI: 1d3bac7e46a2f1417214c577e0567f18 md5String:ilink_xlog
02-28 15:02:33.194 16705 16731 I OpenRuntimeJNI: ilink_xlog abi:1 check success
02-28 15:02:33.195 16705 16731 I OpenRuntimeJNI: mmudp fileLen:157448
02-28 15:02:33.196 16705 16731 D OpenRuntimeJNI: a755a6a37cba284618bce96834973534 md5String:mmudp
02-28 15:02:33.196 16705 16731 I OpenRuntimeJNI: mmudp abi:1 check success
02-28 15:02:33.196 16705 16731 I OpenRuntimeJNI: mmj2v8 fileLen:509492
02-28 15:02:33.199 16705 16731 D OpenRuntimeJNI: 74aca2d632b0d80f6ea37ee9b385d168 md5String:mmj2v8
02-28 15:02:33.199 16705 16731 I OpenRuntimeJNI: mmj2v8 abi:1 check success
02-28 15:02:33.199 16705 16731 I OpenRuntimeJNI: andromeda fileLen:4880024
02-28 15:02:33.208 16891 17220 D Qp.QFW : Native ver: 16777216(1.0.0)
02-28 15:02:33.199 0 0 I auditd : type=1400 audit(0.0:22828): avc: denied { kill } for comm="swapper/6" capability=5 scontext=u:r:kernel:s0 tcontext=u:r:kernel:s0 tclass=capability permissive=1
02-28 15:02:33.199 0 0 I swapper/6: type=1400 audit(0.0:22828): avc: denied { kill } for capability=5 scontext=u:r:kernel:s0 tcontext=u:r:kernel:s0 tclass=capability permissive=1
02-28 15:02:33.211 19732 21123 E cube_taskex: HCDN_LOG: [T:21123]Java_com_qiyi_hcdndownloader_HCDNDownloaderTask_GetFileSizeNative 170: taskptr = 0xb3dc2a10
02-28 15:02:33.212 19732 21123 E cube_taskex: HCDN_LOG: [T:21123]Java_com_qiyi_hcdndownloader_HCDNDownloaderTask_GetDownloadSizeNative 187: taskptr = 0xb3dc2a10
02-28 15:02:33.212 19732 21123 E cube_taskex: HCDN_LOG: [T:21123]Java_com_qiyi_hcdndownloader_HCDNDownloaderTask_GetSpeedNative 139: taskptr = 0xb3dc2a10
02-28 15:02:33.221 16891 17290 D Qmsp.Cb : Start to query cb!
02-28 15:02:33.223 16891 17220 D Qp.QLM : OnEveryLogin mHasLoadLocal = false
02-28 15:02:33.225 16891 17220 D Qp.RPT : {"rh":{"sc":3,"ai":"00000VAFHI3U915P","di":"cb9431f9be40542c704d3736100019217301","ui":"","bv":"4.1.19","ov":31,"av":"8.3.05.21773","sv":"0.0.2","ti":1677567753224,"pf":1,"md":"0","ud":"","pn":"com.tencent.qqlive","psn":"106409A8F91A970D58BEB2263CE7550F","pse":84128718},"rb":{"log":"2,4"}}
02-28 15:02:33.226 1544 8320 W ActivityManager: Background start not allowed: service Intent { cmp=com.tencent.qqlive/.ona.chat.manager.DataService } to com.tencent.qqlive/.ona.chat.manager.DataService from pid=16705 uid=10105 pkg=com.tencent.qqlive startFg?=false
02-28 15:02:33.232 16705 16731 D OpenRuntimeJNI: 0f4e109857dd64a400852a5b03fa4a95 md5String:andromeda
02-28 15:02:33.232 16705 16731 I OpenRuntimeJNI: andromeda abi:1 check success
02-28 15:02:33.232 16705 16731 I OpenRuntimeJNI: 108168wxa fileLen:119076
02-28 15:02:33.233 16705 16731 D OpenRuntimeJNI: 41ad10d4799d0c397b6578cb1896246c md5String:108168wxa
02-28 15:02:33.233 16705 16731 I OpenRuntimeJNI: 108168wxa abi:1 check success
02-28 15:02:33.233 16705 16731 I OpenRuntimeJNI: mmbox2d fileLen:2119424
02-28 15:02:33.236 16705 17151 W System.err: org.apache.http.conn.HttpHostConnectException: Connection to http://pingmid.qq.com:80 refused
02-28 15:02:33.237 16705 17151 W System.err: at org.apache.http.impl.conn.DefaultClientConnectionOperator.openConnection(DefaultClientConnectionOperator.java:193)
02-28 15:02:33.237 16705 17151 W System.err: at org.apache.http.impl.conn.AbstractPoolEntry.open(AbstractPoolEntry.java:170)
02-28 15:02:33.237 16705 17151 W System.err: at org.apache.http.impl.conn.AbstractPooledConnAdapter.open(AbstractPooledConnAdapter.java:124)
02-28 15:02:33.237 16705 17151 W System.err: at org.apache.http.impl.client.DefaultRequestDirector.execute(DefaultRequestDirector.java:366)
02-28 15:02:33.237 16705 17151 W System.err: at org.apache.http.impl.client.AbstractHttpClient.execute(AbstractHttpClient.java:560)
02-28 15:02:33.237 16705 17151 W System.err: at org.apache.http.impl.client.AbstractHttpClient.execute(AbstractHttpClient.java:492)
02-28 15:02:33.237 16705 17151 W System.err: at org.apache.http.impl.client.AbstractHttpClient.execute(AbstractHttpClient.java:470)
02-28 15:02:33.237 16705 17151 W System.err: at com.tencent.qapmsdk.impl.instrumentation.QAPMInstrumentationHttpClient.execute(QAPMInstrumentationHttpClient.java:247)
02-28 15:02:33.237 16705 17151 W System.err: at com.tencent.mid.a.b.a(Unknown Source:134)
02-28 15:02:33.237 16705 17151 W System.err: at com.tencent.mid.a.d.b(Unknown Source:283)
02-28 15:02:33.237 16705 17151 W System.err: at com.tencent.mid.a.d.a(Unknown Source:100)
02-28 15:02:33.237 16705 17151 W System.err: at com.tencent.mid.a.k.run(Unknown Source:92)
02-28 15:02:33.237 16705 17151 W System.err: at android.os.Handler.handleCallback(Handler.java:938)
02-28 15:02:33.237 16705 17151 W System.err: at android.os.Handler.dispatchMessage(Handler.java:99)
02-28 15:02:33.237 16705 17151 W System.err: at android.os.Looper.loopOnce(Looper.java:201)
02-28 15:02:33.237 16705 17151 W System.err: at android.os.Looper.loop(Looper.java:288)
02-28 15:02:33.237 16705 17151 W System.err: at android.os.HandlerThread.run(HandlerThread.java:67)
02-28 15:02:33.237 16705 17151 W System.err: Caused by: java.net.ConnectException: failed to connect to /0.0.0.1 (port 80) from /:: (port 0) after 30000ms: connect failed: EINVAL (Invalid argument)
02-28 15:02:33.237 16705 17151 W System.err: at libcore.io.IoBridge.connect(IoBridge.java:188)
02-28 15:02:33.237 16705 17151 W System.err: at java.net.PlainSocketImpl.socketConnect(PlainSocketImpl.java:142)
02-28 15:02:33.237 16705 17151 W System.err: at java.net.AbstractPlainSocketImpl.doConnect(AbstractPlainSocketImpl.java:390)
02-28 15:02:33.237 16705 17151 W System.err: at java.net.AbstractPlainSocketImpl.connectToAddress(AbstractPlainSocketImpl.java:230)
02-28 15:02:33.237 16705 17151 W System.err: at java.net.AbstractPlainSocketImpl.connect(AbstractPlainSocketImpl.java:212)
02-28 15:02:33.237 16705 17151 W System.err: at java.net.SocksSocketImpl.connect(SocksSocketImpl.java:436)
02-28 15:02:33.237 16705 17151 W System.err: at java.net.Socket.connect(Socket.java:621)
02-28 15:02:33.237 16705 17151 W System.err: at org.apache.http.conn.scheme.PlainSocketFactory.connectSocket(PlainSocketFactory.java:124)
02-28 15:02:33.237 16705 17151 W System.err: at org.apache.http.impl.conn.DefaultClientConnectionOperator.openConnection(DefaultClientConnectionOperator.java:149)
02-28 15:02:33.237 16705 17151 W System.err: ... 16 more
02-28 15:02:33.237 16705 17151 W System.err: Caused by: android.system.ErrnoException: connect failed: EINVAL (Invalid argument)
02-28 15:02:33.237 16705 17151 W System.err: at libcore.io.Linux.connect(Native Method)
02-28 15:02:33.237 16705 17151 W System.err: at libcore.io.ForwardingOs.connect(ForwardingOs.java:204)
02-28 15:02:33.237 16705 17151 W System.err: at libcore.io.BlockGuardOs.connect(BlockGuardOs.java:157)
02-28 15:02:33.237 16705 17151 W System.err: at libcore.io.ForwardingOs.connect(ForwardingOs.java:204)
02-28 15:02:33.237 16705 17151 W System.err: at libcore.io.IoBridge.connectErrno(IoBridge.java:219)
02-28 15:02:33.237 16705 17151 W System.err: at libcore.io.IoBridge.connect(IoBridge.java:180)
02-28 15:02:33.237 16705 17151 W System.err: ... 24 more
02-28 15:02:33.237 16705 17151 W System.err: org.apache.http.conn.HttpHostConnectException: Connection to http://pingmid.qq.com:80 refused
02-28 15:02:33.237 16705 17151 W System.err: at org.apache.http.impl.conn.DefaultClientConnectionOperator.openConnection(DefaultClientConnectionOperator.java:193)
02-28 15:02:33.237 16705 17151 W System.err: at org.apache.http.impl.conn.AbstractPoolEntry.open(AbstractPoolEntry.java:170)
02-28 15:02:33.238 16705 17151 W System.err: at org.apache.http.impl.conn.AbstractPooledConnAdapter.open(AbstractPooledConnAdapter.java:124)
02-28 15:02:33.238 16705 17151 W System.err: at org.apache.http.impl.client.DefaultRequestDirector.execute(DefaultRequestDirector.java:366)
02-28 15:02:33.238 16705 17151 W System.err: at org.apache.http.impl.client.AbstractHttpClient.execute(AbstractHttpClient.java:560)
02-28 15:02:33.238 16705 17151 W System.err: at org.apache.http.impl.client.AbstractHttpClient.execute(AbstractHttpClient.java:492)
02-28 15:02:33.238 16705 17151 W System.err: at org.apache.http.impl.client.AbstractHttpClient.execute(AbstractHttpClient.java:470)
02-28 15:02:33.238 16705 17151 W System.err: at com.tencent.qapmsdk.impl.instrumentation.QAPMInstrumentationHttpClient.execute(QAPMInstrumentationHttpClient.java:247)
02-28 15:02:33.238 16705 17151 W System.err: at com.tencent.mid.a.b.a(Unknown Source:134)
02-28 15:02:33.238 16705 17151 W System.err: at com.tencent.mid.a.d.b(Unknown Source:283)
02-28 15:02:33.238 16705 17151 W System.err: at com.tencent.mid.a.d.a(Unknown Source:100)
02-28 15:02:33.238 16705 17151 W System.err: at com.tencent.mid.a.k.run(Unknown Source:92)
02-28 15:02:33.238 16705 17151 W System.err: at android.os.Handler.handleCallback(Handler.java:938)
02-28 15:02:33.238 16705 17151 W System.err: at android.os.Handler.dispatchMessage(Handler.java:99)
02-28 15:02:33.238 16705 17151 W System.err: at android.os.Looper.loopOnce(Looper.java:201)
02-28 15:02:33.238 16705 17151 W System.err: at android.os.Looper.loop(Looper.java:288)
02-28 15:02:33.238 16705 17151 W System.err: at android.os.HandlerThread.run(HandlerThread.java:67)
02-28 15:02:33.238 16705 17151 W System.err: Caused by: java.net.ConnectException: failed to connect to /0.0.0.1 (port 80) from /:: (port 0) after 30000ms: connect failed: EINVAL (Invalid argument)
02-28 15:02:33.238 16705 17151 W System.err: at libcore.io.IoBridge.connect(IoBridge.java:188)
02-28 15:02:33.238 16705 17151 W System.err: at java.net.PlainSocketImpl.socketConnect(PlainSocketImpl.java:142)
02-28 15:02:33.238 16705 17151 W System.err: at java.net.AbstractPlainSocketImpl.doConnect(AbstractPlainSocketImpl.java:390)
02-28 15:02:33.238 16705 17151 W System.err: at java.net.AbstractPlainSocketImpl.connectToAddress(AbstractPlainSocketImpl.java:230)
02-28 15:02:33.238 16705 17151 W System.err: at java.net.AbstractPlainSocketImpl.connect(AbstractPlainSocketImpl.java:212)
02-28 15:02:33.238 16705 17151 W System.err: at java.net.SocksSocketImpl.connect(SocksSocketImpl.java:436)
02-28 15:02:33.238 16705 17151 W System.err: at java.net.Socket.connect(Socket.java:621)
02-28 15:02:33.238 16705 17151 W System.err: at org.apache.http.conn.scheme.PlainSocketFactory.connectSocket(PlainSocketFactory.java:124)
02-28 15:02:33.238 16705 17151 W System.err: at org.apache.http.impl.conn.DefaultClientConnectionOperator.openConnection(DefaultClientConnectionOperator.java:149)
02-28 15:02:33.238 16705 17151 W System.err: ... 16 more
02-28 15:02:33.238 16705 17151 W System.err: Caused by: android.system.ErrnoException: connect failed: EINVAL (Invalid argument)
02-28 15:02:33.238 16705 17151 W System.err: at libcore.io.Linux.connect(Native Method)
02-28 15:02:33.238 16705 17151 W System.err: at libcore.io.ForwardingOs.connect(ForwardingOs.java:204)
02-28 15:02:33.238 16705 17151 W System.err: at libcore.io.BlockGuardOs.connect(BlockGuardOs.java:157)
02-28 15:02:33.238 16705 17151 W System.err: at libcore.io.ForwardingOs.connect(ForwardingOs.java:204)
02-28 15:02:33.238 16705 17151 W System.err: at libcore.io.IoBridge.connectErrno(IoBridge.java:219)
02-28 15:02:33.238 16705 17151 W System.err: at libcore.io.IoBridge.connect(IoBridge.java:180)
02-28 15:02:33.238 16705 17151 W System.err: ... 24 more
02-28 15:02:33.245 16705 16731 D OpenRuntimeJNI: 9da4d72d88667a954d18dca55cb529b7 md5String:mmbox2d
02-28 15:02:33.245 16705 16731 I OpenRuntimeJNI: mmbox2d abi:1 check success
02-28 15:02:33.246 16705 16731 I OpenRuntimeJNI: mp3lame fileLen:145352
02-28 15:02:33.246 16705 16731 D OpenRuntimeJNI: 83d6261e9519b090410c7c7d2307e3fd md5String:mp3lame
02-28 15:02:33.246 16705 16731 I OpenRuntimeJNI: mp3lame abi:1 check success
02-28 15:02:33.247 16705 16731 I OpenRuntimeJNI: wxa_library fileLen:3052510
02-28 15:02:33.257 16891 17290 D Qmsp.Cb : time has not arrived!
02-28 15:02:33.257 16891 17290 D Qmsp.Cb : next time: 20976451
02-28 15:02:33.258 16891 17290 D Qp.QLM : onLoadLocalLibs
02-28 15:02:33.258 16891 17290 D Qp.QLM : addLostUpgradeLibs
02-28 15:02:33.258 16891 17290 D Qp.QLM : QSecSFUReader read, bid = 1
02-28 15:02:33.259 16891 17290 D Qp.QPUpdate: [SFU] invalid sig of config: /data/user/0/com.tencent.qqlive/app_qmsp/.SFU/qp_sfu_config.dat
02-28 15:02:33.260 16891 17290 D Qp.QLM : QSecSFUReader read updateSections count = 0
02-28 15:02:33.260 16891 17290 D Qp.RPT : Rpt: {"arr":[{"rh":{"sc":3,"ai":"00000VAFHI3U915P","di":"cb9431f9be40542c704d3736100019217301","ui":"","bv":"4.1.19","ov":31,"av":"8.3.05.21773","sv":"0.0.2","ti":1677567753224,"pf":1,"md":"0","ud":"","pn":"com.tencent.qqlive","psn":"106409A8F91A970D58BEB2263CE7550F","pse":84128718},"rb":{"log":"2,4"}}]}
02-28 15:02:33.265 16705 16731 D OpenRuntimeJNI: d1903c5f3f8a154f5f2cf2a9d5fc6d22 md5String:wxa_library
02-28 15:02:33.265 16705 16731 I OpenRuntimeJNI: wxa_library abi:1 check success
02-28 15:02:33.292 16705 17286 W Settings: Setting airplane_mode_on has moved from android.provider.Settings.System to android.provider.Settings.Global, returning read-only value.
02-28 15:02:33.330 16705 16937 I CarrierManager: getActiveSubscription()=[ EmptySubscription imsi = 30005012ab642c6512dcb466b398b89cb1be0201b110010218201 ] hash=EmptySubscription@192501775
