03-07 17:03:45.407 813 3438 D audio_hw_primary: start_output_stream: exit
03-07 17:03:45.427 1031 1740 W AudioFlinger: write blocked for 10509 msecs, 33 delayed writes, thread 13
03-07 17:03:45.434 813 3397 D audio_hw_primary: out_set_parameters: enter: usecase(1: low-latency-playback) kvpairs: suspend_playback=true
03-07 17:03:45.434 813 3397 D audio_hw_extn: audio_extn_fm_set_parameters: Enter
03-07 17:03:45.445 813 1807 D audio_hw_primary: out_set_parameters: enter: usecase(1: low-latency-playback) kvpairs: suspend_playback=false
03-07 17:03:45.445 813 1807 D audio_hw_extn: audio_extn_fm_set_parameters: Enter
03-07 17:03:46.327 650 660 I mpu_uart: [MSG-P:RECV]:No message received in 1000 ms
03-07 17:03:46.589 650 659 I mpu_uart: [MSG-P:R]:recv sync frame timeout
03-07 17:03:47.327 650 660 I mpu_uart: [MSG-P:RECV]:No message received in 1000 ms
03-07 17:03:48.328 650 660 I mpu_uart: [MSG-P:RECV]:No message received in 1000 ms
01-02 07:18:22.957 0 0 E DTC_ETH,link_delay_work_func: 3003, SQI=0, link=0
03-07 17:03:49.328 650 660 I mpu_uart: [MSG-P:RECV]:No message received in 1000 ms
03-07 17:03:49.592 650 659 I mpu_uart: [MSG-P:R]:recv sync frame timeout
03-07 17:03:50.329 650 660 I mpu_uart: [MSG-P:RECV]:No message received in 1000 ms
03-07 17:03:51.329 650 660 I mpu_uart: [MSG-P:RECV]:No message received in 1000 ms
03-07 17:03:52.330 650 660 I mpu_uart: [MSG-P:RECV]:No message received in 1000 ms
03-07 17:03:52.596 650 659 I mpu_uart: [MSG-P:R]:recv sync frame timeout
03-07 17:03:53.331 650 660 I mpu_uart: [MSG-P:RECV]:No message received in 1000 ms
01-02 07:18:28.077 0 0 E DTC_ETH,link_delay_work_func: 3003, SQI=0, link=0
03-07 17:03:54.331 650 660 I mpu_uart: [MSG-P:RECV]:No message received in 1000 ms
03-07 17:03:55.081 1002 1172 I am_uid_idle: 99000
03-07 17:03:55.082 1002 1172 I am_uid_idle: 10099
03-07 17:03:55.082 1002 1172 I am_stop_idle_service: [10099,com.tencent.mm/com.tencent.matrix.lifecycle.supervisor.SupervisorService]
03-07 17:03:55.083 1002 1172 W ActivityManager: Stopping service due to app idle: u0a99 -4m6s785ms com.tencent.mm/com.tencent.matrix.lifecycle.supervisor.SupervisorService
03-07 17:03:55.083 1002 1172 I am_stop_idle_service: [10099,com.tencent.mm/.service.ProcessService$MMProcessService]
03-07 17:03:55.083 1002 1172 W ActivityManager: Stopping service due to app idle: u0a99 -4m6s926ms com.tencent.mm/.service.ProcessService$MMProcessService
03-07 17:03:55.101 1002 6668 W ActivityManager: Receiver with filter android.content.IntentFilter@e9eafc6 already registered for pid 5157, callerPackage is com.tencent.mm
03-07 17:03:55.332 650 660 I mpu_uart: [MSG-P:RECV]:No message received in 1000 ms
03-07 17:03:55.549 813 3438 E audio_hw_primary: out_write: error -5, cannot write stream data: I/O error
03-07 17:03:55.549 813 3438 D audio_hw_primary: out_standby: enter: stream (0xec300010) usecase(1: low-latency-playback)
03-07 17:03:55.597 650 659 I mpu_uart: [MSG-P:R]:recv sync frame timeout
01-02 07:18:30.324 0 0 E msm_pcm_playback_close: CMD_EOS failed, cmd_pending 0x8
01-02 07:18:30.338 0 0 I afe_close: port_id = 0x9000
03-07 17:03:55.775 813 3438 D audio_hw_primary: disable_audio_route: reset and update mixer path: low-latency-playback
03-07 17:03:55.776 813 3438 E soundtrigger: audio_extn_sound_trigger_update_stream_status: invalid input device 0x0, for event 2
03-07 17:03:55.777 813 3438 D soundtrigger: audio_extn_sound_trigger_update_stream_status: uc_info->id 1 of type 0 for Event 2, with Raise=0
03-07 17:03:55.777 813 3438 D msm8974_platform: platform_split_snd_device: snd_device(2) num devices(0) new_snd_devices(0)
03-07 17:03:55.777 813 3438 I msm8974_platform: platform_get_custom_mtmx_params: no matching param with id 0 ip_ch 2 op_ch 2 uc_id 1 snd_dev 2
03-07 17:03:55.777 813 3438 D hardware_info: hw_info_append_hw_type : device_name = speaker
03-07 17:03:55.777 813 3438 D audio_hw_primary: disable_snd_device: snd_device(2: speaker)
03-07 17:03:55.777 813 3438 D msm8974_platform: platform_split_snd_device: snd_device(2) num devices(0) new_snd_devices(0)
03-07 17:03:55.777 813 3438 I soundtrigger: audio_extn_sound_trigger_update_device_status: device 0x2 of type 0 for Event 0, with Raise=0
03-07 17:03:55.777 813 3438 D audio_hw_primary: out_standby: exit
03-07 17:03:55.782 813 3438 D audio_hw_primary: start_output_stream: enter: stream(0xec300010)usecase(1: low-latency-playback) devices(0x2) is_haptic_usecase(0)
03-07 17:03:55.782 813 3438 D audio_hw_primary: select_devices for use case (low-latency-playback)
03-07 17:03:55.782 813 3438 I msm8974_platform: platform_check_and_set_codec_backend_cfg:becf: afe: bitwidth 16, samplerate 48000 channels 2, backend_idx 0 usecase = 1 device (speaker)
03-07 17:03:55.783 813 3438 D msm8974_platform: platform_split_snd_device: snd_device(2) num devices(1) new_snd_devices(0)
03-07 17:03:55.783 813 3438 I msm8974_platform: platform_check_and_set_codec_backend_cfg: new_snd_devices[0] is 2
03-07 17:03:55.783 813 3438 I msm8974_platform: platform_check_codec_backend_cfg:becf: afe: bitwidth 16, samplerate 48000 channels 2, backend_idx 0 usecase = 1 device (speaker)
03-07 17:03:55.784 813 3438 D audio_hw_extn: audio_extn_enable_hifi_filter: mixer_value set 0
03-07 17:03:55.784 813 3438 D msm8974_platform: platform_check_codec_backend_cfg:becf: updated afe: bitwidth 16, samplerate 48000 channels 2,backend_idx 0 usecase = 1 device (speaker)
03-07 17:03:55.784 813 3438 D msm8974_platform: platform_check_codec_backend_cfg:becf: afe: playback on codec device not supporting native playback set default Sample Rate(48k)
03-07 17:03:55.784 813 3438 I msm8974_platform: platform_check_codec_backend_cfg:becf: afe: Codec selected backend: 0 updated bit width: 16 and sample rate: 48000
03-07 17:03:55.784 813 3438 D audio_hw_primary: check_usecases_codec_backend:becf: force routing 0
03-07 17:03:55.785 813 3438 E msm8974_platform: platform_check_backends_match: Invalid snd_device =
03-07 17:03:55.785 813 3438 D audio_hw_primary: check_usecases_codec_backend:becf: (78) check_usecases curr device: speaker, usecase device: backends match 0
03-07 17:03:55.785 813 3438 D audio_hw_primary: check_usecases_codec_backend:becf: check_usecases num.of Usecases to switch 0
03-07 17:03:55.785 813 3438 D hardware_info: hw_info_append_hw_type : device_name = speaker
03-07 17:03:55.785 813 3438 D msm8974_platform: platform_split_snd_device: snd_device(2) num devices(0) new_snd_devices(0)
03-07 17:03:55.785 813 3438 D audio_hw_primary: enable_snd_device: snd_device(2: speaker)
03-07 17:03:55.785 813 3438 D msm8974_platform: platform_get_island_cfg_on_device:island cfg status on snd_device = (speaker 0)
03-07 17:03:55.785 813 3438 I soundtrigger: audio_extn_sound_trigger_update_device_status: device 0x2 of type 0 for Event 1, with Raise=0
03-07 17:03:55.785 813 3438 D audio_route: Apply path: speaker
03-07 17:03:55.785 813 3438 I audio_hw_utils: audio_extn_utils_update_stream_output_app_type_cfg Allowing 24 and above bits playback on speaker ONLY at default sampling rate
03-07 17:03:55.785 813 3438 E soundtrigger: audio_extn_sound_trigger_update_stream_status: invalid input device 0x0, for event 3
03-07 17:03:55.785 813 3438 D soundtrigger: audio_extn_sound_trigger_update_stream_status: uc_info->id 1 of type 0 for Event 3, with Raise=0
03-07 17:03:55.785 813 3438 D audio_hw_utils: audio_extn_utils_send_app_type_cfg: usecase->out_snd_device speaker
03-07 17:03:55.785 813 3438 D msm8974_platform: platform_split_snd_device: snd_device(2) num devices(0) new_snd_devices(0)
03-07 17:03:55.786 813 3438 D audio_hw_utils: audio_extn_btsco_get_sample_rate:Not a BT SCO device, need not update sampling rate
03-07 17:03:55.786 813 3438 I audio_hw_utils: send_app_type_cfg_for_device PLAYBACK app_type 69937, acdb_dev_id 15, sample_rate 48000, snd_device_be_idx 179
03-07 17:03:55.786 813 3438 D msm8974_platform: platform_split_snd_device: snd_device(2) num devices(1) new_snd_devices(0)
03-07 17:03:55.786 813 3438 D audio_hw_utils: audio_extn_btsco_get_sample_rate:Not a BT SCO device, need not update sampling rate
03-07 17:03:55.786 813 3438 D ACDB-LOADER: ACDB -> send_audio_cal, acdb_id = 15, path = 0, app id = 0x11131, sample rate = 48000, afe_sample_rate = 48000
03-07 17:03:55.786 813 3438 D ACDB-LOADER: ACDB -> send_asm_topology
03-07 17:03:55.786 813 3438 D ACDB-LOADER: ACDB -> ACDB_CMD_GET_AUDPROC_STREAM_TOPOLOGY_ID
03-07 17:03:55.786 813 3438 D ACDB-LOADER: ACDB -> send_adm_topology
03-07 17:03:55.786 813 3438 D ACDB-LOADER: ACDB -> ACDB_CMD_GET_AUDPROC_COMMON_TOPOLOGY_ID
03-07 17:03:55.787 813 3438 D ACDB-LOADER: ACDB -> send_audtable
03-07 17:03:55.787 813 3438 D ACDB-LOADER: ACDB -> ACDB_CMD_GET_AUDPROC_INSTANCE_COMMON_TABLE_SIZE
03-07 17:03:55.787 813 3438 D ACDB-LOADER: ACDB -> ACDB_CMD_GET_AUDPROC_INSTANCE_COMMON_TABLE
03-07 17:03:55.787 813 3438 D ACDB-LOADER: ACDB -> AUDIO_SET_AUDPROC_CAL cal_type[11] acdb_id[15] app_type[69937]
03-07 17:03:55.787 813 3438 D ACDB-LOADER: ACDB -> send_audvoltable
03-07 17:03:55.787 813 3438 D ACDB-LOADER: ACDB -> ACDB_CMD_GET_AUDPROC_INSTANCE_GAIN_DEP_STEP_TABLE_SIZE
03-07 17:03:55.787 813 3438 D ACDB-LOADER: ACDB -> ACDB_CMD_GET_AUDPROC_INSTANCE_GAIN_DEP_STEP_TABLE, vol index 5
03-07 17:03:55.787 813 3438 D ACDB-LOADER: ACDB -> AUDIO_SET_VOL_CAL cal type = 12
03-07 17:03:55.787 813 3438 D ACDB-LOADER: ACDB -> ACDB_CMD_GET_AUDPROC_INSTANCE_STREAM_TABLE_SIZE
03-07 17:03:55.787 813 3438 D ACDB-LOADER: ACDB -> send_audstrmtable
03-07 17:03:55.787 813 3438 D ACDB-LOADER: ACDB -> ACDB_CMD_GET_AUDPROC_INSTANCE_STREAM_TABLE
03-07 17:03:55.787 813 3438 D ACDB-LOADER: ACDB -> audstrm_cal->cal_type.cal_data.cal_size = 20
03-07 17:03:55.787 813 3438 D ACDB-LOADER: ACDB -> send_afe_topology
03-07 17:03:55.787 813 3438 D ACDB-LOADER: ACDB -> ACDB_CMD_GET_AFE_TOPOLOGY_ID
03-07 17:03:55.787 813 3438 D ACDB-LOADER: ACDB -> GET_AFE_TOPOLOGY_ID for adcd_id 15, Topology Id 112fc
03-07 17:03:55.787 813 3438 D ACDB-LOADER: ACDB -> send_afe_cal
03-07 17:03:55.787 813 3438 D ACDB-LOADER: ACDB -> ACDB_CMD_GET_AFE_INSTANCE_COMMON_TABLE_SIZE
03-07 17:03:55.788 813 3438 D android.hardware.audio.service: Failed to fetch the lookup information of the device 0000000F
03-07 17:03:55.788 813 3438 D ACDB-LOADER: Error: ACDB_CMD_GET_AFE_INSTANCE_COMMON_TABLE_SIZE Returned = -19
03-07 17:03:55.788 813 3438 D ACDB-LOADER: ACDB -> ACDB_CMD_GET_AFE_INSTANCE_COMMON_TABLE
03-07 17:03:55.788 813 3438 D android.hardware.audio.service: Failed to fetch the lookup information of the device 0000000F
03-07 17:03:55.788 813 3438 D ACDB-LOADER: Error: ACDB AFE returned = -19
03-07 17:03:55.788 813 3438 D ACDB-LOADER: ACDB -> AUDIO_SET_AFE_CAL cal_type[16] acdb_id[15]
03-07 17:03:55.788 813 3438 D ACDB-LOADER: ACDB -> send_hw_delay : acdb_id = 15 path = 0
03-07 17:03:55.788 813 3438 D ACDB-LOADER: ACDB -> ACDB_AVSYNC_INFO: ACDB_CMD_GET_DEVICE_PROPERTY
03-07 17:03:55.788 813 3438 D msm8974_platform: platform_split_snd_device: snd_device(2) num devices(0) new_snd_devices(0)
03-07 17:03:55.788 813 3438 I msm8974_platform: platform_get_custom_mtmx_params: no matching param with id 0 ip_ch 2 op_ch 2 uc_id 1 snd_dev 2
03-07 17:03:55.788 813 3438 D audio_hw_primary: enable_audio_route: apply mixer and update path: low-latency-playback
03-07 17:03:55.788 813 3438 D audio_route: Apply path: low-latency-playback
03-07 17:03:55.789 813 3438 D audio_hw_primary: select_devices: done
01-02 07:18:30.370 0 0 I afe_find_cal_topo_id_by_port: port id: 0x9000, dev_acdb_id: 0
01-02 07:18:30.377 0 0 I afe_find_cal_topo_id_by_port: top_id:112fc acdb_id:15 afe_port:0x9000
01-02 07:18:30.385 0 0 I afe_get_cal_topology_id: port_id = 0x9000 acdb_id = 15 topology_id = 0x112fc cal_type_index=8 ret=0
01-02 07:18:30.395 0 0 I afe_send_port_topology_id: AFE set topology id 0x112fc enable for port 0x9000 ret 0
01-02 07:18:30.405 0 0 I send_afe_cal_type: cal_index is 0
01-02 07:18:30.409 0 0 I send_afe_cal_type: dev_acdb_id[55] is 0
01-02 07:18:30.414 0 0 I send_afe_cal_type: Sending cal_index cal 0
01-02 07:18:30.420 0 0 E send_afe_cal_type: No cal sent for cal_index 0, port_id = 0x9000! ret -22
01-02 07:18:30.428 0 0 I afe_send_hw_delay: port_id 0x9000 rate 48000 delay_usec 474 status 0
03-07 17:03:55.890 813 3438 D msm8974_platform: platform_set_channel_map mixer_ctl_name:Playback Channel Map9
03-07 17:03:55.891 813 3438 D msm8974_platform: platform_set_channel_map: set mapping(1 2 0 0 0 0 0 0) for channel:2
03-07 17:03:55.893 813 3438 D audio_hw_primary: start_output_stream: exit
03-07 17:03:56.332 650 660 I mpu_uart: [MSG-P:RECV]:No message received in 1000 ms
03-07 17:03:57.332 650 660 I mpu_uart: [MSG-P:RECV]:No message received in 1000 ms
03-07 17:03:58.333 650 660 I mpu_uart: [MSG-P:RECV]:No message received in 1000 ms
03-07 17:03:58.600 650 659 I mpu_uart: [MSG-P:R]:recv sync frame timeout
01-02 07:18:33.197 0 0 E DTC_ETH,link_delay_work_func: 3003, SQI=0, link=0
03-07 17:03:59.333 650 660 I mpu_uart: [MSG-P:RECV]:No message received in 1000 ms
03-07 17:04:00.010 1983 1983 D KeyguardUpdateMonitor: received broadcast android.intent.action.TIME_TICK
03-07 17:04:00.011 1983 1983 D KeyguardUpdateMonitor: handleTimeUpdate
03-07 17:04:00.068 1983 2766 I OpenGLRenderer: Davey! duration=9223371113368ms; Flags=0, FrameTimelineVsyncId=30688, IntendedVsync=923486333392, Vsync=923486333392, InputEventId=0, HandleInputStart=923486970113, AnimationStart=923486974123, PerformTraversalsStart=923486975842, DrawStart=923494022977, FrameDeadline=923524333390, FrameInterval=923486960634, FrameStartTime=16666666, SyncQueued=923495114488, SyncStart=923495291363, IssueDrawCommandsStart=923496536415, SwapBuffers=923503200269, FrameCompleted=9223372036854775807, DequeueBufferDuration=43125, QueueBufferDuration=1649844, GpuCompleted=9223372036854775807, SwapBuffersCompleted=923506430321, DisplayPresentTime=874476931017,
03-07 17:04:00.084 1324 8405 I OMX-VENC: venc_dev: stats: avg. fps 0.04, bitrate 1279
03-07 17:04:00.334 650 660 I mpu_uart: [MSG-P:RECV]:No message received in 1000 ms
03-07 17:04:01.116 1324 8405 I OMX-VENC: venc_dev: stats: avg. fps 10.66, bitrate 312708
03-07 17:04:01.334 650 660 I mpu_uart: [MSG-P:RECV]:No message received in 1000 ms
03-07 17:04:01.461 674 1962 I netd : setProcSysNet(4, 2, wlan0, retrans_time_ms, 750) <0.73ms>
03-07 17:04:01.463 674 1962 I netd : setProcSysNet(4, 2, wlan0, ucast_solicit, 10) <0.60ms>
03-07 17:04:01.466 674 1962 I netd : setProcSysNet(6, 2, wlan0, retrans_time_ms, 750) <0.80ms>
03-07 17:04:01.468 674 1962 I netd : setProcSysNet(6, 2, wlan0, ucast_solicit, 10) <0.60ms>
03-07 17:04:01.604 650 659 I mpu_uart: [MSG-P:R]:recv sync frame timeout
03-07 17:04:01.863 1002 1172 I am_uid_idle: 10085
03-07 17:04:02.335 650 660 I mpu_uart: [MSG-P:RECV]:No message received in 1000 ms
01-02 07:18:37.200 0 0 I msm_vidc: err : ffffffff: .....: DBLP Set: status 0
03-07 17:04:03.019 1002 1172 I am_uid_idle: 10063
03-07 17:04:03.335 650 660 I mpu_uart: [MSG-P:RECV]:No message received in 1000 ms
01-02 07:18:38.317 0 0 E DTC_ETH,link_delay_work_func: 3003, SQI=0, link=0
03-07 17:04:03.861 1002 1204 V DisplayPowerController[0]: Brightness [0.05] reason changing to: 'manual [ dim ]', previous reason: 'manual'.
03-07 17:04:03.861 1002 1204 I sysui_multi_action: [757,1696,758,6,759,2]
03-07 17:04:03.862 1002 1204 W PowerManagerService: Screen on took 116673 ms
03-07 17:04:03.869 1002 1915 E DisplayDeviceConfig: requesting nits when no mapping exists.
03-07 17:04:03.871 1002 1915 E DisplayDeviceConfig: requesting nits when no mapping exists.
03-07 17:04:03.871 1002 1172 I am_wtf : [0,1002,system_server,-1,DisplayDeviceConfig,requesting nits when no mapping exists.]
03-07 17:04:03.875 1002 1172 I DropBoxManagerService: add tag=system_server_wtf isTagEnabled=true flags=0x2
03-07 17:04:03.880 1002 1172 I am_wtf : [0,1002,system_server,-1,DisplayDeviceConfig,requesting nits when no mapping exists.]
03-07 17:04:03.882 1002 1172 I DropBoxManagerService: add tag=system_server_wtf isTagEnabled=true flags=0x2
03-07 17:04:03.885 1002 1915 E DisplayDeviceConfig: requesting nits when no mapping exists.
03-07 17:04:03.885 1002 1915 E DisplayDeviceConfig: requesting nits when no mapping exists.
03-07 17:04:03.886 1002 1172 I am_wtf : [0,1002,system_server,-1,DisplayDeviceConfig,requesting nits when no mapping exists.]
03-07 17:04:03.887 1002 1172 I DropBoxManagerService: add tag=system_server_wtf isTagEnabled=true flags=0x2
03-07 17:04:03.890 1002 1172 I am_wtf : [0,1002,system_server,-1,DisplayDeviceConfig,requesting nits when no mapping exists.]
03-07 17:04:03.892 1002 1172 I DropBoxManagerService: add tag=system_server_wtf isTagEnabled=true flags=0x2
03-07 17:04:03.894 1002 1915 E DisplayDeviceConfig: requesting nits when no mapping exists.
03-07 17:04:03.894 1002 1172 I am_wtf : [0,1002,system_server,-1,DisplayDeviceConfig,requesting nits when no mapping exists.]
03-07 17:04:03.894 1002 1915 E DisplayDeviceConfig: requesting nits when no mapping exists.
03-07 17:04:03.896 1002 1172 I DropBoxManagerService: add tag=system_server_wtf isTagEnabled=true flags=0x2
03-07 17:04:03.898 1002 1172 I am_wtf : [0,1002,system_server,-1,DisplayDeviceConfig,requesting nits when no mapping exists.]
03-07 17:04:03.910 1002 1915 E DisplayDeviceConfig: requesting nits when no mapping exists.
03-07 17:04:03.910 1002 1915 E DisplayDeviceConfig: requesting nits when no mapping exists.
03-07 17:04:03.910 1002 1172 I am_wtf : [0,1002,system_server,-1,DisplayDeviceConfig,requesting nits when no mapping exists.]
03-07 17:04:03.912 1002 1172 I am_wtf : [0,1002,system_server,-1,DisplayDeviceConfig,requesting nits when no mapping exists.]
03-07 17:04:03.927 1002 1915 E DisplayDeviceConfig: requesting nits when no mapping exists.
03-07 17:04:03.927 1002 1915 E DisplayDeviceConfig: requesting nits when no mapping exists.
03-07 17:04:03.927 1002 1172 I am_wtf : [0,1002,system_server,-1,DisplayDeviceConfig,requesting nits when no mapping exists.]
03-07 17:04:03.929 1002 1172 I am_wtf : [0,1002,system_server,-1,DisplayDeviceConfig,requesting nits when no mapping exists.]
03-07 17:04:03.943 1002 1915 E DisplayDeviceConfig: requesting nits when no mapping exists.
03-07 17:04:03.944 1002 1915 E DisplayDeviceConfig: requesting nits when no mapping exists.
03-07 17:04:03.944 1002 1172 I am_wtf : [0,1002,system_server,-1,DisplayDeviceConfig,requesting nits when no mapping exists.]
03-07 17:04:03.946 1002 1172 I am_wtf : [0,1002,system_server,-1,DisplayDeviceConfig,requesting nits when no mapping exists.]
03-07 17:04:03.960 1002 1915 E DisplayDeviceConfig: requesting nits when no mapping exists.
03-07 17:04:03.961 1002 1915 E DisplayDeviceConfig: requesting nits when no mapping exists.
03-07 17:04:03.961 1002 1172 I am_wtf : [0,1002,system_server,-1,DisplayDeviceConfig,requesting nits when no mapping exists.]
03-07 17:04:03.962 1002 1172 I am_wtf : [0,1002,system_server,-1,DisplayDeviceConfig,requesting nits when no mapping exists.]
03-07 17:04:03.978 1002 1915 E DisplayDeviceConfig: requesting nits when no mapping exists.
03-07 17:04:03.978 1002 1915 E DisplayDeviceConfig: requesting nits when no mapping exists.
03-07 17:04:03.978 1002 1172 I am_wtf : [0,1002,system_server,-1,DisplayDeviceConfig,requesting nits when no mapping exists.]
03-07 17:04:03.979 1002 1172 I am_wtf : [0,1002,system_server,-1,DisplayDeviceConfig,requesting nits when no mapping exists.]
03-07 17:04:03.994 1002 1915 E DisplayDeviceConfig: requesting nits when no mapping exists.
03-07 17:04:03.994 1002 1915 E DisplayDeviceConfig: requesting nits when no mapping exists.
03-07 17:04:03.994 1002 1172 I am_wtf : [0,1002,system_server,-1,DisplayDeviceConfig,requesting nits when no mapping exists.]
03-07 17:04:03.995 1002 1172 I am_wtf : [0,1002,system_server,-1,DisplayDeviceConfig,requesting nits when no mapping exists.]
03-07 17:04:04.011 1002 1915 E DisplayDeviceConfig: requesting nits when no mapping exists.
03-07 17:04:04.011 1002 1172 I am_wtf : [0,1002,system_server,-1,DisplayDeviceConfig,requesting nits when no mapping exists.]
03-07 17:04:04.012 1002 1915 E DisplayDeviceConfig: requesting nits when no mapping exists.
03-07 17:04:04.012 1002 1172 I am_wtf : [0,1002,system_server,-1,DisplayDeviceConfig,requesting nits when no mapping exists.]
03-07 17:04:04.027 1002 1915 E DisplayDeviceConfig: requesting nits when no mapping exists.
03-07 17:04:04.028 1002 1915 E DisplayDeviceConfig: requesting nits when no mapping exists.
03-07 17:04:04.028 1002 1172 I am_wtf : [0,1002,system_server,-1,DisplayDeviceConfig,requesting nits when no mapping exists.]
03-07 17:04:04.029 1002 1172 I am_wtf : [0,1002,system_server,-1,DisplayDeviceConfig,requesting nits when no mapping exists.]
03-07 17:04:04.044 1002 1915 E DisplayDeviceConfig: requesting nits when no mapping exists.
03-07 17:04:04.045 1002 1172 I am_wtf : [0,1002,system_server,-1,DisplayDeviceConfig,requesting nits when no mapping exists.]
03-07 17:04:04.044 1002 1915 E DisplayDeviceConfig: requesting nits when no mapping exists.
03-07 17:04:04.046 1002 1172 I am_wtf : [0,1002,system_server,-1,DisplayDeviceConfig,requesting nits when no mapping exists.]
03-07 17:04:04.061 1002 1915 E DisplayDeviceConfig: requesting nits when no mapping exists.
03-07 17:04:04.061 1002 1915 E DisplayDeviceConfig: requesting nits when no mapping exists.
03-07 17:04:04.062 1002 1172 I am_wtf : [0,1002,system_server,-1,DisplayDeviceConfig,requesting nits when no mapping exists.]
03-07 17:04:04.063 1002 1172 I am_wtf : [0,1002,system_server,-1,DisplayDeviceConfig,requesting nits when no mapping exists.]
03-07 17:04:04.077 1002 1915 E DisplayDeviceConfig: requesting nits when no mapping exists.
03-07 17:04:04.078 1002 1915 E DisplayDeviceConfig: requesting nits when no mapping exists.
03-07 17:04:04.078 1002 1172 I am_wtf : [0,1002,system_server,-1,DisplayDeviceConfig,requesting nits when no mapping exists.]
03-07 17:04:04.079 1002 1172 I am_wtf : [0,1002,system_server,-1,DisplayDeviceConfig,requesting nits when no mapping exists.]
03-07 17:04:04.094 1002 1915 E DisplayDeviceConfig: requesting nits when no mapping exists.
03-07 17:04:04.095 1002 1915 E DisplayDeviceConfig: requesting nits when no mapping exists.
03-07 17:04:04.095 1002 1172 I am_wtf : [0,1002,system_server,-1,DisplayDeviceConfig,requesting nits when no mapping exists.]
03-07 17:04:04.097 1002 1172 I am_wtf : [0,1002,system_server,-1,DisplayDeviceConfig,requesting nits when no mapping exists.]
03-07 17:04:04.111 1002 1915 E DisplayDeviceConfig: requesting nits when no mapping exists.
03-07 17:04:04.112 1002 1915 E DisplayDeviceConfig: requesting nits when no mapping exists.
03-07 17:04:04.112 1002 1172 I am_wtf : [0,1002,system_server,-1,DisplayDeviceConfig,requesting nits when no mapping exists.]
03-07 17:04:04.113 1002 1172 I service_manager_stats: [100,114,65065]
03-07 17:04:04.113 1002 1172 I am_wtf : [0,1002,system_server,-1,DisplayDeviceConfig,requesting nits when no mapping exists.]
03-07 17:04:04.128 1002 1915 E DisplayDeviceConfig: requesting nits when no mapping exists.
03-07 17:04:04.128 1002 1915 E DisplayDeviceConfig: requesting nits when no mapping exists.
03-07 17:04:04.128 1002 1172 I am_wtf : [0,1002,system_server,-1,DisplayDeviceConfig,requesting nits when no mapping exists.]
03-07 17:04:04.130 1002 1172 I am_wtf : [0,1002,system_server,-1,DisplayDeviceConfig,requesting nits when no mapping exists.]
03-07 17:04:04.145 1002 1915 E DisplayDeviceConfig: requesting nits when no mapping exists.
03-07 17:04:04.145 1002 1915 E DisplayDeviceConfig: requesting nits when no mapping exists.
03-07 17:04:04.146 1002 1172 I am_wtf : [0,1002,system_server,-1,DisplayDeviceConfig,requesting nits when no mapping exists.]
03-07 17:04:04.147 1002 1172 I am_wtf : [0,1002,system_server,-1,DisplayDeviceConfig,requesting nits when no mapping exists.]
03-07 17:04:04.161 1002 1915 E DisplayDeviceConfig: requesting nits when no mapping exists.
03-07 17:04:04.162 1002 1915 E DisplayDeviceConfig: requesting nits when no mapping exists.
03-07 17:04:04.162 1002 1172 I am_wtf : [0,1002,system_server,-1,DisplayDeviceConfig,requesting nits when no mapping exists.]
03-07 17:04:04.163 1002 1172 I am_wtf : [0,1002,system_server,-1,DisplayDeviceConfig,requesting nits when no mapping exists.]
03-07 17:04:04.178 1002 1915 E DisplayDeviceConfig: requesting nits when no mapping exists.
03-07 17:04:04.179 1002 1915 E DisplayDeviceConfig: requesting nits when no mapping exists.
03-07 17:04:04.179 1002 1172 I am_wtf : [0,1002,system_server,-1,DisplayDeviceConfig,requesting nits when no mapping exists.]
03-07 17:04:04.180 1002 1172 I am_wtf : [0,1002,system_server,-1,DisplayDeviceConfig,requesting nits when no mapping exists.]
03-07 17:04:04.195 1002 1915 E DisplayDeviceConfig: requesting nits when no mapping exists.
03-07 17:04:04.195 1002 1915 E DisplayDeviceConfig: requesting nits when no mapping exists.
03-07 17:04:04.195 1002 1172 I am_wtf : [0,1002,system_server,-1,DisplayDeviceConfig,requesting nits when no mapping exists.]
03-07 17:04:04.197 1002 1172 I am_wtf : [0,1002,system_server,-1,DisplayDeviceConfig,requesting nits when no mapping exists.]
03-07 17:04:04.211 1002 1915 E DisplayDeviceConfig: requesting nits when no mapping exists.
03-07 17:04:04.212 1002 1915 E DisplayDeviceConfig: requesting nits when no mapping exists.
03-07 17:04:04.212 1002 1172 I am_wtf : [0,1002,system_server,-1,DisplayDeviceConfig,requesting nits when no mapping exists.]
03-07 17:04:04.213 1002 1172 I am_wtf : [0,1002,system_server,-1,DisplayDeviceConfig,requesting nits when no mapping exists.]
03-07 17:04:04.228 1002 1915 E DisplayDeviceConfig: requesting nits when no mapping exists.
03-07 17:04:04.228 1002 1915 E DisplayDeviceConfig: requesting nits when no mapping exists.
03-07 17:04:04.229 1002 1172 I am_wtf : [0,1002,system_server,-1,DisplayDeviceConfig,requesting nits when no mapping exists.]
03-07 17:04:04.230 1002 1172 I am_wtf : [0,1002,system_server,-1,DisplayDeviceConfig,requesting nits when no mapping exists.]
03-07 17:04:04.244 1002 1915 E DisplayDeviceConfig: requesting nits when no mapping exists.
03-07 17:04:04.245 1002 1915 E DisplayDeviceConfig: requesting nits when no mapping exists.
03-07 17:04:04.245 1002 1172 I am_wtf : [0,1002,system_server,-1,DisplayDeviceConfig,requesting nits when no mapping exists.]
03-07 17:04:04.247 1002 1172 I am_wtf : [0,1002,system_server,-1,DisplayDeviceConfig,requesting nits when no mapping exists.]
03-07 17:04:04.261 1002 1915 E DisplayDeviceConfig: requesting nits when no mapping exists.
03-07 17:04:04.262 1002 1915 E DisplayDeviceConfig: requesting nits when no mapping exists.
03-07 17:04:04.262 1002 1172 I am_wtf : [0,1002,system_server,-1,DisplayDeviceConfig,requesting nits when no mapping exists.]
03-07 17:04:04.263 1002 1172 I am_wtf : [0,1002,system_server,-1,DisplayDeviceConfig,requesting nits when no mapping exists.]
03-07 17:04:04.278 1002 1915 E DisplayDeviceConfig: requesting nits when no mapping exists.
03-07 17:04:04.278 1002 1915 E DisplayDeviceConfig: requesting nits when no mapping exists.
03-07 17:04:04.279 1002 1172 I am_wtf : [0,1002,system_server,-1,DisplayDeviceConfig,requesting nits when no mapping exists.]
03-07 17:04:04.280 1002 1172 I am_wtf : [0,1002,system_server,-1,DisplayDeviceConfig,requesting nits when no mapping exists.]
03-07 17:04:04.294 1002 1915 E DisplayDeviceConfig: requesting nits when no mapping exists.
03-07 17:04:04.295 1002 1915 E DisplayDeviceConfig: requesting nits when no mapping exists.
03-07 17:04:04.295 1002 1172 I am_wtf : [0,1002,system_server,-1,DisplayDeviceConfig,requesting nits when no mapping exists.]
03-07 17:04:04.297 1002 1172 I am_wtf : [0,1002,system_server,-1,DisplayDeviceConfig,requesting nits when no mapping exists.]
03-07 17:04:04.311 1002 1915 E DisplayDeviceConfig: requesting nits when no mapping exists.
03-07 17:04:04.312 1002 1915 E DisplayDeviceConfig: requesting nits when no mapping exists.
03-07 17:04:04.312 1002 1172 I am_wtf : [0,1002,system_server,-1,DisplayDeviceConfig,requesting nits when no mapping exists.]
03-07 17:04:04.313 1002 1172 I am_wtf : [0,1002,system_server,-1,DisplayDeviceConfig,requesting nits when no mapping exists.]
03-07 17:04:04.328 1002 1915 E DisplayDeviceConfig: requesting nits when no mapping exists.
03-07 17:04:04.328 1002 1915 E DisplayDeviceConfig: requesting nits when no mapping exists.
03-07 17:04:04.328 1002 1172 I am_wtf : [0,1002,system_server,-1,DisplayDeviceConfig,requesting nits when no mapping exists.]
03-07 17:04:04.330 1002 1172 I am_wtf : [0,1002,system_server,-1,DisplayDeviceConfig,requesting nits when no mapping exists.]
03-07 17:04:04.336 650 660 I mpu_uart: [MSG-P:RECV]:No message received in 1000 ms
03-07 17:04:04.345 1002 1915 E DisplayDeviceConfig: requesting nits when no mapping exists.
03-07 17:04:04.345 1002 1915 E DisplayDeviceConfig: requesting nits when no mapping exists.
03-07 17:04:04.345 1002 1172 I am_wtf : [0,1002,system_server,-1,DisplayDeviceConfig,requesting nits when no mapping exists.]
03-07 17:04:04.347 1002 1172 I am_wtf : [0,1002,system_server,-1,DisplayDeviceConfig,requesting nits when no mapping exists.]
03-07 17:04:04.362 1002 1915 E DisplayDeviceConfig: requesting nits when no mapping exists.
03-07 17:04:04.362 1002 1915 E DisplayDeviceConfig: requesting nits when no mapping exists.
03-07 17:04:04.362 1002 1172 I am_wtf : [0,1002,system_server,-1,DisplayDeviceConfig,requesting nits when no mapping exists.]
03-07 17:04:04.363 1002 1172 I am_wtf : [0,1002,system_server,-1,DisplayDeviceConfig,requesting nits when no mapping exists.]
03-07 17:04:04.378 1002 1915 E DisplayDeviceConfig: requesting nits when no mapping exists.
03-07 17:04:04.379 1002 1915 E DisplayDeviceConfig: requesting nits when no mapping exists.
03-07 17:04:04.379 1002 1172 I am_wtf : [0,1002,system_server,-1,DisplayDeviceConfig,requesting nits when no mapping exists.]
03-07 17:04:04.380 1002 1172 I am_wtf : [0,1002,system_server,-1,DisplayDeviceConfig,requesting nits when no mapping exists.]
03-07 17:04:04.395 1002 1915 E DisplayDeviceConfig: requesting nits when no mapping exists.
03-07 17:04:04.395 1002 1915 E DisplayDeviceConfig: requesting nits when no mapping exists.
03-07 17:04:04.396 1002 1172 I am_wtf : [0,1002,system_server,-1,DisplayDeviceConfig,requesting nits when no mapping exists.]
03-07 17:04:04.397 1002 1172 I am_wtf : [0,1002,system_server,-1,DisplayDeviceConfig,requesting nits when no mapping exists.]
03-07 17:04:04.411 1002 1915 E DisplayDeviceConfig: requesting nits when no mapping exists.
03-07 17:04:04.412 1002 1915 E DisplayDeviceConfig: requesting nits when no mapping exists.
03-07 17:04:04.412 1002 1172 I am_wtf : [0,1002,system_server,-1,DisplayDeviceConfig,requesting nits when no mapping exists.]
03-07 17:04:04.413 1002 1172 I am_wtf : [0,1002,system_server,-1,DisplayDeviceConfig,requesting nits when no mapping exists.]
03-07 17:04:04.428 1002 1915 E DisplayDeviceConfig: requesting nits when no mapping exists.
03-07 17:04:04.429 1002 1172 I am_wtf : [0,1002,system_server,-1,DisplayDeviceConfig,requesting nits when no mapping exists.]
03-07 17:04:04.429 1002 1915 E DisplayDeviceConfig: requesting nits when no mapping exists.
03-07 17:04:04.430 1002 1172 I am_wtf : [0,1002,system_server,-1,DisplayDeviceConfig,requesting nits when no mapping exists.]
03-07 17:04:04.445 1002 1915 E DisplayDeviceConfig: requesting nits when no mapping exists.
03-07 17:04:04.445 1002 1915 E DisplayDeviceConfig: requesting nits when no mapping exists.
03-07 17:04:04.445 1002 1172 I am_wtf : [0,1002,system_server,-1,DisplayDeviceConfig,requesting nits when no mapping exists.]
03-07 17:04:04.446 1002 1172 I am_wtf : [0,1002,system_server,-1,DisplayDeviceConfig,requesting nits when no mapping exists.]
03-07 17:04:04.462 1002 1915 E DisplayDeviceConfig: requesting nits when no mapping exists.
03-07 17:04:04.462 1002 1915 E DisplayDeviceConfig: requesting nits when no mapping exists.
03-07 17:04:04.462 1002 1172 I am_wtf : [0,1002,system_server,-1,DisplayDeviceConfig,requesting nits when no mapping exists.]
03-07 17:04:04.463 1002 1172 I am_wtf : [0,1002,system_server,-1,DisplayDeviceConfig,requesting nits when no mapping exists.]
03-07 17:04:04.478 1002 1915 E DisplayDeviceConfig: requesting nits when no mapping exists.
03-07 17:04:04.479 1002 1915 E DisplayDeviceConfig: requesting nits when no mapping exists.
03-07 17:04:04.479 1002 1172 I am_wtf : [0,1002,system_server,-1,DisplayDeviceConfig,requesting nits when no mapping exists.]
03-07 17:04:04.480 1002 1172 I am_wtf : [0,1002,system_server,-1,DisplayDeviceConfig,requesting nits when no mapping exists.]
03-07 17:04:04.495 1002 1915 E DisplayDeviceConfig: requesting nits when no mapping exists.
03-07 17:04:04.495 1002 1915 E DisplayDeviceConfig: requesting nits when no mapping exists.
03-07 17:04:04.495 1002 1172 I am_wtf : [0,1002,system_server,-1,DisplayDeviceConfig,requesting nits when no mapping exists.]
03-07 17:04:04.497 1002 1172 I am_wtf : [0,1002,system_server,-1,DisplayDeviceConfig,requesting nits when no mapping exists.]
03-07 17:04:04.512 1002 1915 E DisplayDeviceConfig: requesting nits when no mapping exists.
03-07 17:04:04.512 1002 1915 E DisplayDeviceConfig: requesting nits when no mapping exists.
03-07 17:04:04.512 1002 1172 I am_wtf : [0,1002,system_server,-1,DisplayDeviceConfig,requesting nits when no mapping exists.]
03-07 17:04:04.513 1002 1172 I am_wtf : [0,1002,system_server,-1,DisplayDeviceConfig,requesting nits when no mapping exists.]
03-07 17:04:04.529 1002 1915 E DisplayDeviceConfig: requesting nits when no mapping exists.
03-07 17:04:04.529 1002 1915 E DisplayDeviceConfig: requesting nits when no mapping exists.
03-07 17:04:04.529 1002 1172 I am_wtf : [0,1002,system_server,-1,DisplayDeviceConfig,requesting nits when no mapping exists.]
03-07 17:04:04.531 1002 1172 I am_wtf : [0,1002,system_server,-1,DisplayDeviceConfig,requesting nits when no mapping exists.]
03-07 17:04:04.546 1002 1915 E DisplayDeviceConfig: requesting nits when no mapping exists.
03-07 17:04:04.546 1002 1915 E DisplayDeviceConfig: requesting nits when no mapping exists.
03-07 17:04:04.547 1002 1172 I am_wtf : [0,1002,system_server,-1,DisplayDeviceConfig,requesting nits when no mapping exists.]
03-07 17:04:04.548 1002 1172 I am_wtf : [0,1002,system_server,-1,DisplayDeviceConfig,requesting nits when no mapping exists.]
03-07 17:04:04.562 1002 1915 E DisplayDeviceConfig: requesting nits when no mapping exists.
03-07 17:04:04.562 1002 1915 E DisplayDeviceConfig: requesting nits when no mapping exists.
03-07 17:04:04.562 1002 1172 I am_wtf : [0,1002,system_server,-1,DisplayDeviceConfig,requesting nits when no mapping exists.]
03-07 17:04:04.564 1002 1172 I am_wtf : [0,1002,system_server,-1,DisplayDeviceConfig,requesting nits when no mapping exists.]
03-07 17:04:04.578 1002 1915 E DisplayDeviceConfig: requesting nits when no mapping exists.
03-07 17:04:04.579 1002 1915 E DisplayDeviceConfig: requesting nits when no mapping exists.
03-07 17:04:04.579 1002 1172 I am_wtf : [0,1002,system_server,-1,DisplayDeviceConfig,requesting nits when no mapping exists.]
03-07 17:04:04.580 1002 1172 I am_wtf : [0,1002,system_server,-1,DisplayDeviceConfig,requesting nits when no mapping exists.]
03-07 17:04:04.595 1002 1915 E DisplayDeviceConfig: requesting nits when no mapping exists.
03-07 17:04:04.596 1002 1915 E DisplayDeviceConfig: requesting nits when no mapping exists.
03-07 17:04:04.596 1002 1172 I am_wtf : [0,1002,system_server,-1,DisplayDeviceConfig,requesting nits when no mapping exists.]
03-07 17:04:04.597 1002 1172 I am_wtf : [0,1002,system_server,-1,DisplayDeviceConfig,requesting nits when no mapping exists.]
03-07 17:04:04.605 650 659 I mpu_uart: [MSG-P:R]:recv sync frame timeout
03-07 17:04:04.612 1002 1915 E DisplayDeviceConfig: requesting nits when no mapping exists.
03-07 17:04:04.613 1002 1915 E DisplayDeviceConfig: requesting nits when no mapping exists.
03-07 17:04:04.613 1002 1172 I am_wtf : [0,1002,system_server,-1,DisplayDeviceConfig,requesting nits when no mapping exists.]
03-07 17:04:04.614 1002 1172 I am_wtf : [0,1002,system_server,-1,DisplayDeviceConfig,requesting nits when no mapping exists.]
03-07 17:04:04.629 1002 1915 E DisplayDeviceConfig: requesting nits when no mapping exists.
03-07 17:04:04.630 1002 1915 E DisplayDeviceConfig: requesting nits when no mapping exists.
03-07 17:04:04.631 1002 1172 I am_wtf : [0,1002,system_server,-1,DisplayDeviceConfig,requesting nits when no mapping exists.]
03-07 17:04:04.635 1002 1172 I am_wtf : [0,1002,system_server,-1,DisplayDeviceConfig,requesting nits when no mapping exists.]
03-07 17:04:04.646 1002 1915 E DisplayDeviceConfig: requesting nits when no mapping exists.
03-07 17:04:04.646 1002 1915 E DisplayDeviceConfig: requesting nits when no mapping exists.
03-07 17:04:04.647 1002 1172 I am_wtf : [0,1002,system_server,-1,DisplayDeviceConfig,requesting nits when no mapping exists.]
03-07 17:04:04.648 1002 1172 I am_wtf : [0,1002,system_server,-1,DisplayDeviceConfig,requesting nits when no mapping exists.]
03-07 17:04:04.662 1002 1915 E DisplayDeviceConfig: requesting nits when no mapping exists.
03-07 17:04:04.663 1002 1915 E DisplayDeviceConfig: requesting nits when no mapping exists.
03-07 17:04:04.663 1002 1172 I am_wtf : [0,1002,system_server,-1,DisplayDeviceConfig,requesting nits when no mapping exists.]
03-07 17:04:04.664 1002 1172 I am_wtf : [0,1002,system_server,-1,DisplayDeviceConfig,requesting nits when no mapping exists.]
03-07 17:04:04.679 1002 1915 E DisplayDeviceConfig: requesting nits when no mapping exists.
03-07 17:04:04.679 1002 1915 E DisplayDeviceConfig: requesting nits when no mapping exists.
03-07 17:04:04.680 1002 1172 I am_wtf : [0,1002,system_server,-1,DisplayDeviceConfig,requesting nits when no mapping exists.]
03-07 17:04:04.682 1002 1172 I am_wtf : [0,1002,system_server,-1,DisplayDeviceConfig,requesting nits when no mapping exists.]
03-07 17:04:04.695 1002 1915 E DisplayDeviceConfig: requesting nits when no mapping exists.
03-07 17:04:04.696 1002 1172 I am_wtf : [0,1002,system_server,-1,DisplayDeviceConfig,requesting nits when no mapping exists.]
03-07 17:04:04.696 1002 1915 E DisplayDeviceConfig: requesting nits when no mapping exists.
03-07 17:04:04.697 1002 1172 I am_wtf : [0,1002,system_server,-1,DisplayDeviceConfig,requesting nits when no mapping exists.]
03-07 17:04:04.712 1002 1915 E DisplayDeviceConfig: requesting nits when no mapping exists.
03-07 17:04:04.712 1002 1915 E DisplayDeviceConfig: requesting nits when no mapping exists.
03-07 17:04:04.713 1002 1172 I am_wtf : [0,1002,system_server,-1,DisplayDeviceConfig,requesting nits when no mapping exists.]
03-07 17:04:04.714 1002 1172 I am_wtf : [0,1002,system_server,-1,DisplayDeviceConfig,requesting nits when no mapping exists.]
03-07 17:04:04.729 1002 1915 E DisplayDeviceConfig: requesting nits when no mapping exists.
03-07 17:04:04.730 1002 1915 E DisplayDeviceConfig: requesting nits when no mapping exists.
03-07 17:04:04.730 1002 1172 I am_wtf : [0,1002,system_server,-1,DisplayDeviceConfig,requesting nits when no mapping exists.]
03-07 17:04:04.731 1002 1172 I am_wtf : [0,1002,system_server,-1,DisplayDeviceConfig,requesting nits when no mapping exists.]
03-07 17:04:04.746 1002 1915 E DisplayDeviceConfig: requesting nits when no mapping exists.
03-07 17:04:04.746 1002 1915 E DisplayDeviceConfig: requesting nits when no mapping exists.
03-07 17:04:04.747 1002 1172 I am_wtf : [0,1002,system_server,-1,DisplayDeviceConfig,requesting nits when no mapping exists.]
03-07 17:04:04.748 1002 1172 I am_wtf : [0,1002,system_server,-1,DisplayDeviceConfig,requesting nits when no mapping exists.]
03-07 17:04:04.762 1002 1915 E DisplayDeviceConfig: requesting nits when no mapping exists.
03-07 17:04:04.763 1002 1915 E DisplayDeviceConfig: requesting nits when no mapping exists.
03-07 17:04:04.763 1002 1172 I am_wtf : [0,1002,system_server,-1,DisplayDeviceConfig,requesting nits when no mapping exists.]
03-07 17:04:04.764 1002 1172 I am_wtf : [0,1002,system_server,-1,DisplayDeviceConfig,requesting nits when no mapping exists.]
03-07 17:04:04.779 1002 1915 E DisplayDeviceConfig: requesting nits when no mapping exists.
03-07 17:04:04.779 1002 1915 E DisplayDeviceConfig: requesting nits when no mapping exists.
03-07 17:04:04.779 1002 1172 I am_wtf : [0,1002,system_server,-1,DisplayDeviceConfig,requesting nits when no mapping exists.]
03-07 17:04:04.781 1002 1172 I am_wtf : [0,1002,system_server,-1,DisplayDeviceConfig,requesting nits when no mapping exists.]
03-07 17:04:04.796 1002 1915 E DisplayDeviceConfig: requesting nits when no mapping exists.
03-07 17:04:04.796 1002 1915 E DisplayDeviceConfig: requesting nits when no mapping exists.
03-07 17:04:04.796 1002 1172 I am_wtf : [0,1002,system_server,-1,DisplayDeviceConfig,requesting nits when no mapping exists.]
03-07 17:04:04.797 1002 1172 I am_wtf : [0,1002,system_server,-1,DisplayDeviceConfig,requesting nits when no mapping exists.]
03-07 17:04:04.812 1002 1915 E DisplayDeviceConfig: requesting nits when no mapping exists.
03-07 17:04:04.813 1002 1915 E DisplayDeviceConfig: requesting nits when no mapping exists.
03-07 17:04:04.814 1002 1172 I am_wtf : [0,1002,system_server,-1,DisplayDeviceConfig,requesting nits when no mapping exists.]
03-07 17:04:04.815 1002 1172 I am_wtf : [0,1002,system_server,-1,DisplayDeviceConfig,requesting nits when no mapping exists.]
03-07 17:04:05.336 650 660 I mpu_uart: [MSG-P:RECV]:No message received in 1000 ms
03-07 17:04:06.045 813 3438 E audio_hw_primary: out_write: error -5, cannot write stream data: I/O error
03-07 17:04:06.045 813 3438 D audio_hw_primary: out_standby: enter: stream (0xec300010) usecase(1: low-latency-playback)
01-02 07:18:40.820 0 0 E msm_pcm_playback_close: CMD_EOS failed, cmd_pending 0x8
01-02 07:18:40.836 0 0 I afe_close: port_id = 0x9000
03-07 17:04:06.274 813 3438 D audio_hw_primary: disable_audio_route: reset and update mixer path: low-latency-playback
03-07 17:04:06.276 813 3438 E soundtrigger: audio_extn_sound_trigger_update_stream_status: invalid input device 0x0, for event 2
03-07 17:04:06.276 813 3438 D soundtrigger: audio_extn_sound_trigger_update_stream_status: uc_info->id 1 of type 0 for Event 2, with Raise=0
03-07 17:04:06.276 813 3438 D msm8974_platform: platform_split_snd_device: snd_device(2) num devices(0) new_snd_devices(0)
03-07 17:04:06.276 813 3438 I msm8974_platform: platform_get_custom_mtmx_params: no matching param with id 0 ip_ch 2 op_ch 2 uc_id 1 snd_dev 2
03-07 17:04:06.276 813 3438 D hardware_info: hw_info_append_hw_type : device_name = speaker
03-07 17:04:06.276 813 3438 D audio_hw_primary: disable_snd_device: snd_device(2: speaker)
03-07 17:04:06.276 813 3438 D msm8974_platform: platform_split_snd_device: snd_device(2) num devices(0) new_snd_devices(0)
03-07 17:04:06.277 813 3438 I soundtrigger: audio_extn_sound_trigger_update_device_status: device 0x2 of type 0 for Event 0, with Raise=0
03-07 17:04:06.277 813 3438 D audio_hw_primary: out_standby: exit
03-07 17:04:06.282 813 3438 D audio_hw_primary: start_output_stream: enter: stream(0xec300010)usecase(1: low-latency-playback) devices(0x2) is_haptic_usecase(0)
03-07 17:04:06.283 813 3438 D audio_hw_primary: select_devices for use case (low-latency-playback)
03-07 17:04:06.284 813 3438 I msm8974_platform: platform_check_and_set_codec_backend_cfg:becf: afe: bitwidth 16, samplerate 48000 channels 2, backend_idx 0 usecase = 1 device (speaker)
03-07 17:04:06.284 813 3438 D msm8974_platform: platform_split_snd_device: snd_device(2) num devices(1) new_snd_devices(0)
03-07 17:04:06.284 813 3438 I msm8974_platform: platform_check_and_set_codec_backend_cfg: new_snd_devices[0] is 2
03-07 17:04:06.284 813 3438 I msm8974_platform: platform_check_codec_backend_cfg:becf: afe: bitwidth 16, samplerate 48000 channels 2, backend_idx 0 usecase = 1 device (speaker)
03-07 17:04:06.286 813 3438 D audio_hw_extn: audio_extn_enable_hifi_filter: mixer_value set 0
03-07 17:04:06.286 813 3438 D msm8974_platform: platform_check_codec_backend_cfg:becf: updated afe: bitwidth 16, samplerate 48000 channels 2,backend_idx 0 usecase = 1 device (speaker)
03-07 17:04:06.286 813 3438 D msm8974_platform: platform_check_codec_backend_cfg:becf: afe: playback on codec device not supporting native playback set default Sample Rate(48k)
03-07 17:04:06.286 813 3438 I msm8974_platform: platform_check_codec_backend_cfg:becf: afe: Codec selected backend: 0 updated bit width: 16 and sample rate: 48000
03-07 17:04:06.286 813 3438 D audio_hw_primary: check_usecases_codec_backend:becf: force routing 0
03-07 17:04:06.286 813 3438 E msm8974_platform: platform_check_backends_match: Invalid snd_device =
03-07 17:04:06.286 813 3438 D audio_hw_primary: check_usecases_codec_backend:becf: (78) check_usecases curr device: speaker, usecase device: backends match 0
03-07 17:04:06.286 813 3438 D audio_hw_primary: check_usecases_codec_backend:becf: check_usecases num.of Usecases to switch 0
03-07 17:04:06.286 813 3438 D hardware_info: hw_info_append_hw_type : device_name = speaker
03-07 17:04:06.287 813 3438 D msm8974_platform: platform_split_snd_device: snd_device(2) num devices(0) new_snd_devices(0)
03-07 17:04:06.287 813 3438 D audio_hw_primary: enable_snd_device: snd_device(2: speaker)
03-07 17:04:06.287 813 3438 D msm8974_platform: platform_get_island_cfg_on_device:island cfg status on snd_device = (speaker 0)
03-07 17:04:06.287 813 3438 I soundtrigger: audio_extn_sound_trigger_update_device_status: device 0x2 of type 0 for Event 1, with Raise=0
03-07 17:04:06.287 813 3438 D audio_route: Apply path: speaker
03-07 17:04:06.287 813 3438 I audio_hw_utils: audio_extn_utils_update_stream_output_app_type_cfg Allowing 24 and above bits playback on speaker ONLY at default sampling rate
03-07 17:04:06.287 813 3438 E soundtrigger: audio_extn_sound_trigger_update_stream_status: invalid input device 0x0, for event 3
03-07 17:04:06.287 813 3438 D soundtrigger: audio_extn_sound_trigger_update_stream_status: uc_info->id 1 of type 0 for Event 3, with Raise=0
03-07 17:04:06.287 813 3438 D audio_hw_utils: audio_extn_utils_send_app_type_cfg: usecase->out_snd_device speaker
03-07 17:04:06.287 813 3438 D msm8974_platform: platform_split_snd_device: snd_device(2) num devices(0) new_snd_devices(0)
03-07 17:04:06.287 813 3438 D audio_hw_utils: audio_extn_btsco_get_sample_rate:Not a BT SCO device, need not update sampling rate
03-07 17:04:06.287 813 3438 I audio_hw_utils: send_app_type_cfg_for_device PLAYBACK app_type 69937, acdb_dev_id 15, sample_rate 48000, snd_device_be_idx 179
03-07 17:04:06.288 813 3438 D msm8974_platform: platform_split_snd_device: snd_device(2) num devices(1) new_snd_devices(0)
03-07 17:04:06.288 813 3438 D audio_hw_utils: audio_extn_btsco_get_sample_rate:Not a BT SCO device, need not update sampling rate
03-07 17:04:06.288 813 3438 D ACDB-LOADER: ACDB -> send_audio_cal, acdb_id = 15, path = 0, app id = 0x11131, sample rate = 48000, afe_sample_rate = 48000
03-07 17:04:06.288 813 3438 D ACDB-LOADER: ACDB -> send_asm_topology
03-07 17:04:06.288 813 3438 D ACDB-LOADER: ACDB -> ACDB_CMD_GET_AUDPROC_STREAM_TOPOLOGY_ID
03-07 17:04:06.289 813 3438 D ACDB-LOADER: ACDB -> send_adm_topology
03-07 17:04:06.289 813 3438 D ACDB-LOADER: ACDB -> ACDB_CMD_GET_AUDPROC_COMMON_TOPOLOGY_ID
03-07 17:04:06.289 813 3438 D ACDB-LOADER: ACDB -> send_audtable
03-07 17:04:06.289 813 3438 D ACDB-LOADER: ACDB -> ACDB_CMD_GET_AUDPROC_INSTANCE_COMMON_TABLE_SIZE
03-07 17:04:06.289 813 3438 D ACDB-LOADER: ACDB -> ACDB_CMD_GET_AUDPROC_INSTANCE_COMMON_TABLE
03-07 17:04:06.289 813 3438 D ACDB-LOADER: ACDB -> AUDIO_SET_AUDPROC_CAL cal_type[11] acdb_id[15] app_type[69937]
03-07 17:04:06.289 813 3438 D ACDB-LOADER: ACDB -> send_audvoltable
03-07 17:04:06.289 813 3438 D ACDB-LOADER: ACDB -> ACDB_CMD_GET_AUDPROC_INSTANCE_GAIN_DEP_STEP_TABLE_SIZE
03-07 17:04:06.290 813 3438 D ACDB-LOADER: ACDB -> ACDB_CMD_GET_AUDPROC_INSTANCE_GAIN_DEP_STEP_TABLE, vol index 5
03-07 17:04:06.290 813 3438 D ACDB-LOADER: ACDB -> AUDIO_SET_VOL_CAL cal type = 12
03-07 17:04:06.290 813 3438 D ACDB-LOADER: ACDB -> ACDB_CMD_GET_AUDPROC_INSTANCE_STREAM_TABLE_SIZE
03-07 17:04:06.290 813 3438 D ACDB-LOADER: ACDB -> send_audstrmtable
03-07 17:04:06.290 813 3438 D ACDB-LOADER: ACDB -> ACDB_CMD_GET_AUDPROC_INSTANCE_STREAM_TABLE
03-07 17:04:06.290 813 3438 D ACDB-LOADER: ACDB -> audstrm_cal->cal_type.cal_data.cal_size = 20
03-07 17:04:06.290 813 3438 D ACDB-LOADER: ACDB -> send_afe_topology
03-07 17:04:06.290 813 3438 D ACDB-LOADER: ACDB -> ACDB_CMD_GET_AFE_TOPOLOGY_ID
03-07 17:04:06.290 813 3438 D ACDB-LOADER: ACDB -> GET_AFE_TOPOLOGY_ID for adcd_id 15, Topology Id 112fc
03-07 17:04:06.290 813 3438 D ACDB-LOADER: ACDB -> send_afe_cal
03-07 17:04:06.290 813 3438 D ACDB-LOADER: ACDB -> ACDB_CMD_GET_AFE_INSTANCE_COMMON_TABLE_SIZE
03-07 17:04:06.290 813 3438 D android.hardware.audio.service: Failed to fetch the lookup information of the device 0000000F
03-07 17:04:06.290 813 3438 D ACDB-LOADER: Error: ACDB_CMD_GET_AFE_INSTANCE_COMMON_TABLE_SIZE Returned = -19
03-07 17:04:06.290 813 3438 D ACDB-LOADER: ACDB -> ACDB_CMD_GET_AFE_INSTANCE_COMMON_TABLE
03-07 17:04:06.291 813 3438 D android.hardware.audio.service: Failed to fetch the lookup information of the device 0000000F
03-07 17:04:06.291 813 3438 D ACDB-LOADER: Error: ACDB AFE returned = -19
03-07 17:04:06.291 813 3438 D ACDB-LOADER: ACDB -> AUDIO_SET_AFE_CAL cal_type[16] acdb_id[15]
03-07 17:04:06.291 813 3438 D ACDB-LOADER: ACDB -> send_hw_delay : acdb_id = 15 path = 0
03-07 17:04:06.291 813 3438 D ACDB-LOADER: ACDB -> ACDB_AVSYNC_INFO: ACDB_CMD_GET_DEVICE_PROPERTY
03-07 17:04:06.291 813 3438 D msm8974_platform: platform_split_snd_device: snd_device(2) num devices(0) new_snd_devices(0)
03-07 17:04:06.291 813 3438 I msm8974_platform: platform_get_custom_mtmx_params: no matching param with id 0 ip_ch 2 op_ch 2 uc_id 1 snd_dev 2
03-07 17:04:06.291 813 3438 D audio_hw_primary: enable_audio_route: apply mixer and update path: low-latency-playback
