03-07 17:02:58.699 1516 4528 D LOWI-9.0.0.87.a: [LOWI-Scan] decode_rsn_wpa_ie: LOWI_ENCRYPTION_TYPE_WPA_PSK
03-07 17:02:58.699 1516 4528 D LOWI-9.0.0.87.a: [LOWI-Scan] is_qcom_ie, bss_age: 0
03-07 17:02:58.699 1516 4528 D LOWI-9.0.0.87.a: [LOWI-Scan] BSS 18:6f:2d:81:18:42 LOWI_PHY_MODE_11NG_HT20(5), Beacon Interval: 100, LOWI_ENCRYPTION_TYPE_WPA_PSK 11mcRanging: No, ANQP: No, LCI: No, Civic: No, capability(0x0531): ESS Privacy ShortPreamble SpectrumMgmt ShortSlotTime
03-07 17:02:58.699 1516 4528 D LOWI-9.0.0.87.a: [LOWI-Scan] BSS 18:6f:2d:81:18:42 FREQ: 2432, cFreq1[40:80:160] = [2432:0:0] cFreq2 = 0 Country Code = CN
03-07 17:02:58.699 1516 4528 D LOWI-9.0.0.87.a: [LOWI-Scan] BSS 18:6f:2d:81:18:42 (wlan0) ASSO: NO AddInfo: 0x1, TSF 0, 00:14:20.191, RSSI: -128, CPL: 127, AGE: 1956, SSID ThunderSoft_2.4G, TSFDelta: 0x3c2995b5, TXRate: 0
03-07 17:02:58.700 1516 4528 D LOWI-9.0.0.87.a: [LOWI-Scan]
03-07 17:02:58.700 1516 4528 D LOWI-9.0.0.87.a: [LOWI-Scan] print_bss_handler: Report beacon TSF 860191550 as it greater than probe TSF 659327417
03-07 17:02:58.700 1516 4528 D LOWI-9.0.0.87.a: [LOWI-Scan] decode_rsn_wpa_ie: LOWI_ENCRYPTION_TYPE_WPA_PSK
03-07 17:02:58.700 1516 4528 D LOWI-9.0.0.87.a: [LOWI-Scan] is_qcom_ie, bss_age: 0
03-07 17:02:58.700 1516 4528 D LOWI-9.0.0.87.a: [LOWI-Scan] BSS 18:6f:2d:81:18:43 LOWI_PHY_MODE_11NG_HT20(5), Beacon Interval: 100, LOWI_ENCRYPTION_TYPE_WPA_PSK 11mcRanging: No, ANQP: No, LCI: No, Civic: No, capability(0x0531): ESS Privacy ShortPreamble SpectrumMgmt ShortSlotTime
03-07 17:02:58.700 1516 4528 D LOWI-9.0.0.87.a: [LOWI-Scan] BSS 18:6f:2d:81:18:43 FREQ: 2432, cFreq1[40:80:160] = [2432:0:0] cFreq2 = 0 Country Code = CN
03-07 17:02:58.700 1516 4528 D LOWI-9.0.0.87.a: [LOWI-Scan] BSS 18:6f:2d:81:18:43 (wlan0) ASSO: NO AddInfo: 0x1, TSF 0, 00:14:20.191, RSSI: -130, CPL: 127, AGE: 1956, SSID ZXHY, TSFDelta: 0x3c2eef9c, TXRate: 0
03-07 17:02:58.700 1516 4528 D LOWI-9.0.0.87.a: [LOWI-Scan]
03-07 17:02:58.700 1516 4528 D LOWI-9.0.0.87.a: [LOWI-Scan] print_bss_handler: Report Probe TSF 861448773 as it greater than Beacon TSF 861442602
03-07 17:02:58.700 1516 4528 D LOWI-9.0.0.87.a: [LOWI-Scan] decode_rsn_wpa_ie: LOWI_ENCRYPTION_TYPE_WPA_PSK
03-07 17:02:58.700 1516 4528 D LOWI-9.0.0.87.a: [LOWI-Scan] is_qcom_ie, bss_age: 0
03-07 17:02:58.700 1516 4528 D LOWI-9.0.0.87.a: [LOWI-Scan] BSS 18:6f:2d:81:16:f0 LOWI_PHY_MODE_11AC_VHT20(8), Beacon Interval: 100, LOWI_ENCRYPTION_TYPE_WPA_PSK 11mcRanging: No, ANQP: No, LCI: No, Civic: No, capability(0x0111): ESS Privacy SpectrumMgmt
03-07 17:02:58.700 1516 4528 D LOWI-9.0.0.87.a: [LOWI-Scan] BSS 18:6f:2d:81:16:f0 FREQ: 5260, cFreq1[40:80:160] = [5260:0:0] cFreq2 = 0 Country Code = CN
03-07 17:02:58.700 1516 4528 D LOWI-9.0.0.87.a: [LOWI-Scan] BSS 18:6f:2d:81:16:f0 (wlan0) ASSO: NO AddInfo: 0x0, TSF 0, 00:14:21.448, RSSI: -146, CPL: 127, AGE: 696, SSID Testing , TSFDelta: 0x8042614f, TXRate: 0
03-07 17:02:58.700 1516 4528 D LOWI-9.0.0.87.a: [LOWI-Scan]
03-07 17:02:58.700 1516 4528 D LOWI-9.0.0.87.a: [LOWI-Scan] print_bss_handler: Report Probe TSF 861450359 as it greater than Beacon TSF 861443243
03-07 17:02:58.700 1516 4528 D LOWI-9.0.0.87.a: [LOWI-Scan] is_qcom_ie, bss_age: 0
03-07 17:02:58.700 1516 4528 D LOWI-9.0.0.87.a: [LOWI-Scan] BSS 18:6f:2d:81:16:f1 LOWI_PHY_MODE_11AC_VHT20(8), Beacon Interval: 100, LOWI_ENCRYPTION_TYPE_OPEN 11mcRanging: No, ANQP: No, LCI: No, Civic: No, capability(0x0101): ESS SpectrumMgmt
03-07 17:02:58.700 1516 4528 D LOWI-9.0.0.87.a: [LOWI-Scan] BSS 18:6f:2d:81:16:f1 FREQ: 5260, cFreq1[40:80:160] = [5260:0:0] cFreq2 = 0 Country Code = CN
03-07 17:02:58.700 1516 4528 D LOWI-9.0.0.87.a: [LOWI-Scan] BSS 18:6f:2d:81:16:f1 (wlan0) ASSO: NO AddInfo: 0x0, TSF 0, 00:14:21.450, RSSI: -146, CPL: 127, AGE: 696, SSID Guest, TSFDelta: 0x804e3763, TXRate: 0
03-07 17:02:58.701 1516 4528 D LOWI-9.0.0.87.a: [LOWI-Scan]
03-07 17:02:58.701 1516 4528 D LOWI-9.0.0.87.a: [LOWI-Scan] print_bss_handler: Report Probe TSF 861451020 as it greater than Beacon TSF 861443775
03-07 17:02:58.701 1516 4528 D LOWI-9.0.0.87.a: [LOWI-Scan] decode_rsn_wpa_ie: LOWI_ENCRYPTION_TYPE_WPA_PSK
03-07 17:02:58.701 1516 4528 D LOWI-9.0.0.87.a: [LOWI-Scan] is_qcom_ie, bss_age: 0
03-07 17:02:58.701 1516 4528 D LOWI-9.0.0.87.a: [LOWI-Scan] BSS 18:6f:2d:81:16:f2 LOWI_PHY_MODE_11AC_VHT20(8), Beacon Interval: 100, LOWI_ENCRYPTION_TYPE_WPA_PSK 11mcRanging: No, ANQP: No, LCI: No, Civic: No, capability(0x0111): ESS Privacy SpectrumMgmt
03-07 17:02:58.701 1516 4528 D LOWI-9.0.0.87.a: [LOWI-Scan] BSS 18:6f:2d:81:16:f2 FREQ: 5260, cFreq1[40:80:160] = [5260:0:0] cFreq2 = 0 Country Code = CN
03-07 17:02:58.701 1516 4528 D LOWI-9.0.0.87.a: [LOWI-Scan] BSS 18:6f:2d:81:16:f2 (wlan0) ASSO: NO AddInfo: 0x0, TSF 0, 00:14:21.451, RSSI: -146, CPL: 127, AGE: 696, SSID ZXHY, TSFDelta: 0x8053c0b7, TXRate: 0
03-07 17:02:58.701 1516 4528 D LOWI-9.0.0.87.a: [LOWI-Scan]
03-07 17:02:58.701 1516 4528 D LOWI-9.0.0.87.a: [LOWI-Scan] print_bss_handler: Report Probe TSF 861451373 as it greater than Beacon TSF 861445418
03-07 17:02:58.701 1516 4528 D LOWI-9.0.0.87.a: [LOWI-Scan] decode_rsn_wpa_ie: LOWI_ENCRYPTION_TYPE_WPA_PSK
03-07 17:02:58.701 1516 4528 D LOWI-9.0.0.87.a: [LOWI-Scan] is_qcom_ie, bss_age: 0
03-07 17:02:58.701 1516 4528 D LOWI-9.0.0.87.a: [LOWI-Scan] BSS 18:6f:2d:81:16:f3 LOWI_PHY_MODE_11AC_VHT20(8), Beacon Interval: 100, LOWI_ENCRYPTION_TYPE_WPA_PSK 11mcRanging: No, ANQP: No, LCI: No, Civic: No, capability(0x0111): ESS Privacy SpectrumMgmt
03-07 17:02:58.701 1516 4528 D LOWI-9.0.0.87.a: [LOWI-Scan] BSS 18:6f:2d:81:16:f3 FREQ: 5260, cFreq1[40:80:160] = [5260:0:0] cFreq2 = 0 Country Code = CN
03-07 17:02:58.701 1516 4528 D LOWI-9.0.0.87.a: [LOWI-Scan] BSS 18:6f:2d:81:16:f3 (wlan0) ASSO: NO AddInfo: 0x0, TSF 0, 00:14:21.451, RSSI: -148, CPL: 127, AGE: 696, SSID Fanya, TSFDelta: 0x8058d896, TXRate: 0
03-07 17:02:58.701 1516 4528 D LOWI-9.0.0.87.a: [LOWI-Scan]
03-07 17:02:58.701 1516 4528 D LOWI-9.0.0.87.a: [LOWI-Scan] print_bss_handler: Report Probe TSF 861451729 as it greater than Beacon TSF 861446432
03-07 17:02:58.701 1516 4528 D LOWI-9.0.0.87.a: [LOWI-Scan] decode_rsn_wpa_ie: LOWI_ENCRYPTION_TYPE_WPA_PSK
03-07 17:02:58.701 1516 4528 D LOWI-9.0.0.87.a: [LOWI-Scan] is_qcom_ie, bss_age: 0
03-07 17:02:58.701 1516 4528 D LOWI-9.0.0.87.a: [LOWI-Scan] BSS 18:6f:2d:81:16:f4 LOWI_PHY_MODE_11AC_VHT20(8), Beacon Interval: 100, LOWI_ENCRYPTION_TYPE_WPA_PSK 11mcRanging: No, ANQP: No, LCI: No, Civic: No, capability(0x0111): ESS Privacy SpectrumMgmt
03-07 17:02:58.701 1516 4528 D LOWI-9.0.0.87.a: [LOWI-Scan] BSS 18:6f:2d:81:16:f4 FREQ: 5260, cFreq1[40:80:160] = [5260:0:0] cFreq2 = 0 Country Code = CN
03-07 17:02:58.701 1516 4528 D LOWI-9.0.0.87.a: [LOWI-Scan] BSS 18:6f:2d:81:16:f4 (wlan0) ASSO: NO AddInfo: 0x0, TSF 0, 00:14:21.451, RSSI: -146, CPL: 127, AGE: 696, SSID ThunderSoft, TSFDelta: 0x805b578f, TXRate: 0
03-07 17:02:58.701 1516 4528 D LOWI-9.0.0.87.a: [LOWI-Scan]
03-07 17:02:58.701 1516 4528 D LOWI-9.0.0.87.a: [LOWI-Scan] print_bss_handler: Report Probe TSF 861452136 as it greater than Beacon TSF 861447924
03-07 17:02:58.701 1516 4528 D LOWI-9.0.0.87.a: [LOWI-Scan] decode_rsn_wpa_ie: LOWI_ENCRYPTION_TYPE_WPA_PSK
03-07 17:02:58.701 1516 4528 D LOWI-9.0.0.87.a: [LOWI-Scan] is_qcom_ie, bss_age: 0
03-07 17:02:58.702 1516 4528 D LOWI-9.0.0.87.a: [LOWI-Scan] BSS 18:6f:2d:81:16:f5 LOWI_PHY_MODE_11AC_VHT20(8), Beacon Interval: 100, LOWI_ENCRYPTION_TYPE_WPA_PSK 11mcRanging: No, ANQP: No, LCI: No, Civic: No, capability(0x0111): ESS Privacy SpectrumMgmt
03-07 17:02:58.702 1516 4528 D LOWI-9.0.0.87.a: [LOWI-Scan] BSS 18:6f:2d:81:16:f5 FREQ: 5260, cFreq1[40:80:160] = [5260:0:0] cFreq2 = 0 Country Code = CN
03-07 17:02:58.702 1516 4528 D LOWI-9.0.0.87.a: [LOWI-Scan] BSS 18:6f:2d:81:16:f5 (wlan0) ASSO: NO AddInfo: 0x0, TSF 0, 00:14:21.452, RSSI: -148, CPL: 127, AGE: 692, SSID GM, TSFDelta: 0x805e002d, TXRate: 0
03-07 17:02:58.702 1516 4528 D LOWI-9.0.0.87.a: [LOWI-Scan]
03-07 17:02:58.702 1516 4528 D LOWI-9.0.0.87.a: [LOWI-Scan] print_bss_handler: Report beacon TSF 860318444 as it greater than probe TSF 860307978
03-07 17:02:58.702 1516 4528 D LOWI-9.0.0.87.a: [LOWI-Scan] decode_rsn_wpa_ie: LOWI_ENCRYPTION_TYPE_WPA_PSK
03-07 17:02:58.702 1516 4528 D LOWI-9.0.0.87.a: [LOWI-Scan] is_qcom_ie, bss_age: 0
03-07 17:02:58.702 1516 4528 D LOWI-9.0.0.87.a: [LOWI-Scan] BSS 18:6f:2d:81:25:44 LOWI_PHY_MODE_11NG_HT20(5), Beacon Interval: 100, LOWI_ENCRYPTION_TYPE_WPA_PSK 11mcRanging: No, ANQP: No, LCI: No, Civic: No, capability(0x0531): ESS Privacy ShortPreamble SpectrumMgmt ShortSlotTime
03-07 17:02:58.702 1516 4528 D LOWI-9.0.0.87.a: [LOWI-Scan] BSS 18:6f:2d:81:25:44 FREQ: 2437, cFreq1[40:80:160] = [2437:0:0] cFreq2 = 0 Country Code = CN
03-07 17:02:58.702 1516 4528 D LOWI-9.0.0.87.a: [LOWI-Scan] BSS 18:6f:2d:81:25:44 (wlan0) ASSO: NO AddInfo: 0x1, TSF 0, 00:14:20.318, RSSI: -94, CPL: 127, AGE: 1828, SSID Fanya, TSFDelta: 0x440dcbe1, TXRate: 0
03-07 17:02:58.702 1516 4528 D LOWI-9.0.0.87.a: [LOWI-Scan]
03-07 17:02:58.702 1516 4528 D LOWI-9.0.0.87.a: [LOWI-Scan] print_bss_handler: Report beacon TSF 860731275 as it greater than probe TSF 860687372
03-07 17:02:58.702 1516 4528 D LOWI-9.0.0.87.a: [LOWI-Scan] decode_rsn_wpa_ie: LOWI_ENCRYPTION_TYPE_WPA_PSK
03-07 17:02:58.702 1516 4528 D LOWI-9.0.0.87.a: [LOWI-Scan] is_qcom_ie, bss_age: 0
03-07 17:02:58.702 1516 4528 D LOWI-9.0.0.87.a: [LOWI-Scan] BSS cc:2d:21:6a:c3:68 LOWI_PHY_MODE_11NG_HT20(5), Beacon Interval: 100, LOWI_ENCRYPTION_TYPE_WPA_PSK 11mcRanging: No, ANQP: No, LCI: No, Civic: No, capability(0x0411): ESS Privacy ShortSlotTime
03-07 17:02:58.702 1516 4528 D LOWI-9.0.0.87.a: [LOWI-Scan] BSS cc:2d:21:6a:c3:68 FREQ: 2457, cFreq1[40:80:160] = [0:0:0] cFreq2 = 0 Country Code =
03-07 17:02:58.702 1516 4528 D LOWI-9.0.0.87.a: [LOWI-Scan] BSS cc:2d:21:6a:c3:68 (wlan0) ASSO: NO AddInfo: 0x1, TSF 0, 00:14:20.731, RSSI: -132, CPL: 127, AGE: 1416, SSID Tenda_6AC368, TSFDelta: 0x9cd3b8c6, TXRate: 0
03-07 17:02:58.702 1516 4528 D LOWI-9.0.0.87.a: [LOWI-Scan]
03-07 17:02:58.702 1516 4528 D LOWI-9.0.0.87.a: [LOWI-Scan] print_bss_handler: Report beacon TSF 860774765 as it greater than probe TSF 599329840
03-07 17:02:58.702 1516 4528 D LOWI-9.0.0.87.a: [LOWI-Scan] decode_rsn_wpa_ie: LOWI_ENCRYPTION_TYPE_WPA_PSK
03-07 17:02:58.702 1516 4528 D LOWI-9.0.0.87.a: [LOWI-Scan] is_qcom_ie, bss_age: 0
03-07 17:02:58.702 1516 4528 D LOWI-9.0.0.87.a: [LOWI-Scan] BSS 64:6e:97:1c:71:45 LOWI_PHY_MODE_11NG_HT40(7), Beacon Interval: 100, LOWI_ENCRYPTION_TYPE_WPA_PSK 11mcRanging: No, ANQP: No, LCI: No, Civic: No, capability(0x0411): ESS Privacy ShortSlotTime
03-07 17:02:58.702 1516 4528 D LOWI-9.0.0.87.a: [LOWI-Scan] BSS 64:6e:97:1c:71:45 FREQ: 2462, cFreq1[40:80:160] = [2452:0:0] cFreq2 = 0 Country Code = CN
03-07 17:02:58.702 1516 4528 D LOWI-9.0.0.87.a: [LOWI-Scan] BSS 64:6e:97:1c:71:45 (wlan0) ASSO: NO AddInfo: 0x1, TSF 0, 00:14:20.774, RSSI: -150, CPL: 127, AGE: 1372, SSID TP-LINK_7145, TSFDelta: 0xd99026fc, TXRate: 0
03-07 17:02:58.703 1516 4528 D LOWI-9.0.0.87.a: [LOWI-Scan]
03-07 17:02:58.703 1516 4528 D LOWI-9.0.0.87.a: [LOWI-Scan] print_bss_handler: Report beacon TSF 860783658 as it greater than probe TSF 860783658
03-07 17:02:58.703 1516 4528 D LOWI-9.0.0.87.a: [LOWI-Scan] decode_rsn_wpa_ie: LOWI_ENCRYPTION_TYPE_WPA_PSK
03-07 17:02:58.703 1516 4528 D LOWI-9.0.0.87.a: [LOWI-Scan] is_qcom_ie, bss_age: 0
03-07 17:02:58.703 1516 4528 D LOWI-9.0.0.87.a: [LOWI-Scan] BSS 5a:41:20:2d:fe:87 LOWI_PHY_MODE_11AC_VHT40_2G(12), Beacon Interval: 100, LOWI_ENCRYPTION_TYPE_WPA_PSK 11mcRanging: No, ANQP: No, LCI: No, Civic: No, capability(0x1411): ESS Privacy ShortSlotTime
03-07 17:02:58.703 1516 4528 D LOWI-9.0.0.87.a: [LOWI-Scan] BSS 5a:41:20:2d:fe:87 FREQ: 2462, cFreq1[40:80:160] = [2452:0:0] cFreq2 = 0 Country Code = CN
03-07 17:02:58.703 1516 4528 D LOWI-9.0.0.87.a: [LOWI-Scan] BSS 5a:41:20:2d:fe:87 (wlan0) ASSO: NO AddInfo: 0x1, TSF 0, 00:14:20.783, RSSI: -112, CPL: 127, AGE: 1364, SSID , TSFDelta: 0x2494f8c8, TXRate: 0
03-07 17:02:58.703 1516 4528 D LOWI-9.0.0.87.a: [LOWI-Scan]
03-07 17:02:58.703 1516 4528 D LOWI-9.0.0.87.a: [LOWI-Scan] print_bss_handler: Report Probe TSF 859814241 as it greater than Beacon TSF 638787808
03-07 17:02:58.703 1516 4528 D LOWI-9.0.0.87.a: [LOWI-Scan] is_qcom_ie, bss_age: 0
03-07 17:02:58.703 1516 4528 D LOWI-9.0.0.87.a: [LOWI-Scan] BSS 38:a9:1c:35:03:0b LOWI_PHY_MODE_11AC_VHT80(10), Beacon Interval: 100, LOWI_ENCRYPTION_TYPE_OPEN 11mcRanging: No, ANQP: No, LCI: No, Civic: No, capability(0x0501): ESS SpectrumMgmt ShortSlotTime
03-07 17:02:58.703 1516 4528 D LOWI-9.0.0.87.a: [LOWI-Scan] BSS 38:a9:1c:35:03:0b FREQ: 5180, cFreq1[40:80:160] = [5190:5210:0] cFreq2 = 0 Country Code = US
03-07 17:02:58.703 1516 4528 D LOWI-9.0.0.87.a: [LOWI-Scan] BSS 38:a9:1c:35:03:0b (wlan0) ASSO: NO AddInfo: 0x0, TSF 0, 00:14:19.814, RSSI: -120, CPL: 127, AGE: 2332, SSID , TSFDelta: 0xe21331be, TXRate: 0
03-07 17:02:58.703 1516 4528 D LOWI-9.0.0.87.a: [LOWI-Scan]
03-07 17:02:58.703 1516 4528 D LOWI-9.0.0.87.a: [LOWI-Scan] print_bss_handler: Report Probe TSF 860138910 as it greater than Beacon TSF 618640377
03-07 17:02:58.703 1516 4528 D LOWI-9.0.0.87.a: [LOWI-Scan] decode_rsn_wpa_ie: LOWI_ENCRYPTION_TYPE_WPA_PSK
03-07 17:02:58.703 1516 4528 D LOWI-9.0.0.87.a: [LOWI-Scan] is_qcom_ie, bss_age: 0
03-07 17:02:58.703 1516 4528 D LOWI-9.0.0.87.a: [LOWI-Scan] BSS 62:e6:f0:dd:03:c7 LOWI_PHY_MODE_11AC_VHT80(10), Beacon Interval: 100, LOWI_ENCRYPTION_TYPE_WPA_PSK 11mcRanging: No, ANQP: Yes, LCI: No, Civic: No, capability(0x0111): ESS Privacy SpectrumMgmt
03-07 17:02:58.703 1516 4528 D LOWI-9.0.0.87.a: [LOWI-Scan] BSS 62:e6:f0:dd:03:c7 FREQ: 5220, cFreq1[40:80:160] = [5230:5210:0] cFreq2 = 0 Country Code = US
03-07 17:02:58.703 1516 4528 D LOWI-9.0.0.87.a: [LOWI-Scan] BSS 62:e6:f0:dd:03:c7 (wlan0) ASSO: NO AddInfo: 0x0, TSF 0, 00:14:20.138, RSSI: -168, CPL: 127, AGE: 2008, SSID myGMC 03C7, TSFDelta: 0x983bacf4, TXRate: 0
03-07 17:02:58.704 1516 4528 D LOWI-9.0.0.87.a: [LOWI-Scan]
03-07 17:02:58.704 1516 4528 D LOWI-9.0.0.87.a: [LOWI-Scan] print_bss_handler: Report Probe TSF 860571637 as it greater than Beacon TSF 618734780
03-07 17:02:58.704 1516 4528 D LOWI-9.0.0.87.a: [LOWI-Scan] decode_rsn_wpa_ie: LOWI_ENCRYPTION_TYPE_WPA_PSK
03-07 17:02:58.704 1516 4528 D LOWI-9.0.0.87.a: [LOWI-Scan] is_qcom_ie, bss_age: 0
03-07 17:02:58.704 1516 4528 D LOWI-9.0.0.87.a: [LOWI-Scan] BSS f4:84:8d:21:25:a9 LOWI_PHY_MODE_11AC_VHT80(10), Beacon Interval: 100, LOWI_ENCRYPTION_TYPE_WPA_PSK 11mcRanging: No, ANQP: No, LCI: No, Civic: No, capability(0x1011): ESS Privacy
03-07 17:02:58.704 1516 4528 D LOWI-9.0.0.87.a: [LOWI-Scan] BSS f4:84:8d:21:25:a9 FREQ: 5745, cFreq1[40:80:160] = [5755:5775:0] cFreq2 = 0 Country Code = CN
03-07 17:02:58.704 1516 4528 D LOWI-9.0.0.87.a: [LOWI-Scan] BSS f4:84:8d:21:25:a9 (wlan0) ASSO: NO AddInfo: 0x0, TSF 0, 00:14:20.571, RSSI: -134, CPL: 127, AGE: 1588, SSID hht, TSFDelta: 0x459b4402, TXRate: 0
03-07 17:02:58.704 1516 4528 D LOWI-9.0.0.87.a: [LOWI-Scan]
03-07 17:02:58.704 1516 4528 D LOWI-9.0.0.87.a: [LOWI-Scan] print_bss_handler: Report Probe TSF 860865241 as it greater than Beacon TSF 628878408
03-07 17:02:58.704 1516 4528 D LOWI-9.0.0.87.a: [LOWI-Scan] decode_rsn_wpa_ie: LOWI_ENCRYPTION_TYPE_WPA_PSK
03-07 17:02:58.704 1516 4528 D LOWI-9.0.0.87.a: [LOWI-Scan] is_qcom_ie, bss_age: 0
03-07 17:02:58.704 1516 4528 D LOWI-9.0.0.87.a: [LOWI-Scan] BSS 18:6f:2d:0a:b8:53 LOWI_PHY_MODE_11AC_VHT20(8), Beacon Interval: 100, LOWI_ENCRYPTION_TYPE_WPA_PSK 11mcRanging: No, ANQP: No, LCI: No, Civic: No, capability(0x0111): ESS Privacy SpectrumMgmt
03-07 17:02:58.704 1516 4528 D LOWI-9.0.0.87.a: [LOWI-Scan] BSS 18:6f:2d:0a:b8:53 FREQ: 5785, cFreq1[40:80:160] = [5785:0:0] cFreq2 = 0 Country Code = CN
03-07 17:02:58.704 1516 4528 D LOWI-9.0.0.87.a: [LOWI-Scan] BSS 18:6f:2d:0a:b8:53 (wlan0) ASSO: NO AddInfo: 0x0, TSF 0, 00:14:20.865, RSSI: -160, CPL: 127, AGE: 1292, SSID Fanya, TSFDelta: 0xf582b889, TXRate: 0
03-07 17:02:58.704 1516 4528 D LOWI-9.0.0.87.a: [LOWI-Scan]
03-07 17:02:58.704 1516 4528 D LOWI-9.0.0.87.a: [LOWI-Scan] print_bss_handler: Report Probe TSF 860865511 as it greater than Beacon TSF 608798702
03-07 17:02:58.704 1516 4528 D LOWI-9.0.0.87.a: [LOWI-Scan] decode_rsn_wpa_ie: LOWI_ENCRYPTION_TYPE_WPA_PSK
03-07 17:02:58.704 1516 4528 D LOWI-9.0.0.87.a: [LOWI-Scan] is_qcom_ie, bss_age: 0
03-07 17:02:58.704 1516 4528 D LOWI-9.0.0.87.a: [LOWI-Scan] BSS 18:6f:2d:0a:b8:54 LOWI_PHY_MODE_11AC_VHT20(8), Beacon Interval: 100, LOWI_ENCRYPTION_TYPE_WPA_PSK 11mcRanging: No, ANQP: No, LCI: No, Civic: No, capability(0x0111): ESS Privacy SpectrumMgmt
03-07 17:02:58.704 1516 4528 D LOWI-9.0.0.87.a: [LOWI-Scan] BSS 18:6f:2d:0a:b8:54 FREQ: 5785, cFreq1[40:80:160] = [5785:0:0] cFreq2 = 0 Country Code = CN
03-07 17:02:58.704 1516 4528 D LOWI-9.0.0.87.a: [LOWI-Scan] BSS 18:6f:2d:0a:b8:54 (wlan0) ASSO: NO AddInfo: 0x0, TSF 0, 00:14:20.865, RSSI: -158, CPL: 127, AGE: 1292, SSID ThunderSoft, TSFDelta: 0xf58bba18, TXRate: 0
03-07 17:02:58.704 1516 4528 D LOWI-9.0.0.87.a: [LOWI-Scan]
03-07 17:02:58.705 1516 4528 D LOWI-9.0.0.87.a: [LOWI-Scan] print_bss_handler: Report Probe TSF 860865889 as it greater than Beacon TSF 618840626
03-07 17:02:58.705 1516 4528 D LOWI-9.0.0.87.a: [LOWI-Scan] decode_rsn_wpa_ie: LOWI_ENCRYPTION_TYPE_WPA_PSK
03-07 17:02:58.705 1516 4528 D LOWI-9.0.0.87.a: [LOWI-Scan] is_qcom_ie, bss_age: 0
03-07 17:02:58.705 1516 4528 D LOWI-9.0.0.87.a: [LOWI-Scan] BSS 18:6f:2d:0a:b8:55 LOWI_PHY_MODE_11AC_VHT20(8), Beacon Interval: 100, LOWI_ENCRYPTION_TYPE_WPA_PSK 11mcRanging: No, ANQP: No, LCI: No, Civic: No, capability(0x0111): ESS Privacy SpectrumMgmt
03-07 17:02:58.705 1516 4528 D LOWI-9.0.0.87.a: [LOWI-Scan] BSS 18:6f:2d:0a:b8:55 FREQ: 5785, cFreq1[40:80:160] = [5785:0:0] cFreq2 = 0 Country Code = CN
03-07 17:02:58.705 1516 4528 D LOWI-9.0.0.87.a: [LOWI-Scan] BSS 18:6f:2d:0a:b8:55 (wlan0) ASSO: NO AddInfo: 0x0, TSF 0, 00:14:20.865, RSSI: -162, CPL: 127, AGE: 1292, SSID GM, TSFDelta: 0xf58e3fe8, TXRate: 0
03-07 17:02:58.705 1516 4528 D LOWI-9.0.0.87.a: [LOWI-Scan]
03-07 17:02:58.705 1516 4528 D LOWI-9.0.0.87.a: [LOWI-Scan] print_bss_handler: Report beacon TSF 860262103 as it greater than probe TSF 637411514
03-07 17:02:58.705 1516 4528 D LOWI-9.0.0.87.a: [LOWI-Scan] decode_rsn_wpa_ie: LOWI_ENCRYPTION_TYPE_WPA_PSK
03-07 17:02:58.705 1516 4528 D LOWI-9.0.0.87.a: [LOWI-Scan] is_qcom_ie, bss_age: 0
03-07 17:02:58.705 1516 4528 D LOWI-9.0.0.87.a: [LOWI-Scan] BSS f4:84:8d:21:25:a7 LOWI_PHY_MODE_11NG_HT40(7), Beacon Interval: 100, LOWI_ENCRYPTION_TYPE_WPA_PSK 11mcRanging: No, ANQP: No, LCI: No, Civic: No, capability(0x1411): ESS Privacy ShortSlotTime
03-07 17:02:58.705 1516 4528 D LOWI-9.0.0.87.a: [LOWI-Scan] BSS f4:84:8d:21:25:a7 FREQ: 2437, cFreq1[40:80:160] = [2427:0:0] cFreq2 = 0 Country Code = CN
03-07 17:02:58.705 1516 4528 D LOWI-9.0.0.87.a: [LOWI-Scan] BSS f4:84:8d:21:25:a7 (wlan0) ASSO: NO AddInfo: 0x1, TSF 0, 00:14:20.262, RSSI: -126, CPL: 127, AGE: 1896, SSID hht, TSFDelta: 0x43b5ea23, TXRate: 0
03-07 17:02:58.705 1516 4528 D LOWI-9.0.0.87.a: [LOWI-Scan]
03-07 17:02:58.705 1516 4528 D LOWI-9.0.0.87.a: [LOWI-Scan] print_bss_handler: Report beacon TSF 860264674 as it greater than probe TSF 860264674
03-07 17:02:58.705 1516 4528 D LOWI-9.0.0.87.a: [LOWI-Scan] decode_rsn_wpa_ie: LOWI_ENCRYPTION_TYPE_WPA_PSK
03-07 17:02:58.705 1516 4528 D LOWI-9.0.0.87.a: [LOWI-Scan] is_qcom_ie, bss_age: 0
03-07 17:02:58.705 1516 4528 D LOWI-9.0.0.87.a: [LOWI-Scan] BSS f6:84:8d:21:25:a7 LOWI_PHY_MODE_11NG_HT40(7), Beacon Interval: 100, LOWI_ENCRYPTION_TYPE_WPA_PSK 11mcRanging: No, ANQP: No, LCI: No, Civic: No, capability(0x0411): ESS Privacy ShortSlotTime
03-07 17:02:58.705 1516 4528 D LOWI-9.0.0.87.a: [LOWI-Scan] BSS f6:84:8d:21:25:a7 FREQ: 2437, cFreq1[40:80:160] = [2427:0:0] cFreq2 = 0 Country Code = CN
03-07 17:02:58.705 1516 4528 D LOWI-9.0.0.87.a: [LOWI-Scan] BSS f6:84:8d:21:25:a7 (wlan0) ASSO: NO AddInfo: 0x1, TSF 0, 00:14:20.264, RSSI: -132, CPL: 127, AGE: 1892, SSID , TSFDelta: 0x35f159af, TXRate: 0
03-07 17:02:58.705 1516 4528 D LOWI-9.0.0.87.a: [LOWI-Scan]
03-07 17:02:58.705 1516 4528 D LOWI-9.0.0.87.a: [LOWI-Scan] print_bss_handler: Report beacon TSF 860770322 as it greater than probe TSF 599338614
03-07 17:02:58.705 1516 4528 D LOWI-9.0.0.87.a: [LOWI-Scan] decode_rsn_wpa_ie: LOWI_ENCRYPTION_TYPE_WPA_PSK
03-07 17:02:58.705 1516 4528 D LOWI-9.0.0.87.a: [LOWI-Scan] is_qcom_ie, bss_age: 0
03-07 17:02:58.705 1516 4528 D LOWI-9.0.0.87.a: [LOWI-Scan] BSS dc:fe:18:77:4e:9a LOWI_PHY_MODE_11NG_HT40(7), Beacon Interval: 100, LOWI_ENCRYPTION_TYPE_WPA_PSK 11mcRanging: No, ANQP: No, LCI: No, Civic: No, capability(0x0431): ESS Privacy ShortPreamble ShortSlotTime
03-07 17:02:58.705 1516 4528 D LOWI-9.0.0.87.a: [LOWI-Scan] BSS dc:fe:18:77:4e:9a FREQ: 2462, cFreq1[40:80:160] = [2452:0:0] cFreq2 = 0 Country Code =
03-07 17:02:58.705 1516 4528 D LOWI-9.0.0.87.a: [LOWI-Scan] BSS dc:fe:18:77:4e:9a (wlan0) ASSO: NO AddInfo: 0x1, TSF 0, 00:14:20.770, RSSI: -144, CPL: 127, AGE: 1388, SSID TP-LINK_4E9A, TSFDelta: 0x7a318b08, TXRate: 0
03-07 17:02:58.706 1516 4528 D LOWI-9.0.0.87.a: [LOWI-Scan]
03-07 17:02:58.706 1516 4528 D LOWI-9.0.0.87.a: [LOWI-Scan] print_bss_handler: Report beacon TSF 859799832 as it greater than probe TSF 859799832
03-07 17:02:58.706 1516 4528 D LOWI-9.0.0.87.a: [LOWI-Scan] decode_rsn_wpa_ie: LOWI_ENCRYPTION_TYPE_WPA_PSK
03-07 17:02:58.706 1516 4528 D LOWI-9.0.0.87.a: [LOWI-Scan] is_qcom_ie, bss_age: 0
03-07 17:02:58.706 1516 4528 D LOWI-9.0.0.87.a: [LOWI-Scan] BSS 5a:41:20:2d:fe:89 LOWI_PHY_MODE_11AC_VHT80(10), Beacon Interval: 100, LOWI_ENCRYPTION_TYPE_WPA_PSK 11mcRanging: No, ANQP: No, LCI: No, Civic: No, capability(0x1011): ESS Privacy
03-07 17:02:58.706 1516 4528 D LOWI-9.0.0.87.a: [LOWI-Scan] BSS 5a:41:20:2d:fe:89 FREQ: 5180, cFreq1[40:80:160] = [5190:5210:0] cFreq2 = 0 Country Code = CN
03-07 17:02:58.706 1516 4528 D LOWI-9.0.0.87.a: [LOWI-Scan] BSS 5a:41:20:2d:fe:89 (wlan0) ASSO: NO AddInfo: 0x1, TSF 0, 00:14:19.799, RSSI: -138, CPL: 127, AGE: 2360, SSID , TSFDelta: 0x1130fcae, TXRate: 0
03-07 17:02:58.706 1516 4528 D LOWI-9.0.0.87.a: [LOWI-Scan]
03-07 17:02:58.706 1516 4528 D LOWI-9.0.0.87.a: [LOWI-Scan] print_bss_handler: Report beacon TSF 860457569 as it greater than probe TSF 860457569
03-07 17:02:58.706 1516 4528 D LOWI-9.0.0.87.a: [LOWI-Scan] decode_rsn_wpa_ie: LOWI_ENCRYPTION_TYPE_WPA_PSK
03-07 17:02:58.706 1516 4528 D LOWI-9.0.0.87.a: [LOWI-Scan] is_qcom_ie, bss_age: 0
03-07 17:02:58.706 1516 4528 D LOWI-9.0.0.87.a: [LOWI-Scan] BSS 18:6f:2d:25:20:c0 LOWI_PHY_MODE_11NG_HT20(5), Beacon Interval: 100, LOWI_ENCRYPTION_TYPE_WPA_PSK 11mcRanging: No, ANQP: No, LCI: No, Civic: No, capability(0x0531): ESS Privacy ShortPreamble SpectrumMgmt ShortSlotTime
03-07 17:02:58.706 1516 4528 D LOWI-9.0.0.87.a: [LOWI-Scan] BSS 18:6f:2d:25:20:c0 FREQ: 2447, cFreq1[40:80:160] = [2447:0:0] cFreq2 = 0 Country Code = CN
03-07 17:02:58.706 1516 4528 D LOWI-9.0.0.87.a: [LOWI-Scan] BSS 18:6f:2d:25:20:c0 (wlan0) ASSO: NO AddInfo: 0x1, TSF 0, 00:14:20.457, RSSI: -162, CPL: 127, AGE: 1700, SSID Testing , TSFDelta: 0xd9328083, TXRate: 0
03-07 17:02:58.706 1516 4528 D LOWI-9.0.0.87.a: [LOWI-Scan]
03-07 17:02:58.706 1516 4528 D LOWI-9.0.0.87.a: [LOWI-Scan] print_bss_handler: Report Probe TSF 860749355 as it greater than Beacon TSF 637849911
03-07 17:02:58.706 1516 4528 D LOWI-9.0.0.87.a: [LOWI-Scan] decode_rsn_wpa_ie: LOWI_ENCRYPTION_TYPE_WPA_PSK
03-07 17:02:58.706 1516 4528 D LOWI-9.0.0.87.a: [LOWI-Scan] is_qcom_ie, bss_age: 0
03-07 17:02:58.706 1516 4528 D LOWI-9.0.0.87.a: [LOWI-Scan] BSS 7c:d9:5c:9d:f7:e0 LOWI_PHY_MODE_11NG_HT20(5), Beacon Interval: 100, LOWI_ENCRYPTION_TYPE_WPA_PSK 11mcRanging: No, ANQP: No, LCI: No, Civic: No, capability(0x1431): ESS Privacy ShortPreamble ShortSlotTime
03-07 17:02:58.706 1516 4528 D LOWI-9.0.0.87.a: [LOWI-Scan] BSS 7c:d9:5c:9d:f7:e0 FREQ: 2462, cFreq1[40:80:160] = [0:0:0] cFreq2 = 0 Country Code = US
03-07 17:02:58.706 1516 4528 D LOWI-9.0.0.87.a: [LOWI-Scan] BSS 7c:d9:5c:9d:f7:e0 (wlan0) ASSO: NO AddInfo: 0x0, TSF 0, 00:14:20.749, RSSI: -152, CPL: 127, AGE: 1408, SSID Google nest wifi, TSFDelta: 0x43cc86fd, TXRate: 0
03-07 17:02:58.707 1516 4528 D LOWI-9.0.0.87.a: [LOWI-Scan]
03-07 17:02:58.707 1516 4528 D LOWI-9.0.0.87.a: [LOWI-Scan] print_bss_handler: Report Probe TSF 860139372 as it greater than Beacon TSF 0
03-07 17:02:58.707 1516 4528 D LOWI-9.0.0.87.a: [LOWI-Scan] decode_rsn_wpa_ie: LOWI_ENCRYPTION_TYPE_WPA_PSK
03-07 17:02:58.707 1516 4528 D LOWI-9.0.0.87.a: [LOWI-Scan] is_qcom_ie, bss_age: 0
03-07 17:02:58.707 1516 4528 D LOWI-9.0.0.87.a: [LOWI-Scan] BSS ba:9f:09:e3:66:79 LOWI_PHY_MODE_11AC_VHT80(10), Beacon Interval: 100, LOWI_ENCRYPTION_TYPE_WPA_PSK 11mcRanging: No, ANQP: Yes, LCI: No, Civic: No, capability(0x0111): ESS Privacy SpectrumMgmt
03-07 17:02:58.707 1516 4528 D LOWI-9.0.0.87.a: [LOWI-Scan] BSS ba:9f:09:e3:66:79 FREQ: 5220, cFreq1[40:80:160] = [5230:5210:0] cFreq2 = 0 Country Code = US
03-07 17:02:58.707 1516 4528 D LOWI-9.0.0.87.a: [LOWI-Scan] BSS ba:9f:09:e3:66:79 (wlan0) ASSO: NO AddInfo: 0x0, TSF 0, 00:14:20.139, RSSI: -182, CPL: 127, AGE: 2020, SSID myGMC 6679, TSFDelta: 0x97d80f0b, TXRate: 0
03-07 17:02:58.707 1516 4528 D LOWI-9.0.0.87.a: [LOWI-Scan]
03-07 17:02:58.707 1516 4528 D LOWI-9.0.0.87.a: [LOWI-Scan] print_bss_handler: Report Probe TSF 859814941 as it greater than Beacon TSF 0
03-07 17:02:58.707 1516 4528 D LOWI-9.0.0.87.a: [LOWI-Scan] is_qcom_ie, bss_age: 0
03-07 17:02:58.707 1516 4528 D LOWI-9.0.0.87.a: [LOWI-Scan] BSS 18:6f:2d:81:18:91 LOWI_PHY_MODE_11AC_VHT20(8), Beacon Interval: 100, LOWI_ENCRYPTION_TYPE_OPEN 11mcRanging: No, ANQP: No, LCI: No, Civic: No, capability(0x0101): ESS SpectrumMgmt
03-07 17:02:58.707 1516 4528 D LOWI-9.0.0.87.a: [LOWI-Scan] BSS 18:6f:2d:81:18:91 FREQ: 5180, cFreq1[40:80:160] = [5180:0:0] cFreq2 = 0 Country Code = CN
03-07 17:02:58.707 1516 4528 D LOWI-9.0.0.87.a: [LOWI-Scan] BSS 18:6f:2d:81:18:91 (wlan0) ASSO: NO AddInfo: 0x0, TSF 0, 00:14:19.814, RSSI: -166, CPL: 127, AGE: 2344, SSID Guest, TSFDelta: 0x4f25c09f, TXRate: 0
03-07 17:02:58.707 1516 4528 D LOWI-9.0.0.87.a: [LOWI-Scan]
03-07 17:02:58.707 1516 4528 D LOWI-9.0.0.87.a: [LOWI-Scan] print_bss_handler: Report Probe TSF 859815019 as it greater than Beacon TSF 0
03-07 17:02:58.707 1516 4528 D LOWI-9.0.0.87.a: [LOWI-Scan] decode_rsn_wpa_ie: LOWI_ENCRYPTION_TYPE_WPA_PSK
03-07 17:02:58.707 1516 4528 D LOWI-9.0.0.87.a: [LOWI-Scan] is_qcom_ie, bss_age: 0
03-07 17:02:58.707 1516 4528 D LOWI-9.0.0.87.a: [LOWI-Scan] BSS 18:6f:2d:81:18:92 LOWI_PHY_MODE_11AC_VHT20(8), Beacon Interval: 100, LOWI_ENCRYPTION_TYPE_WPA_PSK 11mcRanging: No, ANQP: No, LCI: No, Civic: No, capability(0x0111): ESS Privacy SpectrumMgmt
03-07 17:02:58.707 1516 4528 D LOWI-9.0.0.87.a: [LOWI-Scan] BSS 18:6f:2d:81:18:92 FREQ: 5180, cFreq1[40:80:160] = [5180:0:0] cFreq2 = 0 Country Code = CN
03-07 17:02:58.707 1516 4528 D LOWI-9.0.0.87.a: [LOWI-Scan] BSS 18:6f:2d:81:18:92 (wlan0) ASSO: NO AddInfo: 0x0, TSF 0, 00:14:19.815, RSSI: -164, CPL: 127, AGE: 2344, SSID ZXHY, TSFDelta: 0x4f2b9107, TXRate: 0
03-07 17:02:58.707 1516 4528 D LOWI-9.0.0.87.a: [LOWI-Scan]
03-07 17:02:58.708 1516 4528 D LOWI-9.0.0.87.a: [LOWI-Scan] print_bss_handler: Report Probe TSF 859815196 as it greater than Beacon TSF 0
03-07 17:02:58.708 1516 4528 D LOWI-9.0.0.87.a: [LOWI-Scan] decode_rsn_wpa_ie: LOWI_ENCRYPTION_TYPE_WPA_PSK
03-07 17:02:58.708 1516 4528 D LOWI-9.0.0.87.a: [LOWI-Scan] is_qcom_ie, bss_age: 0
03-07 17:02:58.708 1516 4528 D LOWI-9.0.0.87.a: [LOWI-Scan] BSS 18:6f:2d:81:18:93 LOWI_PHY_MODE_11AC_VHT20(8), Beacon Interval: 100, LOWI_ENCRYPTION_TYPE_WPA_PSK 11mcRanging: No, ANQP: No, LCI: No, Civic: No, capability(0x0111): ESS Privacy SpectrumMgmt
03-07 17:02:58.708 1516 4528 D LOWI-9.0.0.87.a: [LOWI-Scan] BSS 18:6f:2d:81:18:93 FREQ: 5180, cFreq1[40:80:160] = [5180:0:0] cFreq2 = 0 Country Code = CN
03-07 17:02:58.708 1516 4528 D LOWI-9.0.0.87.a: [LOWI-Scan] BSS 18:6f:2d:81:18:93 (wlan0) ASSO: NO AddInfo: 0x0, TSF 0, 00:14:19.815, RSSI: -168, CPL: 127, AGE: 2344, SSID Fanya, TSFDelta: 0x4f2e7379, TXRate: 0
03-07 17:02:58.708 1516 4528 D LOWI-9.0.0.87.a: [LOWI-Scan]
03-07 17:02:58.708 1516 4528 D LOWI-9.0.0.87.a: [LOWI-Scan] print_bss_handler: Report Probe TSF 859815276 as it greater than Beacon TSF 0
03-07 17:02:58.708 1516 4528 D LOWI-9.0.0.87.a: [LOWI-Scan] decode_rsn_wpa_ie: LOWI_ENCRYPTION_TYPE_WPA_PSK
03-07 17:02:58.708 1516 4528 D LOWI-9.0.0.87.a: [LOWI-Scan] is_qcom_ie, bss_age: 0
03-07 17:02:58.708 1516 4528 D LOWI-9.0.0.87.a: [LOWI-Scan] BSS 18:6f:2d:81:18:94 LOWI_PHY_MODE_11AC_VHT20(8), Beacon Interval: 100, LOWI_ENCRYPTION_TYPE_WPA_PSK 11mcRanging: No, ANQP: No, LCI: No, Civic: No, capability(0x0111): ESS Privacy SpectrumMgmt
03-07 17:02:58.708 1516 4528 D LOWI-9.0.0.87.a: [LOWI-Scan] BSS 18:6f:2d:81:18:94 FREQ: 5180, cFreq1[40:80:160] = [5180:0:0] cFreq2 = 0 Country Code = CN
03-07 17:02:58.708 1516 4528 D LOWI-9.0.0.87.a: [LOWI-Scan] BSS 18:6f:2d:81:18:94 (wlan0) ASSO: NO AddInfo: 0x0, TSF 0, 00:14:19.815, RSSI: -166, CPL: 127, AGE: 2344, SSID ThunderSoft, TSFDelta: 0x4f31460a, TXRate: 0
03-07 17:02:58.708 1516 4528 D LOWI-9.0.0.87.a: [LOWI-Scan]
03-07 17:02:58.708 1516 4528 D LOWI-9.0.0.87.a: [LOWI-Scan] print_bss_handler: Report Probe TSF 859815346 as it greater than Beacon TSF 0
03-07 17:02:58.708 1516 4528 D LOWI-9.0.0.87.a: [LOWI-Scan] decode_rsn_wpa_ie: LOWI_ENCRYPTION_TYPE_WPA_PSK
03-07 17:02:58.708 1516 4528 D LOWI-9.0.0.87.a: [LOWI-Scan] is_qcom_ie, bss_age: 0
03-07 17:02:58.708 1516 4528 D LOWI-9.0.0.87.a: [LOWI-Scan] BSS 18:6f:2d:81:18:95 LOWI_PHY_MODE_11AC_VHT20(8), Beacon Interval: 100, LOWI_ENCRYPTION_TYPE_WPA_PSK 11mcRanging: No, ANQP: No, LCI: No, Civic: No, capability(0x0111): ESS Privacy SpectrumMgmt
03-07 17:02:58.708 1516 4528 D LOWI-9.0.0.87.a: [LOWI-Scan] BSS 18:6f:2d:81:18:95 FREQ: 5180, cFreq1[40:80:160] = [5180:0:0] cFreq2 = 0 Country Code = CN
03-07 17:02:58.708 1516 4528 D LOWI-9.0.0.87.a: [LOWI-Scan] BSS 18:6f:2d:81:18:95 (wlan0) ASSO: NO AddInfo: 0x0, TSF 0, 00:14:19.815, RSSI: -166, CPL: 127, AGE: 2344, SSID GM, TSFDelta: 0x4f342002, TXRate: 0
03-07 17:02:58.708 1516 4528 D LOWI-9.0.0.87.a: [LOWI-Scan]
03-07 17:02:58.708 1516 4528 D LOWI-9.0.0.87.a: [LOWI-Scan] print_bss_handler: Report beacon TSF 859825458 as it greater than probe TSF 859825458
03-07 17:02:58.708 1516 4528 D LOWI-9.0.0.87.a: [LOWI-Scan] decode_rsn_wpa_ie: LOWI_ENCRYPTION_TYPE_WPA_PSK
03-07 17:02:58.708 1516 4528 D LOWI-9.0.0.87.a: [LOWI-Scan] is_qcom_ie, bss_age: 0
03-07 17:02:58.708 1516 4528 D LOWI-9.0.0.87.a: [LOWI-Scan] BSS ec:88:8f:86:24:e0 LOWI_PHY_MODE_11NG_HT40(7), Beacon Interval: 100, LOWI_ENCRYPTION_TYPE_WPA_PSK 11mcRanging: No, ANQP: No, LCI: No, Civic: No, capability(0x0531): ESS Privacy ShortPreamble SpectrumMgmt ShortSlotTime
03-07 17:02:58.708 1516 4528 D LOWI-9.0.0.87.a: [LOWI-Scan] BSS ec:88:8f:86:24:e0 FREQ: 2412, cFreq1[40:80:160] = [2422:0:0] cFreq2 = 0 Country Code = US
03-07 17:02:58.708 1516 4528 D LOWI-9.0.0.87.a: [LOWI-Scan] BSS ec:88:8f:86:24:e0 (wlan0) ASSO: NO AddInfo: 0x1, TSF 0, 00:14:19.825, RSSI: -148, CPL: 127, AGE: 2332, SSID FW_xts, TSFDelta: 0x4aa4c77, TXRate: 0
03-07 17:02:58.709 1516 4528 D LOWI-9.0.0.87.a: [LOWIDiagLog] Log: lowiMeasResult->request: invalid null argument
03-07 17:02:58.709 1516 4528 I LOWI-9.0.0.87.a: [LOWI-Scan] lowi_close_record:Scan done in 816883ms, 74 APs in scan results
03-07 17:02:58.709 1516 4528 D LOWI-9.0.0.87.a: [LOWI-Scan] WipsScanUsingNL: passive scan cached 0, took 200904 ms, err 0
03-07 17:02:58.709 1516 4528 D LOWI-9.0.0.87.a: [LOWI-Scan] lowi_proc_req_passive_scan_with_live_meas - No WLAN Frames to be parsed
03-07 17:02:58.709 1516 4528 D LOWI-9.0.0.87.a: [LOWIScanResultReceiver] Send scan meas to listener
03-07 17:02:58.709 1516 4528 D LOWI-9.0.0.87.a: [LOWIScanResultReceiver] Enter passive listening mode
03-07 17:02:58.709 1516 4528 D LOWI-9.0.0.87.a: [LOWIWifiDriverInterface] getMeasurements - Passive listening mode
03-07 17:02:58.709 1516 4528 D LOWI-9.0.0.87.a: [LOWI-Scan] WipsScanUsingNL:wait -1 sec for netlink message
03-07 17:02:58.709 1516 1532 D LOWI-9.0.0.87.a: [LOWIEventReceiver] handleEvent:FROM:NA, TO:NA, REQ:NA, IREQ:NA, REQ_ID:0, RESP:NA, INFO:NA
03-07 17:02:58.709 1516 1532 D LOWI-9.0.0.87.a: [LOWIBackgroundScanMgr] isRspForBgScanMgr: evt(LOWI_NO_EVT) - not handled
03-07 17:02:58.709 1516 1532 D LOWI-9.0.0.87.a: [LOWIScheduler] manageMsg: NULL results or NULL request in results
03-07 17:02:58.709 1516 1532 D LOWI-9.0.0.87.a: [LOWIController] Measurements received
03-07 17:02:58.710 1516 1532 D LOWI-9.0.0.87.a: [LOWICacheManager] putInCache:Num of Meas to add: 74
03-07 17:02:58.715 1516 1532 D LOWI-9.0.0.87.a: [LOWICacheManager] addToCache: Cache Full, Cache Limit: 100, Purging: 50
03-07 17:02:58.716 1516 1532 D LOWI-9.0.0.87.a: [LOWIController] processMeasurementResults: No current Request. Cache measurements
03-07 17:02:58.716 1516 1532 D LOWI-9.0.0.87.a: [LOWIControllerExtn] sendLOWILpDiscoveryScanResponse: Not a discovery scan response
03-07 17:02:58.733 1002 1702 D PasspointManager: ANQP entry not found for: d8:32:14:df:f6:03:
03-07 17:02:58.734 1002 1702 D PasspointManager: ANQP entry not found for: ba:9f:09:60:1a:58:
03-07 17:02:58.735 1002 1702 D PasspointManager: ANQP entry not found for: 62:e6:f0:dd:03:c7:
03-07 17:02:58.735 1002 1702 D PasspointManager: ANQP entry not found for: ba:9f:09:e3:66:79:
03-07 17:02:58.786 2525 2525 W WifiDebugService: Can not find target wifi network : hht_test_wifi_fc4318c9
03-07 17:02:58.875 3285 3285 I hintView: forceClose=true,resetShowChs=true
03-07 17:02:58.875 3285 3285 I hintView: dismissPop()
03-07 17:02:58.919 1002 2945 E TaskPersister: File error accessing recents directory (directory doesn't exist?).
03-07 17:02:58.976 8579 8579 I settings_latency: [1,90]
03-07 17:02:59.014 4946 8635 I mars::cdn: [connection_factory.cc:621, GetOrCreateFromExistConnection]:take conn 0x7d76ed9068(742)@TCP from cache.
03-07 17:02:59.048 1002 1002 I service_manager_stats: [100,116,50822]
03-07 17:02:59.185 1324 8405 I OMX-VENC: venc_dev: stats: avg. fps 21.55, bitrate 520361
03-07 17:02:59.245 8579 8579 D ViewRootImpl[SearchActivity]: changeCanvasOpacity: opaque=false
03-07 17:02:59.292 650 660 I mpu_uart: [MSG-P:RECV]:No message received in 1000 ms
03-07 17:02:59.478 4946 8635 I mars::cdn: [netchannel.cc:293, __RunReadWrite]:runloop rv 0 errtype 0 errcode 0 idling false
03-07 17:02:59.479 4946 8635 I mars::cdn: [netchannel.cc:871, __AfterRun]:cdntask 28 putback conn 0x7d76ed9068(742)@TCP to cache.
03-07 17:02:59.479 4946 8635 I mars::cdn: [netchannel.cc:871, __AfterRun]:cdntask 28 putback conn 0x7d76e39028(568)@TCP to cache.
03-07 17:02:59.718 1002 1695 W BestClock: java.time.DateTimeException: Missing NTP fix
03-07 17:02:59.719 674 674 I netd : trafficSwapActiveStatsMap() <0.53ms>
03-07 17:02:59.725 674 674 I netd : tetherGetStats() -> {[]} <2.92ms>
03-07 17:02:59.751 1002 1695 W BestClock: java.time.DateTimeException: Missing NTP fix
03-07 17:02:59.751 1002 1695 I netstats_mobile_sample: [0,0,0,0,0,0,0,0,0,0,0,0,1678179779751]
03-07 17:02:59.752 1002 1695 I netstats_wifi_sample: [191544622,142214,4563235,57097,191544622,142214,4563235,57097,192147924,147156,3917503,55297,1678179779751]
03-07 17:02:59.753 674 674 I netd : bandwidthSetGlobalAlert(2097152) <0.66ms>
03-07 17:02:59.755 1002 1696 W BestClock: java.time.DateTimeException: Missing NTP fix
03-07 17:02:59.755 1002 1696 W BestClock: java.time.DateTimeException: Missing NTP fix
03-07 17:03:00.008 1983 1983 D KeyguardUpdateMonitor: received broadcast android.intent.action.TIME_TICK
03-07 17:03:00.017 1983 1983 D KeyguardUpdateMonitor: handleTimeUpdate
03-07 17:03:00.105 1002 2024 I ntp_failure: [time.android.com/216.239.35.8,java.net.SocketTimeoutException: Poll timed out]
03-07 17:03:00.105 1002 2024 D SntpClient: request time failed: java.net.SocketTimeoutException: Poll timed out
03-07 17:03:00.215 1324 8405 I OMX-VENC: venc_dev: stats: avg. fps 44.63, bitrate 1051186
03-07 17:03:00.292 650 660 I mpu_uart: [MSG-P:RECV]:No message received in 1000 ms
03-07 17:03:00.395 1262 1262 I perfetto: ng_service_impl.cc:1821 FlushAndDisableTracing(3) done, success=1
03-07 17:03:00.396 1260 1260 I perfetto: probes_producer.cc:340 Producer stop (id=3)
03-07 17:03:00.412 1262 1262 I perfetto: ng_service_impl.cc:2293 Tracing session 3 ended, total sessions:1
03-07 17:03:00.445 3285 3285 I hintView: forceClose=true,resetShowChs=true
03-07 17:03:00.445 3285 3285 I hintView: dismissPop()
03-07 17:03:00.509 8579 8579 I settings_latency: [1,63]
03-07 17:03:00.665 1258 8498 I iorapd : Perfetto TraceBuffer saved to file: /data/misc/iorapd/com.android.settings/31/com.android.settings.Settings/raw_traces/1678179780651982854.perfetto_trace.pb
03-07 17:03:00.811 3285 3285 I hintView: forceClose=true,resetShowChs=true
03-07 17:03:00.811 3285 3285 I hintView: dismissPop()
03-07 17:03:00.827 8579 8579 I settings_latency: [1,12]
03-07 17:03:01.045 3285 3285 I hintView: forceClose=true,resetShowChs=true
03-07 17:03:01.046 3285 3285 I hintView: dismissPop()
03-07 17:03:01.070 8579 8579 I settings_latency: [1,24]
03-07 17:03:01.215 1324 8405 I OMX-VENC: venc_dev: stats: avg. fps 15.00, bitrate 338656
03-07 17:03:01.292 650 660 I mpu_uart: [MSG-P:RECV]:No message received in 1000 ms
03-07 17:03:01.547 650 659 I mpu_uart: [MSG-P:R]:recv sync frame timeout
03-07 17:03:01.796 4946 8651 I mars::cdn: [connection_factory.cc:340, GetOrCreateTCPConnection]:cdntask 29 take conn 0x7d76e39028(568)@TCP from cache.
03-07 17:03:01.797 4946 8651 I mars::cdn: [taskbase.cc:1076, OnMainConnectionEnstablished]:cdntask 29 connect ok:183.255.109.219:443 [TCP] source CACHE, prev addr:0.0.0.0:0, proxyaddr:0.0.0.0:0, cost:(0,0)
03-07 17:03:01.916 3285 4525 I OpenGLRenderer: Davey! duration=9223371171508ms; Flags=0, FrameTimelineVsyncId=-1, IntendedVsync=865346241437, Vsync=865346242896, InputEventId=728834877, HandleInputStart=865346250760, AnimationStart=865346252739, PerformTraversalsStart=865346255135, DrawStart=865346325916, FrameDeadline=9223372036854775807, FrameInterval=865346242896, FrameStartTime=16666666, SyncQueued=865348095864, SyncStart=865348448000, IssueDrawCommandsStart=865348702687, SwapBuffers=865350524458, FrameCompleted=9223372036854775807, DequeueBufferDuration=24844, QueueBufferDuration=1549323, GpuCompleted=9223372036854775807, SwapBuffersCompleted=865353077843, DisplayPresentTime=1428528834769266504,
03-07 17:03:01.925 1262 1262 I perfetto: ng_service_impl.cc:1821 FlushAndDisableTracing(4) done, success=1
03-07 17:03:01.926 1260 1260 I perfetto: probes_producer.cc:340 Producer stop (id=4)
01-02 07:17:36.502 0 0 I perfetto: disabled ftrace
03-07 17:03:01.932 1260 1260 I perfetto: ftrace_procfs.cc:213 disabled ftrace in /sys/kernel/tracing/
03-07 17:03:01.952 1262 1262 I perfetto: ng_service_impl.cc:2293 Tracing session 4 ended, total sessions:0
03-07 17:03:01.996 3285 3285 I hintView: forceClose=true,resetShowChs=true
03-07 17:03:01.997 3285 3285 I hintView: dismissPop()
03-07 17:03:02.015 8579 8579 I settings_latency: [1,19]
03-07 17:03:02.162 1258 8575 I iorapd : Perfetto TraceBuffer saved to file: /data/misc/iorapd/com.android.settings.intelligence/31/com.android.settings.intelligence.search.SearchActivity/raw_traces/1678179782149447540.perfetto_trace.pb
03-07 17:03:02.265 1324 8405 I OMX-VENC: venc_dev: stats: avg. fps 10.47, bitrate 239605
03-07 17:03:02.292 650 660 I mpu_uart: [MSG-P:RECV]:No message received in 1000 ms
01-02 07:17:36.877 0 0 E DTC_ETH,link_delay_work_func: 3003, SQI=0, link=0
03-07 17:03:02.402 4946 8651 I mars::cdn: [connection_factory.cc:621, GetOrCreateFromExistConnection]:take conn 0x7d76ed9068(742)@TCP from cache.
03-07 17:03:02.416 3285 3285 I hintView: forceClose=true,resetShowChs=true
03-07 17:03:02.416 3285 3285 I hintView: dismissPop()
03-07 17:03:02.421 1002 1061 I thunderperf: Maybe need boostperf for current app!
03-07 17:03:02.421 2109 2141 D FgBoostPerfService: [FgBoostPerfService.perfBoostAcq]start: stat=true pkgName=com.tc.logclient
03-07 17:03:02.421 2109 2141 I FgBoostPerfService: [FgBoostPerfService.perfBoostAcq] not game-mode or game app!
03-07 17:03:02.422 1002 1061 I ThunderPerfManager: PerfAcq error : state=true pkgName=com.tc.logclient
03-07 17:03:02.423 2109 2141 I FgBoostPerfService: [GetGpuMode] isMode=0 isGame=false mGpuMode=0
03-07 17:03:02.424 2109 2141 I FgBoostPerfService: [GetGpuDpiType] isMode=0 isGame=false mGpuDpiType=0
03-07 17:03:02.425 2109 2141 I FgBoostPerfService: [GetGpuDpiType] isMode=0 isGame=false mGpuStandardValue=0
03-07 17:03:02.426 1002 1061 I thunderperf: Current app pkgName=com.tc.logclient bm:com.thundercomm.perf.BoostPerfManager@d7c886d gpuMode=-1 gpuType=-1 gpuStandardVal=-1
03-07 17:03:02.426 1002 1061 I ThunderBoostPerfService: Resolution: Uid=10063 Pid=8579 gMode=-1 dType=-1 gpuStandardVal=-1
03-07 17:03:02.427 1002 1061 I thunderperf: PlatormCompat.setOverrides: Uid1=10063 Pid1=8579 Uid2=10063 Pid2=8579
03-07 17:03:02.427 1002 1061 I thunderperf: PlatormCompat.setOverrides: needCheck:false
03-07 17:03:02.427 1002 1061 I thunderperf: CompatConfig.addOverrideUnsafe: bef-state=0
03-07 17:03:02.427 1002 1061 I thunderperf: CompatConfig.addOverrideUnsafe: aft-state=0
03-07 17:03:02.427 1002 1061 W PackageManager: MATCH_ANY_USER flag requires INTERACT_ACROSS_USERS permission: UID 10063 requires android.permission.INTERACT_ACROSS_USERS_FULL or android.permission.INTERACT_ACROSS_USERS to access user 0.
03-07 17:03:02.428 1002 1061 E BoostPerfManager: UpdateResolution SecurityException : e=java.lang.SecurityException: MATCH_ANY_USER flag requires INTERACT_ACROSS_USERS permission: UID 10063 requires android.permission.INTERACT_ACROSS_USERS_FULL or android.permission.INTERACT_ACROSS_USERS to access user 0.
03-07 17:03:02.428 1002 1061 I ActivityTaskManager: START u0 {cmp=com.tc.logclient/.LogClientActivity} from uid 10063
03-07 17:03:02.429 1002 1153 I EventSequenceValidator: inc AccIntentStartedEvents to 2
03-07 17:03:02.442 1002 1061 E ANDR-PERF-JNI: com_qualcomm_qtiperformance_native_perf_io_prefetch_start
03-07 17:03:02.443 1002 1061 I wm_task_created: [22,-1]
03-07 17:03:02.443 1002 1061 W ActivityTaskManager: Can't find TaskDisplayArea to determine support for multi window. Task id=22 attached=false
03-07 17:03:02.446 965 3369 E ANDR-IOP: io prefetch is disabled
03-07 17:03:02.446 1002 1061 D CompatibilityChangeReporter: Compat change id reported: 174042980; UID 1000; state: DISABLED
03-07 17:03:02.447 1002 1061 I wm_task_moved: [22,1,8]
03-07 17:03:02.447 1002 1061 I wm_task_to_front: [0,22]
03-07 17:03:02.447 1002 1061 I wm_create_task: [0,22]
03-07 17:03:02.447 1002 1061 I wm_create_activity: [0,28262711,22,com.tc.logclient/.LogClientActivity,NULL,NULL,NULL,276824064]
03-07 17:03:02.447 1002 1061 I wm_task_moved: [22,1,8]
03-07 17:03:02.448 1002 1061 D CompatibilityChangeReporter: Compat change id reported: 168419799; UID 1000; state: DISABLED
03-07 17:03:02.448 1002 1061 D CompatibilityInfo: mCompatibilityFlags - 4
03-07 17:03:02.448 1002 1061 D CompatibilityInfo: applicationDensity - 240
03-07 17:03:02.448 1002 1061 D CompatibilityInfo: applicationScale - 1.0
03-07 17:03:02.449 1002 1061 D ActivityTrigger: ActivityTrigger activityPauseTrigger
03-07 17:03:02.449 1983 2108 D PhoneStartingWindowTypeAlgorithm: preferredStartingWindowType newTask:true taskSwitch:true processRunning:true allowTaskSnapshot:true activityCreated:false useEmptySplashScreen:true legacySplashScreen:false topIsHome:false
03-07 17:03:02.449 1983 2108 D StartingSurfaceDrawer: addSplashScreen com.tc.logclient theme=7f0f0005 task=22 suggestType=3
03-07 17:03:02.449 1002 1061 I wm_pause_activity: [0,206824944,com.android.settings.intelligence/.search.SearchActivity,userLeaving=true,pauseBackTasks]
03-07 17:03:02.452 1983 2111 D StartingSurfaceDrawer: window attributes color: 0 icon null duration 0 brandImage null
03-07 17:03:02.453 1983 2111 D SplashScreenView: Build android.window.SplashScreenView{32a8867 V.E...... ......ID 0,0-0,0}
03-07 17:03:02.453 1983 2111 D SplashScreenView: Icon: view: null drawable: null size: 0
03-07 17:03:02.453 1983 2111 D SplashScreenView: Branding: view: android.view.View{555a614 G.ED..... ......I. 0,0-0,0 #10204a8 android:id/splashscreen_branding_view} drawable: null size w: 0 h: 0
03-07 17:03:02.453 1983 2111 D StartingSurfaceDrawer: fillViewWithIcon surfaceWindowView android.window.SplashScreenView{32a8867 V.E...... ......ID 0,0-0,0}
03-07 17:03:02.454 8579 8579 D CompatibilityChangeReporter: Compat change id reported: 163400105; UID 10063; state: DISABLED
03-07 17:03:02.456 8579 8579 I wm_on_top_resumed_lost_called: [206824944,com.android.settings.intelligence.search.SearchActivity,topStateChangedWhenResumed]
03-07 17:03:02.457 8579 8579 I wm_on_paused_called: [206824944,com.android.settings.intelligence.search.SearchActivity,performPause]
03-07 17:03:02.458 1002 6431 I ActivityTaskManager: FOREGROUND_APPLICATION_CHANGED to com.tc.logclient.LogClientActivity
03-07 17:03:02.459 1002 6431 I ActivityTaskManager: The Process com.tc.logclient Already Exists in BG. So sending its PID: 2419
03-07 17:03:02.460 1002 6431 I wm_add_to_stopping: [0,206824944,com.android.settings.intelligence/.search.SearchActivity,makeInvisible]
03-07 17:03:02.461 1002 6431 I wm_restart_activity: [0,28262711,22,com.tc.logclient/.LogClientActivity]
03-07 17:03:02.461 1002 6431 D CompatibilityInfo: mCompatibilityFlags - 4
03-07 17:03:02.461 1002 6431 D CompatibilityInfo: applicationDensity - 240
03-07 17:03:02.461 1002 6431 D CompatibilityInfo: applicationScale - 1.0
03-07 17:03:02.463 3285 3285 I hintView: forceClose=true,resetShowChs=true
03-07 17:03:02.463 3285 3285 I hintView: dismissPop()
03-07 17:03:02.476 3285 3285 I hintView: forceClose=true,resetShowChs=true
03-07 17:03:02.476 3285 3285 I hintView: dismissPop()
03-07 17:03:02.492 1002 6431 I wm_set_resumed_activity: [0,com.tc.logclient/.LogClientActivity,minimalResumeActivityLocked]
03-07 17:03:02.504 1002 1153 I dvm_lock_sample: [system_server,1,android.display,7,TaskChangeNotificationController.java,320,void com.android.server.wm.TaskChangeNotificationController.forAllRemoteListeners(com.android.server.wm.TaskChangeNotificationController$TaskStackConsumer, android.os.Message),,0,null,1]
03-07 17:03:02.511 1002 1153 I sysui_multi_action: [757,803,799,window_time_0,802,5]
03-07 17:03:02.516 8579 8579 D InsetsController: show(ime(), fromIme=true)
03-07 17:03:02.524 3285 3285 I hintView: forceClose=true,resetShowChs=true
03-07 17:03:02.524 3285 3285 I hintView: dismissPop()
03-07 17:03:02.527 3285 3285 I hintView: forceClose=true,resetShowChs=true
03-07 17:03:02.527 3285 3285 I hintView: dismissPop()
03-07 17:03:02.534 1002 1662 I input_focus: [Focus leaving f18e08b com.android.settings.intelligence/com.android.settings.intelligence.search.SearchActivity (server),reason=NO_WINDOW]
03-07 17:03:02.541 2419 2419 I wm_on_create_called: [28262711,com.tc.logclient.LogClientActivity,performCreate]
03-07 17:03:02.541 2419 2419 W ContextImpl: Calling a method in the system process without a qualified user: android.app.ContextImpl.startService:1816 android.content.ContextWrapper.startService:774 android.content.ContextWrapper.startService:774 com.tc.logclient.LogZipService.start:38 com.tc.logclient.LogClientFragment.onCreate:111
03-07 17:03:02.542 1002 1061 D CompatibilityInfo: mCompatibilityFlags - 4
03-07 17:03:02.542 1002 1061 D CompatibilityInfo: applicationDensity - 240
03-07 17:03:02.542 1002 1061 D CompatibilityInfo: applicationScale - 1.0
03-07 17:03:02.545 1002 6431 W InputManager-JNI: Input channel object '9dc10ae PopupWindow:b7efd42 (client)' was disposed without first being removed with the input manager!
03-07 17:03:02.560 2419 2419 D CompatibilityChangeReporter: Compat change id reported: 171228096; UID 1000; state: ENABLED
03-07 17:03:02.566 674 8669 D resolv : GetAddrInfoHandler::run: {100 262244 100 983140 10021 0}
03-07 17:03:02.566 674 8669 D resolv : resolv_getaddrinfo: explore_fqdn(): ai_family=0 ai_socktype=1 ai_protocol=6
03-07 17:03:02.571 674 8668 D resolv : GetAddrInfoHandler::run: {100 262244 100 983140 10021 0}
03-07 17:03:02.571 674 8668 D resolv : resolv_getaddrinfo: explore_fqdn(): ai_family=0 ai_socktype=1 ai_protocol=6
03-07 17:03:02.573 674 8670 D resolv : doQuery: (1, 1)
03-07 17:03:02.573 674 8670 D resolv : res_nmkquery: (QUERY, IN, A)
03-07 17:03:02.573 674 8670 D resolv : res_nsend
03-07 17:03:02.573 674 8670 I resolv : resolv_cache_lookup: lookup
03-07 17:03:02.573 674 8670 I resolv : resolv_cache_lookup: NOT IN CACHE (STALE ENTRY 0xb40000700e65d270DISCARDED)
03-07 17:03:02.573 674 8670 I resolv : _cache_remove_p: entry 17 removed (count=51)
03-07 17:03:02.573 674 8670 I resolv : resolv_populate_res_for_net: netid=100
03-07 17:03:02.573 674 8670 I resolv : res_stats_usable_server: NS stats: S 55 + E 0 + T 0 + I 0 = 55, rtt = 45, min_samples = 8
03-07 17:03:02.573 674 8670 I resolv : res_stats_usable_server: success rate 100
03-07 17:03:02.573 674 8670 D resolv : res_nsend: Querying server (# 1) address = 192.168.124.1:53
03-07 17:03:02.573 674 8670 D resolv : send_dg: new DG socket
03-07 17:03:02.574 674 8670 I resolv : get_timeout: using timeout of 5000 msec
03-07 17:03:02.574 674 8670 I resolv : retrying_poll: 56 retrying_poll
03-07 17:03:02.578 674 8671 D resolv : doQuery: (1, 1)
03-07 17:03:02.578 674 8671 D resolv : res_nmkquery: (QUERY, IN, A)
03-07 17:03:02.578 674 8671 D resolv : res_nsend
03-07 17:03:02.578 674 8671 I resolv : resolv_cache_lookup: lookup
03-07 17:03:02.578 674 8671 I resolv : resolv_cache_lookup: NOT IN CACHE
03-07 17:03:02.578 674 8671 I resolv : resolv_populate_res_for_net: netid=100
03-07 17:03:02.578 674 8671 I resolv : res_stats_usable_server: NS stats: S 55 + E 0 + T 0 + I 0 = 55, rtt = 45, min_samples = 8
03-07 17:03:02.578 674 8671 I resolv : res_stats_usable_server: success rate 100
03-07 17:03:02.578 674 8671 D resolv : res_nsend: Querying server (# 1) address = 192.168.124.1:53
