03-07 17:02:09.292 4946 5021 W PackageParsing: at com.tencent.mm.service.MMIntentService$a.handleMessage(SourceFile:31)
03-07 17:02:09.292 4946 5021 W PackageParsing: at com.tencent.mm.sdk.platformtools.MMHandler$3.handleMessage(SourceFile:456)
03-07 17:02:09.292 4946 5021 W PackageParsing: at com.tencent.threadpool.j.c.dispatchMessage(SourceFile:247)
03-07 17:02:09.292 4946 5021 W PackageParsing: at com.tencent.mm.sdk.platformtools.MMHandler$3.dispatchMessage(SourceFile:444)
03-07 17:02:09.292 4946 5021 W PackageParsing: at com.tencent.threadpool.j.c$1.dispatchMessage(SourceFile:37)
03-07 17:02:09.292 4946 5021 W PackageParsing: at com.tencent.threadpool.j.c$a.run(SourceFile:474)
03-07 17:02:09.292 4946 5021 W PackageParsing: at java.util.concurrent.Executors$RunnableAdapter.call(Executors.java:462)
03-07 17:02:09.292 4946 5021 W PackageParsing: at java.util.concurrent.FutureTask.run(FutureTask.java:266)
03-07 17:02:09.292 4946 5021 W PackageParsing: at com.tencent.threadpool.i.k.run(SourceFile:8297)
03-07 17:02:09.292 4946 5021 W PackageParsing: at com.tencent.threadpool.j.e.run(SourceFile:52)
03-07 17:02:09.292 4946 5021 W PackageParsing: at java.util.concurrent.ThreadPoolExecutor.runWorker(ThreadPoolExecutor.java:1167)
03-07 17:02:09.292 4946 5021 W PackageParsing: at java.util.concurrent.ThreadPoolExecutor$Worker.run(ThreadPoolExecutor.java:641)
03-07 17:02:09.292 4946 5021 W PackageParsing: at com.tencent.threadpool.c.a$3.run(SourceFile:52)
03-07 17:02:09.292 4946 5021 W PackageParsing: at java.lang.Thread.run(Thread.java:920)
03-07 17:02:09.294 1002 2813 D ActivityTrigger: ActivityTrigger activityPauseTrigger
03-07 17:02:09.294 1002 2813 I wm_pause_activity: [0,139010066,com.tencent.mm/.pluginsdk.permission.PermissionActivity,userLeaving=false,finish]
03-07 17:02:09.297 4946 4946 I wm_on_top_resumed_lost_called: [139010066,com.tencent.mm.pluginsdk.permission.PermissionActivity,topStateChangedWhenResumed]
03-07 17:02:09.299 4946 7525 E FA : Task exception on worker thread: java.lang.IllegalStateException: Not initialized: com.google.android.gms.internal.measurement.zzhh.zzch(Unknown Source:11)
03-07 17:02:09.300 4946 7525 E FA : Task exception on worker thread: java.lang.IllegalStateException: Not initialized: com.google.android.gms.internal.measurement.zzhh.zzch(Unknown Source:11)
03-07 17:02:09.300 4946 7525 E FA : Persisted config not initialized. Not logging error/warn
03-07 17:02:09.300 4946 7525 E FA : Persisted config not initialized. Not logging error/warn
03-07 17:02:09.300 4946 4946 I wm_on_paused_called: [139010066,com.tencent.mm.pluginsdk.permission.PermissionActivity,performPause]
03-07 17:02:09.301 1002 2695 I ActivityTaskManager: FOREGROUND_APPLICATION_CHANGED to com.tencent.mm.ui.LauncherUI
03-07 17:02:09.303 1002 2695 I wm_set_resumed_activity: [0,com.tencent.mm/.ui.LauncherUI,resumeTopActivityInnerLocked]
03-07 17:02:09.304 1002 2695 I wm_resume_activity: [0,104930713,19,com.tencent.mm/.ui.LauncherUI]
03-07 17:02:09.315 1002 1154 I input_focus: [Focus request b7ba93a com.tencent.mm/com.tencent.mm.ui.LauncherUI,reason=UpdateInputWindows]
03-07 17:02:09.315 1002 1153 I sysui_multi_action: [757,803,799,window_time_0,802,1]
03-07 17:02:09.322 4946 7525 E FA : Task exception on worker thread: java.lang.IllegalStateException: AppMeasurement is not initialized: com.google.android.gms.internal.measurement.zzgl.zzch(Unknown Source:14)
03-07 17:02:09.323 4946 7525 E FA : Task exception on worker thread: java.lang.IllegalStateException: Not initialized: com.google.android.gms.internal.measurement.zzhh.zzch(Unknown Source:11)
03-07 17:02:09.323 1002 1662 I input_focus: [Focus leaving 3bb71a com.tencent.mm/com.tencent.mm.pluginsdk.permission.PermissionActivity (server),reason=NO_WINDOW]
03-07 17:02:09.323 4946 7525 E FA : Persisted config not initialized. Not logging error/warn
03-07 17:02:09.330 4946 7525 E FA : Persisted config not initialized. Not logging error/warn
03-07 17:02:09.338 1068 1068 I BpBinder: onLastStrongRef automatically unlinking death recipients:
03-07 17:02:09.340 1002 1662 I input_focus: [Focus entering b7ba93a com.tencent.mm/com.tencent.mm.ui.LauncherUI (server),reason=setFocusedWindow]
03-07 17:02:09.344 4946 4946 I wm_on_resume_called: [104930713,com.tencent.mm.ui.LauncherUI,RESUME_ACTIVITY]
03-07 17:02:09.356 4946 4946 I wm_on_top_resumed_gained_called: [104930713,com.tencent.mm.ui.LauncherUI,topWhenResuming]
03-07 17:02:09.366 7793 7963 D libEGL : MSAA-->msaa:0 gamemode:0 4x_msaa:0
03-07 17:02:09.430 1002 2813 W FreeFormWindowHelper: Current Display FreeFormTask is null
03-07 17:02:09.519 4946 4956 I com.tencent.mm: Background young concurrent copying GC freed 544734(23MB) AllocSpace objects, 6(184KB) LOS objects, 26% free, 54MB/74MB, paused 2.276ms,109us total 156.395ms
03-07 17:02:09.557 1002 1153 I wm_destroy_activity: [0,139010066,19,com.tencent.mm/.pluginsdk.permission.PermissionActivity,finish-transit]
03-07 17:02:09.587 4946 4946 I wm_on_stop_called: [139010066,com.tencent.mm.pluginsdk.permission.PermissionActivity,LIFECYCLER_STOP_ACTIVITY]
03-07 17:02:09.588 4946 4946 W com.tencent.mm: Accessing hidden field Landroid/view/inputmethod/InputMethodManager;->mCurRootView:Landroid/view/ViewRootImpl; (blocked, reflection, denied)
03-07 17:02:09.589 4946 4946 I wm_on_destroy_called: [139010066,com.tencent.mm.pluginsdk.permission.PermissionActivity,performDestroy]
03-07 17:02:09.595 1002 1397 W InputManager-JNI: Input channel object '297647d com.tencent.mm/com.tencent.mm.pluginsdk.permission.PermissionActivity (client)' was disposed without first being removed with the input manager!
03-07 17:02:09.596 4946 4946 E WindowManager: android.view.WindowLeaked: Activity com.tencent.mm.pluginsdk.permission.PermissionActivity has leaked window DecorView@e34bd35[PermissionActivity] that was originally added here
03-07 17:02:09.596 4946 4946 E WindowManager: at android.view.ViewRootImpl.(ViewRootImpl.java:785)
03-07 17:02:09.596 4946 4946 E WindowManager: at android.view.ViewRootImpl.(ViewRootImpl.java:769)
03-07 17:02:09.596 4946 4946 E WindowManager: at android.view.WindowManagerGlobal.addView(WindowManagerGlobal.java:389)
03-07 17:02:09.596 4946 4946 E WindowManager: at android.view.WindowManagerImpl.addView(WindowManagerImpl.java:134)
03-07 17:02:09.596 4946 4946 E WindowManager: at android.app.Dialog.show(Dialog.java:345)
03-07 17:02:09.596 4946 4946 E WindowManager: at com.tencent.mm.ui.widget.dialog.e.show(SourceFile:1163)
03-07 17:02:09.596 4946 4946 E WindowManager: at com.tencent.mm.ui.base.k.a(SourceFile:498)
03-07 17:02:09.596 4946 4946 E WindowManager: at com.tencent.mm.pluginsdk.permission.PermissionActivity.onResume(SourceFile:302)
03-07 17:02:09.596 4946 4946 E WindowManager: at android.app.Instrumentation.callActivityOnResume(Instrumentation.java:1477)
03-07 17:02:09.596 4946 4946 E WindowManager: at android.app.Activity.performResume(Activity.java:8216)
03-07 17:02:09.596 4946 4946 E WindowManager: at android.app.ActivityThread.performResumeActivity(ActivityThread.java:4748)
03-07 17:02:09.596 4946 4946 E WindowManager: at android.app.ActivityThread.handleResumeActivity(ActivityThread.java:4791)
03-07 17:02:09.596 4946 4946 E WindowManager: at android.app.servertransaction.TransactionExecutor.performLifecycleSequence(TransactionExecutor.java:225)
03-07 17:02:09.596 4946 4946 E WindowManager: at android.app.servertransaction.TransactionExecutor.cycleToPath(TransactionExecutor.java:201)
03-07 17:02:09.596 4946 4946 E WindowManager: at android.app.servertransaction.TransactionExecutor.executeLifecycleState(TransactionExecutor.java:173)
03-07 17:02:09.596 4946 4946 E WindowManager: at android.app.servertransaction.TransactionExecutor.execute(TransactionExecutor.java:97)
03-07 17:02:09.596 4946 4946 E WindowManager: at android.app.ActivityThread$H.handleMessage(ActivityThread.java:2211)
03-07 17:02:09.596 4946 4946 E WindowManager: at android.os.Handler.dispatchMessage(Handler.java:106)
03-07 17:02:09.596 4946 4946 E WindowManager: at android.os.Looper.loopOnce(Looper.java:201)
03-07 17:02:09.596 4946 4946 E WindowManager: at android.os.Looper.loop(Looper.java:288)
03-07 17:02:09.596 4946 4946 E WindowManager: at android.app.ActivityThread.main(ActivityThread.java:7880)
03-07 17:02:09.596 4946 4946 E WindowManager: at java.lang.reflect.Method.invoke(Native Method)
03-07 17:02:09.596 4946 4946 E WindowManager: at com.android.internal.os.RuntimeInit$MethodAndArgsCaller.run(RuntimeInit.java:548)
03-07 17:02:09.596 4946 4946 E WindowManager: at com.android.internal.os.ZygoteInit.main(ZygoteInit.java:1009)
03-07 17:02:09.599 1002 2813 W InputManager-JNI: Input channel object '3bb71a com.tencent.mm/com.tencent.mm.pluginsdk.permission.PermissionActivity (client)' was disposed without first being removed with the input manager!
03-07 17:02:09.628 1002 4328 W WindowManager: Failed looking up window session=Session{3e47d0f 4946:u0a10099} callers=com.android.server.wm.WindowManagerService.windowForClientLocked:5628 com.android.server.wm.WindowManagerService.relayoutWindow:2229 com.android.server.wm.Session.relayout:235
03-07 17:02:09.631 1002 2695 W WindowManager: Failed looking up window session=Session{3e47d0f 4946:u0a10099} callers=com.android.server.wm.WindowManagerService.windowForClientLocked:5628 com.android.server.wm.WindowManagerService.removeWindow:2033 com.android.server.wm.Session.remove:218
03-07 17:02:09.676 4946 7965 I mars::cdn: [netchannel.cc:293, __RunReadWrite]:runloop rv 0 errtype 0 errcode 0 idling false
03-07 17:02:09.676 4946 7965 I mars::cdn: [netchannel.cc:871, __AfterRun]:cdntask 3 putback conn 0x7d76eb1058(706)@TLS to cache.
03-07 17:02:09.732 4946 5072 W PackageParsing: Failed to parse /data/user/0/com.tencent.mm/MicroMsg/WebNetFile/f5297f4f8d614c9228588eff7a852259
03-07 17:02:09.732 4946 5072 W PackageParsing: java.io.FileNotFoundException: AndroidManifest.xml
03-07 17:02:09.732 4946 5072 W PackageParsing: at android.content.res.ApkAssets.nativeOpenXml(Native Method)
03-07 17:02:09.732 4946 5072 W PackageParsing: at android.content.res.ApkAssets.openXml(ApkAssets.java:379)
03-07 17:02:09.732 4946 5072 W PackageParsing: at android.content.pm.parsing.ApkLiteParseUtils.parseApkLiteInner(ApkLiteParseUtils.java:302)
03-07 17:02:09.732 4946 5072 W PackageParsing: at android.content.pm.parsing.ApkLiteParseUtils.parseApkLite(ApkLiteParseUtils.java:269)
03-07 17:02:09.732 4946 5072 W PackageParsing: at android.content.pm.parsing.ApkLiteParseUtils.parseMonolithicPackageLite(ApkLiteParseUtils.java:99)
03-07 17:02:09.732 4946 5072 W PackageParsing: at android.content.pm.parsing.ParsingPackageUtils.parseMonolithicPackage(ParsingPackageUtils.java:430)
03-07 17:02:09.732 4946 5072 W PackageParsing: at android.content.pm.parsing.ParsingPackageUtils.parsePackage(ParsingPackageUtils.java:346)
03-07 17:02:09.732 4946 5072 W PackageParsing: at android.content.pm.parsing.ParsingPackageUtils.parseDefault(ParsingPackageUtils.java:277)
03-07 17:02:09.732 4946 5072 W PackageParsing: at android.app.ApplicationPackageManager.getPackageArchiveInfo(ApplicationPackageManager.java:2116)
03-07 17:02:09.732 4946 5072 W PackageParsing: at com.tencent.mm.pluginsdk.model.app.x.brp(SourceFile:218)
03-07 17:02:09.732 4946 5072 W PackageParsing: at com.tencent.mm.plugin.downloader.model.f.arD(SourceFile:631)
03-07 17:02:09.732 4946 5072 W PackageParsing: at com.tencent.mm.plugin.downloader.model.f.w(SourceFile:556)
03-07 17:02:09.732 4946 5072 W PackageParsing: at com.tencent.mm.plugin.downloader.model.FileDownloadService.onHandleIntent(SourceFile:1108)
03-07 17:02:09.732 4946 5072 W PackageParsing: at com.tencent.mm.service.MMIntentService$a.handleMessage(SourceFile:31)
03-07 17:02:09.732 4946 5072 W PackageParsing: at com.tencent.mm.sdk.platformtools.MMHandler$3.handleMessage(SourceFile:456)
03-07 17:02:09.732 4946 5072 W PackageParsing: at com.tencent.threadpool.j.c.dispatchMessage(SourceFile:247)
03-07 17:02:09.732 4946 5072 W PackageParsing: at com.tencent.mm.sdk.platformtools.MMHandler$3.dispatchMessage(SourceFile:444)
03-07 17:02:09.732 4946 5072 W PackageParsing: at com.tencent.threadpool.j.c$1.dispatchMessage(SourceFile:37)
03-07 17:02:09.732 4946 5072 W PackageParsing: at com.tencent.threadpool.j.c$a.run(SourceFile:474)
03-07 17:02:09.732 4946 5072 W PackageParsing: at java.util.concurrent.Executors$RunnableAdapter.call(Executors.java:462)
03-07 17:02:09.732 4946 5072 W PackageParsing: at java.util.concurrent.FutureTask.run(FutureTask.java:266)
03-07 17:02:09.732 4946 5072 W PackageParsing: at com.tencent.threadpool.i.k.run(SourceFile:8297)
03-07 17:02:09.732 4946 5072 W PackageParsing: at com.tencent.threadpool.j.e.run(SourceFile:52)
03-07 17:02:09.732 4946 5072 W PackageParsing: at java.util.concurrent.ThreadPoolExecutor.runWorker(ThreadPoolExecutor.java:1167)
03-07 17:02:09.732 4946 5072 W PackageParsing: at java.util.concurrent.ThreadPoolExecutor$Worker.run(ThreadPoolExecutor.java:641)
03-07 17:02:09.732 4946 5072 W PackageParsing: at com.tencent.threadpool.c.a$3.run(SourceFile:52)
03-07 17:02:09.732 4946 5072 W PackageParsing: at java.lang.Thread.run(Thread.java:920)
03-07 17:02:09.734 4946 5072 W PackageParsing: Failed to parse /data/user/0/com.tencent.mm/MicroMsg/WebNetFile/f5297f4f8d614c9228588eff7a852259
03-07 17:02:09.734 4946 5072 W PackageParsing: java.io.FileNotFoundException: AndroidManifest.xml
03-07 17:02:09.734 4946 5072 W PackageParsing: at android.content.res.ApkAssets.nativeOpenXml(Native Method)
03-07 17:02:09.734 4946 5072 W PackageParsing: at android.content.res.ApkAssets.openXml(ApkAssets.java:379)
03-07 17:02:09.734 4946 5072 W PackageParsing: at android.content.pm.parsing.ApkLiteParseUtils.parseApkLiteInner(ApkLiteParseUtils.java:302)
03-07 17:02:09.734 4946 5072 W PackageParsing: at android.content.pm.parsing.ApkLiteParseUtils.parseApkLite(ApkLiteParseUtils.java:269)
03-07 17:02:09.734 4946 5072 W PackageParsing: at android.content.pm.parsing.ApkLiteParseUtils.parseMonolithicPackageLite(ApkLiteParseUtils.java:99)
03-07 17:02:09.734 4946 5072 W PackageParsing: at android.content.pm.parsing.ParsingPackageUtils.parseMonolithicPackage(ParsingPackageUtils.java:430)
03-07 17:02:09.734 4946 5072 W PackageParsing: at android.content.pm.parsing.ParsingPackageUtils.parsePackage(ParsingPackageUtils.java:346)
03-07 17:02:09.734 4946 5072 W PackageParsing: at android.content.pm.parsing.ParsingPackageUtils.parseDefault(ParsingPackageUtils.java:277)
03-07 17:02:09.734 4946 5072 W PackageParsing: at android.app.ApplicationPackageManager.getPackageArchiveInfo(ApplicationPackageManager.java:2116)
03-07 17:02:09.734 4946 5072 W PackageParsing: at com.tencent.mm.pluginsdk.model.app.x.brp(SourceFile:218)
03-07 17:02:09.734 4946 5072 W PackageParsing: at com.tencent.mm.plugin.downloader.model.f.arD(SourceFile:633)
03-07 17:02:09.734 4946 5072 W PackageParsing: at com.tencent.mm.plugin.downloader.model.f.w(SourceFile:556)
03-07 17:02:09.734 4946 5072 W PackageParsing: at com.tencent.mm.plugin.downloader.model.FileDownloadService.onHandleIntent(SourceFile:1108)
03-07 17:02:09.734 4946 5072 W PackageParsing: at com.tencent.mm.service.MMIntentService$a.handleMessage(SourceFile:31)
03-07 17:02:09.734 4946 5072 W PackageParsing: at com.tencent.mm.sdk.platformtools.MMHandler$3.handleMessage(SourceFile:456)
03-07 17:02:09.734 4946 5072 W PackageParsing: at com.tencent.threadpool.j.c.dispatchMessage(SourceFile:247)
03-07 17:02:09.734 4946 5072 W PackageParsing: at com.tencent.mm.sdk.platformtools.MMHandler$3.dispatchMessage(SourceFile:444)
03-07 17:02:09.734 4946 5072 W PackageParsing: at com.tencent.threadpool.j.c$1.dispatchMessage(SourceFile:37)
03-07 17:02:09.734 4946 5072 W PackageParsing: at com.tencent.threadpool.j.c$a.run(SourceFile:474)
03-07 17:02:09.734 4946 5072 W PackageParsing: at java.util.concurrent.Executors$RunnableAdapter.call(Executors.java:462)
03-07 17:02:09.734 4946 5072 W PackageParsing: at java.util.concurrent.FutureTask.run(FutureTask.java:266)
03-07 17:02:09.734 4946 5072 W PackageParsing: at com.tencent.threadpool.i.k.run(SourceFile:8297)
03-07 17:02:09.734 4946 5072 W PackageParsing: at com.tencent.threadpool.j.e.run(SourceFile:52)
03-07 17:02:09.734 4946 5072 W PackageParsing: at java.util.concurrent.ThreadPoolExecutor.runWorker(ThreadPoolExecutor.java:1167)
03-07 17:02:09.734 4946 5072 W PackageParsing: at java.util.concurrent.ThreadPoolExecutor$Worker.run(ThreadPoolExecutor.java:641)
03-07 17:02:09.734 4946 5072 W PackageParsing: at com.tencent.threadpool.c.a$3.run(SourceFile:52)
03-07 17:02:09.734 4946 5072 W PackageParsing: at java.lang.Thread.run(Thread.java:920)
03-07 17:02:09.735 4946 5072 W PackageParsing: Failed to parse /data/user/0/com.tencent.mm/MicroMsg/WebNetFile/f5297f4f8d614c9228588eff7a852259
03-07 17:02:09.735 4946 5072 W PackageParsing: java.io.FileNotFoundException: AndroidManifest.xml
03-07 17:02:09.735 4946 5072 W PackageParsing: at android.content.res.ApkAssets.nativeOpenXml(Native Method)
03-07 17:02:09.735 4946 5072 W PackageParsing: at android.content.res.ApkAssets.openXml(ApkAssets.java:379)
03-07 17:02:09.735 4946 5072 W PackageParsing: at android.content.pm.parsing.ApkLiteParseUtils.parseApkLiteInner(ApkLiteParseUtils.java:302)
03-07 17:02:09.735 4946 5072 W PackageParsing: at android.content.pm.parsing.ApkLiteParseUtils.parseApkLite(ApkLiteParseUtils.java:269)
03-07 17:02:09.735 4946 5072 W PackageParsing: at android.content.pm.parsing.ApkLiteParseUtils.parseMonolithicPackageLite(ApkLiteParseUtils.java:99)
03-07 17:02:09.735 4946 5072 W PackageParsing: at android.content.pm.parsing.ParsingPackageUtils.parseMonolithicPackage(ParsingPackageUtils.java:430)
03-07 17:02:09.735 4946 5072 W PackageParsing: at android.content.pm.parsing.ParsingPackageUtils.parsePackage(ParsingPackageUtils.java:346)
03-07 17:02:09.735 4946 5072 W PackageParsing: at android.content.pm.parsing.ParsingPackageUtils.parseDefault(ParsingPackageUtils.java:277)
03-07 17:02:09.735 4946 5072 W PackageParsing: at android.app.ApplicationPackageManager.getPackageArchiveInfo(ApplicationPackageManager.java:2116)
03-07 17:02:09.735 4946 5072 W PackageParsing: at com.tencent.mm.pluginsdk.model.app.x.brq(SourceFile:238)
03-07 17:02:09.735 4946 5072 W PackageParsing: at com.tencent.mm.plugin.downloader.model.f.w(SourceFile:10642)
03-07 17:02:09.735 4946 5072 W PackageParsing: at com.tencent.mm.plugin.downloader.model.FileDownloadService.onHandleIntent(SourceFile:1108)
03-07 17:02:09.735 4946 5072 W PackageParsing: at com.tencent.mm.service.MMIntentService$a.handleMessage(SourceFile:31)
03-07 17:02:09.735 4946 5072 W PackageParsing: at com.tencent.mm.sdk.platformtools.MMHandler$3.handleMessage(SourceFile:456)
03-07 17:02:09.735 4946 5072 W PackageParsing: at com.tencent.threadpool.j.c.dispatchMessage(SourceFile:247)
03-07 17:02:09.735 4946 5072 W PackageParsing: at com.tencent.mm.sdk.platformtools.MMHandler$3.dispatchMessage(SourceFile:444)
03-07 17:02:09.735 4946 5072 W PackageParsing: at com.tencent.threadpool.j.c$1.dispatchMessage(SourceFile:37)
03-07 17:02:09.735 4946 5072 W PackageParsing: at com.tencent.threadpool.j.c$a.run(SourceFile:474)
03-07 17:02:09.735 4946 5072 W PackageParsing: at java.util.concurrent.Executors$RunnableAdapter.call(Executors.java:462)
03-07 17:02:09.735 4946 5072 W PackageParsing: at java.util.concurrent.FutureTask.run(FutureTask.java:266)
03-07 17:02:09.735 4946 5072 W PackageParsing: at com.tencent.threadpool.i.k.run(SourceFile:8297)
03-07 17:02:09.735 4946 5072 W PackageParsing: at com.tencent.threadpool.j.e.run(SourceFile:52)
03-07 17:02:09.735 4946 5072 W PackageParsing: at java.util.concurrent.ThreadPoolExecutor.runWorker(ThreadPoolExecutor.java:1167)
03-07 17:02:09.735 4946 5072 W PackageParsing: at java.util.concurrent.ThreadPoolExecutor$Worker.run(ThreadPoolExecutor.java:641)
03-07 17:02:09.735 4946 5072 W PackageParsing: at com.tencent.threadpool.c.a$3.run(SourceFile:52)
03-07 17:02:09.735 4946 5072 W PackageParsing: at java.lang.Thread.run(Thread.java:920)
03-07 17:02:09.746 4946 5072 W PackageParsing: Failed to parse /data/user/0/com.tencent.mm/MicroMsg/WebNetFile/f5297f4f8d614c9228588eff7a852259
03-07 17:02:09.746 4946 5072 W PackageParsing: java.io.FileNotFoundException: AndroidManifest.xml
03-07 17:02:09.746 4946 5072 W PackageParsing: at android.content.res.ApkAssets.nativeOpenXml(Native Method)
03-07 17:02:09.746 4946 5072 W PackageParsing: at android.content.res.ApkAssets.openXml(ApkAssets.java:379)
03-07 17:02:09.746 4946 5072 W PackageParsing: at android.content.pm.parsing.ApkLiteParseUtils.parseApkLiteInner(ApkLiteParseUtils.java:302)
03-07 17:02:09.746 4946 5072 W PackageParsing: at android.content.pm.parsing.ApkLiteParseUtils.parseApkLite(ApkLiteParseUtils.java:269)
03-07 17:02:09.746 4946 5072 W PackageParsing: at android.content.pm.parsing.ApkLiteParseUtils.parseMonolithicPackageLite(ApkLiteParseUtils.java:99)
03-07 17:02:09.746 4946 5072 W PackageParsing: at android.content.pm.parsing.ParsingPackageUtils.parseMonolithicPackage(ParsingPackageUtils.java:430)
03-07 17:02:09.746 4946 5072 W PackageParsing: at android.content.pm.parsing.ParsingPackageUtils.parsePackage(ParsingPackageUtils.java:346)
03-07 17:02:09.746 4946 5072 W PackageParsing: at android.content.pm.parsing.ParsingPackageUtils.parseDefault(ParsingPackageUtils.java:277)
03-07 17:02:09.746 4946 5072 W PackageParsing: at android.app.ApplicationPackageManager.getPackageArchiveInfo(ApplicationPackageManager.java:2116)
03-07 17:02:09.746 4946 5072 W PackageParsing: at com.tencent.mm.pluginsdk.model.app.x.brq(SourceFile:238)
03-07 17:02:09.746 4946 5072 W PackageParsing: at com.tencent.mm.plugin.downloader.model.f.w(SourceFile:10644)
03-07 17:02:09.746 4946 5072 W PackageParsing: at com.tencent.mm.plugin.downloader.model.FileDownloadService.onHandleIntent(SourceFile:1108)
03-07 17:02:09.746 4946 5072 W PackageParsing: at com.tencent.mm.service.MMIntentService$a.handleMessage(SourceFile:31)
03-07 17:02:09.746 4946 5072 W PackageParsing: at com.tencent.mm.sdk.platformtools.MMHandler$3.handleMessage(SourceFile:456)
03-07 17:02:09.746 4946 5072 W PackageParsing: at com.tencent.threadpool.j.c.dispatchMessage(SourceFile:247)
03-07 17:02:09.746 4946 5072 W PackageParsing: at com.tencent.mm.sdk.platformtools.MMHandler$3.dispatchMessage(SourceFile:444)
03-07 17:02:09.746 4946 5072 W PackageParsing: at com.tencent.threadpool.j.c$1.dispatchMessage(SourceFile:37)
03-07 17:02:09.746 4946 5072 W PackageParsing: at com.tencent.threadpool.j.c$a.run(SourceFile:474)
03-07 17:02:09.746 4946 5072 W PackageParsing: at java.util.concurrent.Executors$RunnableAdapter.call(Executors.java:462)
03-07 17:02:09.746 4946 5072 W PackageParsing: at java.util.concurrent.FutureTask.run(FutureTask.java:266)
03-07 17:02:09.746 4946 5072 W PackageParsing: at com.tencent.threadpool.i.k.run(SourceFile:8297)
03-07 17:02:09.746 4946 5072 W PackageParsing: at com.tencent.threadpool.j.e.run(SourceFile:52)
03-07 17:02:09.746 4946 5072 W PackageParsing: at java.util.concurrent.ThreadPoolExecutor.runWorker(ThreadPoolExecutor.java:1167)
03-07 17:02:09.746 4946 5072 W PackageParsing: at java.util.concurrent.ThreadPoolExecutor$Worker.run(ThreadPoolExecutor.java:641)
03-07 17:02:09.746 4946 5072 W PackageParsing: at com.tencent.threadpool.c.a$3.run(SourceFile:52)
03-07 17:02:09.746 4946 5072 W PackageParsing: at java.lang.Thread.run(Thread.java:920)
03-07 17:02:09.911 4946 5124 I com.tencent.mm: Explicit concurrent copying GC freed 351602(15MB) AllocSpace objects, 3(616KB) LOS objects, 33% free, 47MB/71MB, paused 105us,40us total 176.119ms
03-07 17:02:09.948 7793 7907 D CompatibilityChangeReporter: Compat change id reported: 171228096; UID 10099; state: ENABLED
03-07 17:02:10.086 5157 6169 I mars::stn: [longlink_connect_monitor.cc:470, OnHeartbeatAlarmSet]:longlink_progress on_heartbeat_set, time: 813545, time interval:210000
03-07 17:02:10.117 5157 5157 I dvm_lock_sample: [com.tencent.mm:push,1,main,7,SourceFile,210,int com.tencent.mm.network.af.a(com.tencent.mm.network.u, com.tencent.mm.network.o, com.tencent.mm.network.e, int),-,729,boolean com.tencent.mm.network.af.req2Buf(int, java.lang.Object, java.io.ByteArrayOutputStream, int[], int, java.lang.String),1]
03-07 17:02:10.273 650 660 I mpu_uart: [MSG-P:RECV]:No message received in 1000 ms
03-07 17:02:10.295 0 0 I auditd : type=1400 audit(0.0:2079): avc: denied { kill } for comm="swapper/5" capability=5 scontext=u:r:kernel:s0 tcontext=u:r:kernel:s0 tclass=capability permissive=1
03-07 17:02:10.295 0 0 I swapper/5: type=1400 audit(0.0:2079): avc: denied { kill } for capability=5 scontext=u:r:kernel:s0 tcontext=u:r:kernel:s0 tclass=capability permissive=1
03-07 17:02:10.455 4946 4946 I auditd : type=1400 audit(0.0:2080): avc: denied { read } for comm="[GT]ColdPool#16" name="devices" dev="proc" ino=4026532312 scontext=u:r:untrusted_app_29:s0:c99,c256,c512,c768 tcontext=u:object_r:proc:s0 tclass=file permissive=1 app=com.tencent.mm
03-07 17:02:10.455 4946 4946 I [GT]ColdPool#16: type=1400 audit(0.0:2080): avc: denied { read } for name="devices" dev="proc" ino=4026532312 scontext=u:r:untrusted_app_29:s0:c99,c256,c512,c768 tcontext=u:object_r:proc:s0 tclass=file permissive=1 app=com.tencent.mm
03-07 17:02:10.497 650 659 I mpu_uart: [MSG-P:R]:recv sync frame timeout
01-02 07:16:45.042 0 0 W audit : audit_lost=799 audit_rate_limit=5 audit_backlog_limit=64
01-02 07:16:45.073 0 0 E audit : rate limit exceeded
03-07 17:02:10.463 4946 4946 I auditd : type=1400 audit(0.0:2081): avc: denied { open } for comm="[GT]ColdPool#16" path="/proc/bus/pci/devices" dev="proc" ino=4026532312 scontext=u:r:untrusted_app_29:s0:c99,c256,c512,c768 tcontext=u:object_r:proc:s0 tclass=file permissive=1 app=com.tencent.mm
03-07 17:02:10.463 4946 4946 I [GT]ColdPool#16: type=1400 audit(0.0:2081): avc: denied { open } for path="/proc/bus/pci/devices" dev="proc" ino=4026532312 scontext=u:r:untrusted_app_29:s0:c99,c256,c512,c768 tcontext=u:object_r:proc:s0 tclass=file permissive=1 app=com.tencent.mm
03-07 17:02:10.463 4946 4946 I auditd : type=1400 audit(0.0:2082): avc: denied { read } for comm="[GT]ColdPool#16" name="interrupts" dev="proc" ino=4026532242 scontext=u:r:untrusted_app_29:s0:c99,c256,c512,c768 tcontext=u:object_r:proc_interrupts:s0 tclass=file permissive=1 app=com.tencent.mm
03-07 17:02:10.463 4946 4946 I [GT]ColdPool#16: type=1400 audit(0.0:2082): avc: denied { read } for name="interrupts" dev="proc" ino=4026532242 scontext=u:r:untrusted_app_29:s0:c99,c256,c512,c768 tcontext=u:object_r:proc_interrupts:s0 tclass=file permissive=1 app=com.tencent.mm
03-07 17:02:10.463 4946 4946 I auditd : type=1400 audit(0.0:2083): avc: denied { open } for comm="[GT]ColdPool#16" path="/proc/interrupts" dev="proc" ino=4026532242 scontext=u:r:untrusted_app_29:s0:c99,c256,c512,c768 tcontext=u:object_r:proc_interrupts:s0 tclass=file permissive=1 app=com.tencent.mm
03-07 17:02:10.463 4946 4946 I [GT]ColdPool#16: type=1400 audit(0.0:2083): avc: denied { open } for path="/proc/interrupts" dev="proc" ino=4026532242 scontext=u:r:untrusted_app_29:s0:c99,c256,c512,c768 tcontext=u:object_r:proc_interrupts:s0 tclass=file permissive=1 app=com.tencent.mm
03-07 17:02:10.463 4946 4946 I auditd : type=1400 audit(0.0:2084): avc: denied { read } for comm="[GT]ColdPool#16" name="diskstats" dev="proc" ino=4026532309 scontext=u:r:untrusted_app_29:s0:c99,c256,c512,c768 tcontext=u:object_r:proc_diskstats:s0 tclass=file permissive=1 app=com.tencent.mm
03-07 17:02:10.463 4946 4946 I [GT]ColdPool#16: type=1400 audit(0.0:2084): avc: denied { read } for name="diskstats" dev="proc" ino=4026532309 scontext=u:r:untrusted_app_29:s0:c99,c256,c512,c768 tcontext=u:object_r:proc_diskstats:s0 tclass=file permissive=1 app=com.tencent.mm
03-07 17:02:10.632 674 8007 D resolv : GetAddrInfoHandler::run: {100 262244 100 983140 10099 0}
03-07 17:02:10.633 674 8007 D resolv : resolv_getaddrinfo: explore_fqdn(): ai_family=0 ai_socktype=1 ai_protocol=6
03-07 17:02:10.638 674 8008 D resolv : doQuery: (1, 1)
03-07 17:02:10.639 674 8008 D resolv : res_nmkquery: (QUERY, IN, A)
03-07 17:02:10.639 674 8008 D resolv : res_nsend
03-07 17:02:10.639 674 8008 I resolv : resolv_cache_lookup: lookup
03-07 17:02:10.639 674 8008 I resolv : resolv_cache_lookup: NOT IN CACHE
03-07 17:02:10.639 674 8008 I resolv : resolv_populate_res_for_net: netid=100
03-07 17:02:10.639 674 8008 I resolv : res_stats_usable_server: NS stats: S 51 + E 0 + T 0 + I 0 = 51, rtt = 46, min_samples = 8
03-07 17:02:10.639 674 8008 I resolv : res_stats_usable_server: success rate 100
03-07 17:02:10.639 674 8008 D resolv : res_nsend: Querying server (# 1) address = 192.168.124.1:53
03-07 17:02:10.639 674 8008 D resolv : send_dg: new DG socket
03-07 17:02:10.639 674 8008 I resolv : get_timeout: using timeout of 5000 msec
03-07 17:02:10.639 674 8008 I resolv : retrying_poll: 55 retrying_poll
03-07 17:02:10.463 4946 4946 I auditd : type=1400 audit(0.0:2085): avc: denied { open } for comm="[GT]ColdPool#16" path="/proc/diskstats" dev="proc" ino=4026532309 scontext=u:r:untrusted_app_29:s0:c99,c256,c512,c768 tcontext=u:object_r:proc_diskstats:s0 tclass=file permissive=1 app=com.tencent.mm
03-07 17:02:10.463 4946 4946 I [GT]ColdPool#16: type=1400 audit(0.0:2085): avc: denied { open } for path="/proc/diskstats" dev="proc" ino=4026532309 scontext=u:r:untrusted_app_29:s0:c99,c256,c512,c768 tcontext=u:object_r:proc_diskstats:s0 tclass=file permissive=1 app=com.tencent.mm
03-07 17:02:10.659 4946 6790 E Parcel : Reading a NULL string not supported here.
03-07 17:02:10.665 4946 8010 W FileSource: offset/length adjusted from 0/576460752303423487 to 0/16905
03-07 17:02:10.670 1298 4115 I MMParserExtractor: Created(0xb400007897b22b70)
03-07 17:02:10.670 1298 4115 E MM_OSAL : FileSource::FileSource
03-07 17:02:10.670 1298 4115 E MM_OSAL : FileSource::FileSource m_bEveryThingOK 1
03-07 17:02:10.678 3137 4001 W MediaProvider: Failed to fetch original file descriptor
03-07 17:02:10.678 3137 4001 W MediaProvider: java.io.IOException: stat failed: EACCES (Permission denied)
03-07 17:02:10.678 3137 4001 W MediaProvider: at com.android.providers.media.MediaProvider.getFileFromFileDescriptor(MediaProvider.java:5794)
03-07 17:02:10.678 3137 4001 W MediaProvider: at com.android.providers.media.MediaProvider.getOriginalMediaFormatFileDescriptor(MediaProvider.java:5711)
03-07 17:02:10.678 3137 4001 W MediaProvider: at com.android.providers.media.MediaProvider.openTypedAssetFileCommon(MediaProvider.java:7134)
03-07 17:02:10.678 3137 4001 W MediaProvider: at com.android.providers.media.MediaProvider.openTypedAssetFile(MediaProvider.java:7115)
03-07 17:02:10.678 3137 4001 W MediaProvider: at android.content.ContentProvider$Transport.openTypedAssetFile(ContentProvider.java:548)
03-07 17:02:10.678 3137 4001 W MediaProvider: at android.content.ContentProviderNative.onTransact(ContentProviderNative.java:327)
03-07 17:02:10.678 3137 4001 W MediaProvider: at android.os.Binder.execTransactInternal(Binder.java:1179)
03-07 17:02:10.678 3137 4001 W MediaProvider: at android.os.Binder.execTransact(Binder.java:1143)
03-07 17:02:10.678 3137 4001 W MediaProvider: Caused by: android.system.ErrnoException: stat failed: EACCES (Permission denied)
03-07 17:02:10.678 3137 4001 W MediaProvider: at libcore.io.Linux.stat(Native Method)
03-07 17:02:10.678 3137 4001 W MediaProvider: at libcore.io.ForwardingOs.stat(ForwardingOs.java:853)
03-07 17:02:10.678 3137 4001 W MediaProvider: at libcore.io.BlockGuardOs.stat(BlockGuardOs.java:420)
03-07 17:02:10.678 3137 4001 W MediaProvider: at libcore.io.ForwardingOs.stat(ForwardingOs.java:853)
03-07 17:02:10.678 3137 4001 W MediaProvider: at android.app.ActivityThread$AndroidOs.stat(ActivityThread.java:7780)
03-07 17:02:10.678 3137 4001 W MediaProvider: at android.system.Os.stat(Os.java:919)
03-07 17:02:10.678 3137 4001 W MediaProvider: at com.android.providers.media.MediaProvider.getFileFromFileDescriptor(MediaProvider.java:5788)
03-07 17:02:10.678 3137 4001 W MediaProvider: ... 7 more
03-07 17:02:10.680 1304 3510 D NuPlayerDriver: NuPlayerDriver(0xe67800b0) created, clientPid(4946)
03-07 17:02:10.681 674 8008 I resolv : retrying_poll: 55 retrying_poll returning 1
03-07 17:02:10.681 674 8008 I resolv : res_nsend: used send_dg 331 terrno: 0
03-07 17:02:10.681 674 8008 I resolv : res_stats_set_sample: rcode = 0, sec = 42
03-07 17:02:10.681 674 8008 I resolv : res_cache_add_stats_sample_locked: adding sample to stats, next = 51, count = 51
03-07 17:02:10.681 674 8008 D resolv : res_nsend: got answer:
03-07 17:02:10.681 674 8008 I resolv : answer_getTTL: TTL = 21
03-07 17:02:10.681 674 8008 I resolv : _cache_add_p: entry 52 added (count=50)
03-07 17:02:10.681 674 8008 I resolv : cache_dump_mru_locked: MRU LIST (50): 52 51 8 50 49 48 47 46 45 44 32 43 42 1 41 38 40 39 37 36 35 34 33 31 29 3 28 27 26 25 24 23 19 21 20 18 17 16 15 14 13 11 12 10 9 7 6 5 4 2
03-07 17:02:10.681 674 8008 D resolv : doQuery: rcode=0, ancount=17
03-07 17:02:10.682 674 8007 I ResolverController: No valid NAT64 prefix (100, /0)
03-07 17:02:10.685 4946 6790 E Parcel : Reading a NULL string not supported here.
03-07 17:02:10.694 4946 8003 I mars::cdn: [taskbase.cc:1076, OnMainConnectionEnstablished]:cdntask 5 connect ok:112.45.118.46:443 [TCP] source NEW, prev addr:0.0.0.0:0, proxyaddr:0.0.0.0:0, cost:(6,73)
03-07 17:02:10.701 1304 3510 I ExtendedNuUtils: printFileName fd(7) -> /data/system_de/0/ringtones/notification_sound_cache
03-07 17:02:10.703 4946 6790 E Parcel : Reading a NULL string not supported here.
03-07 17:02:10.703 4946 8010 W MediaPlayer: Use of stream types is deprecated for operations other than volume control
03-07 17:02:10.704 4946 8010 W MediaPlayer: See the documentation of setAudioStreamType() for what to use instead with android.media.AudioAttributes to qualify your playback use case
03-07 17:02:10.705 4946 6790 E Parcel : Reading a NULL string not supported here.
03-07 17:02:10.712 1304 8013 D GenericSource: FileSource remote
03-07 17:02:10.713 4946 6790 E Parcel : Reading a NULL string not supported here.
03-07 17:02:10.726 1298 4115 I MMParserExtractor: Created(0xb400007897b22b70)
03-07 17:02:10.726 1298 4115 E MM_OSAL : FileSource::FileSource
03-07 17:02:10.726 1298 4115 E MM_OSAL : FileSource::FileSource m_bEveryThingOK 1
03-07 17:02:10.734 1298 1836 D MediaBufferGroup: creating MemoryDealer
03-07 17:02:10.745 4946 6790 E Parcel : Reading a NULL string not supported here.
03-07 17:02:10.747 1002 3217 W AudioIDCMicroNegotiator: idcm_warn: idcm control is not enable
03-07 17:02:10.747 1304 8012 I GenericSource: start
03-07 17:02:10.748 1304 8012 W Utils : track of type 'audio/vorbis' does not publish channel mask, channel count 1
03-07 17:02:10.749 4946 6790 E Parcel : Reading a NULL string not supported here.
03-07 17:02:10.752 1304 8012 W Utils : track of type 'audio/vorbis' does not publish channel mask, channel count 1
03-07 17:02:10.754 813 1743 D audio_hw_primary: adev_get_parameters:is_hw_dec_session_available
03-07 17:02:10.754 813 1743 D audio_hw_spkr_prot: fbsp_get_parameters: Speaker protection disabled
03-07 17:02:10.754 813 1743 D soundtrigger: audio_extn_sound_trigger_get_parameters input string
03-07 17:02:10.754 813 1743 D soundtrigger: extract_sm_handle input string param string
03-07 17:02:10.754 813 1743 D audio_hw_extn: audio_extn_fm_get_parameters: Enter
03-07 17:02:10.754 813 1743 D audio_hw_extn: audio_extn_get_parameters: returns
03-07 17:02:10.754 813 1743 D audio_hw_primary: adev_get_parameters: exit: returns -
03-07 17:02:10.754 1031 1031 I hash_map_utils: system/bt/osi/src/hash_map_utils.cc:81 hash_map_utils_dump_string_keys_string_values: key: 'is_hw_dec_session_available' value: 'audio/vorbis'
03-07 17:02:10.755 4946 6790 E Parcel : Reading a NULL string not supported here.
03-07 17:02:10.758 1304 8017 D CCodec : allocate(c2.android.vorbis.decoder)
03-07 17:02:10.764 1304 8017 I CCodec : setting up 'default' as default (vendor) store
03-07 17:02:10.765 1434 2424 V C2Store : in init
03-07 17:02:10.765 1434 2424 V C2Store : loading dll
03-07 17:02:10.770 1304 8017 I CCodec : Created component [c2.android.vorbis.decoder]
03-07 17:02:10.771 1304 8017 D CCodecConfig: read media type: audio/vorbis
03-07 17:02:10.773 4946 6790 E Parcel : Reading a NULL string not supported here.
03-07 17:02:10.774 4946 6790 E Parcel : Reading a NULL string not supported here.
03-07 17:02:10.778 1304 8017 D ReflectedParamUpdater: extent() != 1 for single value type: algo.buffers.max-count.values
03-07 17:02:10.779 1304 8017 D ReflectedParamUpdater: extent() != 1 for single value type: output.subscribed-indices.values
03-07 17:02:10.779 1304 8017 D ReflectedParamUpdater: extent() != 1 for single value type: input.buffers.allocator-ids.values
03-07 17:02:10.779 1304 8017 D ReflectedParamUpdater: extent() != 1 for single value type: output.buffers.allocator-ids.values
03-07 17:02:10.779 1304 8017 D ReflectedParamUpdater: extent() != 1 for single value type: algo.buffers.allocator-ids.values
03-07 17:02:10.780 1304 8017 D ReflectedParamUpdater: extent() != 1 for single value type: output.buffers.pool-ids.values
03-07 17:02:10.780 1304 8017 D ReflectedParamUpdater: extent() != 1 for single value type: algo.buffers.pool-ids.values
03-07 17:02:10.782 1304 8017 I CCodecConfig: query failed after returning 7 values (BAD_INDEX)
03-07 17:02:10.782 1304 8017 D CCodecConfig: c2 config diff is Dict {
03-07 17:02:10.782 1304 8017 D CCodecConfig: c2::u32 coded.bitrate.value = 64000
03-07 17:02:10.782 1304 8017 D CCodecConfig: c2::u32 input.buffers.max-size.value = 32768
03-07 17:02:10.782 1304 8017 D CCodecConfig: c2::u32 input.delay.value = 0
03-07 17:02:10.782 1304 8017 D CCodecConfig: string input.media-type.value = "audio/vorbis"
03-07 17:02:10.782 1304 8017 D CCodecConfig: string output.media-type.value = "audio/raw"
03-07 17:02:10.782 1304 8017 D CCodecConfig: c2::u32 raw.channel-count.value = 1
03-07 17:02:10.782 1304 8017 D CCodecConfig: c2::u32 raw.sample-rate.value = 48000
03-07 17:02:10.782 1304 8017 D CCodecConfig: }
03-07 17:02:10.783 1304 8017 D CCodec : [c2.android.vorbis.decoder] buffers are bound to CCodec for this session
03-07 17:02:10.783 1304 8017 D CCodecConfig: no c2 equivalents for durationUs
03-07 17:02:10.783 1304 8017 D CCodecConfig: no c2 equivalents for csd-1
03-07 17:02:10.783 1304 8017 D CCodecConfig: no c2 equivalents for language
03-07 17:02:10.783 1304 8017 D CCodecConfig: no c2 equivalents for file-format
03-07 17:02:10.783 1304 8017 D CCodecConfig: no c2 equivalents for flags
03-07 17:02:10.784 1304 8017 D CCodecConfig: config failed => CORRUPTED
03-07 17:02:10.784 1304 8017 D CCodecConfig: c2 config diff is c2::u32 coded.bitrate.value = 70000
03-07 17:02:10.785 1304 8017 W Codec2Client: query -- param skipped: index = 1107298332.
03-07 17:02:10.785 1304 8017 D CCodec : setup formats input: AMessage(what = 0x00000000) = {
03-07 17:02:10.785 1304 8017 D CCodec : int32_t bitrate = 70000
03-07 17:02:10.785 1304 8017 D CCodec : int32_t channel-count = 1
03-07 17:02:10.785 1304 8017 D CCodec : int32_t max-input-size = 65307
03-07 17:02:10.785 1304 8017 D CCodec : string mime = "audio/vorbis"
03-07 17:02:10.785 1304 8017 D CCodec : int32_t sample-rate = 48000
03-07 17:02:10.785 1304 8017 D CCodec : }
03-07 17:02:10.785 1304 8017 D CCodec : setup formats output: AMessage(what = 0x00000000) = {
03-07 17:02:10.785 1304 8017 D CCodec : int32_t channel-count = 1
03-07 17:02:10.785 1304 8017 D CCodec : string mime = "audio/raw"
03-07 17:02:10.785 1304 8017 D CCodec : int32_t sample-rate = 48000
03-07 17:02:10.785 1304 8017 D CCodec : int32_t android._config-pcm-encoding = 2
03-07 17:02:10.785 1304 8017 D CCodec : }
03-07 17:02:10.786 1304 8017 I CCodecConfig: query failed after returning 7 values (BAD_INDEX)
03-07 17:02:10.786 1304 8017 I MediaCodec: MediaCodec will operate in async mode
03-07 17:02:10.786 1304 8016 D MediaCodec: keep callback message for reclaim
03-07 17:02:10.787 1304 8017 W Codec2Client: query -- param skipped: index = 1342179345.
03-07 17:02:10.787 1304 8017 W Codec2Client: query -- param skipped: index = 2415921170.
03-07 17:02:10.788 4946 6790 E Parcel : Reading a NULL string not supported here.
03-07 17:02:10.789 1304 8017 D CCodecBufferChannel: [c2.android.vorbis.decoder#783] Created input block pool with allocatorID 16 => poolID 18 - OK (0)
03-07 17:02:10.791 1434 1509 D BufferPoolAccessor2.0: bufferpool2 0xb400007a68aeea98 : 0(0 size) total buffers - 0(0 size) used buffers - 69/73 (recycle/alloc) - 4/72 (fetch/transfer)
03-07 17:02:10.791 1434 1509 D BufferPoolAccessor2.0: Destruction - bufferpool2 0xb400007a68aeea98 cached: 0/0M, 0/0% in use; allocs: 73, 95% recycled; transfers: 72, 94% unfetched
03-07 17:02:10.794 1304 8017 I CCodecBufferChannel: [c2.android.vorbis.decoder#783] Created output block pool with allocatorID 16 => poolID 28 - OK
03-07 17:02:10.794 1304 1862 D BufferPoolAccessor2.0: bufferpool2 0xe5f40b68 : 0(0 size) total buffers - 0(0 size) used buffers - 44/76 (recycle/alloc) - 32/150 (fetch/transfer)
03-07 17:02:10.794 1304 8017 D CCodecBufferChannel: [c2.android.vorbis.decoder#783] Configured output block pool ids 28 => OK
03-07 17:02:10.794 1304 1862 D BufferPoolAccessor2.0: Destruction - bufferpool2 0xe5f40b68 cached: 0/0M, 0/0% in use; allocs: 76, 58% recycled; transfers: 150, 79% unfetched
03-07 17:02:10.796 1304 8017 D CCodecBufferChannel: [c2.android.vorbis.decoder#783] start: updating output delay 0
03-07 17:02:10.798 4946 6790 E Parcel : Reading a NULL string not supported here.
03-07 17:02:10.800 1304 8017 I CCodecBufferChannel: pipelineRoom(3) is <= numClientBuffers(3). Not signalling any more buffers to client
03-07 17:02:10.800 1434 8018 D SimpleC2Component: Using output block pool with poolID 28 => got 28 - 0
03-07 17:02:10.801 1304 8017 I CCodecBufferChannel: pipelineRoom(2) is <= numClientBuffers(2). Not signalling any more buffers to client
03-07 17:02:10.802 1304 8017 I CCodecBufferChannel: pipelineRoom(1) is <= numClientBuffers(1). Not signalling any more buffers to client
03-07 17:02:10.826 1304 8016 I ExtendedNuUtils: Both src and dst missing for bit-width
03-07 17:02:10.826 1304 8016 I ExtendedNuUtils: Overriding durationUs: with 64 bit src value 1728000
03-07 17:02:10.826 1304 8016 I ExtendedNuUtils: Both src and dst missing for channel-mask
03-07 17:02:10.831 813 1743 D audio_hw_primary: adev_get_parameters:vr_audio_mode_on
03-07 17:02:10.831 813 1743 I audio_hw_primary: getting vr mode to 0
03-07 17:02:10.831 813 1743 D audio_hw_primary: adev_get_parameters: exit: returns - vr_audio_mode_on=false
03-07 17:02:10.831 1031 1801 I hash_map_utils: system/bt/osi/src/hash_map_utils.cc:81 hash_map_utils_dump_string_keys_string_values: key: 'vr_audio_mode_on' value: ''
03-07 17:02:10.833 1031 1801 D AudioFlinger: Client defaulted notificationFrames to 12000 for frameCount 24000
03-07 17:02:10.839 1031 1801 D AF::TrackHandle: OpPlayAudio: track:56 usage:5 not muted
03-07 17:02:10.841 4946 8003 I mars::cdn: [netchannel.cc:293, __RunReadWrite]:runloop rv 0 errtype 0 errcode 0 idling false
03-07 17:02:10.855 4946 6790 E Parcel : Reading a NULL string not supported here.
03-07 17:02:10.859 4946 6790 E Parcel : Reading a NULL string not supported here.
03-07 17:02:10.869 813 1807 I EffectsFactory: EffectCreate() create_effect
01-02 07:16:45.466 0 0 I afe_find_cal_topo_id_by_port: port id: 0x9000, dev_acdb_id: 0
01-02 07:16:45.473 0 0 I afe_find_cal_topo_id_by_port: top_id:112fc acdb_id:15 afe_port:0x9000
01-02 07:16:45.481 0 0 I afe_get_cal_topology_id: port_id = 0x9000 acdb_id = 15 topology_id = 0x112fc cal_type_index=8 ret=0
01-02 07:16:45.492 0 0 I afe_send_port_topology_id: AFE set topology id 0x112fc enable for port 0x9000 ret 0
01-02 07:16:45.502 0 0 I send_afe_cal_type: cal_index is 0
01-02 07:16:45.506 0 0 I send_afe_cal_type: dev_acdb_id[55] is 0
01-02 07:16:45.511 0 0 I send_afe_cal_type: Sending cal_index cal 0
01-02 07:16:45.517 0 0 E send_afe_cal_type: No cal sent for cal_index 0, port_id = 0x9000! ret -22
01-02 07:16:45.525 0 0 I afe_send_hw_delay: port_id 0x9000 rate 48000 delay_usec 474 status 0
03-07 17:02:10.876 813 813 E volume_listener: check_and_set_gain_dep_cal: Failed to set gain dep cal level
03-07 17:02:10.876 813 3438 D audio_hw_primary: start_output_stream: enter: stream(0xec300010)usecase(1: low-latency-playback) devices(0x2) is_haptic_usecase(0)
03-07 17:02:10.877 813 3438 D audio_hw_primary: select_devices for use case (low-latency-playback)
03-07 17:02:10.877 813 3438 I msm8974_platform: platform_check_and_set_codec_backend_cfg:becf: afe: bitwidth 16, samplerate 48000 channels 2, backend_idx 0 usecase = 1 device (speaker)
03-07 17:02:10.877 813 3438 D msm8974_platform: platform_split_snd_device: snd_device(2) num devices(1) new_snd_devices(0)
03-07 17:02:10.877 813 3438 I msm8974_platform: platform_check_and_set_codec_backend_cfg: new_snd_devices[0] is 2
03-07 17:02:10.877 813 3438 I msm8974_platform: platform_check_codec_backend_cfg:becf: afe: bitwidth 16, samplerate 48000 channels 2, backend_idx 0 usecase = 1 device (speaker)
03-07 17:02:10.878 1002 2701 W AudioIDCMicroNegotiator: idcm_warn: idcm control is not enable
03-07 17:02:10.878 813 3438 D audio_hw_extn: audio_extn_enable_hifi_filter: mixer_value set 0
03-07 17:02:10.879 813 3438 D msm8974_platform: platform_check_codec_backend_cfg:becf: updated afe: bitwidth 16, samplerate 48000 channels 2,backend_idx 0 usecase = 1 device (speaker)
03-07 17:02:10.879 813 3438 D msm8974_platform: platform_check_codec_backend_cfg:becf: afe: playback on codec device not supporting native playback set default Sample Rate(48k)
03-07 17:02:10.879 813 3438 I msm8974_platform: platform_check_codec_backend_cfg:becf: afe: Codec selected backend: 0 updated bit width: 16 and sample rate: 48000
03-07 17:02:10.879 813 3438 D audio_hw_primary: check_usecases_codec_backend:becf: force routing 0
03-07 17:02:10.879 813 3438 E msm8974_platform: platform_check_backends_match: Invalid snd_device =
03-07 17:02:10.879 813 3438 D audio_hw_primary: check_usecases_codec_backend:becf: (78) check_usecases curr device: speaker, usecase device: backends match 0
03-07 17:02:10.879 813 3438 D audio_hw_primary: check_usecases_codec_backend:becf: check_usecases num.of Usecases to switch 0
03-07 17:02:10.879 813 3438 D hardware_info: hw_info_append_hw_type : device_name = speaker
03-07 17:02:10.879 813 3438 D msm8974_platform: platform_split_snd_device: snd_device(2) num devices(0) new_snd_devices(0)
03-07 17:02:10.879 813 3438 D audio_hw_primary: enable_snd_device: snd_device(2: speaker)
03-07 17:02:10.879 813 3438 D msm8974_platform: platform_get_island_cfg_on_device:island cfg status on snd_device = (speaker 0)
03-07 17:02:10.879 813 3438 I soundtrigger: audio_extn_sound_trigger_update_device_status: device 0x2 of type 0 for Event 1, with Raise=0
03-07 17:02:10.879 813 3438 D audio_route: Apply path: speaker
03-07 17:02:10.879 813 3438 I audio_hw_utils: audio_extn_utils_update_stream_output_app_type_cfg Allowing 24 and above bits playback on speaker ONLY at default sampling rate
03-07 17:02:10.879 813 3438 E soundtrigger: audio_extn_sound_trigger_update_stream_status: invalid input device 0x0, for event 3
03-07 17:02:10.879 813 3438 D soundtrigger: audio_extn_sound_trigger_update_stream_status: uc_info->id 1 of type 0 for Event 3, with Raise=0
03-07 17:02:10.879 813 3438 D audio_hw_utils: audio_extn_utils_send_app_type_cfg: usecase->out_snd_device speaker
03-07 17:02:10.879 813 3438 D msm8974_platform: platform_split_snd_device: snd_device(2) num devices(0) new_snd_devices(0)
03-07 17:02:10.880 813 3438 D audio_hw_utils: audio_extn_btsco_get_sample_rate:Not a BT SCO device, need not update sampling rate
03-07 17:02:10.880 813 3438 I audio_hw_utils: send_app_type_cfg_for_device PLAYBACK app_type 69937, acdb_dev_id 15, sample_rate 48000, snd_device_be_idx 179
03-07 17:02:10.881 813 3438 D msm8974_platform: platform_split_snd_device: snd_device(2) num devices(1) new_snd_devices(0)
03-07 17:02:10.881 813 3438 D audio_hw_utils: audio_extn_btsco_get_sample_rate:Not a BT SCO device, need not update sampling rate
03-07 17:02:10.881 813 3438 D ACDB-LOADER: ACDB -> send_audio_cal, acdb_id = 15, path = 0, app id = 0x11131, sample rate = 48000, afe_sample_rate = 48000
03-07 17:02:10.881 813 3438 D ACDB-LOADER: ACDB -> send_asm_topology
03-07 17:02:10.881 813 3438 D ACDB-LOADER: ACDB -> ACDB_CMD_GET_AUDPROC_STREAM_TOPOLOGY_ID
03-07 17:02:10.881 813 3438 D ACDB-LOADER: ACDB -> send_adm_topology
03-07 17:02:10.881 813 3438 D ACDB-LOADER: ACDB -> ACDB_CMD_GET_AUDPROC_COMMON_TOPOLOGY_ID
03-07 17:02:10.881 813 3438 D ACDB-LOADER: ACDB -> send_audtable
03-07 17:02:10.881 813 3438 D ACDB-LOADER: ACDB -> ACDB_CMD_GET_AUDPROC_INSTANCE_COMMON_TABLE_SIZE
03-07 17:02:10.881 813 3438 D ACDB-LOADER: ACDB -> ACDB_CMD_GET_AUDPROC_INSTANCE_COMMON_TABLE
03-07 17:02:10.881 813 3438 D ACDB-LOADER: ACDB -> AUDIO_SET_AUDPROC_CAL cal_type[11] acdb_id[15] app_type[69937]
03-07 17:02:10.881 813 3438 D ACDB-LOADER: ACDB -> send_audvoltable
03-07 17:02:10.882 813 3438 D ACDB-LOADER: ACDB -> ACDB_CMD_GET_AUDPROC_INSTANCE_GAIN_DEP_STEP_TABLE_SIZE
03-07 17:02:10.882 813 3438 D ACDB-LOADER: ACDB -> ACDB_CMD_GET_AUDPROC_INSTANCE_GAIN_DEP_STEP_TABLE, vol index 0
03-07 17:02:10.882 813 3438 D ACDB-LOADER: ACDB -> AUDIO_SET_VOL_CAL cal type = 12
03-07 17:02:10.882 813 3438 D ACDB-LOADER: ACDB -> ACDB_CMD_GET_AUDPROC_INSTANCE_STREAM_TABLE_SIZE
03-07 17:02:10.882 813 3438 D ACDB-LOADER: ACDB -> send_audstrmtable
03-07 17:02:10.882 813 3438 D ACDB-LOADER: ACDB -> ACDB_CMD_GET_AUDPROC_INSTANCE_STREAM_TABLE
03-07 17:02:10.882 813 3438 D ACDB-LOADER: ACDB -> audstrm_cal->cal_type.cal_data.cal_size = 20
03-07 17:02:10.882 813 3438 D ACDB-LOADER: ACDB -> send_afe_topology
03-07 17:02:10.882 813 3438 D ACDB-LOADER: ACDB -> ACDB_CMD_GET_AFE_TOPOLOGY_ID
03-07 17:02:10.882 813 3438 D ACDB-LOADER: ACDB -> GET_AFE_TOPOLOGY_ID for adcd_id 15, Topology Id 112fc
