03-07 05:47:58.928 1002 2798 I sysui_multi_action: [757,128,758,1,793,467659,794,0,795,467659,796,17303299,797,com.android.wifi,798,1,806,android,857,NETWORK_AVAILABLE,858,2,947,0,1395,4,1500,467439,1688,1]
03-07 05:47:58.928 1002 2798 I sysui_multi_action: [757,804,799,note_freshness,801,467659,802,1]
03-07 05:47:58.928 1002 2798 I notification_visibility: [0|android|17303299|com.android.wifi|1000,1,467659,467659,0,1]
03-07 05:47:58.928 1002 2798 I sysui_multi_action: [757,128,758,1,793,469384,794,0,795,469384,796,55,798,2,806,android,857,DEVELOPER,858,2,947,0,1395,4,1500,468509,1688,1]
03-07 05:47:58.928 1002 2798 I sysui_multi_action: [757,804,799,note_freshness,801,469384,802,1]
03-07 05:47:58.928 1002 2798 I notification_visibility: [-1|android|55|null|1000,1,469384,469384,0,2]
03-07 05:47:58.928 1002 2798 I sysui_multi_action: [757,128,758,1,793,472632,794,0,795,472632,796,32,798,3,806,android,857,USB,858,1,947,0,1395,4,1500,472245,1688,1]
03-07 05:47:58.928 1002 2798 I sysui_multi_action: [757,804,799,note_freshness,801,472632,802,1]
03-07 05:47:58.929 1002 2798 I notification_visibility: [-1|android|32|null|1000,1,472632,472632,0,3]
03-07 05:47:58.931 1983 1983 I sysui_multi_action: [757,111,758,1]
03-07 05:47:58.931 1983 1983 I sysui_multi_action: [757,126,758,1,759,126,927,0,928,1,1593,0]
03-07 05:47:58.931 1983 1983 I sysui_multi_action: [757,113,758,1,759,113,927,1,928,1,1593,0]
03-07 05:47:58.931 1983 1983 I sysui_multi_action: [757,0,758,1,759,0,927,2,928,0,1593,0]
03-07 05:47:58.931 1983 1983 I sysui_multi_action: [757,0,758,1,759,0,927,3,928,0,1593,0]
03-07 05:47:58.932 1983 1983 I sysui_multi_action: [757,491,758,1,759,491,927,4,928,0,1311,-1,1593,0]
03-07 05:47:58.932 1983 1983 I sysui_multi_action: [757,0,758,1,759,0,927,5,928,0,1593,0]
03-07 05:47:58.932 1983 1983 I sysui_multi_action: [757,0,758,1,759,0,927,6,1593,0]
03-07 05:47:58.933 1983 1983 I sysui_multi_action: [757,111,758,1]
03-07 05:47:58.933 1983 1983 I sysui_multi_action: [757,126,758,1,759,126,927,0,928,1,1593,0]
03-07 05:47:58.933 1983 1983 I sysui_multi_action: [757,113,758,1,759,113,927,1,928,1,1593,0]
03-07 05:47:58.933 1983 1983 I sysui_multi_action: [757,0,758,1,759,0,927,2,928,0,1593,0]
03-07 05:47:58.933 1983 1983 I sysui_multi_action: [757,0,758,1,759,0,927,3,928,0,1593,0]
03-07 05:47:58.942 1002 1662 I input_focus: [Focus entering d6d1c7b NotificationShade (server),reason=Window became focusable. Previous reason: NOT_VISIBLE]
03-07 05:47:59.937 1002 1662 I input_interaction: Interaction with: d6d1c7b NotificationShade (server), edge-swipe (server), swipe-up (server), PointerEventDispatcher0 (server),
03-07 05:48:00.085 1983 1983 I sysui_multi_action: [757,925,758,4,759,113,927,1,928,1,1592,0,1593,1]
03-07 05:48:00.309 1002 1632 I commit_sys_config_file: [settings-0-0,18]
03-07 05:48:00.477 1002 3217 I sysui_multi_action: [757,856,758,2,806,com.android.bluetooth,857,avrcp_notification,858,3]
03-07 05:48:00.480 1002 1002 I notification_cancel_all: [1000,1002,com.android.bluetooth,0,0,0,20,NULL]
03-07 05:48:00.536 1002 1002 I notification_cancel_all: [1002,1946,com.android.bluetooth,0,0,64,9,NULL]
03-07 05:48:00.741 1002 1152 I commit_sys_config_file: [notification-policy,477339]
03-07 05:48:01.431 1002 1637 I am_uid_active: 10096
03-07 05:48:01.577 1002 2798 I am_proc_died: [0,1946,com.android.bluetooth,0,10]
03-07 05:48:01.579 1002 2798 I am_uid_stopped: 1002
03-07 05:48:10.451 1002 1214 I commit_sys_config_file: [package-user-0,24]
03-07 05:48:17.899 2954 2954 I auditd : type=1400 audit(0.0:1742): avc: granted { read } for comm=4173796E635461736B20233435 name="arp" dev="proc" ino=4026532256 scontext=u:r:platform_app:s0:c512,c768 tcontext=u:object_r:proc_net:s0 tclass=file app=com.hht.lebocast
03-07 05:48:17.899 2954 2954 I auditd : type=1400 audit(0.0:1743): avc: granted { read open } for comm=4173796E635461736B20233435 path="/proc/2954/net/arp" dev="proc" ino=4026532256 scontext=u:r:platform_app:s0:c512,c768 tcontext=u:object_r:proc_net:s0 tclass=file app=com.hht.lebocast
03-07 05:48:17.903 2954 2954 I auditd : type=1400 audit(0.0:1744): avc: granted { getattr } for comm=4173796E635461736B20233435 path="/proc/2954/net/arp" dev="proc" ino=4026532256 scontext=u:r:platform_app:s0:c512,c768 tcontext=u:object_r:proc_net:s0 tclass=file app=com.hht.lebocast
03-07 05:48:17.903 2954 2954 I auditd : type=1400 audit(0.0:1745): avc: granted { getattr } for comm=4173796E635461736B20233435 path="/proc/2954/net/arp" dev="proc" ino=4026532256 scontext=u:r:platform_app:s0:c512,c768 tcontext=u:object_r:proc_net:s0 tclass=file app=com.hht.lebocast --------- beginning of kernel
01-02 07:12:13.753 0 0 E msm_pcm_playback_close: CMD_EOS failed, cmd_pending 0x8
01-02 07:12:13.769 0 0 I afe_close: port_id = 0x9000
01-02 07:12:13.807 0 0 I afe_find_cal_topo_id_by_port: port id: 0x9000, dev_acdb_id: 0
01-02 07:12:13.807 0 0 I afe_find_cal_topo_id_by_port: top_id:112fc acdb_id:15 afe_port:0x9000
01-02 07:12:13.807 0 0 I afe_get_cal_topology_id: port_id = 0x9000 acdb_id = 15 topology_id = 0x112fc cal_type_index=8 ret=0
01-02 07:12:13.808 0 0 I afe_send_port_topology_id: AFE set topology id 0x112fc enable for port 0x9000 ret 0
01-02 07:12:13.808 0 0 I send_afe_cal_type: cal_index is 0
01-02 07:12:13.808 0 0 I send_afe_cal_type: dev_acdb_id[55] is 0
01-02 07:12:13.808 0 0 I send_afe_cal_type: Sending cal_index cal 0
01-02 07:12:13.808 0 0 E send_afe_cal_type: No cal sent for cal_index 0, port_id = 0x9000! ret -22
01-02 07:12:13.817 0 0 I afe_send_hw_delay: port_id 0x9000 rate 48000 delay_usec 474 status 0
01-02 07:12:14.317 0 0 E DTC_ETH,link_delay_work_func: 3003, SQI=0, link=0
01-02 07:12:19.437 0 0 E DTC_ETH,link_delay_work_func: 3003, SQI=0, link=0
03-07 05:48:32.140 1002 2813 I sysui_multi_action: [757,856,758,1,806,com.android.systemui,857,updateNotification,858,3]
03-07 05:48:32.143 1002 1002 I notification_enqueue: [10084,1983,com.android.systemui,2048,NULL,0,Notification(channel=updateNotification shortcut=null contentView=null vibrate=null sound=null defaults=0x0 flags=0x0 color=0x00000000 vis=PRIVATE),0]
03-07 05:48:32.143 1983 1983 I sysui_multi_action: [757,111,758,2]
03-07 05:48:32.144 1983 1983 I sysui_multi_action: [757,111,758,2]
03-07 05:48:32.309 1002 1154 I input_focus: [Focus request 548c02d com.android.launcher3/com.android.launcher3.uioverrides.QuickstepLauncher,reason=UpdateInputWindows]
03-07 05:48:32.317 1002 2701 I sysui_multi_action: [757,128,758,2,793,502948,794,33390,795,502948,796,26,798,0,806,android,857,DEVELOPER_IMPORTANT,858,4,947,0,1395,4,1500,501900,1688,1]
03-07 05:48:32.317 1002 2701 I notification_visibility: [-1|android|26|null|1000,0,502948,502948,0,0]
03-07 05:48:32.318 1002 2701 I sysui_multi_action: [757,128,758,2,793,501049,794,33390,795,501049,796,17303299,797,com.android.wifi,798,1,806,android,857,NETWORK_AVAILABLE,858,2,947,0,1395,4,1500,500829,1688,1]
03-07 05:48:32.318 1002 2701 I notification_visibility: [0|android|17303299|com.android.wifi|1000,0,501049,501049,0,1]
03-07 05:48:32.318 1002 2701 I sysui_multi_action: [757,128,758,2,793,502774,794,33390,795,502774,796,55,798,2,806,android,857,DEVELOPER,858,2,947,0,1395,4,1500,501899,1688,1]
03-07 05:48:32.318 1002 2701 I notification_visibility: [-1|android|55|null|1000,0,502774,502774,0,2]
03-07 05:48:32.319 1002 2701 I sysui_multi_action: [757,128,758,2,793,506023,794,33391,795,506023,796,32,798,3,806,android,857,USB,858,1,947,0,1395,4,1500,505636,1688,1]
03-07 05:48:32.319 1002 2701 I notification_visibility: [-1|android|32|null|1000,0,506023,506023,0,3]
03-07 05:48:32.320 1002 2798 I sysui_multi_action: [757,127,758,2]
03-07 05:48:32.320 1002 2798 I notification_panel_hidden:
03-07 05:48:32.340 1002 1662 I input_focus: [Focus leaving d6d1c7b NotificationShade (server),reason=NO_WINDOW]
03-07 05:48:32.340 1002 1662 I input_focus: [Focus entering 548c02d com.android.launcher3/com.android.launcher3.uioverrides.QuickstepLauncher (server),reason=setFocusedWindow]
03-07 05:48:32.344 1002 1002 I sysui_multi_action: [757,1501,758,1,793,203,794,0,795,203,796,2048,806,com.android.systemui,857,updateNotification,858,3,947,0,1500,0,1688,1]
03-07 05:48:32.345 1002 1002 I sysui_multi_action: [757,804,799,note_interruptive,801,0,802,1] --------- beginning of system
03-07 05:48:32.345 1002 1002 I GameModeConfig: isGameModeOn = false
03-07 05:48:32.347 1002 1002 W NotificationHistory: Attempted to add notif for locked/gone/disabled user 0
03-07 05:48:32.398 1002 1152 I commit_sys_config_file: [notification-policy,508996]
03-07 05:48:32.772 1002 1662 I input_interaction: Interaction with: 548c02d com.android.launcher3/com.android.launcher3.uioverrides.QuickstepLauncher (server), e03808d com.android.systemui.ImageWallpaper (server), edge-swipe (server), swipe-up (server), PointerEventDispatcher0 (server),
03-07 05:48:32.911 1002 1152 I DropBoxManagerService: add tag=system_app_strictmode isTagEnabled=true flags=0x2
03-07 05:48:32.918 1002 2813 I thunderperf: PlatormCompat.setOverrides: Uid1=10082 Pid1=2640 Uid2=10082 Pid2=2640
03-07 05:48:32.919 1002 2813 I thunderperf: PlatormCompat.setOverrides: needCheck:false
03-07 05:48:32.920 1002 2813 I thunderperf: CompatConfig.addOverrideUnsafe: bef-state=0
03-07 05:48:32.920 1002 2813 I thunderperf: CompatConfig.addOverrideUnsafe: aft-state=0
03-07 05:48:32.923 1002 2813 I thunderperf: CompatConfig.addOverrideUnsafe: bef-state=0
03-07 05:48:32.923 1002 2813 I thunderperf: CompatConfig.addOverrideUnsafe: aft-state=0
03-07 05:48:32.925 1002 2813 I thunderperf: CompatConfig.addOverrideUnsafe: bef-state=0
03-07 05:48:32.925 1002 2813 I thunderperf: CompatConfig.addOverrideUnsafe: aft-state=0
03-07 05:48:32.927 1002 2813 I thunderperf: CompatConfig.addOverrideUnsafe: bef-state=0
03-07 05:48:32.927 1002 2813 I thunderperf: CompatConfig.addOverrideUnsafe: aft-state=0
03-07 05:48:32.929 1002 2813 I thunderperf: CompatConfig.addOverrideUnsafe: bef-state=0
03-07 05:48:32.929 1002 2813 I thunderperf: CompatConfig.addOverrideUnsafe: aft-state=0
03-07 05:48:32.931 1002 2813 I thunderperf: CompatConfig.addOverrideUnsafe: bef-state=0
03-07 05:48:32.931 1002 2813 I thunderperf: CompatConfig.addOverrideUnsafe: aft-state=0
03-07 05:48:32.933 1002 2813 I thunderperf: CompatConfig.addOverrideUnsafe: bef-state=0
03-07 05:48:32.933 1002 2813 I thunderperf: CompatConfig.addOverrideUnsafe: aft-state=0
03-07 05:48:32.935 1002 2813 I thunderperf: CompatConfig.addOverrideUnsafe: bef-state=0
03-07 05:48:32.936 1002 2813 I thunderperf: CompatConfig.addOverrideUnsafe: aft-state=0
03-07 05:48:32.937 1002 2813 I thunderperf: CompatConfig.addOverrideUnsafe: bef-state=0
03-07 05:48:32.938 1002 2813 I thunderperf: CompatConfig.addOverrideUnsafe: aft-state=0
03-07 05:48:32.939 1002 2813 I thunderperf: CompatConfig.addOverrideUnsafe: bef-state=0
03-07 05:48:32.940 1002 2813 I thunderperf: CompatConfig.addOverrideUnsafe: aft-state=0
03-07 05:48:32.942 1002 2813 I thunderperf: CompatConfig.addOverrideUnsafe: bef-state=0
03-07 05:48:32.942 1002 2813 I thunderperf: CompatConfig.addOverrideUnsafe: aft-state=0
03-07 05:48:32.944 1002 2813 I thunderperf: CompatConfig.addOverrideUnsafe: bef-state=0
03-07 05:48:32.944 1002 2813 I thunderperf: CompatConfig.addOverrideUnsafe: aft-state=0
03-07 05:48:32.947 1002 2813 I thunderperf: CompatConfig.addOverrideUnsafe: bef-state=0
03-07 05:48:32.947 1002 2813 I thunderperf: CompatConfig.addOverrideUnsafe: aft-state=0
03-07 05:48:32.948 1002 2813 I thunderperf: CompatConfig.addOverrideUnsafe: bef-state=0
03-07 05:48:32.949 1002 2813 I thunderperf: CompatConfig.addOverrideUnsafe: aft-state=0
03-07 05:48:32.959 1002 2813 I ActivityTaskManager: START u0 {act=android.intent.action.MAIN cat=[android.intent.category.LAUNCHER] flg=0x10200000 cmp=com.android.settings/.Settings bnds=[2128,710][2314,910]} from uid 10082
03-07 05:48:32.977 1002 2813 I wm_task_created: [18,-1]
03-07 05:48:32.977 1002 2813 W ActivityTaskManager: Can't find TaskDisplayArea to determine support for multi window. Task id=18 attached=false
03-07 05:48:32.983 1002 2813 D CompatibilityChangeReporter: Compat change id reported: 174042980; UID 1000; state: DISABLED
03-07 05:48:32.984 1002 2813 I wm_task_moved: [18,1,6]
03-07 05:48:32.984 1002 2813 I wm_task_to_front: [0,18]
03-07 05:48:32.984 1002 2813 I wm_create_task: [0,18]
03-07 05:48:32.984 1002 2813 I wm_create_activity: [0,105038062,18,com.android.settings/.Settings,android.intent.action.MAIN,NULL,NULL,270532608]
03-07 05:48:32.984 1002 2813 I wm_task_moved: [18,1,6]
03-07 05:48:32.987 1002 2813 I wm_pause_activity: [0,224338254,com.android.launcher3/.uioverrides.QuickstepLauncher,userLeaving=true,pauseBackTasks]
03-07 05:48:32.988 1983 2108 D PhoneStartingWindowTypeAlgorithm: preferredStartingWindowType newTask:true taskSwitch:true processRunning:true allowTaskSnapshot:true activityCreated:false useEmptySplashScreen:false legacySplashScreen:false topIsHome:false
03-07 05:48:32.988 1983 2108 D StartingSurfaceDrawer: addSplashScreen com.android.settings theme=7f140472 task=18 suggestType=1
03-07 05:48:32.992 1002 2701 W FreeFormWindowHelper: Current Display FreeFormTask is null
03-07 05:48:32.994 2640 2640 I wm_on_top_resumed_lost_called: [224338254,com.android.launcher3.uioverrides.QuickstepLauncher,topStateChangedWhenResumed]
03-07 05:48:32.995 1983 2111 D StartingSurfaceDrawer: window attributes color: 0 icon null duration 0 brandImage null
03-07 05:48:32.996 1983 2111 W StartingSurfaceDrawer: Window background is transparent, fill background with black color
03-07 05:48:32.999 1983 2111 D StartingSurfaceDrawer: quantize: this is pure transparent image
03-07 05:48:33.004 1983 2111 D StartingSurfaceDrawer: FgMainColor=ff000000 BgMainColor=0 IsBgComplex=false FromCache=false ThemeColor=ff141721
03-07 05:48:33.004 1983 2111 D StartingSurfaceDrawer: isRgbSimilarInHsv a: ff141721 b 0 contrast ratio: 1.1742641
03-07 05:48:33.004 1983 2111 D StartingSurfaceDrawer: makeSplashScreenContentView: choose fg icon
03-07 05:48:33.006 1983 2111 D StartingSurfaceDrawer: fillViewWithIcon surfaceWindowView android.window.SplashScreenView{ecade33 V.E...... ......ID 0,0-0,0}
03-07 05:48:33.007 2640 2640 I wm_on_paused_called: [224338254,com.android.launcher3.uioverrides.QuickstepLauncher,performPause]
03-07 05:48:33.010 1002 3217 I ActivityTaskManager: FOREGROUND_APPLICATION_CHANGED to com.android.settings.homepage.SettingsHomepageActivity
03-07 05:48:33.013 1002 3217 I ActivityTaskManager: The Process com.android.settings Already Exists in BG. So sending its PID: 2593
03-07 05:48:33.014 1002 3217 W ActivityTaskManager: Tried to set launchTime (0) < mLastActivityLaunchTime (43950)
03-07 05:48:33.014 1002 3217 I wm_add_to_stopping: [0,224338254,com.android.launcher3/.uioverrides.QuickstepLauncher,makeInvisible]
03-07 05:48:33.015 1002 3217 D CompatibilityChangeReporter: Compat change id reported: 181136395; UID 1000; state: DISABLED
03-07 05:48:33.016 1002 3217 D CompatibilityChangeReporter: Compat change id reported: 174042936; UID 1000; state: DISABLED
03-07 05:48:33.016 1002 3217 I wm_restart_activity: [0,105038062,18,com.android.settings/.Settings]
03-07 05:48:33.017 1002 3217 I wm_set_resumed_activity: [0,com.android.settings/.Settings,minimalResumeActivityLocked]
03-07 05:48:33.038 1002 1153 I sysui_multi_action: [757,803,799,window_time_0,802,35]
03-07 05:48:33.046 1002 1662 I input_focus: [Focus leaving 548c02d com.android.launcher3/com.android.launcher3.uioverrides.QuickstepLauncher (server),reason=NO_WINDOW]
03-07 05:48:33.066 1002 1168 I am_pss : [4156,10052,com.thundercomm.screensaver,29666304,22687744,0,145133568,0,19,13]
03-07 05:48:33.119 1002 2813 W FreeFormWindowHelper: Current Display FreeFormTask is null
03-07 05:48:33.301 1002 2813 I am_uid_active: 10085
03-07 05:48:33.308 2593 2593 I wm_on_create_called: [105038062,com.android.settings.Settings,performCreate]
03-07 05:48:33.324 1002 2798 E UserRestrictionsUtils: Unknown restriction queried by uid 1000 (com.qualcomm.qti.qmmi et al): null
03-07 05:48:33.325 1002 2813 E UserRestrictionsUtils: Unknown restriction queried by uid 1000 (com.qualcomm.qti.qmmi et al): null
03-07 05:48:33.325 1002 2798 E UserRestrictionsUtils: Unknown restriction queried by uid 1000 (com.qualcomm.qti.qmmi et al): null
03-07 05:48:33.326 1002 2150 E UserRestrictionsUtils: Unknown restriction queried by uid 1000 (com.qualcomm.qti.qmmi et al): null
03-07 05:48:33.326 1002 2150 E UserRestrictionsUtils: Unknown restriction queried by uid 1000 (com.qualcomm.qti.qmmi et al): null
03-07 05:48:33.327 1002 2813 E UserRestrictionsUtils: Unknown restriction queried by uid 1000 (com.qualcomm.qti.qmmi et al): null
03-07 05:48:33.327 1002 2150 E UserRestrictionsUtils: Unknown restriction queried by uid 1000 (com.qualcomm.qti.qmmi et al): null
03-07 05:48:33.328 1002 2150 E UserRestrictionsUtils: Unknown restriction queried by uid 1000 (com.qualcomm.qti.qmmi et al): null
03-07 05:48:33.328 1002 2813 E UserRestrictionsUtils: Unknown restriction queried by uid 1000 (com.qualcomm.qti.qmmi et al): null
03-07 05:48:33.328 1002 2150 E UserRestrictionsUtils: Unknown restriction queried by uid 1000 (com.qualcomm.qti.qmmi et al): null
03-07 05:48:33.329 1002 2798 E UserRestrictionsUtils: Unknown restriction queried by uid 1000 (com.qualcomm.qti.qmmi et al): null
03-07 05:48:33.329 1002 2150 E UserRestrictionsUtils: Unknown restriction queried by uid 1000 (com.qualcomm.qti.qmmi et al): null
03-07 05:48:33.330 1002 2150 E UserRestrictionsUtils: Unknown restriction queried by uid 1000 (com.qualcomm.qti.qmmi et al): null
03-07 05:48:33.331 1002 2150 E UserRestrictionsUtils: Unknown restriction queried by uid 1000 (com.qualcomm.qti.qmmi et al): null
03-07 05:48:33.331 1002 2150 E UserRestrictionsUtils: Unknown restriction queried by uid 1000 (com.qualcomm.qti.qmmi et al): null
03-07 05:48:33.331 1002 2150 E UserRestrictionsUtils: Unknown restriction queried by uid 1000 (com.qualcomm.qti.qmmi et al): null
03-07 05:48:33.332 1002 2813 E UserRestrictionsUtils: Unknown restriction queried by uid 1000 (com.qualcomm.qti.qmmi et al): null
03-07 05:48:33.332 1002 2150 E UserRestrictionsUtils: Unknown restriction queried by uid 1000 (com.qualcomm.qti.qmmi et al): null
03-07 05:48:33.369 2593 2593 I wm_on_start_called: [105038062,com.android.settings.Settings,handleStartActivity]
03-07 05:48:33.371 2593 2593 I snet_event_log: [120484087,-1,]
03-07 05:48:33.373 2593 2593 I wm_on_resume_called: [105038062,com.android.settings.Settings,RESUME_ACTIVITY]
03-07 05:48:33.377 2593 2593 I sysui_multi_action: [757,35,758,1,833,0,1089,65]
03-07 05:48:33.393 1002 1186 W BatteryExternalStatsWorker: error reading modem stats:ERROR_PHONE_NOT_AVAILABLE
03-07 05:48:33.393 2593 2593 I sysui_multi_action: [757,1729,758,4,854,isParalleledControllers:false,1089,81]
03-07 05:48:33.399 2593 2593 I wm_on_top_resumed_gained_called: [105038062,com.android.settings.Settings,topStateChangedWhenResumed]
03-07 05:48:33.400 1002 1186 E KernelCpuSpeedReader: Failed to read cpu-freq: /sys/devices/system/cpu/cpu4/cpufreq/stats/time_in_state: open failed: ENOENT (No such file or directory)
03-07 05:48:33.401 1002 1186 E KernelCpuSpeedReader: Failed to read cpu-freq: /sys/devices/system/cpu/cpu0/cpufreq/stats/time_in_state: open failed: ENOENT (No such file or directory)
03-07 05:48:33.399 574 574 I auditd : type=1400 audit(0.0:1746): avc: denied { read } for comm="Binder:574_2" name="wakeup58" dev="sysfs" ino=76522 scontext=u:r:system_suspend:s0 tcontext=u:object_r:sysfs:s0 tclass=dir permissive=1
03-07 05:48:33.399 574 574 I auditd : type=1400 audit(0.0:1747): avc: denied { open } for comm="Binder:574_2" path="/sys/devices/virtual/misc/msm_g711alaw/wakeup58" dev="sysfs" ino=76522 scontext=u:r:system_suspend:s0 tcontext=u:object_r:sysfs:s0 tclass=dir permissive=1
03-07 05:48:33.399 574 574 I auditd : type=1400 audit(0.0:1748): avc: denied { read } for comm="Binder:574_2" name="event_count" dev="sysfs" ino=76529 scontext=u:r:system_suspend:s0 tcontext=u:object_r:sysfs:s0 tclass=file permissive=1
03-07 05:48:33.399 574 574 I auditd : type=1400 audit(0.0:1749): avc: denied { open } for comm="Binder:574_2" path="/sys/devices/virtual/misc/msm_g711alaw/wakeup58/event_count" dev="sysfs" ino=76529 scontext=u:r:system_suspend:s0 tcontext=u:object_r:sysfs:s0 tclass=file permissive=1
03-07 05:48:33.399 574 574 I auditd : type=1400 audit(0.0:1750): avc: denied { getattr } for comm="Binder:574_2" path="/sys/devices/virtual/misc/msm_g711alaw/wakeup58/event_count" dev="sysfs" ino=76529 scontext=u:r:system_suspend:s0 tcontext=u:object_r:sysfs:s0 tclass=file permissive=1
03-07 05:48:33.444 1002 1154 I input_focus: [Focus request d2ac14d com.android.settings/com.android.settings.Settings,reason=UpdateInputWindows]
03-07 05:48:33.527 1002 1186 D KernelCpuUidUserSysTimeReader: Removing uids 1037-1037
03-07 05:48:33.528 1002 1186 D KernelCpuUidUserSysTimeReader: Removing uids 1037-1037
03-07 05:48:33.555 1002 1186 W BatteryExternalStatsWorker: error reading modem stats:ERROR_PHONE_NOT_AVAILABLE
03-07 05:48:33.557 1002 1186 E KernelCpuSpeedReader: Failed to read cpu-freq: /sys/devices/system/cpu/cpu4/cpufreq/stats/time_in_state: open failed: ENOENT (No such file or directory)
03-07 05:48:33.558 1002 1186 E KernelCpuSpeedReader: Failed to read cpu-freq: /sys/devices/system/cpu/cpu0/cpufreq/stats/time_in_state: open failed: ENOENT (No such file or directory)
03-07 05:48:33.569 1002 1154 I sysui_multi_action: [324,1,757,1090,758,12,806,com.android.settings,871,com.android.settings.Settings,1091,610]
03-07 05:48:33.573 1983 2108 D StartingSurfaceDrawer: Task start finish, remove starting surface for task 18
03-07 05:48:33.573 1983 2108 V StartingSurfaceDrawer: Removing splash screen window for task: 18
03-07 05:48:33.583 1002 1150 I sysui_multi_action: [319,73,321,68,322,610,325,549,757,761,758,8,759,1,806,com.android.settings,871,com.android.settings.Settings,904,com.android.launcher3,905,0,1320,4,1321,1]
03-07 05:48:33.584 1002 1150 I wm_activity_launch_time: [0,105038062,com.android.settings/.Settings,610]
03-07 05:48:33.602 2593 2593 W CarrierConfigManager: Error getting config for subId -1 ICarrierConfigLoader is null
03-07 05:48:33.605 1002 2813 E UserRestrictionsUtils: Unknown restriction queried by uid 1000 (com.qualcomm.qti.qmmi et al): null
03-07 05:48:33.612 1002 1662 I input_focus: [Focus entering d2ac14d com.android.settings/com.android.settings.Settings (server),reason=Window became focusable. Previous reason: NOT_VISIBLE]
03-07 05:48:33.669 2593 2593 I sysui_multi_action: [757,746,758,1,833,0,1089,95]
03-07 05:48:33.671 1002 4328 D TelephonyRegistry: listen oscl: mHasNotifySubscriptionInfoChangedOccurred==false no callback
03-07 05:48:33.691 1002 4328 D TelephonyRegistry: listen oscl: mHasNotifySubscriptionInfoChangedOccurred==false no callback
03-07 05:48:33.705 2593 2593 I sysui_multi_action: [757,1729,758,4,854,isParalleledControllers:false,1089,131]
01-02 07:12:21.188 0 0 I [schedu][0x27c94981e][05:48:33.730294] wlan: [2638:I:OSIF] scan start scan id 40965
03-07 05:48:33.780 1002 2150 I wm_stop_activity: [0,224338254,com.android.launcher3/.uioverrides.QuickstepLauncher]
03-07 05:48:33.783 2640 2640 I wm_on_stop_called: [224338254,com.android.launcher3.uioverrides.QuickstepLauncher,STOP_ACTIVITY_ITEM]
03-07 05:48:34.096 1002 1662 I input_interaction: Interaction with: d2ac14d com.android.settings/com.android.settings.Settings (server), edge-swipe (server), swipe-up (server), PointerEventDispatcher0 (server),
01-02 07:12:22.379 0 0 I [schedu][0x27df15969][05:48:34.920711] wlan: [2638:I:OSIF] vdev 0, scan id 40965 type COMPLETED(1) reason COMPLETED(1) scan found 70 bss
03-07 05:48:34.980 2593 2593 I sysui_multi_action: [757,830,758,4,833,0,854,top_level_system,1089,0]
03-07 05:48:35.101 2593 2593 I sysui_multi_action: [757,746,758,2,1089,1433]
03-07 05:48:35.120 1002 2150 E UserRestrictionsUtils: Unknown restriction queried by uid 1000 (com.qualcomm.qti.qmmi et al): null
03-07 05:48:35.121 1002 2150 E UserRestrictionsUtils: Unknown restriction queried by uid 1000 (com.qualcomm.qti.qmmi et al): null
03-07 05:48:35.121 1002 2150 E UserRestrictionsUtils: Unknown restriction queried by uid 1000 (com.qualcomm.qti.qmmi et al): null
03-07 05:48:35.122 1002 4328 E UserRestrictionsUtils: Unknown restriction queried by uid 1000 (com.qualcomm.qti.qmmi et al): null
03-07 05:48:35.122 1002 2247 E UserRestrictionsUtils: Unknown restriction queried by uid 1000 (com.qualcomm.qti.qmmi et al): null
03-07 05:48:35.123 1002 4328 E UserRestrictionsUtils: Unknown restriction queried by uid 1000 (com.qualcomm.qti.qmmi et al): null
03-07 05:48:35.145 2593 2593 I sysui_multi_action: [757,744,758,1,833,0,1089,28]
03-07 05:48:35.150 2593 2593 I sysui_multi_action: [757,1729,758,4,854,isParalleledControllers:false,1089,33]
03-07 05:48:35.870 2593 2593 I sysui_multi_action: [757,830,758,4,833,0,854,date_time_settings,1089,0]
03-07 05:48:36.024 2593 2593 I sysui_multi_action: [757,38,758,1,833,0,1089,44]
03-07 05:48:36.030 2593 2593 I sysui_multi_action: [757,1729,758,4,854,isParalleledControllers:false,1089,50]
01-02 07:12:24.252 0 0 E msm_pcm_playback_close: CMD_EOS failed, cmd_pending 0x8
01-02 07:12:24.267 0 0 I afe_close: port_id = 0x9000
01-02 07:12:24.302 0 0 I afe_find_cal_topo_id_by_port: port id: 0x9000, dev_acdb_id: 0
01-02 07:12:24.302 0 0 I afe_find_cal_topo_id_by_port: top_id:112fc acdb_id:15 afe_port:0x9000
01-02 07:12:24.302 0 0 I afe_get_cal_topology_id: port_id = 0x9000 acdb_id = 15 topology_id = 0x112fc cal_type_index=8 ret=0
01-02 07:12:24.303 0 0 I afe_send_port_topology_id: AFE set topology id 0x112fc enable for port 0x9000 ret 0
01-02 07:12:24.303 0 0 I send_afe_cal_type: cal_index is 0
01-02 07:12:24.303 0 0 I send_afe_cal_type: dev_acdb_id[55] is 0
01-02 07:12:24.303 0 0 I send_afe_cal_type: Sending cal_index cal 0
01-02 07:12:24.303 0 0 E send_afe_cal_type: No cal sent for cal_index 0, port_id = 0x9000! ret -22
01-02 07:12:24.312 0 0 I afe_send_hw_delay: port_id 0x9000 rate 48000 delay_usec 474 status 0
03-07 05:48:37.038 1002 2945 E TaskPersister: File error accessing recents directory (directory doesn't exist?).
01-02 07:12:24.557 0 0 E DTC_ETH,link_delay_work_func: 3003, SQI=0, link=0
03-07 05:48:38.207 2593 2593 W ContextImpl: Calling a method in the system process without a qualified user: android.app.ContextImpl.sendBroadcast:1173 android.content.ContextWrapper.sendBroadcast:479 com.android.settings.datetime.TimeFormatPreferenceController.timeUpdated:116 com.android.settings.datetime.TimeFormatPreferenceController.update24HourFormat:102 com.android.settings.datetime.TimeFormatPreferenceController.handlePreferenceTreeClick:86
03-07 05:48:38.247 1002 1002 D DevicePolicyManager: updateSystemUpdateFreezePeriodsRecord
03-07 05:48:38.248 1002 1002 W SyncManager: Clock is valid now.
03-07 05:48:38.248 1002 1002 D ConditionProviders.SCP: onReceive android.intent.action.TIME_SET
03-07 05:48:38.248 2593 2593 I sysui_multi_action: [757,830,758,4,833,0,854,24 hour,1089,0]
03-07 05:48:38.248 1002 1002 D ConditionProviders.SCP: evaluateSubscriptionLocked cal=ScheduleCalendar[mDays={1, 2, 3, 4, 5, 6, 7}, mSchedule=ScheduleInfo{days=[1, 2, 3, 4, 5, 6, 7], startHour=22, startMinute=0, endHour=7, endMinute=0, exitAtAlarm=true, nextAlarm=Thu Jan 01 08:00:00 GMT+08:00 1970 (0)}], now=Tue Mar 07 05:48:38 GMT+08:00 2023 (1678139318248), nextUserAlarmTime=Thu Jan 01 08:00:00 GMT+08:00 1970 (0)
03-07 05:48:38.249 1002 1002 D ConditionProviders.SCP: notifyCondition condition://android/schedule?days=1.2.3.4.5.6.7&start=22.0&end=7.0&exitAtAlarm=true STATE_TRUE reason=meetsSchedule
03-07 05:48:38.250 1002 1172 I am_uid_running: 10053
03-07 05:48:38.250 1002 1172 D CompatibilityChangeReporter: Compat change id reported: 135634846; UID 10053; state: DISABLED
03-07 05:48:38.250 1002 1172 D CompatibilityChangeReporter: Compat change id reported: 177438394; UID 10053; state: DISABLED
03-07 05:48:38.251 1002 1172 D CompatibilityChangeReporter: Compat change id reported: 135772972; UID 10053; state: DISABLED
03-07 05:48:38.251 1002 1172 D CompatibilityChangeReporter: Compat change id reported: 135754954; UID 10053; state: ENABLED
03-07 05:48:38.253 1002 1173 D CompatibilityChangeReporter: Compat change id reported: 143937733; UID 10053; state: ENABLED
03-07 05:48:38.257 1002 1002 D ConditionProviders.SCP: Scheduling evaluate for Tue Mar 07 07:00:00 GMT+08:00 2023 (1678143600000), in +1h11m21s752ms, now=Tue Mar 07 05:48:38 GMT+08:00 2023 (1678139318248)
03-07 05:48:38.262 1002 1002 D CompatibilityChangeReporter: Compat change id reported: 171306433; UID 1000; state: ENABLED
03-07 05:48:38.265 1002 1724 I am_uid_active: 10018
03-07 05:48:38.277 1002 1724 D CompatibilityChangeReporter: Compat change id reported: 143231523; UID 1000; state: DISABLED
03-07 05:48:38.292 1002 1173 I am_proc_start: [0,4341,10053,com.qualcomm.timeservice,broadcast,{com.qualcomm.timeservice/com.qualcomm.timeservice.TimeServiceBroadcastReceiver}]
03-07 05:48:38.292 1002 1173 I ActivityManager: Start proc 4341:com.qualcomm.timeservice/u0a53 for broadcast {com.qualcomm.timeservice/com.qualcomm.timeservice.TimeServiceBroadcastReceiver}
01-02 07:12:25.807 0 0 I binder : 4341:4341 ioctl 40046210 7fc2951f54 returned -22
03-07 05:48:38.356 1002 4328 I am_proc_bound: [0,4341,com.qualcomm.timeservice]
03-07 05:48:38.358 1002 4328 D CompatibilityChangeReporter: Compat change id reported: 168419799; UID 10053; state: DISABLED
03-07 05:48:38.417 1002 1632 I commit_sys_config_file: [settings-1-0,13]
03-07 05:48:38.797 2593 2593 I sysui_multi_action: [757,830,758,4,833,0,854,time,1089,0]
03-07 05:48:38.871 2593 2593 I sysui_multi_action: [757,608,758,1,833,0,1089,65]
03-07 05:48:38.880 1002 1154 I input_focus: [Focus request 12cf091 com.android.settings/com.android.settings.Settings,reason=UpdateInputWindows]
03-07 05:48:38.905 1002 1662 I input_focus: [Focus leaving d2ac14d com.android.settings/com.android.settings.Settings (server),reason=Waiting for window because NOT_VISIBLE]
03-07 05:48:38.944 1002 1662 I input_focus: [Focus entering 12cf091 com.android.settings/com.android.settings.Settings (server),reason=Window became focusable. Previous reason: NOT_VISIBLE]
03-07 05:48:41.291 1002 1662 I input_interaction: Interaction with: 12cf091 com.android.settings/com.android.settings.Settings (server), edge-swipe (server), swipe-up (server), PointerEventDispatcher0 (server),
01-02 07:12:29.676 0 0 E DTC_ETH,link_delay_work_func: 3003, SQI=0, link=0
03-07 05:48:42.377 1002 1722 I GameModeConfig: isGameModeOn = false
03-07 05:48:43.296 1002 1168 I am_pss : [2593,1000,com.android.settings,176948224,159969280,0,323346432,0,2,19]
03-07 16:58:00.012 1002 1641 E LazyAlarmStore: Removed TIME_TICK alarm
03-07 16:58:00.012 1002 1172 I am_wtf : [0,1002,system_server,-1,LazyAlarmStore,Removed TIME_TICK alarm]
03-07 16:58:00.014 1002 1172 I DropBoxManagerService: add tag=system_server_wtf isTagEnabled=true flags=0x2
03-07 16:58:00.072 1002 1172 I dvm_lock_sample: [system_server,1,ActivityManager,48,AppOpsService.java,2098,void com.android.server.appop.AppOpsService.updateUidProcState(int, int, int),HistoricalRegistry.java,694,void com.android.server.appop.HistoricalRegistry.clearHistoryOnDiskDLocked(),9]
03-07 16:58:00.088 1002 1154 I input_focus: [Focus request d2ac14d com.android.settings/com.android.settings.Settings,reason=UpdateInputWindows]
03-07 16:58:00.105 2593 2593 I sysui_multi_action: [757,608,758,2,1089,8350]
03-07 16:58:00.112 1002 1662 I input_focus: [Focus entering d2ac14d com.android.settings/com.android.settings.Settings (server),reason=setFocusedWindow]
03-07 16:58:00.112 1002 1172 I am_uid_active: 10053
03-07 16:58:00.115 1002 1002 D DevicePolicyManager: updateSystemUpdateFreezePeriodsRecord
03-07 16:58:00.117 1002 1002 D ConditionProviders.SCP: onReceive android.intent.action.TIME_SET
03-07 16:58:00.117 1002 1002 D ConditionProviders.SCP: evaluateSubscriptionLocked cal=ScheduleCalendar[mDays={1, 2, 3, 4, 5, 6, 7}, mSchedule=ScheduleInfo{days=[1, 2, 3, 4, 5, 6, 7], startHour=22, startMinute=0, endHour=7, endMinute=0, exitAtAlarm=true, nextAlarm=Thu Jan 01 08:00:00 GMT+08:00 1970 (0)}], now=Tue Mar 07 16:58:00 GMT+08:00 2023 (1678179480117), nextUserAlarmTime=Thu Jan 01 08:00:00 GMT+08:00 1970 (0)
03-07 16:58:00.117 1002 1002 D ConditionProviders.SCP: notifyCondition condition://android/schedule?days=1.2.3.4.5.6.7&start=22.0&end=7.0&exitAtAlarm=true STATE_FALSE reason=!meetsSchedule
03-07 16:58:00.118 1002 1002 D ConditionProviders.SCP: Scheduling evaluate for Tue Mar 07 22:00:00 GMT+08:00 2023 (1678197600000), in +5h1m59s883ms, now=Tue Mar 07 16:58:00 GMT+08:00 2023 (1678179480117)
03-07 16:58:00.123 1002 1002 I sysui_multi_action: [757,803,799,dnd_mode_0,802,524089]
03-07 16:58:00.123 1002 1002 I sysui_multi_action: [757,803,799,dnd_rule_count,802,0]
03-07 16:58:00.123 1002 1002 I sysui_multi_action: [757,803,799,dnd_type_0,802,524089]
03-07 16:58:00.124 1002 1002 I GameModeConfig: isGameModeOn = false
01-02 07:12:34.740 0 0 E msm_pcm_playback_close: CMD_EOS failed, cmd_pending 0x8
01-02 07:12:34.759 0 0 I afe_close: port_id = 0x9000
03-07 16:58:00.175 3285 3285 I auditd : type=1400 audit(0.0:1751): avc: denied { open } for comm="pool-18-thread-" path="/proc/3285/net/dev" dev="proc" ino=4026532156 scontext=u:r:priv_app:s0:c512,c768 tcontext=u:object_r:proc_net:s0 tclass=file permissive=1 app=com.baidu.input
03-07 16:58:00.175 3285 3285 I auditd : type=1400 audit(0.0:1752): avc: denied { getattr } for comm="pool-18-thread-" path="/proc/3285/net/dev" dev="proc" ino=4026532156 scontext=u:r:priv_app:s0:c512,c768 tcontext=u:object_r:proc_net:s0 tclass=file permissive=1 app=com.baidu.input
01-02 07:12:34.797 0 0 E DTC_ETH,link_delay_work_func: 3003, SQI=0, link=0
01-02 07:12:34.801 0 0 I afe_find_cal_topo_id_by_port: port id: 0x9000, dev_acdb_id: 0
01-02 07:12:34.802 0 0 I afe_find_cal_topo_id_by_port: top_id:112fc acdb_id:15 afe_port:0x9000
01-02 07:12:34.802 0 0 I afe_get_cal_topology_id: port_id = 0x9000 acdb_id = 15 topology_id = 0x112fc cal_type_index=8 ret=0
01-02 07:12:34.803 0 0 I afe_send_port_topology_id: AFE set topology id 0x112fc enable for port 0x9000 ret 0
01-02 07:12:34.803 0 0 I send_afe_cal_type: cal_index is 0
01-02 07:12:34.803 0 0 I send_afe_cal_type: dev_acdb_id[55] is 0
01-02 07:12:34.803 0 0 I send_afe_cal_type: Sending cal_index cal 0
01-02 07:12:34.803 0 0 E send_afe_cal_type: No cal sent for cal_index 0, port_id = 0x9000! ret -22
01-02 07:12:34.812 0 0 I afe_send_hw_delay: port_id 0x9000 rate 48000 delay_usec 474 status 0
03-07 16:58:00.283 1002 1168 I UsageStatsService: User[0] Time changed in by 40152 seconds
03-07 16:58:00.284 1002 1168 I UsageStatsService: User[0] Flushing usage stats to disk
03-07 16:58:00.326 1002 1168 I UsageStatsDatabase: Time changed by +11h9m12s883ms. files deleted: 0 files moved: 4
03-07 16:58:00.328 1002 1632 I commit_sys_config_file: [settings-2-0,9]
03-07 16:58:00.335 1002 1632 I commit_sys_config_file: [settings-0-0,7]
03-07 16:58:00.339 1002 1168 I UsageStatsService: User[0] Rollover scheduled @ 2023-03-08 16:47:01(1678265221169)
03-07 16:58:00.388 1002 1152 I commit_sys_config_file: [notification-policy,524103]
03-07 16:58:04.236 1002 1662 I input_interaction: Interaction with: d2ac14d com.android.settings/com.android.settings.Settings (server), edge-swipe (server), swipe-up (server), PointerEventDispatcher0 (server),
03-07 16:58:04.264 1002 2798 W FreeFormWindowHelper: Current Display FreeFormTask is null
03-07 16:58:04.269 1002 2798 W FreeFormWindowHelper: Current Display FreeFormTask is null
03-07 16:58:04.270 1002 2798 W FreeFormWindowHelper: Current Display FreeFormTask is null
03-07 16:58:04.277 1002 2701 W FreeFormWindowHelper: Current Display FreeFormTask is null
03-07 16:58:04.277 1002 2798 I wm_task_moved: [1,0,0]
03-07 16:58:04.278 1002 2798 I wm_task_moved: [1,0,5]
03-07 16:58:04.281 1002 2701 W FreeFormWindowHelper: Current Display FreeFormTask is null
03-07 16:58:04.291 2640 2640 I wm_on_restart_called: [224338254,com.android.launcher3.uioverrides.QuickstepLauncher,performRestartActivity]
03-07 16:58:04.293 1002 2701 W FreeFormWindowHelper: Current Display FreeFormTask is null
03-07 16:58:04.294 1002 2701 W FreeFormWindowHelper: Current Display FreeFormTask is null
03-07 16:58:04.295 1002 2701 W FreeFormWindowHelper: Current Display FreeFormTask is null
03-07 16:58:04.346 2640 2640 I wm_on_start_called: [224338254,com.android.launcher3.uioverrides.QuickstepLauncher,handleStartActivity]
03-07 16:58:04.347 1002 2701 W ActivityTaskManager: getTaskSnapshot: taskId=-453 not found
03-07 16:58:04.351 2593 2593 I view_enqueue_input_event: [Motion - Cancel,com.android.settings/com.android.settings.Settings]
03-07 16:58:04.351 1002 2701 W ActivityTaskManager: getTaskSnapshot: taskId=-453 not found
03-07 16:58:04.351 1002 1150 D AutofillManagerService: Close system dialogs
03-07 16:58:04.352 1002 2701 W ActivityTaskManager: getTaskSnapshot: taskId=-451 not found
03-07 16:58:04.356 1002 4328 W ActivityTaskManager: getTaskSnapshot: taskId=-450 not found
03-07 16:58:04.358 1002 1662 I input_interaction: Interaction with: edge-swipe (server), swipe-up (server), PointerEventDispatcher0 (server),
03-07 16:58:04.358 1002 2701 W FreeFormWindowHelper: Current Display FreeFormTask is null
03-07 16:58:04.359 1002 2150 W FreeFormWindowHelper: Current Display FreeFormTask is null
03-07 16:58:04.359 1002 4328 W ActivityTaskManager: getTaskSnapshot: taskId=-453 not found
03-07 16:58:04.360 1002 4328 W ActivityTaskManager: getTaskSnapshot: taskId=-451 not found
03-07 16:58:04.360 1002 4328 W ActivityTaskManager: getTaskSnapshot: taskId=-450 not found
03-07 16:58:04.360 1002 4328 W FreeFormWindowHelper: Current Display FreeFormTask is null
03-07 16:58:04.360 1002 3217 W ActivityTaskManager: getTaskSnapshot: taskId=-450 not found
03-07 16:58:04.361 1002 1154 I input_focus: [Focus request recents_animation_input_consumer,reason=UpdateInputWindows]
03-07 16:58:04.363 1002 2150 W FreeFormWindowHelper: Current Display FreeFormTask is null
03-07 16:58:04.364 1002 4328 W ActivityTaskManager: getTaskSnapshot: taskId=-373 not found
03-07 16:58:04.367 1002 2701 W ActivityTaskManager: getTaskSnapshot: taskId=-373 not found
03-07 16:58:04.367 1002 2150 W ActivityTaskManager: getTaskSnapshot: taskId=-373 not found
03-07 16:58:04.368 1002 2150 W ActivityTaskManager: getTaskSnapshot: taskId=-373 not found
03-07 16:58:04.368 1002 2150 W ActivityTaskManager: getTaskSnapshot: taskId=-373 not found
03-07 16:58:04.383 1002 1662 I input_focus: [Focus leaving d2ac14d com.android.settings/com.android.settings.Settings (server),reason=NOT_FOCUSABLE]
03-07 16:58:04.384 1002 1662 I input_focus: [Focus entering recents_animation_input_consumer (server),reason=setFocusedWindow]
03-07 16:58:04.388 1002 2150 W FreeFormWindowHelper: Current Display FreeFormTask is null
03-07 16:58:04.389 1002 2150 W FreeFormWindowHelper: Current Display FreeFormTask is null
03-07 16:58:04.393 2640 2640 I sysui_latency: [1,156]
03-07 16:58:04.394 1002 2150 W ActivityTaskManager: getTaskSnapshot: taskId=-373 not found
03-07 16:58:04.415 1002 1150 I sysui_multi_action: [319,22,322,127,325,567,757,761,758,9,759,5,806,com.android.launcher3,871,com.android.launcher3.uioverrides.QuickstepLauncher,905,0,1320,4,1321,1]
03-07 16:58:04.418 1002 2150 W FreeFormWindowHelper: Current Display FreeFormTask is null
03-07 16:58:04.418 1002 2150 W FreeFormWindowHelper: Current Display FreeFormTask is null
03-07 16:58:04.562 1002 1632 I commit_sys_config_file: [settings-1-0,19]
03-07 16:58:04.705 1002 1168 I sysui_latency: [8,162]
01-02 07:12:39.917 0 0 E DTC_ETH,link_delay_work_func: 3003, SQI=0, link=0
03-07 16:58:06.626 1002 4328 I wm_task_moved: [1,0,5]
03-07 16:58:06.627 1002 4328 I wm_add_to_stopping: [0,224338254,com.android.launcher3/.uioverrides.QuickstepLauncher,makeInvisible]
03-07 16:58:06.639 1002 2247 W FreeFormWindowHelper: Current Display FreeFormTask is null
03-07 16:58:06.639 1002 3217 W FreeFormWindowHelper: Current Display FreeFormTask is null
03-07 16:58:06.640 1002 1154 I input_focus: [Focus request d2ac14d com.android.settings/com.android.settings.Settings,reason=UpdateInputWindows]
03-07 16:58:06.643 1002 1153 I wm_stop_activity: [0,224338254,com.android.launcher3/.uioverrides.QuickstepLauncher]
03-07 16:58:06.654 1002 2150 W FreeFormWindowHelper: Current Display FreeFormTask is null
03-07 16:58:06.655 1002 2701 W FreeFormWindowHelper: Current Display FreeFormTask is null
03-07 16:58:06.656 1002 1662 I input_focus: [Focus leaving recents_animation_input_consumer (server),reason=NOT_VISIBLE]
03-07 16:58:06.656 1002 1662 I input_focus: [Focus entering d2ac14d com.android.settings/com.android.settings.Settings (server),reason=setFocusedWindow]
03-07 16:58:06.663 1002 2150 W FreeFormWindowHelper: exitRecentTasks type=0
03-07 16:58:06.667 2640 2640 I wm_on_stop_called: [224338254,com.android.launcher3.uioverrides.QuickstepLauncher,STOP_ACTIVITY_ITEM]
03-07 16:58:06.681 1002 1168 I am_pss : [2593,1000,com.android.settings,172134400,155058176,0,318423040,0,2,19]
03-07 16:58:06.714 1002 1168 I am_pss : [4156,10052,com.thundercomm.screensaver,29267968,22601728,0,145145856,0,19,18]
03-07 16:58:06.715 1002 1168 W UsageStatsService: Unexpected activity event reported! (com.android.launcher3/com.android.launcher3.uioverrides.QuickstepLauncher event : 23 instanceId : 178199722)
03-07 16:58:06.883 1002 1632 I commit_sys_config_file: [settings-1-0,16]
01-02 07:12:42.657 0 0 I [schedu][0x2952671e4][16:58:08.082384] wlan: [2638:I:OSIF] scan start scan id 40966
01-02 07:12:43.864 0 0 I [schedu][0x29687d244][16:58:09.288574] wlan: [2638:I:OSIF] vdev 0, scan id 40966 type COMPLETED(1) reason COMPLETED(1) scan found 83 bss
01-02 07:12:45.038 0 0 E DTC_ETH,link_delay_work_func: 3003, SQI=0, link=0
01-02 07:12:45.241 0 0 E msm_pcm_playback_close: CMD_EOS failed, cmd_pending 0x8
01-02 07:12:45.257 0 0 I afe_close: port_id = 0x9000
01-02 07:12:45.292 0 0 I afe_find_cal_topo_id_by_port: port id: 0x9000, dev_acdb_id: 0
01-02 07:12:45.292 0 0 I afe_find_cal_topo_id_by_port: top_id:112fc acdb_id:15 afe_port:0x9000
01-02 07:12:45.292 0 0 I afe_get_cal_topology_id: port_id = 0x9000 acdb_id = 15 topology_id = 0x112fc cal_type_index=8 ret=0
01-02 07:12:45.292 0 0 I afe_send_port_topology_id: AFE set topology id 0x112fc enable for port 0x9000 ret 0
01-02 07:12:45.292 0 0 I send_afe_cal_type: cal_index is 0
01-02 07:12:45.292 0 0 I send_afe_cal_type: dev_acdb_id[55] is 0
01-02 07:12:45.292 0 0 I send_afe_cal_type: Sending cal_index cal 0
01-02 07:12:45.292 0 0 E send_afe_cal_type: No cal sent for cal_index 0, port_id = 0x9000! ret -22
01-02 07:12:45.301 0 0 I afe_send_hw_delay: port_id 0x9000 rate 48000 delay_usec 474 status 0
01-02 07:12:45.912 0 0 I qcom_rpmh DRV: apps_rsc TCS Busy, retrying RPMH message send: addr=0x41b08
03-07 16:58:15.207 1002 1168 I am_pss : [4341,10053,com.qualcomm.timeservice,5023744,3473408,0,89735168,0,19,22]
01-02 07:12:50.157 0 0 E DTC_ETH,link_delay_work_func: 3003, SQI=0, link=0
01-02 07:12:55.121 0 0 I binder : 4414:4416 ioctl 40046210 6e150ef924 returned -22
03-07 16:58:20.614 1002 1152 I commit_sys_config_file: [package-session,543441]
03-07 16:58:20.615 1002 2150 I dvm_lock_sample: [system_server,1,Binder:1002_6,44,PackageInstallerService.java,972,android.content.pm.PackageInstaller$SessionInfo com.android.server.pm.PackageInstallerService.getSessionInfo(int),-,912,android.content.pm.IPackageInstallerSession com.android.server.pm.PackageInstallerService.openSessionInternal(int),8]
03-07 16:58:20.622 1002 1152 I commit_sys_config_file: [package-session,543449]
01-02 07:12:55.277 0 0 E DTC_ETH,link_delay_work_func: 3003, SQI=0, link=0
01-02 07:12:55.732 0 0 E msm_pcm_playback_close: CMD_EOS failed, cmd_pending 0x8
01-02 07:12:55.747 0 0 I afe_close: port_id = 0x9000
01-02 07:12:55.776 0 0 I afe_find_cal_topo_id_by_port: port id: 0x9000, dev_acdb_id: 0
01-02 07:12:55.776 0 0 I afe_find_cal_topo_id_by_port: top_id:112fc acdb_id:15 afe_port:0x9000
01-02 07:12:55.776 0 0 I afe_get_cal_topology_id: port_id = 0x9000 acdb_id = 15 topology_id = 0x112fc cal_type_index=8 ret=0
01-02 07:12:55.777 0 0 I afe_send_port_topology_id: AFE set topology id 0x112fc enable for port 0x9000 ret 0
01-02 07:12:55.777 0 0 I send_afe_cal_type: cal_index is 0
01-02 07:12:55.777 0 0 I send_afe_cal_type: dev_acdb_id[55] is 0
01-02 07:12:55.777 0 0 I send_afe_cal_type: Sending cal_index cal 0
01-02 07:12:55.777 0 0 E send_afe_cal_type: No cal sent for cal_index 0, port_id = 0x9000! ret -22
01-02 07:12:55.785 0 0 I afe_send_hw_delay: port_id 0x9000 rate 48000 delay_usec 474 status 0
01-02 07:12:57.028 0 0 E msm_pcm_playback_close: CMD_EOS failed, cmd_pending 0x8
01-02 07:12:57.045 0 0 I afe_close: port_id = 0x9000
03-07 16:58:22.886 1002 1662 I input_interaction: Interaction with: 307f844 StatusBar (server), edge-swipe (server), swipe-up (server), PointerEventDispatcher0 (server),
03-07 16:58:22.903 1983 1983 I sysui_multi_action: [757,803,799,panel_open,802,1]
03-07 16:58:22.907 1983 1983 I sysui_multi_action: [757,1328,758,4,1326,48,1327,2,1329,0]
03-07 16:58:22.935 1002 2247 I sysui_multi_action: [757,127,758,1]
03-07 16:58:22.935 1002 2247 I sysui_multi_action: [757,804,799,note_load,801,4,802,1]
03-07 16:58:22.936 1002 2247 I notification_panel_revealed: 4
03-07 16:58:22.954 1002 1154 I input_focus: [Focus request d6d1c7b NotificationShade,reason=UpdateInputWindows]
03-07 16:58:22.971 1002 2247 I sysui_multi_action: [757,128,758,1,793,40693602,794,0,795,40693602,796,26,798,0,806,android,857,DEVELOPER_IMPORTANT,858,4,947,0,1395,4,1500,40692554,1688,1]
03-07 16:58:22.971 1002 2247 I sysui_multi_action: [757,804,799,note_freshness,801,40693602,802,1]
03-07 16:58:22.971 1002 2247 I notification_visibility: [-1|android|26|null|1000,1,40693602,40693602,0,0]
03-07 16:58:22.972 1002 2247 I sysui_multi_action: [757,128,758,1,793,40691703,794,0,795,40691703,796,17303299,797,com.android.wifi,798,1,806,android,857,NETWORK_AVAILABLE,858,2,947,0,1395,4,1500,40691483,1688,1]
03-07 16:58:22.972 1002 2247 I sysui_multi_action: [757,804,799,note_freshness,801,40691703,802,1]
03-07 16:58:22.972 1002 2247 I notification_visibility: [0|android|17303299|com.android.wifi|1000,1,40691703,40691703,0,1]
03-07 16:58:22.972 1002 2247 I sysui_multi_action: [757,128,758,1,793,40693428,794,0,795,40693428,796,55,798,2,806,android,857,DEVELOPER,858,2,947,0,1395,4,1500,40692553,1688,1]
03-07 16:58:22.972 1002 2247 I sysui_multi_action: [757,804,799,note_freshness,801,40693428,802,1]
03-07 16:58:22.972 1002 2247 I notification_visibility: [-1|android|55|null|1000,1,40693428,40693428,0,2]
03-07 16:58:22.973 1002 2247 I sysui_multi_action: [757,128,758,1,793,40696677,794,0,795,40696677,796,32,798,3,806,android,857,USB,858,1,947,0,1395,4,1500,40696290,1688,1]
03-07 16:58:22.973 1002 2247 I sysui_multi_action: [757,804,799,note_freshness,801,40696677,802,1]
03-07 16:58:22.973 1002 2247 I notification_visibility: [-1|android|32|null|1000,1,40696677,40696677,0,3]
03-07 16:58:22.981 1002 1662 I input_focus: [Focus leaving d2ac14d com.android.settings/com.android.settings.Settings (server),reason=setFocusedWindow]
03-07 16:58:22.981 1002 1662 I input_focus: [Focus entering d6d1c7b NotificationShade (server),reason=setFocusedWindow]
03-07 16:58:23.044 1983 1983 I sysui_multi_action: [757,111,758,1]
03-07 16:58:23.045 1983 1983 I sysui_multi_action: [757,126,758,1,759,126,927,0,928,1,1593,0]
03-07 16:58:23.045 1983 1983 I sysui_multi_action: [757,113,758,1,759,113,927,1,928,0,1593,0]
03-07 16:58:23.045 1983 1983 I sysui_multi_action: [757,0,758,1,759,0,927,2,928,0,1593,0]
03-07 16:58:23.045 1983 1983 I sysui_multi_action: [757,0,758,1,759,0,927,3,928,0,1593,0]
03-07 16:58:23.047 1983 1983 I sysui_multi_action: [757,491,758,1,759,491,927,4,928,0,1311,-1,1593,0]
03-07 16:58:23.047 1983 1983 I sysui_multi_action: [757,0,758,1,759,0,927,5,928,0,1593,0]
03-07 16:58:23.047 1983 1983 I sysui_multi_action: [757,0,758,1,759,0,927,6,1593,0]
03-07 16:58:23.048 1983 1983 I sysui_multi_action: [757,111,758,1]
03-07 16:58:23.048 1983 1983 I sysui_multi_action: [757,126,758,1,759,126,927,0,928,1,1593,0]
03-07 16:58:23.049 1983 1983 I sysui_multi_action: [757,113,758,1,759,113,927,1,928,0,1593,0]
03-07 16:58:23.049 1983 1983 I sysui_multi_action: [757,0,758,1,759,0,927,2,928,0,1593,0]
03-07 16:58:23.049 1983 1983 I sysui_multi_action: [757,0,758,1,759,0,927,3,928,0,1593,0]
03-07 16:58:23.999 1002 1662 I input_interaction: Interaction with: d6d1c7b NotificationShade (server), edge-swipe (server), swipe-up (server), PointerEventDispatcher0 (server),
03-07 16:58:24.418 1983 1983 I sysui_multi_action: [757,366,758,4,759,126,927,0,928,1,1592,0,1593,1]
03-07 16:58:24.435 1002 2247 I ActivityTaskManager: START u0 {act=android.settings.WIFI_SETTINGS flg=0x14000000 cmp=com.android.settings/.homepage.SettingsHomepageActivity} from uid 10084
03-07 16:58:24.438 1002 2247 I wm_new_intent: [0,105038062,18,com.android.settings/.Settings,android.intent.action.MAIN,NULL,NULL,270532608]
03-07 16:58:24.439 1002 2247 I wm_task_moved: [18,1,6]
03-07 16:58:24.439 2593 2593 I wm_on_top_resumed_lost_called: [105038062,com.android.settings.Settings,pausing]
03-07 16:58:24.440 1002 2247 I wm_set_resumed_activity: [0,com.android.settings/.Settings,positionChildAt]
03-07 16:58:24.442 2593 2593 I sysui_multi_action: [757,35,758,2,1089,38182]
03-07 16:58:24.442 2593 2593 I sysui_multi_action: [757,744,758,2,1089,36415]
03-07 16:58:24.443 2593 2593 I sysui_multi_action: [757,38,758,2,1089,35536]
03-07 16:58:24.444 2593 2593 I wm_on_paused_called: [105038062,com.android.settings.Settings,performPause]
03-07 16:58:24.445 2593 2593 I wm_on_resume_called: [105038062,com.android.settings.Settings,LIFECYCLER_RESUME_ACTIVITY]
03-07 16:58:24.445 2593 2593 I sysui_multi_action: [757,35,758,1,833,0,1089,0]
