03-07 17:03:02.579 674 8671 D resolv : send_dg: new DG socket
03-07 17:03:02.579 674 8671 I resolv : get_timeout: using timeout of 5000 msec
03-07 17:03:02.579 674 8671 I resolv : retrying_poll: 57 retrying_poll
03-07 17:03:02.580 2419 2419 I wm_on_start_called: [28262711,com.tc.logclient.LogClientActivity,handleStartActivity]
03-07 17:03:02.581 2419 2419 I wm_on_resume_called: [28262711,com.tc.logclient.LogClientActivity,RESUME_ACTIVITY]
03-07 17:03:02.581 674 8670 I resolv : retrying_poll: 56 retrying_poll returning 1
03-07 17:03:02.581 674 8670 I resolv : res_nsend: used send_dg 76 terrno: 0
03-07 17:03:02.581 674 8670 I resolv : res_stats_set_sample: rcode = 0, sec = 7
03-07 17:03:02.581 674 8670 I resolv : res_cache_add_stats_sample_locked: adding sample to stats, next = 55, count = 55
03-07 17:03:02.581 674 8670 D resolv : res_nsend: got answer:
03-07 17:03:02.581 674 8670 I resolv : answer_getTTL: TTL = 230
03-07 17:03:02.581 674 8670 I resolv : _cache_add_p: entry 56 added (count=52)
03-07 17:03:02.581 674 8670 I resolv : cache_dump_mru_locked: MRU LIST (52): 56 1 54 55 53 10 52 51 8 50 49 48 47 46 45 44 32 43 42 41 38 40 39 37 36 35 34 33 29 3 28 27 26 25 24 23 19 21 20 18 16 15 14 13 11 12 9 7 6 5 4 2
03-07 17:03:02.581 674 8670 D resolv : doQuery: rcode=0, ancount=2
03-07 17:03:02.582 674 8669 I ResolverController: No valid NAT64 prefix (100, /0)
03-07 17:03:02.584 674 8671 I resolv : retrying_poll: 57 retrying_poll returning 1
03-07 17:03:02.584 674 8671 I resolv : res_nsend: used send_dg 48 terrno: 0
03-07 17:03:02.584 674 8671 I resolv : res_stats_set_sample: rcode = 0, sec = 5
03-07 17:03:02.584 674 8671 I resolv : res_cache_add_stats_sample_locked: adding sample to stats, next = 56, count = 56
03-07 17:03:02.586 674 8671 D resolv : res_nsend: got answer:
03-07 17:03:02.586 674 8671 I resolv : resolv_cache_add: ALREADY IN CACHE (0xb40000700e65d270) ? IGNORING ADD
03-07 17:03:02.587 674 8671 D resolv : doQuery: rcode=0, ancount=1
03-07 17:03:02.587 674 8668 I ResolverController: No valid NAT64 prefix (100, /0)
03-07 17:03:02.595 1002 1063 W FreeFormWindowHelper: Current Display FreeFormTask is null
03-07 17:03:02.595 2419 2419 I wm_on_top_resumed_gained_called: [28262711,com.tc.logclient.LogClientActivity,topStateChangedWhenResumed]
03-07 17:03:02.597 2419 2419 D TlogClient_LogZipService: LogZipService onCreate.
03-07 17:03:02.598 2419 2419 D TlogClient_LogZipService: onStartCommand: 4096
03-07 17:03:02.607 2109 3973 I GameMode_ActivityMonitoringService: Notifying about top task: com.tc.logclient, isInMiniWindowMode: false
03-07 17:03:02.607 2109 3973 I GameMode_ActivityMonitoringService: onActivityLaunch: com.tc.logclient, isGameApp: false
03-07 17:03:02.607 2109 3973 V GameMode_GpuUtils: fps:60
03-07 17:03:02.611 2109 3973 D GameModeIF_GameModeSettings: getUriFor setting_content_uri_root = content://com.thundercomm.gamemode.api/gamemode_settings , name = gamemode_enable
03-07 17:03:02.616 2419 8661 I AdrenoGLES-0: QUALCOMM build : 47421dbee6, I139f36ad46
03-07 17:03:02.616 2419 8661 I AdrenoGLES-0: Build Date : 02/18/22
03-07 17:03:02.616 2419 8661 I AdrenoGLES-0: OpenGL ES Shader Compiler Version: EV031.32.02.17
03-07 17:03:02.616 2419 8661 I AdrenoGLES-0: Local Branch :
03-07 17:03:02.616 2419 8661 I AdrenoGLES-0: Remote Branch :
03-07 17:03:02.616 2419 8661 I AdrenoGLES-0: Remote Branch :
03-07 17:03:02.616 2419 8661 I AdrenoGLES-0: Reconstruct Branch :
03-07 17:03:02.616 2419 8661 I AdrenoGLES-0: Build Config : S P 10.0.7 AArch64
03-07 17:03:02.616 2419 8661 I AdrenoGLES-0: Driver Path : /vendor/lib64/egl/libGLESv2_adreno.so
03-07 17:03:02.618 505 505 I hwservicemanager: getTransport: Cannot find entry android.hardware.graphics.mapper@4.0::IMapper/default in either framework or device VINTF manifest.
03-07 17:03:02.619 1002 1154 I input_focus: [Focus request 6232f22 com.tc.logclient/com.tc.logclient.LogClientActivity,reason=UpdateInputWindows]
03-07 17:03:02.622 3285 3285 D ActivityThread: ViewRootImpl.ConfigChangedCallback for IME, config={1.0 ?mcc?mnc [zh_CN] ldltr sw680dp w1586dp h588dp 240dpi lrg long hdr land finger -keyb/v/h -nav/h winConfig={ mBounds=Rect(0, 0 - 2380, 1020) mAppBounds=Rect(0, 0 - 2380, 954) mMaxBounds=Rect(0, 0 - 2380, 1020) mWindowingMode=fullscreen mDisplayWindowingMode=fullscreen mActivityType=undefined mAlwaysOnTop=undefined mRotation=ROTATION_0} s.10 fontWeightAdjustment=0}
03-07 17:03:02.624 3285 4548 I OpenGLRenderer: Davey! duration=197921ms; Flags=0, FrameTimelineVsyncId=13636, IntendedVsync=668132044494, Vsync=668198711158, InputEventId=0, HandleInputStart=668209518075, AnimationStart=668209520054, PerformTraversalsStart=668209521304, DrawStart=668218552814, FrameDeadline=668165377826, FrameInterval=668209509794, FrameStartTime=16666666, SyncQueued=668218651981, SyncStart=668218797502, IssueDrawCommandsStart=668219027710, SwapBuffers=668224362971, FrameCompleted=866054144406, DequeueBufferDuration=28855, QueueBufferDuration=1198697, GpuCompleted=866054144406, SwapBuffersCompleted=668226554898, DisplayPresentTime=0,
03-07 17:03:02.625 2419 8661 I AdrenoGLES-0: PFP: 0x016dd093, ME: 0x00000000
03-07 17:03:02.648 2419 8661 D libEGL : MSAA-->msaa:0 gamemode:0 4x_msaa:0
03-07 17:03:02.649 2419 8661 D libEGL : MSAA-->msaa:0 gamemode:0 4x_msaa:0
03-07 17:03:02.649 2419 8661 D libEGL : MSAA-->msaa:0 gamemode:0 4x_msaa:0
03-07 17:03:02.668 961 3420 I SDM : HWCDisplay::GetColorModeCount: Supported color mode count = 1
03-07 17:03:02.669 961 3420 I SDM : HWCDisplay::GetColorModes: Color mode = 0 is supported
03-07 17:03:02.669 1068 1110 E HWComposer: getSupportedContentTypes: getSupportedContentTypes failed for display 4630946370410392961: Unsupported (8)
03-07 17:03:02.682 505 505 I hwservicemanager: getTransport: Cannot find entry android.hardware.graphics.mapper@4.0::IMapper/default in either framework or device VINTF manifest.
03-07 17:03:02.683 2419 8679 I Gralloc4: mapper 4.x is not supported
03-07 17:03:02.687 505 505 I hwservicemanager: getTransport: Cannot find entry android.hardware.graphics.allocator@4.0::IAllocator/default in either framework or device VINTF manifest.
03-07 17:03:02.688 2419 8679 W Gralloc4: allocator 4.x is not supported
03-07 17:03:02.751 1002 1662 I input_focus: [Focus entering 6232f22 com.tc.logclient/com.tc.logclient.LogClientActivity (server),reason=Window became focusable. Previous reason: NOT_VISIBLE]
03-07 17:03:02.751 1002 1150 I sysui_multi_action: [319,103,321,89,322,316,325,865,757,761,758,8,759,1,806,com.tc.logclient,871,com.tc.logclient.LogClientActivity,904,com.android.settings.intelligence,905,0,1320,4,1321,2]
03-07 17:03:02.752 1002 1153 I EventSequenceValidator: dec AccIntentStartedEvents to 1
03-07 17:03:02.752 1002 1150 I wm_activity_launch_time: [0,28262711,com.tc.logclient/.LogClientActivity,316]
03-07 17:03:02.752 1983 2108 D StartingSurfaceDrawer: Task start finish, remove starting surface for task 22
03-07 17:03:02.753 1983 2108 V StartingSurfaceDrawer: Removing splash screen window for task: 22
03-07 17:03:02.757 1002 1150 I ActivityTaskManager: Displayed com.tc.logclient/.LogClientActivity: +316ms
03-07 17:03:02.885 2419 2419 W ContextImpl: Calling a method in the system process without a qualified user: android.app.ContextImpl.startService:1816 android.content.ContextWrapper.startService:774 android.content.ContextWrapper.startService:774 com.tc.logclient.LogZipService.start:38 com.tc.logclient.LogClientFragment$1.run:153
03-07 17:03:02.902 2419 2419 D TlogClient_LogZipService: onStartCommand: 4097
03-07 17:03:02.902 2419 2419 D TlogClient_LogZipService: LogZipService state changed: Idle
03-07 17:03:02.902 2419 2419 D TlogClient_ZipUtils: updateState:
03-07 17:03:02.902 2419 2419 D TlogClient_LogZipService: Receive zip message:
03-07 17:03:02.902 2419 2419 D TlogClient_LogZipService: , handler: Handler (com.tc.logclient.LogClientFragment$UiHandler) {8eb556f}
03-07 17:03:02.902 4946 8651 I mars::cdn: [netchannel.cc:293, __RunReadWrite]:runloop rv 0 errtype 0 errcode 0 idling false
03-07 17:03:02.903 4946 8651 I mars::cdn: [netchannel.cc:871, __AfterRun]:cdntask 29 putback conn 0x7d76ed9068(742)@TCP to cache.
03-07 17:03:02.904 4946 8651 I mars::cdn: [netchannel.cc:871, __AfterRun]:cdntask 29 putback conn 0x7d76e39028(568)@TCP to cache.
03-07 17:03:03.017 1002 1153 I wm_stop_activity: [0,206824944,com.android.settings.intelligence/.search.SearchActivity]
03-07 17:03:03.046 8579 8579 I wm_on_stop_called: [206824944,com.android.settings.intelligence.search.SearchActivity,STOP_ACTIVITY_ITEM]
03-07 17:03:03.069 813 3438 E audio_hw_primary: out_write: error -5, cannot write stream data: I/O error
03-07 17:03:03.069 813 3438 D audio_hw_primary: out_standby: enter: stream (0xec300010) usecase(1: low-latency-playback)
03-07 17:03:03.078 1002 1063 W InputManager-JNI: Input channel object 'f5b9910 Splash Screen com.tc.logclient (client)' was disposed without first being removed with the input manager!
03-07 17:03:03.260 4946 5182 I MicroMsg.emoji.EmojiLogic: [:5182, ]:md5:373d2bd4d45f8248a99372d24cad762f index:45
01-02 07:17:37.844 0 0 E msm_pcm_playback_close: CMD_EOS failed, cmd_pending 0x8
03-07 17:03:03.285 1324 8405 I OMX-VENC: venc_dev: stats: avg. fps 42.16, bitrate 1654851
01-02 07:17:37.857 0 0 I afe_close: port_id = 0x9000
03-07 17:03:03.292 813 3438 D audio_hw_primary: disable_audio_route: reset and update mixer path: low-latency-playback
03-07 17:03:03.293 650 660 I mpu_uart: [MSG-P:RECV]:No message received in 1000 ms
03-07 17:03:03.294 813 3438 E soundtrigger: audio_extn_sound_trigger_update_stream_status: invalid input device 0x0, for event 2
03-07 17:03:03.294 813 3438 D soundtrigger: audio_extn_sound_trigger_update_stream_status: uc_info->id 1 of type 0 for Event 2, with Raise=0
03-07 17:03:03.294 813 3438 D msm8974_platform: platform_split_snd_device: snd_device(2) num devices(0) new_snd_devices(0)
03-07 17:03:03.294 813 3438 I msm8974_platform: platform_get_custom_mtmx_params: no matching param with id 0 ip_ch 2 op_ch 2 uc_id 1 snd_dev 2
03-07 17:03:03.294 813 3438 D hardware_info: hw_info_append_hw_type : device_name = speaker
03-07 17:03:03.294 813 3438 D audio_hw_primary: disable_snd_device: snd_device(2: speaker)
03-07 17:03:03.294 813 3438 D msm8974_platform: platform_split_snd_device: snd_device(2) num devices(0) new_snd_devices(0)
03-07 17:03:03.294 813 3438 I soundtrigger: audio_extn_sound_trigger_update_device_status: device 0x2 of type 0 for Event 0, with Raise=0
03-07 17:03:03.294 813 3438 D audio_hw_primary: out_standby: exit
03-07 17:03:03.298 813 3438 D audio_hw_primary: start_output_stream: enter: stream(0xec300010)usecase(1: low-latency-playback) devices(0x2) is_haptic_usecase(0)
03-07 17:03:03.299 813 3438 D audio_hw_primary: select_devices for use case (low-latency-playback)
03-07 17:03:03.299 813 3438 I msm8974_platform: platform_check_and_set_codec_backend_cfg:becf: afe: bitwidth 16, samplerate 48000 channels 2, backend_idx 0 usecase = 1 device (speaker)
03-07 17:03:03.299 813 3438 D msm8974_platform: platform_split_snd_device: snd_device(2) num devices(1) new_snd_devices(0)
03-07 17:03:03.299 813 3438 I msm8974_platform: platform_check_and_set_codec_backend_cfg: new_snd_devices[0] is 2
03-07 17:03:03.299 813 3438 I msm8974_platform: platform_check_codec_backend_cfg:becf: afe: bitwidth 16, samplerate 48000 channels 2, backend_idx 0 usecase = 1 device (speaker)
03-07 17:03:03.301 813 3438 D audio_hw_extn: audio_extn_enable_hifi_filter: mixer_value set 0
03-07 17:03:03.301 813 3438 D msm8974_platform: platform_check_codec_backend_cfg:becf: updated afe: bitwidth 16, samplerate 48000 channels 2,backend_idx 0 usecase = 1 device (speaker)
03-07 17:03:03.301 813 3438 D msm8974_platform: platform_check_codec_backend_cfg:becf: afe: playback on codec device not supporting native playback set default Sample Rate(48k)
03-07 17:03:03.301 813 3438 I msm8974_platform: platform_check_codec_backend_cfg:becf: afe: Codec selected backend: 0 updated bit width: 16 and sample rate: 48000
03-07 17:03:03.301 813 3438 D audio_hw_primary: check_usecases_codec_backend:becf: force routing 0
03-07 17:03:03.301 813 3438 E msm8974_platform: platform_check_backends_match: Invalid snd_device =
03-07 17:03:03.301 813 3438 D audio_hw_primary: check_usecases_codec_backend:becf: (78) check_usecases curr device: speaker, usecase device: backends match 0
03-07 17:03:03.301 813 3438 D audio_hw_primary: check_usecases_codec_backend:becf: check_usecases num.of Usecases to switch 0
03-07 17:03:03.301 813 3438 D hardware_info: hw_info_append_hw_type : device_name = speaker
03-07 17:03:03.301 813 3438 D msm8974_platform: platform_split_snd_device: snd_device(2) num devices(0) new_snd_devices(0)
03-07 17:03:03.301 813 3438 D audio_hw_primary: enable_snd_device: snd_device(2: speaker)
03-07 17:03:03.301 813 3438 D msm8974_platform: platform_get_island_cfg_on_device:island cfg status on snd_device = (speaker 0)
03-07 17:03:03.301 813 3438 I soundtrigger: audio_extn_sound_trigger_update_device_status: device 0x2 of type 0 for Event 1, with Raise=0
03-07 17:03:03.301 813 3438 D audio_route: Apply path: speaker
03-07 17:03:03.302 813 3438 I audio_hw_utils: audio_extn_utils_update_stream_output_app_type_cfg Allowing 24 and above bits playback on speaker ONLY at default sampling rate
03-07 17:03:03.302 813 3438 E soundtrigger: audio_extn_sound_trigger_update_stream_status: invalid input device 0x0, for event 3
03-07 17:03:03.302 813 3438 D soundtrigger: audio_extn_sound_trigger_update_stream_status: uc_info->id 1 of type 0 for Event 3, with Raise=0
03-07 17:03:03.302 813 3438 D audio_hw_utils: audio_extn_utils_send_app_type_cfg: usecase->out_snd_device speaker
03-07 17:03:03.302 813 3438 D msm8974_platform: platform_split_snd_device: snd_device(2) num devices(0) new_snd_devices(0)
03-07 17:03:03.302 813 3438 D audio_hw_utils: audio_extn_btsco_get_sample_rate:Not a BT SCO device, need not update sampling rate
03-07 17:03:03.302 813 3438 I audio_hw_utils: send_app_type_cfg_for_device PLAYBACK app_type 69937, acdb_dev_id 15, sample_rate 48000, snd_device_be_idx 179
03-07 17:03:03.303 813 3438 D msm8974_platform: platform_split_snd_device: snd_device(2) num devices(1) new_snd_devices(0)
03-07 17:03:03.303 813 3438 D audio_hw_utils: audio_extn_btsco_get_sample_rate:Not a BT SCO device, need not update sampling rate
03-07 17:03:03.303 813 3438 D ACDB-LOADER: ACDB -> send_audio_cal, acdb_id = 15, path = 0, app id = 0x11131, sample rate = 48000, afe_sample_rate = 48000
03-07 17:03:03.303 813 3438 D ACDB-LOADER: ACDB -> send_asm_topology
03-07 17:03:03.303 813 3438 D ACDB-LOADER: ACDB -> ACDB_CMD_GET_AUDPROC_STREAM_TOPOLOGY_ID
03-07 17:03:03.303 813 3438 D ACDB-LOADER: ACDB -> send_adm_topology
03-07 17:03:03.303 813 3438 D ACDB-LOADER: ACDB -> ACDB_CMD_GET_AUDPROC_COMMON_TOPOLOGY_ID
03-07 17:03:03.303 813 3438 D ACDB-LOADER: ACDB -> send_audtable
03-07 17:03:03.303 813 3438 D ACDB-LOADER: ACDB -> ACDB_CMD_GET_AUDPROC_INSTANCE_COMMON_TABLE_SIZE
03-07 17:03:03.303 813 3438 D ACDB-LOADER: ACDB -> ACDB_CMD_GET_AUDPROC_INSTANCE_COMMON_TABLE
03-07 17:03:03.303 813 3438 D ACDB-LOADER: ACDB -> AUDIO_SET_AUDPROC_CAL cal_type[11] acdb_id[15] app_type[69937]
03-07 17:03:03.303 813 3438 D ACDB-LOADER: ACDB -> send_audvoltable
03-07 17:03:03.303 813 3438 D ACDB-LOADER: ACDB -> ACDB_CMD_GET_AUDPROC_INSTANCE_GAIN_DEP_STEP_TABLE_SIZE
03-07 17:03:03.303 813 3438 D ACDB-LOADER: ACDB -> ACDB_CMD_GET_AUDPROC_INSTANCE_GAIN_DEP_STEP_TABLE, vol index 5
03-07 17:03:03.303 813 3438 D ACDB-LOADER: ACDB -> AUDIO_SET_VOL_CAL cal type = 12
03-07 17:03:03.304 813 3438 D ACDB-LOADER: ACDB -> ACDB_CMD_GET_AUDPROC_INSTANCE_STREAM_TABLE_SIZE
03-07 17:03:03.304 813 3438 D ACDB-LOADER: ACDB -> send_audstrmtable
03-07 17:03:03.304 813 3438 D ACDB-LOADER: ACDB -> ACDB_CMD_GET_AUDPROC_INSTANCE_STREAM_TABLE
03-07 17:03:03.304 813 3438 D ACDB-LOADER: ACDB -> audstrm_cal->cal_type.cal_data.cal_size = 20
03-07 17:03:03.304 813 3438 D ACDB-LOADER: ACDB -> send_afe_topology
03-07 17:03:03.304 813 3438 D ACDB-LOADER: ACDB -> ACDB_CMD_GET_AFE_TOPOLOGY_ID
03-07 17:03:03.304 813 3438 D ACDB-LOADER: ACDB -> GET_AFE_TOPOLOGY_ID for adcd_id 15, Topology Id 112fc
03-07 17:03:03.304 813 3438 D ACDB-LOADER: ACDB -> send_afe_cal
03-07 17:03:03.304 813 3438 D ACDB-LOADER: ACDB -> ACDB_CMD_GET_AFE_INSTANCE_COMMON_TABLE_SIZE
03-07 17:03:03.304 813 3438 D android.hardware.audio.service: Failed to fetch the lookup information of the device 0000000F
03-07 17:03:03.304 813 3438 D ACDB-LOADER: Error: ACDB_CMD_GET_AFE_INSTANCE_COMMON_TABLE_SIZE Returned = -19
03-07 17:03:03.304 813 3438 D ACDB-LOADER: ACDB -> ACDB_CMD_GET_AFE_INSTANCE_COMMON_TABLE
03-07 17:03:03.304 813 3438 D android.hardware.audio.service: Failed to fetch the lookup information of the device 0000000F
03-07 17:03:03.304 813 3438 D ACDB-LOADER: Error: ACDB AFE returned = -19
03-07 17:03:03.304 813 3438 D ACDB-LOADER: ACDB -> AUDIO_SET_AFE_CAL cal_type[16] acdb_id[15]
03-07 17:03:03.304 813 3438 D ACDB-LOADER: ACDB -> send_hw_delay : acdb_id = 15 path = 0
03-07 17:03:03.304 813 3438 D ACDB-LOADER: ACDB -> ACDB_AVSYNC_INFO: ACDB_CMD_GET_DEVICE_PROPERTY
03-07 17:03:03.304 813 3438 D msm8974_platform: platform_split_snd_device: snd_device(2) num devices(0) new_snd_devices(0)
03-07 17:03:03.304 813 3438 I msm8974_platform: platform_get_custom_mtmx_params: no matching param with id 0 ip_ch 2 op_ch 2 uc_id 1 snd_dev 2
03-07 17:03:03.305 813 3438 D audio_hw_primary: enable_audio_route: apply mixer and update path: low-latency-playback
03-07 17:03:03.305 813 3438 D audio_route: Apply path: low-latency-playback
03-07 17:03:03.306 813 3438 D audio_hw_primary: select_devices: done
01-02 07:17:37.887 0 0 I afe_find_cal_topo_id_by_port: port id: 0x9000, dev_acdb_id: 0
01-02 07:17:37.895 0 0 I afe_find_cal_topo_id_by_port: top_id:112fc acdb_id:15 afe_port:0x9000
01-02 07:17:37.902 0 0 I afe_get_cal_topology_id: port_id = 0x9000 acdb_id = 15 topology_id = 0x112fc cal_type_index=8 ret=0
01-02 07:17:37.913 0 0 I afe_send_port_topology_id: AFE set topology id 0x112fc enable for port 0x9000 ret 0
01-02 07:17:37.923 0 0 I send_afe_cal_type: cal_index is 0
01-02 07:17:37.927 0 0 I send_afe_cal_type: dev_acdb_id[55] is 0
01-02 07:17:37.932 0 0 I send_afe_cal_type: Sending cal_index cal 0
01-02 07:17:37.938 0 0 E send_afe_cal_type: No cal sent for cal_index 0, port_id = 0x9000! ret -22
01-02 07:17:37.946 0 0 I afe_send_hw_delay: port_id 0x9000 rate 48000 delay_usec 474 status 0
03-07 17:03:03.401 813 3438 D msm8974_platform: platform_set_channel_map mixer_ctl_name:Playback Channel Map9
03-07 17:03:03.401 813 3438 D msm8974_platform: platform_set_channel_map: set mapping(1 2 0 0 0 0 0 0) for channel:2
03-07 17:03:03.403 813 3438 D audio_hw_primary: start_output_stream: exit
03-07 17:03:03.679 1002 1662 I input_interaction: Interaction with: 6232f22 com.tc.logclient/com.tc.logclient.LogClientActivity (server), edge-swipe (server), swipe-up (server), PointerEventDispatcher0 (server),
03-07 17:03:04.220 4946 8700 I mars::cdn: [connection_factory.cc:340, GetOrCreateTCPConnection]:cdntask 30 take conn 0x7d76e39028(568)@TCP from cache.
03-07 17:03:04.221 4946 8700 I mars::cdn: [taskbase.cc:1076, OnMainConnectionEnstablished]:cdntask 30 connect ok:183.255.109.219:443 [TCP] source CACHE, prev addr:0.0.0.0:0, proxyaddr:0.0.0.0:0, cost:(0,0)
03-07 17:03:04.288 1324 8405 I OMX-VENC: venc_dev: stats: avg. fps 59.84, bitrate 1395205
03-07 17:03:04.293 650 660 I mpu_uart: [MSG-P:RECV]:No message received in 1000 ms
03-07 17:03:04.549 650 659 I mpu_uart: [MSG-P:R]:recv sync frame timeout
03-07 17:03:04.738 4946 8700 I mars::cdn: [connection_factory.cc:621, GetOrCreateFromExistConnection]:take conn 0x7d76ed9068(742)@TCP from cache.
03-07 17:03:04.748 4946 8700 I mars::cdn: [connection_factory.cc:621, GetOrCreateFromExistConnection]:take conn 0x7d76eb1058(702)@TCP from cache.
03-07 17:03:05.116 1002 2024 I ntp_failure: [time.android.com/216.239.35.12,java.net.SocketTimeoutException: Poll timed out]
03-07 17:03:05.116 1002 2024 D SntpClient: request time failed: java.net.SocketTimeoutException: Poll timed out
03-07 17:03:05.293 650 660 I mpu_uart: [MSG-P:RECV]:No message received in 1000 ms
03-07 17:03:05.299 1324 8405 I OMX-VENC: venc_dev: stats: avg. fps 55.37, bitrate 882957
03-07 17:03:05.590 1002 1695 W BestClock: java.time.DateTimeException: Missing NTP fix
03-07 17:03:05.592 674 674 I netd : trafficSwapActiveStatsMap() <1.16ms>
03-07 17:03:05.608 674 674 I netd : tetherGetStats() -> {[]} <4.72ms>
03-07 17:03:05.623 1002 1695 W BestClock: java.time.DateTimeException: Missing NTP fix
03-07 17:03:05.623 1002 1695 I netstats_mobile_sample: [0,0,0,0,0,0,0,0,0,0,0,0,1678179785623]
03-07 17:03:05.624 1002 1695 I netstats_wifi_sample: [195530420,145089,4675256,58862,195530420,145089,4675256,58862,196139559,150067,4018230,57036,1678179785623]
03-07 17:03:05.625 674 674 I netd : bandwidthSetGlobalAlert(2097152) <0.64ms>
03-07 17:03:05.636 1002 1696 W BestClock: java.time.DateTimeException: Missing NTP fix
03-07 17:03:05.638 1002 1696 W BestClock: java.time.DateTimeException: Missing NTP fix
03-07 17:03:05.654 4946 8700 I mars::cdn: [netchannel.cc:293, __RunReadWrite]:runloop rv 0 errtype 0 errcode 0 idling false
03-07 17:03:05.654 4946 8700 I mars::cdn: [netchannel.cc:871, __AfterRun]:cdntask 30 putback conn 0x7d76eb1058(702)@TCP to cache.
03-07 17:03:05.655 4946 8700 I mars::cdn: [netchannel.cc:871, __AfterRun]:cdntask 30 putback conn 0x7d76ed9068(742)@TCP to cache.
03-07 17:03:05.655 4946 8700 I mars::cdn: [netchannel.cc:871, __AfterRun]:cdntask 30 putback conn 0x7d76e39028(568)@TCP to cache.
03-07 17:03:05.782 1002 1172 D CompatibilityInfo: mCompatibilityFlags - 4
03-07 17:03:05.782 1002 1172 D CompatibilityInfo: applicationDensity - 240
03-07 17:03:05.782 1002 1172 D CompatibilityInfo: applicationScale - 1.0
03-07 17:03:05.790 1002 6668 D CompatibilityInfo: mCompatibilityFlags - 4
03-07 17:03:05.790 1002 6668 D CompatibilityInfo: applicationDensity - 240
03-07 17:03:05.790 1002 6668 D CompatibilityInfo: applicationScale - 1.0
03-07 17:03:05.799 1002 6668 D CompatibilityInfo: mCompatibilityFlags - 4
03-07 17:03:05.799 1002 6668 D CompatibilityInfo: applicationDensity - 240
03-07 17:03:05.799 1002 6668 D CompatibilityInfo: applicationScale - 1.0
03-07 17:03:06.142 2419 2419 W ContextImpl: Calling a method in the system process without a qualified user: android.app.ContextImpl.startService:1816 android.content.ContextWrapper.startService:774 android.content.ContextWrapper.startService:774 com.tc.logclient.LogZipService.start:38 com.tc.logclient.LogClientFragment.startingLog:398
03-07 17:03:06.147 2419 2419 W ContextImpl: Calling a method in the system process without a qualified user: android.app.ContextImpl.startService:1816 android.content.ContextWrapper.startService:774 android.content.ContextWrapper.startService:774 com.tc.logclient.LogClientFragment.startingLog:403 com.tc.logclient.LogClientFragment.onClick:276
03-07 17:03:06.149 1002 6668 D CompatibilityInfo: mCompatibilityFlags - 4
03-07 17:03:06.149 1002 6668 D CompatibilityInfo: applicationDensity - 240
03-07 17:03:06.149 1002 6668 D CompatibilityInfo: applicationScale - 1.0
03-07 17:03:06.151 2419 2419 D TlogClient_AndroidLoggers: startingLog
03-07 17:03:06.155 2419 2419 D TlogClient_QxdmLoggers: startingLog
03-07 17:03:06.164 2419 2419 D TlogClient_LogZipService: onStartCommand: 4098
03-07 17:03:06.164 2419 2419 D TlogClient_LogZipService: LogZipService state changed: Collecting
03-07 17:03:06.164 2419 2419 D TlogClient_ZipUtils: updateState:=== Start collect log 03/07 17:03:02 ===
03-07 17:03:06.164 2419 2419 D TlogClient_LogZipService: Receive zip message: === Start collect log 03/07 17:03:02 ===
03-07 17:03:06.164 2419 2419 D TlogClient_LogZipService: , handler: Handler (com.tc.logclient.LogClientFragment$UiHandler) {8eb556f}
03-07 17:03:06.165 2419 2419 D TlogClient_LogService: createNewNotification
03-07 17:03:06.166 1002 6668 I sysui_multi_action: [757,856,758,1,806,com.tc.logclient,857,LogClient,858,3]
03-07 17:03:06.166 2419 2419 D CompatibilityChangeReporter: Compat change id reported: 160794467; UID 1000; state: ENABLED
01-02 07:17:40.731 0 0 I init : processing action (sys.tlog.android.active=1) from (/system/etc/init/tlogd.rc:110)
03-07 17:03:06.168 2419 2419 D TlogClient_LogService: onStartCommand
03-07 17:03:06.169 1002 1002 I notification_enqueue: [1000,2419,com.tc.logclient,0,NULL,0,Notification(channel=LogClient shortcut=null contentView=null vibrate=null sound=null defaults=0x0 flags=0x2 color=0x00000000 vis=PRIVATE),0]
01-02 07:17:40.745 0 0 I init : starting service 'tlogManual'...
01-02 07:17:40.755 0 0 I init : Created socket '/dev/socket/tlogd_manual', mode 666, user 1000, group 1000
01-02 07:17:40.777 0 0 I init : processing action (sys.tlog.qxdm.active=1) from (/system/etc/init/tlogd.rc:104)
01-02 07:17:40.787 0 0 I init : starting service 'tlogQxdmStart'...
01-02 07:17:40.804 0 0 I init : processing action (sys.tlog.bluetooth.active=1) from (/system/etc/init/tlogd.rc:149)
01-02 07:17:40.814 0 0 I init : starting service 'tlogdBluetooth'...
03-07 17:03:06.248 8705 8705 D tlogd : [Main](main) =========tlog start======== u1000, g1000, p8705
03-07 17:03:06.248 8705 8705 D tlogd : [Main](main) current platform word size: 64
03-07 17:03:06.249 8705 8705 W tlogd : [ConfigLoader](ConfigLoader) using default config.xml.
03-07 17:03:06.250 8705 8705 D tlogd : [TlogdManual](manualMain) tlog prepare OK!
03-07 17:03:06.250 8705 8708 D tlogd : [ManualLogger](getLoggerNames) manualArg 0x6ff
03-07 17:03:06.261 8706 8706 D tlogd : [MainQxdm](main) =========qxdm start======== u1000, g1000, p8706
01-02 07:17:40.831 0 0 I logd : logdr: UID=1000 GID=1000 PID=8705 b tail=0 logMask=9f pid=0 start=0ns deadline=0ns
03-07 17:03:06.262 8706 8706 D tlogd : [MainQxdm](qxdmMain) status=1.
01-02 07:17:40.859 0 0 I init : Service 'tlogdBluetooth' (pid 8707) exited with status 1 oneshot service took 0.034000 seconds in background
03-07 17:03:06.262 8706 8706 D tlogd : [MainQxdm](qxdmMain) qxdmprintfir=/data/vendor/tlog/manual/qxdm.
03-07 17:03:06.262 8706 8706 D tlogd : [MainQxdm](qxdmMain) qxdmArg=-n 5 -s 100 -c.
03-07 17:03:06.262 8706 8706 D tlogd : [MainQxdm](qxdmMain) qxdmLogConfig=/data/vendor/tlog/manual/qxdm/config.txt.
03-07 17:03:06.263 8706 8706 D tlogd : [MainQxdm](qxdmMain) qxdmCmd=/vendor/bin/diag_mdlog -l/data/vendor/tlog/manual/qxdm/config.txt -o/data/vendor/tlog/manual/qxdm -n 5 -s 100 -c.
03-07 17:03:06.276 8707 8707 D tlogd : [Main](main) =========tlog start======== u1000, g1000, p8707
03-07 17:03:06.276 8707 8707 D tlogd : [Main](main) current platform word size: 64
03-07 17:03:06.276 8707 8707 W tlogd : [ConfigLoader](ConfigLoader) using default config.xml.
03-07 17:03:06.277 8707 8707 D tlogd : [TlogdBluetooth](bluetoothMain) tlog prepare OK!
03-07 17:03:06.280 8707 8710 W tlogd : [AndroidLogReader](loggersClose) close android log.
03-07 17:03:06.280 8707 8710 W tlogd : [AndroidLogReader](loggersClose) close android log.
03-07 17:03:06.280 8707 8707 D tlogd : [TlogdBluetooth](bluetoothMain) end
03-07 17:03:06.280 8707 8707 E tlogd : [Main](main) =========tlog end========
03-07 17:03:06.281 8706 8706 E Diag_Lib: diag_mdlog: command = l
03-07 17:03:06.281 8706 8706 E Diag_Lib: diag_mdlog: command = o
03-07 17:03:06.281 8706 8706 E Diag_Lib: diag_mdlog: command = n
03-07 17:03:06.281 8706 8706 E Diag_Lib: diag_mdlog: command = s
03-07 17:03:06.281 8706 8706 E Diag_Lib: diag_mdlog: command = c
03-07 17:03:06.281 8706 8706 E Diag_Lib: diag:main: kernel supported: NUM_PERIPHERALS = 7, DIAG_CON_ALL: 255
03-07 17:03:06.281 8706 8706 E Diag_Lib: diag: No Session is active for the given mask
03-07 17:03:06.281 8706 8706 E Diag_Lib: diag_mdlog: Closing diag_fd_temp
03-07 17:03:06.281 8706 8706 E Diag_Lib: diag_mdlog: Warning output directory already exists: /data/vendor/tlog/manual/qxdm
03-07 17:03:06.281 8706 8706 E Diag_Lib: diag_mdlog: Proceeding...
03-07 17:03:06.285 8706 8706 E Diag_Lib:
03-07 17:03:06.285 8706 8706 E Diag_Lib: diag_mdlog: Diag_LSM_Init succeeded.
03-07 17:03:06.285 8706 8706 E Diag_Lib:
03-07 17:03:06.285 8706 8706 E Diag_Lib: REMOTE PROCESSOR MASK 2
03-07 17:03:06.285 8706 8706 E Diag_Lib: diag:kernel supported: NUM_PERIPHERALS = 7, DIAG_CON_ALL: 255
03-07 17:03:06.285 8706 8706 E Diag_Lib: logging switched
03-07 17:03:06.285 8706 8706 E Diag_Lib: Output dirs /data/vendor/tlog/manual/qxdm --- /data/vendor/tlog/manual/qxdm
01-02 07:17:40.865 0 0 I binder : 8705:8708 ioctl 40046210 742dccb044 returned -22
01-02 07:17:40.871 0 0 I init : Sending signal 9 to service 'tlogdBluetooth' (pid 8707) process group...
03-07 17:03:06.295 650 660 I mpu_uart: [MSG-P:RECV]:No message received in 1000 ms
03-07 17:03:06.303 8705 8708 D hw-ProcessState: Binder ioctl to enable oneway spam detection failed: Invalid argument
01-02 07:17:40.886 0 0 I libprocessgroup: Successfully killed process cgroup uid 1000 pid 8707 in 0ms
03-07 17:03:06.317 1324 8405 I OMX-VENC: venc_dev: stats: avg. fps 44.23, bitrate 801497
03-07 17:03:06.318 8706 8706 E Diag_Lib: Mask list file name is: /data/vendor/tlog/manual/qxdm/config.txt
03-07 17:03:06.319 8706 8706 E Diag_Lib: Mask list read for proc_type: 0, mask file: /vendor/etc/tlog/diag.cfg
03-07 17:03:06.320 8706 8706 E Diag_Lib: Reading the mask file: /vendor/etc/tlog/diag.cfg
03-07 17:03:06.320 8706 8706 E Diag_Lib: diag: Determining contents of directory /data/vendor/tlog/manual/qxdm for circular logging ...
03-07 17:03:06.320 8706 8706 E Diag_Lib: diag: Determining contents of directory /data/vendor/tlog/manual/qxdm for circular logging ...
03-07 17:03:06.320 8705 8708 I tsnv.hidl.wrapper: TsnvWrapper: tsnv_get:Link to death notification successful!
03-07 17:03:06.370 1002 1002 I sysui_multi_action: [757,1501,758,1,793,202,794,0,795,202,796,0,806,com.tc.logclient,857,LogClient,858,3,947,0,1500,0,1688,1]
03-07 17:03:06.371 1002 1002 I sysui_multi_action: [757,804,799,note_interruptive,801,0,802,1]
03-07 17:03:06.371 1002 1002 I GameModeConfig: isGameModeOn = false
03-07 17:03:06.372 1002 1002 I sysui_multi_action: [757,1501,758,1,793,204,794,0,795,204,796,0,806,com.tc.logclient,857,LogClient,858,3,947,0,1500,0,1688,1]
03-07 17:03:06.373 1002 1002 I sysui_multi_action: [757,804,799,note_interruptive,801,0,802,1]
03-07 17:03:06.373 1002 1002 I sysui_multi_action: [757,199,758,1,759,2,793,205,794,0,795,205,796,0,806,com.tc.logclient,857,LogClient,858,3,947,0,1500,1,1688,1]
03-07 17:03:06.374 1002 1002 I notification_alert: [0|com.tc.logclient|0|null|1000,0,1,0]
03-07 17:03:06.377 1002 1002 W NotificationHistory: Attempted to add notif for locked/gone/disabled user 0
03-07 17:03:06.387 1983 8718 W FileSource: offset/length adjusted from 0/576460752303423487 to 0/16905
03-07 17:03:06.396 1983 1983 D InterruptionStateProvider: No bubble up: not allowed to bubble: 0|com.tc.logclient|0|null|1000
03-07 17:03:06.396 1298 1388 I MMParserExtractor: Created(0xb400007897b22b70)
03-07 17:03:06.397 1298 1388 E MM_OSAL : FileSource::FileSource
03-07 17:03:06.397 1298 1388 E MM_OSAL : FileSource::FileSource m_bEveryThingOK 1
03-07 17:03:06.397 1983 1983 D InterruptionStateProvider: No heads up: unimportant notification: 0|com.tc.logclient|0|null|1000
03-07 17:03:06.402 1983 2245 D PeopleSpaceWidgetMgr: Sbn doesn't contain valid PeopleTileKey: null/0/com.tc.logclient
03-07 17:03:06.403 3137 4001 W MediaProvider: Failed to fetch original file descriptor
03-07 17:03:06.403 3137 4001 W MediaProvider: java.io.IOException: stat failed: EACCES (Permission denied)
03-07 17:03:06.403 3137 4001 W MediaProvider: at com.android.providers.media.MediaProvider.getFileFromFileDescriptor(MediaProvider.java:5794)
03-07 17:03:06.403 3137 4001 W MediaProvider: at com.android.providers.media.MediaProvider.getOriginalMediaFormatFileDescriptor(MediaProvider.java:5711)
03-07 17:03:06.403 3137 4001 W MediaProvider: at com.android.providers.media.MediaProvider.openTypedAssetFileCommon(MediaProvider.java:7134)
03-07 17:03:06.403 3137 4001 W MediaProvider: at com.android.providers.media.MediaProvider.openTypedAssetFile(MediaProvider.java:7115)
03-07 17:03:06.403 3137 4001 W MediaProvider: at android.content.ContentProvider$Transport.openTypedAssetFile(ContentProvider.java:548)
03-07 17:03:06.403 3137 4001 W MediaProvider: at android.content.ContentProviderNative.onTransact(ContentProviderNative.java:327)
03-07 17:03:06.403 3137 4001 W MediaProvider: at android.os.Binder.execTransactInternal(Binder.java:1184)
03-07 17:03:06.403 3137 4001 W MediaProvider: at android.os.Binder.execTransact(Binder.java:1143)
03-07 17:03:06.403 3137 4001 W MediaProvider: Caused by: android.system.ErrnoException: stat failed: EACCES (Permission denied)
03-07 17:03:06.403 3137 4001 W MediaProvider: at libcore.io.Linux.stat(Native Method)
03-07 17:03:06.403 3137 4001 W MediaProvider: at libcore.io.ForwardingOs.stat(ForwardingOs.java:853)
03-07 17:03:06.403 3137 4001 W MediaProvider: at libcore.io.BlockGuardOs.stat(BlockGuardOs.java:420)
03-07 17:03:06.403 3137 4001 W MediaProvider: at libcore.io.ForwardingOs.stat(ForwardingOs.java:853)
03-07 17:03:06.403 3137 4001 W MediaProvider: at android.app.ActivityThread$AndroidOs.stat(ActivityThread.java:7780)
03-07 17:03:06.403 3137 4001 W MediaProvider: at android.system.Os.stat(Os.java:919)
03-07 17:03:06.403 3137 4001 W MediaProvider: at com.android.providers.media.MediaProvider.getFileFromFileDescriptor(MediaProvider.java:5788)
03-07 17:03:06.403 3137 4001 W MediaProvider: ... 7 more
03-07 17:03:06.407 1304 3584 D NuPlayerDriver: NuPlayerDriver(0xe67806f0) created, clientPid(1983)
03-07 17:03:06.420 1304 3584 I ExtendedNuUtils: printFileName fd(8) -> /data/system_de/0/ringtones/notification_sound_cache
03-07 17:03:06.420 1002 1152 I commit_sys_config_file: [notification-policy,830135]
03-07 17:03:06.426 1983 1983 V NotificationMediaManager: DEBUG_MEDIA: updating album art for notification null metadata=null metaDataChanged=false state=0
03-07 17:03:06.437 1304 8721 D GenericSource: FileSource remote
03-07 17:03:06.446 1298 1388 I MMParserExtractor: Created(0xb400007897b22b70)
03-07 17:03:06.446 1298 1388 E MM_OSAL : FileSource::FileSource
03-07 17:03:06.446 1298 1388 E MM_OSAL : FileSource::FileSource m_bEveryThingOK 1
03-07 17:03:06.449 1298 4115 D MediaBufferGroup: creating MemoryDealer
03-07 17:03:06.454 1002 6668 I MediaFocusControl: requestAudioFocus() from uid/pid 10084/1983 AA=USAGE_NOTIFICATION/CONTENT_TYPE_SONIFICATION clientId=android.media.AudioManager@ce8f26 callingPack=com.android.systemui req=3 flags=0x0 sdk=31
03-07 17:03:06.455 1002 6668 I AudioService.FadeOutManager: unfadeOutUid() uid:10084
03-07 17:03:06.957 1002 6668 W AudioIDCMicroNegotiator: idcm_warn: idcm control is not enable
03-07 17:03:06.957 1304 8720 I GenericSource: start
03-07 17:03:06.958 1983 1983 D MediaRouter: onRestoreRoute() : route=RouteInfo{ name=平板电脑, description=null, status=null, category=RouteCategory{ name=系统 types=ROUTE_TYPE_LIVE_AUDIO ROUTE_TYPE_LIVE_VIDEO groupable=false }, supportedTypes=ROUTE_TYPE_LIVE_AUDIO ROUTE_TYPE_LIVE_VIDEO , presentationDisplay=null }
03-07 17:03:06.958 1983 1983 V MediaRouter: Selecting route: RouteInfo{ name=平板电脑, description=null, status=null, category=RouteCategory{ name=系统 types=ROUTE_TYPE_LIVE_AUDIO ROUTE_TYPE_LIVE_VIDEO groupable=false }, supportedTypes=ROUTE_TYPE_LIVE_AUDIO ROUTE_TYPE_LIVE_VIDEO , presentationDisplay=null }
03-07 17:03:06.959 1304 8720 W Utils : track of type 'audio/vorbis' does not publish channel mask, channel count 1
03-07 17:03:06.963 1304 8720 W Utils : track of type 'audio/vorbis' does not publish channel mask, channel count 1
03-07 17:03:06.966 813 1807 D audio_hw_primary: adev_get_parameters:is_hw_dec_session_available
03-07 17:03:06.966 813 1807 D audio_hw_spkr_prot: fbsp_get_parameters: Speaker protection disabled
03-07 17:03:06.966 813 1807 D soundtrigger: audio_extn_sound_trigger_get_parameters input string
03-07 17:03:06.966 813 1807 D soundtrigger: extract_sm_handle input string param string
03-07 17:03:06.966 813 1807 D audio_hw_extn: audio_extn_fm_get_parameters: Enter
03-07 17:03:06.966 813 1807 D audio_hw_extn: audio_extn_get_parameters: returns
03-07 17:03:06.966 813 1807 D audio_hw_primary: adev_get_parameters: exit: returns -
03-07 17:03:06.967 1031 2355 I hash_map_utils: system/bt/osi/src/hash_map_utils.cc:81 hash_map_utils_dump_string_keys_string_values: key: 'is_hw_dec_session_available' value: 'audio/vorbis'
03-07 17:03:06.972 1304 8727 D CCodec : allocate(c2.android.vorbis.decoder)
03-07 17:03:06.981 1304 8727 I CCodec : setting up 'default' as default (vendor) store
03-07 17:03:06.982 1434 2414 V C2Store : in init
03-07 17:03:06.982 1434 2414 V C2Store : loading dll
03-07 17:03:06.988 1304 8727 I CCodec : Created component [c2.android.vorbis.decoder]
03-07 17:03:06.989 1304 8727 D CCodecConfig: read media type: audio/vorbis
03-07 17:03:06.998 1304 8727 D ReflectedParamUpdater: extent() != 1 for single value type: algo.buffers.max-count.values
03-07 17:03:07.000 1304 8727 D ReflectedParamUpdater: extent() != 1 for single value type: output.subscribed-indices.values
03-07 17:03:07.000 1304 8727 D ReflectedParamUpdater: extent() != 1 for single value type: input.buffers.allocator-ids.values
03-07 17:03:07.001 1304 8727 D ReflectedParamUpdater: extent() != 1 for single value type: output.buffers.allocator-ids.values
03-07 17:03:07.001 1304 8727 D ReflectedParamUpdater: extent() != 1 for single value type: algo.buffers.allocator-ids.values
03-07 17:03:07.001 1304 8727 D ReflectedParamUpdater: extent() != 1 for single value type: output.buffers.pool-ids.values
03-07 17:03:07.002 1304 8727 D ReflectedParamUpdater: extent() != 1 for single value type: algo.buffers.pool-ids.values
03-07 17:03:07.004 1304 8727 I CCodecConfig: query failed after returning 7 values (BAD_INDEX)
03-07 17:03:07.004 1304 8727 D CCodecConfig: c2 config diff is Dict {
03-07 17:03:07.004 1304 8727 D CCodecConfig: c2::u32 coded.bitrate.value = 64000
03-07 17:03:07.004 1304 8727 D CCodecConfig: c2::u32 input.buffers.max-size.value = 32768
03-07 17:03:07.004 1304 8727 D CCodecConfig: c2::u32 input.delay.value = 0
03-07 17:03:07.004 1304 8727 D CCodecConfig: string input.media-type.value = "audio/vorbis"
03-07 17:03:07.004 1304 8727 D CCodecConfig: string output.media-type.value = "audio/raw"
03-07 17:03:07.004 1304 8727 D CCodecConfig: c2::u32 raw.channel-count.value = 1
03-07 17:03:07.004 1304 8727 D CCodecConfig: c2::u32 raw.sample-rate.value = 48000
03-07 17:03:07.004 1304 8727 D CCodecConfig: }
03-07 17:03:07.005 1304 8727 D CCodec : [c2.android.vorbis.decoder] buffers are bound to CCodec for this session
03-07 17:03:07.005 1304 8727 D CCodecConfig: no c2 equivalents for durationUs
03-07 17:03:07.005 1304 8727 D CCodecConfig: no c2 equivalents for csd-1
03-07 17:03:07.005 1304 8727 D CCodecConfig: no c2 equivalents for language
03-07 17:03:07.005 1304 8727 D CCodecConfig: no c2 equivalents for file-format
03-07 17:03:07.005 1304 8727 D CCodecConfig: no c2 equivalents for flags
03-07 17:03:07.006 1304 8727 D CCodecConfig: config failed => CORRUPTED
03-07 17:03:07.007 1304 8727 D CCodecConfig: c2 config diff is c2::u32 coded.bitrate.value = 70000
03-07 17:03:07.007 1304 8727 W Codec2Client: query -- param skipped: index = 1107298332.
03-07 17:03:07.007 1304 8727 D CCodec : setup formats input: AMessage(what = 0x00000000) = {
03-07 17:03:07.007 1304 8727 D CCodec : int32_t bitrate = 70000
03-07 17:03:07.007 1304 8727 D CCodec : int32_t channel-count = 1
03-07 17:03:07.007 1304 8727 D CCodec : int32_t max-input-size = 65307
03-07 17:03:07.007 1304 8727 D CCodec : string mime = "audio/vorbis"
03-07 17:03:07.007 1304 8727 D CCodec : int32_t sample-rate = 48000
03-07 17:03:07.007 1304 8727 D CCodec : }
03-07 17:03:07.007 1304 8727 D CCodec : setup formats output: AMessage(what = 0x00000000) = {
03-07 17:03:07.007 1304 8727 D CCodec : int32_t channel-count = 1
03-07 17:03:07.007 1304 8727 D CCodec : string mime = "audio/raw"
03-07 17:03:07.007 1304 8727 D CCodec : int32_t sample-rate = 48000
03-07 17:03:07.007 1304 8727 D CCodec : int32_t android._config-pcm-encoding = 2
03-07 17:03:07.007 1304 8727 D CCodec : }
03-07 17:03:07.007 1304 8727 I CCodecConfig: query failed after returning 7 values (BAD_INDEX)
03-07 17:03:07.010 1304 8727 I MediaCodec: MediaCodec will operate in async mode
03-07 17:03:07.010 1304 8726 D MediaCodec: keep callback message for reclaim
03-07 17:03:07.011 1304 8727 W Codec2Client: query -- param skipped: index = 1342179345.
03-07 17:03:07.011 1304 8727 W Codec2Client: query -- param skipped: index = 2415921170.
03-07 17:03:07.013 1304 8727 D CCodecBufferChannel: [c2.android.vorbis.decoder#691] Created input block pool with allocatorID 16 => poolID 19 - OK (0)
03-07 17:03:07.013 1434 1509 D BufferPoolAccessor2.0: bufferpool2 0xb400007a68aeb7b8 : 0(0 size) total buffers - 0(0 size) used buffers - 41/45 (recycle/alloc) - 4/44 (fetch/transfer)
03-07 17:03:07.013 1434 1509 D BufferPoolAccessor2.0: Destruction - bufferpool2 0xb400007a68aeb7b8 cached: 0/0M, 0/0% in use; allocs: 45, 91% recycled; transfers: 44, 91% unfetched
03-07 17:03:07.015 1304 1846 D BufferPoolAccessor2.0: bufferpool2 0xe5f40388 : 0(0 size) total buffers - 0(0 size) used buffers - 40/48 (recycle/alloc) - 8/94 (fetch/transfer)
03-07 17:03:07.015 1304 1846 D BufferPoolAccessor2.0: Destruction - bufferpool2 0xe5f40388 cached: 0/0M, 0/0% in use; allocs: 48, 83% recycled; transfers: 94, 91% unfetched
03-07 17:03:07.016 1304 8727 I CCodecBufferChannel: [c2.android.vorbis.decoder#691] Created output block pool with allocatorID 16 => poolID 29 - OK
03-07 17:03:07.016 1304 8727 D CCodecBufferChannel: [c2.android.vorbis.decoder#691] Configured output block pool ids 29 => OK
03-07 17:03:07.016 1304 8727 D CCodecBufferChannel: [c2.android.vorbis.decoder#691] start: updating output delay 0
03-07 17:03:07.017 1304 8727 I CCodecBufferChannel: pipelineRoom(3) is <= numClientBuffers(3). Not signalling any more buffers to client
03-07 17:03:07.018 1434 8728 D SimpleC2Component: Using output block pool with poolID 29 => got 29 - 0
03-07 17:03:07.019 1304 8727 I CCodecBufferChannel: pipelineRoom(2) is <= numClientBuffers(2). Not signalling any more buffers to client
03-07 17:03:07.020 1304 8727 I CCodecBufferChannel: pipelineRoom(1) is <= numClientBuffers(1). Not signalling any more buffers to client
03-07 17:03:07.042 1304 8726 I ExtendedNuUtils: Both src and dst missing for bit-width
03-07 17:03:07.042 1304 8726 I ExtendedNuUtils: Overriding durationUs: with 64 bit src value 1728000
03-07 17:03:07.042 1304 8726 I ExtendedNuUtils: Both src and dst missing for channel-mask
03-07 17:03:07.050 813 1807 D audio_hw_primary: adev_get_parameters:vr_audio_mode_on
03-07 17:03:07.050 813 1807 I audio_hw_primary: getting vr mode to 0
03-07 17:03:07.050 813 1807 D audio_hw_primary: adev_get_parameters: exit: returns - vr_audio_mode_on=false
03-07 17:03:07.050 1031 2355 I hash_map_utils: system/bt/osi/src/hash_map_utils.cc:81 hash_map_utils_dump_string_keys_string_values: key: 'vr_audio_mode_on' value: ''
03-07 17:03:07.052 1031 2355 D AudioFlinger: Client defaulted notificationFrames to 12000 for frameCount 24000
03-07 17:03:07.057 1031 2355 D AF::TrackHandle: OpPlayAudio: track:57 usage:5 not muted
03-07 17:03:07.082 813 1807 I EffectsFactory: EffectCreate() create_effect
03-07 17:03:07.085 813 3397 D msm8974_platform: platform_split_snd_device: snd_device(2) num devices(1) new_snd_devices(0)
03-07 17:03:07.296 650 660 I mpu_uart: [MSG-P:RECV]:No message received in 1000 ms
03-07 17:03:07.320 1324 8405 I OMX-VENC: venc_dev: stats: avg. fps 61.81, bitrate 1152754
01-02 07:17:41.996 0 0 E DTC_ETH,link_delay_work_func: 3003, SQI=0, link=0
03-07 17:03:07.552 650 659 I mpu_uart: [MSG-P:R]:recv sync frame timeout
03-07 17:03:07.556 1002 1172 D CompatibilityInfo: mCompatibilityFlags - 4
03-07 17:03:07.556 1002 1172 D CompatibilityInfo: applicationDensity - 240
03-07 17:03:07.556 1002 1172 D CompatibilityInfo: applicationScale - 1.0
03-07 17:03:07.571 8706 8706 E Diag_Lib: Skipping line. Remote processor: 1 is not present.
03-07 17:03:07.571 8706 8706 E Diag_Lib: Mask list read for proc_type: 2, mask file: /vendor/etc/tlog/diag.cfg
03-07 17:03:07.572 8706 8706 E Diag_Lib: Reading the mask file: /vendor/etc/tlog/diag.cfg
03-07 17:03:07.579 8706 8706 E Diag_Lib: diag: Determining contents of directory /data/vendor/tlog/manual/qxdm/mdm2 for circular logging ...
03-07 17:03:07.579 8706 8706 E Diag_Lib: diag: Determining contents of directory /data/vendor/tlog/manual/qxdm/mdm2/mdm2 for circular logging ...
03-07 17:03:07.579 8706 8706 E Diag_Lib: diag: In create_qdss_oldest_file_list, couldn't get the dirent_list, errno: 2, directory: /data/vendor/tlog/manual/qxdm/mdm2/mdm2
03-07 17:03:07.726 4946 8736 I mars::cdn: [connection_factory.cc:340, GetOrCreateTCPConnection]:cdntask 31 take conn 0x7d76e39028(568)@TCP from cache.
03-07 17:03:07.727 4946 8736 I mars::cdn: [taskbase.cc:1076, OnMainConnectionEnstablished]:cdntask 31 connect ok:183.255.109.219:443 [TCP] source CACHE, prev addr:0.0.0.0:0, proxyaddr:0.0.0.0:0, cost:(0,0)
03-07 17:03:08.008 1002 1172 I am_uid_idle: 10052
03-07 17:03:08.067 1002 2701 W FreeFormWindowHelper: Current Display FreeFormTask is null
03-07 17:03:08.067 1002 2701 W FreeFormWindowHelper: Current Display FreeFormTask is null
03-07 17:03:08.070 1002 1063 I wm_task_moved: [1,0,0]
03-07 17:03:08.071 1002 1063 I wm_task_moved: [1,0,7]
03-07 17:03:08.071 1002 1153 I EventSequenceValidator: inc AccIntentStartedEvents to 2
03-07 17:03:08.075 1002 2701 W FreeFormWindowHelper: Current Display FreeFormTask is null
03-07 17:03:08.079 1002 2247 W FreeFormWindowHelper: Current Display FreeFormTask is null
03-07 17:03:08.082 2640 2640 I wm_on_restart_called: [224338254,com.android.launcher3.uioverrides.QuickstepLauncher,performRestartActivity]
03-07 17:03:08.082 2640 2640 D StateManager: goToState: Background
03-07 17:03:08.083 1002 6668 W FreeFormWindowHelper: Current Display FreeFormTask is null
03-07 17:03:08.084 2640 2640 D FreeWindowContainer: reloadTask: null
03-07 17:03:08.084 1002 6668 W FreeFormWindowHelper: Current Display FreeFormTask is null
03-07 17:03:08.088 2640 2640 V GameTypeUtils: judge isGame:com.android.gallery3d
03-07 17:03:08.088 2640 2640 V GameTypeUtils: judge isGame:com.android.music
03-07 17:03:08.088 2640 2640 V GameTypeUtils: judge isGame:com.android.music
03-07 17:03:08.088 2640 2640 V GameTypeUtils: judge isGame:com.microsoft.emmx
03-07 17:03:08.088 2640 2640 V GameTypeUtils: judge isGame:com.android.documentsui
03-07 17:03:08.088 2640 2640 V GameTypeUtils: judge isGame:com.example.android.locationattribution
03-07 17:03:08.088 2640 2640 V GameTypeUtils: judge isGame:com.qualcomm.qti.sensors.qsensortest
03-07 17:03:08.088 2640 2640 V GameTypeUtils: judge isGame:com.qualcomm.qti.usta
03-07 17:03:08.088 2640 2640 V GameTypeUtils: judge isGame:com.sohu.inputmethod.sogou.car
03-07 17:03:08.089 2640 2640 V GameTypeUtils: judge isGame:com.tencent.mm
03-07 17:03:08.105 2640 2640 D EditModeHelper: setHotseatVisibility: 8
03-07 17:03:08.110 2640 2640 I wm_on_start_called: [224338254,com.android.launcher3.uioverrides.QuickstepLauncher,handleStartActivity]
03-07 17:03:08.110 5157 5294 I Kenneth-methodCall: [:5294, ]:method:getWifiEnabledState return real value
03-07 17:03:08.111 2640 4189 D BaseIconFactory: normalizeAndWrapToAdaptiveIcon: scale=0.9339188
03-07 17:03:08.119 2640 4189 D BaseIconFactory: normalizeAndWrapToAdaptiveIcon: scale=0.8095241
03-07 17:03:08.122 1002 6668 W FreeFormWindowHelper: Current Display FreeFormTask is null
03-07 17:03:08.124 1002 2247 W FreeFormWindowHelper: Current Display FreeFormTask is null
03-07 17:03:08.128 2640 4189 D BaseIconFactory: normalizeAndWrapToAdaptiveIcon: scale=0.8095241
03-07 17:03:08.139 1002 2701 W ActivityTaskManager: getTaskSnapshot: taskId=-657 not found
03-07 17:03:08.139 1002 1153 I EventSequenceValidator: dec AccIntentStartedEvents to 1
03-07 17:03:08.140 2640 4189 D BaseIconFactory: normalizeAndWrapToAdaptiveIcon: scale=0.9339188
03-07 17:03:08.141 1002 2701 W ActivityTaskManager: getTaskSnapshot: taskId=-657 not found
03-07 17:03:08.141 1002 2701 W ActivityTaskManager: getTaskSnapshot: taskId=-656 not found
03-07 17:03:08.142 1002 1150 I sysui_multi_action: [319,9,322,65,325,871,757,761,758,9,759,5,806,com.android.launcher3,871,com.android.launcher3.uioverrides.QuickstepLauncher,905,0,1320,4,1321,1]
03-07 17:03:08.143 2640 4189 D BaseIconFactory: normalizeAndWrapToAdaptiveIcon: scale=0.9339188
03-07 17:03:08.146 1002 6431 W FreeFormWindowHelper: Current Display FreeFormTask is null
03-07 17:03:08.147 1002 2701 W FreeFormWindowHelper: Current Display FreeFormTask is null
03-07 17:03:08.168 1002 2701 I InputDispatcher: Monitor swipe-up (server) is stealing touch from [6232f22 com.tc.logclient/com.tc.logclient.LogClientActivity (server), ]
03-07 17:03:08.168 2419 2419 I view_enqueue_input_event: [Motion - Cancel,com.tc.logclient/com.tc.logclient.LogClientActivity]
03-07 17:03:08.170 1002 1150 D AutofillManagerService: Close system dialogs
03-07 17:03:08.171 2640 2640 I LatencyTracker: ACTION_TOGGLE_RECENTS latency=70
03-07 17:03:08.171 2640 2640 I sysui_latency: [1,70]
03-07 17:03:08.174 1002 1154 I input_focus: [Focus request recents_animation_input_consumer,reason=UpdateInputWindows]
03-07 17:03:08.175 1983 1983 V ShadeControllerImpl: NotificationShadeWindow: com.android.systemui.statusbar.phone.NotificationShadeWindowView{56a6bd4 I.E...... ......ID 0,0-2380,1020} canPanelBeCollapsed(): false
03-07 17:03:08.179 1002 2701 W FreeFormWindowHelper: Current Display FreeFormTask is null
03-07 17:03:08.180 1002 1061 W FreeFormWindowHelper: Current Display FreeFormTask is null
03-07 17:03:08.181 1002 2701 W FreeFormWindowHelper: Current Display FreeFormTask is null
