03-07 17:04:20.888 1002 1172 I am_wtf : [0,1002,system_server,-1,DisplayDeviceConfig,requesting nits when no mapping exists.]
03-07 17:04:20.908 1002 1915 E DisplayDeviceConfig: requesting nits when no mapping exists.
03-07 17:04:20.909 1002 1915 E DisplayDeviceConfig: requesting nits when no mapping exists.
03-07 17:04:20.912 1002 1172 I am_wtf : [0,1002,system_server,-1,DisplayDeviceConfig,requesting nits when no mapping exists.]
03-07 17:04:20.920 1002 1172 I am_wtf : [0,1002,system_server,-1,DisplayDeviceConfig,requesting nits when no mapping exists.]
03-07 17:04:20.925 1002 2150 W FreeFormWindowHelper: Current Display FreeFormTask is null
03-07 17:04:20.931 1002 1915 E DisplayDeviceConfig: requesting nits when no mapping exists.
03-07 17:04:20.932 1002 1172 I am_wtf : [0,1002,system_server,-1,DisplayDeviceConfig,requesting nits when no mapping exists.]
03-07 17:04:20.931 1002 1915 E DisplayDeviceConfig: requesting nits when no mapping exists.
03-07 17:04:20.933 1002 1172 I am_wtf : [0,1002,system_server,-1,DisplayDeviceConfig,requesting nits when no mapping exists.]
03-07 17:04:20.937 1983 1983 D StatusBar: disable disable2
03-07 17:04:20.956 1002 1915 E DisplayDeviceConfig: requesting nits when no mapping exists.
03-07 17:04:20.957 1002 1915 E DisplayDeviceConfig: requesting nits when no mapping exists.
03-07 17:04:20.958 1002 1172 I am_wtf : [0,1002,system_server,-1,DisplayDeviceConfig,requesting nits when no mapping exists.]
03-07 17:04:20.959 1002 1172 I am_wtf : [0,1002,system_server,-1,DisplayDeviceConfig,requesting nits when no mapping exists.]
03-07 17:04:20.967 8502 8502 D PrefCtrlListHelper: Could not find Context-only controller for pref: com.android.settings.slices.SlicePreferenceController
03-07 17:04:20.968 8502 8502 D PrefCtrlListHelper: Could not find Context-only controller for pref: com.android.settings.connecteddevice.AddDevicePreferenceController
03-07 17:04:20.968 8502 8502 D PrefCtrlListHelper: Could not find Context-only controller for pref: com.android.settings.connecteddevice.PreviouslyConnectedDevicePreferenceController
03-07 17:04:20.968 8502 8502 D PrefCtrlListHelper: Could not find Context-only controller for pref: com.android.settings.connecteddevice.GroupPreviouslyConnectedDevicePreferenceController
03-07 17:04:20.968 8502 8502 D PrefCtrlListHelper: Could not find Context-only controller for pref: com.android.settings.connecteddevice.AdvancedConnectedDeviceController
03-07 17:04:20.968 8502 8502 D PrefCtrlListHelper: Could not find Context-only controller for pref: com.android.settings.connecteddevice.DiscoverableFooterPreferenceController
03-07 17:04:20.971 8502 8502 D LocalBluetoothProfileManager: getBCProfile returning: null
03-07 17:04:20.971 8502 8502 D LocalBluetoothProfileManager: getBCProfile returning: null
03-07 17:04:20.971 8502 8502 D LocalBluetoothProfileManager: getBCProfile returning: null
03-07 17:04:20.971 8502 8502 D LocalBluetoothProfileManager: getBCProfile returning: null
03-07 17:04:20.971 8502 8502 D LocalBluetoothProfileManager: getBCProfile returning: null
03-07 17:04:20.971 8502 8502 D LocalBluetoothProfileManager: getBCProfile returning: null
03-07 17:04:20.981 1002 1915 E DisplayDeviceConfig: requesting nits when no mapping exists.
03-07 17:04:20.982 1002 1915 E DisplayDeviceConfig: requesting nits when no mapping exists.
03-07 17:04:20.983 1002 1172 I am_wtf : [0,1002,system_server,-1,DisplayDeviceConfig,requesting nits when no mapping exists.]
03-07 17:04:20.984 1002 2150 E UserRestrictionsUtils: Unknown restriction queried by uid 1000 (com.qualcomm.qti.qmmi et al): null
03-07 17:04:20.984 1002 1172 I am_wtf : [0,1002,system_server,-1,DisplayDeviceConfig,requesting nits when no mapping exists.]
03-07 17:04:20.987 8502 8502 D LocalBluetoothProfileManager: getBCProfile returning: null
03-07 17:04:20.988 8502 8502 D ConnectedDeviceFrag: NO dashboard tiles for ConnectedDeviceFrag
03-07 17:04:20.988 8502 8502 D ConnectedDeviceFrag: All preferences added, reporting fully drawn
03-07 17:04:20.999 8502 8502 E ActivityThread: Failed to find provider info for com.google.android.gms.nearby.fastpair
03-07 17:04:20.999 8502 8502 D LocalBluetoothManager: setting foreground activity to non-null context
03-07 17:04:20.999 8502 8502 D LocalBluetoothManager: setting foreground activity to non-null context
03-07 17:04:20.999 8502 8823 E ActivityThread: Failed to find provider info for com.google.android.gms.nearby.fastpair
03-07 17:04:20.999 8502 8502 D LocalBluetoothManager: setting foreground activity to non-null context
03-07 17:04:20.999 8502 8823 W SliceManager: Unknown URI: content://com.google.android.gms.nearby.fastpair/device_status_list_item
03-07 17:04:21.000 8502 8502 D LocalBluetoothManager: setting foreground activity to non-null context
03-07 17:04:21.000 8502 8502 D LocalBluetoothManager: setting foreground activity to non-null context
03-07 17:04:21.001 8502 8502 D LocalBluetoothManager: setting foreground activity to non-null context
03-07 17:04:21.001 1002 1915 E DisplayDeviceConfig: requesting nits when no mapping exists.
03-07 17:04:21.002 1002 1915 E DisplayDeviceConfig: requesting nits when no mapping exists.
03-07 17:04:21.002 1002 1172 I am_wtf : [0,1002,system_server,-1,DisplayDeviceConfig,requesting nits when no mapping exists.]
03-07 17:04:21.003 8502 8502 I sysui_multi_action: [757,747,758,1,833,0,1089,36]
03-07 17:04:21.004 1002 1172 I am_wtf : [0,1002,system_server,-1,DisplayDeviceConfig,requesting nits when no mapping exists.]
03-07 17:04:21.007 8502 8502 I sysui_multi_action: [757,1729,758,4,854,isParalleledControllers:false,1089,40]
03-07 17:04:21.008 1002 1915 E DisplayDeviceConfig: requesting nits when no mapping exists.
03-07 17:04:21.008 1002 1915 E DisplayDeviceConfig: requesting nits when no mapping exists.
03-07 17:04:21.008 1002 1172 I am_wtf : [0,1002,system_server,-1,DisplayDeviceConfig,requesting nits when no mapping exists.]
03-07 17:04:21.010 1002 1172 I am_wtf : [0,1002,system_server,-1,DisplayDeviceConfig,requesting nits when no mapping exists.]
03-07 17:04:21.035 1002 1915 E DisplayDeviceConfig: requesting nits when no mapping exists.
03-07 17:04:21.035 1002 1915 E DisplayDeviceConfig: requesting nits when no mapping exists.
03-07 17:04:21.036 1002 1172 I am_wtf : [0,1002,system_server,-1,DisplayDeviceConfig,requesting nits when no mapping exists.]
03-07 17:04:21.037 1002 1172 I am_wtf : [0,1002,system_server,-1,DisplayDeviceConfig,requesting nits when no mapping exists.]
03-07 17:04:21.044 1002 1915 E DisplayDeviceConfig: requesting nits when no mapping exists.
03-07 17:04:21.045 1002 1915 E DisplayDeviceConfig: requesting nits when no mapping exists.
03-07 17:04:21.046 1002 1172 I am_wtf : [0,1002,system_server,-1,DisplayDeviceConfig,requesting nits when no mapping exists.]
03-07 17:04:21.047 1002 1172 I am_wtf : [0,1002,system_server,-1,DisplayDeviceConfig,requesting nits when no mapping exists.]
03-07 17:04:21.059 1002 1915 E DisplayDeviceConfig: requesting nits when no mapping exists.
03-07 17:04:21.059 1002 1915 E DisplayDeviceConfig: requesting nits when no mapping exists.
03-07 17:04:21.059 1002 1172 I am_wtf : [0,1002,system_server,-1,DisplayDeviceConfig,requesting nits when no mapping exists.]
03-07 17:04:21.063 1002 1172 I am_wtf : [0,1002,system_server,-1,DisplayDeviceConfig,requesting nits when no mapping exists.]
03-07 17:04:21.078 1983 6165 I OpenGLRenderer: Davey! duration=9223371092432ms; Flags=0, FrameTimelineVsyncId=30843, IntendedVsync=944412258168, Vsync=944428924834, InputEventId=0, HandleInputStart=944442790365, AnimationStart=944442791147, PerformTraversalsStart=944443379115, DrawStart=944443412761, FrameDeadline=944445591500, FrameInterval=944442788542, FrameStartTime=16666666, SyncQueued=944475527917, SyncStart=944485933230, IssueDrawCommandsStart=944486425469, SwapBuffers=944504930053, FrameCompleted=9223372036854775807, DequeueBufferDuration=13180990, QueueBufferDuration=915521, GpuCompleted=9223372036854775807, SwapBuffersCompleted=944506388178, DisplayPresentTime=875111761173,
03-07 17:04:21.082 1002 1915 E DisplayDeviceConfig: requesting nits when no mapping exists.
03-07 17:04:21.083 1002 1915 E DisplayDeviceConfig: requesting nits when no mapping exists.
03-07 17:04:21.084 1002 1172 I am_wtf : [0,1002,system_server,-1,DisplayDeviceConfig,requesting nits when no mapping exists.]
03-07 17:04:21.086 1002 1172 I am_wtf : [0,1002,system_server,-1,DisplayDeviceConfig,requesting nits when no mapping exists.]
03-07 17:04:21.102 1002 1915 E DisplayDeviceConfig: requesting nits when no mapping exists.
03-07 17:04:21.103 1002 1172 I am_wtf : [0,1002,system_server,-1,DisplayDeviceConfig,requesting nits when no mapping exists.]
03-07 17:04:21.102 1002 1915 E DisplayDeviceConfig: requesting nits when no mapping exists.
03-07 17:04:21.104 1002 1172 I am_wtf : [0,1002,system_server,-1,DisplayDeviceConfig,requesting nits when no mapping exists.]
03-07 17:04:21.127 1002 1915 E DisplayDeviceConfig: requesting nits when no mapping exists.
03-07 17:04:21.127 1002 1915 E DisplayDeviceConfig: requesting nits when no mapping exists.
03-07 17:04:21.128 1002 1172 I am_wtf : [0,1002,system_server,-1,DisplayDeviceConfig,requesting nits when no mapping exists.]
03-07 17:04:21.129 1002 1172 I am_wtf : [0,1002,system_server,-1,DisplayDeviceConfig,requesting nits when no mapping exists.]
03-07 17:04:21.149 1002 1915 E DisplayDeviceConfig: requesting nits when no mapping exists.
03-07 17:04:21.149 1002 1915 E DisplayDeviceConfig: requesting nits when no mapping exists.
03-07 17:04:21.149 1002 1172 I am_wtf : [0,1002,system_server,-1,DisplayDeviceConfig,requesting nits when no mapping exists.]
03-07 17:04:21.151 1002 1172 I am_wtf : [0,1002,system_server,-1,DisplayDeviceConfig,requesting nits when no mapping exists.]
03-07 17:04:21.171 1002 1915 E DisplayDeviceConfig: requesting nits when no mapping exists.
03-07 17:04:21.172 1002 1915 E DisplayDeviceConfig: requesting nits when no mapping exists.
03-07 17:04:21.172 1002 1172 I am_wtf : [0,1002,system_server,-1,DisplayDeviceConfig,requesting nits when no mapping exists.]
03-07 17:04:21.175 1002 1172 I am_wtf : [0,1002,system_server,-1,DisplayDeviceConfig,requesting nits when no mapping exists.]
03-07 17:04:21.196 1002 1915 E DisplayDeviceConfig: requesting nits when no mapping exists.
03-07 17:04:21.197 1002 1915 E DisplayDeviceConfig: requesting nits when no mapping exists.
03-07 17:04:21.197 1002 1172 I am_wtf : [0,1002,system_server,-1,DisplayDeviceConfig,requesting nits when no mapping exists.]
03-07 17:04:21.199 1002 1172 I am_wtf : [0,1002,system_server,-1,DisplayDeviceConfig,requesting nits when no mapping exists.]
03-07 17:04:21.345 650 660 I mpu_uart: [MSG-P:RECV]:No message received in 1000 ms
03-07 17:04:21.369 1983 1983 D ActivityLaunchAnimator: Animation ended
03-07 17:04:21.376 1002 1153 I wm_stop_activity: [0,224338254,com.android.launcher3/.uioverrides.QuickstepLauncher]
03-07 17:04:21.378 1002 1722 I GameModeConfig: isGameModeOn = false
03-07 17:04:21.378 1002 1722 I GameModeConfig: isGameModeOn = false
03-07 17:04:21.379 1002 1722 I GameModeConfig: isGameModeOn = false
03-07 17:04:21.379 1002 1722 I GameModeConfig: isGameModeOn = false
03-07 17:04:21.379 1002 1722 I GameModeConfig: isGameModeOn = false
03-07 17:04:21.379 1002 1722 I GameModeConfig: isGameModeOn = false
03-07 17:04:21.380 1002 1002 I notification_enqueue: [10084,1983,com.android.systemui,2048,NULL,0,Notification(channel=updateNotification shortcut=null contentView=null vibrate=null sound=null defaults=0x0 flags=0x0 color=0x00000000 vis=PRIVATE),1]
03-07 17:04:21.380 1983 1983 I sysui_multi_action: [757,111,758,2]
03-07 17:04:21.380 1983 1983 I sysui_multi_action: [757,111,758,2]
03-07 17:04:21.395 1002 1154 I input_focus: [Focus request 9f462e7 com.android.settings/com.android.settings.Settings,reason=UpdateInputWindows]
03-07 17:04:21.410 2640 2640 D StateManager: goToState: Normal
03-07 17:04:21.411 2640 2640 I wm_on_stop_called: [224338254,com.android.launcher3.uioverrides.QuickstepLauncher,STOP_ACTIVITY_ITEM]
03-07 17:04:21.412 1002 2701 I sysui_multi_action: [757,128,758,2,793,75244,794,70810,795,75244,796,0,798,1,806,com.tc.logclient,857,LogClient,858,3,947,0,1395,4,1500,75040,1688,1]
03-07 17:04:21.412 1002 2701 I notification_visibility: [0|com.tc.logclient|0|null|1000,0,75244,75244,0,1]
03-07 17:04:21.412 1002 2701 I sysui_multi_action: [757,128,758,2,793,41052043,794,70809,795,41052043,796,26,798,0,806,android,857,DEVELOPER_IMPORTANT,858,4,947,0,1395,4,1500,41050995,1688,1]
03-07 17:04:21.412 1002 1662 I input_focus: [Focus leaving d6d1c7b NotificationShade (server),reason=NOT_FOCUSABLE]
03-07 17:04:21.412 1002 2701 I notification_visibility: [-1|android|26|null|1000,0,41052043,41052043,0,0]
03-07 17:04:21.413 1002 2701 I sysui_multi_action: [757,128,758,2,793,41051869,794,70810,795,41051869,796,55,798,2,806,android,857,DEVELOPER,858,2,947,0,1395,4,1500,41050994,1688,1]
03-07 17:04:21.413 1002 1662 I input_focus: [Focus entering 9f462e7 com.android.settings/com.android.settings.Settings (server),reason=setFocusedWindow]
03-07 17:04:21.413 1002 2701 I notification_visibility: [-1|android|55|null|1000,0,41051869,41051869,0,2]
03-07 17:04:21.413 1002 2701 I sysui_multi_action: [757,128,758,2,793,41055117,794,70810,795,41055117,796,32,798,3,806,android,857,USB,858,1,947,0,1395,4,1500,41054730,1688,1]
03-07 17:04:21.413 1002 2701 I notification_visibility: [-1|android|32|null|1000,0,41055117,41055117,0,3]
03-07 17:04:21.414 1983 1983 D StatusBar: disable disable2
03-07 17:04:21.414 1002 2701 I sysui_multi_action: [757,127,758,2]
03-07 17:04:21.415 1002 2701 I notification_panel_hidden:
03-07 17:04:21.416 1324 8405 I OMX-VENC: venc_dev: stats: avg. fps 49.09, bitrate 2938302
03-07 17:04:21.424 1983 2159 D OpenGLRenderer: endAllActiveAnimators on 0xb400007c5701e470 (RippleDrawable) with handle 0xb400007b66ebdf90
03-07 17:04:21.485 1983 3330 W FrameTracker: Missed App frame:10
03-07 17:04:21.485 1983 3330 W FrameTracker: Missed SF frame:10
03-07 17:04:21.485 1983 3330 W FrameTracker: Missed SF frame:66
03-07 17:04:21.485 1983 3330 W FrameTracker: Missed SF frame:66
03-07 17:04:21.485 1983 3330 W FrameTracker: Missed SF frame:66
03-07 17:04:21.485 1983 3330 W FrameTracker: Missed SF frame:2
03-07 17:04:21.485 1983 3330 W FrameTracker: Missed App frame:8
03-07 17:04:21.485 1983 3330 W FrameTracker: Missed SF frame:66
03-07 17:04:21.486 1983 3330 W FrameTracker: Missed SF frame:66
03-07 17:04:21.486 1983 3330 W FrameTracker: Missed SF frame:66
03-07 17:04:21.486 1983 3330 W FrameTracker: Missing HWUI jank callback for vsyncId: 30894
03-07 17:04:21.486 1983 3330 V PerfettoTrigger: Triggering /system/bin/trigger_perfetto com.android.telemetry.interaction-jank-monitor-32
03-07 17:04:21.583 1002 1002 I GameModeConfig: isGameModeOn = false
03-07 17:04:21.600 1983 1983 D InterruptionStateProvider: No bubble up: not allowed to bubble: 0|com.android.systemui|2048|null|10084
03-07 17:04:21.601 1983 1983 D InterruptionStateProvider: No heads up: unimportant notification: 0|com.android.systemui|2048|null|10084
03-07 17:04:21.620 1983 2245 D PeopleSpaceWidgetMgr: Sbn doesn't contain valid PeopleTileKey: null/0/com.android.systemui
03-07 17:04:21.640 1983 1983 V NotificationMediaManager: DEBUG_MEDIA: updating album art for notification null metadata=null metaDataChanged=false state=0
03-07 17:04:22.295 0 0 I auditd : type=1400 audit(0.0:2169): avc: denied { kill } for comm="swapper/3" capability=5 scontext=u:r:kernel:s0 tcontext=u:r:kernel:s0 tclass=capability permissive=1
03-07 17:04:22.295 0 0 I swapper/3: type=1400 audit(0.0:2169): avc: denied { kill } for capability=5 scontext=u:r:kernel:s0 tcontext=u:r:kernel:s0 tclass=capability permissive=1
03-07 17:04:22.346 650 660 I mpu_uart: [MSG-P:RECV]:No message received in 1000 ms
03-07 17:04:22.432 1324 8405 I OMX-VENC: venc_dev: stats: avg. fps 16.75, bitrate 446329
03-07 17:04:22.621 650 659 I mpu_uart: [MSG-P:R]:recv sync frame timeout
03-07 17:04:22.741 1516 4528 D LOWI-9.0.0.87.a: [LOWI-Scan] wait_event:Wait done with Cmd 34
03-07 17:04:22.741 1516 4528 D LOWI-9.0.0.87.a: [LOWI-Scan] do_listen_events: Rcvd valid Netlink Cmd 34 Err 0
03-07 17:04:22.754 1002 2701 D WifiNl80211Manager: Scan result ready event
03-07 17:04:22.755 1002 2701 D WifiNative: Scan result ready event
03-07 17:04:22.756 1516 4528 D LOWI-9.0.0.87.a: [LOWI-Scan] -- associated
03-07 17:04:22.756 1516 4528 D LOWI-9.0.0.87.a: [LOWI-Scan]
03-07 17:04:22.756 1516 4528 D LOWI-9.0.0.87.a: [LOWI-Scan] print_bss_handler: Report beacon TSF 945812264 as it greater than probe TSF 944306874
03-07 17:04:22.756 1516 4528 D LOWI-9.0.0.87.a: [LOWI-Scan] decode_rsn_wpa_ie: LOWI_ENCRYPTION_TYPE_WPA_PSK
03-07 17:04:22.756 1516 4528 D LOWI-9.0.0.87.a: [LOWI-Scan] is_qcom_ie, bss_age: 0
03-07 17:04:22.756 1516 4528 D LOWI-9.0.0.87.a: [LOWI-Scan] BSS 38:a9:1c:35:03:09 LOWI_PHY_MODE_11AC_VHT80(10), Beacon Interval: 100, LOWI_ENCRYPTION_TYPE_WPA_PSK 11mcRanging: No, ANQP: No, LCI: No, Civic: No, capability(0x0111): ESS Privacy SpectrumMgmt
03-07 17:04:22.756 1516 4528 D LOWI-9.0.0.87.a: [LOWI-Scan] BSS 38:a9:1c:35:03:09 FREQ: 5180, cFreq1[40:80:160] = [5190:5210:0] cFreq2 = 0 Country Code = US
03-07 17:04:22.756 1516 4528 D LOWI-9.0.0.87.a: [LOWI-Scan] BSS 38:a9:1c:35:03:09 (wlan0) ASSO: YES AddInfo: 0x1, TSF 0, 00:15:45.812, RSSI: -118, CPL: 127, AGE: 0, SSID H3C_350304_5G, TSFDelta: 0xd6b65115, TXRate: 0
03-07 17:04:22.757 1516 4528 D LOWI-9.0.0.87.a: [LOWI-Scan]
03-07 17:04:22.757 1516 4528 D LOWI-9.0.0.87.a: [LOWI-Scan] print_bss_handler: Report Probe TSF 944367256 as it greater than Beacon TSF 859817829
03-07 17:04:22.757 1516 4528 D LOWI-9.0.0.87.a: [LOWI-Scan] is_qcom_ie, bss_age: 0
03-07 17:04:22.757 1516 4528 D LOWI-9.0.0.87.a: [LOWI-Scan] BSS 38:a9:1c:35:03:04 LOWI_PHY_MODE_11NG_HT20(5), Beacon Interval: 100, LOWI_ENCRYPTION_TYPE_OPEN 11mcRanging: No, ANQP: No, LCI: No, Civic: No, capability(0x0401): ESS ShortSlotTime
03-07 17:04:22.757 1516 4528 D LOWI-9.0.0.87.a: [LOWI-Scan] BSS 38:a9:1c:35:03:04 FREQ: 2412, cFreq1[40:80:160] = [0:0:0] cFreq2 = 0 Country Code =
03-07 17:04:22.757 1516 4528 D LOWI-9.0.0.87.a: [LOWI-Scan] BSS 38:a9:1c:35:03:04 (wlan0) ASSO: NO AddInfo: 0x0, TSF 0, 00:15:44.367, RSSI: -116, CPL: 127, AGE: 1848, SSID , TSFDelta: 0xd7444954, TXRate: 0
03-07 17:04:22.757 1516 4528 D LOWI-9.0.0.87.a: [LOWI-Scan]
03-07 17:04:22.757 1516 4528 D LOWI-9.0.0.87.a: [LOWI-Scan] print_bss_handler: Report Probe TSF 944391310 as it greater than Beacon TSF 944354916
03-07 17:04:22.758 1516 4528 D LOWI-9.0.0.87.a: [LOWI-Scan] decode_rsn_wpa_ie: LOWI_ENCRYPTION_TYPE_WPA_PSK
03-07 17:04:22.758 1516 4528 D LOWI-9.0.0.87.a: [LOWI-Scan] is_qcom_ie, bss_age: 0
03-07 17:04:22.758 1516 4528 D LOWI-9.0.0.87.a: [LOWI-Scan] BSS 38:a9:1c:35:03:06 LOWI_PHY_MODE_11NG_HT20(5), Beacon Interval: 100, LOWI_ENCRYPTION_TYPE_WPA_PSK 11mcRanging: No, ANQP: No, LCI: No, Civic: No, capability(0x0411): ESS Privacy ShortSlotTime
03-07 17:04:22.758 1516 4528 D LOWI-9.0.0.87.a: [LOWI-Scan] BSS 38:a9:1c:35:03:06 FREQ: 2412, cFreq1[40:80:160] = [0:0:0] cFreq2 = 0 Country Code =
03-07 17:04:22.758 1516 4528 D LOWI-9.0.0.87.a: [LOWI-Scan] BSS 38:a9:1c:35:03:06 (wlan0) ASSO: NO AddInfo: 0x0, TSF 0, 00:15:44.391, RSSI: -116, CPL: 127, AGE: 1824, SSID H3C_350304, TSFDelta: 0xd7527b6e, TXRate: 0
03-07 17:04:22.758 1516 4528 D LOWI-9.0.0.87.a: [LOWI-Scan]
03-07 17:04:22.758 1516 4528 D LOWI-9.0.0.87.a: [LOWI-Scan] print_bss_handler: Report Probe TSF 944559426 as it greater than Beacon TSF 944503102
03-07 17:04:22.758 1516 4528 D LOWI-9.0.0.87.a: [LOWI-Scan] decode_rsn_wpa_ie: LOWI_ENCRYPTION_TYPE_WPA_PSK
03-07 17:04:22.759 1516 4528 D LOWI-9.0.0.87.a: [LOWI-Scan] is_qcom_ie, bss_age: 0
03-07 17:04:22.759 1516 4528 D LOWI-9.0.0.87.a: [LOWI-Scan] BSS 5c:02:14:f9:4f:d2 LOWI_PHY_MODE_11AC_VHT20_2G(11), Beacon Interval: 100, LOWI_ENCRYPTION_TYPE_WPA_PSK 11mcRanging: No, ANQP: Yes, LCI: No, Civic: No, capability(0x1431): ESS Privacy ShortPreamble ShortSlotTime
03-07 17:04:22.759 1516 4528 D LOWI-9.0.0.87.a: [LOWI-Scan] BSS 5c:02:14:f9:4f:d2 FREQ: 2422, cFreq1[40:80:160] = [0:0:0] cFreq2 = 0 Country Code = CN
03-07 17:04:22.760 1516 4528 D LOWI-9.0.0.87.a: [LOWI-Scan] BSS 5c:02:14:f9:4f:d2 (wlan0) ASSO: NO AddInfo: 0x0, TSF 0, 00:15:44.559, RSSI: -120, CPL: 127, AGE: 1656, SSID ThunderSoft_XTS_2.4G, TSFDelta: 0xce4bb80e, TXRate: 0
03-07 17:04:22.761 1516 4528 D LOWI-9.0.0.87.a: [LOWI-Scan]
03-07 17:04:22.761 1516 4528 D LOWI-9.0.0.87.a: [LOWI-Scan] print_bss_handler: Report Probe TSF 945276663 as it greater than Beacon TSF 861081585
03-07 17:04:22.761 1516 4528 D LOWI-9.0.0.87.a: [LOWI-Scan] decode_rsn_wpa_ie: LOWI_ENCRYPTION_TYPE_WPA_PSK
03-07 17:04:22.761 1516 4528 D LOWI-9.0.0.87.a: [LOWI-Scan] is_qcom_ie, bss_age: 0
03-07 17:04:22.761 1516 4528 D LOWI-9.0.0.87.a: [LOWI-Scan] BSS 5c:02:14:f9:4f:d3 LOWI_PHY_MODE_11AC_VHT80(10), Beacon Interval: 100, LOWI_ENCRYPTION_TYPE_WPA_PSK 11mcRanging: No, ANQP: Yes, LCI: No, Civic: No, capability(0x1931): ESS Privacy ShortPreamble SpectrumMgmt APSD
03-07 17:04:22.761 1516 4528 D LOWI-9.0.0.87.a: [LOWI-Scan] BSS 5c:02:14:f9:4f:d3 FREQ: 5805, cFreq1[40:80:160] = [5795:5775:0] cFreq2 = 0 Country Code = CN
03-07 17:04:22.761 1516 4528 D LOWI-9.0.0.87.a: [LOWI-Scan] BSS 5c:02:14:f9:4f:d3 (wlan0) ASSO: NO AddInfo: 0x0, TSF 0, 00:15:45.276, RSSI: -108, CPL: 127, AGE: 936, SSID ThunderSoft_XTS_5G, TSFDelta: 0xe677a11b, TXRate: 0
03-07 17:04:22.762 1516 4528 D LOWI-9.0.0.87.a: [LOWI-Scan]
03-07 17:04:22.762 1516 4528 D LOWI-9.0.0.87.a: [LOWI-Scan] print_bss_handler: Report Probe TSF 944808558 as it greater than Beacon TSF 944794469
03-07 17:04:22.762 1516 4528 D LOWI-9.0.0.87.a: [LOWI-Scan] decode_rsn_wpa_ie: LOWI_ENCRYPTION_TYPE_WPA_PSK
03-07 17:04:22.762 1516 4528 D LOWI-9.0.0.87.a: [LOWI-Scan] is_qcom_ie, bss_age: 0
03-07 17:04:22.762 1516 4528 D LOWI-9.0.0.87.a: [LOWI-Scan] BSS 18:6f:2d:81:25:40 LOWI_PHY_MODE_11NG_HT20(5), Beacon Interval: 100, LOWI_ENCRYPTION_TYPE_WPA_PSK 11mcRanging: No, ANQP: No, LCI: No, Civic: No, capability(0x0531): ESS Privacy ShortPreamble SpectrumMgmt ShortSlotTime
03-07 17:04:22.762 1516 4528 D LOWI-9.0.0.87.a: [LOWI-Scan] BSS 18:6f:2d:81:25:40 FREQ: 2437, cFreq1[40:80:160] = [2437:0:0] cFreq2 = 0 Country Code = CN
03-07 17:04:22.762 1516 4528 D LOWI-9.0.0.87.a: [LOWI-Scan] BSS 18:6f:2d:81:25:40 (wlan0) ASSO: NO AddInfo: 0x0, TSF 0, 00:15:44.808, RSSI: -82, CPL: 127, AGE: 1404, SSID Testing , TSFDelta: 0x3ece417c, TXRate: 0
03-07 17:04:22.763 1516 4528 D LOWI-9.0.0.87.a: [LOWI-Scan]
03-07 17:04:22.763 1516 4528 D LOWI-9.0.0.87.a: [LOWI-Scan] print_bss_handler: Report Probe TSF 944811968 as it greater than Beacon TSF 944797046
03-07 17:04:22.763 1516 4528 D LOWI-9.0.0.87.a: [LOWI-Scan] is_qcom_ie, bss_age: 0
03-07 17:04:22.763 1516 4528 D LOWI-9.0.0.87.a: [LOWI-Scan] BSS 18:6f:2d:81:25:41 LOWI_PHY_MODE_11NG_HT20(5), Beacon Interval: 100, LOWI_ENCRYPTION_TYPE_OPEN 11mcRanging: No, ANQP: No, LCI: No, Civic: No, capability(0x0521): ESS ShortPreamble SpectrumMgmt ShortSlotTime
03-07 17:04:22.763 1516 4528 D LOWI-9.0.0.87.a: [LOWI-Scan] BSS 18:6f:2d:81:25:41 FREQ: 2437, cFreq1[40:80:160] = [2437:0:0] cFreq2 = 0 Country Code = CN
03-07 17:04:22.763 1516 4528 D LOWI-9.0.0.87.a: [LOWI-Scan] BSS 18:6f:2d:81:25:41 (wlan0) ASSO: NO AddInfo: 0x0, TSF 0, 00:15:44.811, RSSI: -82, CPL: 127, AGE: 1404, SSID Guest, TSFDelta: 0x3eecaa07, TXRate: 0
03-07 17:04:22.765 1516 4528 D LOWI-9.0.0.87.a: [LOWI-Scan]
03-07 17:04:22.766 1516 4528 D LOWI-9.0.0.87.a: [LOWI-Scan] print_bss_handler: Report Probe TSF 944818268 as it greater than Beacon TSF 944799859
03-07 17:04:22.766 1516 4528 D LOWI-9.0.0.87.a: [LOWI-Scan] decode_rsn_wpa_ie: LOWI_ENCRYPTION_TYPE_WPA_PSK
03-07 17:04:22.766 1516 4528 D LOWI-9.0.0.87.a: [LOWI-Scan] is_qcom_ie, bss_age: 0
01-02 07:18:57.335 0 0 I [schedu][0x441ef34e3][17:04:22.759754] wlan: [2638:I:OSIF] vdev 0, scan id 40977 type COMPLETED(1) reason COMPLETED(1) scan found 89 bss
03-07 17:04:22.766 1516 4528 D LOWI-9.0.0.87.a: [LOWI-Scan] BSS 18:6f:2d:81:25:42 LOWI_PHY_MODE_11NG_HT20(5), Beacon Interval: 100, LOWI_ENCRYPTION_TYPE_WPA_PSK 11mcRanging: No, ANQP: No, LCI: No, Civic: No, capability(0x0531): ESS Privacy ShortPreamble SpectrumMgmt ShortSlotTime
03-07 17:04:22.766 1516 4528 D LOWI-9.0.0.87.a: [LOWI-Scan] BSS 18:6f:2d:81:25:42 FREQ: 2437, cFreq1[40:80:160] = [2437:0:0] cFreq2 = 0 Country Code = CN
03-07 17:04:22.766 1516 4528 D LOWI-9.0.0.87.a: [LOWI-Scan] BSS 18:6f:2d:81:25:42 (wlan0) ASSO: NO AddInfo: 0x0, TSF 0, 00:15:44.818, RSSI: -82, CPL: 127, AGE: 1396, SSID ThunderSoft_2.4G, TSFDelta: 0x3f168a47, TXRate: 0
03-07 17:04:22.766 1516 4528 D LOWI-9.0.0.87.a: [LOWI-Scan]
03-07 17:04:22.766 1516 4528 D LOWI-9.0.0.87.a: [LOWI-Scan] print_bss_handler: Report Probe TSF 944821848 as it greater than Beacon TSF 944802914
03-07 17:04:22.766 1516 4528 D LOWI-9.0.0.87.a: [LOWI-Scan] decode_rsn_wpa_ie: LOWI_ENCRYPTION_TYPE_WPA_PSK
03-07 17:04:22.766 1516 4528 D LOWI-9.0.0.87.a: [LOWI-Scan] is_qcom_ie, bss_age: 0
03-07 17:04:22.767 1516 4528 D LOWI-9.0.0.87.a: [LOWI-Scan] BSS 18:6f:2d:81:25:43 LOWI_PHY_MODE_11NG_HT20(5), Beacon Interval: 100, LOWI_ENCRYPTION_TYPE_WPA_PSK 11mcRanging: No, ANQP: No, LCI: No, Civic: No, capability(0x0531): ESS Privacy ShortPreamble SpectrumMgmt ShortSlotTime
03-07 17:04:22.767 1516 4528 D LOWI-9.0.0.87.a: [LOWI-Scan] BSS 18:6f:2d:81:25:43 FREQ: 2437, cFreq1[40:80:160] = [2437:0:0] cFreq2 = 0 Country Code = CN
03-07 17:04:22.767 1516 4528 D LOWI-9.0.0.87.a: [LOWI-Scan] BSS 18:6f:2d:81:25:43 (wlan0) ASSO: NO AddInfo: 0x0, TSF 0, 00:15:44.821, RSSI: -80, CPL: 127, AGE: 1392, SSID ZXHY, TSFDelta: 0x3f323364, TXRate: 0
03-07 17:04:22.769 1516 4528 D LOWI-9.0.0.87.a: [LOWI-Scan]
03-07 17:04:22.769 1516 4528 D LOWI-9.0.0.87.a: [LOWI-Scan] print_bss_handler: Report Probe TSF 945543841 as it greater than Beacon TSF 945529840
03-07 17:04:22.769 1516 4528 D LOWI-9.0.0.87.a: [LOWI-Scan] decode_rsn_wpa_ie: LOWI_ENCRYPTION_TYPE_WPA_PSK
03-07 17:04:22.769 1516 4528 D LOWI-9.0.0.87.a: [LOWI-Scan] is_qcom_ie, bss_age: 0
03-07 17:04:22.769 1516 4528 D LOWI-9.0.0.87.a: [LOWI-Scan] BSS 18:6f:2d:80:dd:70 LOWI_PHY_MODE_11AC_VHT20(8), Beacon Interval: 100, LOWI_ENCRYPTION_TYPE_WPA_PSK 11mcRanging: No, ANQP: No, LCI: No, Civic: No, capability(0x0111): ESS Privacy SpectrumMgmt
03-07 17:04:22.769 1516 4528 D LOWI-9.0.0.87.a: [LOWI-Scan] BSS 18:6f:2d:80:dd:70 FREQ: 5260, cFreq1[40:80:160] = [5260:0:0] cFreq2 = 0 Country Code = CN
03-07 17:04:22.769 1516 4528 D LOWI-9.0.0.87.a: [LOWI-Scan] BSS 18:6f:2d:80:dd:70 (wlan0) ASSO: NO AddInfo: 0x0, TSF 0, 00:15:45.543, RSSI: -136, CPL: 127, AGE: 672, SSID Testing , TSFDelta: 0x6a4c0c26, TXRate: 0
03-07 17:04:22.770 1516 4528 D LOWI-9.0.0.87.a: [LOWI-Scan]
03-07 17:04:22.770 1516 4528 D LOWI-9.0.0.87.a: [LOWI-Scan] print_bss_handler: Report Probe TSF 945544727 as it greater than Beacon TSF 945530338
03-07 17:04:22.770 1516 4528 D LOWI-9.0.0.87.a: [LOWI-Scan] is_qcom_ie, bss_age: 0
03-07 17:04:22.770 1516 4528 D LOWI-9.0.0.87.a: [LOWI-Scan] BSS 18:6f:2d:80:dd:71 LOWI_PHY_MODE_11AC_VHT20(8), Beacon Interval: 100, LOWI_ENCRYPTION_TYPE_OPEN 11mcRanging: No, ANQP: No, LCI: No, Civic: No, capability(0x0101): ESS SpectrumMgmt
03-07 17:04:22.770 1516 4528 D LOWI-9.0.0.87.a: [LOWI-Scan] BSS 18:6f:2d:80:dd:71 FREQ: 5260, cFreq1[40:80:160] = [5260:0:0] cFreq2 = 0 Country Code = CN
03-07 17:04:22.770 1516 4528 D LOWI-9.0.0.87.a: [LOWI-Scan] BSS 18:6f:2d:80:dd:71 (wlan0) ASSO: NO AddInfo: 0x0, TSF 0, 00:15:45.544, RSSI: -136, CPL: 127, AGE: 668, SSID Guest, TSFDelta: 0x6a51d168, TXRate: 0
03-07 17:04:22.771 1516 4528 D LOWI-9.0.0.87.a: [LOWI-Scan]
03-07 17:04:22.771 1516 4528 D LOWI-9.0.0.87.a: [LOWI-Scan] print_bss_handler: Report Probe TSF 945545449 as it greater than Beacon TSF 945531610
03-07 17:04:22.771 1516 4528 D LOWI-9.0.0.87.a: [LOWI-Scan] decode_rsn_wpa_ie: LOWI_ENCRYPTION_TYPE_WPA_PSK
03-07 17:04:22.771 1516 4528 D LOWI-9.0.0.87.a: [LOWI-Scan] is_qcom_ie, bss_age: 0
03-07 17:04:22.771 1516 4528 D LOWI-9.0.0.87.a: [LOWI-Scan] BSS 18:6f:2d:80:dd:72 LOWI_PHY_MODE_11AC_VHT20(8), Beacon Interval: 100, LOWI_ENCRYPTION_TYPE_WPA_PSK 11mcRanging: No, ANQP: No, LCI: No, Civic: No, capability(0x0111): ESS Privacy SpectrumMgmt
03-07 17:04:22.771 1516 4528 D LOWI-9.0.0.87.a: [LOWI-Scan] BSS 18:6f:2d:80:dd:72 FREQ: 5260, cFreq1[40:80:160] = [5260:0:0] cFreq2 = 0 Country Code = CN
03-07 17:04:22.771 1516 4528 D LOWI-9.0.0.87.a: [LOWI-Scan] BSS 18:6f:2d:80:dd:72 (wlan0) ASSO: NO AddInfo: 0x0, TSF 0, 00:15:45.545, RSSI: -136, CPL: 127, AGE: 668, SSID ZXHY, TSFDelta: 0x6a5758ad, TXRate: 0
03-07 17:04:22.776 1516 4528 D LOWI-9.0.0.87.a: [LOWI-Scan]
03-07 17:04:22.776 1516 4528 D LOWI-9.0.0.87.a: [LOWI-Scan] print_bss_handler: Report Probe TSF 945545851 as it greater than Beacon TSF 861454864
03-07 17:04:22.776 1516 4528 D LOWI-9.0.0.87.a: [LOWI-Scan] decode_rsn_wpa_ie: LOWI_ENCRYPTION_TYPE_WPA_PSK
03-07 17:04:22.776 1516 4528 D LOWI-9.0.0.87.a: [LOWI-Scan] is_qcom_ie, bss_age: 0
03-07 17:04:22.776 1516 4528 D LOWI-9.0.0.87.a: [LOWI-Scan] BSS 18:6f:2d:80:dd:73 LOWI_PHY_MODE_11AC_VHT20(8), Beacon Interval: 100, LOWI_ENCRYPTION_TYPE_WPA_PSK 11mcRanging: No, ANQP: No, LCI: No, Civic: No, capability(0x0111): ESS Privacy SpectrumMgmt
03-07 17:04:22.776 1516 4528 D LOWI-9.0.0.87.a: [LOWI-Scan] BSS 18:6f:2d:80:dd:73 FREQ: 5260, cFreq1[40:80:160] = [5260:0:0] cFreq2 = 0 Country Code = CN
03-07 17:04:22.776 1516 4528 D LOWI-9.0.0.87.a: [LOWI-Scan] BSS 18:6f:2d:80:dd:73 (wlan0) ASSO: NO AddInfo: 0x0, TSF 0, 00:15:45.545, RSSI: -134, CPL: 127, AGE: 668, SSID Fanya, TSFDelta: 0x6a5cc864, TXRate: 0
03-07 17:04:22.776 1516 4528 D LOWI-9.0.0.87.a: [LOWI-Scan]
03-07 17:04:22.776 1516 4528 D LOWI-9.0.0.87.a: [LOWI-Scan] print_bss_handler: Report Probe TSF 945546697 as it greater than Beacon TSF 945532186
03-07 17:04:22.776 1516 4528 D LOWI-9.0.0.87.a: [LOWI-Scan] decode_rsn_wpa_ie: LOWI_ENCRYPTION_TYPE_WPA_PSK
03-07 17:04:22.776 1516 4528 D LOWI-9.0.0.87.a: [LOWI-Scan] is_qcom_ie, bss_age: 0
03-07 17:04:22.776 1516 4528 D LOWI-9.0.0.87.a: [LOWI-Scan] BSS 18:6f:2d:80:dd:74 LOWI_PHY_MODE_11AC_VHT20(8), Beacon Interval: 100, LOWI_ENCRYPTION_TYPE_WPA_PSK 11mcRanging: No, ANQP: No, LCI: No, Civic: No, capability(0x0111): ESS Privacy SpectrumMgmt
03-07 17:04:22.776 1516 4528 D LOWI-9.0.0.87.a: [LOWI-Scan] BSS 18:6f:2d:80:dd:74 FREQ: 5260, cFreq1[40:80:160] = [5260:0:0] cFreq2 = 0 Country Code = CN
03-07 17:04:22.776 1516 4528 D LOWI-9.0.0.87.a: [LOWI-Scan] BSS 18:6f:2d:80:dd:74 (wlan0) ASSO: NO AddInfo: 0x0, TSF 0, 00:15:45.546, RSSI: -134, CPL: 127, AGE: 668, SSID ThunderSoft, TSFDelta: 0x6a61fec2, TXRate: 0
03-07 17:04:22.779 1516 4528 D LOWI-9.0.0.87.a: [LOWI-Scan]
03-07 17:04:22.779 1516 4528 D LOWI-9.0.0.87.a: [LOWI-Scan] print_bss_handler: Report Probe TSF 945547622 as it greater than Beacon TSF 945532757
03-07 17:04:22.779 1516 4528 D LOWI-9.0.0.87.a: [LOWI-Scan] decode_rsn_wpa_ie: LOWI_ENCRYPTION_TYPE_WPA_PSK
03-07 17:04:22.779 1516 4528 D LOWI-9.0.0.87.a: [LOWI-Scan] is_qcom_ie, bss_age: 0
03-07 17:04:22.779 1516 4528 D LOWI-9.0.0.87.a: [LOWI-Scan] BSS 18:6f:2d:80:dd:75 LOWI_PHY_MODE_11AC_VHT20(8), Beacon Interval: 100, LOWI_ENCRYPTION_TYPE_WPA_PSK 11mcRanging: No, ANQP: No, LCI: No, Civic: No, capability(0x0111): ESS Privacy SpectrumMgmt
03-07 17:04:22.779 1516 4528 D LOWI-9.0.0.87.a: [LOWI-Scan] BSS 18:6f:2d:80:dd:75 FREQ: 5260, cFreq1[40:80:160] = [5260:0:0] cFreq2 = 0 Country Code = CN
03-07 17:04:22.779 1516 4528 D LOWI-9.0.0.87.a: [LOWI-Scan] BSS 18:6f:2d:80:dd:75 (wlan0) ASSO: NO AddInfo: 0x0, TSF 0, 00:15:45.547, RSSI: -136, CPL: 127, AGE: 668, SSID GM, TSFDelta: 0x6a676a2f, TXRate: 0
03-07 17:04:22.780 1516 4528 D LOWI-9.0.0.87.a: [LOWI-Scan]
03-07 17:04:22.780 1516 4528 D LOWI-9.0.0.87.a: [LOWI-Scan] print_bss_handler: Report Probe TSF 945727980 as it greater than Beacon TSF 861643718
03-07 17:04:22.780 1516 4528 D LOWI-9.0.0.87.a: [LOWI-Scan] decode_rsn_wpa_ie: LOWI_ENCRYPTION_TYPE_WPA_PSK
03-07 17:04:22.780 1516 4528 D LOWI-9.0.0.87.a: [LOWI-Scan] is_qcom_ie, bss_age: 0
03-07 17:04:22.780 1516 4528 D LOWI-9.0.0.87.a: [LOWI-Scan] BSS 18:6f:2d:81:18:50 LOWI_PHY_MODE_11AC_VHT20(8), Beacon Interval: 100, LOWI_ENCRYPTION_TYPE_WPA_PSK 11mcRanging: No, ANQP: No, LCI: No, Civic: No, capability(0x0111): ESS Privacy SpectrumMgmt
03-07 17:04:22.780 1516 4528 D LOWI-9.0.0.87.a: [LOWI-Scan] BSS 18:6f:2d:81:18:50 FREQ: 5280, cFreq1[40:80:160] = [5280:0:0] cFreq2 = 0 Country Code = CN
03-07 17:04:22.780 1516 4528 D LOWI-9.0.0.87.a: [LOWI-Scan] BSS 18:6f:2d:81:18:50 (wlan0) ASSO: NO AddInfo: 0x0, TSF 0, 00:15:45.727, RSSI: -164, CPL: 127, AGE: 484, SSID Testing , TSFDelta: 0x6f45e3aa, TXRate: 0
03-07 17:04:22.780 1516 4528 D LOWI-9.0.0.87.a: [LOWI-Scan]
03-07 17:04:22.780 1516 4528 D LOWI-9.0.0.87.a: [LOWI-Scan] print_bss_handler: Report Probe TSF 945730249 as it greater than Beacon TSF 861644279
03-07 17:04:22.780 1516 4528 D LOWI-9.0.0.87.a: [LOWI-Scan] is_qcom_ie, bss_age: 0
03-07 17:04:22.780 1516 4528 D LOWI-9.0.0.87.a: [LOWI-Scan] BSS 18:6f:2d:81:18:51 LOWI_PHY_MODE_11AC_VHT20(8), Beacon Interval: 100, LOWI_ENCRYPTION_TYPE_OPEN 11mcRanging: No, ANQP: No, LCI: No, Civic: No, capability(0x0101): ESS SpectrumMgmt
03-07 17:04:22.780 1516 4528 D LOWI-9.0.0.87.a: [LOWI-Scan] BSS 18:6f:2d:81:18:51 FREQ: 5280, cFreq1[40:80:160] = [5280:0:0] cFreq2 = 0 Country Code = CN
03-07 17:04:22.780 1516 4528 D LOWI-9.0.0.87.a: [LOWI-Scan] BSS 18:6f:2d:81:18:51 (wlan0) ASSO: NO AddInfo: 0x0, TSF 0, 00:15:45.730, RSSI: -162, CPL: 127, AGE: 484, SSID Guest, TSFDelta: 0x6f4decae, TXRate: 0
03-07 17:04:22.780 1516 4528 D LOWI-9.0.0.87.a: [LOWI-Scan]
03-07 17:04:22.780 1516 4528 D LOWI-9.0.0.87.a: [LOWI-Scan] print_bss_handler: Report Probe TSF 945733049 as it greater than Beacon TSF 945726873
03-07 17:04:22.780 1516 4528 D LOWI-9.0.0.87.a: [LOWI-Scan] decode_rsn_wpa_ie: LOWI_ENCRYPTION_TYPE_WPA_PSK
03-07 17:04:22.780 1516 4528 D LOWI-9.0.0.87.a: [LOWI-Scan] is_qcom_ie, bss_age: 0
03-07 17:04:22.780 1516 4528 D LOWI-9.0.0.87.a: [LOWI-Scan] BSS 18:6f:2d:81:18:53 LOWI_PHY_MODE_11AC_VHT20(8), Beacon Interval: 100, LOWI_ENCRYPTION_TYPE_WPA_PSK 11mcRanging: No, ANQP: No, LCI: No, Civic: No, capability(0x0111): ESS Privacy SpectrumMgmt
03-07 17:04:22.780 1516 4528 D LOWI-9.0.0.87.a: [LOWI-Scan] BSS 18:6f:2d:81:18:53 FREQ: 5280, cFreq1[40:80:160] = [5280:0:0] cFreq2 = 0 Country Code = CN
03-07 17:04:22.781 1516 4528 D LOWI-9.0.0.87.a: [LOWI-Scan] BSS 18:6f:2d:81:18:53 (wlan0) ASSO: NO AddInfo: 0x0, TSF 0, 00:15:45.733, RSSI: -164, CPL: 127, AGE: 480, SSID Fanya, TSFDelta: 0x6f57f4bb, TXRate: 0
03-07 17:04:22.781 1516 4528 D LOWI-9.0.0.87.a: [LOWI-Scan]
03-07 17:04:22.781 1516 4528 D LOWI-9.0.0.87.a: [LOWI-Scan] print_bss_handler: Report Probe TSF 945734285 as it greater than Beacon TSF 945727253
03-07 17:04:22.781 1516 4528 D LOWI-9.0.0.87.a: [LOWI-Scan] decode_rsn_wpa_ie: LOWI_ENCRYPTION_TYPE_WPA_PSK
03-07 17:04:22.781 1516 4528 D LOWI-9.0.0.87.a: [LOWI-Scan] is_qcom_ie, bss_age: 0
03-07 17:04:22.781 1516 4528 D LOWI-9.0.0.87.a: [LOWI-Scan] BSS 18:6f:2d:81:18:54 LOWI_PHY_MODE_11AC_VHT20(8), Beacon Interval: 100, LOWI_ENCRYPTION_TYPE_WPA_PSK 11mcRanging: No, ANQP: No, LCI: No, Civic: No, capability(0x0111): ESS Privacy SpectrumMgmt
03-07 17:04:22.781 1516 4528 D LOWI-9.0.0.87.a: [LOWI-Scan] BSS 18:6f:2d:81:18:54 FREQ: 5280, cFreq1[40:80:160] = [5280:0:0] cFreq2 = 0 Country Code = CN
03-07 17:04:22.781 1516 4528 D LOWI-9.0.0.87.a: [LOWI-Scan] BSS 18:6f:2d:81:18:54 (wlan0) ASSO: NO AddInfo: 0x0, TSF 0, 00:15:45.734, RSSI: -160, CPL: 127, AGE: 480, SSID ThunderSoft, TSFDelta: 0x6f65fb13, TXRate: 0
03-07 17:04:22.781 1516 4528 D LOWI-9.0.0.87.a: [LOWI-Scan]
03-07 17:04:22.781 1516 4528 D LOWI-9.0.0.87.a: [LOWI-Scan] print_bss_handler: Report Probe TSF 945735491 as it greater than Beacon TSF 945727618
03-07 17:04:22.781 1516 4528 D LOWI-9.0.0.87.a: [LOWI-Scan] decode_rsn_wpa_ie: LOWI_ENCRYPTION_TYPE_WPA_PSK
03-07 17:04:22.781 1516 4528 D LOWI-9.0.0.87.a: [LOWI-Scan] is_qcom_ie, bss_age: 0
03-07 17:04:22.781 1516 4528 D LOWI-9.0.0.87.a: [LOWI-Scan] BSS 18:6f:2d:81:18:55 LOWI_PHY_MODE_11AC_VHT20(8), Beacon Interval: 100, LOWI_ENCRYPTION_TYPE_WPA_PSK 11mcRanging: No, ANQP: No, LCI: No, Civic: No, capability(0x0111): ESS Privacy SpectrumMgmt
03-07 17:04:22.781 1516 4528 D LOWI-9.0.0.87.a: [LOWI-Scan] BSS 18:6f:2d:81:18:55 FREQ: 5280, cFreq1[40:80:160] = [5280:0:0] cFreq2 = 0 Country Code = CN
03-07 17:04:22.781 1516 4528 D LOWI-9.0.0.87.a: [LOWI-Scan] BSS 18:6f:2d:81:18:55 (wlan0) ASSO: NO AddInfo: 0x0, TSF 0, 00:15:45.735, RSSI: -160, CPL: 127, AGE: 480, SSID GM, TSFDelta: 0x6f725b4f, TXRate: 0
03-07 17:04:22.782 1516 4528 D LOWI-9.0.0.87.a: [LOWI-Scan]
03-07 17:04:22.782 1516 4528 D LOWI-9.0.0.87.a: [LOWI-Scan] print_bss_handler: Report Probe TSF 945730911 as it greater than Beacon TSF 945726485
03-07 17:04:22.782 1516 4528 D LOWI-9.0.0.87.a: [LOWI-Scan] decode_rsn_wpa_ie: LOWI_ENCRYPTION_TYPE_WPA_PSK
03-07 17:04:22.782 1516 4528 D LOWI-9.0.0.87.a: [LOWI-Scan] is_qcom_ie, bss_age: 0
03-07 17:04:22.782 1516 4528 D LOWI-9.0.0.87.a: [LOWI-Scan] BSS 18:6f:2d:81:18:52 LOWI_PHY_MODE_11AC_VHT20(8), Beacon Interval: 100, LOWI_ENCRYPTION_TYPE_WPA_PSK 11mcRanging: No, ANQP: No, LCI: No, Civic: No, capability(0x0111): ESS Privacy SpectrumMgmt
03-07 17:04:22.782 1516 4528 D LOWI-9.0.0.87.a: [LOWI-Scan] BSS 18:6f:2d:81:18:52 FREQ: 5280, cFreq1[40:80:160] = [5280:0:0] cFreq2 = 0 Country Code = CN
03-07 17:04:22.782 1516 4528 D LOWI-9.0.0.87.a: [LOWI-Scan] BSS 18:6f:2d:81:18:52 (wlan0) ASSO: NO AddInfo: 0x0, TSF 0, 00:15:45.730, RSSI: -164, CPL: 127, AGE: 484, SSID ZXHY, TSFDelta: 0x6f531217, TXRate: 0
03-07 17:04:22.782 1516 4528 D LOWI-9.0.0.87.a: [LOWI-Scan]
03-07 17:04:22.782 1516 4528 D LOWI-9.0.0.87.a: [LOWI-Scan] print_bss_handler: Report Probe TSF 945939347 as it greater than Beacon TSF 945909018
03-07 17:04:22.782 1516 4528 D LOWI-9.0.0.87.a: [LOWI-Scan] decode_rsn_wpa_ie: LOWI_ENCRYPTION_TYPE_WPA_PSK
03-07 17:04:22.782 1516 4528 D LOWI-9.0.0.87.a: [LOWI-Scan] is_qcom_ie, bss_age: 0
03-07 17:04:22.782 1516 4528 D LOWI-9.0.0.87.a: [LOWI-Scan] BSS 18:6f:2d:81:20:70 LOWI_PHY_MODE_11AC_VHT20(8), Beacon Interval: 100, LOWI_ENCRYPTION_TYPE_WPA_PSK 11mcRanging: No, ANQP: No, LCI: No, Civic: No, capability(0x0111): ESS Privacy SpectrumMgmt
03-07 17:04:22.782 1516 4528 D LOWI-9.0.0.87.a: [LOWI-Scan] BSS 18:6f:2d:81:20:70 FREQ: 5300, cFreq1[40:80:160] = [5300:0:0] cFreq2 = 0 Country Code = CN
03-07 17:04:22.782 1516 4528 D LOWI-9.0.0.87.a: [LOWI-Scan] BSS 18:6f:2d:81:20:70 (wlan0) ASSO: NO AddInfo: 0x0, TSF 0, 00:15:45.939, RSSI: -164, CPL: 127, AGE: 276, SSID Testing , TSFDelta: 0x72a164f6, TXRate: 0
03-07 17:04:22.782 1516 4528 D LOWI-9.0.0.87.a: [LOWI-Scan]
03-07 17:04:22.782 1516 4528 D LOWI-9.0.0.87.a: [LOWI-Scan] print_bss_handler: Report Probe TSF 945945062 as it greater than Beacon TSF 945909513
03-07 17:04:22.782 1516 4528 D LOWI-9.0.0.87.a: [LOWI-Scan] is_qcom_ie, bss_age: 0
03-07 17:04:22.782 1516 4528 D LOWI-9.0.0.87.a: [LOWI-Scan] BSS 18:6f:2d:81:20:71 LOWI_PHY_MODE_11AC_VHT20(8), Beacon Interval: 100, LOWI_ENCRYPTION_TYPE_OPEN 11mcRanging: No, ANQP: No, LCI: No, Civic: No, capability(0x0101): ESS SpectrumMgmt
03-07 17:04:22.782 1516 4528 D LOWI-9.0.0.87.a: [LOWI-Scan] BSS 18:6f:2d:81:20:71 FREQ: 5300, cFreq1[40:80:160] = [5300:0:0] cFreq2 = 0 Country Code = CN
03-07 17:04:22.782 1516 4528 D LOWI-9.0.0.87.a: [LOWI-Scan] BSS 18:6f:2d:81:20:71 (wlan0) ASSO: NO AddInfo: 0x0, TSF 0, 00:15:45.945, RSSI: -164, CPL: 127, AGE: 268, SSID Guest, TSFDelta: 0x72a8575f, TXRate: 0
03-07 17:04:22.783 1516 4528 D LOWI-9.0.0.87.a: [LOWI-Scan]
03-07 17:04:22.783 1516 4528 D LOWI-9.0.0.87.a: [LOWI-Scan] print_bss_handler: Report Probe TSF 945945426 as it greater than Beacon TSF 945909945
03-07 17:04:22.783 1516 4528 D LOWI-9.0.0.87.a: [LOWI-Scan] decode_rsn_wpa_ie: LOWI_ENCRYPTION_TYPE_WPA_PSK
03-07 17:04:22.783 1516 4528 D LOWI-9.0.0.87.a: [LOWI-Scan] is_qcom_ie, bss_age: 0
03-07 17:04:22.783 1516 4528 D LOWI-9.0.0.87.a: [LOWI-Scan] BSS 18:6f:2d:81:20:72 LOWI_PHY_MODE_11AC_VHT20(8), Beacon Interval: 100, LOWI_ENCRYPTION_TYPE_WPA_PSK 11mcRanging: No, ANQP: No, LCI: No, Civic: No, capability(0x0111): ESS Privacy SpectrumMgmt
03-07 17:04:22.783 1516 4528 D LOWI-9.0.0.87.a: [LOWI-Scan] BSS 18:6f:2d:81:20:72 FREQ: 5300, cFreq1[40:80:160] = [5300:0:0] cFreq2 = 0 Country Code = CN
03-07 17:04:22.783 1516 4528 D LOWI-9.0.0.87.a: [LOWI-Scan] BSS 18:6f:2d:81:20:72 (wlan0) ASSO: NO AddInfo: 0x0, TSF 0, 00:15:45.945, RSSI: -164, CPL: 127, AGE: 268, SSID ZXHY, TSFDelta: 0x72adb234, TXRate: 0
03-07 17:04:22.783 1516 4528 D LOWI-9.0.0.87.a: [LOWI-Scan]
03-07 17:04:22.783 1516 4528 D LOWI-9.0.0.87.a: [LOWI-Scan] print_bss_handler: Report Probe TSF 945945834 as it greater than Beacon TSF 945910317
03-07 17:04:22.783 1516 4528 D LOWI-9.0.0.87.a: [LOWI-Scan] decode_rsn_wpa_ie: LOWI_ENCRYPTION_TYPE_WPA_PSK
03-07 17:04:22.783 1516 4528 D LOWI-9.0.0.87.a: [LOWI-Scan] is_qcom_ie, bss_age: 0
03-07 17:04:22.783 1516 4528 D LOWI-9.0.0.87.a: [LOWI-Scan] BSS 18:6f:2d:81:20:73 LOWI_PHY_MODE_11AC_VHT20(8), Beacon Interval: 100, LOWI_ENCRYPTION_TYPE_WPA_PSK 11mcRanging: No, ANQP: No, LCI: No, Civic: No, capability(0x0111): ESS Privacy SpectrumMgmt
03-07 17:04:22.783 1516 4528 D LOWI-9.0.0.87.a: [LOWI-Scan] BSS 18:6f:2d:81:20:73 FREQ: 5300, cFreq1[40:80:160] = [5300:0:0] cFreq2 = 0 Country Code = CN
03-07 17:04:22.783 1516 4528 D LOWI-9.0.0.87.a: [LOWI-Scan] BSS 18:6f:2d:81:20:73 (wlan0) ASSO: NO AddInfo: 0x0, TSF 0, 00:15:45.945, RSSI: -164, CPL: 127, AGE: 268, SSID Fanya, TSFDelta: 0x72b1ce0a, TXRate: 0
03-07 17:04:22.783 1516 4528 D LOWI-9.0.0.87.a: [LOWI-Scan]
03-07 17:04:22.783 1516 4528 D LOWI-9.0.0.87.a: [LOWI-Scan] print_bss_handler: Report Probe TSF 945946164 as it greater than Beacon TSF 945910674
03-07 17:04:22.783 1516 4528 D LOWI-9.0.0.87.a: [LOWI-Scan] decode_rsn_wpa_ie: LOWI_ENCRYPTION_TYPE_WPA_PSK
03-07 17:04:22.783 1516 4528 D LOWI-9.0.0.87.a: [LOWI-Scan] is_qcom_ie, bss_age: 0
03-07 17:04:22.783 1516 4528 D LOWI-9.0.0.87.a: [LOWI-Scan] BSS 18:6f:2d:81:20:74 LOWI_PHY_MODE_11AC_VHT20(8), Beacon Interval: 100, LOWI_ENCRYPTION_TYPE_WPA_PSK 11mcRanging: No, ANQP: No, LCI: No, Civic: No, capability(0x0111): ESS Privacy SpectrumMgmt
03-07 17:04:22.783 1516 4528 D LOWI-9.0.0.87.a: [LOWI-Scan] BSS 18:6f:2d:81:20:74 FREQ: 5300, cFreq1[40:80:160] = [5300:0:0] cFreq2 = 0 Country Code = CN
03-07 17:04:22.783 1516 4528 D LOWI-9.0.0.87.a: [LOWI-Scan] BSS 18:6f:2d:81:20:74 (wlan0) ASSO: NO AddInfo: 0x0, TSF 0, 00:15:45.946, RSSI: -164, CPL: 127, AGE: 268, SSID ThunderSoft, TSFDelta: 0x72b74bf9, TXRate: 0
03-07 17:04:22.784 1516 4528 D LOWI-9.0.0.87.a: [LOWI-Scan]
03-07 17:04:22.784 1516 4528 D LOWI-9.0.0.87.a: [LOWI-Scan] print_bss_handler: Report Probe TSF 945946512 as it greater than Beacon TSF 945911020
03-07 17:04:22.784 1516 4528 D LOWI-9.0.0.87.a: [LOWI-Scan] decode_rsn_wpa_ie: LOWI_ENCRYPTION_TYPE_WPA_PSK
03-07 17:04:22.784 1516 4528 D LOWI-9.0.0.87.a: [LOWI-Scan] is_qcom_ie, bss_age: 0
03-07 17:04:22.784 1516 4528 D LOWI-9.0.0.87.a: [LOWI-Scan] BSS 18:6f:2d:81:20:75 LOWI_PHY_MODE_11AC_VHT20(8), Beacon Interval: 100, LOWI_ENCRYPTION_TYPE_WPA_PSK 11mcRanging: No, ANQP: No, LCI: No, Civic: No, capability(0x0111): ESS Privacy SpectrumMgmt
03-07 17:04:22.784 1516 4528 D LOWI-9.0.0.87.a: [LOWI-Scan] BSS 18:6f:2d:81:20:75 FREQ: 5300, cFreq1[40:80:160] = [5300:0:0] cFreq2 = 0 Country Code = CN
03-07 17:04:22.784 1516 4528 D LOWI-9.0.0.87.a: [LOWI-Scan] BSS 18:6f:2d:81:20:75 (wlan0) ASSO: NO AddInfo: 0x0, TSF 0, 00:15:45.946, RSSI: -162, CPL: 127, AGE: 268, SSID GM, TSFDelta: 0x72bcb765, TXRate: 0
03-07 17:04:22.784 1516 4528 D LOWI-9.0.0.87.a: [LOWI-Scan]
03-07 17:04:22.784 1516 4528 D LOWI-9.0.0.87.a: [LOWI-Scan] print_bss_handler: Report beacon TSF 945277594 as it greater than probe TSF 945277115
03-07 17:04:22.784 1516 4528 D LOWI-9.0.0.87.a: [LOWI-Scan] is_qcom_ie, bss_age: 0
03-07 17:04:22.784 1516 4528 D LOWI-9.0.0.87.a: [LOWI-Scan] BSS c0:61:18:21:92:6c LOWI_PHY_MODE_11NG_HT40(7), Beacon Interval: 100, LOWI_ENCRYPTION_TYPE_OPEN 11mcRanging: No, ANQP: No, LCI: No, Civic: No, capability(0x0021): ESS ShortPreamble
03-07 17:04:22.784 1516 4528 D LOWI-9.0.0.87.a: [LOWI-Scan] BSS c0:61:18:21:92:6c FREQ: 2462, cFreq1[40:80:160] = [2452:0:0] cFreq2 = 0 Country Code =
03-07 17:04:22.784 1516 4528 D LOWI-9.0.0.87.a: [LOWI-Scan] BSS c0:61:18:21:92:6c (wlan0) ASSO: NO AddInfo: 0x1, TSF 0, 00:15:45.277, RSSI: -98, CPL: 127, AGE: 936, SSID anmane test, TSFDelta: 0xa0ece7b4, TXRate: 0
03-07 17:04:22.785 1516 4528 D LOWI-9.0.0.87.a: [LOWI-Scan]
03-07 17:04:22.785 1516 4528 D LOWI-9.0.0.87.a: [LOWI-Scan] print_bss_handler: Report beacon TSF 945414301 as it greater than probe TSF 945330334
03-07 17:04:22.785 1516 4528 D LOWI-9.0.0.87.a: [LOWI-Scan] decode_rsn_wpa_ie: LOWI_ENCRYPTION_TYPE_WPA_PSK
03-07 17:04:22.785 1516 4528 D LOWI-9.0.0.87.a: [LOWI-Scan] is_qcom_ie, bss_age: 0
03-07 17:04:22.785 1516 4528 D LOWI-9.0.0.87.a: [LOWI-Scan] BSS 18:6f:2d:0a:b8:40 LOWI_PHY_MODE_11NG_HT20(5), Beacon Interval: 100, LOWI_ENCRYPTION_TYPE_WPA_PSK 11mcRanging: No, ANQP: No, LCI: No, Civic: No, capability(0x0531): ESS Privacy ShortPreamble SpectrumMgmt ShortSlotTime
03-07 17:04:22.785 1516 4528 D LOWI-9.0.0.87.a: [LOWI-Scan] BSS 18:6f:2d:0a:b8:40 FREQ: 2467, cFreq1[40:80:160] = [2467:0:0] cFreq2 = 0 Country Code = CN
03-07 17:04:22.785 1516 4528 D LOWI-9.0.0.87.a: [LOWI-Scan] BSS 18:6f:2d:0a:b8:40 (wlan0) ASSO: NO AddInfo: 0x1, TSF 0, 00:15:45.414, RSSI: -128, CPL: 127, AGE: 800, SSID Testing , TSFDelta: 0xd9c9627d, TXRate: 0
03-07 17:04:22.785 1516 4528 D LOWI-9.0.0.87.a: [LOWI-Scan]
03-07 17:04:22.785 1516 4528 D LOWI-9.0.0.87.a: [LOWI-Scan] print_bss_handler: Report beacon TSF 945113671 as it greater than probe TSF 945096730
03-07 17:04:22.785 1516 4528 D LOWI-9.0.0.87.a: [LOWI-Scan] decode_rsn_wpa_ie: LOWI_ENCRYPTION_TYPE_WPA_PSK
03-07 17:04:22.785 1516 4528 D LOWI-9.0.0.87.a: [LOWI-Scan] is_qcom_ie, bss_age: 0
03-07 17:04:22.785 1516 4528 D LOWI-9.0.0.87.a: [LOWI-Scan] BSS d8:32:14:df:f6:03 LOWI_PHY_MODE_11AC_VHT40_2G(12), Beacon Interval: 100, LOWI_ENCRYPTION_TYPE_WPA_PSK 11mcRanging: No, ANQP: Yes, LCI: No, Civic: No, capability(0x1431): ESS Privacy ShortPreamble ShortSlotTime
03-07 17:04:22.785 1516 4528 D LOWI-9.0.0.87.a: [LOWI-Scan] BSS d8:32:14:df:f6:03 FREQ: 2452, cFreq1[40:80:160] = [2462:0:0] cFreq2 = 0 Country Code = CN
03-07 17:04:22.785 1516 4528 D LOWI-9.0.0.87.a: [LOWI-Scan] BSS d8:32:14:df:f6:03 (wlan0) ASSO: NO AddInfo: 0x1, TSF 0, 00:15:45.113, RSSI: -118, CPL: 127, AGE: 1100, SSID Tenda_53B400, TSFDelta: 0x9f820db2, TXRate: 0
03-07 17:04:22.786 1516 4528 D LOWI-9.0.0.87.a: [LOWI-Scan]
03-07 17:04:22.786 1516 4528 D LOWI-9.0.0.87.a: [LOWI-Scan] print_bss_handler: Report beacon TSF 945431552 as it greater than probe TSF 860961946
03-07 17:04:22.786 1516 4528 D LOWI-9.0.0.87.a: [LOWI-Scan] decode_rsn_wpa_ie: LOWI_ENCRYPTION_TYPE_WPA_PSK
03-07 17:04:22.786 1516 4528 D LOWI-9.0.0.87.a: [LOWI-Scan] is_qcom_ie, bss_age: 0
03-07 17:04:22.786 1516 4528 D LOWI-9.0.0.87.a: [LOWI-Scan] BSS 18:6f:2d:80:dd:63 LOWI_PHY_MODE_11NG_HT20(5), Beacon Interval: 100, LOWI_ENCRYPTION_TYPE_WPA_PSK 11mcRanging: No, ANQP: No, LCI: No, Civic: No, capability(0x0531): ESS Privacy ShortPreamble SpectrumMgmt ShortSlotTime
03-07 17:04:22.786 1516 4528 D LOWI-9.0.0.87.a: [LOWI-Scan] BSS 18:6f:2d:80:dd:63 FREQ: 2472, cFreq1[40:80:160] = [2472:0:0] cFreq2 = 0 Country Code = CN
03-07 17:04:22.786 1516 4528 D LOWI-9.0.0.87.a: [LOWI-Scan] BSS 18:6f:2d:80:dd:63 (wlan0) ASSO: NO AddInfo: 0x1, TSF 0, 00:15:45.431, RSSI: -140, CPL: 127, AGE: 784, SSID ZXHY, TSFDelta: 0x592fcda3, TXRate: 0
03-07 17:04:22.786 1516 4528 D LOWI-9.0.0.87.a: [LOWI-Scan]
03-07 17:04:22.786 1516 4528 D LOWI-9.0.0.87.a: [LOWI-Scan] print_bss_handler: Report beacon TSF 945434639 as it greater than probe TSF 860962063
03-07 17:04:22.786 1516 4528 D LOWI-9.0.0.87.a: [LOWI-Scan] decode_rsn_wpa_ie: LOWI_ENCRYPTION_TYPE_WPA_PSK
03-07 17:04:22.786 1516 4528 D LOWI-9.0.0.87.a: [LOWI-Scan] is_qcom_ie, bss_age: 0
03-07 17:04:22.786 1516 4528 D LOWI-9.0.0.87.a: [LOWI-Scan] BSS 18:6f:2d:80:dd:64 LOWI_PHY_MODE_11NG_HT20(5), Beacon Interval: 100, LOWI_ENCRYPTION_TYPE_WPA_PSK 11mcRanging: No, ANQP: No, LCI: No, Civic: No, capability(0x0531): ESS Privacy ShortPreamble SpectrumMgmt ShortSlotTime
03-07 17:04:22.786 1516 4528 D LOWI-9.0.0.87.a: [LOWI-Scan] BSS 18:6f:2d:80:dd:64 FREQ: 2472, cFreq1[40:80:160] = [2472:0:0] cFreq2 = 0 Country Code = CN
03-07 17:04:22.786 1516 4528 D LOWI-9.0.0.87.a: [LOWI-Scan] BSS 18:6f:2d:80:dd:64 (wlan0) ASSO: NO AddInfo: 0x1, TSF 0, 00:15:45.434, RSSI: -138, CPL: 127, AGE: 780, SSID Fanya, TSFDelta: 0x5934e5e8, TXRate: 0
03-07 17:04:22.786 1516 4528 D LOWI-9.0.0.87.a: [LOWI-Scan]
03-07 17:04:22.786 1516 4528 D LOWI-9.0.0.87.a: [LOWI-Scan] print_bss_handler: Report Probe TSF 945173987 as it greater than Beacon TSF 628876466
03-07 17:04:22.786 1516 4528 D LOWI-9.0.0.87.a: [LOWI-Scan] decode_rsn_wpa_ie: LOWI_ENCRYPTION_TYPE_WPA_PSK
03-07 17:04:22.786 1516 4528 D LOWI-9.0.0.87.a: [LOWI-Scan] is_qcom_ie, bss_age: 0
03-07 17:04:22.786 1516 4528 D LOWI-9.0.0.87.a: [LOWI-Scan] BSS 18:6f:2d:0a:b8:50 LOWI_PHY_MODE_11AC_VHT20(8), Beacon Interval: 100, LOWI_ENCRYPTION_TYPE_WPA_PSK 11mcRanging: No, ANQP: No, LCI: No, Civic: No, capability(0x0111): ESS Privacy SpectrumMgmt
03-07 17:04:22.786 1516 4528 D LOWI-9.0.0.87.a: [LOWI-Scan] BSS 18:6f:2d:0a:b8:50 FREQ: 5785, cFreq1[40:80:160] = [5785:0:0] cFreq2 = 0 Country Code = CN
03-07 17:04:22.786 1516 4528 D LOWI-9.0.0.87.a: [LOWI-Scan] BSS 18:6f:2d:0a:b8:50 (wlan0) ASSO: NO AddInfo: 0x0, TSF 0, 00:15:45.173, RSSI: -166, CPL: 127, AGE: 1040, SSID Testing , TSFDelta: 0xe4f00b54, TXRate: 0
03-07 17:04:22.786 1516 4528 D LOWI-9.0.0.87.a: [LOWI-Scan]
03-07 17:04:22.786 1516 4528 D LOWI-9.0.0.87.a: [LOWI-Scan] print_bss_handler: Report Probe TSF 945175141 as it greater than Beacon TSF 628876997
03-07 17:04:22.786 1516 4528 D LOWI-9.0.0.87.a: [LOWI-Scan] is_qcom_ie, bss_age: 0
