03-07 17:02:52.799 813 3438 D soundtrigger: audio_extn_sound_trigger_update_stream_status: uc_info->id 1 of type 0 for Event 2, with Raise=0
03-07 17:02:52.799 813 3438 D msm8974_platform: platform_split_snd_device: snd_device(2) num devices(0) new_snd_devices(0)
03-07 17:02:52.800 813 3438 I msm8974_platform: platform_get_custom_mtmx_params: no matching param with id 0 ip_ch 2 op_ch 2 uc_id 1 snd_dev 2
03-07 17:02:52.800 813 3438 D hardware_info: hw_info_append_hw_type : device_name = speaker
03-07 17:02:52.800 813 3438 D audio_hw_primary: disable_snd_device: snd_device(2: speaker)
03-07 17:02:52.800 813 3438 D msm8974_platform: platform_split_snd_device: snd_device(2) num devices(0) new_snd_devices(0)
03-07 17:02:52.800 813 3438 I soundtrigger: audio_extn_sound_trigger_update_device_status: device 0x2 of type 0 for Event 0, with Raise=0
03-07 17:02:52.800 813 3438 D audio_hw_primary: out_standby: exit
03-07 17:02:52.805 813 3438 D audio_hw_primary: start_output_stream: enter: stream(0xec300010)usecase(1: low-latency-playback) devices(0x2) is_haptic_usecase(0)
03-07 17:02:52.806 813 3438 D audio_hw_primary: select_devices for use case (low-latency-playback)
03-07 17:02:52.806 813 3438 I msm8974_platform: platform_check_and_set_codec_backend_cfg:becf: afe: bitwidth 16, samplerate 48000 channels 2, backend_idx 0 usecase = 1 device (speaker)
03-07 17:02:52.806 813 3438 D msm8974_platform: platform_split_snd_device: snd_device(2) num devices(1) new_snd_devices(0)
03-07 17:02:52.806 813 3438 I msm8974_platform: platform_check_and_set_codec_backend_cfg: new_snd_devices[0] is 2
03-07 17:02:52.806 813 3438 I msm8974_platform: platform_check_codec_backend_cfg:becf: afe: bitwidth 16, samplerate 48000 channels 2, backend_idx 0 usecase = 1 device (speaker)
03-07 17:02:52.808 813 3438 D audio_hw_extn: audio_extn_enable_hifi_filter: mixer_value set 0
03-07 17:02:52.808 813 3438 D msm8974_platform: platform_check_codec_backend_cfg:becf: updated afe: bitwidth 16, samplerate 48000 channels 2,backend_idx 0 usecase = 1 device (speaker)
03-07 17:02:52.808 813 3438 D msm8974_platform: platform_check_codec_backend_cfg:becf: afe: playback on codec device not supporting native playback set default Sample Rate(48k)
03-07 17:02:52.808 813 3438 I msm8974_platform: platform_check_codec_backend_cfg:becf: afe: Codec selected backend: 0 updated bit width: 16 and sample rate: 48000
03-07 17:02:52.808 813 3438 D audio_hw_primary: check_usecases_codec_backend:becf: force routing 0
03-07 17:02:52.808 813 3438 E msm8974_platform: platform_check_backends_match: Invalid snd_device =
03-07 17:02:52.808 813 3438 D audio_hw_primary: check_usecases_codec_backend:becf: (78) check_usecases curr device: speaker, usecase device: backends match 0
03-07 17:02:52.808 813 3438 D audio_hw_primary: check_usecases_codec_backend:becf: check_usecases num.of Usecases to switch 0
03-07 17:02:52.808 813 3438 D hardware_info: hw_info_append_hw_type : device_name = speaker
03-07 17:02:52.808 813 3438 D msm8974_platform: platform_split_snd_device: snd_device(2) num devices(0) new_snd_devices(0)
03-07 17:02:52.808 813 3438 D audio_hw_primary: enable_snd_device: snd_device(2: speaker)
03-07 17:02:52.808 813 3438 D msm8974_platform: platform_get_island_cfg_on_device:island cfg status on snd_device = (speaker 0)
03-07 17:02:52.808 813 3438 I soundtrigger: audio_extn_sound_trigger_update_device_status: device 0x2 of type 0 for Event 1, with Raise=0
03-07 17:02:52.808 813 3438 D audio_route: Apply path: speaker
03-07 17:02:52.809 813 3438 I audio_hw_utils: audio_extn_utils_update_stream_output_app_type_cfg Allowing 24 and above bits playback on speaker ONLY at default sampling rate
03-07 17:02:52.809 813 3438 E soundtrigger: audio_extn_sound_trigger_update_stream_status: invalid input device 0x0, for event 3
03-07 17:02:52.809 813 3438 D soundtrigger: audio_extn_sound_trigger_update_stream_status: uc_info->id 1 of type 0 for Event 3, with Raise=0
03-07 17:02:52.809 813 3438 D audio_hw_utils: audio_extn_utils_send_app_type_cfg: usecase->out_snd_device speaker
03-07 17:02:52.809 813 3438 D msm8974_platform: platform_split_snd_device: snd_device(2) num devices(0) new_snd_devices(0)
03-07 17:02:52.809 813 3438 D audio_hw_utils: audio_extn_btsco_get_sample_rate:Not a BT SCO device, need not update sampling rate
03-07 17:02:52.809 813 3438 I audio_hw_utils: send_app_type_cfg_for_device PLAYBACK app_type 69937, acdb_dev_id 15, sample_rate 48000, snd_device_be_idx 179
03-07 17:02:52.810 813 3438 D msm8974_platform: platform_split_snd_device: snd_device(2) num devices(1) new_snd_devices(0)
03-07 17:02:52.810 813 3438 D audio_hw_utils: audio_extn_btsco_get_sample_rate:Not a BT SCO device, need not update sampling rate
03-07 17:02:52.810 813 3438 D ACDB-LOADER: ACDB -> send_audio_cal, acdb_id = 15, path = 0, app id = 0x11131, sample rate = 48000, afe_sample_rate = 48000
03-07 17:02:52.810 813 3438 D ACDB-LOADER: ACDB -> send_asm_topology
03-07 17:02:52.810 813 3438 D ACDB-LOADER: ACDB -> ACDB_CMD_GET_AUDPROC_STREAM_TOPOLOGY_ID
03-07 17:02:52.810 813 3438 D ACDB-LOADER: ACDB -> send_adm_topology
03-07 17:02:52.810 813 3438 D ACDB-LOADER: ACDB -> ACDB_CMD_GET_AUDPROC_COMMON_TOPOLOGY_ID
03-07 17:02:52.810 813 3438 D ACDB-LOADER: ACDB -> send_audtable
03-07 17:02:52.810 813 3438 D ACDB-LOADER: ACDB -> ACDB_CMD_GET_AUDPROC_INSTANCE_COMMON_TABLE_SIZE
03-07 17:02:52.811 813 3438 D ACDB-LOADER: ACDB -> ACDB_CMD_GET_AUDPROC_INSTANCE_COMMON_TABLE
03-07 17:02:52.811 813 3438 D ACDB-LOADER: ACDB -> AUDIO_SET_AUDPROC_CAL cal_type[11] acdb_id[15] app_type[69937]
03-07 17:02:52.811 813 3438 D ACDB-LOADER: ACDB -> send_audvoltable
03-07 17:02:52.811 813 3438 D ACDB-LOADER: ACDB -> ACDB_CMD_GET_AUDPROC_INSTANCE_GAIN_DEP_STEP_TABLE_SIZE
03-07 17:02:52.811 813 3438 D ACDB-LOADER: ACDB -> ACDB_CMD_GET_AUDPROC_INSTANCE_GAIN_DEP_STEP_TABLE, vol index 5
03-07 17:02:52.811 813 3438 D ACDB-LOADER: ACDB -> AUDIO_SET_VOL_CAL cal type = 12
03-07 17:02:52.811 813 3438 D ACDB-LOADER: ACDB -> ACDB_CMD_GET_AUDPROC_INSTANCE_STREAM_TABLE_SIZE
03-07 17:02:52.811 813 3438 D ACDB-LOADER: ACDB -> send_audstrmtable
03-07 17:02:52.811 813 3438 D ACDB-LOADER: ACDB -> ACDB_CMD_GET_AUDPROC_INSTANCE_STREAM_TABLE
03-07 17:02:52.811 813 3438 D ACDB-LOADER: ACDB -> audstrm_cal->cal_type.cal_data.cal_size = 20
03-07 17:02:52.811 813 3438 D ACDB-LOADER: ACDB -> send_afe_topology
03-07 17:02:52.811 813 3438 D ACDB-LOADER: ACDB -> ACDB_CMD_GET_AFE_TOPOLOGY_ID
03-07 17:02:52.811 813 3438 D ACDB-LOADER: ACDB -> GET_AFE_TOPOLOGY_ID for adcd_id 15, Topology Id 112fc
03-07 17:02:52.811 813 3438 D ACDB-LOADER: ACDB -> send_afe_cal
03-07 17:02:52.811 813 3438 D ACDB-LOADER: ACDB -> ACDB_CMD_GET_AFE_INSTANCE_COMMON_TABLE_SIZE
03-07 17:02:52.811 813 3438 D android.hardware.audio.service: Failed to fetch the lookup information of the device 0000000F
03-07 17:02:52.812 813 3438 D ACDB-LOADER: Error: ACDB_CMD_GET_AFE_INSTANCE_COMMON_TABLE_SIZE Returned = -19
03-07 17:02:52.812 813 3438 D ACDB-LOADER: ACDB -> ACDB_CMD_GET_AFE_INSTANCE_COMMON_TABLE
03-07 17:02:52.812 813 3438 D android.hardware.audio.service: Failed to fetch the lookup information of the device 0000000F
03-07 17:02:52.812 813 3438 D ACDB-LOADER: Error: ACDB AFE returned = -19
03-07 17:02:52.812 813 3438 D ACDB-LOADER: ACDB -> AUDIO_SET_AFE_CAL cal_type[16] acdb_id[15]
03-07 17:02:52.812 813 3438 D ACDB-LOADER: ACDB -> send_hw_delay : acdb_id = 15 path = 0
03-07 17:02:52.812 813 3438 D ACDB-LOADER: ACDB -> ACDB_AVSYNC_INFO: ACDB_CMD_GET_DEVICE_PROPERTY
03-07 17:02:52.812 813 3438 D msm8974_platform: platform_split_snd_device: snd_device(2) num devices(0) new_snd_devices(0)
03-07 17:02:52.812 813 3438 I msm8974_platform: platform_get_custom_mtmx_params: no matching param with id 0 ip_ch 2 op_ch 2 uc_id 1 snd_dev 2
03-07 17:02:52.812 813 3438 D audio_hw_primary: enable_audio_route: apply mixer and update path: low-latency-playback
03-07 17:02:52.812 813 3438 D audio_route: Apply path: low-latency-playback
03-07 17:02:52.813 813 3438 D audio_hw_primary: select_devices: done
01-02 07:17:27.395 0 0 I afe_find_cal_topo_id_by_port: port id: 0x9000, dev_acdb_id: 0
01-02 07:17:27.402 0 0 I afe_find_cal_topo_id_by_port: top_id:112fc acdb_id:15 afe_port:0x9000
01-02 07:17:27.410 0 0 I afe_get_cal_topology_id: port_id = 0x9000 acdb_id = 15 topology_id = 0x112fc cal_type_index=8 ret=0
01-02 07:17:27.421 0 0 I afe_send_port_topology_id: AFE set topology id 0x112fc enable for port 0x9000 ret 0
01-02 07:17:27.430 0 0 I send_afe_cal_type: cal_index is 0
01-02 07:17:27.434 0 0 I send_afe_cal_type: dev_acdb_id[55] is 0
01-02 07:17:27.439 0 0 I send_afe_cal_type: Sending cal_index cal 0
01-02 07:17:27.445 0 0 E send_afe_cal_type: No cal sent for cal_index 0, port_id = 0x9000! ret -22
01-02 07:17:27.453 0 0 I afe_send_hw_delay: port_id 0x9000 rate 48000 delay_usec 474 status 0
03-07 17:02:52.905 1612 1612 W livelock: sample 3.940s
03-07 17:02:52.910 813 3438 D msm8974_platform: platform_set_channel_map mixer_ctl_name:Playback Channel Map9
03-07 17:02:52.910 813 3438 D msm8974_platform: platform_set_channel_map: set mapping(1 2 0 0 0 0 0 0) for channel:2
03-07 17:02:52.913 813 3438 D audio_hw_primary: start_output_stream: exit
03-07 17:02:52.928 1031 1740 W AudioFlinger: write blocked for 42051 msecs, 30 delayed writes, thread 13
03-07 17:02:52.929 813 1807 D audio_hw_primary: out_set_parameters: enter: usecase(1: low-latency-playback) kvpairs: suspend_playback=true
03-07 17:02:52.929 813 1807 D audio_hw_extn: audio_extn_fm_set_parameters: Enter
03-07 17:02:52.941 813 1807 D audio_hw_primary: out_set_parameters: enter: usecase(1: low-latency-playback) kvpairs: suspend_playback=false
03-07 17:02:52.941 813 1807 D audio_hw_extn: audio_extn_fm_set_parameters: Enter
03-07 17:02:53.002 4946 8473 I mars::cdn: [connection_factory.cc:621, GetOrCreateFromExistConnection]:take conn 0x7d76ed9068(742)@TCP from cache.
03-07 17:02:53.061 1324 8405 I OMX-VENC: venc_dev: stats: avg. fps 1.36, bitrate 10356
03-07 17:02:53.290 650 660 I mpu_uart: [MSG-P:RECV]:No message received in 1000 ms
03-07 17:02:53.856 4946 8473 I mars::cdn: [netchannel.cc:293, __RunReadWrite]:runloop rv 0 errtype 0 errcode 0 idling false
03-07 17:02:53.856 4946 8473 I mars::cdn: [netchannel.cc:871, __AfterRun]:cdntask 26 putback conn 0x7d76ed9068(742)@TCP to cache.
03-07 17:02:53.856 4946 8473 I mars::cdn: [netchannel.cc:871, __AfterRun]:cdntask 26 putback conn 0x7d76e39028(568)@TCP to cache.
03-07 17:02:54.068 1324 8405 I OMX-VENC: venc_dev: stats: avg. fps 9.92, bitrate 75579
03-07 17:02:54.214 1002 1662 I input_interaction: Interaction with: b7ba93a com.tencent.mm/com.tencent.mm.ui.LauncherUI (server), edge-swipe (server), swipe-up (server), PointerEventDispatcher0 (server),
03-07 17:02:54.228 1002 2813 W FreeFormWindowHelper: Current Display FreeFormTask is null
03-07 17:02:54.232 1002 1397 W FreeFormWindowHelper: Current Display FreeFormTask is null
03-07 17:02:54.233 1002 2813 W FreeFormWindowHelper: Current Display FreeFormTask is null
03-07 17:02:54.238 4946 4946 I view_enqueue_input_event: [Motion - Cancel,com.tencent.mm/com.tencent.mm.ui.LauncherUI]
03-07 17:02:54.238 1002 2813 I InputDispatcher: Monitor swipe-up (server) is stealing touch from [b7ba93a com.tencent.mm/com.tencent.mm.ui.LauncherUI (server), ]
03-07 17:02:54.240 1002 2813 W FreeFormWindowHelper: Current Display FreeFormTask is null
03-07 17:02:54.243 1002 2813 W FreeFormWindowHelper: Current Display FreeFormTask is null
03-07 17:02:54.248 1002 1662 I input_interaction: Interaction with: edge-swipe (server), swipe-up (server), PointerEventDispatcher0 (server),
03-07 17:02:54.250 1002 2150 I wm_task_moved: [1,0,0]
03-07 17:02:54.250 1002 2150 I wm_task_moved: [1,0,5]
03-07 17:02:54.251 1002 1153 I EventSequenceValidator: inc AccIntentStartedEvents to 2
03-07 17:02:54.261 2640 2640 I wm_on_restart_called: [224338254,com.android.launcher3.uioverrides.QuickstepLauncher,performRestartActivity]
03-07 17:02:54.261 2640 2640 D StateManager: goToState: Background
03-07 17:02:54.262 1002 6668 W FreeFormWindowHelper: Current Display FreeFormTask is null
03-07 17:02:54.262 1002 6668 W FreeFormWindowHelper: Current Display FreeFormTask is null
03-07 17:02:54.263 1002 1150 D AutofillManagerService: Close system dialogs
03-07 17:02:54.263 2640 2640 D FreeWindowContainer: reloadTask: null
03-07 17:02:54.264 1002 1397 W FreeFormWindowHelper: Current Display FreeFormTask is null
03-07 17:02:54.266 1983 1983 V ShadeControllerImpl: NotificationShadeWindow: com.android.systemui.statusbar.phone.NotificationShadeWindowView{56a6bd4 I.E...... ......ID 0,0-2380,1020} canPanelBeCollapsed(): false
03-07 17:02:54.268 2640 2640 V GameTypeUtils: judge isGame:com.android.gallery3d
03-07 17:02:54.269 2640 2640 V GameTypeUtils: judge isGame:com.android.music
03-07 17:02:54.269 2640 2640 V GameTypeUtils: judge isGame:com.android.music
03-07 17:02:54.269 2640 2640 V GameTypeUtils: judge isGame:com.microsoft.emmx
03-07 17:02:54.269 2640 2640 V GameTypeUtils: judge isGame:com.android.documentsui
03-07 17:02:54.270 2640 2640 V GameTypeUtils: judge isGame:com.example.android.locationattribution
03-07 17:02:54.270 2640 2640 V GameTypeUtils: judge isGame:com.qualcomm.qti.sensors.qsensortest
03-07 17:02:54.270 2640 2640 V GameTypeUtils: judge isGame:com.qualcomm.qti.usta
03-07 17:02:54.271 2640 2640 V GameTypeUtils: judge isGame:com.sohu.inputmethod.sogou.car
03-07 17:02:54.271 2640 2640 V GameTypeUtils: judge isGame:com.tencent.mm
03-07 17:02:54.275 2640 2640 D EditModeHelper: setHotseatVisibility: 8
03-07 17:02:54.279 2640 2640 I wm_on_start_called: [224338254,com.android.launcher3.uioverrides.QuickstepLauncher,handleStartActivity]
03-07 17:02:54.279 1068 1068 I BpBinder: onLastStrongRef automatically unlinking death recipients:
03-07 17:02:54.282 1002 1154 I input_focus: [Focus request recents_animation_input_consumer,reason=UpdateInputWindows]
03-07 17:02:54.289 2640 4189 D BaseIconFactory: normalizeAndWrapToAdaptiveIcon: scale=0.8095241
03-07 17:02:54.290 1002 2813 W ActivityTaskManager: getTaskSnapshot: taskId=-493 not found
03-07 17:02:54.290 650 660 I mpu_uart: [MSG-P:RECV]:No message received in 1000 ms
03-07 17:02:54.295 699 699 I auditd : type=1400 audit(0.0:2140): avc: denied { kill } for comm="kworker/u17:14" capability=5 scontext=u:r:kernel:s0 tcontext=u:r:kernel:s0 tclass=capability permissive=1
03-07 17:02:54.295 2640 4189 D BaseIconFactory: normalizeAndWrapToAdaptiveIcon: scale=0.8095241
03-07 17:02:54.298 1002 2150 W ActivityTaskManager: getTaskSnapshot: taskId=-492 not found
03-07 17:02:54.298 1002 1662 I input_focus: [Focus leaving b7ba93a com.tencent.mm/com.tencent.mm.ui.LauncherUI (server),reason=NOT_FOCUSABLE]
03-07 17:02:54.295 699 699 I kworker/u17:14: type=1400 audit(0.0:2140): avc: denied { kill } for capability=5 scontext=u:r:kernel:s0 tcontext=u:r:kernel:s0 tclass=capability permissive=1
03-07 17:02:54.298 1002 1662 I input_focus: [Focus entering recents_animation_input_consumer (server),reason=setFocusedWindow]
03-07 17:02:54.302 2640 4189 D BaseIconFactory: normalizeAndWrapToAdaptiveIcon: scale=0.8095241
03-07 17:02:54.306 1002 2813 W FreeFormWindowHelper: Current Display FreeFormTask is null
03-07 17:02:54.307 1002 2813 W FreeFormWindowHelper: Current Display FreeFormTask is null
03-07 17:02:54.308 1002 2150 W ActivityTaskManager: getTaskSnapshot: taskId=-492 not found
03-07 17:02:54.309 1002 2150 W ActivityTaskManager: getTaskSnapshot: taskId=-493 not found
03-07 17:02:54.309 2640 2640 I LatencyTracker: ACTION_TOGGLE_RECENTS latency=95
03-07 17:02:54.309 2640 2640 I sysui_latency: [1,95]
03-07 17:02:54.309 1002 2150 W ActivityTaskManager: getTaskSnapshot: taskId=-492 not found
03-07 17:02:54.309 1002 2150 W ActivityTaskManager: getTaskSnapshot: taskId=-492 not found
03-07 17:02:54.310 1002 2150 W ActivityTaskManager: getTaskSnapshot: taskId=-492 not found
03-07 17:02:54.310 1002 2150 W ActivityTaskManager: getTaskSnapshot: taskId=-492 not found
03-07 17:02:54.310 1002 2150 W ActivityTaskManager: getTaskSnapshot: taskId=-493 not found
03-07 17:02:54.311 1002 2150 W ActivityTaskManager: getTaskSnapshot: taskId=-492 not found
03-07 17:02:54.318 1002 1397 W FreeFormWindowHelper: Current Display FreeFormTask is null
03-07 17:02:54.321 1002 2813 W FreeFormWindowHelper: Current Display FreeFormTask is null
03-07 17:02:54.324 1002 1153 I EventSequenceValidator: dec AccIntentStartedEvents to 1
03-07 17:02:54.325 2640 2640 W OrientationEventListener: Cannot detect sensors. Invalid disable
03-07 17:02:54.335 1002 1002 I service_manager_slow: [12,phone]
03-07 17:02:54.339 1002 1150 I sysui_multi_action: [319,8,322,70,325,857,757,761,758,9,759,5,806,com.android.launcher3,871,com.android.launcher3.uioverrides.QuickstepLauncher,905,0,1320,4,1321,1]
03-07 17:02:54.339 2640 2640 D FreeWindowHelper: enterOrExitRecentTasks: isEnterRecentTasks=false,mExitFlag=0
03-07 17:02:54.339 1002 2813 W FreeFormWindowHelper: exitRecentTasks type=0
03-07 17:02:54.340 2640 2640 D EditModeHelper: setHotseatVisibility: 0
03-07 17:02:54.345 1002 4193 D libEGL : MSAA-->msaa:0 gamemode:0 4x_msaa:0
03-07 17:02:54.345 1002 4193 D libEGL : MSAA-->msaa:0 gamemode:0 4x_msaa:0
03-07 17:02:54.345 1002 4193 D libEGL : MSAA-->msaa:0 gamemode:0 4x_msaa:0
03-07 17:02:54.347 1002 2813 W FreeFormWindowHelper: Current Display FreeFormTask is null
03-07 17:02:54.347 1002 2813 W FreeFormWindowHelper: Current Display FreeFormTask is null
03-07 17:02:54.348 2640 2640 W View : requestLayout() improperly called by com.android.launcher3.views.NoInsetView{e8f257 V.ED..... ......ID 2038,0-2380,1020 #7f09007c app:id/bg_hotseat} during layout: running second layout pass
03-07 17:02:54.359 1002 2150 W ActivityTaskManager: getTaskSnapshot: taskId=-415 not found
03-07 17:02:54.362 2640 4189 D BaseIconFactory: normalizeAndWrapToAdaptiveIcon: scale=0.8095241
03-07 17:02:54.363 1002 2150 W ActivityTaskManager: getTaskSnapshot: taskId=-414 not found
03-07 17:02:54.368 2640 4189 D BaseIconFactory: normalizeAndWrapToAdaptiveIcon: scale=0.8095241
03-07 17:02:54.377 1002 6668 W ActivityTaskManager: getTaskSnapshot: taskId=-414 not found
03-07 17:02:54.378 1002 6668 W ActivityTaskManager: getTaskSnapshot: taskId=-414 not found
03-07 17:02:54.378 1002 6668 W ActivityTaskManager: getTaskSnapshot: taskId=-414 not found
03-07 17:02:54.381 1002 2150 W FreeFormWindowHelper: Current Display FreeFormTask is null
03-07 17:02:54.382 1002 2150 W FreeFormWindowHelper: Current Display FreeFormTask is null
03-07 17:02:54.397 1002 2150 W FreeFormWindowHelper: Current Display FreeFormTask is null
03-07 17:02:54.397 1002 2813 W FreeFormWindowHelper: Current Display FreeFormTask is null
03-07 17:02:54.490 1002 1632 I commit_sys_config_file: [settings-1-0,13]
03-07 17:02:54.623 1002 1168 I LatencyTracker: ACTION_START_RECENTS_ANIMATION latency=102
03-07 17:02:54.623 1002 1168 I sysui_latency: [8,102]
03-07 17:02:54.987 2640 2640 D EditModeHelper: setHotseatVisibility: 0
03-07 17:02:54.991 1002 2813 W FreeFormWindowHelper: Current Display FreeFormTask is null
03-07 17:02:54.992 1002 1397 W FreeFormWindowHelper: Current Display FreeFormTask is null
03-07 17:02:55.008 1002 2813 I wm_task_moved: [1,1,6]
03-07 17:02:55.009 1002 2813 I wm_task_moved: [16,1,2147483647]
03-07 17:02:55.010 4946 4946 I wm_on_top_resumed_lost_called: [104930713,com.tencent.mm.ui.LauncherUI,topStateChangedWhenResumed]
03-07 17:02:55.010 1002 2813 I wm_task_to_front: [0,16]
03-07 17:02:55.010 1002 2813 I wm_focused_root_task: [0,0,1,19,RecentsAnimation.onAnimationFinished()]
03-07 17:02:55.011 1002 2813 I wm_set_resumed_activity: [0,com.android.launcher3/.uioverrides.QuickstepLauncher,RecentsAnimation.onAnimationFinished()]
03-07 17:02:55.011 1002 2813 D ActivityTrigger: ActivityTrigger activityPauseTrigger
03-07 17:02:55.012 1002 2813 I wm_pause_activity: [0,104930713,com.tencent.mm/.ui.LauncherUI,userLeaving=true,pauseBackTasks]
03-07 17:02:55.013 1002 2813 I wm_add_to_stopping: [0,104930713,com.tencent.mm/.ui.LauncherUI,makeInvisible]
03-07 17:02:55.013 1002 2813 I ActivityTaskManager: FOREGROUND_APPLICATION_CHANGED to com.android.launcher3.uioverrides.QuickstepLauncher
03-07 17:02:55.014 1002 2813 I wm_set_resumed_activity: [0,com.android.launcher3/.uioverrides.QuickstepLauncher,resumeTopActivityInnerLocked]
03-07 17:02:55.017 1002 2813 I wm_resume_activity: [0,224338254,16,com.android.launcher3/.uioverrides.QuickstepLauncher]
03-07 17:02:55.018 2640 2640 I wm_on_resume_called: [224338254,com.android.launcher3.uioverrides.QuickstepLauncher,RESUME_ACTIVITY]
03-07 17:02:55.031 1002 1154 I dvm_lock_sample: [system_server,1,android.anim,15,InputMonitor.java,144,void com.android.server.wm.InputMonitor$UpdateInputWindows.run(),WindowManagerService.java,8167,void com.android.server.wm.WindowManagerService.onAnimationFinished(),3]
03-07 17:02:55.031 1002 1154 I input_focus: [Focus request 548c02d com.android.launcher3/com.android.launcher3.uioverrides.QuickstepLauncher,reason=UpdateInputWindows]
03-07 17:02:55.032 2640 2640 I wm_on_top_resumed_gained_called: [224338254,com.android.launcher3.uioverrides.QuickstepLauncher,topStateChangedWhenResumed]
03-07 17:02:55.036 4946 8488 E FA : Task exception on worker thread: java.lang.IllegalStateException: Not initialized: com.google.android.gms.internal.measurement.zzhh.zzch(Unknown Source:11)
03-07 17:02:55.036 4946 8488 E FA : Task exception on worker thread: java.lang.IllegalStateException: Not initialized: com.google.android.gms.internal.measurement.zzhh.zzch(Unknown Source:11)
03-07 17:02:55.036 4946 8488 E FA : Persisted config not initialized. Not logging error/warn
03-07 17:02:55.036 4946 8488 E FA : Persisted config not initialized. Not logging error/warn
03-07 17:02:55.040 1002 1662 I input_focus: [Focus leaving recents_animation_input_consumer (server),reason=NOT_VISIBLE]
03-07 17:02:55.044 4946 4946 I wm_on_paused_called: [104930713,com.tencent.mm.ui.LauncherUI,performPause]
03-07 17:02:55.053 1002 6668 I wm_stop_activity: [0,104930713,com.tencent.mm/.ui.LauncherUI]
03-07 17:02:55.057 1002 1662 I input_focus: [Focus entering 548c02d com.android.launcher3/com.android.launcher3.uioverrides.QuickstepLauncher (server),reason=setFocusedWindow]
03-07 17:02:55.067 1002 1153 I sysui_multi_action: [757,803,799,window_time_0,802,46]
03-07 17:02:55.071 1002 1153 I sysui_multi_action: [757,803,799,window_time_0,802,0]
03-07 17:02:55.075 4946 4946 I wm_on_stop_called: [104930713,com.tencent.mm.ui.LauncherUI,STOP_ACTIVITY_ITEM]
03-07 17:02:55.091 1324 8405 I OMX-VENC: venc_dev: stats: avg. fps 39.11, bitrate 2880033
03-07 17:02:55.093 1002 2024 I ntp_failure: [time.android.com/216.239.35.4,java.net.SocketTimeoutException: Poll timed out]
03-07 17:02:55.093 1002 2024 D SntpClient: request time failed: java.net.SocketTimeoutException: Poll timed out
03-07 17:02:55.099 2109 3973 I GameMode_ActivityMonitoringService: Notifying about top task: com.android.launcher3, isInMiniWindowMode: false
03-07 17:02:55.100 2109 3973 I GameMode_ActivityMonitoringService: onActivityLaunch: com.android.launcher3, isGameApp: false
03-07 17:02:55.100 2109 3973 V GameMode_GpuUtils: fps:60
03-07 17:02:55.117 2109 3973 D GameModeIF_GameModeSettings: getUriFor setting_content_uri_root = content://com.thundercomm.gamemode.api/gamemode_settings , name = gamemode_enable
03-07 17:02:55.120 1002 1168 I am_pss : [7793,10099,com.tencent.mm:appbrand0,135144448,91742208,180224,380370944,0,17,20]
03-07 17:02:55.120 1002 6668 W InputDispatcher: Letterbox_right_ActivityRecord{6411d99 u0 com.tencent.mm/.ui.LauncherUI t19} has FLAG_SLIPPERY. Please report this in b/157929241
03-07 17:02:55.121 1002 6668 W InputDispatcher: Letterbox_left_ActivityRecord{6411d99 u0 com.tencent.mm/.ui.LauncherUI t19} has FLAG_SLIPPERY. Please report this in b/157929241
03-07 17:02:55.134 1002 1168 I am_pss : [7667,99001,com.android.webview:sandboxed_process0:org.chromium.content.app.SandboxedProcessService0:1,63151104,46260224,430080,137261056,0,19,11]
03-07 17:02:55.136 1002 2813 W FreeFormWindowHelper: Current Display FreeFormTask is null
03-07 17:02:55.169 1002 1662 I input_interaction: Interaction with: 548c02d com.android.launcher3/com.android.launcher3.uioverrides.QuickstepLauncher (server), e03808d com.android.systemui.ImageWallpaper (server), edge-swipe (server), swipe-up (server), PointerEventDispatcher0 (server),
03-07 17:02:55.200 1002 1040 I system_server: NativeAlloc concurrent copying GC freed 1434739(53MB) AllocSpace objects, 23(6388KB) LOS objects, 49% free, 13MB/26MB, paused 68us,53us total 144.239ms
03-07 17:02:55.231 2640 5346 W FrameTracker: Missed App frame:74
03-07 17:02:55.231 2640 5346 W FrameTracker: Missed SF frame:74
03-07 17:02:55.231 2640 5346 W FrameTracker: Missed SF frame:32
03-07 17:02:55.231 2640 5346 W FrameTracker: Missed SF frame:66
03-07 17:02:55.231 2640 5346 W FrameTracker: Missed SF frame:66
03-07 17:02:55.231 2640 5346 W FrameTracker: Missed App frame:72
03-07 17:02:55.231 2640 5346 W FrameTracker: Missed SF frame:66
03-07 17:02:55.231 2640 5346 W FrameTracker: Missed SF frame:66
03-07 17:02:55.231 2640 5346 W FrameTracker: Missed SF frame:66
03-07 17:02:55.233 2640 2959 V PerfettoTrigger: Triggering /system/bin/trigger_perfetto com.android.telemetry.interaction-jank-monitor-9
03-07 17:02:55.291 650 660 I mpu_uart: [MSG-P:RECV]:No message received in 1000 ms
03-07 17:02:55.317 1002 6668 I thunderperf: Maybe need boostperf for current app!
03-07 17:02:55.317 2109 2143 D FgBoostPerfService: [FgBoostPerfService.perfBoostAcq]start: stat=true pkgName=com.android.settings
03-07 17:02:55.318 2109 2143 I FgBoostPerfService: [FgBoostPerfService.perfBoostAcq] not game-mode or game app!
03-07 17:02:55.318 1002 6668 I ThunderPerfManager: PerfAcq error : state=true pkgName=com.android.settings
03-07 17:02:55.319 2109 2143 I FgBoostPerfService: [GetGpuMode] isMode=0 isGame=false mGpuMode=0
03-07 17:02:55.320 2109 2143 I FgBoostPerfService: [GetGpuDpiType] isMode=0 isGame=false mGpuDpiType=0
03-07 17:02:55.321 2109 2143 I FgBoostPerfService: [GetGpuDpiType] isMode=0 isGame=false mGpuStandardValue=0
03-07 17:02:55.321 1002 6668 I thunderperf: Current app pkgName=com.android.settings bm:com.thundercomm.perf.BoostPerfManager@d7c886d gpuMode=-1 gpuType=-1 gpuStandardVal=-1
03-07 17:02:55.322 1002 6668 I ThunderBoostPerfService: Resolution: Uid=10082 Pid=2640 gMode=-1 dType=-1 gpuStandardVal=-1
03-07 17:02:55.323 1002 6668 I thunderperf: PlatormCompat.setOverrides: Uid1=10082 Pid1=2640 Uid2=10082 Pid2=2640
03-07 17:02:55.323 1002 6668 I thunderperf: PlatormCompat.setOverrides: needCheck:false
03-07 17:02:55.323 1002 6668 I thunderperf: CompatConfig.addOverrideUnsafe: bef-state=0
03-07 17:02:55.323 1002 6668 I thunderperf: CompatConfig.addOverrideUnsafe: aft-state=0
03-07 17:02:55.325 1002 6668 I thunderperf: CompatConfig.addOverrideUnsafe: bef-state=0
03-07 17:02:55.325 1002 6668 I thunderperf: CompatConfig.addOverrideUnsafe: aft-state=0
03-07 17:02:55.327 1002 6668 I thunderperf: CompatConfig.addOverrideUnsafe: bef-state=0
03-07 17:02:55.327 1002 6668 I thunderperf: CompatConfig.addOverrideUnsafe: aft-state=0
03-07 17:02:55.331 1002 6668 I thunderperf: CompatConfig.addOverrideUnsafe: bef-state=0
03-07 17:02:55.332 1002 6668 I thunderperf: CompatConfig.addOverrideUnsafe: aft-state=0
03-07 17:02:55.333 1002 6668 I thunderperf: CompatConfig.addOverrideUnsafe: bef-state=0
03-07 17:02:55.333 1002 6668 I thunderperf: CompatConfig.addOverrideUnsafe: aft-state=0
03-07 17:02:55.335 1002 6668 I thunderperf: CompatConfig.addOverrideUnsafe: bef-state=0
03-07 17:02:55.335 1002 6668 I thunderperf: CompatConfig.addOverrideUnsafe: aft-state=0
03-07 17:02:55.336 1002 6668 I thunderperf: CompatConfig.addOverrideUnsafe: bef-state=0
03-07 17:02:55.337 1002 6668 I thunderperf: CompatConfig.addOverrideUnsafe: aft-state=0
03-07 17:02:55.338 1002 6668 I thunderperf: CompatConfig.addOverrideUnsafe: bef-state=0
03-07 17:02:55.338 1002 6668 I thunderperf: CompatConfig.addOverrideUnsafe: aft-state=0
03-07 17:02:55.339 1002 6668 I thunderperf: CompatConfig.addOverrideUnsafe: bef-state=0
03-07 17:02:55.339 1002 6668 I thunderperf: CompatConfig.addOverrideUnsafe: aft-state=0
03-07 17:02:55.341 1002 6668 I thunderperf: CompatConfig.addOverrideUnsafe: bef-state=0
03-07 17:02:55.341 1002 6668 I thunderperf: CompatConfig.addOverrideUnsafe: aft-state=0
03-07 17:02:55.342 1002 6668 I thunderperf: CompatConfig.addOverrideUnsafe: bef-state=0
03-07 17:02:55.342 1002 6668 I thunderperf: CompatConfig.addOverrideUnsafe: aft-state=0
03-07 17:02:55.344 1002 6668 I thunderperf: CompatConfig.addOverrideUnsafe: bef-state=0
03-07 17:02:55.344 1002 6668 I thunderperf: CompatConfig.addOverrideUnsafe: aft-state=0
03-07 17:02:55.346 1002 6668 I thunderperf: CompatConfig.addOverrideUnsafe: bef-state=0
03-07 17:02:55.346 1002 6668 I thunderperf: CompatConfig.addOverrideUnsafe: aft-state=0
03-07 17:02:55.349 1002 6668 I thunderperf: CompatConfig.addOverrideUnsafe: bef-state=0
03-07 17:02:55.350 1002 6668 I thunderperf: CompatConfig.addOverrideUnsafe: aft-state=0
03-07 17:02:55.359 1002 6668 I ThunderBoostPerfService: Disable downscaling com.android.settings to 2380x1020
03-07 17:02:55.359 1002 6668 I ActivityTaskManager: START u0 {act=android.intent.action.MAIN cat=[android.intent.category.LAUNCHER] flg=0x10200000 cmp=com.android.settings/.Settings bnds=[2128,710][2314,910]} from uid 10082
03-07 17:02:55.359 1002 1153 I EventSequenceValidator: inc AccIntentStartedEvents to 2
03-07 17:02:55.364 1002 6668 E ANDR-PERF-JNI: com_qualcomm_qtiperformance_native_perf_io_prefetch_start
03-07 17:02:55.365 1002 6668 I wm_task_created: [21,-1]
03-07 17:02:55.365 1002 6668 W ActivityTaskManager: Can't find TaskDisplayArea to determine support for multi window. Task id=21 attached=false
03-07 17:02:55.369 1002 6668 I wm_task_moved: [21,1,7]
03-07 17:02:55.369 1002 6668 I wm_task_to_front: [0,21]
03-07 17:02:55.369 1002 6668 I wm_create_task: [0,21]
03-07 17:02:55.369 965 3369 E ANDR-IOP: io prefetch is disabled
03-07 17:02:55.369 1002 6668 I wm_create_activity: [0,245985390,21,com.android.settings/.Settings,android.intent.action.MAIN,NULL,NULL,270532608]
03-07 17:02:55.369 1002 6668 I wm_task_moved: [21,1,7]
03-07 17:02:55.370 1002 6668 D CompatibilityInfo: mCompatibilityFlags - 4
03-07 17:02:55.370 1002 6668 D CompatibilityInfo: applicationDensity - 240
03-07 17:02:55.370 1002 6668 D CompatibilityInfo: applicationScale - 1.0
03-07 17:02:55.371 1002 6668 D ActivityTrigger: ActivityTrigger activityPauseTrigger
03-07 17:02:55.371 1002 6668 I wm_pause_activity: [0,224338254,com.android.launcher3/.uioverrides.QuickstepLauncher,userLeaving=true,pauseBackTasks]
03-07 17:02:55.374 1002 6668 W FreeFormWindowHelper: Current Display FreeFormTask is null
03-07 17:02:55.374 1002 1154 I dvm_lock_sample: [system_server,1,android.anim,6,WindowAnimator.java,103,void com.android.server.wm.WindowAnimator.lambda$new$1$WindowAnimator(long),TaskChangeNotificationController.java,342,void com.android.server.wm.TaskChangeNotificationController.forAllLocalListeners(com.android.server.wm.TaskChangeNotificationController$TaskStackConsumer, android.os.Message),1]
03-07 17:02:55.374 2640 2640 I wm_on_top_resumed_lost_called: [224338254,com.android.launcher3.uioverrides.QuickstepLauncher,topStateChangedWhenResumed]
03-07 17:02:55.378 1002 1153 D CompatibilityChangeReporter: Compat change id reported: 135634846; UID 1000; state: DISABLED
03-07 17:02:55.378 1002 1153 D CompatibilityChangeReporter: Compat change id reported: 177438394; UID 1000; state: DISABLED
03-07 17:02:55.378 1002 1153 D CompatibilityChangeReporter: Compat change id reported: 135772972; UID 1000; state: DISABLED
03-07 17:02:55.378 1002 1153 D CompatibilityChangeReporter: Compat change id reported: 135754954; UID 1000; state: ENABLED
03-07 17:02:55.378 2640 2640 I wm_on_paused_called: [224338254,com.android.launcher3.uioverrides.QuickstepLauncher,performPause]
03-07 17:02:55.379 1002 6668 I ActivityTaskManager: FOREGROUND_APPLICATION_CHANGED to com.android.settings.homepage.SettingsHomepageActivity
03-07 17:02:55.381 1002 6668 I wm_add_to_stopping: [0,224338254,com.android.launcher3/.uioverrides.QuickstepLauncher,makeInvisible]
03-07 17:02:55.384 1983 2108 D PhoneStartingWindowTypeAlgorithm: preferredStartingWindowType newTask:true taskSwitch:true processRunning:false allowTaskSnapshot:true activityCreated:false useEmptySplashScreen:false legacySplashScreen:false topIsHome:false
03-07 17:02:55.384 1983 2108 D StartingSurfaceDrawer: addSplashScreen com.android.settings theme=7f140472 task=21 suggestType=1
03-07 17:02:55.384 1002 1153 I sysui_multi_action: [757,803,799,window_time_0,802,0]
03-07 17:02:55.387 1262 1262 I perfetto: ing_service_impl.cc:912 Configured tracing session 3, #sources:1, duration:5000 ms, #buffers:1, total buffer size:4096 KB, total sessions:1, uid:1071 session name: ""
03-07 17:02:55.388 1983 2111 D StartingSurfaceDrawer: window attributes color: 0 icon null duration 0 brandImage null
03-07 17:02:55.389 1983 2111 D StartingSurfaceDrawer: FgMainColor=ff000000 BgMainColor=0 IsBgComplex=false FromCache=true ThemeColor=ff141721
03-07 17:02:55.389 1983 2111 D StartingSurfaceDrawer: isRgbSimilarInHsv a: ff141721 b 0 contrast ratio: 1.1742641
03-07 17:02:55.389 1983 2111 D StartingSurfaceDrawer: makeSplashScreenContentView: choose fg icon
03-07 17:02:55.390 1983 2111 D SplashScreenView: Build android.window.SplashScreenView{8493c49 V.E...... ......ID 0,0-0,0}
03-07 17:02:55.390 1983 2111 D SplashScreenView: Icon: view: android.widget.ImageView{103194e V.ED..... ......I. 0,0-0,0 #10204a9 android:id/splashscreen_icon_view} drawable: com.android.wm.shell.startingsurface.SplashscreenIconDrawableFactory$ImmobileIconDrawable@5bba6f size: 288
03-07 17:02:55.390 1983 2111 D SplashScreenView: Branding: view: android.view.View{ab6637c G.ED..... ......I. 0,0-0,0 #10204a8 android:id/splashscreen_branding_view} drawable: null size w: 0 h: 0
03-07 17:02:55.390 1260 1260 I perfetto: probes_producer.cc:241 Ftrace setup (target_buf=3)
03-07 17:02:55.390 1983 2111 D StartingSurfaceDrawer: fillViewWithIcon surfaceWindowView android.window.SplashScreenView{8493c49 V.E...... ......ID 0,0-0,0}
03-07 17:02:55.399 1068 1068 I BpBinder: onLastStrongRef automatically unlinking death recipients:
03-07 17:02:55.401 1002 1662 I input_focus: [Focus leaving 548c02d com.android.launcher3/com.android.launcher3.uioverrides.QuickstepLauncher (server),reason=NO_WINDOW]
03-07 17:02:55.407 675 675 D Zygote : Forked child process 8502
03-07 17:02:55.408 1002 1173 I am_proc_start: [0,8502,1000,com.android.settings,pre-top-activity,{com.android.settings/com.android.settings.Settings}]
03-07 17:02:55.408 1002 1173 I ActivityManager: Start proc 8502:com.android.settings/1000 for pre-top-activity {com.android.settings/com.android.settings.Settings}
03-07 17:02:55.410 1002 8503 W ContextImpl: Calling a method in the system process without a qualified user: android.app.ContextImpl.sendBroadcast:1173 com.qualcomm.qti.Performance$SendGameLaunchBroadcast.run:217 java.lang.Thread.run:920
03-07 17:02:55.413 3088 3982 W SQLiteLog: (28) double-quoted string literal: "com.android.settings"
03-07 17:02:55.485 1002 1397 W FreeFormWindowHelper: Current Display FreeFormTask is null
03-07 17:02:55.486 2109 3973 I GameMode_ActivityMonitoringService: Notifying about top task: com.android.settings, isInMiniWindowMode: false
03-07 17:02:55.486 2109 3973 I GameMode_ActivityMonitoringService: onActivityLaunch: com.android.settings, isGameApp: false
03-07 17:02:55.486 2109 3973 V GameMode_GpuUtils: fps:60
03-07 17:02:55.488 2109 3973 D GameModeIF_GameModeSettings: getUriFor setting_content_uri_root = content://com.thundercomm.gamemode.api/gamemode_settings , name = gamemode_enable
03-07 17:02:55.504 1260 1260 I perfetto: ftrace_procfs.cc:206 enabled ftrace in /sys/kernel/tracing/
01-02 07:17:30.075 0 0 I perfetto: enabled ftrace
03-07 17:02:55.508 8502 8502 I Zygote : seccomp disabled by setenforce 0
03-07 17:02:55.537 4225 4233 I adbd : jdwp connection from 8502
03-07 17:02:55.540 650 659 I mpu_uart: [MSG-P:R]:recv sync frame timeout
01-02 07:17:30.111 0 0 I binder : 8502:8502 ioctl 40046210 7fc2951f54 returned -22
03-07 17:02:55.542 8502 8502 D ProcessState: Binder ioctl to enable oneway spam detection failed: Invalid argument
03-07 17:02:55.549 1002 6668 I am_proc_bound: [0,8502,com.android.settings]
03-07 17:02:55.552 1002 6668 D CompatibilityInfo: mCompatibilityFlags - 4
03-07 17:02:55.552 1002 6668 D CompatibilityInfo: applicationDensity - 240
03-07 17:02:55.552 1002 6668 D CompatibilityInfo: applicationScale - 1.0
03-07 17:02:55.557 1002 6668 D CompatibilityChangeReporter: Compat change id reported: 181136395; UID 1000; state: DISABLED
03-07 17:02:55.558 1002 6668 D CompatibilityChangeReporter: Compat change id reported: 174042936; UID 1000; state: DISABLED
03-07 17:02:55.558 1002 6668 I wm_restart_activity: [0,245985390,21,com.android.settings/.Settings]
03-07 17:02:55.558 1002 6668 D CompatibilityInfo: mCompatibilityFlags - 4
03-07 17:02:55.558 1002 6668 D CompatibilityInfo: applicationDensity - 240
03-07 17:02:55.558 1002 6668 D CompatibilityInfo: applicationScale - 1.0
03-07 17:02:55.559 1002 6668 I wm_set_resumed_activity: [0,com.android.settings/.Settings,minimalResumeActivityLocked]
03-07 17:02:55.560 8502 8502 D CompatibilityChangeReporter: Compat change id reported: 171979766; UID 1000; state: ENABLED
03-07 17:02:55.567 8502 8502 W ndroid.setting: ClassLoaderContext shared library size mismatch. Expected=2, found=0 (PCL[]{PCL[/system/framework/org.apache.http.legacy.jar*2058259660]#PCL[/system_ext/framework/extphonelib.jar*2894378777]} | PCL[])
03-07 17:02:55.578 8502 8502 I Perf : Connecting to perf service.
03-07 17:02:55.583 8502 8502 V GraphicsEnvironment: ANGLE Developer option for 'com.android.settings' set to: 'default'
03-07 17:02:55.584 8502 8502 V GraphicsEnvironment: ANGLE GameManagerService for com.android.settings: false
03-07 17:02:55.585 8502 8502 D NetworkSecurityConfig: No Network Security Config specified, using platform default
03-07 17:02:55.585 8502 8502 D NetworkSecurityConfig: No Network Security Config specified, using platform default
03-07 17:02:55.590 8502 8502 I CarUiInstaller: CarUiInstaller started for com.android.settings
03-07 17:02:55.592 8502 8502 D SettingsSliceProvider: init
03-07 17:02:55.592 8502 8502 D SettingsSliceProvider: onCreateSliceProvider
03-07 17:02:55.617 8502 8502 I SettingsHomepageActivity: SettingsHomepageActivity: onCreate
03-07 17:02:55.654 1002 2150 D CompatibilityChangeReporter: Compat change id reported: 171306433; UID 10099; state: DISABLED
03-07 17:02:55.744 4946 4946 E libprocessgroup: set_timerslack_ns write failed: Operation not permitted
03-07 17:02:55.793 5157 6169 I mars::stn: [longlink_connect_monitor.cc:470, OnHeartbeatAlarmSet]:longlink_progress on_heartbeat_set, time: 859252, time interval:210000
03-07 17:02:55.817 8502 8502 D CompatibilityChangeReporter: Compat change id reported: 171228096; UID 1000; state: ENABLED
03-07 17:02:55.823 1002 6668 I am_uid_active: 10085
03-07 17:02:55.826 8502 8502 D AvatarViewMixin: Feature disabled by config. Skipping
03-07 17:02:55.830 8502 8502 I wm_on_create_called: [245985390,com.android.settings.Settings,performCreate]
03-07 17:02:55.833 8502 8502 D PrefCtrlListHelper: Could not find Context-only controller for pref: com.android.settings.network.TopLevelNetworkEntryPreferenceController
03-07 17:02:55.834 8502 8502 D PrefCtrlListHelper: Could not find Context-only controller for pref: com.android.settings.connecteddevice.TopLevelConnectedDevicesPreferenceController
03-07 17:02:55.834 8502 8502 D PrefCtrlListHelper: Could not find Context-only controller for pref: com.android.settings.fuelgauge.TopLevelBatteryPreferenceController
03-07 17:02:55.834 8502 8502 D PrefCtrlListHelper: Could not find Context-only controller for pref: com.android.settings.deviceinfo.TopLevelStoragePreferenceController
03-07 17:02:55.834 8502 8502 D PrefCtrlListHelper: Could not find Context-only controller for pref: com.android.settings.display.TopLevelDisplayPreferenceController
03-07 17:02:55.835 8502 8502 D PrefCtrlListHelper: Could not find Context-only controller for pref: com.android.settings.display.TopLevelWallpaperPreferenceController
03-07 17:02:55.835 8502 8502 D PrefCtrlListHelper: Could not find Context-only controller for pref: com.android.settings.accessibility.TopLevelAccessibilityPreferenceController
03-07 17:02:55.835 8502 8502 D PrefCtrlListHelper: Could not find Context-only controller for pref: com.android.settings.security.TopLevelSecurityEntryPreferenceController
03-07 17:02:55.835 8502 8502 D PrefCtrlListHelper: Could not find Context-only controller for pref: com.android.settings.location.TopLevelLocationPreferenceController
03-07 17:02:55.836 8502 8502 D PrefCtrlListHelper: Could not find Context-only controller for pref: com.android.settings.accounts.TopLevelAccountEntryPreferenceController
03-07 17:02:55.836 8502 8502 D PrefCtrlListHelper: Could not find Context-only controller for pref: com.android.settings.deviceinfo.aboutphone.TopLevelAboutDevicePreferenceController
03-07 17:02:55.836 8502 8502 D PrefCtrlListHelper: Could not find Context-only controller for pref: com.android.settings.support.SupportPreferenceController
03-07 17:02:55.840 1002 2247 E UserRestrictionsUtils: Unknown restriction queried by uid 1000 (com.qualcomm.qti.qmmi et al): null
03-07 17:02:55.840 1002 2813 E UserRestrictionsUtils: Unknown restriction queried by uid 1000 (com.qualcomm.qti.qmmi et al): null
03-07 17:02:55.840 1002 2247 E UserRestrictionsUtils: Unknown restriction queried by uid 1000 (com.qualcomm.qti.qmmi et al): null
03-07 17:02:55.841 1002 2247 E UserRestrictionsUtils: Unknown restriction queried by uid 1000 (com.qualcomm.qti.qmmi et al): null
03-07 17:02:55.841 1002 2247 E UserRestrictionsUtils: Unknown restriction queried by uid 1000 (com.qualcomm.qti.qmmi et al): null
03-07 17:02:55.842 1002 2813 E UserRestrictionsUtils: Unknown restriction queried by uid 1000 (com.qualcomm.qti.qmmi et al): null
03-07 17:02:55.842 1002 2813 E UserRestrictionsUtils: Unknown restriction queried by uid 1000 (com.qualcomm.qti.qmmi et al): null
03-07 17:02:55.842 1002 2247 E UserRestrictionsUtils: Unknown restriction queried by uid 1000 (com.qualcomm.qti.qmmi et al): null
03-07 17:02:55.843 1002 2813 E UserRestrictionsUtils: Unknown restriction queried by uid 1000 (com.qualcomm.qti.qmmi et al): null
03-07 17:02:55.843 2720 2737 D QCCAuthMgr: SMQContentProvider query uri: content://com.qti.smq.Feedback.provider/smq_settings, selection: key=?, uri_matcher: 1
03-07 17:02:55.843 1002 2813 E UserRestrictionsUtils: Unknown restriction queried by uid 1000 (com.qualcomm.qti.qmmi et al): null
03-07 17:02:55.843 2720 2737 D QCCAuthMgr: SMQContentProvider query tableName: smq_settings
03-07 17:02:55.843 1002 2813 E UserRestrictionsUtils: Unknown restriction queried by uid 1000 (com.qualcomm.qti.qmmi et al): null
03-07 17:02:55.844 1002 2247 E UserRestrictionsUtils: Unknown restriction queried by uid 1000 (com.qualcomm.qti.qmmi et al): null
03-07 17:02:55.844 1002 2247 E UserRestrictionsUtils: Unknown restriction queried by uid 1000 (com.qualcomm.qti.qmmi et al): null
03-07 17:02:55.844 1002 2247 E UserRestrictionsUtils: Unknown restriction queried by uid 1000 (com.qualcomm.qti.qmmi et al): null
03-07 17:02:55.845 1002 2813 E UserRestrictionsUtils: Unknown restriction queried by uid 1000 (com.qualcomm.qti.qmmi et al): null
03-07 17:02:55.845 1002 2150 E UserRestrictionsUtils: Unknown restriction queried by uid 1000 (com.qualcomm.qti.qmmi et al): null
03-07 17:02:55.846 1002 1397 E UserRestrictionsUtils: Unknown restriction queried by uid 1000 (com.qualcomm.qti.qmmi et al): null
03-07 17:02:55.846 1002 1397 E UserRestrictionsUtils: Unknown restriction queried by uid 1000 (com.qualcomm.qti.qmmi et al): null
03-07 17:02:55.846 8502 8502 W InstrumentedPrefFrag: Screen title missing for fragment com.android.settings.homepage.TopLevelSettings
03-07 17:02:55.855 8502 8502 D TopLevelSettings: NO dashboard tiles for TopLevelSettings
03-07 17:02:55.855 8502 8502 D TopLevelSettings: All preferences added, reporting fully drawn
03-07 17:02:55.875 8502 8502 W BatteryBroadcastRcvr: Problem reading the battery meter.
03-07 17:02:55.877 8502 8502 I wm_on_start_called: [245985390,com.android.settings.Settings,handleStartActivity]
03-07 17:02:55.878 8502 8502 I snet_event_log: [120484087,-1,]
03-07 17:02:55.879 8502 8502 I TopLevelSettings: TopLevelSettings: TopLevelSettings::com.android.settings.network.NetworkDashboardFragment
03-07 17:02:55.880 8502 8502 I wm_on_resume_called: [245985390,com.android.settings.Settings,RESUME_ACTIVITY]
03-07 17:02:55.883 8502 8502 I sysui_multi_action: [757,35,758,1,833,0,1089,50]
03-07 17:02:55.885 1002 1186 W BatteryExternalStatsWorker: error reading modem stats:ERROR_PHONE_NOT_AVAILABLE
03-07 17:02:55.887 8502 8502 W UnsafeUtil: platform method missing - proto runtime falling back to safer methods: java.lang.NoSuchMethodException: sun.misc.Unsafe.copyMemory [class java.lang.Object, long, class java.lang.Object, long, long]
03-07 17:02:55.890 8502 8537 D UsageGraph: No enabled state changed, skipping updateCategory call
03-07 17:02:55.892 1002 1186 E KernelCpuSpeedReader: Failed to read cpu-freq: /sys/devices/system/cpu/cpu4/cpufreq/stats/time_in_state: open failed: ENOENT (No such file or directory)
03-07 17:02:55.892 1002 1186 E KernelCpuSpeedReader: Failed to read cpu-freq: /sys/devices/system/cpu/cpu0/cpufreq/stats/time_in_state: open failed: ENOENT (No such file or directory)
03-07 17:02:55.892 1002 1186 E system_server: Cannot read thread CPU times for PID 1002
03-07 17:02:55.897 8502 8502 I sysui_multi_action: [757,1729,758,4,854,isParalleledControllers:false,1089,65]
03-07 17:02:55.915 8502 8502 I wm_on_top_resumed_gained_called: [245985390,com.android.settings.Settings,topStateChangedWhenResumed]
03-07 17:02:55.917 8502 8502 W BatteryBroadcastRcvr: Problem reading the battery meter.
03-07 17:02:55.891 574 574 I auditd : type=1400 audit(0.0:2141): avc: denied { read } for comm="Binder:574_2" name="wakeup58" dev="sysfs" ino=76522 scontext=u:r:system_suspend:s0 tcontext=u:object_r:sysfs:s0 tclass=dir permissive=1
03-07 17:02:55.891 574 574 I Binder:574_2: type=1400 audit(0.0:2141): avc: denied { read } for name="wakeup58" dev="sysfs" ino=76522 scontext=u:r:system_suspend:s0 tcontext=u:object_r:sysfs:s0 tclass=dir permissive=1
03-07 17:02:55.891 574 574 I auditd : type=1400 audit(0.0:2142): avc: denied { open } for comm="Binder:574_2" path="/sys/devices/virtual/misc/msm_g711alaw/wakeup58" dev="sysfs" ino=76522 scontext=u:r:system_suspend:s0 tcontext=u:object_r:sysfs:s0 tclass=dir permissive=1
03-07 17:02:55.891 574 574 I Binder:574_2: type=1400 audit(0.0:2142): avc: denied { open } for path="/sys/devices/virtual/misc/msm_g711alaw/wakeup58" dev="sysfs" ino=76522 scontext=u:r:system_suspend:s0 tcontext=u:object_r:sysfs:s0 tclass=dir permissive=1
03-07 17:02:55.953 1002 1154 I input_focus: [Focus request 9f462e7 com.android.settings/com.android.settings.Settings,reason=UpdateInputWindows]
03-07 17:02:55.891 574 574 I auditd : type=1400 audit(0.0:2143): avc: denied { read } for comm="Binder:574_2" name="event_count" dev="sysfs" ino=76529 scontext=u:r:system_suspend:s0 tcontext=u:object_r:sysfs:s0 tclass=file permissive=1
03-07 17:02:55.891 574 574 I Binder:574_2: type=1400 audit(0.0:2143): avc: denied { read } for name="event_count" dev="sysfs" ino=76529 scontext=u:r:system_suspend:s0 tcontext=u:object_r:sysfs:s0 tclass=file permissive=1
03-07 17:02:55.968 8502 8526 I AdrenoGLES-0: QUALCOMM build : 47421dbee6, I139f36ad46
03-07 17:02:55.968 8502 8526 I AdrenoGLES-0: Build Date : 02/18/22
03-07 17:02:55.968 8502 8526 I AdrenoGLES-0: OpenGL ES Shader Compiler Version: EV031.32.02.17
03-07 17:02:55.968 8502 8526 I AdrenoGLES-0: Local Branch :
03-07 17:02:55.968 8502 8526 I AdrenoGLES-0: Remote Branch :
03-07 17:02:55.968 8502 8526 I AdrenoGLES-0: Remote Branch :
03-07 17:02:55.968 8502 8526 I AdrenoGLES-0: Reconstruct Branch :
03-07 17:02:55.968 8502 8526 I AdrenoGLES-0: Build Config : S P 10.0.7 AArch64
03-07 17:02:55.968 8502 8526 I AdrenoGLES-0: Driver Path : /vendor/lib64/egl/libGLESv2_adreno.so
03-07 17:02:55.970 505 505 I hwservicemanager: getTransport: Cannot find entry android.hardware.graphics.mapper@4.0::IMapper/default in either framework or device VINTF manifest.
03-07 17:02:55.992 8502 8526 I AdrenoGLES-0: PFP: 0x016dd093, ME: 0x00000000
03-07 17:02:55.891 574 574 I auditd : type=1400 audit(0.0:2144): avc: denied { open } for comm="Binder:574_2" path="/sys/devices/virtual/misc/msm_g711alaw/wakeup58/event_count" dev="sysfs" ino=76529 scontext=u:r:system_suspend:s0 tcontext=u:object_r:sysfs:s0 tclass=file permissive=1
03-07 17:02:55.891 574 574 I Binder:574_2: type=1400 audit(0.0:2144): avc: denied { open } for path="/sys/devices/virtual/misc/msm_g711alaw/wakeup58/event_count" dev="sysfs" ino=76529 scontext=u:r:system_suspend:s0 tcontext=u:object_r:sysfs:s0 tclass=file permissive=1
03-07 17:02:56.009 8502 8526 D libEGL : MSAA-->msaa:0 gamemode:0 4x_msaa:0
03-07 17:02:56.009 8502 8526 D libEGL : MSAA-->msaa:0 gamemode:0 4x_msaa:0
03-07 17:02:56.009 8502 8526 D libEGL : MSAA-->msaa:0 gamemode:0 4x_msaa:0
03-07 17:02:56.014 961 3420 I SDM : HWCDisplay::GetColorModeCount: Supported color mode count = 1
03-07 17:02:56.015 961 3420 I SDM : HWCDisplay::GetColorModes: Color mode = 0 is supported
03-07 17:02:56.015 1068 1110 E HWComposer: getSupportedContentTypes: getSupportedContentTypes failed for display 4630946370410392961: Unsupported (8)
