03-07 17:02:07.457 4946 5075 E ActivityThread: Failed to find provider info for com.google.android.gsf.gservices
03-07 17:02:07.464 7793 7793 I MMKV : current API level = 31, libc++_shared=0
03-07 17:02:07.465 7793 7793 I MMKV : version v1.2.12, page size 4096, arch arm64-v8a
03-07 17:02:07.465 7793 7793 I MMKV : armv8 AES instructions is supported
03-07 17:02:07.465 7793 7793 I MMKV : armv8 CRC32 instructions is supported
03-07 17:02:07.465 7793 7793 I MMKV : root dir: /data/user/0/com.tencent.mm/files/mmkv
03-07 17:02:07.487 7793 7793 W SQLiteCompatibilityWalFlags: Cannot read global setting sqlite_compatibility_wal_flags - Application state not available
03-07 17:02:07.489 650 659 I mpu_uart: [MSG-P:R]:recv sync frame timeout
03-07 17:02:07.502 6054 6243 I cr_WVCFactoryProvider: Loaded version=95.0.4638.74 minSdkVersion=21 isBundle=false multiprocess=true packageId=2
03-07 17:02:07.510 7793 7793 D CompatibilityChangeReporter: Compat change id reported: 147600208; UID 10099; state: ENABLED
03-07 17:02:07.531 6054 7845 I cr_VariationsUtils: Failed reading seed file "/data/user/0/com.tencent.mm/app_webview_com_tencent_mm_appbrand1/variations_seed_new"
03-07 17:02:07.531 6054 7845 I cr_VariationsUtils: Failed reading seed file "/data/user/0/com.tencent.mm/app_webview_com_tencent_mm_appbrand1/variations_seed"
03-07 17:02:07.547 6054 7845 I cr_VariationsUtils: Requesting new seed from IVariationsSeedServer
03-07 17:02:07.552 6054 6243 I cr_LibraryLoader: Successfully loaded native library
03-07 17:02:07.554 6054 6243 W nt.mm:appbrand: Accessing hidden field Ljava/util/Collections$SynchronizedCollection;->mutex:Ljava/lang/Object; (max-target-o, reflection, denied)
03-07 17:02:07.554 6054 6243 W nt.mm:appbrand: Accessing hidden method Ljava/util/Collections$SynchronizedSet;->(Ljava/util/Set;Ljava/lang/Object;)V (max-target-o, reflection, denied)
03-07 17:02:07.555 6054 6243 W nt.mm:appbrand: Accessing hidden method Ljava/util/Collections$SynchronizedCollection;->(Ljava/util/Collection;Ljava/lang/Object;)V (max-target-o, reflection, denied)
03-07 17:02:07.556 6054 6243 I cr_CachingUmaRecorder: Flushed 7 samples from 7 histograms.
03-07 17:02:07.561 1002 6431 D CompatibilityInfo: mCompatibilityFlags - 4
03-07 17:02:07.561 1002 6431 D CompatibilityInfo: applicationDensity - 240
03-07 17:02:07.562 1002 6431 D CompatibilityInfo: applicationScale - 1.0
03-07 17:02:07.572 7793 7793 V NativeCrash: Alternative stack installed.
03-07 17:02:07.572 7793 7793 V NativeCrash: Signal handler installed.
03-07 17:02:07.574 1002 1396 I thunderperf: Maybe need boostperf for current app!
03-07 17:02:07.576 2109 2141 D FgBoostPerfService: [FgBoostPerfService.perfBoostAcq]start: stat=true pkgName=com.tencent.mm
03-07 17:02:07.576 2109 2141 I FgBoostPerfService: [FgBoostPerfService.perfBoostAcq] not game-mode or game app!
03-07 17:02:07.576 1002 1396 I ThunderPerfManager: PerfAcq error : state=true pkgName=com.tencent.mm
03-07 17:02:07.577 2109 2141 I FgBoostPerfService: [GetGpuMode] isMode=0 isGame=false mGpuMode=0
03-07 17:02:07.577 2109 2141 I FgBoostPerfService: [GetGpuDpiType] isMode=0 isGame=false mGpuDpiType=0
03-07 17:02:07.580 2109 2141 I FgBoostPerfService: [GetGpuDpiType] isMode=0 isGame=false mGpuStandardValue=0
03-07 17:02:07.580 1002 1396 I thunderperf: Current app pkgName=com.tencent.mm bm:com.thundercomm.perf.BoostPerfManager@d7c886d gpuMode=-1 gpuType=-1 gpuStandardVal=-1
03-07 17:02:07.580 1002 1396 I ThunderBoostPerfService: Resolution: Uid=10099 Pid=4946 gMode=-1 dType=-1 gpuStandardVal=-1
03-07 17:02:07.580 7793 7793 I MicroMsg.ThreadBootDelegate: [:7793, ]:[onThreadStart] name=[GT]ColdPool#0 id=98
03-07 17:02:07.581 1002 1396 I thunderperf: PlatormCompat.setOverrides: Uid1=10099 Pid1=4946 Uid2=10099 Pid2=4946
03-07 17:02:07.581 1002 1396 I thunderperf: PlatormCompat.setOverrides: needCheck:false
03-07 17:02:07.581 1002 1396 I thunderperf: CompatConfig.addOverrideUnsafe: bef-state=0
03-07 17:02:07.581 1002 1396 I thunderperf: CompatConfig.addOverrideUnsafe: aft-state=0
03-07 17:02:07.582 1002 1396 W PackageManager: MATCH_ANY_USER flag requires INTERACT_ACROSS_USERS permission: UID 10099 requires android.permission.INTERACT_ACROSS_USERS_FULL or android.permission.INTERACT_ACROSS_USERS to access user 0.
03-07 17:02:07.582 1002 1396 E BoostPerfManager: UpdateResolution SecurityException : e=java.lang.SecurityException: MATCH_ANY_USER flag requires INTERACT_ACROSS_USERS permission: UID 10099 requires android.permission.INTERACT_ACROSS_USERS_FULL or android.permission.INTERACT_ACROSS_USERS to access user 0.
03-07 17:02:07.583 1002 1153 I EventSequenceValidator: inc AccIntentStartedEvents to 2
03-07 17:02:07.583 1002 1396 I ActivityTaskManager: START u0 {flg=0x10000000 cmp=com.tencent.mm/.pluginsdk.permission.PermissionActivity (has extras)} from uid 10099
03-07 17:02:07.586 1002 1396 E ANDR-PERF-JNI: com_qualcomm_qtiperformance_native_perf_io_prefetch_start
03-07 17:02:07.590 965 3369 E ANDR-IOP: io prefetch is disabled
03-07 17:02:07.591 7793 7793 I nt.mm:appbrand: Thread[1,tid=7793,Native,Thread*=0xb400007cb6e377b0,peer=0x71aca618,"main"] recursive attempt to load library "/data/app/~~-HwmTgscadX0gp811dXVuA==/com.tencent.mm-bxBy6WGwuo5iL2g6BZ_TXw==/lib/arm64/libtrace-canary.so"
03-07 17:02:07.591 7793 7793 I nt.mm:appbrand: Thread[1,tid=7793,Native,Thread*=0xb400007cb6e377b0,peer=0x71aca618,"main"] recursive attempt to load library "/data/app/~~-HwmTgscadX0gp811dXVuA==/com.tencent.mm-bxBy6WGwuo5iL2g6BZ_TXw==/lib/arm64/libtrace-canary.so"
03-07 17:02:07.591 1002 1396 I wm_task_moved: [19,1,6]
03-07 17:02:07.592 1002 1396 I wm_set_resumed_activity: [0,com.tencent.mm/.ui.LauncherUI,positionChildAt]
03-07 17:02:07.592 1002 1396 I wm_create_activity: [0,139010066,19,com.tencent.mm/.pluginsdk.permission.PermissionActivity,NULL,NULL,NULL,268435456]
03-07 17:02:07.592 1002 1396 I ActivityTaskManager: The Process com.tencent.mm Already Exists in BG. So sending its PID: 4946
03-07 17:02:07.592 1002 1396 W ActivityTaskManager: Tried to set launchTime (0) < mLastActivityLaunchTime (679173)
03-07 17:02:07.593 1002 1396 I wm_restart_activity: [0,139010066,19,com.tencent.mm/.pluginsdk.permission.PermissionActivity]
03-07 17:02:07.593 1002 1396 D CompatibilityInfo: mCompatibilityFlags - 4
03-07 17:02:07.593 1002 1396 D CompatibilityInfo: applicationDensity - 240
03-07 17:02:07.593 1002 1396 D CompatibilityInfo: applicationScale - 1.0
03-07 17:02:07.594 1002 1396 D ActivityTrigger: ActivityTrigger activityPauseTrigger
03-07 17:02:07.595 1002 1396 I wm_pause_activity: [0,104930713,com.tencent.mm/.ui.LauncherUI,userLeaving=true,resumeTopActivityInnerLocked]
03-07 17:02:07.600 1002 1153 I EventSequenceValidator: dec AccIntentStartedEvents to 1
03-07 17:02:07.646 7793 7793 I MMSkeleton.Boot: [:7793, ]:boot install plugins...
03-07 17:02:07.650 6493 6559 I cr_VariationsUtils: Throttling seed download job
03-07 17:02:07.650 6493 6559 I cr_VariationsUtils: Writing new seed to app's data directory
03-07 17:02:07.667 4946 4946 E Instrumentation: Uninitialized ActivityThread, likely app-created Instrumentation, disabling AppComponentFactory
03-07 17:02:07.667 4946 4946 E Instrumentation: java.lang.Throwable
03-07 17:02:07.667 4946 4946 E Instrumentation: at android.app.Instrumentation.getFactory(Instrumentation.java:1283)
03-07 17:02:07.667 4946 4946 E Instrumentation: at android.app.Instrumentation.newActivity(Instrumentation.java:1274)
03-07 17:02:07.667 4946 4946 E Instrumentation: at com.tencent.mm.splash.l.newActivity(SourceFile:64)
03-07 17:02:07.667 4946 4946 E Instrumentation: at com.tencent.mm.pluginguard.ActivityHookInstrumentation.newActivity(SourceFile:149)
03-07 17:02:07.667 4946 4946 E Instrumentation: at android.app.ActivityThread.performLaunchActivity(ActivityThread.java:3533)
03-07 17:02:07.667 4946 4946 E Instrumentation: at android.app.ActivityThread.handleLaunchActivity(ActivityThread.java:3793)
03-07 17:02:07.667 4946 4946 E Instrumentation: at android.app.servertransaction.LaunchActivityItem.execute(LaunchActivityItem.java:103)
03-07 17:02:07.667 4946 4946 E Instrumentation: at android.app.servertransaction.TransactionExecutor.executeCallbacks(TransactionExecutor.java:135)
03-07 17:02:07.667 4946 4946 E Instrumentation: at android.app.servertransaction.TransactionExecutor.execute(TransactionExecutor.java:95)
03-07 17:02:07.667 4946 4946 E Instrumentation: at android.app.ActivityThread$H.handleMessage(ActivityThread.java:2211)
03-07 17:02:07.667 4946 4946 E Instrumentation: at android.os.Handler.dispatchMessage(Handler.java:106)
03-07 17:02:07.667 4946 4946 E Instrumentation: at android.os.Looper.loopOnce(Looper.java:201)
03-07 17:02:07.667 4946 4946 E Instrumentation: at android.os.Looper.loop(Looper.java:288)
03-07 17:02:07.667 4946 4946 E Instrumentation: at android.app.ActivityThread.main(ActivityThread.java:7880)
03-07 17:02:07.667 4946 4946 E Instrumentation: at java.lang.reflect.Method.invoke(Native Method)
03-07 17:02:07.667 4946 4946 E Instrumentation: at com.android.internal.os.RuntimeInit$MethodAndArgsCaller.run(RuntimeInit.java:548)
03-07 17:02:07.667 4946 4946 E Instrumentation: at com.android.internal.os.ZygoteInit.main(ZygoteInit.java:1009)
03-07 17:02:07.677 1002 1396 I wm_relaunch_activity: [0,139010066,19,com.tencent.mm/.pluginsdk.permission.PermissionActivity]
03-07 17:02:07.678 4946 4946 I wm_on_create_called: [139010066,com.tencent.mm.pluginsdk.permission.PermissionActivity,performCreate]
03-07 17:02:07.679 4946 4946 I wm_on_start_called: [139010066,com.tencent.mm.pluginsdk.permission.PermissionActivity,handleStartActivity]
03-07 17:02:07.686 4946 7525 E FA : Task exception on worker thread: java.lang.IllegalStateException: AppMeasurement is not initialized: com.google.android.gms.internal.measurement.zzgl.zzch(Unknown Source:14)
03-07 17:02:07.686 4946 7525 E FA : Task exception on worker thread: java.lang.IllegalStateException: Not initialized: com.google.android.gms.internal.measurement.zzhh.zzch(Unknown Source:11)
03-07 17:02:07.686 4946 7525 E FA : Persisted config not initialized. Not logging error/warn
03-07 17:02:07.686 4946 7525 E FA : Persisted config not initialized. Not logging error/warn
03-07 17:02:07.688 1002 1172 D CompatibilityInfo: mCompatibilityFlags - 4
03-07 17:02:07.688 1002 1172 D CompatibilityInfo: applicationDensity - 240
03-07 17:02:07.688 1002 1172 D CompatibilityInfo: applicationScale - 1.0
03-07 17:02:07.691 7793 7880 I WCDB : Initialize JNI module (1/12) CursorWindow...
03-07 17:02:07.691 7793 7880 V WCDB.JNIHelp: Registering com/tencent/wcdb/CursorWindow natives
03-07 17:02:07.692 7793 7880 I WCDB : Initialize JNI module (2/12) ChunkedCursorWindow...
03-07 17:02:07.692 7793 7880 V WCDB.JNIHelp: Registering com/tencent/wcdb/database/ChunkedCursorWindow natives
03-07 17:02:07.692 7793 7880 V WCDB.JNIHelp: Registering com/tencent/wcdb/database/SQLiteAsyncQuery natives
03-07 17:02:07.692 7793 7880 I WCDB : Initialize JNI module (3/12) SQLiteConnection...
03-07 17:02:07.692 7793 7880 I WCDB : Initialize JNI module (4/12) SQLiteDebug...
03-07 17:02:07.692 7793 7880 V WCDB.JNIHelp: Registering com/tencent/wcdb/database/SQLiteDebug natives
03-07 17:02:07.692 7793 7880 I WCDB : Initialize JNI module (5/12) SQLiteDirectCursor...
03-07 17:02:07.692 7793 7880 V WCDB.JNIHelp: Registering com/tencent/wcdb/database/SQLiteDirectQuery natives
03-07 17:02:07.695 7793 7880 I WCDB : Initialize JNI module (6/12) SQLiteGlobal...
03-07 17:02:07.695 7793 7880 V WCDB.JNIHelp: Registering com/tencent/wcdb/database/SQLiteGlobal natives
03-07 17:02:07.695 7793 7880 I WCDB : Initialize JNI module (7/12) MMFtsTokenizer...
03-07 17:02:07.695 7793 7880 V WCDB.JNIHelp: Registering com/tencent/wcdb/extension/fts/MMFtsTokenizer natives
03-07 17:02:07.696 7793 7880 I WCDB : Initialize JNI module (8/12) FileUtils...
03-07 17:02:07.696 7793 7880 V WCDB.JNIHelp: Registering com/tencent/wcdb/FileUtils natives
03-07 17:02:07.696 7793 7880 I WCDB : Initialize JNI module (9/12) DBBackup...
03-07 17:02:07.696 7793 7880 V WCDB.JNIHelp: Registering com/tencent/wcdb/repair/BackupKit natives
03-07 17:02:07.696 7793 7880 V WCDB.JNIHelp: Registering com/tencent/wcdb/repair/RecoverKit natives
03-07 17:02:07.696 7793 7880 I WCDB : Initialize JNI module (10/12) DBDumpUtil...
03-07 17:02:07.696 7793 7880 V WCDB.JNIHelp: Registering com/tencent/wcdb/repair/DBDumpUtil natives
03-07 17:02:07.696 7793 7880 I WCDB : Initialize JNI module (11/12) DBRepair...
03-07 17:02:07.696 7793 7880 V WCDB.JNIHelp: Registering com/tencent/wcdb/repair/RepairKit$RepairCursor natives
03-07 17:02:07.696 7793 7880 I WCDB : Initialize JNI module (12/12) Log...
03-07 17:02:07.696 7793 7880 V WCDB.JNIHelp: Registering com/tencent/wcdb/support/Log natives
03-07 17:02:07.699 4946 4946 I wm_on_resume_called: [139010066,com.tencent.mm.pluginsdk.permission.PermissionActivity,LIFECYCLER_RESUME_ACTIVITY]
03-07 17:02:07.705 4946 4946 I wm_on_paused_called: [139010066,com.tencent.mm.pluginsdk.permission.PermissionActivity,performPause]
03-07 17:02:07.706 4946 7525 E FA : Task exception on worker thread: java.lang.IllegalStateException: Not initialized: com.google.android.gms.internal.measurement.zzhh.zzch(Unknown Source:11)
03-07 17:02:07.706 4946 7525 E FA : Task exception on worker thread: java.lang.IllegalStateException: Not initialized: com.google.android.gms.internal.measurement.zzhh.zzch(Unknown Source:11)
03-07 17:02:07.706 4946 7525 E FA : Persisted config not initialized. Not logging error/warn
03-07 17:02:07.706 4946 7525 E FA : Persisted config not initialized. Not logging error/warn
03-07 17:02:07.707 4946 4946 I wm_on_top_resumed_lost_called: [104930713,com.tencent.mm.ui.LauncherUI,topStateChangedWhenResumed]
03-07 17:02:07.709 4946 7525 E FA : Task exception on worker thread: java.lang.IllegalStateException: Not initialized: com.google.android.gms.internal.measurement.zzhh.zzch(Unknown Source:11)
03-07 17:02:07.709 4946 7525 E FA : Task exception on worker thread: java.lang.IllegalStateException: Not initialized: com.google.android.gms.internal.measurement.zzhh.zzch(Unknown Source:11)
03-07 17:02:07.709 4946 7525 E FA : Persisted config not initialized. Not logging error/warn
03-07 17:02:07.709 4946 7525 E FA : Persisted config not initialized. Not logging error/warn
03-07 17:02:07.714 4946 4946 I wm_on_paused_called: [104930713,com.tencent.mm.ui.LauncherUI,performPause]
03-07 17:02:07.715 1002 6431 I ActivityTaskManager: FOREGROUND_APPLICATION_CHANGED to com.tencent.mm.pluginsdk.permission.PermissionActivity
03-07 17:02:07.715 1002 6431 I wm_set_resumed_activity: [0,com.tencent.mm/.pluginsdk.permission.PermissionActivity,resumeTopActivityInnerLocked]
03-07 17:02:07.716 1002 6431 I wm_resume_activity: [0,139010066,19,com.tencent.mm/.pluginsdk.permission.PermissionActivity]
03-07 17:02:07.731 4946 4946 I wm_on_stop_called: [139010066,com.tencent.mm.pluginsdk.permission.PermissionActivity,handleRelaunchActivity]
03-07 17:02:07.732 4946 4946 W com.tencent.mm: Accessing hidden field Landroid/view/inputmethod/InputMethodManager;->mCurRootView:Landroid/view/ViewRootImpl; (blocked, reflection, denied)
03-07 17:02:07.734 4946 4946 I wm_on_destroy_called: [139010066,com.tencent.mm.pluginsdk.permission.PermissionActivity,performDestroy]
03-07 17:02:07.735 1002 1153 I sysui_multi_action: [757,803,799,window_time_0,802,1]
03-07 17:02:07.750 1002 1063 W InputManager-JNI: Input channel object '815b1c2 com.tencent.mm/com.tencent.mm.pluginsdk.permission.PermissionActivity (client)' was disposed without first being removed with the input manager!
03-07 17:02:07.755 4946 4946 E WindowManager: android.view.WindowLeaked: Activity com.tencent.mm.pluginsdk.permission.PermissionActivity has leaked window DecorView@8936f7e[PermissionActivity] that was originally added here
03-07 17:02:07.755 4946 4946 E WindowManager: at android.view.ViewRootImpl.(ViewRootImpl.java:785)
03-07 17:02:07.755 4946 4946 E WindowManager: at android.view.ViewRootImpl.(ViewRootImpl.java:769)
03-07 17:02:07.755 4946 4946 E WindowManager: at android.view.WindowManagerGlobal.addView(WindowManagerGlobal.java:389)
03-07 17:02:07.755 4946 4946 E WindowManager: at android.view.WindowManagerImpl.addView(WindowManagerImpl.java:134)
03-07 17:02:07.755 4946 4946 E WindowManager: at android.app.Dialog.show(Dialog.java:345)
03-07 17:02:07.755 4946 4946 E WindowManager: at com.tencent.mm.ui.widget.dialog.e.show(SourceFile:1163)
03-07 17:02:07.755 4946 4946 E WindowManager: at com.tencent.mm.ui.base.k.a(SourceFile:498)
03-07 17:02:07.755 4946 4946 E WindowManager: at com.tencent.mm.pluginsdk.permission.PermissionActivity.onResume(SourceFile:302)
03-07 17:02:07.755 4946 4946 E WindowManager: at android.app.Instrumentation.callActivityOnResume(Instrumentation.java:1477)
03-07 17:02:07.755 4946 4946 E WindowManager: at android.app.Activity.performResume(Activity.java:8216)
03-07 17:02:07.755 4946 4946 E WindowManager: at android.app.ActivityThread.performResumeActivity(ActivityThread.java:4748)
03-07 17:02:07.755 4946 4946 E WindowManager: at android.app.ActivityThread.handleResumeActivity(ActivityThread.java:4791)
03-07 17:02:07.755 4946 4946 E WindowManager: at android.app.servertransaction.TransactionExecutor.performLifecycleSequence(TransactionExecutor.java:225)
03-07 17:02:07.755 4946 4946 E WindowManager: at android.app.servertransaction.TransactionExecutor.cycleToPath(TransactionExecutor.java:201)
03-07 17:02:07.755 4946 4946 E WindowManager: at android.app.servertransaction.TransactionExecutor.executeLifecycleState(TransactionExecutor.java:173)
03-07 17:02:07.755 4946 4946 E WindowManager: at android.app.servertransaction.TransactionExecutor.execute(TransactionExecutor.java:97)
03-07 17:02:07.755 4946 4946 E WindowManager: at android.app.ActivityThread$H.handleMessage(ActivityThread.java:2211)
03-07 17:02:07.755 4946 4946 E WindowManager: at android.os.Handler.dispatchMessage(Handler.java:106)
03-07 17:02:07.755 4946 4946 E WindowManager: at android.os.Looper.loopOnce(Looper.java:201)
03-07 17:02:07.755 4946 4946 E WindowManager: at android.os.Looper.loop(Looper.java:288)
03-07 17:02:07.755 4946 4946 E WindowManager: at android.app.ActivityThread.main(ActivityThread.java:7880)
03-07 17:02:07.755 4946 4946 E WindowManager: at java.lang.reflect.Method.invoke(Native Method)
03-07 17:02:07.755 4946 4946 E WindowManager: at com.android.internal.os.RuntimeInit$MethodAndArgsCaller.run(RuntimeInit.java:548)
03-07 17:02:07.755 4946 4946 E WindowManager: at com.android.internal.os.ZygoteInit.main(ZygoteInit.java:1009)
03-07 17:02:07.758 4946 4946 E Instrumentation: Uninitialized ActivityThread, likely app-created Instrumentation, disabling AppComponentFactory
03-07 17:02:07.758 4946 4946 E Instrumentation: java.lang.Throwable
03-07 17:02:07.758 4946 4946 E Instrumentation: at android.app.Instrumentation.getFactory(Instrumentation.java:1283)
03-07 17:02:07.758 4946 4946 E Instrumentation: at android.app.Instrumentation.newActivity(Instrumentation.java:1274)
03-07 17:02:07.758 4946 4946 E Instrumentation: at com.tencent.mm.splash.l.newActivity(SourceFile:64)
03-07 17:02:07.758 4946 4946 E Instrumentation: at com.tencent.mm.pluginguard.ActivityHookInstrumentation.newActivity(SourceFile:149)
03-07 17:02:07.758 4946 4946 E Instrumentation: at android.app.ActivityThread.performLaunchActivity(ActivityThread.java:3533)
03-07 17:02:07.758 4946 4946 E Instrumentation: at android.app.ActivityThread.handleLaunchActivity(ActivityThread.java:3793)
03-07 17:02:07.758 4946 4946 E Instrumentation: at android.app.ActivityThread.handleRelaunchActivityInner(ActivityThread.java:5739)
03-07 17:02:07.758 4946 4946 E Instrumentation: at android.app.ActivityThread.handleRelaunchActivity(ActivityThread.java:5631)
03-07 17:02:07.758 4946 4946 E Instrumentation: at android.app.servertransaction.ActivityRelaunchItem.execute(ActivityRelaunchItem.java:71)
03-07 17:02:07.758 4946 4946 E Instrumentation: at android.app.servertransaction.ActivityTransactionItem.execute(ActivityTransactionItem.java:45)
03-07 17:02:07.758 4946 4946 E Instrumentation: at android.app.servertransaction.TransactionExecutor.executeCallbacks(TransactionExecutor.java:135)
03-07 17:02:07.758 4946 4946 E Instrumentation: at android.app.servertransaction.TransactionExecutor.execute(TransactionExecutor.java:95)
03-07 17:02:07.758 4946 4946 E Instrumentation: at android.app.ActivityThread$H.handleMessage(ActivityThread.java:2211)
03-07 17:02:07.758 4946 4946 E Instrumentation: at android.os.Handler.dispatchMessage(Handler.java:106)
03-07 17:02:07.758 4946 4946 E Instrumentation: at android.os.Looper.loopOnce(Looper.java:201)
03-07 17:02:07.758 4946 4946 E Instrumentation: at android.os.Looper.loop(Looper.java:288)
03-07 17:02:07.758 4946 4946 E Instrumentation: at android.app.ActivityThread.main(ActivityThread.java:7880)
03-07 17:02:07.758 4946 4946 E Instrumentation: at java.lang.reflect.Method.invoke(Native Method)
03-07 17:02:07.758 4946 4946 E Instrumentation: at com.android.internal.os.RuntimeInit$MethodAndArgsCaller.run(RuntimeInit.java:548)
03-07 17:02:07.758 4946 4946 E Instrumentation: at com.android.internal.os.ZygoteInit.main(ZygoteInit.java:1009)
03-07 17:02:07.763 4946 4946 I wm_on_create_called: [139010066,com.tencent.mm.pluginsdk.permission.PermissionActivity,performCreate]
03-07 17:02:07.765 4946 4946 I wm_on_start_called: [139010066,com.tencent.mm.pluginsdk.permission.PermissionActivity,handleStartActivity]
03-07 17:02:07.765 4946 7525 E FA : Task exception on worker thread: java.lang.IllegalStateException: AppMeasurement is not initialized: com.google.android.gms.internal.measurement.zzgl.zzch(Unknown Source:14)
03-07 17:02:07.765 4946 7525 E FA : Task exception on worker thread: java.lang.IllegalStateException: Not initialized: com.google.android.gms.internal.measurement.zzhh.zzch(Unknown Source:11)
03-07 17:02:07.766 4946 7525 E FA : Persisted config not initialized. Not logging error/warn
03-07 17:02:07.766 4946 7525 E FA : Persisted config not initialized. Not logging error/warn
03-07 17:02:07.775 1002 1172 D CompatibilityInfo: mCompatibilityFlags - 4
03-07 17:02:07.775 1002 1172 D CompatibilityInfo: applicationDensity - 240
03-07 17:02:07.775 1002 1172 D CompatibilityInfo: applicationScale - 1.0
03-07 17:02:07.786 4946 4946 I wm_on_resume_called: [139010066,com.tencent.mm.pluginsdk.permission.PermissionActivity,LIFECYCLER_RESUME_ACTIVITY]
03-07 17:02:07.792 4946 4946 I wm_on_paused_called: [139010066,com.tencent.mm.pluginsdk.permission.PermissionActivity,performPause]
03-07 17:02:07.794 4946 7525 E FA : Task exception on worker thread: java.lang.IllegalStateException: Not initialized: com.google.android.gms.internal.measurement.zzhh.zzch(Unknown Source:11)
03-07 17:02:07.794 4946 7525 E FA : Task exception on worker thread: java.lang.IllegalStateException: Not initialized: com.google.android.gms.internal.measurement.zzhh.zzch(Unknown Source:11)
03-07 17:02:07.794 4946 7525 E FA : Persisted config not initialized. Not logging error/warn
03-07 17:02:07.795 4946 7525 E FA : Persisted config not initialized. Not logging error/warn
03-07 17:02:07.814 1002 1154 I input_focus: [Focus request 3bb71a com.tencent.mm/com.tencent.mm.pluginsdk.permission.PermissionActivity,reason=UpdateInputWindows]
03-07 17:02:07.818 1002 4328 W FreeFormWindowHelper: Current Display FreeFormTask is null
03-07 17:02:07.826 7793 7853 I chromium: [0307/170207.826133:INFO:com_tencent_mars_cdn_CronetLogic_Java2C.cc(42)] cronet vfs init rv 0
03-07 17:02:07.835 1002 1662 I input_focus: [Focus leaving b7ba93a com.tencent.mm/com.tencent.mm.ui.LauncherUI (server),reason=Waiting for window because NOT_VISIBLE]
03-07 17:02:07.842 1002 1396 I WindowManager: finishDrawing of relaunch: Window{297647d u0 com.tencent.mm/com.tencent.mm.pluginsdk.permission.PermissionActivity} 164ms
03-07 17:02:07.850 1002 1150 I wm_activity_launch_time: [0,139010066,com.tencent.mm/.pluginsdk.permission.PermissionActivity,262]
03-07 17:02:07.851 1002 1150 I ActivityTaskManager: Displayed com.tencent.mm/.pluginsdk.permission.PermissionActivity: +262ms
03-07 17:02:07.855 4946 7525 E FA : Task exception on worker thread: java.lang.IllegalStateException: Component not created: com.google.android.gms.internal.measurement.zzgl.zza(Unknown Source:12)
03-07 17:02:07.855 4946 4946 I wm_on_resume_called: [139010066,com.tencent.mm.pluginsdk.permission.PermissionActivity,RESUME_ACTIVITY]
03-07 17:02:07.855 4946 7525 E FA : Task exception on worker thread: java.lang.IllegalStateException: Not initialized: com.google.android.gms.internal.measurement.zzhh.zzch(Unknown Source:11)
03-07 17:02:07.855 4946 7525 E FA : Persisted config not initialized. Not logging error/warn
03-07 17:02:07.855 4946 7525 E FA : Persisted config not initialized. Not logging error/warn
03-07 17:02:07.856 4946 4946 I wm_on_top_resumed_gained_called: [139010066,com.tencent.mm.pluginsdk.permission.PermissionActivity,topWhenResuming]
03-07 17:02:07.859 1002 1153 I sysui_multi_action: [757,803,799,window_time_0,802,0]
03-07 17:02:07.860 1002 6431 W InputManager-JNI: Input channel object '3865c5b com.tencent.mm/com.tencent.mm.pluginsdk.permission.PermissionActivity (client)' was disposed without first being removed with the input manager!
03-07 17:02:07.869 1002 1662 I input_focus: [Focus entering 3bb71a com.tencent.mm/com.tencent.mm.pluginsdk.permission.PermissionActivity (server),reason=Window became focusable. Previous reason: NOT_VISIBLE]
03-07 17:02:07.870 1002 1172 D CompatibilityInfo: mCompatibilityFlags - 4
03-07 17:02:07.870 1002 1172 D CompatibilityInfo: applicationDensity - 240
03-07 17:02:07.870 1002 1172 D CompatibilityInfo: applicationScale - 1.0
03-07 17:02:07.893 7793 7852 W MatrixDelegate: [:7852, ]:[onAppForeground] but matrix is never initialized, delay to notify!
03-07 17:02:07.977 6054 7878 D libEGL : MSAA-->msaa:0 gamemode:0 4x_msaa:0
03-07 17:02:07.999 1002 1396 I wm_destroy_activity: [0,204223279,20,com.thundercomm.screensaver/android.service.dreams.DreamActivity,finish-imm:idle]
03-07 17:02:08.000 4156 4156 I wm_on_stop_called: [204223279,android.service.dreams.DreamActivity,LIFECYCLER_STOP_ACTIVITY]
03-07 17:02:08.001 4156 4156 I wm_on_destroy_called: [204223279,android.service.dreams.DreamActivity,performDestroy]
03-07 17:02:08.003 1002 4328 I DreamManagerService: Leaving dreamland.
03-07 17:02:08.005 1002 1150 I DreamManagerService: Performing gentle wake from dream.
03-07 17:02:08.005 1002 1150 I DreamController: Stopping dream: name=ComponentInfo{com.thundercomm.screensaver/com.thundercomm.saverclock.service.ClockScreensaver}, isTest=false, canDoze=false, userId=0, reason='finished self'(from 'finished self')
03-07 17:02:08.005 1002 1150 I sysui_multi_action: [757,222,758,2]
03-07 17:02:08.006 1002 4328 W InputManager-JNI: Input channel object 'b771479 com.thundercomm.screensaver/android.service.dreams.DreamActivity (client)' was disposed without first being removed with the input manager!
03-07 17:02:08.006 1002 1150 I sysui_multi_action: [757,804,799,dreaming_minutes,801,0,802,1]
03-07 17:02:08.015 1002 6668 I wm_task_removed: [20,removeChild:removeChild last r=ActivityRecord{c2c332f u0 com.thundercomm.screensaver/android.service.dreams.DreamActivity t-1 f}} in t=Task{f0b9121 #20 type=dream A=10052:android:com.thundercomm.screensaver/dream U=0 visible=false mode=fullscreen translucent=true sz=0}]
03-07 17:02:08.015 1002 6668 I wm_task_removed: [20,removeChild]
03-07 17:02:08.025 1002 1154 W ActivityTaskManager: Can't find TaskDisplayArea to determine support for multi window. Task id=20 attached=false
03-07 17:02:08.054 1002 6431 W FreeFormWindowHelper: Current Display FreeFormTask is null
03-07 17:02:08.067 4946 4956 I com.tencent.mm: Background concurrent copying GC freed 636411(27MB) AllocSpace objects, 41(1688KB) LOS objects, 32% free, 50MB/74MB, paused 64us,306us total 271.123ms
03-07 17:02:08.071 7793 7852 I Matrix.lifecycle.FgService: [:7852, ]:origin is com.tencent.matrix.trace.c.a$a
03-07 17:02:08.123 7793 7918 I SystemServiceBinderHooker: [:7918, ]:doHook: serviceName:wifi, serviceClsName:android.net.wifi.IWifiManager
03-07 17:02:08.126 7793 7793 I PluginHandOff: [:7793, ]:installed
03-07 17:02:08.201 7793 7918 I dvm_lock_sample: [com.tencent.mm:appbrand0,0,DefaultDispatcher-worker-2,21,SourceFile,245,com.tencent.mm.sdk.platformtools.MultiProcessMMKV com.tencent.mm.sdk.platformtools.MultiProcessMMKV.getMMKVReal(java.lang.String, int, com.tencent.mmkv.MMKV),,0,null,4]
03-07 17:02:08.208 7793 7918 I Kenneth-methodCall: [:7918, ]:hook duration=90,successCount = 6,count = 8,processName:com.tencent.mm:appbrand0
03-07 17:02:08.211 1002 6431 W BestClock: java.time.DateTimeException: Missing NTP fix
03-07 17:02:08.212 674 674 I netd : trafficSwapActiveStatsMap() <0.40ms>
03-07 17:02:08.216 674 674 I netd : tetherGetStats() -> {[]} <1.48ms>
03-07 17:02:08.219 1002 6431 W BestClock: java.time.DateTimeException: Missing NTP fix
03-07 17:02:08.219 1002 6431 I netstats_mobile_sample: [0,0,0,0,0,0,0,0,0,0,0,0,1678179728219]
03-07 17:02:08.219 1002 6431 I netstats_wifi_sample: [170541588,126226,3740070,46772,170541588,126226,3740070,46772,171068257,130673,3192256,45210,1678179728219]
03-07 17:02:08.222 1002 1696 W BestClock: java.time.DateTimeException: Missing NTP fix
03-07 17:02:08.223 1002 1696 W BestClock: java.time.DateTimeException: Missing NTP fix
03-07 17:02:08.226 1002 4328 I service_manager_stats: [100,155,50392]
03-07 17:02:08.249 7793 7853 I chromium: [0307/170208.249702:INFO:cronet_core.cc(38)] -> CronetCore
03-07 17:02:08.250 7793 7853 I chromium: [0307/170208.250017:INFO:cronet_task_manager.cc(48)] -> CronetTaskManager
03-07 17:02:08.250 7793 7853 I chromium: [0307/170208.250063:INFO:cronet_task_manager.cc(48)] <- CronetTaskManager +0
03-07 17:02:08.250 7793 7853 I chromium: [0307/170208.250089:INFO:http_with_cronet.cc(96)] cronet chromium SetUserCertVerify
03-07 17:02:08.250 7793 7853 I chromium: [0307/170208.250127:INFO:cronet_core.cc(38)] <- CronetCore +1
03-07 17:02:08.256 7793 7793 I MicroMsg.MMApplicationContext: [:7793, ]:isToolsIsolatedProcess, processName:com.tencent.mm:appbrand0
03-07 17:02:08.272 650 660 I mpu_uart: [MSG-P:RECV]:No message received in 1000 ms
03-07 17:02:08.488 7793 7945 I nt.mm:appbrand: Explicit concurrent copying GC freed 171941(9122KB) AllocSpace objects, 43(1092KB) LOS objects, 24% free, 13MB/18MB, paused 1.195ms,102us total 178.847ms
03-07 17:02:08.491 7793 7808 W System : A resource failed to call close.
03-07 17:02:08.491 7793 7808 W System : A resource failed to call close.
03-07 17:02:08.492 7793 7808 W System : A resource failed to call close.
03-07 17:02:08.493 7793 7808 W System : A resource failed to call close.
03-07 17:02:08.494 7793 7808 W System : A resource failed to call close.
03-07 17:02:08.495 7793 7808 W System : A resource failed to call close.
03-07 17:02:08.495 7793 7808 W System : A resource failed to call close.
03-07 17:02:08.495 7793 7808 W System : A resource failed to call close.
03-07 17:02:08.496 7793 7808 W System : A resource failed to call close.
03-07 17:02:08.496 7793 7808 W System : A resource failed to call close.
03-07 17:02:08.497 7793 7808 W System : A resource failed to call close.
03-07 17:02:08.497 7793 7808 W System : A resource failed to call close.
03-07 17:02:08.683 7793 7947 I skiacanvas: setLogHandler
03-07 17:02:08.944 4946 4990 E MicroMsg.FileDownloadInfoStorage: [:4990, ]:deledonloadinfo failed, appId is null
03-07 17:02:08.945 4946 4990 E MicroMsg.FileDownloadInfoStorage: [:4990, ]:deledonloadinfo failed, appId is null
03-07 17:02:08.969 674 7958 D resolv : GetAddrInfoHandler::run: {100 262244 100 983140 10099 0}
03-07 17:02:08.969 674 7958 D resolv : resolv_getaddrinfo: explore_fqdn(): ai_family=2 ai_socktype=1 ai_protocol=6
03-07 17:02:08.969 674 7959 D resolv : doQuery: (1, 1)
03-07 17:02:08.969 674 7959 D resolv : res_nmkquery: (QUERY, IN, A)
03-07 17:02:08.969 674 7959 D resolv : res_nsend
03-07 17:02:08.969 674 7959 I resolv : resolv_cache_lookup: lookup
03-07 17:02:08.969 674 7959 I resolv : resolv_cache_lookup: NOT IN CACHE
03-07 17:02:08.969 674 7959 I resolv : resolv_populate_res_for_net: netid=100
03-07 17:02:08.969 674 7959 I resolv : res_stats_usable_server: NS stats: S 50 + E 0 + T 0 + I 0 = 50, rtt = 45, min_samples = 8
03-07 17:02:08.969 674 7959 I resolv : res_stats_usable_server: success rate 100
03-07 17:02:08.969 674 7959 D resolv : res_nsend: Querying server (# 1) address = 192.168.124.1:53
03-07 17:02:08.970 674 7959 D resolv : send_dg: new DG socket
03-07 17:02:08.970 674 7959 I resolv : get_timeout: using timeout of 5000 msec
03-07 17:02:08.970 674 7959 I resolv : retrying_poll: 55 retrying_poll
03-07 17:02:09.022 4946 4990 E MicroMsg.FileDownloadInfoStorage: [:4990, ]:deledonloadinfo failed, appId is null
03-07 17:02:09.023 4946 4990 E MicroMsg.FileDownloadInfoStorage: [:4990, ]:deledonloadinfo failed, appId is null
03-07 17:02:09.036 4946 4990 E MicroMsg.FileDownloadInfoStorage: [:4990, ]:deledonloadinfo failed, appId is null
03-07 17:02:09.046 674 7959 I resolv : retrying_poll: 55 retrying_poll returning 1
03-07 17:02:09.047 674 7959 I resolv : res_nsend: used send_dg 91 terrno: 0
03-07 17:02:09.047 674 7959 I resolv : res_stats_set_sample: rcode = 0, sec = 77
03-07 17:02:09.047 674 7959 I resolv : res_cache_add_stats_sample_locked: adding sample to stats, next = 50, count = 50
03-07 17:02:09.047 674 7959 D resolv : res_nsend: got answer:
03-07 17:02:09.047 674 7959 I resolv : answer_getTTL: TTL = 34
03-07 17:02:09.047 674 7959 I resolv : _cache_add_p: entry 51 added (count=49)
03-07 17:02:09.047 674 7959 I resolv : cache_dump_mru_locked: MRU LIST (49): 51 8 50 49 48 47 46 45 44 32 43 42 1 41 38 40 39 37 36 35 34 33 31 29 3 28 27 26 25 24 23 19 21 20 18 17 16 15 14 13 11 12 10 9 7 6 5 4 2
03-07 17:02:09.047 674 7959 D resolv : doQuery: rcode=0, ancount=3
03-07 17:02:09.064 4946 7956 I mars::cdn: [connection_factory.cc:1118, _GenerateAddressUsingHost]:cdntask 2 resolve mmwxalite.wxqcloud.qq.com dnstype 2(LOCALDNS) ipcount 3 suportcc false
03-07 17:02:09.119 1002 1662 I input_interaction: Interaction with: 3bb71a com.tencent.mm/com.tencent.mm.pluginsdk.permission.PermissionActivity (server), edge-swipe (server), swipe-up (server), PointerEventDispatcher0 (server),
03-07 17:02:09.144 7793 7963 I AdrenoGLES-0: QUALCOMM build : 47421dbee6, I139f36ad46
03-07 17:02:09.144 7793 7963 I AdrenoGLES-0: Build Date : 02/18/22
03-07 17:02:09.144 7793 7963 I AdrenoGLES-0: OpenGL ES Shader Compiler Version: EV031.32.02.17
03-07 17:02:09.144 7793 7963 I AdrenoGLES-0: Local Branch :
03-07 17:02:09.144 7793 7963 I AdrenoGLES-0: Remote Branch :
03-07 17:02:09.144 7793 7963 I AdrenoGLES-0: Remote Branch :
03-07 17:02:09.144 7793 7963 I AdrenoGLES-0: Reconstruct Branch :
03-07 17:02:09.144 7793 7963 I AdrenoGLES-0: Build Config : S P 10.0.7 AArch64
03-07 17:02:09.144 7793 7963 I AdrenoGLES-0: Driver Path : /vendor/lib64/egl/libGLESv2_adreno.so
03-07 17:02:09.147 505 505 I hwservicemanager: getTransport: Cannot find entry android.hardware.graphics.mapper@4.0::IMapper/default in either framework or device VINTF manifest.
03-07 17:02:09.164 1002 1172 D CompatibilityInfo: mCompatibilityFlags - 4
03-07 17:02:09.164 1002 1172 D CompatibilityInfo: applicationDensity - 240
03-07 17:02:09.164 1002 1172 D CompatibilityInfo: applicationScale - 1.0
03-07 17:02:09.167 4946 7956 I mars::cdn: [tls_socket.cc:142, _RunConnectLoop]:@0x7b66f39200, sock:706, Connected with ECDHE-RSA-AES128-GCM-SHA256 encryption, is_reuse_session:0.
03-07 17:02:09.167 4946 7956 I mars::cdn: [tls_socket.cc:240, _RunConnectLoop]:@0x7b66f39200, sock:706, full handshake, cost:78
03-07 17:02:09.167 4946 7956 I mars::cdn: [tls_socket.cc:250, _RunConnectLoop]:ret:0, client(192.168.124.147:52092), svr(183.230.243.130:443)
03-07 17:02:09.168 4946 7956 I mars::cdn: [taskbase.cc:1076, OnMainConnectionEnstablished]:cdntask 2 connect ok:183.230.243.130:443 [TLS] source NEW, prev addr:0.0.0.0:0, proxyaddr:0.0.0.0:0, cost:(22,22)
03-07 17:02:09.183 7793 7963 I AdrenoGLES-0: PFP: 0x016dd093, ME: 0x00000000
03-07 17:02:09.245 4946 7956 I mars::cdn: [netchannel.cc:293, __RunReadWrite]:runloop rv 0 errtype 0 errcode 0 idling false
03-07 17:02:09.245 4946 7956 I mars::cdn: [netchannel.cc:871, __AfterRun]:cdntask 2 putback conn 0x7d76eb1058(706)@TLS to cache.
03-07 17:02:09.270 674 7967 D resolv : GetAddrInfoHandler::run: {100 262244 100 983140 10099 0}
03-07 17:02:09.270 674 7967 D resolv : resolv_getaddrinfo: explore_fqdn(): ai_family=2 ai_socktype=1 ai_protocol=6
03-07 17:02:09.270 674 7968 D resolv : doQuery: (1, 1)
03-07 17:02:09.270 674 7968 D resolv : res_nmkquery: (QUERY, IN, A)
03-07 17:02:09.270 674 7968 D resolv : res_nsend
03-07 17:02:09.270 674 7968 I resolv : resolv_cache_lookup: lookup
03-07 17:02:09.270 674 7968 I resolv : resolv_cache_lookup: FOUND IN CACHE entry=0xb40000701e6558d0
03-07 17:02:09.270 674 7968 D resolv : doQuery: rcode=0, ancount=3
03-07 17:02:09.272 650 660 I mpu_uart: [MSG-P:RECV]:No message received in 1000 ms
03-07 17:02:09.276 4946 7965 I mars::cdn: [connection_factory.cc:1118, _GenerateAddressUsingHost]:cdntask 3 resolve mmwxalite.wxqcloud.qq.com dnstype 2(LOCALDNS) ipcount 3 suportcc false
03-07 17:02:09.276 4946 7965 I mars::cdn: [connection_factory.cc:420, GetOrCreateTLSConnection]:cdntask 3 take conn 0x7d76eb1058(706)@TLS from cache.
03-07 17:02:09.277 4946 7965 I mars::cdn: [taskbase.cc:1076, OnMainConnectionEnstablished]:cdntask 3 connect ok:183.230.243.130:443 [TLS] source CACHE, prev addr:0.0.0.0:0, proxyaddr:0.0.0.0:0, cost:(0,0)
03-07 17:02:09.285 1002 2813 I wm_finish_activity: [0,139010066,19,com.tencent.mm/.pluginsdk.permission.PermissionActivity,app-request]
03-07 17:02:09.287 4946 5021 W PackageParsing: Failed to parse /data/user/0/com.tencent.mm/MicroMsg/WebNetFile/8845c92e2d2e2161f8a4ad73a27bf3e0
03-07 17:02:09.287 4946 5021 W PackageParsing: java.io.FileNotFoundException: AndroidManifest.xml
03-07 17:02:09.287 4946 5021 W PackageParsing: at android.content.res.ApkAssets.nativeOpenXml(Native Method)
03-07 17:02:09.287 4946 5021 W PackageParsing: at android.content.res.ApkAssets.openXml(ApkAssets.java:379)
03-07 17:02:09.287 4946 5021 W PackageParsing: at android.content.pm.parsing.ApkLiteParseUtils.parseApkLiteInner(ApkLiteParseUtils.java:302)
03-07 17:02:09.287 4946 5021 W PackageParsing: at android.content.pm.parsing.ApkLiteParseUtils.parseApkLite(ApkLiteParseUtils.java:269)
03-07 17:02:09.287 4946 5021 W PackageParsing: at android.content.pm.parsing.ApkLiteParseUtils.parseMonolithicPackageLite(ApkLiteParseUtils.java:99)
03-07 17:02:09.287 4946 5021 W PackageParsing: at android.content.pm.parsing.ParsingPackageUtils.parseMonolithicPackage(ParsingPackageUtils.java:430)
03-07 17:02:09.287 4946 5021 W PackageParsing: at android.content.pm.parsing.ParsingPackageUtils.parsePackage(ParsingPackageUtils.java:346)
03-07 17:02:09.287 4946 5021 W PackageParsing: at android.content.pm.parsing.ParsingPackageUtils.parseDefault(ParsingPackageUtils.java:277)
03-07 17:02:09.287 4946 5021 W PackageParsing: at android.app.ApplicationPackageManager.getPackageArchiveInfo(ApplicationPackageManager.java:2116)
03-07 17:02:09.287 4946 5021 W PackageParsing: at com.tencent.mm.pluginsdk.model.app.x.brp(SourceFile:218)
03-07 17:02:09.287 4946 5021 W PackageParsing: at com.tencent.mm.plugin.downloader.model.f.arD(SourceFile:631)
03-07 17:02:09.287 4946 5021 W PackageParsing: at com.tencent.mm.plugin.downloader.model.f.w(SourceFile:556)
03-07 17:02:09.287 4946 5021 W PackageParsing: at com.tencent.mm.plugin.downloader.model.FileDownloadService.onHandleIntent(SourceFile:1108)
03-07 17:02:09.287 4946 5021 W PackageParsing: at com.tencent.mm.service.MMIntentService$a.handleMessage(SourceFile:31)
03-07 17:02:09.287 4946 5021 W PackageParsing: at com.tencent.mm.sdk.platformtools.MMHandler$3.handleMessage(SourceFile:456)
03-07 17:02:09.287 4946 5021 W PackageParsing: at com.tencent.threadpool.j.c.dispatchMessage(SourceFile:247)
03-07 17:02:09.287 4946 5021 W PackageParsing: at com.tencent.mm.sdk.platformtools.MMHandler$3.dispatchMessage(SourceFile:444)
03-07 17:02:09.287 4946 5021 W PackageParsing: at com.tencent.threadpool.j.c$1.dispatchMessage(SourceFile:37)
03-07 17:02:09.287 4946 5021 W PackageParsing: at com.tencent.threadpool.j.c$a.run(SourceFile:474)
03-07 17:02:09.287 4946 5021 W PackageParsing: at java.util.concurrent.Executors$RunnableAdapter.call(Executors.java:462)
03-07 17:02:09.287 4946 5021 W PackageParsing: at java.util.concurrent.FutureTask.run(FutureTask.java:266)
03-07 17:02:09.287 4946 5021 W PackageParsing: at com.tencent.threadpool.i.k.run(SourceFile:8297)
03-07 17:02:09.287 4946 5021 W PackageParsing: at com.tencent.threadpool.j.e.run(SourceFile:52)
03-07 17:02:09.287 4946 5021 W PackageParsing: at java.util.concurrent.ThreadPoolExecutor.runWorker(ThreadPoolExecutor.java:1167)
03-07 17:02:09.287 4946 5021 W PackageParsing: at java.util.concurrent.ThreadPoolExecutor$Worker.run(ThreadPoolExecutor.java:641)
03-07 17:02:09.287 4946 5021 W PackageParsing: at com.tencent.threadpool.c.a$3.run(SourceFile:52)
03-07 17:02:09.287 4946 5021 W PackageParsing: at java.lang.Thread.run(Thread.java:920)
03-07 17:02:09.290 4946 5021 W PackageParsing: Failed to parse /data/user/0/com.tencent.mm/MicroMsg/WebNetFile/8845c92e2d2e2161f8a4ad73a27bf3e0
03-07 17:02:09.290 4946 5021 W PackageParsing: java.io.FileNotFoundException: AndroidManifest.xml
03-07 17:02:09.290 4946 5021 W PackageParsing: at android.content.res.ApkAssets.nativeOpenXml(Native Method)
03-07 17:02:09.290 4946 5021 W PackageParsing: at android.content.res.ApkAssets.openXml(ApkAssets.java:379)
03-07 17:02:09.290 4946 5021 W PackageParsing: at android.content.pm.parsing.ApkLiteParseUtils.parseApkLiteInner(ApkLiteParseUtils.java:302)
03-07 17:02:09.290 4946 5021 W PackageParsing: at android.content.pm.parsing.ApkLiteParseUtils.parseApkLite(ApkLiteParseUtils.java:269)
03-07 17:02:09.290 4946 5021 W PackageParsing: at android.content.pm.parsing.ApkLiteParseUtils.parseMonolithicPackageLite(ApkLiteParseUtils.java:99)
03-07 17:02:09.290 4946 5021 W PackageParsing: at android.content.pm.parsing.ParsingPackageUtils.parseMonolithicPackage(ParsingPackageUtils.java:430)
03-07 17:02:09.290 4946 5021 W PackageParsing: at android.content.pm.parsing.ParsingPackageUtils.parsePackage(ParsingPackageUtils.java:346)
03-07 17:02:09.290 4946 5021 W PackageParsing: at android.content.pm.parsing.ParsingPackageUtils.parseDefault(ParsingPackageUtils.java:277)
03-07 17:02:09.290 4946 5021 W PackageParsing: at android.app.ApplicationPackageManager.getPackageArchiveInfo(ApplicationPackageManager.java:2116)
03-07 17:02:09.290 4946 5021 W PackageParsing: at com.tencent.mm.pluginsdk.model.app.x.brp(SourceFile:218)
03-07 17:02:09.290 4946 5021 W PackageParsing: at com.tencent.mm.plugin.downloader.model.f.arD(SourceFile:633)
03-07 17:02:09.290 4946 5021 W PackageParsing: at com.tencent.mm.plugin.downloader.model.f.w(SourceFile:556)
03-07 17:02:09.290 4946 5021 W PackageParsing: at com.tencent.mm.plugin.downloader.model.FileDownloadService.onHandleIntent(SourceFile:1108)
03-07 17:02:09.290 4946 5021 W PackageParsing: at com.tencent.mm.service.MMIntentService$a.handleMessage(SourceFile:31)
03-07 17:02:09.290 4946 5021 W PackageParsing: at com.tencent.mm.sdk.platformtools.MMHandler$3.handleMessage(SourceFile:456)
03-07 17:02:09.290 4946 5021 W PackageParsing: at com.tencent.threadpool.j.c.dispatchMessage(SourceFile:247)
03-07 17:02:09.290 4946 5021 W PackageParsing: at com.tencent.mm.sdk.platformtools.MMHandler$3.dispatchMessage(SourceFile:444)
03-07 17:02:09.290 4946 5021 W PackageParsing: at com.tencent.threadpool.j.c$1.dispatchMessage(SourceFile:37)
03-07 17:02:09.290 4946 5021 W PackageParsing: at com.tencent.threadpool.j.c$a.run(SourceFile:474)
03-07 17:02:09.290 4946 5021 W PackageParsing: at java.util.concurrent.Executors$RunnableAdapter.call(Executors.java:462)
03-07 17:02:09.290 4946 5021 W PackageParsing: at java.util.concurrent.FutureTask.run(FutureTask.java:266)
03-07 17:02:09.290 4946 5021 W PackageParsing: at com.tencent.threadpool.i.k.run(SourceFile:8297)
03-07 17:02:09.290 4946 5021 W PackageParsing: at com.tencent.threadpool.j.e.run(SourceFile:52)
03-07 17:02:09.290 4946 5021 W PackageParsing: at java.util.concurrent.ThreadPoolExecutor.runWorker(ThreadPoolExecutor.java:1167)
03-07 17:02:09.290 4946 5021 W PackageParsing: at java.util.concurrent.ThreadPoolExecutor$Worker.run(ThreadPoolExecutor.java:641)
03-07 17:02:09.290 4946 5021 W PackageParsing: at com.tencent.threadpool.c.a$3.run(SourceFile:52)
03-07 17:02:09.290 4946 5021 W PackageParsing: at java.lang.Thread.run(Thread.java:920)
03-07 17:02:09.291 4946 5021 W PackageParsing: Failed to parse /data/user/0/com.tencent.mm/MicroMsg/WebNetFile/8845c92e2d2e2161f8a4ad73a27bf3e0
03-07 17:02:09.291 4946 5021 W PackageParsing: java.io.FileNotFoundException: AndroidManifest.xml
03-07 17:02:09.291 4946 5021 W PackageParsing: at android.content.res.ApkAssets.nativeOpenXml(Native Method)
03-07 17:02:09.291 4946 5021 W PackageParsing: at android.content.res.ApkAssets.openXml(ApkAssets.java:379)
03-07 17:02:09.291 4946 5021 W PackageParsing: at android.content.pm.parsing.ApkLiteParseUtils.parseApkLiteInner(ApkLiteParseUtils.java:302)
03-07 17:02:09.291 4946 5021 W PackageParsing: at android.content.pm.parsing.ApkLiteParseUtils.parseApkLite(ApkLiteParseUtils.java:269)
03-07 17:02:09.291 4946 5021 W PackageParsing: at android.content.pm.parsing.ApkLiteParseUtils.parseMonolithicPackageLite(ApkLiteParseUtils.java:99)
03-07 17:02:09.291 4946 5021 W PackageParsing: at android.content.pm.parsing.ParsingPackageUtils.parseMonolithicPackage(ParsingPackageUtils.java:430)
03-07 17:02:09.291 4946 5021 W PackageParsing: at android.content.pm.parsing.ParsingPackageUtils.parsePackage(ParsingPackageUtils.java:346)
03-07 17:02:09.291 4946 5021 W PackageParsing: at android.content.pm.parsing.ParsingPackageUtils.parseDefault(ParsingPackageUtils.java:277)
03-07 17:02:09.291 4946 5021 W PackageParsing: at android.app.ApplicationPackageManager.getPackageArchiveInfo(ApplicationPackageManager.java:2116)
03-07 17:02:09.291 4946 5021 W PackageParsing: at com.tencent.mm.pluginsdk.model.app.x.brq(SourceFile:238)
03-07 17:02:09.291 4946 5021 W PackageParsing: at com.tencent.mm.plugin.downloader.model.f.w(SourceFile:10642)
03-07 17:02:09.291 4946 5021 W PackageParsing: at com.tencent.mm.plugin.downloader.model.FileDownloadService.onHandleIntent(SourceFile:1108)
03-07 17:02:09.291 4946 5021 W PackageParsing: at com.tencent.mm.service.MMIntentService$a.handleMessage(SourceFile:31)
03-07 17:02:09.291 4946 5021 W PackageParsing: at com.tencent.mm.sdk.platformtools.MMHandler$3.handleMessage(SourceFile:456)
03-07 17:02:09.291 4946 5021 W PackageParsing: at com.tencent.threadpool.j.c.dispatchMessage(SourceFile:247)
03-07 17:02:09.291 4946 5021 W PackageParsing: at com.tencent.mm.sdk.platformtools.MMHandler$3.dispatchMessage(SourceFile:444)
03-07 17:02:09.291 4946 5021 W PackageParsing: at com.tencent.threadpool.j.c$1.dispatchMessage(SourceFile:37)
03-07 17:02:09.291 4946 5021 W PackageParsing: at com.tencent.threadpool.j.c$a.run(SourceFile:474)
03-07 17:02:09.291 4946 5021 W PackageParsing: at java.util.concurrent.Executors$RunnableAdapter.call(Executors.java:462)
03-07 17:02:09.291 4946 5021 W PackageParsing: at java.util.concurrent.FutureTask.run(FutureTask.java:266)
03-07 17:02:09.291 4946 5021 W PackageParsing: at com.tencent.threadpool.i.k.run(SourceFile:8297)
03-07 17:02:09.291 4946 5021 W PackageParsing: at com.tencent.threadpool.j.e.run(SourceFile:52)
03-07 17:02:09.291 4946 5021 W PackageParsing: at java.util.concurrent.ThreadPoolExecutor.runWorker(ThreadPoolExecutor.java:1167)
03-07 17:02:09.291 4946 5021 W PackageParsing: at java.util.concurrent.ThreadPoolExecutor$Worker.run(ThreadPoolExecutor.java:641)
03-07 17:02:09.291 4946 5021 W PackageParsing: at com.tencent.threadpool.c.a$3.run(SourceFile:52)
03-07 17:02:09.291 4946 5021 W PackageParsing: at java.lang.Thread.run(Thread.java:920)
03-07 17:02:09.292 4946 5021 W PackageParsing: Failed to parse /data/user/0/com.tencent.mm/MicroMsg/WebNetFile/8845c92e2d2e2161f8a4ad73a27bf3e0
03-07 17:02:09.292 4946 5021 W PackageParsing: java.io.FileNotFoundException: AndroidManifest.xml
03-07 17:02:09.292 4946 5021 W PackageParsing: at android.content.res.ApkAssets.nativeOpenXml(Native Method)
03-07 17:02:09.292 4946 5021 W PackageParsing: at android.content.res.ApkAssets.openXml(ApkAssets.java:379)
03-07 17:02:09.292 4946 5021 W PackageParsing: at android.content.pm.parsing.ApkLiteParseUtils.parseApkLiteInner(ApkLiteParseUtils.java:302)
03-07 17:02:09.292 4946 5021 W PackageParsing: at android.content.pm.parsing.ApkLiteParseUtils.parseApkLite(ApkLiteParseUtils.java:269)
03-07 17:02:09.292 4946 5021 W PackageParsing: at android.content.pm.parsing.ApkLiteParseUtils.parseMonolithicPackageLite(ApkLiteParseUtils.java:99)
03-07 17:02:09.292 4946 5021 W PackageParsing: at android.content.pm.parsing.ParsingPackageUtils.parseMonolithicPackage(ParsingPackageUtils.java:430)
03-07 17:02:09.292 4946 5021 W PackageParsing: at android.content.pm.parsing.ParsingPackageUtils.parsePackage(ParsingPackageUtils.java:346)
03-07 17:02:09.292 4946 5021 W PackageParsing: at android.content.pm.parsing.ParsingPackageUtils.parseDefault(ParsingPackageUtils.java:277)
03-07 17:02:09.292 4946 5021 W PackageParsing: at android.app.ApplicationPackageManager.getPackageArchiveInfo(ApplicationPackageManager.java:2116)
03-07 17:02:09.292 4946 5021 W PackageParsing: at com.tencent.mm.pluginsdk.model.app.x.brq(SourceFile:238)
03-07 17:02:09.292 4946 5021 W PackageParsing: at com.tencent.mm.plugin.downloader.model.f.w(SourceFile:10644)
03-07 17:02:09.292 4946 5021 W PackageParsing: at com.tencent.mm.plugin.downloader.model.FileDownloadService.onHandleIntent(SourceFile:1108)
