03-07 17:02:35.467 8381 8381 D app_process: Time zone APEX ICU file found: /apex/com.android.tzdata/etc/icu/icu_tzdata.dat
03-07 17:02:35.467 8381 8381 D app_process: I18n APEX ICU file found: /apex/com.android.i18n/etc/icu/icudt68l.dat
03-07 17:02:35.513 8381 8381 D Build : ro.build.display.id=01.00.0080.X101_userdebug
03-07 17:02:35.521 8381 8381 D ProcessState: Binder ioctl to enable oneway spam detection failed: Invalid argument
03-07 17:02:35.521 8381 8381 D AndroidRuntime: Calling main entry ink.anl.Server
01-02 07:17:10.090 0 0 I binder : 8381:8381 ioctl 40046210 7ff9496e84 returned -22
03-07 17:02:35.522 8381 8381 I anlink : Device: TC figure (Android 12)
03-07 17:02:35.579 8381 8381 D MtpDeviceJNI: register_android_mtp_MtpDevice
03-07 17:02:35.594 8381 8381 W VideoCapabilities: Unsupported mime image/vnd.android.heic
03-07 17:02:35.595 8381 8381 W VideoCapabilities: Unrecognized profile/level 0/3 for video/mpeg2
03-07 17:02:35.596 8381 8381 W VideoCapabilities: Unrecognized profile/level 0/3 for video/mpeg2
03-07 17:02:35.602 8381 8381 I anlink : Available encoder,OMX.qcom.video.encoder.avc,c2.android.avc.encoder,OMX.google.h264.encoder,c2.qti.avc.encoder
03-07 17:02:35.604 8381 8381 D MediaCodecList: codecHandlesFormat: no format, so no extra checks
03-07 17:02:35.604 8381 8381 D MediaCodecList: codecHandlesFormat: no format, so no extra checks
03-07 17:02:35.605 8381 8381 D MediaCodecList: codecHandlesFormat: no format, so no extra checks
03-07 17:02:35.605 8381 8381 D MediaCodecList: codecHandlesFormat: no format, so no extra checks
01-02 07:17:10.184 0 0 I binder : 8381:8402 ioctl 40046210 788f4a4484 returned -22
03-07 17:02:35.615 8381 8402 D hw-ProcessState: Binder ioctl to enable oneway spam detection failed: Invalid argument
03-07 17:02:35.626 8381 8402 I OMXClient: IOmx service obtained
03-07 17:02:35.627 1324 1375 I OMXMaster: makeComponentInstance(OMX.qcom.video.encoder.avc) in android.hardwar process
03-07 17:02:35.657 1324 1375 I android.hardware.media.omx@1.0-service: vendor/qcom/proprietary/adsprpc/src/rpcmem_android.c:159: rpcmem_init_internal: opened ION device fd 7, configured heap IDs: system (0x2000000), contig (0x400000), secure (0x200), secure flags (0x80080000)
03-07 17:02:35.657 1324 1375 I android.hardware.media.omx@1.0-service: vendor/qcom/proprietary/adsprpc/src/fastrpc_apps_user.c:3087: fastrpc_apps_user_init done with default domain:3 and &fastrpc_trace:0xe8339c1c
03-07 17:02:35.670 1324 1375 D PlatformConfig: getInstance: Enter
03-07 17:02:35.670 1324 1375 D PlatformConfig: getInt32 Config name: vidc_perf_control_enable value: 0
03-07 17:02:35.670 1324 1375 D PlatformConfig: getInstance: Enter
03-07 17:02:35.670 1324 1375 D PlatformConfig: getInt32: Returning default
03-07 17:02:35.670 1324 1375 D PlatformConfig: getInstance: Enter
03-07 17:02:35.671 1324 1375 D PlatformConfig: getInt32 Config name: vidc_enc_log_in value: 0
03-07 17:02:35.671 1324 1375 D PlatformConfig: getInstance: Enter
03-07 17:02:35.671 1324 1375 D PlatformConfig: getInt32 Config name: vidc_enc_log_out value: 0
03-07 17:02:35.671 1324 1375 D PlatformConfig: getInstance: Enter
03-07 17:02:35.671 1324 1375 D PlatformConfig: getInt32 Config name: vidc_enc_csc_custom_matrix value: 0
03-07 17:02:35.671 1324 1375 D PlatformConfig: getInstance: Enter
03-07 17:02:35.671 1324 1375 D PlatformConfig: getInt32 Config name: vidc_enc_auto_blur_disable value: 0
03-07 17:02:35.671 1324 1375 D PlatformConfig: getInstance: Enter
03-07 17:02:35.671 1324 1375 D PlatformConfig: getInt32: Returning default
03-07 17:02:35.671 1324 1375 D PlatformConfig: getInstance: Enter
03-07 17:02:35.671 1324 1375 D PlatformConfig: getInt32 Config name: vidc_enc_linear_color_format value: 0
03-07 17:02:35.671 1324 1375 D PlatformConfig: getInstance: Enter
03-07 17:02:35.671 1324 1375 D PlatformConfig: getInt32 Config name: vidc_enc_bitrate_savings_enable value: 3
03-07 17:02:35.671 1324 1375 D PlatformConfig: getInstance: Enter
03-07 17:02:35.671 1324 1375 D PlatformConfig: getInt32 Config name: vidc_enc_quality_boost_enable value: 1
01-02 07:17:10.247 0 0 I msm_vidc: high: 00000001: ....e: Opening video instance: ffffffd9a9670000, 0
03-07 17:02:35.689 1324 1375 I OMX-VENC: Component_init : OMX.qcom.video.encoder.avc : return = 0x0
03-07 17:02:35.693 8395 8395 D AndroidRuntime: >>>>>> START com.android.internal.os.RuntimeInit uid 0 <<<<<<
03-07 17:02:35.705 8395 8395 I AndroidRuntime: Using default boot image
03-07 17:02:35.705 8381 8381 D CodecSeeding: Seed: codec OMX.qcom.video.encoder.avc, mediatype video/avc, overrideable 1
03-07 17:02:35.705 8395 8395 I AndroidRuntime: Leaving lock profiling enabled
03-07 17:02:35.705 8381 8381 D CodecProperties: setTuningValue(vq-target-bpp,0)
03-07 17:02:35.705 8381 8381 D CodecProperties: setTuningValue(vq-target-bpp-1080p,1.90)
03-07 17:02:35.705 8381 8381 D CodecProperties: setTuningValue(vq-target-bpp-720p,2.25)
03-07 17:02:35.705 8381 8381 D CodecProperties: setTuningValue(vq-target-bpp-540p,2.65)
03-07 17:02:35.705 8381 8381 D CodecProperties: setTuningValue(vq-target-bpp-480p,3.00)
03-07 17:02:35.705 8381 8381 D CodecProperties: setTuningValue(vq-target-bpp-320x240,0)
03-07 17:02:35.705 8381 8381 D CodecProperties: setTuningValue(vq-target-qpmax,-1)
03-07 17:02:35.705 8381 8381 D CodecProperties: setTuningValue(vq-target-qpmax-1080p,45)
03-07 17:02:35.705 8381 8381 D CodecProperties: setTuningValue(vq-target-qpmax-720p,43)
03-07 17:02:35.705 8381 8381 D CodecProperties: setTuningValue(vq-target-qpmax-540p,42)
03-07 17:02:35.705 8381 8381 D CodecProperties: setTuningValue(vq-target-qpmax-480p,38)
03-07 17:02:35.706 8381 8381 D CodecProperties: setTuningValue(vq-bitrate-phaseout,1.75)
03-07 17:02:35.706 8381 8381 D CodecProperties: setTuningValue(vq-boost-missing-qp,0.20)
03-07 17:02:35.706 8381 8381 D CodecProperties: setFeatureValue(_vq_eligible.device,1)
03-07 17:02:35.706 8381 8381 D CodecProperties: setFeatureValue(_quality.target,1)
03-07 17:02:35.706 8381 8381 D CodecSeeding: Seed: codec OMX.qcom.video.encoder.avc, mediatype video/avc, overrideable 0
03-07 17:02:35.706 8381 8381 D MediaCodec: shapeMediaFormat: deltas(1): AMessage(what = 0x00000000) = {
03-07 17:02:35.706 8381 8381 D MediaCodec: int32_t android._encoding-quality-level = 0
03-07 17:02:35.706 8381 8381 D MediaCodec: }
03-07 17:02:35.708 8395 8395 W app_process: ART APEX data files are untrusted.
03-07 17:02:35.708 8395 8395 I app_process: Core platform API reporting enabled, enforcing=false
03-07 17:02:35.724 1324 1375 I OMX-VENC: WARN: Enable/Disable allocate-native-handle allowed only in secure session
03-07 17:02:35.725 1324 1375 E OMXNodeInstance: setParameter(0xe8588134:qcom.encoder.avc, OMX.google.android.index.allocateNativeHandle(0x7f00005d): Input:0 en=0) ERROR: UnsupportedSetting(0x80001019)
03-07 17:02:35.725 1324 1375 I OMX-VENC: WARN: Enable/Disable allocate-native-handle allowed only in secure session
03-07 17:02:35.725 1324 1375 E OMXNodeInstance: setParameter(0xe8588134:qcom.encoder.avc, OMX.google.android.index.allocateNativeHandle(0x7f00005d): Output:1 en=0) ERROR: UnsupportedSetting(0x80001019)
03-07 17:02:35.725 1324 1375 I OMX-VENC: WARN: set_parameter: metamode is valid for input port only
03-07 17:02:35.725 1324 1375 W OMXNodeInstance: [0xe8588134:qcom.encoder.avc] component does not support metadata mode; using fallback
03-07 17:02:35.725 8381 8402 I ExtendedACodec: setupVideoEncoder()
03-07 17:02:35.727 8381 8402 W OMXUtils: do not know color format 0x7fa30c06 = 2141391878
03-07 17:02:35.728 8381 8402 W OMXUtils: do not know color format 0x7fa30c04 = 2141391876
03-07 17:02:35.729 8381 8402 W OMXUtils: do not know color format 0x7fa30c00 = 2141391872
03-07 17:02:35.730 8381 8402 W OMXUtils: do not know color format 0x7fa30c09 = 2141391881
03-07 17:02:35.731 8381 8402 W OMXUtils: do not know color format 0x7fa30c0a = 2141391882
03-07 17:02:35.732 8381 8402 W OMXUtils: do not know color format 0x7fa30c08 = 2141391880
03-07 17:02:35.735 8381 8402 W OMXUtils: do not know color format 0x7fa30c07 = 2141391879
03-07 17:02:35.737 8381 8402 W OMXUtils: do not know color format 0x7f000789 = 2130708361
03-07 17:02:35.738 1324 2239 I OMX-VENC: venc_dev: WARN: Unsupported eColorFormat 0x7f000789
03-07 17:02:35.740 1324 2239 I OMX-VENC: venc_dev: v4l2 profile : 1 flags : 131095
03-07 17:02:35.740 1324 2239 I OMX-VENC: venc_dev: v4l2 profile : 0 flags : 131095
03-07 17:02:35.741 1324 2239 I OMX-VENC: venc_dev: v4l2 profile : 2 flags : 131095
03-07 17:02:35.741 1324 2239 I OMX-VENC: venc_dev: v4l2 profile : 17 flags : 131095
03-07 17:02:35.741 1324 2239 I OMX-VENC: venc_dev: v4l2 profile : 4 flags : 131095
03-07 17:02:35.741 8381 8402 I ACodec : setupAVCEncoderParameters with [profile: High] [level: Level1]
03-07 17:02:35.743 8381 8402 I ACodec : [OMX.qcom.video.encoder.avc] cannot encode HDR static metadata. Ignoring.
03-07 17:02:35.743 8381 8402 I ACodec : setupVideoEncoder succeeded
03-07 17:02:35.743 8381 8402 I ExtendedACodec: [OMX.qcom.video.encoder.avc] configure, AMessage : AMessage(what = 'conf', target = 1) = {
03-07 17:02:35.743 8381 8402 I ExtendedACodec: float max-fps-to-encoder = 60.000000
03-07 17:02:35.743 8381 8402 I ExtendedACodec: int32_t color-format = 2130708361
03-07 17:02:35.743 8381 8402 I ExtendedACodec: int32_t i-frame-interval = 10
03-07 17:02:35.743 8381 8402 I ExtendedACodec: string mime = "video/avc"
03-07 17:02:35.743 8381 8402 I ExtendedACodec: int32_t width = 1920
03-07 17:02:35.743 8381 8402 I ExtendedACodec: int32_t bitrate = 16000000
03-07 17:02:35.743 8381 8402 I ExtendedACodec: int32_t frame-rate = 60
03-07 17:02:35.743 8381 8402 I ExtendedACodec: int64_t repeat-previous-frame-after = 100000
03-07 17:02:35.743 8381 8402 I ExtendedACodec: int32_t height = 824
03-07 17:02:35.743 8381 8402 I ExtendedACodec: int32_t android._encoding-quality-level = 0
03-07 17:02:35.743 8381 8402 I ExtendedACodec: int32_t flags = 1
03-07 17:02:35.743 8381 8402 I ExtendedACodec: int32_t encoder = 1
03-07 17:02:35.743 8381 8402 I ExtendedACodec: }
03-07 17:02:35.744 8381 8402 W OMXUtils: do not know color format 0x7f000789 = 2130708361
03-07 17:02:35.745 1324 2239 E OMX-VENC: ERROR: unsupported index 1870659589
03-07 17:02:35.745 1324 2239 E OMXNodeInstance: getConfig(0xe8588134:qcom.encoder.avc, ConfigLatency(0x6f800005)) ERROR: UnsupportedIndex(0x8000101a)
03-07 17:02:35.753 1002 1632 I commit_sys_config_file: [settings-0-0,11]
03-07 17:02:35.764 1324 2239 E OMXNodeInstance: getConfig(0xe8588134:qcom.encoder.avc, ??(0x7f000062)) ERROR: UnsupportedSetting(0x80001019)
03-07 17:02:35.768 1324 2239 I OMX-VENC: venc_dev: venc_get_consumer_usage 0x10000000
03-07 17:02:35.768 1324 2239 D GraphicBufferSource: setting dataspace: 0x104, acquired=0
03-07 17:02:35.769 1324 2239 I OMX-VENC: venc_dev: venc_get_consumer_usage 0x10000000
03-07 17:02:35.769 1324 2239 D GraphicBufferSource: requesting color aspects (R:2(Limited), P:1(BT709_5), M:1(BT709_5), T:3(SMPTE170M))
03-07 17:02:35.803 1068 1068 W H2BGraphicBufferProducer: getConsumerUsage is not fully supported
03-07 17:02:35.806 961 3420 I libdisplayconfigqti: Register client name: anlink1068 device client: 0xb400006d8e66b760
03-07 17:02:35.807 1068 1068 I CompositionEngine: Display::setConfiguration: mDisplayExtnIntf: 0xb400007ae5560c90
03-07 17:02:35.827 8395 8395 D app_process: Time zone APEX ICU file found: /apex/com.android.tzdata/etc/icu/icu_tzdata.dat
03-07 17:02:35.827 8395 8395 D app_process: I18n APEX ICU file found: /apex/com.android.i18n/etc/icu/icudt68l.dat
03-07 17:02:35.828 505 505 I hwservicemanager: getTransport: Cannot find entry android.hardware.graphics.allocator@4.0::IAllocator/default in either framework or device VINTF manifest.
03-07 17:02:35.829 1324 2239 W Gralloc4: allocator 3.x is not supported
03-07 17:02:35.863 8395 8395 D Build : ro.build.display.id=01.00.0080.X101_userdebug
03-07 17:02:35.870 8395 8395 D ProcessState: Binder ioctl to enable oneway spam detection failed: Invalid argument
03-07 17:02:35.870 8395 8395 D AndroidRuntime: Calling main entry ink.anl.CleanUp
01-02 07:17:10.439 0 0 I binder : 8395:8395 ioctl 40046210 7fe4d47044 returned -22
03-07 17:02:35.891 1304 3584 W ResourceManagerService: Ignoring request to add new resource entry with value <= 0
03-07 17:02:35.891 1324 8404 D GraphicBufferSource: got buffer with new dataSpace #104
03-07 17:02:35.896 1324 8406 I OMX-VENC: get_config (dataspace changed): ColorSpace: Recommend 601 for RGBA8888
03-07 17:02:35.897 1324 8406 D OMXNodeInstance: Codec resolved it to (R:2(??), P:3(??), M:3(??), T:3(??)) err=0(NO_ERROR)
03-07 17:02:35.897 1324 8404 W C2DColorConvert: calcYSize: Format not supported , 6
03-07 17:02:35.897 1324 8406 E OMXNodeInstance: setConfig(0xe8588134:qcom.encoder.avc, ??(0x7f000062)) ERROR: UnsupportedSetting(0x80001019)
03-07 17:02:35.897 8381 8402 D ACodec : dataspace changed to 0x10c10000 (R:2(Limited), P:3(BT601_6_625), M:3(BT601_6), T:3(SMPTE170M)) (R:2(Limited), S:2(BT601_625), T:3(SMPTE_170M))
03-07 17:02:36.281 650 660 I mpu_uart: [MSG-P:RECV]:No message received in 1000 ms
03-07 17:02:36.295 0 0 I auditd : type=1400 audit(0.0:2138): avc: denied { kill } for comm="swapper/1" capability=5 scontext=u:r:kernel:s0 tcontext=u:r:kernel:s0 tclass=capability permissive=1
03-07 17:02:36.295 0 0 I swapper/1: type=1400 audit(0.0:2138): avc: denied { kill } for capability=5 scontext=u:r:kernel:s0 tcontext=u:r:kernel:s0 tclass=capability permissive=1
01-02 07:17:11.277 0 0 E DTC_ETH,link_delay_work_func: 3003, SQI=0, link=0
03-07 17:02:37.282 650 660 I mpu_uart: [MSG-P:RECV]:No message received in 1000 ms
03-07 17:02:37.309 4946 8432 I mars::cdn: [connection_factory.cc:340, GetOrCreateTCPConnection]:cdntask 23 take conn 0x7d76e39028(568)@TCP from cache.
03-07 17:02:37.310 4946 8432 I mars::cdn: [taskbase.cc:1076, OnMainConnectionEnstablished]:cdntask 23 connect ok:183.255.109.219:443 [TCP] source CACHE, prev addr:0.0.0.0:0, proxyaddr:0.0.0.0:0, cost:(0,0)
03-07 17:02:37.521 8437 8437 D ProcessState: Binder ioctl to enable oneway spam detection failed: Invalid argument
01-02 07:17:12.090 0 0 I binder : 8437:8437 ioctl 40046210 7fe7a9e2d4 returned -22
03-07 17:02:37.525 650 659 I mpu_uart: [MSG-P:R]:recv sync frame timeout
03-07 17:02:37.581 4946 8432 I mars::cdn: [connection_factory.cc:621, GetOrCreateFromExistConnection]:take conn 0x7d76ed9068(742)@TCP from cache.
03-07 17:02:37.595 4946 5343 I OpenGLRenderer: Davey! duration=9223371195860ms; Flags=0, FrameTimelineVsyncId=25890, IntendedVsync=840994338459, Vsync=840994338459, InputEventId=0, HandleInputStart=840994763426, AnimationStart=840994764728, PerformTraversalsStart=840994765301, DrawStart=841021860509, FrameDeadline=841032338457, FrameInterval=840994758946, FrameStartTime=16666666, SyncQueued=841023768009, SyncStart=841023927801, IssueDrawCommandsStart=841025230040, SwapBuffers=841026437853, FrameCompleted=9223372036854775807, DequeueBufferDuration=15261, QueueBufferDuration=829115, GpuCompleted=9223372036854775807, SwapBuffersCompleted=841027546915, DisplayPresentTime=0,
03-07 17:02:37.603 1324 8405 I OMX-VENC: venc_dev: stats: avg. fps 7.18, bitrate 130971
03-07 17:02:37.954 4946 8432 I mars::cdn: [netchannel.cc:293, __RunReadWrite]:runloop rv 0 errtype 0 errcode 0 idling false
03-07 17:02:37.954 4946 8432 I mars::cdn: [netchannel.cc:871, __AfterRun]:cdntask 23 putback conn 0x7d76ed9068(742)@TCP to cache.
03-07 17:02:37.954 4946 8432 I mars::cdn: [netchannel.cc:871, __AfterRun]:cdntask 23 putback conn 0x7d76e39028(568)@TCP to cache.
03-07 17:02:38.282 650 660 I mpu_uart: [MSG-P:RECV]:No message received in 1000 ms
03-07 17:02:38.616 1324 8405 I OMX-VENC: venc_dev: stats: avg. fps 9.87, bitrate 158364
03-07 17:02:38.663 7793 7827 I nt.mm:appbrand: Explicit concurrent copying GC freed 16793(1239KB) AllocSpace objects, 10(9772KB) LOS objects, 24% free, 8086KB/10MB, paused 525us,98us total 132.869ms
03-07 17:02:38.663 1002 1695 W BestClock: java.time.DateTimeException: Missing NTP fix
03-07 17:02:38.666 674 674 I netd : trafficSwapActiveStatsMap() <2.05ms>
03-07 17:02:38.683 674 674 I netd : tetherGetStats() -> {[]} <5.21ms>
03-07 17:02:38.699 1002 1695 W BestClock: java.time.DateTimeException: Missing NTP fix
03-07 17:02:38.700 1002 1695 I netstats_mobile_sample: [0,0,0,0,0,0,0,0,0,0,0,0,1678179758699]
03-07 17:02:38.700 1002 1695 I netstats_wifi_sample: [176892680,131684,4175751,50869,176892680,131684,4175751,50869,177464470,136429,3570333,49165,1678179758699]
03-07 17:02:38.702 674 674 I netd : bandwidthSetGlobalAlert(2097152) <1.30ms>
03-07 17:02:38.706 1002 1696 W BestClock: java.time.DateTimeException: Missing NTP fix
03-07 17:02:38.707 1002 1696 W BestClock: java.time.DateTimeException: Missing NTP fix
03-07 17:02:39.283 650 660 I mpu_uart: [MSG-P:RECV]:No message received in 1000 ms
01-02 07:17:14.705 0 0 I msm_vidc: err : ffffffff: .....: DBLP Set: status 0
03-07 17:02:40.283 650 660 I mpu_uart: [MSG-P:RECV]:No message received in 1000 ms
03-07 17:02:40.529 650 659 I mpu_uart: [MSG-P:R]:recv sync frame timeout
03-07 17:02:41.283 650 660 I mpu_uart: [MSG-P:RECV]:No message received in 1000 ms
03-07 17:02:41.674 4946 8446 I mars::cdn: [connection_factory.cc:340, GetOrCreateTCPConnection]:cdntask 24 take conn 0x7d76e39028(568)@TCP from cache.
03-07 17:02:41.674 4946 8446 I mars::cdn: [taskbase.cc:1076, OnMainConnectionEnstablished]:cdntask 24 connect ok:183.255.109.219:443 [TCP] source CACHE, prev addr:0.0.0.0:0, proxyaddr:0.0.0.0:0, cost:(0,0)
01-02 07:17:16.397 0 0 E DTC_ETH,link_delay_work_func: 3003, SQI=0, link=0
03-07 17:02:41.915 4946 8446 I mars::cdn: [connection_factory.cc:621, GetOrCreateFromExistConnection]:take conn 0x7d76ed9068(742)@TCP from cache.
03-07 17:02:42.003 4946 5343 I OpenGLRenderer: Davey! duration=9223371191449ms; Flags=0, FrameTimelineVsyncId=26155, IntendedVsync=845405099643, Vsync=845405099643, InputEventId=0, HandleInputStart=845405632591, AnimationStart=845405634309, PerformTraversalsStart=845405635455, DrawStart=845430997070, FrameDeadline=845443099641, FrameInterval=845405626080, FrameStartTime=16666666, SyncQueued=845433363216, SyncStart=845433548893, IssueDrawCommandsStart=845437688111, SwapBuffers=845439222799, FrameCompleted=9223372036854775807, DequeueBufferDuration=15364, QueueBufferDuration=1001302, GpuCompleted=9223372036854775807, SwapBuffersCompleted=845440603528, DisplayPresentTime=0,
03-07 17:02:42.021 1324 8405 I OMX-VENC: venc_dev: stats: avg. fps 0.29, bitrate 1165
03-07 17:02:42.077 813 3438 E audio_hw_primary: out_write: error -5, cannot write stream data: I/O error
03-07 17:02:42.077 813 3438 D audio_hw_primary: out_standby: enter: stream (0xec300010) usecase(1: low-latency-playback)
01-02 07:17:16.652 0 0 E thermal cooling_device4: DTC_Fan: ERROR, avg(0) out of range(1680, 2800)
at stat(1)
03-07 17:02:42.183 1002 2813 W BestClock: java.time.DateTimeException: Missing NTP fix
03-07 17:02:42.185 674 674 I netd : trafficSwapActiveStatsMap() <1.52ms>
03-07 17:02:42.202 674 674 I netd : tetherGetStats() -> {[]} <6.84ms>
03-07 17:02:42.211 1002 2813 W BestClock: java.time.DateTimeException: Missing NTP fix
03-07 17:02:42.211 1002 2813 I netstats_mobile_sample: [0,0,0,0,0,0,0,0,0,0,0,0,1678179762211]
03-07 17:02:42.212 1002 2813 I netstats_wifi_sample: [178669248,132990,4246116,51768,178657704,132982,4245864,51762,179181325,137715,3626284,50006,1678179762211]
03-07 17:02:42.214 1002 1696 W BestClock: java.time.DateTimeException: Missing NTP fix
03-07 17:02:42.216 1002 1696 W BestClock: java.time.DateTimeException: Missing NTP fix
03-07 17:02:42.284 650 660 I mpu_uart: [MSG-P:RECV]:No message received in 1000 ms
01-02 07:17:16.860 0 0 E msm_pcm_playback_close: CMD_EOS failed, cmd_pending 0x8
01-02 07:17:16.874 0 0 I afe_close: port_id = 0x9000
03-07 17:02:42.310 813 3438 D audio_hw_primary: disable_audio_route: reset and update mixer path: low-latency-playback
03-07 17:02:42.311 813 3438 E soundtrigger: audio_extn_sound_trigger_update_stream_status: invalid input device 0x0, for event 2
03-07 17:02:42.311 813 3438 D soundtrigger: audio_extn_sound_trigger_update_stream_status: uc_info->id 1 of type 0 for Event 2, with Raise=0
03-07 17:02:42.311 813 3438 D msm8974_platform: platform_split_snd_device: snd_device(2) num devices(0) new_snd_devices(0)
03-07 17:02:42.311 813 3438 I msm8974_platform: platform_get_custom_mtmx_params: no matching param with id 0 ip_ch 2 op_ch 2 uc_id 1 snd_dev 2
03-07 17:02:42.311 813 3438 D hardware_info: hw_info_append_hw_type : device_name = speaker
03-07 17:02:42.311 813 3438 D audio_hw_primary: disable_snd_device: snd_device(2: speaker)
03-07 17:02:42.311 813 3438 D msm8974_platform: platform_split_snd_device: snd_device(2) num devices(0) new_snd_devices(0)
03-07 17:02:42.311 813 3438 I soundtrigger: audio_extn_sound_trigger_update_device_status: device 0x2 of type 0 for Event 0, with Raise=0
03-07 17:02:42.311 813 3438 D audio_hw_primary: out_standby: exit
03-07 17:02:42.316 813 3438 D audio_hw_primary: start_output_stream: enter: stream(0xec300010)usecase(1: low-latency-playback) devices(0x2) is_haptic_usecase(0)
03-07 17:02:42.316 813 3438 D audio_hw_primary: select_devices for use case (low-latency-playback)
03-07 17:02:42.317 813 3438 I msm8974_platform: platform_check_and_set_codec_backend_cfg:becf: afe: bitwidth 16, samplerate 48000 channels 2, backend_idx 0 usecase = 1 device (speaker)
03-07 17:02:42.317 813 3438 D msm8974_platform: platform_split_snd_device: snd_device(2) num devices(1) new_snd_devices(0)
03-07 17:02:42.317 813 3438 I msm8974_platform: platform_check_and_set_codec_backend_cfg: new_snd_devices[0] is 2
03-07 17:02:42.317 813 3438 I msm8974_platform: platform_check_codec_backend_cfg:becf: afe: bitwidth 16, samplerate 48000 channels 2, backend_idx 0 usecase = 1 device (speaker)
03-07 17:02:42.318 813 3438 D audio_hw_extn: audio_extn_enable_hifi_filter: mixer_value set 0
03-07 17:02:42.318 813 3438 D msm8974_platform: platform_check_codec_backend_cfg:becf: updated afe: bitwidth 16, samplerate 48000 channels 2,backend_idx 0 usecase = 1 device (speaker)
03-07 17:02:42.318 813 3438 D msm8974_platform: platform_check_codec_backend_cfg:becf: afe: playback on codec device not supporting native playback set default Sample Rate(48k)
03-07 17:02:42.318 813 3438 I msm8974_platform: platform_check_codec_backend_cfg:becf: afe: Codec selected backend: 0 updated bit width: 16 and sample rate: 48000
03-07 17:02:42.318 813 3438 D audio_hw_primary: check_usecases_codec_backend:becf: force routing 0
03-07 17:02:42.318 813 3438 E msm8974_platform: platform_check_backends_match: Invalid snd_device =
03-07 17:02:42.319 813 3438 D audio_hw_primary: check_usecases_codec_backend:becf: (78) check_usecases curr device: speaker, usecase device: backends match 0
03-07 17:02:42.319 813 3438 D audio_hw_primary: check_usecases_codec_backend:becf: check_usecases num.of Usecases to switch 0
03-07 17:02:42.319 813 3438 D hardware_info: hw_info_append_hw_type : device_name = speaker
03-07 17:02:42.319 813 3438 D msm8974_platform: platform_split_snd_device: snd_device(2) num devices(0) new_snd_devices(0)
03-07 17:02:42.319 813 3438 D audio_hw_primary: enable_snd_device: snd_device(2: speaker)
03-07 17:02:42.319 813 3438 D msm8974_platform: platform_get_island_cfg_on_device:island cfg status on snd_device = (speaker 0)
03-07 17:02:42.319 813 3438 I soundtrigger: audio_extn_sound_trigger_update_device_status: device 0x2 of type 0 for Event 1, with Raise=0
03-07 17:02:42.319 813 3438 D audio_route: Apply path: speaker
03-07 17:02:42.319 813 3438 I audio_hw_utils: audio_extn_utils_update_stream_output_app_type_cfg Allowing 24 and above bits playback on speaker ONLY at default sampling rate
03-07 17:02:42.319 813 3438 E soundtrigger: audio_extn_sound_trigger_update_stream_status: invalid input device 0x0, for event 3
03-07 17:02:42.319 813 3438 D soundtrigger: audio_extn_sound_trigger_update_stream_status: uc_info->id 1 of type 0 for Event 3, with Raise=0
03-07 17:02:42.319 813 3438 D audio_hw_utils: audio_extn_utils_send_app_type_cfg: usecase->out_snd_device speaker
03-07 17:02:42.319 813 3438 D msm8974_platform: platform_split_snd_device: snd_device(2) num devices(0) new_snd_devices(0)
03-07 17:02:42.319 813 3438 D audio_hw_utils: audio_extn_btsco_get_sample_rate:Not a BT SCO device, need not update sampling rate
03-07 17:02:42.319 813 3438 I audio_hw_utils: send_app_type_cfg_for_device PLAYBACK app_type 69937, acdb_dev_id 15, sample_rate 48000, snd_device_be_idx 179
03-07 17:02:42.320 813 3438 D msm8974_platform: platform_split_snd_device: snd_device(2) num devices(1) new_snd_devices(0)
03-07 17:02:42.320 813 3438 D audio_hw_utils: audio_extn_btsco_get_sample_rate:Not a BT SCO device, need not update sampling rate
03-07 17:02:42.320 813 3438 D ACDB-LOADER: ACDB -> send_audio_cal, acdb_id = 15, path = 0, app id = 0x11131, sample rate = 48000, afe_sample_rate = 48000
03-07 17:02:42.320 813 3438 D ACDB-LOADER: ACDB -> send_asm_topology
03-07 17:02:42.320 813 3438 D ACDB-LOADER: ACDB -> ACDB_CMD_GET_AUDPROC_STREAM_TOPOLOGY_ID
03-07 17:02:42.320 813 3438 D ACDB-LOADER: ACDB -> send_adm_topology
03-07 17:02:42.320 813 3438 D ACDB-LOADER: ACDB -> ACDB_CMD_GET_AUDPROC_COMMON_TOPOLOGY_ID
03-07 17:02:42.320 813 3438 D ACDB-LOADER: ACDB -> send_audtable
03-07 17:02:42.320 813 3438 D ACDB-LOADER: ACDB -> ACDB_CMD_GET_AUDPROC_INSTANCE_COMMON_TABLE_SIZE
03-07 17:02:42.320 813 3438 D ACDB-LOADER: ACDB -> ACDB_CMD_GET_AUDPROC_INSTANCE_COMMON_TABLE
03-07 17:02:42.321 813 3438 D ACDB-LOADER: ACDB -> AUDIO_SET_AUDPROC_CAL cal_type[11] acdb_id[15] app_type[69937]
03-07 17:02:42.321 813 3438 D ACDB-LOADER: ACDB -> send_audvoltable
03-07 17:02:42.321 813 3438 D ACDB-LOADER: ACDB -> ACDB_CMD_GET_AUDPROC_INSTANCE_GAIN_DEP_STEP_TABLE_SIZE
03-07 17:02:42.321 813 3438 D ACDB-LOADER: ACDB -> ACDB_CMD_GET_AUDPROC_INSTANCE_GAIN_DEP_STEP_TABLE, vol index 5
03-07 17:02:42.321 813 3438 D ACDB-LOADER: ACDB -> AUDIO_SET_VOL_CAL cal type = 12
03-07 17:02:42.321 813 3438 D ACDB-LOADER: ACDB -> ACDB_CMD_GET_AUDPROC_INSTANCE_STREAM_TABLE_SIZE
03-07 17:02:42.321 813 3438 D ACDB-LOADER: ACDB -> send_audstrmtable
03-07 17:02:42.321 813 3438 D ACDB-LOADER: ACDB -> ACDB_CMD_GET_AUDPROC_INSTANCE_STREAM_TABLE
03-07 17:02:42.321 813 3438 D ACDB-LOADER: ACDB -> audstrm_cal->cal_type.cal_data.cal_size = 20
03-07 17:02:42.321 813 3438 D ACDB-LOADER: ACDB -> send_afe_topology
03-07 17:02:42.321 813 3438 D ACDB-LOADER: ACDB -> ACDB_CMD_GET_AFE_TOPOLOGY_ID
03-07 17:02:42.321 813 3438 D ACDB-LOADER: ACDB -> GET_AFE_TOPOLOGY_ID for adcd_id 15, Topology Id 112fc
03-07 17:02:42.321 813 3438 D ACDB-LOADER: ACDB -> send_afe_cal
03-07 17:02:42.321 813 3438 D ACDB-LOADER: ACDB -> ACDB_CMD_GET_AFE_INSTANCE_COMMON_TABLE_SIZE
03-07 17:02:42.321 813 3438 D android.hardware.audio.service: Failed to fetch the lookup information of the device 0000000F
03-07 17:02:42.322 813 3438 D ACDB-LOADER: Error: ACDB_CMD_GET_AFE_INSTANCE_COMMON_TABLE_SIZE Returned = -19
03-07 17:02:42.322 813 3438 D ACDB-LOADER: ACDB -> ACDB_CMD_GET_AFE_INSTANCE_COMMON_TABLE
03-07 17:02:42.322 813 3438 D android.hardware.audio.service: Failed to fetch the lookup information of the device 0000000F
03-07 17:02:42.322 813 3438 D ACDB-LOADER: Error: ACDB AFE returned = -19
03-07 17:02:42.322 813 3438 D ACDB-LOADER: ACDB -> AUDIO_SET_AFE_CAL cal_type[16] acdb_id[15]
03-07 17:02:42.322 813 3438 D ACDB-LOADER: ACDB -> send_hw_delay : acdb_id = 15 path = 0
03-07 17:02:42.322 813 3438 D ACDB-LOADER: ACDB -> ACDB_AVSYNC_INFO: ACDB_CMD_GET_DEVICE_PROPERTY
03-07 17:02:42.322 813 3438 D msm8974_platform: platform_split_snd_device: snd_device(2) num devices(0) new_snd_devices(0)
03-07 17:02:42.322 813 3438 I msm8974_platform: platform_get_custom_mtmx_params: no matching param with id 0 ip_ch 2 op_ch 2 uc_id 1 snd_dev 2
03-07 17:02:42.322 813 3438 D audio_hw_primary: enable_audio_route: apply mixer and update path: low-latency-playback
03-07 17:02:42.322 813 3438 D audio_route: Apply path: low-latency-playback
03-07 17:02:42.323 813 3438 D audio_hw_primary: select_devices: done
01-02 07:17:16.906 0 0 I afe_find_cal_topo_id_by_port: port id: 0x9000, dev_acdb_id: 0
01-02 07:17:16.913 0 0 I afe_find_cal_topo_id_by_port: top_id:112fc acdb_id:15 afe_port:0x9000
01-02 07:17:16.921 0 0 I afe_get_cal_topology_id: port_id = 0x9000 acdb_id = 15 topology_id = 0x112fc cal_type_index=8 ret=0
01-02 07:17:16.932 0 0 I afe_send_port_topology_id: AFE set topology id 0x112fc enable for port 0x9000 ret 0
01-02 07:17:16.941 0 0 I send_afe_cal_type: cal_index is 0
01-02 07:17:16.945 0 0 I send_afe_cal_type: dev_acdb_id[55] is 0
01-02 07:17:16.950 0 0 I send_afe_cal_type: Sending cal_index cal 0
01-02 07:17:16.956 0 0 E send_afe_cal_type: No cal sent for cal_index 0, port_id = 0x9000! ret -22
01-02 07:17:16.964 0 0 I afe_send_hw_delay: port_id 0x9000 rate 48000 delay_usec 474 status 0
03-07 17:02:42.421 813 3438 D msm8974_platform: platform_set_channel_map mixer_ctl_name:Playback Channel Map9
03-07 17:02:42.421 813 3438 D msm8974_platform: platform_set_channel_map: set mapping(1 2 0 0 0 0 0 0) for channel:2
03-07 17:02:42.424 813 3438 D audio_hw_primary: start_output_stream: exit
03-07 17:02:43.024 1324 8405 I OMX-VENC: venc_dev: stats: avg. fps 9.97, bitrate 139569
03-07 17:02:43.284 650 660 I mpu_uart: [MSG-P:RECV]:No message received in 1000 ms
03-07 17:02:43.295 1002 1695 W BestClock: java.time.DateTimeException: Missing NTP fix
03-07 17:02:43.296 674 674 I netd : trafficSwapActiveStatsMap() <0.81ms>
03-07 17:02:43.309 674 674 I netd : tetherGetStats() -> {[]} <5.45ms>
03-07 17:02:43.326 1002 1172 D CompatibilityInfo: mCompatibilityFlags - 4
03-07 17:02:43.326 1002 1172 D CompatibilityInfo: applicationDensity - 240
03-07 17:02:43.326 1002 1172 D CompatibilityInfo: applicationScale - 1.0
03-07 17:02:43.330 1002 1695 W BestClock: java.time.DateTimeException: Missing NTP fix
03-07 17:02:43.330 1002 1695 I netstats_mobile_sample: [0,0,0,0,0,0,0,0,0,0,0,0,1678179763330]
03-07 17:02:43.331 1002 1695 I netstats_wifi_sample: [185705107,137925,4369766,54405,185685083,137911,4369514,54399,186260373,142702,3752448,52666,1678179763330]
03-07 17:02:43.335 674 674 I netd : bandwidthSetGlobalAlert(2097152) <0.84ms>
03-07 17:02:43.338 1002 1696 W BestClock: java.time.DateTimeException: Missing NTP fix
03-07 17:02:43.339 1002 1696 W BestClock: java.time.DateTimeException: Missing NTP fix
03-07 17:02:43.460 4946 8446 I mars::cdn: [netchannel.cc:293, __RunReadWrite]:runloop rv 0 errtype 0 errcode 0 idling false
03-07 17:02:43.460 4946 8446 I mars::cdn: [netchannel.cc:871, __AfterRun]:cdntask 24 putback conn 0x7d76e61038(706)@TCP to cache.
03-07 17:02:43.460 4946 8446 I mars::cdn: [netchannel.cc:871, __AfterRun]:cdntask 24 putback conn 0x7d76eb1058(702)@TCP to cache.
03-07 17:02:43.460 4946 8446 I mars::cdn: [netchannel.cc:871, __AfterRun]:cdntask 24 putback conn 0x7d76ed9068(742)@TCP to cache.
03-07 17:02:43.460 4946 8446 I mars::cdn: [netchannel.cc:871, __AfterRun]:cdntask 24 putback conn 0x7d76e39028(568)@TCP to cache.
03-07 17:02:43.532 650 659 I mpu_uart: [MSG-P:R]:recv sync frame timeout
03-07 17:02:43.759 1002 1662 I input_interaction: Interaction with: Letterbox_right_ActivityRecord{6411d99 u0 com.tencent.mm/.ui.LauncherUI t19} (server), edge-swipe (server), swipe-up (server), PointerEventDispatcher0 (server),
03-07 17:02:43.932 4946 4956 I com.tencent.mm: Background concurrent copying GC freed 89282(6006KB) AllocSpace objects, 240(22MB) LOS objects, 31% free, 53MB/77MB, paused 45us,49us total 103.743ms
03-07 17:02:44.284 650 660 I mpu_uart: [MSG-P:RECV]:No message received in 1000 ms
03-07 17:02:44.378 1002 1662 I input_interaction: Interaction with: 307f844 StatusBar (server), edge-swipe (server), swipe-up (server), PointerEventDispatcher0 (server),
03-07 17:02:44.403 1983 1983 I sysui_multi_action: [757,803,799,panel_open,802,1]
03-07 17:02:44.407 1983 1983 I sysui_multi_action: [757,1328,758,4,1326,91,1327,1,1329,0]
03-07 17:02:44.551 1983 1983 D StatusBar: disable disable2
03-07 17:02:44.551 1002 2813 I sysui_multi_action: [757,127,758,1]
03-07 17:02:44.551 1002 2813 I sysui_multi_action: [757,804,799,note_load,801,3,802,1]
03-07 17:02:44.551 1002 2813 I notification_panel_revealed: 3
01-02 07:17:19.119 0 0 I msm_vidc: err : ffffffff: .....: DBLP Set: status 0
03-07 17:02:44.566 1002 1154 I input_focus: [Focus request d6d1c7b NotificationShade,reason=UpdateInputWindows]
03-07 17:02:44.582 1002 2813 I sysui_multi_action: [757,128,758,1,793,40955212,794,0,795,40955212,796,26,798,0,806,android,857,DEVELOPER_IMPORTANT,858,4,947,0,1395,3,1500,40954164,1688,1]
03-07 17:02:44.582 1002 2813 I sysui_multi_action: [757,804,799,note_freshness,801,40955212,802,1]
03-07 17:02:44.582 1002 2813 I notification_visibility: [-1|android|26|null|1000,1,40955212,40955212,0,0]
03-07 17:02:44.582 1002 2813 I sysui_multi_action: [757,128,758,1,793,40955038,794,0,795,40955038,796,55,798,1,806,android,857,DEVELOPER,858,2,947,0,1395,3,1500,40954163,1688,1]
03-07 17:02:44.582 1002 2813 I sysui_multi_action: [757,804,799,note_freshness,801,40955038,802,1]
03-07 17:02:44.582 1002 2813 I notification_visibility: [-1|android|55|null|1000,1,40955038,40955038,0,1]
03-07 17:02:44.582 1002 2813 I sysui_multi_action: [757,128,758,1,793,40958286,794,0,795,40958286,796,32,798,2,806,android,857,USB,858,1,947,0,1395,3,1500,40957899,1688,1]
03-07 17:02:44.582 1002 2813 I sysui_multi_action: [757,804,799,note_freshness,801,40958286,802,1]
03-07 17:02:44.583 1002 2813 I notification_visibility: [-1|android|32|null|1000,1,40958286,40958286,0,2]
03-07 17:02:44.595 1002 1662 I input_focus: [Focus leaving b7ba93a com.tencent.mm/com.tencent.mm.ui.LauncherUI (server),reason=setFocusedWindow]
03-07 17:02:44.595 1002 1662 I input_focus: [Focus entering d6d1c7b NotificationShade (server),reason=setFocusedWindow]
03-07 17:02:44.614 1324 8405 I OMX-VENC: venc_dev: stats: avg. fps 0.63, bitrate 22138
03-07 17:02:44.618 1983 1983 I sysui_multi_action: [757,111,758,1]
03-07 17:02:44.618 1983 1983 I sysui_multi_action: [757,126,758,1,759,126,927,0,928,1,1593,0]
03-07 17:02:44.618 1983 1983 I sysui_multi_action: [757,113,758,1,759,113,927,1,928,0,1593,0]
03-07 17:02:44.618 1983 1983 I sysui_multi_action: [757,0,758,1,759,0,927,2,928,0,1593,0]
03-07 17:02:44.618 1983 1983 I sysui_multi_action: [757,0,758,1,759,0,927,3,928,0,1593,0]
03-07 17:02:44.619 1983 1983 I sysui_multi_action: [757,491,758,1,759,491,927,4,928,0,1311,-1,1593,0]
03-07 17:02:44.619 1983 1983 I sysui_multi_action: [757,0,758,1,759,0,927,5,928,0,1593,0]
03-07 17:02:44.619 1983 1983 I sysui_multi_action: [757,0,758,1,759,0,927,6,1593,0]
03-07 17:02:44.619 1983 1983 I sysui_multi_action: [757,111,758,1]
03-07 17:02:44.619 1983 1983 I sysui_multi_action: [757,126,758,1,759,126,927,0,928,1,1593,0]
03-07 17:02:44.619 1983 1983 I sysui_multi_action: [757,113,758,1,759,113,927,1,928,0,1593,0]
03-07 17:02:44.620 1983 1983 I sysui_multi_action: [757,0,758,1,759,0,927,2,928,0,1593,0]
03-07 17:02:44.620 1983 1983 I sysui_multi_action: [757,0,758,1,759,0,927,3,928,0,1593,0]
03-07 17:02:44.955 1068 1106 W HWComposer: Ignoring duplicate VSYNC event from HWC for display 4630946370410392961 (t=848414190000)
03-07 17:02:44.972 1068 1106 W HWComposer: Ignoring duplicate VSYNC event from HWC for display 4630946370410392961 (t=848430912000)
03-07 17:02:44.989 1068 1106 W HWComposer: Ignoring duplicate VSYNC event from HWC for display 4630946370410392961 (t=848447649000)
03-07 17:02:45.005 1068 1106 W HWComposer: Ignoring duplicate VSYNC event from HWC for display 4630946370410392961 (t=848464308000)
03-07 17:02:45.022 1068 1106 W HWComposer: Ignoring duplicate VSYNC event from HWC for display 4630946370410392961 (t=848481031000)
03-07 17:02:45.039 1068 1106 W HWComposer: Ignoring duplicate VSYNC event from HWC for display 4630946370410392961 (t=848497745000)
03-07 17:02:45.172 1068 1106 W HWComposer: Ignoring duplicate VSYNC event from HWC for display 4630946370410392961 (t=848631393000)
03-07 17:02:45.189 1068 1106 W HWComposer: Ignoring duplicate VSYNC event from HWC for display 4630946370410392961 (t=848648116000)
03-07 17:02:45.206 1068 1106 W HWComposer: Ignoring duplicate VSYNC event from HWC for display 4630946370410392961 (t=848664787000)
03-07 17:02:45.223 1068 1106 W HWComposer: Ignoring duplicate VSYNC event from HWC for display 4630946370410392961 (t=848681491000)
03-07 17:02:45.239 1068 1106 W HWComposer: Ignoring duplicate VSYNC event from HWC for display 4630946370410392961 (t=848698200000)
03-07 17:02:45.256 1068 1106 W HWComposer: Ignoring duplicate VSYNC event from HWC for display 4630946370410392961 (t=848714893000)
03-07 17:02:45.285 650 660 I mpu_uart: [MSG-P:RECV]:No message received in 1000 ms
03-07 17:02:45.390 1068 1106 W HWComposer: Ignoring duplicate VSYNC event from HWC for display 4630946370410392961 (t=848848577000)
03-07 17:02:45.406 1068 1106 W HWComposer: Ignoring duplicate VSYNC event from HWC for display 4630946370410392961 (t=848865274000)
03-07 17:02:45.423 1068 1106 W HWComposer: Ignoring duplicate VSYNC event from HWC for display 4630946370410392961 (t=848881975000)
03-07 17:02:45.440 1068 1106 W HWComposer: Ignoring duplicate VSYNC event from HWC for display 4630946370410392961 (t=848898721000)
03-07 17:02:45.456 1068 1106 W HWComposer: Ignoring duplicate VSYNC event from HWC for display 4630946370410392961 (t=848915390000)
03-07 17:02:45.473 1068 1106 W HWComposer: Ignoring duplicate VSYNC event from HWC for display 4630946370410392961 (t=848932124000)
03-07 17:02:45.490 1068 1106 W HWComposer: Ignoring duplicate VSYNC event from HWC for display 4630946370410392961 (t=848948806000)
03-07 17:02:45.490 1068 1106 W HWComposer: Ignoring duplicate VSYNC event from HWC for display 4630946370410392961 (t=848948806000)
03-07 17:02:45.507 1068 1106 W HWComposer: Ignoring duplicate VSYNC event from HWC for display 4630946370410392961 (t=848965533000)
03-07 17:02:45.524 1068 1106 W HWComposer: Ignoring duplicate VSYNC event from HWC for display 4630946370410392961 (t=848982215000)
03-07 17:02:45.540 1068 1106 W HWComposer: Ignoring duplicate VSYNC event from HWC for display 4630946370410392961 (t=848998933000)
03-07 17:02:45.544 1983 3330 W FrameTracker: Missed App frame:72
03-07 17:02:45.557 1068 1106 W HWComposer: Ignoring duplicate VSYNC event from HWC for display 4630946370410392961 (t=849015647000)
03-07 17:02:45.573 1068 1106 W HWComposer: Ignoring duplicate VSYNC event from HWC for display 4630946370410392961 (t=849032327000)
03-07 17:02:45.590 1068 1106 W HWComposer: Ignoring duplicate VSYNC event from HWC for display 4630946370410392961 (t=849049065000)
03-07 17:02:45.590 1068 1106 W HWComposer: Ignoring duplicate VSYNC event from HWC for display 4630946370410392961 (t=849049065000)
03-07 17:02:45.607 1068 1106 W HWComposer: Ignoring duplicate VSYNC event from HWC for display 4630946370410392961 (t=849065760000)
03-07 17:02:45.618 1324 8405 I OMX-VENC: venc_dev: stats: avg. fps 58.75, bitrate 3927724
03-07 17:02:45.624 1068 1106 W HWComposer: Ignoring duplicate VSYNC event from HWC for display 4630946370410392961 (t=849082478000)
03-07 17:02:45.640 1068 1106 W HWComposer: Ignoring duplicate VSYNC event from HWC for display 4630946370410392961 (t=849099172000)
03-07 17:02:45.657 1068 1106 W HWComposer: Ignoring duplicate VSYNC event from HWC for display 4630946370410392961 (t=849115869000)
03-07 17:02:45.674 1068 1106 W HWComposer: Ignoring duplicate VSYNC event from HWC for display 4630946370410392961 (t=849132579000)
03-07 17:02:45.690 1068 1106 W HWComposer: Ignoring duplicate VSYNC event from HWC for display 4630946370410392961 (t=849149291000)
03-07 17:02:45.691 1068 1106 W HWComposer: Ignoring duplicate VSYNC event from HWC for display 4630946370410392961 (t=849149291000)
03-07 17:02:45.707 1068 1106 W HWComposer: Ignoring duplicate VSYNC event from HWC for display 4630946370410392961 (t=849165994000)
03-07 17:02:45.724 1068 1106 W HWComposer: Ignoring duplicate VSYNC event from HWC for display 4630946370410392961 (t=849182709000)
03-07 17:02:45.740 1068 1106 W HWComposer: Ignoring duplicate VSYNC event from HWC for display 4630946370410392961 (t=849199418000)
03-07 17:02:45.757 1068 1106 W HWComposer: Ignoring duplicate VSYNC event from HWC for display 4630946370410392961 (t=849216116000)
03-07 17:02:45.774 1068 1106 W HWComposer: Ignoring duplicate VSYNC event from HWC for display 4630946370410392961 (t=849232831000)
03-07 17:02:45.791 1068 1106 W HWComposer: Ignoring duplicate VSYNC event from HWC for display 4630946370410392961 (t=849249574000)
03-07 17:02:45.791 1068 1106 W HWComposer: Ignoring duplicate VSYNC event from HWC for display 4630946370410392961 (t=849249574000)
03-07 17:02:45.807 1068 1106 W HWComposer: Ignoring duplicate VSYNC event from HWC for display 4630946370410392961 (t=849266242000)
03-07 17:02:45.824 1068 1106 W HWComposer: Ignoring duplicate VSYNC event from HWC for display 4630946370410392961 (t=849282959000)
03-07 17:02:45.834 1285 1285 I CNSS : cnss_open_log_file: directory /data/vendor/wifi/wlan_logs/ created
03-07 17:02:45.841 1068 1106 W HWComposer: Ignoring duplicate VSYNC event from HWC for display 4630946370410392961 (t=849299665000)
03-07 17:02:45.858 1068 1106 W HWComposer: Ignoring duplicate VSYNC event from HWC for display 4630946370410392961 (t=849316349000)
03-07 17:02:45.874 1068 1106 W HWComposer: Ignoring duplicate VSYNC event from HWC for display 4630946370410392961 (t=849333047000)
03-07 17:02:45.928 1002 1662 I input_interaction: Interaction with: d6d1c7b NotificationShade (server), edge-swipe (server), swipe-up (server), PointerEventDispatcher0 (server),
03-07 17:02:46.219 1002 1662 W InputDispatcher: Asynchronous input event injection failed.
03-07 17:02:46.225 1002 1722 I GameModeConfig: isGameModeOn = false
03-07 17:02:46.225 1002 1722 I GameModeConfig: isGameModeOn = false
03-07 17:02:46.225 1002 1722 I GameModeConfig: isGameModeOn = false
03-07 17:02:46.225 1002 1722 I GameModeConfig: isGameModeOn = false
03-07 17:02:46.226 1002 1722 I GameModeConfig: isGameModeOn = false
03-07 17:02:46.226 1002 1662 W InputDispatcher: Asynchronous input event injection failed.
03-07 17:02:46.227 1002 1002 I notification_enqueue: [10084,1983,com.android.systemui,2048,NULL,0,Notification(channel=updateNotification shortcut=null contentView=null vibrate=null sound=null defaults=0x0 flags=0x0 color=0x00000000 vis=PRIVATE),1]
03-07 17:02:46.228 1983 1983 I sysui_multi_action: [757,111,758,2]
03-07 17:02:46.229 1983 1983 I sysui_multi_action: [757,111,758,2]
03-07 17:02:46.271 1002 1154 I input_focus: [Focus request b7ba93a com.tencent.mm/com.tencent.mm.ui.LauncherUI,reason=UpdateInputWindows]
03-07 17:02:46.274 1002 6668 I sysui_multi_action: [757,128,758,2,793,40956905,794,1693,795,40956905,796,26,798,0,806,android,857,DEVELOPER_IMPORTANT,858,4,947,0,1395,3,1500,40955857,1688,1]
03-07 17:02:46.274 1002 6668 I notification_visibility: [-1|android|26|null|1000,0,40956905,40956905,0,0]
03-07 17:02:46.274 1002 6668 I sysui_multi_action: [757,128,758,2,793,40956730,794,1692,795,40956730,796,55,798,1,806,android,857,DEVELOPER,858,2,947,0,1395,3,1500,40955855,1688,1]
03-07 17:02:46.275 1002 6668 I notification_visibility: [-1|android|55|null|1000,0,40956730,40956730,0,1]
03-07 17:02:46.275 1002 6668 I sysui_multi_action: [757,128,758,2,793,40959979,794,1693,795,40959979,796,32,798,2,806,android,857,USB,858,1,947,0,1395,3,1500,40959592,1688,1]
03-07 17:02:46.275 1002 6668 I notification_visibility: [-1|android|32|null|1000,0,40959979,40959979,0,2]
03-07 17:02:46.275 1002 1397 I sysui_multi_action: [757,127,758,2]
03-07 17:02:46.276 1002 1397 I notification_panel_hidden:
03-07 17:02:46.276 1983 1983 D StatusBar: disable disable2
03-07 17:02:46.285 650 660 I mpu_uart: [MSG-P:RECV]:No message received in 1000 ms
03-07 17:02:46.295 1983 1983 V KeyguardUpdateMonitor: *** unregister callback for com.android.keyguard.CarrierTextManager$2@1c6cb12
03-07 17:02:46.297 1002 1662 I input_focus: [Focus leaving d6d1c7b NotificationShade (server),reason=NO_WINDOW]
03-07 17:02:46.298 1002 1662 I input_focus: [Focus entering b7ba93a com.tencent.mm/com.tencent.mm.ui.LauncherUI (server),reason=setFocusedWindow]
03-07 17:02:46.295 0 0 I auditd : type=1400 audit(0.0:2139): avc: denied { kill } for comm="swapper/0" capability=5 scontext=u:r:kernel:s0 tcontext=u:r:kernel:s0 tclass=capability permissive=1
03-07 17:02:46.295 0 0 I swapper/0: type=1400 audit(0.0:2139): avc: denied { kill } for capability=5 scontext=u:r:kernel:s0 tcontext=u:r:kernel:s0 tclass=capability permissive=1
03-07 17:02:46.341 1983 3330 W FrameTracker: Missed App frame:8
03-07 17:02:46.341 1983 3330 W FrameTracker: Missing HWUI jank callback for vsyncId: 26521
03-07 17:02:46.430 1002 1002 I GameModeConfig: isGameModeOn = false
03-07 17:02:46.449 1983 1983 D InterruptionStateProvider: No bubble up: not allowed to bubble: 0|com.android.systemui|2048|null|10084
03-07 17:02:46.450 1983 1983 D InterruptionStateProvider: No heads up: unimportant notification: 0|com.android.systemui|2048|null|10084
03-07 17:02:46.456 1983 2245 D PeopleSpaceWidgetMgr: Sbn doesn't contain valid PeopleTileKey: null/0/com.android.systemui
03-07 17:02:46.485 1983 1983 V NotificationMediaManager: DEBUG_MEDIA: updating album art for notification null metadata=null metaDataChanged=false state=0
03-07 17:02:46.536 650 659 I mpu_uart: [MSG-P:R]:recv sync frame timeout
03-07 17:02:46.619 1324 8405 I OMX-VENC: venc_dev: stats: avg. fps 56.95, bitrate 1645790
01-02 07:17:21.517 0 0 E DTC_ETH,link_delay_work_func: 3003, SQI=0, link=0
03-07 17:02:47.288 650 660 I mpu_uart: [MSG-P:RECV]:No message received in 1000 ms
03-07 17:02:47.424 4946 8464 I mars::cdn: [connection_factory.cc:340, GetOrCreateTCPConnection]:cdntask 25 take conn 0x7d76e39028(568)@TCP from cache.
03-07 17:02:47.424 4946 8464 I mars::cdn: [taskbase.cc:1076, OnMainConnectionEnstablished]:cdntask 25 connect ok:183.255.109.219:443 [TCP] source CACHE, prev addr:0.0.0.0:0, proxyaddr:0.0.0.0:0, cost:(0,0)
03-07 17:02:47.620 1324 8405 I OMX-VENC: venc_dev: stats: avg. fps 61.93, bitrate 615263
03-07 17:02:47.839 4946 8464 I mars::cdn: [connection_factory.cc:621, GetOrCreateFromExistConnection]:take conn 0x7d76ed9068(742)@TCP from cache.
03-07 17:02:48.288 650 660 I mpu_uart: [MSG-P:RECV]:No message received in 1000 ms
03-07 17:02:48.648 1324 8405 I OMX-VENC: venc_dev: stats: avg. fps 34.05, bitrate 264456
03-07 17:02:49.037 4946 8464 I mars::cdn: [netchannel.cc:293, __RunReadWrite]:runloop rv 0 errtype 0 errcode 0 idling false
03-07 17:02:49.038 4946 8464 I mars::cdn: [netchannel.cc:871, __AfterRun]:cdntask 25 putback conn 0x7d76ed9068(742)@TCP to cache.
03-07 17:02:49.038 4946 8464 I mars::cdn: [netchannel.cc:871, __AfterRun]:cdntask 25 putback conn 0x7d76e39028(568)@TCP to cache.
03-07 17:02:49.289 650 660 I mpu_uart: [MSG-P:RECV]:No message received in 1000 ms
03-07 17:02:49.536 650 659 I mpu_uart: [MSG-P:R]:recv sync frame timeout
03-07 17:02:49.802 1002 1695 W BestClock: java.time.DateTimeException: Missing NTP fix
03-07 17:02:49.804 674 674 I netd : trafficSwapActiveStatsMap() <1.14ms>
03-07 17:02:49.814 674 674 I netd : tetherGetStats() -> {[]} <4.62ms>
03-07 17:02:49.828 1002 1695 W BestClock: java.time.DateTimeException: Missing NTP fix
03-07 17:02:49.828 1002 1695 I netstats_mobile_sample: [0,0,0,0,0,0,0,0,0,0,0,0,1678179769828]
03-07 17:02:49.828 1002 1695 I netstats_wifi_sample: [188373489,139862,4451293,55610,188373489,139862,4451293,55610,188960962,144705,3822973,53852,1678179769828]
03-07 17:02:49.829 674 674 I netd : bandwidthSetGlobalAlert(2097152) <0.50ms>
03-07 17:02:49.832 1002 1696 W BestClock: java.time.DateTimeException: Missing NTP fix
03-07 17:02:49.833 1002 1696 W BestClock: java.time.DateTimeException: Missing NTP fix
03-07 17:02:50.073 674 8467 D resolv : GetAddrInfoHandler::run: {100 983140 100 983140 1000 1}
03-07 17:02:50.073 674 8467 D resolv : resolv_getaddrinfo: explore_fqdn(): ai_family=0 ai_socktype=1 ai_protocol=6
03-07 17:02:50.077 674 8468 D resolv : doQuery: (1, 1)
03-07 17:02:50.077 674 8468 D resolv : res_nmkquery: (QUERY, IN, A)
03-07 17:02:50.077 674 8468 D resolv : res_nsend
03-07 17:02:50.077 674 8468 I resolv : resolv_cache_lookup: lookup
03-07 17:02:50.077 674 8468 I resolv : resolv_cache_lookup: FOUND IN CACHE entry=0xb40000701e6547f0
03-07 17:02:50.078 674 8468 D resolv : doQuery: rcode=0, ancount=4
03-07 17:02:50.079 674 8467 I ResolverController: No valid NAT64 prefix (100, /0)
03-07 17:02:50.289 650 660 I mpu_uart: [MSG-P:RECV]:No message received in 1000 ms
01-02 07:17:25.230 0 0 I msm_vidc: err : ffffffff: .....: DBLP Set: status 0
03-07 17:02:51.289 650 660 I mpu_uart: [MSG-P:RECV]:No message received in 1000 ms
01-02 07:17:26.637 0 0 E DTC_ETH,link_delay_work_func: 3003, SQI=0, link=0
03-07 17:02:52.290 650 660 I mpu_uart: [MSG-P:RECV]:No message received in 1000 ms
03-07 17:02:52.537 650 659 I mpu_uart: [MSG-P:R]:recv sync frame timeout
03-07 17:02:52.573 813 3438 E audio_hw_primary: out_write: error -5, cannot write stream data: I/O error
03-07 17:02:52.573 813 3438 D audio_hw_primary: out_standby: enter: stream (0xec300010) usecase(1: low-latency-playback)
03-07 17:02:52.712 4946 8473 I mars::cdn: [connection_factory.cc:340, GetOrCreateTCPConnection]:cdntask 26 take conn 0x7d76e39028(568)@TCP from cache.
03-07 17:02:52.713 4946 8473 I mars::cdn: [taskbase.cc:1076, OnMainConnectionEnstablished]:cdntask 26 connect ok:183.255.109.219:443 [TCP] source CACHE, prev addr:0.0.0.0:0, proxyaddr:0.0.0.0:0, cost:(0,0)
01-02 07:17:27.348 0 0 E msm_pcm_playback_close: CMD_EOS failed, cmd_pending 0x8
01-02 07:17:27.362 0 0 I afe_close: port_id = 0x9000
03-07 17:02:52.798 813 3438 D audio_hw_primary: disable_audio_route: reset and update mixer path: low-latency-playback
03-07 17:02:52.799 813 3438 E soundtrigger: audio_extn_sound_trigger_update_stream_status: invalid input device 0x0, for event 2
