03-07 17:02:57.166 8502 8545 D PrefCtrlListHelper: Could not find Context-only controller for pref: com.android.settings.enterprise.ManageDeviceAdminPreferenceController
03-07 17:02:57.167 8502 8545 D PrefCtrlListHelper: Could not find Context-only controller for pref: com.android.settings.applications.specialaccess.SystemAlertWindowPreferenceController
03-07 17:02:57.167 8502 8545 D PrefCtrlListHelper: Could not find Context-only controller for pref: com.android.settings.applications.specialaccess.zenaccess.ZenAccessController
03-07 17:02:57.167 8502 8545 D PrefCtrlListHelper: Could not find Context-only controller for pref: com.android.settings.applications.specialaccess.notificationaccess.NotificationAccessController
03-07 17:02:57.167 8502 8545 D PrefCtrlListHelper: Could not find Context-only controller for pref: com.android.settings.applications.specialaccess.pictureinpicture.PictureInPictureController
03-07 17:02:57.167 8502 8545 D PrefCtrlListHelper: Could not find Context-only controller for pref: com.android.settings.applications.specialaccess.premiumsms.PremiumSmsController
03-07 17:02:57.168 8502 8545 D PrefCtrlListHelper: Could not find Context-only controller for pref: com.android.settings.applications.specialaccess.DataSaverController
03-07 17:02:57.168 8502 8545 D PrefCtrlListHelper: Could not find Context-only controller for pref: com.android.settings.applications.specialaccess.vrlistener.EnabledVrListenersController
03-07 17:02:57.168 8502 8545 D PrefCtrlListHelper: Could not find Context-only controller for pref: com.android.settings.applications.specialaccess.MoreSpecialAccessPreferenceController
03-07 17:02:57.170 8502 8545 D PrefCtrlListHelper: Could not find Context-only controller for pref: com.android.settings.accessibility.ToggleAutoclickCustomSeekbarController
03-07 17:02:57.170 8502 8545 D PrefCtrlListHelper: Could not find Context-only controller for pref: com.android.settings.accessibility.ToggleAutoclickFooterPreferenceController
03-07 17:02:57.171 5157 5157 I dvm_lock_sample: [com.tencent.mm:push,1,main,34,SourceFile,210,int com.tencent.mm.network.af.a(com.tencent.mm.network.u, com.tencent.mm.network.o, com.tencent.mm.network.e, int),-,729,boolean com.tencent.mm.network.af.req2Buf(int, java.lang.Object, java.io.ByteArrayOutputStream, int[], int, java.lang.String),6]
03-07 17:02:57.172 8502 8545 D PrefCtrlListHelper: Could not find Context-only controller for pref: com.android.settings.location.RecentLocationAccessSeeAllPreferenceController
03-07 17:02:57.174 8502 8545 D PrefCtrlListHelper: Could not find Context-only controller for pref: com.android.settings.language.UserDictionaryPreferenceController
03-07 17:02:57.175 8502 8545 D PrefCtrlListHelper: Could not find Context-only controller for pref: com.android.settings.inputmethod.GameControllerPreferenceController
03-07 17:02:57.175 8502 8545 D PrefCtrlListHelper: Could not find Context-only controller for pref: com.android.settings.inputmethod.VirtualKeyboardForWorkPreferenceController
03-07 17:02:57.175 8502 8545 D PrefCtrlListHelper: Could not find Context-only controller for pref: com.android.settings.core.WorkPreferenceController
03-07 17:02:57.176 8502 8545 D PrefCtrlListHelper: Could not find Context-only controller for pref: com.android.settings.inputmethod.SpellCheckerForWorkPreferenceController
03-07 17:02:57.176 8502 8545 W SettingsPrefController: Skipping updateNonIndexableKeys, key already in list. com.android.settings.language.TtsPreferenceController@722a074
03-07 17:02:57.179 8502 8545 D PrefCtrlListHelper: Could not find Context-only controller for pref: com.android.settings.gestures.DoubleTwistPreferenceController
03-07 17:02:57.180 8502 8545 D PrefCtrlListHelper: Could not find Context-only controller for pref: com.android.settings.applications.specialaccess.interactacrossprofiles.InteractAcrossProfilesController
03-07 17:02:57.180 8502 8545 W PrefCtrlListHelper: Controller requires key but it's not defined in xml: com.android.settings.applications.specialaccess.interactacrossprofiles.InteractAcrossProfilesController
03-07 17:02:57.180 8502 8545 V SettingsSearchProvider: com.android.settings.security.LockscreenDashboardFragment$1@2ff7299 tried to add an empty non-indexable key
03-07 17:02:57.181 8502 8545 V SettingsSearchProvider: com.android.settings.notification.SoundWorkSettings$1@64213f tried to add an empty non-indexable key
03-07 17:02:57.182 8502 8545 D PrefCtrlListHelper: Could not find Context-only controller for pref: com.android.settings.applications.managedomainurls.WebActionCategoryController
03-07 17:02:57.182 8502 8545 D PrefCtrlListHelper: Could not find Context-only controller for pref: com.android.settings.applications.managedomainurls.InstantAppWebActionPreferenceController
03-07 17:02:57.182 8502 8545 D PrefCtrlListHelper: Could not find Context-only controller for pref: com.android.settings.applications.managedomainurls.InstantAppAccountPreferenceController
03-07 17:02:57.182 8502 8545 D PrefCtrlListHelper: Could not find Context-only controller for pref: com.android.settings.applications.managedomainurls.DomainAppPreferenceController
03-07 17:02:57.196 8502 8545 D PrefCtrlListHelper: Could not find Context-only controller for pref: com.android.settings.notification.RemoteVolumeGroupController
03-07 17:02:57.197 8502 8545 D BluetoothEventManager: adding SourceInfo Handler
03-07 17:02:57.198 8502 8545 D LocalBluetoothProfileManager: LocalBluetoothProfileManager construction complete
03-07 17:02:57.198 8502 8545 D LocalBluetoothProfileManager: Adding local Hearing Aid profile
03-07 17:02:57.199 8502 8545 D BluetoothHearingAid: Binding service...
03-07 17:02:57.220 8502 8545 D PrefCtrlListHelper: Could not find Context-only controller for pref: com.android.settings.sound.MediaOutputPreferenceController
01-02 07:17:31.769 0 0 E DTC_ETH,link_delay_work_func: 3003, SQI=0, link=0
03-07 17:02:57.233 8502 8545 V MediaRouter: Selecting route: RouteInfo{ name=平板电脑, description=null, status=null, category=RouteCategory{ name=系统 types=ROUTE_TYPE_LIVE_AUDIO ROUTE_TYPE_LIVE_VIDEO groupable=false }, supportedTypes=ROUTE_TYPE_LIVE_AUDIO ROUTE_TYPE_LIVE_VIDEO , presentationDisplay=null }
03-07 17:02:57.233 8502 8545 I MediaRouter: Skip setBluetoothA2dpOn(): types=8388615, isPlaybackActive()=false, BT route=null
03-07 17:02:57.234 8502 8545 D PrefCtrlListHelper: Could not find Context-only controller for pref: com.android.settings.notification.CallVolumePreferenceController
03-07 17:02:57.234 8502 8545 D PrefCtrlListHelper: Could not find Context-only controller for pref: com.android.settings.sound.HandsFreeProfileOutputPreferenceController
03-07 17:02:57.238 8502 8545 D PrefCtrlListHelper: Could not find Context-only controller for pref: com.android.settings.notification.zen.ZenModePreferenceController
03-07 17:02:57.238 8502 8545 D PrefCtrlListHelper: Could not find Context-only controller for pref: com.android.settings.sound.MediaControlsParentPreferenceController
03-07 17:02:57.238 8502 8545 D PrefCtrlListHelper: Could not find Context-only controller for pref: com.android.settings.sound.VibrateForCallsPreferenceController
03-07 17:02:57.239 8502 8545 D PrefCtrlListHelper: Could not find Context-only controller for pref: com.android.settings.gestures.PreventRingingParentPreferenceController
03-07 17:02:57.239 8502 8545 D PrefCtrlListHelper: Could not find Context-only controller for pref: com.android.settings.notification.WorkSoundsPreferenceController
03-07 17:02:57.241 8579 8579 I wm_on_start_called: [206824944,com.android.settings.intelligence.search.SearchActivity,handleStartActivity]
03-07 17:02:57.244 8579 8579 I wm_on_resume_called: [206824944,com.android.settings.intelligence.search.SearchActivity,RESUME_ACTIVITY]
03-07 17:02:57.251 8502 8545 I TetheringManager: registerTetheringEventCallback:com.android.settings
03-07 17:02:57.253 8579 8579 I wm_on_top_resumed_gained_called: [206824944,com.android.settings.intelligence.search.SearchActivity,topStateChangedWhenResumed]
03-07 17:02:57.255 8502 8545 D PrefCtrlListHelper: Could not find Context-only controller for pref: com.android.settings.network.NetworkMobileProviderController
03-07 17:02:57.262 1002 1154 I input_focus: [Focus request f18e08b com.android.settings.intelligence/com.android.settings.intelligence.search.SearchActivity,reason=UpdateInputWindows]
03-07 17:02:57.264 1068 1210 W ServiceManager: Permission failure: android.permission.ACCESS_SURFACE_FLINGER from uid=10063 pid=8579
03-07 17:02:57.264 1068 1210 D PermissionCache: checking android.permission.ACCESS_SURFACE_FLINGER for uid=10063 => denied (377 us)
03-07 17:02:57.264 1068 1210 W ServiceManager: Permission failure: android.permission.ROTATE_SURFACE_FLINGER from uid=10063 pid=8579
03-07 17:02:57.264 1068 1210 D PermissionCache: checking android.permission.ROTATE_SURFACE_FLINGER for uid=10063 => denied (196 us)
03-07 17:02:57.265 8502 8545 W PrintManager: Feature android.software.print not available
03-07 17:02:57.265 8502 8545 D PrefCtrlListHelper: Could not find Context-only controller for pref: com.android.settings.connecteddevice.NfcAndPaymentFragmentController
03-07 17:02:57.265 8579 8598 I AdrenoGLES-0: QUALCOMM build : 47421dbee6, I139f36ad46
03-07 17:02:57.265 8579 8598 I AdrenoGLES-0: Build Date : 02/18/22
03-07 17:02:57.265 8579 8598 I AdrenoGLES-0: OpenGL ES Shader Compiler Version: EV031.32.02.17
03-07 17:02:57.265 8579 8598 I AdrenoGLES-0: Local Branch :
03-07 17:02:57.265 8579 8598 I AdrenoGLES-0: Remote Branch :
03-07 17:02:57.265 8579 8598 I AdrenoGLES-0: Remote Branch :
03-07 17:02:57.265 8579 8598 I AdrenoGLES-0: Reconstruct Branch :
03-07 17:02:57.265 8579 8598 I AdrenoGLES-0: Build Config : S P 10.0.7 AArch64
03-07 17:02:57.265 8579 8598 I AdrenoGLES-0: Driver Path : /vendor/lib64/egl/libGLESv2_adreno.so
03-07 17:02:57.266 505 505 I hwservicemanager: getTransport: Cannot find entry android.hardware.graphics.mapper@4.0::IMapper/default in either framework or device VINTF manifest.
03-07 17:02:57.266 8502 8545 D PrefCtrlListHelper: Could not find Context-only controller for pref: com.android.settings.wfd.WifiDisplayPreferenceController
03-07 17:02:57.267 8502 8545 D PrefCtrlListHelper: Could not find Context-only controller for pref: com.android.settings.nfc.AndroidBeamPreferenceController
03-07 17:02:57.268 8502 8545 D PrefCtrlListHelper: Could not find Context-only controller for pref: com.android.settings.uwb.UwbPreferenceController
03-07 17:02:57.268 8502 8545 W SettingsPrefController: Skipping updateNonIndexableKeys, key already in list. com.android.settings.connecteddevice.NfcAndPaymentFragmentController@4753409
03-07 17:02:57.272 8502 8545 D PrefCtrlListHelper: Could not find Context-only controller for pref: com.android.settings.dream.CurrentDreamPreferenceController
03-07 17:02:57.272 8502 8545 D PrefCtrlListHelper: Could not find Context-only controller for pref: com.android.settings.dream.ScreenTimeoutPreferenceController
03-07 17:02:57.272 8579 8598 I AdrenoGLES-0: PFP: 0x016dd093, ME: 0x00000000
03-07 17:02:57.273 1002 1662 I input_focus: [Focus entering 9f462e7 com.android.settings/com.android.settings.Settings (server),reason=Window became focusable. Previous reason: NO_WINDOW]
03-07 17:02:57.286 8579 8598 D libEGL : MSAA-->msaa:0 gamemode:0 4x_msaa:0
03-07 17:02:57.286 8579 8598 D libEGL : MSAA-->msaa:0 gamemode:0 4x_msaa:0
03-07 17:02:57.287 8579 8598 D libEGL : MSAA-->msaa:0 gamemode:0 4x_msaa:0
03-07 17:02:57.290 1002 1662 I input_focus: [Focus leaving 9f462e7 com.android.settings/com.android.settings.Settings (server),reason=Waiting for window because NOT_VISIBLE]
03-07 17:02:57.291 650 660 I mpu_uart: [MSG-P:RECV]:No message received in 1000 ms
03-07 17:02:57.292 8502 8545 V SettingsSearchProvider: com.android.settings.datausage.DataSaverSummary$1@118f5c3 tried to add an empty non-indexable key
03-07 17:02:57.293 8502 8545 D PrefCtrlListHelper: Could not find Context-only controller for pref: com.android.settings.display.NightDisplayActivationPreferenceController
03-07 17:02:57.294 8502 8545 D PrefCtrlListHelper: Could not find Context-only controller for pref: com.android.settings.display.TwilightLocationPreferenceController
03-07 17:02:57.295 8502 8545 D PrefCtrlListHelper: Could not find Context-only controller for pref: com.android.settings.display.NightDisplayAutoModePreferenceController
03-07 17:02:57.295 8502 8545 D PrefCtrlListHelper: Could not find Context-only controller for pref: com.android.settings.display.NightDisplayCustomStartTimePreferenceController
03-07 17:02:57.295 8502 8545 D PrefCtrlListHelper: Could not find Context-only controller for pref: com.android.settings.display.NightDisplayCustomEndTimePreferenceController
03-07 17:02:57.296 8502 8545 D PrefCtrlListHelper: Could not find Context-only controller for pref: com.android.settings.display.NightDisplayIntensityPreferenceController
03-07 17:02:57.296 961 1010 I SDM : HWCDisplay::GetColorModeCount: Supported color mode count = 1
03-07 17:02:57.296 961 1010 I SDM : HWCDisplay::GetColorModes: Color mode = 0 is supported
03-07 17:02:57.296 1068 1108 E HWComposer: getSupportedContentTypes: getSupportedContentTypes failed for display 4630946370410392961: Unsupported (8)
03-07 17:02:57.298 8502 8545 D PrefCtrlListHelper: Could not find Context-only controller for pref: com.android.settings.widget.VideoPreferenceController
03-07 17:02:57.298 8502 8545 D PrefCtrlListHelper: Could not find Context-only controller for pref: com.android.settings.gestures.DoubleTapScreenPreferenceController
01-02 07:17:31.873 0 0 I binder : 8579:8598 ioctl 40046210 7ac5ddd1f4 returned -22
03-07 17:02:57.303 8502 8545 D PrefCtrlListHelper: Could not find Context-only controller for pref: com.android.settings.network.EraseEuiccDataController
03-07 17:02:57.304 8579 8598 D hw-ProcessState: Binder ioctl to enable oneway spam detection failed: Invalid argument
03-07 17:02:57.309 505 505 I hwservicemanager: getTransport: Cannot find entry android.hardware.graphics.mapper@4.0::IMapper/default in either framework or device VINTF manifest.
03-07 17:02:57.309 8579 8616 I Gralloc4: mapper 4.x is not supported
03-07 17:02:57.309 8502 8545 D PrefCtrlListHelper: Could not find Context-only controller for pref: com.android.settings.applications.specialaccess.premiumsms.PremiumSmsScreenPreferenceController
03-07 17:02:57.312 8502 8545 V SettingsSearchProvider: com.android.settings.nfc.PaymentSettings$1@a823c07 tried to add an empty non-indexable key
03-07 17:02:57.313 8502 8545 D PrefCtrlListHelper: Could not find Context-only controller for pref: com.android.settings.applications.specialaccess.vrlistener.VrListenerScreenPreferenceController
03-07 17:02:57.314 8502 8545 D PrefCtrlListHelper: Could not find Context-only controller for pref: com.android.settings.development.featureflags.FeatureFlagsPreferenceController
03-07 17:02:57.314 8502 8545 D AssistGesture: mAssistOnly:false, isSupported:false, isSensorAvailable:false
03-07 17:02:57.314 8502 8545 D AssistGesture: mAssistOnly:false, isSupported:false, isSensorAvailable:false
03-07 17:02:57.315 8502 8545 V SettingsSearchProvider: com.android.settings.gestures.AssistGestureSettings$1@cfbdca0 tried to add an empty non-indexable key
03-07 17:02:57.317 8502 8545 D PrefCtrlListHelper: Could not find Context-only controller for pref: com.android.settings.deviceinfo.storage.StorageSelectionPreferenceController
03-07 17:02:57.317 8502 8545 D PrefCtrlListHelper: Could not find Context-only controller for pref: com.android.settings.deviceinfo.storage.StorageUsageProgressBarPreferenceController
03-07 17:02:57.317 8502 8545 D PrefCtrlListHelper: Could not find Context-only controller for pref: com.android.settings.deviceinfo.storage.AutomaticStorageManagementSwitchPreferenceController
03-07 17:02:57.317 8502 8545 W SettingsPrefController: Skipping updateNonIndexableKeys, key already in list. com.android.settings.deviceinfo.storage.StorageSelectionPreferenceController@721d41e
03-07 17:02:57.317 8502 8545 W SettingsPrefController: Skipping updateNonIndexableKeys, key already in list. com.android.settings.deviceinfo.storage.StorageUsageProgressBarPreferenceController@53ca4ff
03-07 17:02:57.318 8502 8545 D PrefCtrlListHelper: Could not find Context-only controller for pref: com.android.settings.security.trustagent.TrustAgentsPreferenceController
03-07 17:02:57.318 8502 8545 D FaceSettings: FaceManager is null
03-07 17:02:57.319 8502 8545 D FaceSettings: FaceManager is null
03-07 17:02:57.319 8502 8545 D FaceSettings: Get non indexable keys. isFaceHardwareDetected: false, size:12
03-07 17:02:57.319 8502 8545 V SettingsSearchProvider: com.android.settings.biometrics.face.FaceSettings$1@493142a tried to add an empty non-indexable key
03-07 17:02:57.319 8502 8545 D PrefCtrlListHelper: Could not find Context-only controller for pref: com.android.settings.accessibility.CaptionFooterPreferenceController
03-07 17:02:57.320 8502 8545 D PrefCtrlListHelper: Could not find Context-only controller for pref: com.android.settings.applications.specialaccess.deviceadmin.DeviceAdminListPreferenceController
03-07 17:02:57.321 8502 8545 V WifiManager: registerSoftApCallback: callback=com.android.settings.wifi.tether.WifiTetherSecurityPreferenceController@ecc34f7, executor=android.os.HandlerExecutor@31fff64
03-07 17:02:57.323 8502 8520 V WifiManager: SoftApCallbackProxy: send InfoChanged, newInfo: SoftApInfo{bandwidth= 0, frequency= 0, wifiStandard= 0, mApInstanceIdentifier= null, mIdleShutdownTimeoutMillis= 0}
03-07 17:02:57.323 8502 8520 V WifiManager: SoftApCallbackProxy: send InfoChanged, changedInfoList: []
03-07 17:02:57.323 8502 8520 V WifiManager: SoftApCallbackProxy: send onConnectedClientsChanged(clients): []
03-07 17:02:57.328 505 505 I hwservicemanager: getTransport: Cannot find entry android.hardware.graphics.allocator@4.0::IAllocator/default in either framework or device VINTF manifest.
03-07 17:02:57.328 1002 2150 D WifiCountryCode: Reading country code from telephony
03-07 17:02:57.328 8579 8616 W Gralloc4: allocator 4.x is not supported
03-07 17:02:57.329 1002 2150 D WifiCountryCode: Set telephony country code to:
03-07 17:02:57.334 8502 8545 D PrefCtrlListHelper: Could not find Context-only controller for pref: com.android.settings.gestures.PickupGesturePreferenceController
03-07 17:02:57.335 8502 8545 D PrefCtrlListHelper: Could not find Context-only controller for pref: com.android.settings.notification.ConversationListSummaryPreferenceController
03-07 17:02:57.336 8502 8502 V WifiManager: unregisterSoftApCallback: callback=com.android.settings.wifi.tether.WifiTetherSecurityPreferenceController@ecc34f7
03-07 17:02:57.338 8502 8545 D PrefCtrlListHelper: Could not find Context-only controller for pref: com.android.settings.notification.BubbleSummaryNotificationPreferenceController
03-07 17:02:57.338 8502 8545 D PrefCtrlListHelper: Could not find Context-only controller for pref: com.android.settings.applications.specialaccess.notificationaccess.NotificationAccessController
03-07 17:02:57.338 8502 8545 D PrefCtrlListHelper: Could not find Context-only controller for pref: com.android.settings.notification.RedactNotificationPreferenceController
03-07 17:02:57.346 8502 8545 D PrefCtrlListHelper: Could not find Context-only controller for pref: com.android.settings.biometrics.face.FaceSettingsLockscreenBypassPreferenceController
03-07 17:02:57.346 8502 8545 D PrefCtrlListHelper: Could not find Context-only controller for pref: com.android.settings.notification.zen.ZenModePreferenceController
03-07 17:02:57.346 8502 8545 D PrefCtrlListHelper: Could not find Context-only controller for pref: com.android.settings.notification.SnoozeNotificationPreferenceController
03-07 17:02:57.346 8502 8545 D PrefCtrlListHelper: Could not find Context-only controller for pref: com.android.settings.notification.BadgingNotificationPreferenceController
03-07 17:02:57.346 8502 8545 D PrefCtrlListHelper: Could not find Context-only controller for pref: com.android.settings.notification.PulseNotificationPreferenceController
03-07 17:02:57.352 8502 8545 W SettingsPrefController: Skipping updateNonIndexableKeys, key already in list. com.android.settings.biometrics.face.FaceSettingsLockscreenBypassPreferenceController@82db97e
03-07 17:02:57.352 8502 8545 W SettingsPrefController: Skipping updateNonIndexableKeys, key already in list. com.android.settings.notification.zen.ZenModePreferenceController@f708edf
03-07 17:02:57.353 8502 8545 D PrefCtrlListHelper: Could not find Context-only controller for pref: com.android.settings.development.qstile.DevelopmentTilePreferenceController
03-07 17:02:57.360 8502 8545 D PrefCtrlListHelper: Could not find Context-only controller for pref: com.android.settings.notification.BubbleNotificationPreferenceController
03-07 17:02:57.360 8502 8545 D PrefCtrlListHelper: Could not find Context-only controller for pref: com.android.settings.accessibility.MagnificationModePreferenceController
03-07 17:02:57.361 8502 8545 V SettingsSearchProvider: com.android.settings.security.ScreenPinningSettings$2@2ea5a18 tried to add an empty non-indexable key
03-07 17:02:57.362 8502 8545 V SettingsSearchProvider: com.android.settings.biometrics.combination.CombinedBiometricSearchIndexProvider@e977ad7 tried to add an empty non-indexable key
03-07 17:02:57.370 8502 8545 V SettingsSearchProvider: com.android.settings.enterprise.EnterprisePrivacySettings$1@9f0cead tried to add an empty non-indexable key
03-07 17:02:57.370 1002 1172 D CompatibilityChangeReporter: Compat change id reported: 168419799; UID 10099; state: DISABLED
03-07 17:02:57.370 1002 1172 D CompatibilityInfo: mCompatibilityFlags - 4
03-07 17:02:57.371 1002 1172 D CompatibilityInfo: applicationDensity - 240
03-07 17:02:57.371 1002 1172 D CompatibilityInfo: applicationScale - 1.0
03-07 17:02:57.371 8502 8545 D PrefCtrlListHelper: Could not find Context-only controller for pref: com.android.settings.accessibility.AccessibilityButtonPreviewPreferenceController
03-07 17:02:57.371 8502 8545 D PrefCtrlListHelper: Could not find Context-only controller for pref: com.android.settings.accessibility.AccessibilityButtonLocationPreferenceController
03-07 17:02:57.371 8502 8545 D PrefCtrlListHelper: Could not find Context-only controller for pref: com.android.settings.accessibility.FloatingMenuSizePreferenceController
03-07 17:02:57.372 8502 8545 D PrefCtrlListHelper: Could not find Context-only controller for pref: com.android.settings.accessibility.FloatingMenuFadePreferenceController
03-07 17:02:57.372 8502 8545 D PrefCtrlListHelper: Could not find Context-only controller for pref: com.android.settings.accessibility.FloatingMenuTransparencyPreferenceController
03-07 17:02:57.372 8502 8545 D PrefCtrlListHelper: Could not find Context-only controller for pref: com.android.settings.accessibility.AccessibilityButtonFooterPreferenceController
03-07 17:02:57.374 8502 8545 D PrefCtrlListHelper: Could not find Context-only controller for pref: com.android.settings.wifi.CellularFallbackPreferenceController
03-07 17:02:57.378 8502 8545 D PrefCtrlListHelper: Could not find Context-only controller for pref: com.android.settings.datausage.UnrestrictedDataAccessPreferenceController
03-07 17:02:57.378 8502 8545 W SettingsPrefController: Skipping updateNonIndexableKeys, key already in list. com.android.settings.datausage.UnrestrictedDataAccessPreferenceController@ff97e2e
03-07 17:02:57.382 8502 8545 D PrefCtrlListHelper: Could not find Context-only controller for pref: com.android.settings.network.MultiNetworkHeaderController
03-07 17:02:57.382 8502 8545 D PrefCtrlListHelper: Could not find Context-only controller for pref: com.android.settings.network.AirplaneModePreferenceController
03-07 17:02:57.382 8502 8545 D PrefCtrlListHelper: Could not find Context-only controller for pref: com.android.settings.network.AllInOneTetherPreferenceController
03-07 17:02:57.382 8502 8545 D PrefCtrlListHelper: Could not find Context-only controller for pref: com.android.settings.network.AdaptiveConnectivityPreferenceController
03-07 17:02:57.396 8502 8545 D PrefCtrlListHelper: Could not find Context-only controller for pref: com.android.settings.bluetooth.BluetoothDeviceRenamePreferenceController
03-07 17:02:57.396 8502 8545 D PrefCtrlListHelper: Could not find Context-only controller for pref: com.android.settings.connecteddevice.AddDevicePreferenceController
03-07 17:02:57.398 8502 8545 D PrefCtrlListHelper: Could not find Context-only controller for pref: com.android.settings.accessibility.AccessibilityControlTimeoutFooterPreferenceController
03-07 17:02:57.399 8502 8545 D PrefCtrlListHelper: Could not find Context-only controller for pref: com.android.settings.inputmethod.UserDictionaryListPreferenceController
03-07 17:02:57.402 8502 8545 D PrefCtrlListHelper: Could not find Context-only controller for pref: com.android.settings.applications.specialaccess.notificationaccess.NotificationAccessScreenPreferenceController
03-07 17:02:57.403 8502 8545 D PrefCtrlListHelper: Could not find Context-only controller for pref: com.android.settings.display.AutoBrightnessDetailPreferenceController
03-07 17:02:57.406 8502 8545 D PrefCtrlListHelper: Could not find Context-only controller for pref: com.android.settings.inputmethod.InputMethodPreferenceController
03-07 17:02:57.418 8502 8545 I service_manager_slow: [11,backup]
03-07 17:02:57.428 8502 8545 D PrefCtrlListHelper: Could not find Context-only controller for pref: com.android.settings.backup.BackupDataPreferenceController
03-07 17:02:57.428 8502 8545 D PrefCtrlListHelper: Could not find Context-only controller for pref: com.android.settings.backup.ConfigureAccountPreferenceController
03-07 17:02:57.428 8502 8545 D PrefCtrlListHelper: Could not find Context-only controller for pref: com.android.settings.backup.DataManagementPreferenceController
03-07 17:02:57.429 8502 8545 D PrefCtrlListHelper: Could not find Context-only controller for pref: com.android.settings.backup.AutoRestorePreferenceController
03-07 17:02:57.429 8502 8545 D PrefCtrlListHelper: Could not find Context-only controller for pref: com.android.settings.backup.BackupInactivePreferenceController
03-07 17:02:57.441 1002 1397 D CompatibilityChangeReporter: Compat change id reported: 158482162; UID 1000; state: DISABLED
03-07 17:02:57.441 1002 1397 D CompatibilityChangeReporter: Compat change id reported: 158482162; UID 1000; state: ENABLED
03-07 17:02:57.454 8502 8545 D PrefCtrlListHelper: Could not find Context-only controller for pref: com.android.settings.gestures.DoubleTapPowerPreferenceController
03-07 17:02:57.456 8502 8545 D PrefCtrlListHelper: Could not find Context-only controller for pref: com.android.settings.development.graphicsdriver.GraphicsDriverTopIntroPreferenceController
03-07 17:02:57.456 8502 8545 D PrefCtrlListHelper: Could not find Context-only controller for pref: com.android.settings.development.graphicsdriver.GraphicsDriverEnableForAllAppsPreferenceController
03-07 17:02:57.459 8502 8545 D PrefCtrlListHelper: Could not find Context-only controller for pref: com.android.settings.development.graphicsdriver.GraphicsDriverAppPreferenceController
03-07 17:02:57.474 8502 8545 D PrefCtrlListHelper: Could not find Context-only controller for pref: com.android.settings.gestures.TapScreenGesturePreferenceController
03-07 17:02:57.476 8502 8545 D PrefCtrlListHelper: Could not find Context-only controller for pref: com.android.settings.deviceinfo.hardwareinfo.DeviceModelPreferenceController
03-07 17:02:57.477 8502 8545 D PrefCtrlListHelper: Could not find Context-only controller for pref: com.android.settings.deviceinfo.hardwareinfo.SerialNumberPreferenceController
03-07 17:02:57.477 8502 8545 D PrefCtrlListHelper: Could not find Context-only controller for pref: com.android.settings.deviceinfo.hardwareinfo.HardwareRevisionPreferenceController
03-07 17:02:57.477 8502 8545 V SettingsSearchProvider: com.android.settings.emergency.EmergencyGestureSettings$1@a6c6751 tried to add an empty non-indexable key
03-07 17:02:57.489 8502 8545 D ForcePeakRefreshRateCtr: DEFAULT_REFRESH_RATE : 60.0 mPeakRefreshRate : 60.0
03-07 17:02:57.493 1002 1153 I EventSequenceValidator: dec AccIntentStartedEvents to 1
03-07 17:02:57.497 1002 1150 I sysui_multi_action: [319,590,322,589,325,860,757,761,758,7,759,2,806,com.android.settings.intelligence,871,com.android.settings.intelligence.search.SearchActivity,904,com.android.settings,905,0,945,89,1320,4,1321,1]
03-07 17:02:57.498 1002 1150 I wm_activity_launch_time: [0,206824944,com.android.settings.intelligence/.search.SearchActivity,589]
03-07 17:02:57.498 1002 1150 I ActivityTaskManager: Displayed com.android.settings.intelligence/.search.SearchActivity: +589ms
03-07 17:02:57.501 8502 8545 D PrefCtrlListHelper: Could not find Context-only controller for pref: com.android.settings.development.Prefer5GNetworkSummaryController
03-07 17:02:57.501 8502 8545 W PrefCtrlListHelper: Cannot instantiate controller from reflection: com.android.settings.development.Prefer5GNetworkSummaryController
03-07 17:02:57.501 8502 8545 D PrefCtrlListHelper: Could not find Context-only controller for pref: com.android.settings.notification.ImportanceResetPreferenceController
03-07 17:02:57.501 8502 8545 D PrefCtrlListHelper: Could not find Context-only controller for pref: com.android.settings.location.LocationIndicatorsPreferenceController
03-07 17:02:57.502 8502 8545 E BaseSearchIndex: com.android.settings.development.PreferVonrController must implement com.android.settings.core.PreferenceControllerMixin treating the key non-indexable
03-07 17:02:57.506 8502 8545 E BaseSearchIndex: com.android.settings.development.AdbAuthorizationTimeoutPreferenceController must implement com.android.settings.core.PreferenceControllerMixin treating the key non-indexable
03-07 17:02:57.506 1002 1662 I input_focus: [Focus entering f18e08b com.android.settings.intelligence/com.android.settings.intelligence.search.SearchActivity (server),reason=Window became focusable. Previous reason: NOT_VISIBLE]
03-07 17:02:57.517 3285 3285 I hintView: forceClose=true,resetShowChs=true
03-07 17:02:57.517 3285 3285 I hintView: dismissPop()
03-07 17:02:57.518 505 505 I hwservicemanager: getTransport: Cannot find entry android.hardware.dumpstate@1.1::IDumpstateDevice/default in either framework or device VINTF manifest.
03-07 17:02:57.519 505 505 I hwservicemanager: getTransport: Cannot find entry android.hardware.dumpstate@1.0::IDumpstateDevice/default in either framework or device VINTF manifest.
03-07 17:02:57.521 3285 3285 I hintView: forceClose=true,resetShowChs=true
03-07 17:02:57.521 3285 3285 I hintView: dismissPop()
03-07 17:02:57.521 8502 8545 E BaseSearchIndex: com.android.settings.development.DefaultUsbConfigurationPreferenceController must implement com.android.settings.core.PreferenceControllerMixin treating the key non-indexable
03-07 17:02:57.522 8579 8579 D InputMethodManager: showSoftInput() view=android.widget.SearchView$SearchAutoComplete{ff4b4a1 VFED..CL. .F...... 0,17-2164,71 #1020463 android:id/search_src_text aid=1073741824} flags=0 reason=SHOW_SOFT_INPUT
03-07 17:02:57.522 8502 8545 E SettingsSearchProvider: Error trying to get non-indexable keys from: com.android.settings.development.DevelopmentSettingsDashboardFragment
03-07 17:02:57.522 8502 8545 E SettingsSearchProvider: java.lang.SecurityException: Permission denial: reading from settings requires:android.permission.READ_DEVICE_CONFIG
03-07 17:02:57.522 8502 8545 E SettingsSearchProvider: at android.provider.DeviceConfig.enforceReadPermission(DeviceConfig.java:1046)
03-07 17:02:57.522 8502 8545 E SettingsSearchProvider: at android.provider.Settings$NameValueCache.getStringsForPrefix(Settings.java:3095)
03-07 17:02:57.522 8502 8545 E SettingsSearchProvider: at android.provider.Settings$Config.getStrings(Settings.java:16319)
03-07 17:02:57.522 8502 8545 E SettingsSearchProvider: at android.provider.DeviceConfig.getProperties(DeviceConfig.java:661)
03-07 17:02:57.522 8502 8545 E SettingsSearchProvider: at android.provider.DeviceConfig.getProperty(DeviceConfig.java:633)
03-07 17:02:57.522 8502 8545 E SettingsSearchProvider: at android.provider.DeviceConfig.getBoolean(DeviceConfig.java:696)
03-07 17:02:57.522 8502 8545 E SettingsSearchProvider: at com.android.settings.location.LocationIndicatorsPreferenceController.getAvailabilityStatus(LocationIndicatorsPreferenceController.java:48)
03-07 17:02:57.522 8502 8545 E SettingsSearchProvider: at com.android.settings.core.BasePreferenceController.isAvailable(BasePreferenceController.java:257)
03-07 17:02:57.522 8502 8545 E SettingsSearchProvider: at com.android.settings.core.BasePreferenceController.updateNonIndexableKeys(BasePreferenceController.java:303)
03-07 17:02:57.522 8502 8545 E SettingsSearchProvider: at com.android.settings.search.BaseSearchIndexProvider.getNonIndexableKeys(BaseSearchIndexProvider.java:121)
03-07 17:02:57.522 8502 8545 E SettingsSearchProvider: at com.android.settings.search.SettingsSearchIndexablesProvider.getNonIndexableKeysFromProvider(SettingsSearchIndexablesProvider.java:284)
03-07 17:02:57.522 8502 8545 E SettingsSearchProvider: at com.android.settings.search.SettingsSearchIndexablesProvider.queryNonIndexableKeys(SettingsSearchIndexablesProvider.java:157)
03-07 17:02:57.522 8502 8545 E SettingsSearchProvider: at android.provider.SearchIndexablesProvider.query(SearchIndexablesProvider.java:127)
03-07 17:02:57.522 8502 8545 E SettingsSearchProvider: at android.content.ContentProvider.query(ContentProvider.java:1408)
03-07 17:02:57.522 8502 8545 E SettingsSearchProvider: at android.content.ContentProvider.query(ContentProvider.java:1504)
03-07 17:02:57.522 8502 8545 E SettingsSearchProvider: at android.content.ContentProvider$Transport.query(ContentProvider.java:272)
03-07 17:02:57.522 8502 8545 E SettingsSearchProvider: at android.content.ContentProviderNative.onTransact(ContentProviderNative.java:107)
03-07 17:02:57.522 8502 8545 E SettingsSearchProvider: at android.os.Binder.execTransactInternal(Binder.java:1179)
03-07 17:02:57.522 8502 8545 E SettingsSearchProvider: at android.os.Binder.execTransact(Binder.java:1143)
03-07 17:02:57.524 8502 8545 D PrefCtrlListHelper: Could not find Context-only controller for pref: com.android.settings.datetime.DateTimePreferenceController
03-07 17:02:57.528 8502 8545 D PrefCtrlListHelper: Could not find Context-only controller for pref: com.android.settings.system.ResetPreferenceController
03-07 17:02:57.528 8502 8545 D AssistGesture: mAssistOnly:false, isSupported:false, isSensorAvailable:false
03-07 17:02:57.528 8502 8545 D AssistGesture: mAssistOnly:false, isSupported:false, isSensorAvailable:false
03-07 17:02:57.529 8502 8545 D AssistGesture: mAssistOnly:false, isSupported:false, isSensorAvailable:false
03-07 17:02:57.533 8502 8545 D PrefCtrlListHelper: Could not find Context-only controller for pref: com.android.settings.applications.DefaultAppsPreferenceController
03-07 17:02:57.535 8502 8545 D PrefCtrlListHelper: Could not find Context-only controller for pref: com.android.settings.applications.GameSettingsPreferenceController
03-07 17:02:57.536 3285 3285 I hintView: forceClose=true,resetShowChs=true
03-07 17:02:57.536 3285 3285 I hintView: dismissPop()
03-07 17:02:57.536 8502 8545 D PrefCtrlListHelper: Could not find Context-only controller for pref: com.android.settings.applications.HibernatedAppsPreferenceController
03-07 17:02:57.536 8502 8545 D PrefCtrlListHelper: Could not find Context-only controller for pref: com.android.settings.applications.SpecialAppAccessPreferenceController
03-07 17:02:57.537 8502 8545 W SettingsPrefController: Skipping updateNonIndexableKeys, key already in list. com.android.settings.applications.AppsPreferenceController@9482153
03-07 17:02:57.537 8502 8545 E SettingsSearchProvider: Error trying to get non-indexable keys from: com.android.settings.applications.AppDashboardFragment
03-07 17:02:57.537 8502 8545 E SettingsSearchProvider: java.lang.SecurityException: Permission denial: reading from settings requires:android.permission.READ_DEVICE_CONFIG
03-07 17:02:57.537 8502 8545 E SettingsSearchProvider: at android.provider.DeviceConfig.enforceReadPermission(DeviceConfig.java:1046)
03-07 17:02:57.537 8502 8545 E SettingsSearchProvider: at android.provider.Settings$NameValueCache.getStringsForPrefix(Settings.java:3095)
03-07 17:02:57.537 8502 8545 E SettingsSearchProvider: at android.provider.Settings$Config.getStrings(Settings.java:16319)
03-07 17:02:57.537 8502 8545 E SettingsSearchProvider: at android.provider.DeviceConfig.getProperties(DeviceConfig.java:661)
03-07 17:02:57.537 8502 8545 E SettingsSearchProvider: at android.provider.DeviceConfig.getProperty(DeviceConfig.java:633)
03-07 17:02:57.537 8502 8545 E SettingsSearchProvider: at android.provider.DeviceConfig.getBoolean(DeviceConfig.java:696)
03-07 17:02:57.537 8502 8545 E SettingsSearchProvider: at com.android.settings.applications.HibernatedAppsPreferenceController.isHibernationEnabled(HibernatedAppsPreferenceController.java:215)
03-07 17:02:57.537 8502 8545 E SettingsSearchProvider: at com.android.settings.applications.HibernatedAppsPreferenceController.getAvailabilityStatus(HibernatedAppsPreferenceController.java:90)
03-07 17:02:57.537 8502 8545 E SettingsSearchProvider: at com.android.settings.core.BasePreferenceController.isAvailable(BasePreferenceController.java:257)
03-07 17:02:57.537 8502 8545 E SettingsSearchProvider: at com.android.settings.core.BasePreferenceController.updateNonIndexableKeys(BasePreferenceController.java:303)
03-07 17:02:57.537 8502 8545 E SettingsSearchProvider: at com.android.settings.search.BaseSearchIndexProvider.getNonIndexableKeys(BaseSearchIndexProvider.java:121)
03-07 17:02:57.537 8502 8545 E SettingsSearchProvider: at com.android.settings.search.SettingsSearchIndexablesProvider.getNonIndexableKeysFromProvider(SettingsSearchIndexablesProvider.java:284)
03-07 17:02:57.537 8502 8545 E SettingsSearchProvider: at com.android.settings.search.SettingsSearchIndexablesProvider.queryNonIndexableKeys(SettingsSearchIndexablesProvider.java:157)
03-07 17:02:57.537 8502 8545 E SettingsSearchProvider: at android.provider.SearchIndexablesProvider.query(SearchIndexablesProvider.java:127)
03-07 17:02:57.537 8502 8545 E SettingsSearchProvider: at android.content.ContentProvider.query(ContentProvider.java:1408)
03-07 17:02:57.537 8502 8545 E SettingsSearchProvider: at android.content.ContentProvider.query(ContentProvider.java:1504)
03-07 17:02:57.537 8502 8545 E SettingsSearchProvider: at android.content.ContentProvider$Transport.query(ContentProvider.java:272)
03-07 17:02:57.537 8502 8545 E SettingsSearchProvider: at android.content.ContentProviderNative.onTransact(ContentProviderNative.java:107)
03-07 17:02:57.537 8502 8545 E SettingsSearchProvider: at android.os.Binder.execTransactInternal(Binder.java:1179)
03-07 17:02:57.537 8502 8545 E SettingsSearchProvider: at android.os.Binder.execTransact(Binder.java:1143)
03-07 17:02:57.541 3285 3285 I hintView: forceClose=true,resetShowChs=true
03-07 17:02:57.541 3285 3285 I hintView: dismissPop()
03-07 17:02:57.554 8502 8545 D PrefCtrlListHelper: Could not find Context-only controller for pref: com.android.settings.display.AutoRotatePreferenceController
03-07 17:02:57.555 8502 8545 D PrefCtrlListHelper: Could not find Context-only controller for pref: com.android.settings.display.SmartAutoRotatePermissionController
03-07 17:02:57.556 8502 8545 D PrefCtrlListHelper: Could not find Context-only controller for pref: com.android.settings.display.SmartAutoRotateCameraStateController
03-07 17:02:57.576 8502 8545 I service_manager_slow: [19,sensor_privacy]
03-07 17:02:57.580 8502 8545 D PrefCtrlListHelper: Could not find Context-only controller for pref: com.android.settings.display.SmartAutoRotateBatterySaverController
03-07 17:02:57.580 8502 8545 D PrefCtrlListHelper: Could not find Context-only controller for pref: com.android.settings.display.SmartAutoRotateController
03-07 17:02:57.582 8502 8545 V SettingsSearchProvider: com.android.settings.search.BaseSearchIndexProvider@61867cb tried to add an empty non-indexable key
03-07 17:02:57.585 8502 8545 D PrefCtrlListHelper: Could not find Context-only controller for pref: com.android.settings.deviceinfo.legal.CopyrightPreferenceController
03-07 17:02:57.586 8579 8579 D InsetsController: show(ime(), fromIme=true)
03-07 17:02:57.586 3285 3285 I hintView: forceClose=true,resetShowChs=true
03-07 17:02:57.586 3285 3285 I hintView: dismissPop()
03-07 17:02:57.586 8502 8545 D PrefCtrlListHelper: Could not find Context-only controller for pref: com.android.settings.deviceinfo.legal.LicensePreferenceController
03-07 17:02:57.587 8502 8545 D PrefCtrlListHelper: Could not find Context-only controller for pref: com.android.settings.deviceinfo.legal.TermsPreferenceController
03-07 17:02:57.589 3285 3285 I hintView: forceClose=true,resetShowChs=true
03-07 17:02:57.589 3285 3285 I hintView: dismissPop()
03-07 17:02:57.590 3285 3285 I hintView: forceClose=true,resetShowChs=true
03-07 17:02:57.590 3285 3285 I hintView: dismissPop()
03-07 17:02:57.590 8502 8545 D PrefCtrlListHelper: Could not find Context-only controller for pref: com.android.settings.deviceinfo.legal.ModuleLicensesListPreferenceController
03-07 17:02:57.590 3285 3285 I hintView: forceClose=true,resetShowChs=true
03-07 17:02:57.590 3285 3285 I hintView: dismissPop()
03-07 17:02:57.591 3285 3285 I hintView: forceClose=true,resetShowChs=true
03-07 17:02:57.591 3285 3285 I hintView: dismissPop()
03-07 17:02:57.591 8502 8545 D PrefCtrlListHelper: Could not find Context-only controller for pref: com.android.settings.deviceinfo.legal.WebViewLicensePreferenceController
03-07 17:02:57.591 8502 8545 D PrefCtrlListHelper: Could not find Context-only controller for pref: com.android.settings.deviceinfo.legal.WallpaperAttributionsPreferenceController
03-07 17:02:57.604 1002 1061 I wm_add_to_stopping: [0,245985390,com.android.settings/.Settings,makeInvisible]
03-07 17:02:57.605 8579 8579 D ViewRootImpl[SearchActivity]: changeCanvasOpacity: opaque=true
03-07 17:02:57.605 8502 8545 W SettingsPrefController: Skipping updateNonIndexableKeys, key already in list. com.android.settings.deviceinfo.legal.WallpaperAttributionsPreferenceController@9d9e66
03-07 17:02:57.607 8579 8579 D InsetsController: show(ime(), fromIme=true)
03-07 17:02:57.607 1002 1153 I wm_stop_activity: [0,245985390,com.android.settings/.Settings]
03-07 17:02:57.610 3285 3285 D ActivityThread: ViewRootImpl.ConfigChangedCallback for IME, config={1.0 ?mcc?mnc [zh_CN] ldltr sw680dp w1586dp h588dp 240dpi lrg long hdr land finger -keyb/v/h -nav/h winConfig={ mBounds=Rect(0, 0 - 2380, 1020) mAppBounds=Rect(0, 0 - 2380, 954) mMaxBounds=Rect(0, 0 - 2380, 1020) mWindowingMode=fullscreen mDisplayWindowingMode=fullscreen mActivityType=undefined mAlwaysOnTop=undefined mRotation=ROTATION_0} s.10 fontWeightAdjustment=0}
03-07 17:02:57.611 8502 8545 D PrefCtrlListHelper: Could not find Context-only controller for pref: com.android.settings.privacy.WorkPolicyInfoPreferenceController
03-07 17:02:57.611 8502 8545 D PrefCtrlListHelper: Could not find Context-only controller for pref: com.android.settings.applications.specialaccess.interactacrossprofiles.InteractAcrossProfilesController
03-07 17:02:57.612 8502 8545 D PrefCtrlListHelper: Could not find Context-only controller for pref: com.android.settings.privacy.AccessibilityUsagePreferenceController
03-07 17:02:57.615 3285 4884 I OpenGLRenderer: Davey! duration=233039ms; Flags=1, FrameTimelineVsyncId=11615, IntendedVsync=628002161866, Vsync=628068828530, InputEventId=0, HandleInputStart=628082445694, AnimationStart=628082446840, PerformTraversalsStart=628082447413, DrawStart=628135188142, FrameDeadline=628035495198, FrameInterval=628082442361, FrameStartTime=16666666, SyncQueued=628142143507, SyncStart=628142240851, IssueDrawCommandsStart=628143823976, SwapBuffers=628153705173, FrameCompleted=861041958314, DequeueBufferDuration=8229, QueueBufferDuration=850364, GpuCompleted=861041958314, SwapBuffersCompleted=628155468090, DisplayPresentTime=0,
03-07 17:02:57.620 8502 8545 D PrefCtrlListHelper: Could not find Context-only controller for pref: com.android.settings.privacy.PrivacyHubPreferenceController
03-07 17:02:57.621 8502 8545 D PrefCtrlListHelper: Could not find Context-only controller for pref: com.android.settings.privacy.PrivacyManagePermsPreferenceController
03-07 17:02:57.623 8502 8545 D PrefCtrlListHelper: Could not find Context-only controller for pref: com.android.settings.privacy.CameraToggleController
03-07 17:02:57.624 8502 8545 D PrefCtrlListHelper: Could not find Context-only controller for pref: com.android.settings.privacy.MicToggleController
03-07 17:02:57.624 8502 8545 D PrefCtrlListHelper: Could not find Context-only controller for pref: com.android.settings.privacy.EnableContentCapturePreferenceController
03-07 17:02:57.624 8502 8545 D PrefCtrlListHelper: Could not find Context-only controller for pref: com.android.settings.privacy.EnableContentCaptureWithServiceSettingsPreferenceController
03-07 17:02:57.625 8502 8545 D PrefCtrlListHelper: Could not find Context-only controller for pref: com.android.settings.privacy.ShowClipAccessNotificationPreferenceController
03-07 17:02:57.625 8502 8545 W PrefCtrlListHelper: Cannot instantiate controller from reflection: com.android.settings.privacy.ShowClipAccessNotificationPreferenceController
03-07 17:02:57.625 8502 8545 W PrefControllerMixin: Skipping updateNonIndexableKeys due to empty key com.android.settings.notification.LockScreenNotificationPreferenceController@e576a54
03-07 17:02:57.627 8502 8545 W SettingsPrefController: Skipping updateNonIndexableKeys, key already in list. com.android.settings.applications.specialaccess.interactacrossprofiles.InteractAcrossProfilesController@cd53af2
03-07 17:02:57.627 8502 8545 E SettingsSearchProvider: Error trying to get non-indexable keys from: com.android.settings.privacy.PrivacyDashboardFragment
03-07 17:02:57.627 8502 8545 E SettingsSearchProvider: java.lang.SecurityException: Permission denial: reading from settings requires:android.permission.READ_DEVICE_CONFIG
03-07 17:02:57.627 8502 8545 E SettingsSearchProvider: at android.provider.DeviceConfig.enforceReadPermission(DeviceConfig.java:1046)
03-07 17:02:57.627 8502 8545 E SettingsSearchProvider: at android.provider.Settings$NameValueCache.getStringsForPrefix(Settings.java:3095)
03-07 17:02:57.627 8502 8545 E SettingsSearchProvider: at android.provider.Settings$Config.getStrings(Settings.java:16319)
03-07 17:02:57.627 8502 8545 E SettingsSearchProvider: at android.provider.DeviceConfig.getProperties(DeviceConfig.java:661)
03-07 17:02:57.627 8502 8545 E SettingsSearchProvider: at android.provider.DeviceConfig.getProperty(DeviceConfig.java:633)
03-07 17:02:57.627 8502 8545 E SettingsSearchProvider: at android.provider.DeviceConfig.getBoolean(DeviceConfig.java:696)
03-07 17:02:57.627 8502 8545 E SettingsSearchProvider: at com.android.settings.privacy.PrivacyHubPreferenceController.getAvailabilityStatus(PrivacyHubPreferenceController.java:52)
03-07 17:02:57.627 8502 8545 E SettingsSearchProvider: at com.android.settings.core.BasePreferenceController.isAvailable(BasePreferenceController.java:257)
03-07 17:02:57.627 8502 8545 E SettingsSearchProvider: at com.android.settings.core.BasePreferenceController.updateNonIndexableKeys(BasePreferenceController.java:303)
03-07 17:02:57.627 8502 8545 E SettingsSearchProvider: at com.android.settings.search.BaseSearchIndexProvider.getNonIndexableKeys(BaseSearchIndexProvider.java:121)
03-07 17:02:57.627 8502 8545 E SettingsSearchProvider: at com.android.settings.search.SettingsSearchIndexablesProvider.getNonIndexableKeysFromProvider(SettingsSearchIndexablesProvider.java:284)
03-07 17:02:57.627 8502 8545 E SettingsSearchProvider: at com.android.settings.search.SettingsSearchIndexablesProvider.queryNonIndexableKeys(SettingsSearchIndexablesProvider.java:157)
03-07 17:02:57.627 8502 8545 E SettingsSearchProvider: at android.provider.SearchIndexablesProvider.query(SearchIndexablesProvider.java:127)
03-07 17:02:57.627 8502 8545 E SettingsSearchProvider: at android.content.ContentProvider.query(ContentProvider.java:1408)
03-07 17:02:57.627 8502 8545 E SettingsSearchProvider: at android.content.ContentProvider.query(ContentProvider.java:1504)
03-07 17:02:57.627 8502 8545 E SettingsSearchProvider: at android.content.ContentProvider$Transport.query(ContentProvider.java:272)
03-07 17:02:57.627 8502 8545 E SettingsSearchProvider: at android.content.ContentProviderNative.onTransact(ContentProviderNative.java:107)
03-07 17:02:57.627 8502 8545 E SettingsSearchProvider: at android.os.Binder.execTransactInternal(Binder.java:1179)
03-07 17:02:57.627 8502 8545 E SettingsSearchProvider: at android.os.Binder.execTransact(Binder.java:1143)
03-07 17:02:57.629 8502 8545 D PrefCtrlListHelper: Could not find Context-only controller for pref: com.android.settings.slices.SlicePreferenceController
03-07 17:02:57.629 8502 8545 D PrefCtrlListHelper: Could not find Context-only controller for pref: com.android.settings.connecteddevice.AddDevicePreferenceController
03-07 17:02:57.630 8502 8545 D PrefCtrlListHelper: Could not find Context-only controller for pref: com.android.settings.connecteddevice.PreviouslyConnectedDevicePreferenceController
03-07 17:02:57.630 8502 8545 D PrefCtrlListHelper: Could not find Context-only controller for pref: com.android.settings.connecteddevice.GroupPreviouslyConnectedDevicePreferenceController
03-07 17:02:57.630 8502 8545 D PrefCtrlListHelper: Could not find Context-only controller for pref: com.android.settings.connecteddevice.AdvancedConnectedDeviceController
