03-07 16:59:49.164 1002 4328 I wm_create_activity: [0,174727119,19,com.tencent.mm/.plugin.account.ui.WelcomeActivity,NULL,NULL,NULL,536870912]
03-07 16:59:49.167 1002 1173 I am_proc_start: [0,5157,10099,com.tencent.mm:push,service,{com.tencent.mm/com.tencent.mm.booter.CoreService}]
03-07 16:59:49.167 1002 1173 I ActivityManager: Start proc 5157:com.tencent.mm:push/u0a99 for service {com.tencent.mm/com.tencent.mm.booter.CoreService}
03-07 16:59:49.170 4946 4946 I wm_on_resume_called: [104930713,com.tencent.mm.ui.LauncherUI,LIFECYCLER_RESUME_ACTIVITY]
03-07 16:59:49.179 4946 4946 I wm_on_paused_called: [104930713,com.tencent.mm.ui.LauncherUI,performPause]
03-07 16:59:49.181 4946 4946 I wm_on_stop_called: [104930713,com.tencent.mm.ui.LauncherUI,STOP_ACTIVITY_ITEM]
03-07 16:59:49.188 1002 2150 I wm_finish_activity: [0,54266035,19,com.tencent.mm/.app.WeChatSplashActivity,app-request]
03-07 16:59:49.189 4946 4946 I wm_on_top_resumed_lost_called: [54266035,com.tencent.mm.app.WeChatSplashActivity,topStateChangedWhenResumed]
03-07 16:59:49.190 4946 4946 I wm_on_paused_called: [54266035,com.tencent.mm.app.WeChatSplashActivity,performPause]
03-07 16:59:49.191 1002 2150 I wm_add_to_stopping: [0,54266035,com.tencent.mm/.app.WeChatSplashActivity,completeFinishing]
03-07 16:59:49.191 1002 2150 I ActivityTaskManager: FOREGROUND_APPLICATION_CHANGED to com.tencent.mm.plugin.account.ui.WelcomeActivity
03-07 16:59:49.191 1002 2150 I ActivityTaskManager: The Process com.tencent.mm Already Exists in BG. So sending its PID: 4946
03-07 16:59:49.195 1002 2150 W ActivityTaskManager: Tried to set launchTime (0) < mLastActivityLaunchTime (671432)
03-07 16:59:49.196 1002 2150 I wm_restart_activity: [0,174727119,19,com.tencent.mm/.plugin.account.ui.WelcomeActivity]
03-07 16:59:49.197 1002 2150 I wm_set_resumed_activity: [0,com.tencent.mm/.plugin.account.ui.WelcomeActivity,minimalResumeActivityLocked]
03-07 16:59:49.199 1002 1153 I sysui_multi_action: [757,803,799,window_time_0,802,1]
03-07 16:59:49.203 1002 2150 I ActivityTaskManager: Activity reported stop, but no longer stopping: ActivityRecord{6411d99 u0 com.tencent.mm/.ui.LauncherUI t19} STOPPED
03-07 16:59:49.218 1002 1662 I input_focus: [Focus leaving c67fcc9 com.tencent.mm/com.tencent.mm.app.WeChatSplashActivity (server),reason=NO_WINDOW]
01-02 07:14:23.807 0 0 I binder : 5157:5157 ioctl 40046210 7fc2951f54 returned -22
03-07 16:59:49.245 1002 2150 I am_proc_bound: [0,5157,com.tencent.mm:push]
03-07 16:59:49.272 5157 5157 E LoadedApk: Unable to instantiate appComponentFactory
03-07 16:59:49.272 5157 5157 E LoadedApk: java.lang.ClassNotFoundException: Didn't find class "androidx.core.app.CoreComponentFactory" on path: DexPathList[[zip file "/data/app/~~-HwmTgscadX0gp811dXVuA==/com.tencent.mm-bxBy6WGwuo5iL2g6BZ_TXw==/base.apk"],nativeLibraryDirectories=[/data/app/~~-HwmTgscadX0gp811dXVuA==/com.tencent.mm-bxBy6WGwuo5iL2g6BZ_TXw==/lib/arm64, /data/app/~~-HwmTgscadX0gp811dXVuA==/com.tencent.mm-bxBy6WGwuo5iL2g6BZ_TXw==/base.apk!/lib/arm64-v8a, /system/lib64, /system_ext/lib64]]
03-07 16:59:49.272 5157 5157 E LoadedApk: at dalvik.system.BaseDexClassLoader.findClass(BaseDexClassLoader.java:218)
03-07 16:59:49.272 5157 5157 E LoadedApk: at java.lang.ClassLoader.loadClass(ClassLoader.java:379)
03-07 16:59:49.272 5157 5157 E LoadedApk: at java.lang.ClassLoader.loadClass(ClassLoader.java:312)
03-07 16:59:49.272 5157 5157 E LoadedApk: at android.app.LoadedApk.createAppFactory(LoadedApk.java:262)
03-07 16:59:49.272 5157 5157 E LoadedApk: at android.app.LoadedApk.createOrUpdateClassLoaderLocked(LoadedApk.java:975)
03-07 16:59:49.272 5157 5157 E LoadedApk: at android.app.LoadedApk.getClassLoader(LoadedApk.java:1062)
03-07 16:59:49.272 5157 5157 E LoadedApk: at android.app.LoadedApk.getResources(LoadedApk.java:1310)
03-07 16:59:49.272 5157 5157 E LoadedApk: at android.app.ContextImpl.createAppContext(ContextImpl.java:3014)
03-07 16:59:49.272 5157 5157 E LoadedApk: at android.app.ContextImpl.createAppContext(ContextImpl.java:3006)
03-07 16:59:49.272 5157 5157 E LoadedApk: at android.app.ActivityThread.handleBindApplication(ActivityThread.java:6633)
03-07 16:59:49.272 5157 5157 E LoadedApk: at android.app.ActivityThread.access$1500(ActivityThread.java:248)
03-07 16:59:49.272 5157 5157 E LoadedApk: at android.app.ActivityThread$H.handleMessage(ActivityThread.java:2054)
03-07 16:59:49.272 5157 5157 E LoadedApk: at android.os.Handler.dispatchMessage(Handler.java:106)
03-07 16:59:49.272 5157 5157 E LoadedApk: at android.os.Looper.loopOnce(Looper.java:201)
03-07 16:59:49.272 5157 5157 E LoadedApk: at android.os.Looper.loop(Looper.java:288)
03-07 16:59:49.272 5157 5157 E LoadedApk: at android.app.ActivityThread.main(ActivityThread.java:7880)
03-07 16:59:49.272 5157 5157 E LoadedApk: at java.lang.reflect.Method.invoke(Native Method)
03-07 16:59:49.272 5157 5157 E LoadedApk: at com.android.internal.os.RuntimeInit$MethodAndArgsCaller.run(RuntimeInit.java:548)
03-07 16:59:49.272 5157 5157 E LoadedApk: at com.android.internal.os.ZygoteInit.main(ZygoteInit.java:1009)
03-07 16:59:49.290 4946 4946 I wm_on_create_called: [174727119,com.tencent.mm.plugin.account.ui.WelcomeActivity,performCreate]
03-07 16:59:49.295 4946 4946 I wm_on_start_called: [174727119,com.tencent.mm.plugin.account.ui.WelcomeActivity,handleStartActivity]
03-07 16:59:49.296 4946 4946 I wm_on_resume_called: [174727119,com.tencent.mm.plugin.account.ui.WelcomeActivity,RESUME_ACTIVITY]
03-07 16:59:49.299 1002 4328 W FreeFormWindowHelper: Current Display FreeFormTask is null
03-07 16:59:49.304 4946 4946 I wm_on_top_resumed_gained_called: [174727119,com.tencent.mm.plugin.account.ui.WelcomeActivity,topStateChangedWhenResumed]
03-07 16:59:49.295 0 0 I auditd : type=1400 audit(0.0:1835): avc: denied { kill } for comm="swapper/2" capability=5 scontext=u:r:kernel:s0 tcontext=u:r:kernel:s0 tclass=capability permissive=1
03-07 16:59:49.324 1002 1154 I input_focus: [Focus request c30ab63 com.tencent.mm/com.tencent.mm.plugin.account.ui.WelcomeActivity,reason=UpdateInputWindows]
03-07 16:59:49.346 1002 1150 I wm_activity_launch_time: [0,174727119,com.tencent.mm/.plugin.account.ui.WelcomeActivity,210]
03-07 16:59:49.353 1002 1662 I input_focus: [Focus entering c30ab63 com.tencent.mm/com.tencent.mm.plugin.account.ui.WelcomeActivity (server),reason=setFocusedWindow]
03-07 16:59:49.443 5157 5157 I auditd : type=1400 audit(0.0:1836): avc: denied { read } for comm="tencent.mm:push" name="anr" dev="dm-6" ino=34 scontext=u:r:untrusted_app_29:s0:c99,c256,c512,c768 tcontext=u:object_r:anr_data_file:s0 tclass=dir permissive=1 app=com.tencent.mm
03-07 16:59:49.563 1002 1153 I wm_destroy_activity: [0,54266035,19,com.tencent.mm/.app.WeChatSplashActivity,finish-imm:transit]
03-07 16:59:49.582 4946 4946 I wm_on_stop_called: [54266035,com.tencent.mm.app.WeChatSplashActivity,LIFECYCLER_STOP_ACTIVITY]
03-07 16:59:49.584 4946 4946 I wm_on_destroy_called: [54266035,com.tencent.mm.app.WeChatSplashActivity,performDestroy]
03-07 16:59:49.604 1002 4328 D CompatibilityChangeReporter: Compat change id reported: 157929241; UID 1000; state: LOGGED
03-07 16:59:50.020 1002 1662 I input_interaction: Interaction with: c30ab63 com.tencent.mm/com.tencent.mm.plugin.account.ui.WelcomeActivity (server), edge-swipe (server), swipe-up (server), PointerEventDispatcher0 (server),
03-07 16:59:50.103 5157 5157 I auditd : type=1400 audit(0.0:1837): avc: denied { read } for comm="mars::5264" name="route" dev="proc" ino=4026532259 scontext=u:r:untrusted_app_29:s0:c99,c256,c512,c768 tcontext=u:object_r:proc_net:s0 tclass=file permissive=1 app=com.tencent.mm
03-07 16:59:50.103 5157 5157 I auditd : type=1400 audit(0.0:1838): avc: denied { open } for comm="mars::5264" path="/proc/5157/net/route" dev="proc" ino=4026532259 scontext=u:r:untrusted_app_29:s0:c99,c256,c512,c768 tcontext=u:object_r:proc_net:s0 tclass=file permissive=1 app=com.tencent.mm
03-07 16:59:50.103 5157 5157 I auditd : type=1400 audit(0.0:1839): avc: denied { getattr } for comm="mars::5264" path="/proc/5157/net/route" dev="proc" ino=4026532259 scontext=u:r:untrusted_app_29:s0:c99,c256,c512,c768 tcontext=u:object_r:proc_net:s0 tclass=file permissive=1 app=com.tencent.mm
03-07 16:59:50.103 5157 5157 I auditd : type=1400 audit(0.0:1840): avc: denied { open } for comm="mars::5264" path="/dev/__properties__/u:object_r:net_dns_prop:s0" dev="tmpfs" ino=28446 scontext=u:r:untrusted_app_29:s0:c99,c256,c512,c768 tcontext=u:object_r:net_dns_prop:s0 tclass=file permissive=1 app=com.tencent.mm
03-07 16:59:50.103 5157 5157 I auditd : type=1400 audit(0.0:1841): avc: denied { getattr } for comm="mars::5264" path="/dev/__properties__/u:object_r:net_dns_prop:s0" dev="tmpfs" ino=28446 scontext=u:r:untrusted_app_29:s0:c99,c256,c512,c768 tcontext=u:object_r:net_dns_prop:s0 tclass=file permissive=1 app=com.tencent.mm
03-07 16:59:50.103 5157 5157 I auditd : type=1400 audit(0.0:1842): avc: denied { map } for comm="mars::5264" path="/dev/__properties__/u:object_r:net_dns_prop:s0" dev="tmpfs" ino=28446 scontext=u:r:untrusted_app_29:s0:c99,c256,c512,c768 tcontext=u:object_r:net_dns_prop:s0 tclass=file permissive=1 app=com.tencent.mm
03-07 16:59:50.131 5266 5266 I auditd : type=1400 audit(0.0:1843): avc: granted { bind } for comm="ip" scontext=u:r:untrusted_app_29:s0:c99,c256,c512,c768 tcontext=u:r:untrusted_app_29:s0:c99,c256,c512,c768 tclass=netlink_route_socket app=com.tencent.mm
01-02 07:14:24.739 0 0 W audit : audit_lost=697 audit_rate_limit=5 audit_backlog_limit=64
01-02 07:14:24.747 0 0 E audit : rate limit exceeded
03-07 16:59:50.220 1002 4328 I thunderperf: PlatormCompat.setOverrides: Uid1=10099 Pid1=4946 Uid2=10099 Pid2=4946
03-07 16:59:50.220 1002 4328 I thunderperf: PlatormCompat.setOverrides: needCheck:false
03-07 16:59:50.221 1002 4328 I thunderperf: CompatConfig.addOverrideUnsafe: bef-state=0
03-07 16:59:50.221 1002 4328 I thunderperf: CompatConfig.addOverrideUnsafe: aft-state=0
03-07 16:59:50.221 1002 4328 W PackageManager: MATCH_ANY_USER flag requires INTERACT_ACROSS_USERS permission: UID 10099 requires android.permission.INTERACT_ACROSS_USERS_FULL or android.permission.INTERACT_ACROSS_USERS to access user 0.
03-07 16:59:50.221 1002 4328 I ActivityTaskManager: START u0 {cmp=com.tencent.mm/.plugin.account.ui.LoginSelectUI (has extras)} from uid 10099
03-07 16:59:50.224 1002 4328 I wm_task_moved: [19,1,6]
03-07 16:59:50.224 1002 4328 I wm_set_resumed_activity: [0,com.tencent.mm/.plugin.account.ui.WelcomeActivity,positionChildAt]
03-07 16:59:50.224 1002 4328 I wm_create_activity: [0,44471676,19,com.tencent.mm/.plugin.account.ui.LoginSelectUI,NULL,NULL,NULL,0]
03-07 16:59:50.225 1002 4328 I wm_pause_activity: [0,174727119,com.tencent.mm/.plugin.account.ui.WelcomeActivity,userLeaving=true,resumeTopActivityInnerLocked]
03-07 16:59:50.233 4946 4946 I wm_on_top_resumed_lost_called: [174727119,com.tencent.mm.plugin.account.ui.WelcomeActivity,topStateChangedWhenResumed]
03-07 16:59:50.235 4946 4946 I wm_on_paused_called: [174727119,com.tencent.mm.plugin.account.ui.WelcomeActivity,performPause]
03-07 16:59:50.235 1002 2701 I ActivityTaskManager: FOREGROUND_APPLICATION_CHANGED to com.tencent.mm.plugin.account.ui.LoginSelectUI
03-07 16:59:50.235 1002 2701 I ActivityTaskManager: The Process com.tencent.mm Already Exists in BG. So sending its PID: 4946
03-07 16:59:50.237 1002 2701 W ActivityTaskManager: Tried to set launchTime (0) < mLastActivityLaunchTime (672655)
03-07 16:59:50.238 1002 2701 I wm_restart_activity: [0,44471676,19,com.tencent.mm/.plugin.account.ui.LoginSelectUI]
03-07 16:59:50.239 1002 2701 I wm_set_resumed_activity: [0,com.tencent.mm/.plugin.account.ui.LoginSelectUI,minimalResumeActivityLocked]
03-07 16:59:50.244 1002 1153 I sysui_multi_action: [757,803,799,window_time_0,802,1]
03-07 16:59:50.299 1002 4328 I wm_add_to_stopping: [0,174727119,com.tencent.mm/.plugin.account.ui.WelcomeActivity,makeInvisible]
03-07 16:59:50.314 4946 4946 I wm_on_create_called: [44471676,com.tencent.mm.plugin.account.ui.LoginSelectUI,performCreate]
03-07 16:59:50.318 1002 4328 I wm_relaunch_resume_activity: [0,44471676,19,com.tencent.mm/.plugin.account.ui.LoginSelectUI]
03-07 16:59:50.320 4946 4946 I wm_on_start_called: [44471676,com.tencent.mm.plugin.account.ui.LoginSelectUI,handleStartActivity]
03-07 16:59:50.326 4946 4946 I wm_on_resume_called: [44471676,com.tencent.mm.plugin.account.ui.LoginSelectUI,RESUME_ACTIVITY]
01-02 07:14:24.895 0 0 I [soft_i][0x30a26b63d][16:59:50.319452] wlan: [0:I:DP] dp_addba_requestprocess_wifi3 restore BA win 64 based on addba req
03-07 16:59:50.332 4946 4946 I wm_on_top_resumed_gained_called: [44471676,com.tencent.mm.plugin.account.ui.LoginSelectUI,topStateChangedWhenResumed]
03-07 16:59:50.332 1002 1662 I input_focus: [Focus leaving c30ab63 com.tencent.mm/com.tencent.mm.plugin.account.ui.WelcomeActivity (server),reason=NO_WINDOW]
03-07 16:59:50.390 1002 2798 W FreeFormWindowHelper: Current Display FreeFormTask is null
03-07 16:59:50.395 1002 1154 I input_focus: [Focus request 5118267 com.tencent.mm/com.tencent.mm.plugin.account.ui.LoginSelectUI,reason=UpdateInputWindows]
03-07 16:59:50.442 1002 2150 I WindowManager: finishDrawing of relaunch: Window{5118267 u0 com.tencent.mm/com.tencent.mm.plugin.account.ui.LoginSelectUI} 124ms
03-07 16:59:50.446 4946 4946 I wm_on_top_resumed_lost_called: [44471676,com.tencent.mm.plugin.account.ui.LoginSelectUI,pausing]
03-07 16:59:50.447 4946 4946 I wm_on_paused_called: [44471676,com.tencent.mm.plugin.account.ui.LoginSelectUI,performPause]
03-07 16:59:50.450 4946 4946 I wm_on_stop_called: [44471676,com.tencent.mm.plugin.account.ui.LoginSelectUI,handleRelaunchActivity]
03-07 16:59:50.459 4946 4946 I wm_on_destroy_called: [44471676,com.tencent.mm.plugin.account.ui.LoginSelectUI,performDestroy]
03-07 16:59:50.517 4946 4946 I wm_on_create_called: [44471676,com.tencent.mm.plugin.account.ui.LoginSelectUI,performCreate]
03-07 16:59:50.520 4946 4946 I wm_on_start_called: [44471676,com.tencent.mm.plugin.account.ui.LoginSelectUI,handleStartActivity]
03-07 16:59:50.522 4946 4946 I wm_on_resume_called: [44471676,com.tencent.mm.plugin.account.ui.LoginSelectUI,RESUME_ACTIVITY]
03-07 16:59:50.523 4946 4946 I wm_on_top_resumed_gained_called: [44471676,com.tencent.mm.plugin.account.ui.LoginSelectUI,topWhenResuming]
03-07 16:59:50.596 1002 1154 I input_focus: [Focus request 2d1fd6a com.tencent.mm/com.tencent.mm.plugin.account.ui.LoginSelectUI,reason=UpdateInputWindows]
03-07 16:59:50.622 1002 1150 I wm_activity_launch_time: [0,44471676,com.tencent.mm/.plugin.account.ui.LoginSelectUI,398]
03-07 16:59:50.639 1002 1662 I input_focus: [Focus entering 2d1fd6a com.tencent.mm/com.tencent.mm.plugin.account.ui.LoginSelectUI (server),reason=Window became focusable. Previous reason: NOT_VISIBLE]
03-07 16:59:50.891 1002 1153 I wm_stop_activity: [0,174727119,com.tencent.mm/.plugin.account.ui.WelcomeActivity]
03-07 16:59:50.911 4946 4946 I wm_on_stop_called: [174727119,com.tencent.mm.plugin.account.ui.WelcomeActivity,STOP_ACTIVITY_ITEM]
03-07 16:59:51.039 1002 2945 E TaskPersister: File error accessing recents directory (directory doesn't exist?).
03-07 16:59:51.085 1002 5142 I BackgroundDexOptService: Pinning optimized code {}
03-07 16:59:51.111 2954 2954 I auditd : type=1400 audit(0.0:1858): avc: granted { read } for comm="om.hht.lebocast" name="arp" dev="proc" ino=4026532256 scontext=u:r:platform_app:s0:c512,c768 tcontext=u:object_r:proc_net:s0 tclass=file app=com.hht.lebocast
03-07 16:59:51.111 2954 2954 I auditd : type=1400 audit(0.0:1859): avc: granted { read open } for comm="om.hht.lebocast" path="/proc/2954/net/arp" dev="proc" ino=4026532256 scontext=u:r:platform_app:s0:c512,c768 tcontext=u:object_r:proc_net:s0 tclass=file app=com.hht.lebocast
03-07 16:59:51.111 2954 2954 I auditd : type=1400 audit(0.0:1860): avc: granted { getattr } for comm="om.hht.lebocast" path="/proc/2954/net/arp" dev="proc" ino=4026532256 scontext=u:r:platform_app:s0:c512,c768 tcontext=u:object_r:proc_net:s0 tclass=file app=com.hht.lebocast
03-07 16:59:51.679 5157 5157 I auditd : type=1400 audit(0.0:1861): avc: denied { read } for comm="mars::5313" name="route" dev="proc" ino=4026532259 scontext=u:r:untrusted_app_29:s0:c99,c256,c512,c768 tcontext=u:object_r:proc_net:s0 tclass=file permissive=1 app=com.tencent.mm
01-02 07:14:26.259 0 0 W audit : audit_lost=711 audit_rate_limit=5 audit_backlog_limit=64
01-02 07:14:26.290 0 0 E audit : rate limit exceeded
03-07 16:59:51.679 5157 5157 I auditd : type=1400 audit(0.0:1862): avc: denied { open } for comm="mars::5313" path="/proc/5157/net/route" dev="proc" ino=4026532259 scontext=u:r:untrusted_app_29:s0:c99,c256,c512,c768 tcontext=u:object_r:proc_net:s0 tclass=file permissive=1 app=com.tencent.mm
03-07 16:59:51.911 1002 1636 D ActivityManager: freezing 4121 com.qualcomm.qti.qms.service.trustzoneaccess
01-02 07:14:26.487 0 0 I binder : 1002:1636 ioctl 400c620e 7a859b25d8 returned -22
03-07 16:59:51.918 1002 1636 E ActivityManager: Unable to freeze binder for 4121 com.qualcomm.qti.qms.service.trustzoneaccess
03-07 16:59:51.924 1002 1636 D ActivityManager: froze 4121 com.qualcomm.qti.qms.service.trustzoneaccess
03-07 16:59:51.924 1002 1636 I am_freeze: [4121,com.qualcomm.qti.qms.service.trustzoneaccess]
03-07 16:59:51.931 1002 1636 E ActivityManager: Unable to freeze binder for 4121 com.qualcomm.qti.qms.service.trustzoneaccess
03-07 16:59:51.933 1002 1636 I ActivityManager: Killing 4121:com.qualcomm.qti.qms.service.trustzoneaccess/u0a55 (adj 935): Unable to freeze binder interface
03-07 16:59:51.933 1002 1636 I am_kill : [0,4121,com.qualcomm.qti.qms.service.trustzoneaccess,935,Unable to freeze binder interface]
01-02 07:14:26.500 0 0 I binder : 1002:1636 ioctl c00c620f 7a859b25b8 returned -22
03-07 16:59:52.106 1002 2247 I am_proc_died: [0,4121,com.qualcomm.qti.qms.service.trustzoneaccess,935,19]
03-07 16:59:52.112 1002 2247 I am_uid_stopped: 10055
03-07 16:59:52.226 1002 1695 I netstats_mobile_sample: [0,0,0,0,0,0,0,0,0,0,0,0,1678179592226]
03-07 16:59:52.226 1002 1695 I netstats_wifi_sample: [9882303,7528,379958,3079,9855963,7510,379642,3072,9720694,8139,278009,2757,1678179592226]
01-02 07:14:26.986 0 0 I perfetto: disabled ftrace
03-07 16:59:52.527 1258 4941 I iorapd : Perfetto TraceBuffer saved to file: /data/misc/iorapd/com.tencent.mm/2180/com.tencent.mm.ui.LauncherUI/raw_traces/1678179592519597665.perfetto_trace.pb
01-02 07:14:27.437 0 0 E DTC_ETH,link_delay_work_func: 3003, SQI=0, link=0
03-07 16:59:53.510 1002 1695 I netstats_mobile_sample: [0,0,0,0,0,0,0,0,0,0,0,0,1678179593510]
03-07 16:59:53.510 1002 1695 I netstats_wifi_sample: [20427905,14789,482528,5154,20427905,14789,482528,5154,20407004,15584,377742,4804,1678179593510]
03-07 16:59:54.798 1002 1695 I netstats_mobile_sample: [0,0,0,0,0,0,0,0,0,0,0,0,1678179594798]
03-07 16:59:54.798 1002 1695 I netstats_wifi_sample: [34241951,24506,725721,9869,34190967,24471,724421,9850,34195111,25284,614557,9503,1678179594798]
03-07 16:59:55.045 1002 1619 W DeviceIdleController: motion timeout went off and device isn't stationary
03-07 16:59:55.457 1002 1662 I input_interaction: Interaction with: 2d1fd6a com.tencent.mm/com.tencent.mm.plugin.account.ui.LoginSelectUI (server), edge-swipe (server), swipe-up (server), PointerEventDispatcher0 (server),
01-02 07:14:30.161 0 0 I binder : 1002:1636 ioctl 400c620e 7a859b25d8 returned -22
03-07 16:59:55.585 1002 1636 D ActivityManager: freezing 3355 android.process.acore
03-07 16:59:55.592 1002 1636 E ActivityManager: Unable to freeze binder for 3355 android.process.acore
03-07 16:59:55.595 1002 1636 D ActivityManager: froze 3355 android.process.acore
03-07 16:59:55.595 1002 1636 I am_freeze: [3355,android.process.acore]
03-07 16:59:55.602 1002 1636 E ActivityManager: Unable to freeze binder for 3355 android.process.acore
03-07 16:59:55.603 1002 1636 I ActivityManager: Killing 3355:android.process.acore/u0a19 (adj 995): Unable to freeze binder interface
03-07 16:59:55.603 1002 1636 I am_kill : [0,3355,android.process.acore,995,Unable to freeze binder interface]
01-02 07:14:30.170 0 0 I binder : 1002:1636 ioctl c00c620f 7a859b25b8 returned -22
03-07 16:59:55.694 1002 2247 I thunderperf: PlatormCompat.setOverrides: Uid1=10099 Pid1=4946 Uid2=10099 Pid2=4946
03-07 16:59:55.694 1002 2247 I thunderperf: PlatormCompat.setOverrides: needCheck:false
03-07 16:59:55.694 1002 2247 I thunderperf: CompatConfig.addOverrideUnsafe: bef-state=0
03-07 16:59:55.694 1002 2247 I thunderperf: CompatConfig.addOverrideUnsafe: aft-state=0
03-07 16:59:55.694 1002 2247 W PackageManager: MATCH_ANY_USER flag requires INTERACT_ACROSS_USERS permission: UID 10099 requires android.permission.INTERACT_ACROSS_USERS_FULL or android.permission.INTERACT_ACROSS_USERS to access user 0.
03-07 16:59:55.695 1002 2247 I ActivityTaskManager: START u0 {cmp=com.tencent.mm/.plugin.login_exdevice.ui.LoginAsExDeviceUI} from uid 10099
03-07 16:59:55.701 1002 2247 I wm_task_moved: [19,1,6]
03-07 16:59:55.701 1002 2247 I wm_set_resumed_activity: [0,com.tencent.mm/.plugin.account.ui.LoginSelectUI,positionChildAt]
03-07 16:59:55.701 1002 2247 I wm_create_activity: [0,266339194,19,com.tencent.mm/.plugin.login_exdevice.ui.LoginAsExDeviceUI,NULL,NULL,NULL,0]
03-07 16:59:55.702 1002 2247 I wm_pause_activity: [0,44471676,com.tencent.mm/.plugin.account.ui.LoginSelectUI,userLeaving=true,resumeTopActivityInnerLocked]
03-07 16:59:55.709 4946 4946 I wm_on_top_resumed_lost_called: [44471676,com.tencent.mm.plugin.account.ui.LoginSelectUI,topStateChangedWhenResumed]
03-07 16:59:55.711 4946 4946 I wm_on_paused_called: [44471676,com.tencent.mm.plugin.account.ui.LoginSelectUI,performPause]
03-07 16:59:55.712 1002 4328 I ActivityTaskManager: FOREGROUND_APPLICATION_CHANGED to com.tencent.mm.plugin.login_exdevice.ui.LoginAsExDeviceUI
03-07 16:59:55.712 1002 4328 I ActivityTaskManager: The Process com.tencent.mm Already Exists in BG. So sending its PID: 4946
03-07 16:59:55.713 1002 4328 W ActivityTaskManager: Tried to set launchTime (0) < mLastActivityLaunchTime (673697)
03-07 16:59:55.714 1002 4328 I wm_restart_activity: [0,266339194,19,com.tencent.mm/.plugin.login_exdevice.ui.LoginAsExDeviceUI]
03-07 16:59:55.715 1002 4328 I wm_set_resumed_activity: [0,com.tencent.mm/.plugin.login_exdevice.ui.LoginAsExDeviceUI,minimalResumeActivityLocked]
03-07 16:59:55.715 1002 2701 D CountryDetector: No listener is left
03-07 16:59:55.716 1002 2150 I am_proc_died: [0,3355,android.process.acore,995,19]
03-07 16:59:55.721 1002 2150 I am_uid_stopped: 10019
03-07 16:59:55.722 1002 1153 I sysui_multi_action: [757,803,799,window_time_0,802,6]
03-07 16:59:55.737 1002 1168 I am_pss : [2576,1000,com.qualcomm.qti.qdma,17138688,13287424,0,120991744,0,0,11]
03-07 16:59:55.748 1002 1168 I am_pss : [2525,1000,com.thundercomm.tcservice,10805248,8597504,0,100941824,0,0,10]
03-07 16:59:55.754 1002 2150 I wm_add_to_stopping: [0,44471676,com.tencent.mm/.plugin.account.ui.LoginSelectUI,makeInvisible]
03-07 16:59:55.758 1002 1168 I am_pss : [2496,1000,com.thundercomm.remotecontrolservice,10916864,8347648,0,103223296,0,0,9]
03-07 16:59:55.760 4946 4946 I wm_on_create_called: [266339194,com.tencent.mm.plugin.login_exdevice.ui.LoginAsExDeviceUI,performCreate]
03-07 16:59:55.762 1002 2150 I wm_relaunch_resume_activity: [0,266339194,19,com.tencent.mm/.plugin.login_exdevice.ui.LoginAsExDeviceUI]
03-07 16:59:55.763 4946 4946 I wm_on_start_called: [266339194,com.tencent.mm.plugin.login_exdevice.ui.LoginAsExDeviceUI,handleStartActivity]
03-07 16:59:55.768 4946 4946 I wm_on_resume_called: [266339194,com.tencent.mm.plugin.login_exdevice.ui.LoginAsExDeviceUI,RESUME_ACTIVITY]
03-07 16:59:55.768 1002 1168 I am_pss : [2492,1068,com.android.se,6237184,4153344,0,94621696,0,0,9]
03-07 16:59:55.772 4946 4946 I wm_on_top_resumed_gained_called: [266339194,com.tencent.mm.plugin.login_exdevice.ui.LoginAsExDeviceUI,topStateChangedWhenResumed]
03-07 16:59:55.779 1002 1168 I am_pss : [2475,10087,com.qti.qualcomm.mstatssystemservice,5622784,3731456,0,90656768,0,0,9]
03-07 16:59:55.784 1002 1662 I input_focus: [Focus leaving 2d1fd6a com.tencent.mm/com.tencent.mm.plugin.account.ui.LoginSelectUI (server),reason=NO_WINDOW]
03-07 16:59:55.789 1002 1168 I am_pss : [2465,1000,vendor.qti.qesdk.sysservice,5689344,3739648,0,92045312,0,0,9]
03-07 16:59:55.793 4946 4946 I wm_on_top_resumed_lost_called: [266339194,com.tencent.mm.plugin.login_exdevice.ui.LoginAsExDeviceUI,pausing]
03-07 16:59:55.795 4946 4946 I wm_on_paused_called: [266339194,com.tencent.mm.plugin.login_exdevice.ui.LoginAsExDeviceUI,performPause]
03-07 16:59:55.797 4946 4946 I wm_on_stop_called: [266339194,com.tencent.mm.plugin.login_exdevice.ui.LoginAsExDeviceUI,handleRelaunchActivity]
03-07 16:59:55.799 1002 1168 I am_pss : [2447,1000,com.thundercomm.tcsetupwizard,6977536,5099520,0,91914240,0,0,8]
03-07 16:59:55.811 4946 4946 I wm_on_destroy_called: [266339194,com.tencent.mm.plugin.login_exdevice.ui.LoginAsExDeviceUI,performDestroy]
03-07 16:59:55.817 1002 4328 W FreeFormWindowHelper: Current Display FreeFormTask is null
03-07 16:59:55.818 1002 1168 I am_pss : [2419,1000,com.tc.logclient,7758848,5435392,0,99864576,0,0,9]
03-07 16:59:55.829 1002 1168 I am_pss : [2377,1000,com.thundercomm.tchttpserver,7951360,5963776,0,94781440,0,0,9]
03-07 16:59:55.840 1002 1168 I am_pss : [2337,10054,.qtidataservices,6071296,4141056,0,92340224,0,0,9]
03-07 16:59:55.850 1002 1168 I am_pss : [2311,1001,.dataservices,8432640,6328320,0,96137216,0,0,10]
03-07 16:59:55.861 1002 1168 I am_pss : [2204,1000,com.thundercomm.microsettings,19204096,9613312,0,116174848,0,0,10]
03-07 16:59:55.862 4946 4946 I wm_on_create_called: [266339194,com.tencent.mm.plugin.login_exdevice.ui.LoginAsExDeviceUI,performCreate]
03-07 16:59:55.864 4946 4946 I wm_on_start_called: [266339194,com.tencent.mm.plugin.login_exdevice.ui.LoginAsExDeviceUI,handleStartActivity]
03-07 16:59:55.869 4946 4946 I wm_on_resume_called: [266339194,com.tencent.mm.plugin.login_exdevice.ui.LoginAsExDeviceUI,RESUME_ACTIVITY]
03-07 16:59:55.870 4946 4946 I wm_on_top_resumed_gained_called: [266339194,com.tencent.mm.plugin.login_exdevice.ui.LoginAsExDeviceUI,topWhenResuming]
03-07 16:59:55.871 1002 1168 I am_pss : [2151,1000,com.thundercomm.microservice,9439232,7438336,0,96661504,0,0,9]
03-07 16:59:55.880 1002 1154 I input_focus: [Focus request 515a891 com.tencent.mm/com.tencent.mm.plugin.login_exdevice.ui.LoginAsExDeviceUI,reason=UpdateInputWindows]
03-07 16:59:55.883 1002 1168 I am_pss : [2106,1073,com.android.networkstack.process,14550016,11751424,0,110952448,0,0,11]
03-07 16:59:55.888 1002 1061 I WindowManager: finishDrawing of relaunch: Window{515a891 u0 com.tencent.mm/com.tencent.mm.plugin.login_exdevice.ui.LoginAsExDeviceUI} 126ms
03-07 16:59:55.896 1002 1150 I wm_activity_launch_time: [0,266339194,com.tencent.mm/.plugin.login_exdevice.ui.LoginAsExDeviceUI,200]
03-07 16:59:55.900 1002 1168 I am_pss : [2109,1000,com.thundercomm.gamemode,29873152,24825856,0,136871936,0,0,12]
03-07 16:59:55.902 1002 1662 I input_focus: [Focus entering 515a891 com.tencent.mm/com.tencent.mm.plugin.login_exdevice.ui.LoginAsExDeviceUI (server),reason=setFocusedWindow]
03-07 16:59:55.918 1002 1154 I input_focus: [Focus request f503885 com.tencent.mm/com.tencent.mm.plugin.login_exdevice.ui.LoginAsExDeviceUI,reason=UpdateInputWindows]
03-07 16:59:55.930 1002 1168 I am_pss : [1002,1000,system,287692800,197879808,0,619395072,0,0,26]
03-07 16:59:55.952 1002 1662 I input_focus: [Focus leaving 515a891 com.tencent.mm/com.tencent.mm.plugin.login_exdevice.ui.LoginAsExDeviceUI (server),reason=setFocusedWindow]
03-07 16:59:55.952 1002 1662 I input_focus: [Focus entering f503885 com.tencent.mm/com.tencent.mm.plugin.login_exdevice.ui.LoginAsExDeviceUI (server),reason=setFocusedWindow]
03-07 16:59:55.990 1002 1154 I input_focus: [Focus request 515a891 com.tencent.mm/com.tencent.mm.plugin.login_exdevice.ui.LoginAsExDeviceUI,reason=UpdateInputWindows]
03-07 16:59:56.018 1002 1662 I input_focus: [Focus entering 515a891 com.tencent.mm/com.tencent.mm.plugin.login_exdevice.ui.LoginAsExDeviceUI (server),reason=setFocusedWindow]
03-07 16:59:56.211 1002 1153 I wm_stop_activity: [0,44471676,com.tencent.mm/.plugin.account.ui.LoginSelectUI]
03-07 16:59:56.233 4946 4946 I wm_on_stop_called: [44471676,com.tencent.mm.plugin.account.ui.LoginSelectUI,STOP_ACTIVITY_ITEM]
03-07 16:59:56.295 0 0 I auditd : type=1400 audit(0.0:1870): avc: denied { kill } for comm="swapper/2" capability=5 scontext=u:r:kernel:s0 tcontext=u:r:kernel:s0 tclass=capability permissive=1
03-07 16:59:57.271 2954 2954 I auditd : type=1400 audit(0.0:1871): avc: granted { read } for comm="om.hht.lebocast" name="arp" dev="proc" ino=4026532256 scontext=u:r:platform_app:s0:c512,c768 tcontext=u:object_r:proc_net:s0 tclass=file app=com.hht.lebocast
03-07 16:59:57.271 2954 2954 I auditd : type=1400 audit(0.0:1872): avc: granted { read open } for comm="om.hht.lebocast" path="/proc/2954/net/arp" dev="proc" ino=4026532256 scontext=u:r:platform_app:s0:c512,c768 tcontext=u:object_r:proc_net:s0 tclass=file app=com.hht.lebocast
03-07 16:59:57.271 2954 2954 I auditd : type=1400 audit(0.0:1873): avc: granted { getattr } for comm="om.hht.lebocast" path="/proc/2954/net/arp" dev="proc" ino=4026532256 scontext=u:r:platform_app:s0:c512,c768 tcontext=u:object_r:proc_net:s0 tclass=file app=com.hht.lebocast
03-07 16:59:57.435 1002 1214 I commit_sys_config_file: [package-user-0,13]
03-07 16:59:57.586 1002 4328 D CompatibilityChangeReporter: Compat change id reported: 171306433; UID 10099; state: DISABLED
01-02 07:14:32.557 0 0 E DTC_ETH,link_delay_work_func: 3003, SQI=0, link=0
03-07 16:59:58.721 1002 2945 E TaskPersister: File error accessing recents directory (directory doesn't exist?).
03-07 16:59:59.203 1002 1153 D CompatibilityChangeReporter: Compat change id reported: 181136395; UID 10099; state: DISABLED
03-07 16:59:59.205 1002 1153 D CompatibilityChangeReporter: Compat change id reported: 174042936; UID 10099; state: DISABLED
03-07 16:59:59.247 1002 1168 I am_pss : [4946,10099,com.tencent.mm,228077568,155037696,0,435130368,0,2,34]
03-07 16:59:59.717 1002 1172 D CompatibilityChangeReporter: Compat change id reported: 168419799; UID 10099; state: DISABLED
03-07 17:00:02.463 2954 2954 I auditd : type=1400 audit(0.0:1874): avc: granted { read } for comm="om.hht.lebocast" name="arp" dev="proc" ino=4026532256 scontext=u:r:platform_app:s0:c512,c768 tcontext=u:object_r:proc_net:s0 tclass=file app=com.hht.lebocast
03-07 17:00:02.463 2954 2954 I auditd : type=1400 audit(0.0:1875): avc: granted { read open } for comm="om.hht.lebocast" path="/proc/2954/net/arp" dev="proc" ino=4026532256 scontext=u:r:platform_app:s0:c512,c768 tcontext=u:object_r:proc_net:s0 tclass=file app=com.hht.lebocast
03-07 17:00:02.463 2954 2954 I auditd : type=1400 audit(0.0:1876): avc: granted { getattr } for comm="om.hht.lebocast" path="/proc/2954/net/arp" dev="proc" ino=4026532256 scontext=u:r:platform_app:s0:c512,c768 tcontext=u:object_r:proc_net:s0 tclass=file app=com.hht.lebocast
01-02 07:14:37.677 0 0 E DTC_ETH,link_delay_work_func: 3003, SQI=0, link=0
03-07 17:00:07.631 2954 2954 I auditd : type=1400 audit(0.0:1877): avc: granted { read } for comm="om.hht.lebocast" name="arp" dev="proc" ino=4026532256 scontext=u:r:platform_app:s0:c512,c768 tcontext=u:object_r:proc_net:s0 tclass=file app=com.hht.lebocast
03-07 17:00:07.631 2954 2954 I auditd : type=1400 audit(0.0:1878): avc: granted { read open } for comm="om.hht.lebocast" path="/proc/2954/net/arp" dev="proc" ino=4026532256 scontext=u:r:platform_app:s0:c512,c768 tcontext=u:object_r:proc_net:s0 tclass=file app=com.hht.lebocast
03-07 17:00:07.631 2954 2954 I auditd : type=1400 audit(0.0:1879): avc: granted { getattr } for comm="om.hht.lebocast" path="/proc/2954/net/arp" dev="proc" ino=4026532256 scontext=u:r:platform_app:s0:c512,c768 tcontext=u:object_r:proc_net:s0 tclass=file app=com.hht.lebocast
01-02 07:14:42.797 0 0 E DTC_ETH,link_delay_work_func: 3003, SQI=0, link=0
03-07 17:00:10.174 1002 1168 I am_pss : [4946,10099,com.tencent.mm,267454464,194310144,0,474689536,0,2,35]
03-07 17:00:10.196 1002 1168 I am_pss : [5157,10099,com.tencent.mm:push,115992576,48943104,0,292847616,0,3,20]
03-07 17:00:12.815 2954 2954 I auditd : type=1400 audit(0.0:1880): avc: granted { read } for comm="om.hht.lebocast" name="arp" dev="proc" ino=4026532256 scontext=u:r:platform_app:s0:c512,c768 tcontext=u:object_r:proc_net:s0 tclass=file app=com.hht.lebocast
03-07 17:00:12.819 2954 2954 I auditd : type=1400 audit(0.0:1881): avc: granted { read open } for comm="om.hht.lebocast" path="/proc/2954/net/arp" dev="proc" ino=4026532256 scontext=u:r:platform_app:s0:c512,c768 tcontext=u:object_r:proc_net:s0 tclass=file app=com.hht.lebocast
03-07 17:00:12.819 2954 2954 I auditd : type=1400 audit(0.0:1882): avc: granted { getattr } for comm="om.hht.lebocast" path="/proc/2954/net/arp" dev="proc" ino=4026532256 scontext=u:r:platform_app:s0:c512,c768 tcontext=u:object_r:proc_net:s0 tclass=file app=com.hht.lebocast
01-02 07:14:47.917 0 0 E DTC_ETH,link_delay_work_func: 3003, SQI=0, link=0
03-07 17:00:16.814 1002 1725 I storage_state: [41217664-9172-527a-b3d5-edabb50a7d69,0,0,113307209728,118610538496]
01-02 07:14:53.037 0 0 E DTC_ETH,link_delay_work_func: 3003, SQI=0, link=0
03-07 17:00:18.691 2954 2954 I auditd : type=1400 audit(0.0:1883): avc: granted { read } for comm="om.hht.lebocast" name="arp" dev="proc" ino=4026532256 scontext=u:r:platform_app:s0:c512,c768 tcontext=u:object_r:proc_net:s0 tclass=file app=com.hht.lebocast
03-07 17:00:18.691 2954 2954 I auditd : type=1400 audit(0.0:1884): avc: granted { read open } for comm="om.hht.lebocast" path="/proc/2954/net/arp" dev="proc" ino=4026532256 scontext=u:r:platform_app:s0:c512,c768 tcontext=u:object_r:proc_net:s0 tclass=file app=com.hht.lebocast
03-07 17:00:18.691 2954 2954 I auditd : type=1400 audit(0.0:1885): avc: granted { getattr } for comm="om.hht.lebocast" path="/proc/2954/net/arp" dev="proc" ino=4026532256 scontext=u:r:platform_app:s0:c512,c768 tcontext=u:object_r:proc_net:s0 tclass=file app=com.hht.lebocast
03-07 17:00:21.344 1002 1168 I am_pss : [3285,10021,com.baidu.input,116110336,100061184,0,253190144,0,7,25]
03-07 17:00:21.359 1002 1168 I am_pss : [3117,10079,com.qualcomm.location.XT,6625280,4595712,0,94408704,0,6,11]
03-07 17:00:22.783 3285 3285 I auditd : type=1400 audit(0.0:1886): avc: denied { read } for comm="BackgroundThrea" name="enforce" dev="selinuxfs" ino=4 scontext=u:r:priv_app:s0:c512,c768 tcontext=u:object_r:selinuxfs:s0 tclass=file permissive=1 app=com.baidu.input
03-07 17:00:22.783 3285 3285 I auditd : type=1400 audit(0.0:1887): avc: denied { open } for comm="BackgroundThrea" path="/sys/fs/selinux/enforce" dev="selinuxfs" ino=4 scontext=u:r:priv_app:s0:c512,c768 tcontext=u:object_r:selinuxfs:s0 tclass=file permissive=1 app=com.baidu.input
01-02 07:14:58.157 0 0 E DTC_ETH,link_delay_work_func: 3003, SQI=0, link=0
03-07 17:00:23.791 2954 2954 I auditd : type=1400 audit(0.0:1888): avc: granted { read } for comm="om.hht.lebocast" name="arp" dev="proc" ino=4026532256 scontext=u:r:platform_app:s0:c512,c768 tcontext=u:object_r:proc_net:s0 tclass=file app=com.hht.lebocast
03-07 17:00:23.791 2954 2954 I auditd : type=1400 audit(0.0:1889): avc: granted { read open } for comm="om.hht.lebocast" path="/proc/2954/net/arp" dev="proc" ino=4026532256 scontext=u:r:platform_app:s0:c512,c768 tcontext=u:object_r:proc_net:s0 tclass=file app=com.hht.lebocast
03-07 17:00:23.791 2954 2954 I auditd : type=1400 audit(0.0:1890): avc: granted { getattr } for comm="om.hht.lebocast" path="/proc/2954/net/arp" dev="proc" ino=4026532256 scontext=u:r:platform_app:s0:c512,c768 tcontext=u:object_r:proc_net:s0 tclass=file app=com.hht.lebocast
01-02 07:14:59.789 0 0 W audit : audit_lost=718 audit_rate_limit=5 audit_backlog_limit=64
03-07 17:00:25.195 5744 5744 I auditd : type=1400 audit(0.0:1891): avc: denied { open } for comm="BackgroundThrea" path="/dev" dev="tmpfs" ino=28144 scontext=u:r:priv_app:s0:c512,c768 tcontext=u:object_r:device:s0 tclass=dir permissive=1 app=com.baidu.input
01-02 07:14:59.806 0 0 E audit : rate limit exceeded
03-07 17:00:25.199 5744 5744 I auditd : type=1400 audit(0.0:1892): avc: denied { open } for comm="BackgroundThrea" path="/sys/bus/i2c/drivers" dev="sysfs" ino=28891 scontext=u:r:priv_app:s0:c512,c768 tcontext=u:object_r:sysfs:s0 tclass=dir permissive=1 app=com.baidu.input
03-07 17:00:25.203 5744 5744 I auditd : type=1400 audit(0.0:1893): avc: denied { open } for comm="BackgroundThrea" path="/proc/version" dev="proc" ino=4026532247 scontext=u:r:priv_app:s0:c512,c768 tcontext=u:object_r:proc_version:s0 tclass=file permissive=1 app=com.baidu.input
03-07 17:00:25.203 5744 5744 I auditd : type=1400 audit(0.0:1894): avc: denied { read } for comm="BackgroundThrea" name="uptime" dev="proc" ino=4026532246 scontext=u:r:priv_app:s0:c512,c768 tcontext=u:object_r:proc_uptime:s0 tclass=file permissive=1 app=com.baidu.input
03-07 17:00:25.203 5744 5744 I auditd : type=1400 audit(0.0:1895): avc: denied { open } for comm="BackgroundThrea" path="/proc/uptime" dev="proc" ino=4026532246 scontext=u:r:priv_app:s0:c512,c768 tcontext=u:object_r:proc_uptime:s0 tclass=file permissive=1 app=com.baidu.input
03-07 17:00:25.203 5744 5744 I auditd : type=1400 audit(0.0:1896): avc: denied { read } for comm="BackgroundThrea" name="tcp" dev="proc" ino=4026532267 scontext=u:r:priv_app:s0:c512,c768 tcontext=u:object_r:proc_net_tcp_udp:s0 tclass=file permissive=1 app=com.baidu.input
03-07 17:00:25.203 5744 5744 I auditd : type=1400 audit(0.0:1897): avc: denied { open } for comm="BackgroundThrea" path="/proc/5744/net/tcp" dev="proc" ino=4026532267 scontext=u:r:priv_app:s0:c512,c768 tcontext=u:object_r:proc_net_tcp_udp:s0 tclass=file permissive=1 app=com.baidu.input
03-07 17:00:25.207 5744 5744 I auditd : type=1400 audit(0.0:1898): avc: denied { getattr } for comm="BackgroundThrea" path="/proc/5744/net/tcp" dev="proc" ino=4026532267 scontext=u:r:priv_app:s0:c512,c768 tcontext=u:object_r:proc_net_tcp_udp:s0 tclass=file permissive=1 app=com.baidu.input
03-07 17:00:25.211 5744 5744 I auditd : type=1400 audit(0.0:1899): avc: denied { open } for comm="BackgroundThrea" path="/proc/5744/net/unix" dev="proc" ino=4026532273 scontext=u:r:priv_app:s0:c512,c768 tcontext=u:object_r:proc_net:s0 tclass=file permissive=1 app=com.baidu.input
03-07 17:00:26.285 1002 1172 I am_uid_idle: 10085
01-02 07:15:01.183 0 0 I [dp_rx_][0x333ae3c34][17:00:26.608389] wlan: [2747:I:QDF] DHCP-D RX: SA:76:fb:d1:63:ff:93 DA:ff:ff:ff:ff:ff:ff
01-02 07:15:02.108 0 0 I [dp_rx_][0x334bd36b8][17:00:27.533327] wlan: [2747:I:QDF] DHCP-D RX: SA:76:fb:d1:63:ff:93 DA:ff:ff:ff:ff:ff:ff
01-02 07:15:02.308 0 0 I [dp_rx_][0x334f7a2ec][17:00:27.732744] wlan: [2747:I:QDF] DHCP-R RX: SA:76:fb:d1:63:ff:93 DA:ff:ff:ff:ff:ff:ff
01-02 07:15:03.277 0 0 E DTC_ETH,link_delay_work_func: 3003, SQI=0, link=0
03-07 17:00:28.955 2954 2954 I auditd : type=1400 audit(0.0:1901): avc: granted { read } for comm="om.hht.lebocast" name="arp" dev="proc" ino=4026532256 scontext=u:r:platform_app:s0:c512,c768 tcontext=u:object_r:proc_net:s0 tclass=file app=com.hht.lebocast
03-07 17:00:28.955 2954 2954 I auditd : type=1400 audit(0.0:1902): avc: granted { read open } for comm="om.hht.lebocast" path="/proc/2954/net/arp" dev="proc" ino=4026532256 scontext=u:r:platform_app:s0:c512,c768 tcontext=u:object_r:proc_net:s0 tclass=file app=com.hht.lebocast
03-07 17:00:28.955 2954 2954 I auditd : type=1400 audit(0.0:1903): avc: granted { getattr } for comm="om.hht.lebocast" path="/proc/2954/net/arp" dev="proc" ino=4026532256 scontext=u:r:platform_app:s0:c512,c768 tcontext=u:object_r:proc_net:s0 tclass=file app=com.hht.lebocast
03-07 17:00:29.117 1002 1695 I netstats_mobile_sample: [0,0,0,0,0,0,0,0,0,0,0,0,1678179629117]
03-07 17:00:29.117 1002 1695 I netstats_wifi_sample: [36216026,26538,1055578,11792,36216026,26538,1055578,11792,36419937,28219,829384,11146,1678179629117]
03-07 17:00:30.075 1002 1168 I am_pss : [3137,10097,com.android.providers.media.module,19962880,16146432,0,125329408,0,0,16]
03-07 17:00:30.090 1002 1168 I am_pss : [2833,10074,com.qualcomm.location,10553344,7708672,0,105336832,0,0,11]
03-07 17:00:30.115 1002 1168 I am_pss : [1983,10084,com.android.systemui,176147456,153018368,0,352153600,0,0,20]
03-07 17:00:30.783 2954 2954 I auditd : type=1400 audit(0.0:1904): avc: granted { read } for comm=4173796E635461736B20233535 name="arp" dev="proc" ino=4026532256 scontext=u:r:platform_app:s0:c512,c768 tcontext=u:object_r:proc_net:s0 tclass=file app=com.hht.lebocast
03-07 17:00:30.787 2954 2954 I auditd : type=1400 audit(0.0:1905): avc: granted { read open } for comm=4173796E635461736B20233535 path="/proc/2954/net/arp" dev="proc" ino=4026532256 scontext=u:r:platform_app:s0:c512,c768 tcontext=u:object_r:proc_net:s0 tclass=file app=com.hht.lebocast
03-07 17:00:30.787 2954 2954 I auditd : type=1400 audit(0.0:1906): avc: granted { getattr } for comm=4173796E635461736B20233535 path="/proc/2954/net/arp" dev="proc" ino=4026532256 scontext=u:r:platform_app:s0:c512,c768 tcontext=u:object_r:proc_net:s0 tclass=file app=com.hht.lebocast
03-07 17:00:30.787 2954 2954 I auditd : type=1400 audit(0.0:1907): avc: granted { getattr } for comm=4173796E635461736B20233535 path="/proc/2954/net/arp" dev="proc" ino=4026532256 scontext=u:r:platform_app:s0:c512,c768 tcontext=u:object_r:proc_net:s0 tclass=file app=com.hht.lebocast
03-07 17:00:32.806 1002 1168 I am_pss : [5157,10099,com.tencent.mm:push,118441984,51355648,0,295333888,0,3,19]
01-02 07:15:08.397 0 0 E DTC_ETH,link_delay_work_func: 3003, SQI=0, link=0
03-07 17:00:35.087 2954 2954 I auditd : type=1400 audit(0.0:1908): avc: granted { read } for comm="om.hht.lebocast" name="arp" dev="proc" ino=4026532256 scontext=u:r:platform_app:s0:c512,c768 tcontext=u:object_r:proc_net:s0 tclass=file app=com.hht.lebocast
03-07 17:00:35.087 2954 2954 I auditd : type=1400 audit(0.0:1909): avc: granted { read open } for comm="om.hht.lebocast" path="/proc/2954/net/arp" dev="proc" ino=4026532256 scontext=u:r:platform_app:s0:c512,c768 tcontext=u:object_r:proc_net:s0 tclass=file app=com.hht.lebocast
03-07 17:00:35.087 2954 2954 I auditd : type=1400 audit(0.0:1910): avc: granted { getattr } for comm="om.hht.lebocast" path="/proc/2954/net/arp" dev="proc" ino=4026532256 scontext=u:r:platform_app:s0:c512,c768 tcontext=u:object_r:proc_net:s0 tclass=file app=com.hht.lebocast
01-02 07:15:13.369 0 0 I [dp_rx_][0x341a054c2][17:00:38.794314] wlan: [2747:I:QDF] DHCP-R RX: SA:76:fb:d1:63:ff:93 DA:ff:ff:ff:ff:ff:ff
01-02 07:15:13.517 0 0 E DTC_ETH,link_delay_work_func: 3003, SQI=0, link=0
03-07 17:00:40.946 1002 1154 I input_focus: [Focus request 531c816 com.tencent.mm/com.tencent.mm.plugin.login_exdevice.ui.LoginAsExDeviceUI,reason=UpdateInputWindows]
03-07 17:00:40.976 1002 1662 I input_focus: [Focus leaving 515a891 com.tencent.mm/com.tencent.mm.plugin.login_exdevice.ui.LoginAsExDeviceUI (server),reason=setFocusedWindow]
03-07 17:00:40.977 1002 1662 I input_focus: [Focus entering 531c816 com.tencent.mm/com.tencent.mm.plugin.login_exdevice.ui.LoginAsExDeviceUI (server),reason=setFocusedWindow]
03-07 17:00:40.971 4946 4946 I auditd : type=1400 audit(0.0:1911): avc: denied { read } for comm="Binder:4946_7" name="drivers" dev="proc" ino=4026531852 scontext=u:r:untrusted_app_29:s0:c99,c256,c512,c768 tcontext=u:object_r:proc_tty_drivers:s0 tclass=file permissive=1 app=com.tencent.mm
03-07 17:00:40.971 4946 4946 I auditd : type=1400 audit(0.0:1912): avc: denied { getattr } for comm="Binder:4946_7" path="/proc/tty/drivers" dev="proc" ino=4026531852 scontext=u:r:untrusted_app_29:s0:c99,c256,c512,c768 tcontext=u:object_r:proc_tty_drivers:s0 tclass=file permissive=1 app=com.tencent.mm
01-02 07:15:15.601 0 0 W audit : audit_lost=719 audit_rate_limit=5 audit_backlog_limit=64
01-02 07:15:15.609 0 0 E audit : rate limit exceeded
03-07 17:00:41.023 4946 4946 I auditd : type=1400 audit(0.0:1913): avc: denied { read } for comm="Binder:4946_7" name="devices" dev="proc" ino=4026532312 scontext=u:r:untrusted_app_29:s0:c99,c256,c512,c768 tcontext=u:object_r:proc:s0 tclass=file permissive=1 app=com.tencent.mm
03-07 17:00:41.086 1002 2798 D CompatibilityChangeReporter: Compat change id reported: 157233955; UID 10099; state: DISABLED
03-07 17:00:41.023 4946 4946 I auditd : type=1400 audit(0.0:1914): avc: denied { open } for comm="Binder:4946_7" path="/proc/bus/pci/devices" dev="proc" ino=4026532312 scontext=u:r:untrusted_app_29:s0:c99,c256,c512,c768 tcontext=u:object_r:proc:s0 tclass=file permissive=1 app=com.tencent.mm
03-07 17:00:41.023 4946 4946 I auditd : type=1400 audit(0.0:1915): avc: denied { read } for comm="Binder:4946_7" name="interrupts" dev="proc" ino=4026532242 scontext=u:r:untrusted_app_29:s0:c99,c256,c512,c768 tcontext=u:object_r:proc_interrupts:s0 tclass=file permissive=1 app=com.tencent.mm
03-07 17:00:41.476 1002 1154 I input_focus: [Focus request 515a891 com.tencent.mm/com.tencent.mm.plugin.login_exdevice.ui.LoginAsExDeviceUI,reason=UpdateInputWindows]
03-07 17:00:41.496 1002 1662 I input_focus: [Focus entering 515a891 com.tencent.mm/com.tencent.mm.plugin.login_exdevice.ui.LoginAsExDeviceUI (server),reason=setFocusedWindow]
03-07 17:00:41.497 1002 1154 I input_focus: [Focus request 296074c com.tencent.mm/com.tencent.mm.plugin.login_exdevice.ui.LoginAsExDeviceUI,reason=UpdateInputWindows]
03-07 17:00:41.513 1002 1154 I input_focus: [Focus request 515a891 com.tencent.mm/com.tencent.mm.plugin.login_exdevice.ui.LoginAsExDeviceUI,reason=UpdateInputWindows]
03-07 17:00:41.516 1002 1662 I input_focus: [Focus leaving 515a891 com.tencent.mm/com.tencent.mm.plugin.login_exdevice.ui.LoginAsExDeviceUI (server),reason=Waiting for window because NO_WINDOW]
03-07 17:00:41.532 1002 1662 I input_focus: [Focus entering 515a891 com.tencent.mm/com.tencent.mm.plugin.login_exdevice.ui.LoginAsExDeviceUI (server),reason=setFocusedWindow]
03-07 17:00:43.230 4946 5015 I dvm_lock_sample: [com.tencent.mm,0,parallels-1,7,SourceFile,409,void com.tencent.wcdb.database.SQLiteConnectionPool.releaseConnection(com.tencent.wcdb.database.SQLiteConnection),-,662,com.tencent.wcdb.database.SQLiteConnection com.tencent.wcdb.database.SQLiteConnectionPool.waitForConnection(java.lang.String, int, com.tencent.wcdb.support.CancellationSignal),1]
03-07 17:00:43.399 1002 2247 D CompatibilityChangeReporter: Compat change id reported: 135634846; UID 10099; state: DISABLED
03-07 17:00:43.399 1002 2247 D CompatibilityChangeReporter: Compat change id reported: 177438394; UID 10099; state: DISABLED
03-07 17:00:43.399 1002 2247 D CompatibilityChangeReporter: Compat change id reported: 135772972; UID 10099; state: DISABLED
03-07 17:00:43.400 1002 1173 D CompatibilityChangeReporter: Compat change id reported: 143937733; UID 10099; state: DISABLED
03-07 17:00:43.431 1002 1173 I am_proc_start: [0,5912,10099,com.tencent.mm:support,service,{com.tencent.mm/com.tencent.mm.service.ProcessService$SupportProcessService}]
03-07 17:00:43.431 1002 1173 I ActivityManager: Start proc 5912:com.tencent.mm:support/u0a99 for service {com.tencent.mm/com.tencent.mm.service.ProcessService$SupportProcessService}
01-02 07:15:18.075 0 0 I msm_vidc: high: 00000001: ....e: Opening video instance: ffffffd86cdb0000, 0
01-02 07:15:18.079 0 0 I binder : 5912:5912 ioctl 40046210 7fc2951f54 returned -22
03-07 17:00:43.522 1002 4328 I am_proc_bound: [0,5912,com.tencent.mm:support]
03-07 17:00:43.555 5912 5912 E LoadedApk: Unable to instantiate appComponentFactory
03-07 17:00:43.555 5912 5912 E LoadedApk: java.lang.ClassNotFoundException: Didn't find class "androidx.core.app.CoreComponentFactory" on path: DexPathList[[zip file "/data/app/~~-HwmTgscadX0gp811dXVuA==/com.tencent.mm-bxBy6WGwuo5iL2g6BZ_TXw==/base.apk"],nativeLibraryDirectories=[/data/app/~~-HwmTgscadX0gp811dXVuA==/com.tencent.mm-bxBy6WGwuo5iL2g6BZ_TXw==/lib/arm64, /data/app/~~-HwmTgscadX0gp811dXVuA==/com.tencent.mm-bxBy6WGwuo5iL2g6BZ_TXw==/base.apk!/lib/arm64-v8a, /system/lib64, /system_ext/lib64]]
03-07 17:00:43.555 5912 5912 E LoadedApk: at dalvik.system.BaseDexClassLoader.findClass(BaseDexClassLoader.java:218)
03-07 17:00:43.555 5912 5912 E LoadedApk: at java.lang.ClassLoader.loadClass(ClassLoader.java:379)
03-07 17:00:43.555 5912 5912 E LoadedApk: at java.lang.ClassLoader.loadClass(ClassLoader.java:312)
03-07 17:00:43.555 5912 5912 E LoadedApk: at android.app.LoadedApk.createAppFactory(LoadedApk.java:262)
03-07 17:00:43.555 5912 5912 E LoadedApk: at android.app.LoadedApk.createOrUpdateClassLoaderLocked(LoadedApk.java:975)
03-07 17:00:43.555 5912 5912 E LoadedApk: at android.app.LoadedApk.getClassLoader(LoadedApk.java:1062)
03-07 17:00:43.555 5912 5912 E LoadedApk: at android.app.LoadedApk.getResources(LoadedApk.java:1310)
03-07 17:00:43.555 5912 5912 E LoadedApk: at android.app.ContextImpl.createAppContext(ContextImpl.java:3014)
03-07 17:00:43.555 5912 5912 E LoadedApk: at android.app.ContextImpl.createAppContext(ContextImpl.java:3006)
03-07 17:00:43.555 5912 5912 E LoadedApk: at android.app.ActivityThread.handleBindApplication(ActivityThread.java:6633)
03-07 17:00:43.555 5912 5912 E LoadedApk: at android.app.ActivityThread.access$1500(ActivityThread.java:248)
03-07 17:00:43.555 5912 5912 E LoadedApk: at android.app.ActivityThread$H.handleMessage(ActivityThread.java:2054)
03-07 17:00:43.555 5912 5912 E LoadedApk: at android.os.Handler.dispatchMessage(Handler.java:106)
03-07 17:00:43.555 5912 5912 E LoadedApk: at android.os.Looper.loopOnce(Looper.java:201)
03-07 17:00:43.555 5912 5912 E LoadedApk: at android.os.Looper.loop(Looper.java:288)
03-07 17:00:43.555 5912 5912 E LoadedApk: at android.app.ActivityThread.main(ActivityThread.java:7880)
03-07 17:00:43.555 5912 5912 E LoadedApk: at java.lang.reflect.Method.invoke(Native Method)
03-07 17:00:43.555 5912 5912 E LoadedApk: at com.android.internal.os.RuntimeInit$MethodAndArgsCaller.run(RuntimeInit.java:548)
03-07 17:00:43.555 5912 5912 E LoadedApk: at com.android.internal.os.ZygoteInit.main(ZygoteInit.java:1009)
