03-07 05:40:18.525 1002 2247 I sysui_multi_action: [757,128,758,2,793,12229,794,4,795,12229,796,32,798,3,806,android,857,USB,858,1,947,0,1395,4,1500,11842,1688,1]
03-07 05:40:18.525 1002 2247 I notification_visibility: [-1|android|32|null|1000,0,12229,12229,0,3]
03-07 05:40:18.525 1002 2247 I sysui_multi_action: [757,127,758,2]
03-07 05:40:18.526 1002 2247 I notification_panel_hidden:
03-07 05:40:21.275 1533 1533 I auditd : type=1400 audit(0.0:1065): avc: denied { read } for comm="tzlog" name="qsee_log" dev="debugfs" ino=22 scontext=u:r:np_thundercomm_tlog:s0 tcontext=u:object_r:debugfs:s0 tclass=file permissive=1
03-07 05:40:21.275 1533 1533 I auditd : type=1400 audit(0.0:1066): avc: denied { open } for comm="tzlog" path="/sys/kernel/debug/tzdbg/qsee_log" dev="debugfs" ino=22 scontext=u:r:np_thundercomm_tlog:s0 tcontext=u:object_r:debugfs:s0 tclass=file permissive=1
03-07 05:40:22.649 1002 1168 I am_pss : [2640,10082,com.android.launcher3,91649024,80470016,0,217104384,0,2,16]
03-07 05:40:22.705 1002 2150 I am_uid_running: 10061
03-07 05:40:22.748 1002 1173 I am_proc_start: [0,3950,10061,com.qualcomm.qti.qms.service.connectionsecurity,broadcast,{com.qualcomm.qti.qms.service.connectionsecurity/com.qualcomm.qti.qms.service.connectionsecurity.ConnSecBroadcastReceiver}]
03-07 05:40:22.839 1002 2150 I am_proc_died: [0,3851,com.qti.ltebc,905,19]
03-07 05:40:22.844 1002 2150 I am_uid_stopped: 10075
03-07 05:40:22.848 1002 2150 I am_uid_active: 10061
03-07 05:40:22.850 1002 2813 I am_proc_bound: [0,3950,com.qualcomm.qti.qms.service.connectionsecurity]
03-07 05:40:23.127 1002 2798 I am_uid_running: 10026
03-07 05:40:23.177 1002 1173 I am_proc_start: [0,3981,10026,com.android.externalstorage,broadcast,{com.android.externalstorage/com.android.externalstorage.MountReceiver}]
03-07 05:40:23.236 1002 2247 I am_proc_bound: [0,3981,com.android.externalstorage]
03-07 05:40:23.454 1002 2813 I am_uid_running: 10075
03-07 05:40:23.495 1002 1173 I am_proc_start: [0,4004,10075,com.qti.ltebc,broadcast,{com.qti.ltebc/com.qualcomm.ltebc.LTEBroadcastReceiver}]
03-07 05:40:23.545 1002 2150 I am_proc_bound: [0,4004,com.qti.ltebc]
03-07 05:40:23.550 1002 2150 I am_uid_active: 10075
03-07 05:40:28.179 1002 2150 I am_proc_died: [0,4004,com.qti.ltebc,0,11]
03-07 05:40:28.179 1002 2150 I am_broadcast_discard_app: [0,148139,android.intent.action.MEDIA_MOUNTED,2,ResolveInfo{678a40a com.qti.ltebc/com.qualcomm.ltebc.LTEBroadcastReceiver m=0x208000}]
03-07 05:40:28.181 1002 2150 I am_uid_stopped: 10075
03-07 05:40:28.189 1002 1172 I am_uid_running: 10075
03-07 05:40:28.247 1002 1173 I am_proc_start: [0,4044,10075,com.qti.ltebc,broadcast,{com.qti.ltebc/com.qualcomm.ltebc.LTEBroadcastReceiver}]
03-07 05:40:28.279 4045 4045 I auditd : type=1400 audit(0.0:1067): avc: denied { map } for comm="getprop" path="/dev/__properties__/u:object_r:adbd_prop:s0" dev="tmpfs" ino=28299 scontext=u:r:system_app:s0 tcontext=u:object_r:adbd_prop:s0 tclass=file permissive=1
03-07 05:40:28.279 4045 4045 I auditd : type=1400 audit(0.0:1068): avc: denied { open } for comm="getprop" path="/dev/__properties__/u:object_r:apexd_config_prop:s0" dev="tmpfs" ino=28300 scontext=u:r:system_app:s0 tcontext=u:object_r:apexd_config_prop:s0 tclass=file permissive=1
03-07 05:40:28.279 4045 4045 I auditd : type=1400 audit(0.0:1069): avc: denied { getattr } for comm="getprop" path="/dev/__properties__/u:object_r:apexd_config_prop:s0" dev="tmpfs" ino=28300 scontext=u:r:system_app:s0 tcontext=u:object_r:apexd_config_prop:s0 tclass=file permissive=1
03-07 05:40:28.279 4045 4045 I auditd : type=1400 audit(0.0:1070): avc: denied { map } for comm="getprop" path="/dev/__properties__/u:object_r:apexd_config_prop:s0" dev="tmpfs" ino=28300 scontext=u:r:system_app:s0 tcontext=u:object_r:apexd_config_prop:s0 tclass=file permissive=1
03-07 05:40:28.279 4045 4045 I auditd : type=1400 audit(0.0:1071): avc: denied { open } for comm="getprop" path="/dev/__properties__/u:object_r:apexd_prop:s0" dev="tmpfs" ino=28301 scontext=u:r:system_app:s0 tcontext=u:object_r:apexd_prop:s0 tclass=file permissive=1
03-07 05:40:28.279 4045 4045 I auditd : type=1400 audit(0.0:1072): avc: denied { getattr } for comm="getprop" path="/dev/__properties__/u:object_r:apexd_prop:s0" dev="tmpfs" ino=28301 scontext=u:r:system_app:s0 tcontext=u:object_r:apexd_prop:s0 tclass=file permissive=1
03-07 05:40:28.320 1002 2150 I am_proc_bound: [0,4044,com.qti.ltebc]
03-07 05:40:28.324 1002 2150 I am_uid_active: 10075
03-07 05:40:30.800 1002 1168 I am_pss : [2908,10089,com.qualcomm.qtil.aptxui,7099392,5554176,0,91922432,0,19,13]
03-07 05:40:30.824 1002 1168 I am_pss : [2593,1000,com.android.settings,32571392,19156992,0,148369408,0,19,14]
03-07 05:40:30.841 1002 1168 I am_pss : [2611,10098,android.ext.services,13029376,5697536,0,126144512,0,5,12]
03-07 05:40:32.587 1002 1168 I am_pss : [3117,10079,com.qualcomm.location.XT,6290432,4575232,0,94339072,0,6,12]
03-07 05:40:32.609 1002 1168 I am_pss : [3285,10021,com.baidu.input,92538880,78557184,0,213540864,0,7,17]
03-07 05:40:33.127 1002 1168 I am_pss : [2640,10082,com.android.launcher3,90855424,80195584,0,217104384,0,2,16]
03-07 05:40:33.142 1002 1168 I am_pss : [3305,1000,com.qualcomm.qti.qmmi,6908928,5296128,0,92782592,0,19,12]
03-07 05:40:33.157 1002 1168 I am_pss : [3191,1000,com.android.keychain,7936000,6303744,0,94367744,0,19,12]
03-07 05:40:33.173 1002 1168 I am_pss : [3153,10036,com.android.traceur,10298368,8601600,0,98422784,0,19,12]
03-07 05:40:33.389 1002 2813 I am_proc_died: [0,4044,com.qti.ltebc,0,11]
03-07 05:40:33.391 1002 2813 I am_broadcast_discard_app: [0,111974271,android.intent.action.MEDIA_MOUNTED,2,ResolveInfo{b0dc04f com.qti.ltebc/com.qualcomm.ltebc.LTEBroadcastReceiver m=0x208000}]
03-07 05:40:33.393 1002 2813 I am_uid_stopped: 10075
03-07 05:40:33.400 1002 1172 I am_uid_running: 10075
03-07 05:40:33.467 1002 1173 I am_proc_start: [0,4096,10075,com.qti.ltebc,broadcast,{com.qti.ltebc/com.qualcomm.ltebc.LTEBroadcastAlarmReceiver}]
03-07 05:40:33.561 1002 2813 I am_proc_bound: [0,4096,com.qti.ltebc]
03-07 05:40:33.564 1002 2813 I am_uid_active: 10075
03-07 05:40:34.864 1002 1168 I am_pss : [2720,10085,com.qualcomm.qti.qccauthmgr,6197248,4300800,0,96387072,0,19,13]
03-07 05:40:34.881 1002 1168 I am_pss : [3594,1000,com.android.dynsystem:dynsystem,5616640,3878912,0,91598848,0,19,13]
03-07 05:40:34.896 1002 1168 I am_pss : [3552,1000,com.android.localtransport,5380096,3751936,0,91701248,0,19,12]
03-07 05:40:34.913 1002 1168 I am_pss : [3522,1000,com.android.dynsystem,5311488,3661824,0,90804224,0,19,12]
03-07 05:40:34.929 1002 1168 I am_pss : [3462,1000,com.qti.diagservices,6033408,4026368,0,95744000,0,10,13]
03-07 05:40:35.214 1002 1168 I am_pss : [3666,10023,com.android.managedprovisioning,8877056,7266304,0,95154176,0,19,13]
03-07 05:40:35.515 1002 1168 I am_pss : [3695,10092,com.android.music,7232512,5283840,0,94068736,0,19,13]
03-07 05:40:35.821 1002 1168 I am_pss : [3720,10062,com.android.onetimeinitializer,5114880,3510272,0,90865664,0,19,12]
03-07 05:40:36.536 1002 1168 I am_pss : [3767,10096,com.android.permissioncontroller,11668480,9928704,0,99741696,0,19,13]
03-07 05:40:36.552 1002 1168 I am_pss : [3745,10020,com.android.packageinstaller,7058432,5521408,0,91623424,0,19,11]
03-07 05:40:37.370 1002 1168 I am_pss : [3826,2000,com.android.shell,5885952,4255744,0,92512256,0,19,14]
03-07 05:40:38.648 1002 2150 I am_uid_running: 10055
03-07 05:40:38.708 1002 1173 I am_proc_start: [0,4121,10055,com.qualcomm.qti.qms.service.trustzoneaccess,service,{com.qualcomm.qti.qms.service.trustzoneaccess/com.qualcomm.qti.qms.service.trustzoneaccess.TZAccessService}]
03-07 05:40:38.795 1002 2150 I am_proc_bound: [0,4121,com.qualcomm.qti.qms.service.trustzoneaccess]
03-07 05:40:39.023 1533 1533 I auditd : type=1400 audit(0.0:1710): avc: denied { read } for comm="tzlog" name="log" dev="debugfs" ino=21 scontext=u:r:np_thundercomm_tlog:s0 tcontext=u:object_r:debugfs:s0 tclass=file permissive=1
03-07 05:40:39.023 1533 1533 I auditd : type=1400 audit(0.0:1711): avc: denied { open } for comm="tzlog" path="/sys/kernel/debug/tzdbg/log" dev="debugfs" ino=21 scontext=u:r:np_thundercomm_tlog:s0 tcontext=u:object_r:debugfs:s0 tclass=file permissive=1
03-07 05:40:39.159 1002 2813 I am_proc_died: [0,4096,com.qti.ltebc,905,19]
03-07 05:40:39.165 1002 2813 I am_uid_stopped: 10075
03-07 05:40:42.680 1002 1168 I am_pss : [3137,10097,com.android.providers.media.module,19755008,16031744,0,125100032,0,0,16]
03-07 05:40:42.697 1002 1168 I am_pss : [3370,10034,android.process.media,9810944,7819264,0,101310464,0,19,13]
03-07 05:40:42.715 1002 1168 I am_pss : [3355,10019,android.process.acore,13436928,9854976,0,117334016,0,19,14]
03-07 05:40:42.732 1002 1168 I am_pss : [3088,10090,com.qualcomm.qti.workloadclassifier,8293376,6672384,0,94183424,0,0,12]
03-07 05:40:42.747 1002 1168 I am_pss : [3035,10088,com.qualcomm.qti.qccnetstat,5903360,4263936,0,92143616,0,0,11]
03-07 05:40:42.763 1002 1168 I am_pss : [2985,10058,.pasr,5164032,3592192,0,89993216,0,0,11]
03-07 05:40:42.779 1002 1168 I am_pss : [2989,10077,com.qualcomm.qti.services.systemhelper:systemhelper_service,6245376,4517888,0,94265344,0,0,12]
03-07 05:40:42.795 1002 1168 I am_pss : [2981,1000,com.hryt.hiphishowfsecontrol,14028800,11956224,0,106135552,0,0,13]
03-07 05:40:42.811 1002 1168 I am_pss : [2970,10060,ts.car.uart,5953536,4386816,0,90988544,0,0,11]
03-07 05:40:42.828 1002 1168 I am_pss : [2954,10086,com.hht.lebocast,34807808,15708160,0,111054848,0,0,14]
03-07 05:40:42.845 1002 1168 I am_pss : [2833,10074,com.qualcomm.location,9681920,7319552,0,102608896,0,0,13]
03-07 05:40:42.864 1002 1168 I am_pss : [1946,1002,com.android.bluetooth,32186368,23781376,0,148652032,0,0,15]
03-07 05:40:42.880 1002 1168 I am_pss : [2576,1000,com.qualcomm.qti.qdma,9715712,6811648,0,106291200,0,0,12]
03-07 05:40:42.895 1002 1168 I am_pss : [2525,1000,com.thundercomm.tcservice,8279040,6524928,0,96722944,0,0,12]
03-07 05:40:42.910 1002 1168 I am_pss : [2496,1000,com.thundercomm.remotecontrolservice,9277440,7008256,0,101707776,0,0,12]
03-07 05:40:42.925 1002 1168 I am_pss : [2492,1068,com.android.se,5915648,4132864,0,94482432,0,0,12]
03-07 05:40:42.940 1002 1168 I am_pss : [2475,10087,com.qti.qualcomm.mstatssystemservice,5291008,3719168,0,90525696,0,0,12]
03-07 05:40:42.955 1002 1168 I am_pss : [2465,1000,vendor.qti.qesdk.sysservice,5359616,3731456,0,91914240,0,0,12]
03-07 05:40:42.969 1002 1168 I am_pss : [2447,1000,com.thundercomm.tcsetupwizard,6632448,5074944,0,91705344,0,0,11]
03-07 05:40:42.984 1002 1168 I am_pss : [2419,1000,com.tc.logclient,7444480,5439488,0,99745792,0,0,11]
03-07 05:40:42.998 1002 1168 I am_pss : [2377,1000,com.thundercomm.tchttpserver,7661568,5971968,0,94605312,0,0,11]
03-07 05:40:43.013 1002 1168 I am_pss : [2337,10054,.qtidataservices,5741568,4124672,0,92241920,0,0,12]
03-07 05:40:43.028 1002 1168 I am_pss : [2311,1001,.dataservices,7817216,6078464,0,95031296,0,0,12]
03-07 05:40:43.044 1002 1168 I am_pss : [2204,1000,com.thundercomm.microsettings,18885632,9588736,0,116031488,0,0,13]
03-07 05:40:43.060 1002 1168 I am_pss : [2151,1000,com.thundercomm.microservice,9149440,7483392,0,96391168,0,0,12]
03-07 05:40:43.076 1002 1168 I am_pss : [2106,1073,com.android.networkstack.process,11365376,8982528,0,105811968,0,0,13]
03-07 05:40:43.093 1002 1168 I am_pss : [2109,1000,com.thundercomm.gamemode,24754176,18059264,0,133664768,0,0,13]
03-07 05:40:43.120 1002 1168 I am_pss : [1983,10084,com.android.systemui,173331456,152383488,0,333438976,0,0,21]
03-07 05:40:43.155 1002 1168 I am_pss : [1002,1000,system,200215552,104505344,0,520138752,0,0,30]
03-07 05:40:43.174 1002 1168 I am_pss : [3950,10061,com.qualcomm.qti.qms.service.connectionsecurity,18533376,4210688,0,77275136,0,19,12]
03-07 05:40:45.138 1002 1695 I netstats_mobile_sample: [0,0,0,0,0,0,0,0,0,0,0,0,1678138845137]
03-07 05:40:45.138 1002 1695 I netstats_wifi_sample: [0,0,0,0,0,0,0,0,0,0,0,0,1678138845137]
03-07 05:41:03.551 1002 1204 I sysui_multi_action: [757,1696,758,6,759,2]
03-07 05:41:03.555 1002 1172 I am_wtf : [0,1002,system_server,-1,DisplayDeviceConfig,requesting nits when no mapping exists.]
03-07 05:41:03.568 1002 1172 I am_wtf : [0,1002,system_server,-1,DisplayDeviceConfig,requesting nits when no mapping exists.]
03-07 05:41:04.333 1002 1168 I am_pss : [3117,10079,com.qualcomm.location.XT,6291456,4575232,0,94339072,0,6,13]
03-07 05:41:04.355 1002 1168 I am_pss : [3285,10021,com.baidu.input,92566528,78594048,0,213577728,0,7,17]
03-07 05:41:10.571 1002 1168 I am_pss : [4121,10055,com.qualcomm.qti.qms.service.trustzoneaccess,5533696,3776512,0,92438528,0,19,15]
03-07 05:41:10.571 1002 1150 I sysui_multi_action: [757,222,758,1]
03-07 05:41:10.578 1002 1150 I am_uid_running: 10052
03-07 05:41:10.588 1002 1168 I am_pss : [3794,10018,com.android.providers.calendar,7021568,5074944,0,98394112,0,19,12]
03-07 05:41:10.603 1002 1168 I am_pss : [3370,10034,android.process.media,9798656,7819264,0,101310464,0,19,12]
03-07 05:41:10.619 1002 1168 I am_pss : [3981,10026,com.android.externalstorage,5457920,3821568,0,92438528,0,19,12]
03-07 05:41:10.633 1002 1173 I am_proc_start: [0,4156,10052,com.thundercomm.screensaver,service,{com.thundercomm.screensaver/com.thundercomm.saverclock.service.ClockScreensaver}]
03-07 05:41:10.634 1002 1168 I am_pss : [2634,10070,com.thundercomm.gamemode.provider,7653376,5840896,0,96604160,0,19,12]
03-07 05:41:10.650 1002 1168 I am_pss : [2908,10089,com.qualcomm.qtil.aptxui,7083008,5554176,0,91922432,0,19,12]
03-07 05:41:10.664 1002 1168 I am_pss : [3950,10061,com.qualcomm.qti.qms.service.connectionsecurity,18532352,4210688,0,77275136,0,19,11]
03-07 05:41:10.681 1002 1168 I am_pss : [2720,10085,com.qualcomm.qti.qccauthmgr,6176768,4300800,0,96387072,0,19,13]
03-07 05:41:10.698 1002 1168 I am_pss : [3826,2000,com.android.shell,5865472,4255744,0,92512256,0,19,13]
03-07 05:41:10.702 1002 2813 I am_proc_bound: [0,4156,com.thundercomm.screensaver]
03-07 05:41:10.705 1002 2813 I am_uid_active: 10052
03-07 05:41:10.717 1002 1168 I am_pss : [2593,1000,com.android.settings,32756736,19156992,0,148369408,0,19,14]
03-07 05:41:10.733 1002 1168 I am_pss : [3745,10020,com.android.packageinstaller,7033856,5521408,0,91623424,0,19,11]
03-07 05:41:10.749 1002 1168 I am_pss : [3720,10062,com.android.onetimeinitializer,5086208,3510272,0,90865664,0,19,12]
03-07 05:41:10.764 1002 1168 I am_pss : [3695,10092,com.android.music,7207936,5283840,0,94068736,0,19,11]
03-07 05:41:10.779 1002 1168 I am_pss : [3666,10023,com.android.managedprovisioning,8852480,7266304,0,95154176,0,19,12]
03-07 05:41:10.795 1002 1168 I am_pss : [3594,1000,com.android.dynsystem:dynsystem,5592064,3878912,0,91598848,0,19,12]
03-07 05:41:10.810 1002 1168 I am_pss : [3552,1000,com.android.localtransport,5354496,3751936,0,91701248,0,19,11]
03-07 05:41:10.825 1002 1168 I am_pss : [3522,1000,com.android.dynsystem,5286912,3661824,0,90804224,0,19,11]
03-07 05:41:10.841 1002 1168 I am_pss : [3355,10019,android.process.acore,13377536,9826304,0,117284864,0,19,13]
03-07 05:41:10.859 1002 1168 I am_pss : [3462,1000,com.qti.diagservices,6029312,4026368,0,95744000,0,10,12]
03-07 05:41:10.875 1002 1168 I am_pss : [3305,1000,com.qualcomm.qti.qmmi,6880256,5296128,0,92782592,0,19,11]
03-07 05:41:10.890 1002 1168 I am_pss : [3191,1000,com.android.keychain,7905280,6303744,0,94367744,0,19,11]
03-07 05:41:10.905 1002 1168 I am_pss : [3153,10036,com.android.traceur,10268672,8601600,0,98422784,0,19,12]
03-07 05:41:10.920 1002 1168 I am_pss : [3466,10068,com.qualcomm.qti.devicestatisticsservice,5115904,3551232,0,89767936,0,0,12]
03-07 05:41:10.928 1002 2150 I wm_task_created: [17,-1]
03-07 05:41:10.938 1002 2150 I wm_task_moved: [17,1,6]
03-07 05:41:10.938 1002 2150 I wm_task_to_front: [0,17]
03-07 05:41:10.938 1002 2150 I wm_create_task: [0,17]
03-07 05:41:10.938 1002 2150 I wm_create_activity: [0,109293963,17,com.thundercomm.screensaver/android.service.dreams.DreamActivity,NULL,NULL,NULL,276824064]
03-07 05:41:10.938 1002 2150 I wm_task_moved: [17,1,6]
03-07 05:41:10.939 2640 2640 I wm_on_top_resumed_lost_called: [224338254,com.android.launcher3.uioverrides.QuickstepLauncher,topStateChangedWhenResumed]
03-07 05:41:10.940 1002 2150 I wm_pause_activity: [0,224338254,com.android.launcher3/.uioverrides.QuickstepLauncher,userLeaving=true,pauseBackTasks]
03-07 05:41:10.952 2640 2640 I wm_on_paused_called: [224338254,com.android.launcher3.uioverrides.QuickstepLauncher,performPause]
03-07 05:41:10.962 1002 2150 I wm_add_to_stopping: [0,224338254,com.android.launcher3/.uioverrides.QuickstepLauncher,makeInvisible]
03-07 05:41:10.963 1002 2150 I wm_restart_activity: [0,109293963,17,com.thundercomm.screensaver/android.service.dreams.DreamActivity]
03-07 05:41:10.964 1002 2150 I wm_set_resumed_activity: [0,com.thundercomm.screensaver/android.service.dreams.DreamActivity,minimalResumeActivityLocked]
03-07 05:41:10.979 1002 1153 I sysui_multi_action: [757,803,799,window_time_0,802,60]
03-07 05:41:10.991 4156 4156 I wm_on_create_called: [109293963,android.service.dreams.DreamActivity,performCreate]
03-07 05:41:10.992 4156 4156 I wm_on_start_called: [109293963,android.service.dreams.DreamActivity,handleStartActivity]
03-07 05:41:10.993 4156 4156 I wm_on_resume_called: [109293963,android.service.dreams.DreamActivity,RESUME_ACTIVITY]
03-07 05:41:10.994 1002 1662 I input_focus: [Focus leaving 548c02d com.android.launcher3/com.android.launcher3.uioverrides.QuickstepLauncher (server),reason=NO_WINDOW]
03-07 05:41:11.009 4156 4156 I wm_on_top_resumed_gained_called: [109293963,android.service.dreams.DreamActivity,topStateChangedWhenResumed]
03-07 05:41:11.043 1002 1154 I input_focus: [Focus request 8b984b9 com.thundercomm.screensaver/android.service.dreams.DreamActivity,reason=UpdateInputWindows]
03-07 05:41:11.045 1002 2247 I am_wtf : [0,1983,com.android.systemui,818462221,KeyguardBouncer,onFullyShown when view was null]
03-07 05:41:11.053 1983 1983 I sysui_multi_action: [757,196,758,2,759,0]
03-07 05:41:11.053 1983 1983 I sysui_status_bar_state: [0,0,1,0,0,1]
03-07 05:41:11.142 1002 1204 I sysui_multi_action: [757,1696,758,6,759,3]
03-07 05:41:11.144 1002 1172 I am_wtf : [0,1002,system_server,-1,DisplayDeviceConfig,requesting nits when no mapping exists.]
03-07 05:41:11.146 1002 1172 I am_wtf : [0,1002,system_server,-1,DisplayDeviceConfig,requesting nits when no mapping exists.]
03-07 05:41:11.151 1002 1150 I sysui_multi_action: [319,221,322,220,325,107,757,761,758,8,759,2,806,com.thundercomm.screensaver,871,android.service.dreams.DreamActivity,904,com.thundercomm.screensaver,905,0,1320,4,1321,2]
03-07 05:41:11.152 1002 1150 I wm_activity_launch_time: [0,109293963,com.thundercomm.screensaver/android.service.dreams.DreamActivity,220]
03-07 05:41:11.163 1002 1662 I input_focus: [Focus entering 8b984b9 com.thundercomm.screensaver/android.service.dreams.DreamActivity (server),reason=Window became focusable. Previous reason: NOT_VISIBLE]
03-07 05:41:11.166 1002 1172 I am_wtf : [0,1002,system_server,-1,DisplayDeviceConfig,requesting nits when no mapping exists.]
03-07 05:41:11.171 1002 1172 I am_wtf : [0,1002,system_server,-1,DisplayDeviceConfig,requesting nits when no mapping exists.]
03-07 05:41:11.180 1002 1172 I am_wtf : [0,1002,system_server,-1,DisplayDeviceConfig,requesting nits when no mapping exists.]
03-07 05:41:11.181 1002 1172 I am_wtf : [0,1002,system_server,-1,DisplayDeviceConfig,requesting nits when no mapping exists.]
03-07 05:41:11.198 1002 1172 I am_wtf : [0,1002,system_server,-1,DisplayDeviceConfig,requesting nits when no mapping exists.]
03-07 05:41:11.199 1002 1172 I am_wtf : [0,1002,system_server,-1,DisplayDeviceConfig,requesting nits when no mapping exists.]
03-07 05:41:11.211 1002 1172 I am_wtf : [0,1002,system_server,-1,DisplayDeviceConfig,requesting nits when no mapping exists.]
03-07 05:41:11.212 1002 1172 I am_wtf : [0,1002,system_server,-1,DisplayDeviceConfig,requesting nits when no mapping exists.]
03-07 05:41:11.228 1002 1172 I am_wtf : [0,1002,system_server,-1,DisplayDeviceConfig,requesting nits when no mapping exists.]
03-07 05:41:11.229 1002 1172 I am_wtf : [0,1002,system_server,-1,DisplayDeviceConfig,requesting nits when no mapping exists.]
03-07 05:41:11.246 1002 1172 I am_wtf : [0,1002,system_server,-1,DisplayDeviceConfig,requesting nits when no mapping exists.]
03-07 05:41:11.247 1002 1172 I am_wtf : [0,1002,system_server,-1,DisplayDeviceConfig,requesting nits when no mapping exists.]
03-07 05:41:11.262 1002 1172 I am_wtf : [0,1002,system_server,-1,DisplayDeviceConfig,requesting nits when no mapping exists.]
03-07 05:41:11.263 1002 1172 I am_wtf : [0,1002,system_server,-1,DisplayDeviceConfig,requesting nits when no mapping exists.]
03-07 05:41:11.277 1002 1172 I am_wtf : [0,1002,system_server,-1,DisplayDeviceConfig,requesting nits when no mapping exists.]
03-07 05:41:11.278 1002 1172 I am_wtf : [0,1002,system_server,-1,DisplayDeviceConfig,requesting nits when no mapping exists.]
03-07 05:41:11.295 1002 1172 I am_wtf : [0,1002,system_server,-1,DisplayDeviceConfig,requesting nits when no mapping exists.]
03-07 05:41:11.295 1002 1172 I service_manager_stats: [100,294,58299]
03-07 05:41:11.296 1002 1172 I am_wtf : [0,1002,system_server,-1,DisplayDeviceConfig,requesting nits when no mapping exists.]
03-07 05:41:11.311 1002 1172 I am_wtf : [0,1002,system_server,-1,DisplayDeviceConfig,requesting nits when no mapping exists.]
03-07 05:41:11.312 1002 1172 I am_wtf : [0,1002,system_server,-1,DisplayDeviceConfig,requesting nits when no mapping exists.]
03-07 05:41:11.328 1002 1172 I am_wtf : [0,1002,system_server,-1,DisplayDeviceConfig,requesting nits when no mapping exists.]
03-07 05:41:11.329 1002 1172 I am_wtf : [0,1002,system_server,-1,DisplayDeviceConfig,requesting nits when no mapping exists.]
03-07 05:41:11.345 1002 1172 I am_wtf : [0,1002,system_server,-1,DisplayDeviceConfig,requesting nits when no mapping exists.]
03-07 05:41:11.346 1002 1172 I am_wtf : [0,1002,system_server,-1,DisplayDeviceConfig,requesting nits when no mapping exists.]
03-07 05:41:11.362 1002 1172 I am_wtf : [0,1002,system_server,-1,DisplayDeviceConfig,requesting nits when no mapping exists.]
03-07 05:41:11.363 1002 1172 I am_wtf : [0,1002,system_server,-1,DisplayDeviceConfig,requesting nits when no mapping exists.]
03-07 05:41:11.378 1002 1172 I am_wtf : [0,1002,system_server,-1,DisplayDeviceConfig,requesting nits when no mapping exists.]
03-07 05:41:11.379 1002 1172 I am_wtf : [0,1002,system_server,-1,DisplayDeviceConfig,requesting nits when no mapping exists.]
03-07 05:41:11.395 1002 1172 I am_wtf : [0,1002,system_server,-1,DisplayDeviceConfig,requesting nits when no mapping exists.]
03-07 05:41:11.396 1002 1172 I am_wtf : [0,1002,system_server,-1,DisplayDeviceConfig,requesting nits when no mapping exists.]
03-07 05:41:11.411 1002 1172 I am_wtf : [0,1002,system_server,-1,DisplayDeviceConfig,requesting nits when no mapping exists.]
03-07 05:41:11.412 1002 1172 I am_wtf : [0,1002,system_server,-1,DisplayDeviceConfig,requesting nits when no mapping exists.]
03-07 05:41:11.429 1002 1153 I wm_stop_activity: [0,224338254,com.android.launcher3/.uioverrides.QuickstepLauncher]
03-07 05:41:11.431 1002 1172 I am_wtf : [0,1002,system_server,-1,DisplayDeviceConfig,requesting nits when no mapping exists.]
03-07 05:41:11.432 1002 1172 I am_wtf : [0,1002,system_server,-1,DisplayDeviceConfig,requesting nits when no mapping exists.]
03-07 05:41:11.443 2640 2640 I wm_on_stop_called: [224338254,com.android.launcher3.uioverrides.QuickstepLauncher,STOP_ACTIVITY_ITEM]
03-07 05:41:11.448 1002 1172 I am_wtf : [0,1002,system_server,-1,DisplayDeviceConfig,requesting nits when no mapping exists.]
03-07 05:41:11.449 1002 1172 I am_wtf : [0,1002,system_server,-1,DisplayDeviceConfig,requesting nits when no mapping exists.]
03-07 05:41:11.464 1002 1172 I am_wtf : [0,1002,system_server,-1,DisplayDeviceConfig,requesting nits when no mapping exists.]
03-07 05:41:11.465 1002 1172 I am_wtf : [0,1002,system_server,-1,DisplayDeviceConfig,requesting nits when no mapping exists.]
03-07 05:41:11.481 1002 1172 I am_wtf : [0,1002,system_server,-1,DisplayDeviceConfig,requesting nits when no mapping exists.]
03-07 05:41:11.482 1002 1172 I am_wtf : [0,1002,system_server,-1,DisplayDeviceConfig,requesting nits when no mapping exists.]
03-07 05:41:11.496 1002 1172 I am_wtf : [0,1002,system_server,-1,DisplayDeviceConfig,requesting nits when no mapping exists.]
03-07 05:41:11.497 1002 1172 I am_wtf : [0,1002,system_server,-1,DisplayDeviceConfig,requesting nits when no mapping exists.]
03-07 05:41:11.511 1002 1172 I am_wtf : [0,1002,system_server,-1,DisplayDeviceConfig,requesting nits when no mapping exists.]
03-07 05:41:11.512 1002 1172 I am_wtf : [0,1002,system_server,-1,DisplayDeviceConfig,requesting nits when no mapping exists.]
03-07 05:41:11.528 1002 1172 I am_wtf : [0,1002,system_server,-1,DisplayDeviceConfig,requesting nits when no mapping exists.]
03-07 05:41:11.528 1002 1172 I am_wtf : [0,1002,system_server,-1,DisplayDeviceConfig,requesting nits when no mapping exists.]
03-07 05:41:11.544 1002 1172 I am_wtf : [0,1002,system_server,-1,DisplayDeviceConfig,requesting nits when no mapping exists.]
03-07 05:41:11.545 1002 1172 I am_wtf : [0,1002,system_server,-1,DisplayDeviceConfig,requesting nits when no mapping exists.]
03-07 05:41:11.561 1002 1172 I am_wtf : [0,1002,system_server,-1,DisplayDeviceConfig,requesting nits when no mapping exists.]
03-07 05:41:11.562 1002 1172 I am_wtf : [0,1002,system_server,-1,DisplayDeviceConfig,requesting nits when no mapping exists.]
03-07 05:41:11.578 1002 1172 I am_wtf : [0,1002,system_server,-1,DisplayDeviceConfig,requesting nits when no mapping exists.]
03-07 05:41:11.578 1002 1172 I am_wtf : [0,1002,system_server,-1,DisplayDeviceConfig,requesting nits when no mapping exists.]
03-07 05:41:11.595 1002 1172 I am_wtf : [0,1002,system_server,-1,DisplayDeviceConfig,requesting nits when no mapping exists.]
03-07 05:41:11.596 1002 1172 I am_wtf : [0,1002,system_server,-1,DisplayDeviceConfig,requesting nits when no mapping exists.]
03-07 05:41:11.611 1002 1172 I am_wtf : [0,1002,system_server,-1,DisplayDeviceConfig,requesting nits when no mapping exists.]
03-07 05:41:11.612 1002 1172 I am_wtf : [0,1002,system_server,-1,DisplayDeviceConfig,requesting nits when no mapping exists.]
03-07 05:41:11.628 1002 1172 I am_wtf : [0,1002,system_server,-1,DisplayDeviceConfig,requesting nits when no mapping exists.]
03-07 05:41:11.629 1002 1172 I am_wtf : [0,1002,system_server,-1,DisplayDeviceConfig,requesting nits when no mapping exists.]
03-07 05:41:11.645 1002 1172 I am_wtf : [0,1002,system_server,-1,DisplayDeviceConfig,requesting nits when no mapping exists.]
03-07 05:41:11.646 1002 1172 I am_wtf : [0,1002,system_server,-1,DisplayDeviceConfig,requesting nits when no mapping exists.]
03-07 05:41:11.662 1002 1172 I am_wtf : [0,1002,system_server,-1,DisplayDeviceConfig,requesting nits when no mapping exists.]
03-07 05:41:11.662 1002 1172 I am_wtf : [0,1002,system_server,-1,DisplayDeviceConfig,requesting nits when no mapping exists.]
03-07 05:41:11.678 1002 1172 I am_wtf : [0,1002,system_server,-1,DisplayDeviceConfig,requesting nits when no mapping exists.]
03-07 05:41:11.679 1002 1172 I am_wtf : [0,1002,system_server,-1,DisplayDeviceConfig,requesting nits when no mapping exists.]
03-07 05:41:11.695 1002 1172 I am_wtf : [0,1002,system_server,-1,DisplayDeviceConfig,requesting nits when no mapping exists.]
03-07 05:41:11.696 1002 1172 I am_wtf : [0,1002,system_server,-1,DisplayDeviceConfig,requesting nits when no mapping exists.]
03-07 05:41:11.712 1002 1172 I am_wtf : [0,1002,system_server,-1,DisplayDeviceConfig,requesting nits when no mapping exists.]
03-07 05:41:11.713 1002 1172 I am_wtf : [0,1002,system_server,-1,DisplayDeviceConfig,requesting nits when no mapping exists.]
03-07 05:41:11.728 1002 1172 I am_wtf : [0,1002,system_server,-1,DisplayDeviceConfig,requesting nits when no mapping exists.]
03-07 05:41:11.729 1002 1172 I am_wtf : [0,1002,system_server,-1,DisplayDeviceConfig,requesting nits when no mapping exists.]
03-07 05:41:11.745 1002 1172 I am_wtf : [0,1002,system_server,-1,DisplayDeviceConfig,requesting nits when no mapping exists.]
03-07 05:41:11.746 1002 1172 I am_wtf : [0,1002,system_server,-1,DisplayDeviceConfig,requesting nits when no mapping exists.]
03-07 05:41:11.762 1002 1172 I am_wtf : [0,1002,system_server,-1,DisplayDeviceConfig,requesting nits when no mapping exists.]
03-07 05:41:11.763 1002 1172 I am_wtf : [0,1002,system_server,-1,DisplayDeviceConfig,requesting nits when no mapping exists.]
03-07 05:41:11.778 1002 1172 I am_wtf : [0,1002,system_server,-1,DisplayDeviceConfig,requesting nits when no mapping exists.]
03-07 05:41:11.779 1002 1172 I am_wtf : [0,1002,system_server,-1,DisplayDeviceConfig,requesting nits when no mapping exists.]
03-07 05:41:11.795 1002 1172 I am_wtf : [0,1002,system_server,-1,DisplayDeviceConfig,requesting nits when no mapping exists.]
03-07 05:41:11.804 1002 1172 I am_wtf : [0,1002,system_server,-1,DisplayDeviceConfig,requesting nits when no mapping exists.]
03-07 05:41:11.811 1002 1172 I am_wtf : [0,1002,system_server,-1,DisplayDeviceConfig,requesting nits when no mapping exists.]
03-07 05:41:11.812 1002 1172 I am_wtf : [0,1002,system_server,-1,DisplayDeviceConfig,requesting nits when no mapping exists.]
03-07 05:41:11.828 1002 1172 I am_wtf : [0,1002,system_server,-1,DisplayDeviceConfig,requesting nits when no mapping exists.]
03-07 05:41:11.829 1002 1172 I am_wtf : [0,1002,system_server,-1,DisplayDeviceConfig,requesting nits when no mapping exists.]
03-07 05:41:11.845 1002 1172 I am_wtf : [0,1002,system_server,-1,DisplayDeviceConfig,requesting nits when no mapping exists.]
03-07 05:41:11.846 1002 1172 I am_wtf : [0,1002,system_server,-1,DisplayDeviceConfig,requesting nits when no mapping exists.]
03-07 05:41:11.862 1002 1172 I am_wtf : [0,1002,system_server,-1,DisplayDeviceConfig,requesting nits when no mapping exists.]
03-07 05:41:11.863 1002 1172 I am_wtf : [0,1002,system_server,-1,DisplayDeviceConfig,requesting nits when no mapping exists.]
03-07 05:41:11.878 1002 1172 I am_wtf : [0,1002,system_server,-1,DisplayDeviceConfig,requesting nits when no mapping exists.]
03-07 05:41:11.879 1002 1172 I am_wtf : [0,1002,system_server,-1,DisplayDeviceConfig,requesting nits when no mapping exists.]
03-07 05:41:11.895 1002 1172 I am_wtf : [0,1002,system_server,-1,DisplayDeviceConfig,requesting nits when no mapping exists.]
03-07 05:41:11.896 1002 1172 I am_wtf : [0,1002,system_server,-1,DisplayDeviceConfig,requesting nits when no mapping exists.]
03-07 05:41:11.912 1002 1172 I am_wtf : [0,1002,system_server,-1,DisplayDeviceConfig,requesting nits when no mapping exists.]
03-07 05:41:11.913 1002 1172 I am_wtf : [0,1002,system_server,-1,DisplayDeviceConfig,requesting nits when no mapping exists.]
03-07 05:41:11.928 1002 1172 I am_wtf : [0,1002,system_server,-1,DisplayDeviceConfig,requesting nits when no mapping exists.]
03-07 05:41:11.929 1002 1172 I am_wtf : [0,1002,system_server,-1,DisplayDeviceConfig,requesting nits when no mapping exists.]
03-07 05:41:11.945 1002 1172 I am_wtf : [0,1002,system_server,-1,DisplayDeviceConfig,requesting nits when no mapping exists.]
03-07 05:41:11.946 1002 1172 I am_wtf : [0,1002,system_server,-1,DisplayDeviceConfig,requesting nits when no mapping exists.]
03-07 05:41:11.962 1002 1172 I am_wtf : [0,1002,system_server,-1,DisplayDeviceConfig,requesting nits when no mapping exists.]
03-07 05:41:11.962 1002 1172 I am_wtf : [0,1002,system_server,-1,DisplayDeviceConfig,requesting nits when no mapping exists.]
03-07 05:41:11.979 1002 1172 I am_wtf : [0,1002,system_server,-1,DisplayDeviceConfig,requesting nits when no mapping exists.]
03-07 05:41:11.979 1002 1172 I am_wtf : [0,1002,system_server,-1,DisplayDeviceConfig,requesting nits when no mapping exists.]
03-07 05:41:11.995 1002 1172 I am_wtf : [0,1002,system_server,-1,DisplayDeviceConfig,requesting nits when no mapping exists.]
03-07 05:41:11.996 1002 1172 I am_wtf : [0,1002,system_server,-1,DisplayDeviceConfig,requesting nits when no mapping exists.]
03-07 05:41:12.012 1002 1172 I am_wtf : [0,1002,system_server,-1,DisplayDeviceConfig,requesting nits when no mapping exists.]
03-07 05:41:12.013 1002 1172 I am_wtf : [0,1002,system_server,-1,DisplayDeviceConfig,requesting nits when no mapping exists.]
03-07 05:41:12.029 1002 1172 I am_wtf : [0,1002,system_server,-1,DisplayDeviceConfig,requesting nits when no mapping exists.]
03-07 05:41:12.029 1002 1172 I am_wtf : [0,1002,system_server,-1,DisplayDeviceConfig,requesting nits when no mapping exists.]
03-07 05:41:12.045 1002 1172 I am_wtf : [0,1002,system_server,-1,DisplayDeviceConfig,requesting nits when no mapping exists.]
03-07 05:41:12.046 1002 1172 I am_wtf : [0,1002,system_server,-1,DisplayDeviceConfig,requesting nits when no mapping exists.]
03-07 05:41:12.062 1002 1172 I am_wtf : [0,1002,system_server,-1,DisplayDeviceConfig,requesting nits when no mapping exists.]
03-07 05:41:12.063 1002 1172 I am_wtf : [0,1002,system_server,-1,DisplayDeviceConfig,requesting nits when no mapping exists.]
03-07 05:41:12.079 1002 1172 I am_wtf : [0,1002,system_server,-1,DisplayDeviceConfig,requesting nits when no mapping exists.]
03-07 05:41:12.080 1002 1172 I am_wtf : [0,1002,system_server,-1,DisplayDeviceConfig,requesting nits when no mapping exists.]
03-07 05:41:12.096 1002 1172 I am_wtf : [0,1002,system_server,-1,DisplayDeviceConfig,requesting nits when no mapping exists.]
03-07 05:41:12.096 1002 1172 I am_wtf : [0,1002,system_server,-1,DisplayDeviceConfig,requesting nits when no mapping exists.]
03-07 05:41:14.596 1002 1168 I am_pss : [3137,10097,com.android.providers.media.module,19685376,16031744,0,125100032,0,0,17]
03-07 05:41:14.613 1002 1168 I am_pss : [2833,10074,com.qualcomm.location,9637888,7319552,0,102608896,0,0,13]
03-07 05:41:14.640 1002 1168 I am_pss : [1983,10084,com.android.systemui,172951552,153026560,0,334249984,0,0,22]
03-07 05:41:17.871 2954 2954 I auditd : type=1400 audit(0.0:1712): avc: granted { read } for comm=4173796E635461736B20233331 name="arp" dev="proc" ino=4026532256 scontext=u:r:platform_app:s0:c512,c768 tcontext=u:object_r:proc_net:s0 tclass=file app=com.hht.lebocast
03-07 05:41:17.871 2954 2954 I auditd : type=1400 audit(0.0:1713): avc: granted { read open } for comm=4173796E635461736B20233331 path="/proc/2954/net/arp" dev="proc" ino=4026532256 scontext=u:r:platform_app:s0:c512,c768 tcontext=u:object_r:proc_net:s0 tclass=file app=com.hht.lebocast
03-07 05:41:17.875 2954 2954 I auditd : type=1400 audit(0.0:1714): avc: granted { getattr } for comm=4173796E635461736B20233331 path="/proc/2954/net/arp" dev="proc" ino=4026532256 scontext=u:r:platform_app:s0:c512,c768 tcontext=u:object_r:proc_net:s0 tclass=file app=com.hht.lebocast
03-07 05:41:17.875 2954 2954 I auditd : type=1400 audit(0.0:1715): avc: granted { getattr } for comm=4173796E635461736B20233331 path="/proc/2954/net/arp" dev="proc" ino=4026532256 scontext=u:r:platform_app:s0:c512,c768 tcontext=u:object_r:proc_net:s0 tclass=file app=com.hht.lebocast
03-07 05:41:19.710 1002 1172 I am_uid_idle: 10019
03-07 05:41:30.795 1002 1172 I am_uid_idle: 10036
03-07 05:41:34.842 1002 1172 I am_uid_idle: 10023
03-07 05:41:35.189 1002 1172 I am_uid_idle: 10092
03-07 05:41:35.495 1002 1172 I am_uid_idle: 10062
03-07 05:41:35.802 1002 1172 I am_uid_idle: 10020
03-07 05:41:36.549 1002 1172 I am_uid_idle: 10018
03-07 05:41:36.924 1002 1172 I am_uid_idle: 10034
03-07 05:41:37.069 1002 1172 I am_uid_idle: 2000
03-07 05:41:42.697 1002 1172 I am_uid_idle: 10085
03-07 05:41:42.706 1002 1172 I am_uid_idle: 10061
03-07 05:41:43.046 1002 1172 I am_uid_idle: 10089
03-07 05:42:14.580 1002 1172 I am_uid_idle: 10096
03-07 05:42:17.012 1002 1172 I am_uid_idle: 10070
03-07 05:42:17.875 2954 2954 I auditd : type=1400 audit(0.0:1716): avc: granted { read } for comm=4173796E635461736B20233333 name="arp" dev="proc" ino=4026532256 scontext=u:r:platform_app:s0:c512,c768 tcontext=u:object_r:proc_net:s0 tclass=file app=com.hht.lebocast
03-07 05:42:17.875 2954 2954 I auditd : type=1400 audit(0.0:1717): avc: granted { read open } for comm=4173796E635461736B20233333 path="/proc/2954/net/arp" dev="proc" ino=4026532256 scontext=u:r:platform_app:s0:c512,c768 tcontext=u:object_r:proc_net:s0 tclass=file app=com.hht.lebocast
03-07 05:42:17.879 2954 2954 I auditd : type=1400 audit(0.0:1718): avc: granted { getattr } for comm=4173796E635461736B20233333 path="/proc/2954/net/arp" dev="proc" ino=4026532256 scontext=u:r:platform_app:s0:c512,c768 tcontext=u:object_r:proc_net:s0 tclass=file app=com.hht.lebocast
03-07 05:42:17.887 2954 2954 I auditd : type=1400 audit(0.0:1719): avc: granted { getattr } for comm=4173796E635461736B20233333 path="/proc/2954/net/arp" dev="proc" ino=4026532256 scontext=u:r:platform_app:s0:c512,c768 tcontext=u:object_r:proc_net:s0 tclass=file app=com.hht.lebocast
03-07 05:43:17.875 2954 2954 I auditd : type=1400 audit(0.0:1720): avc: granted { read } for comm=4173796E635461736B20233335 name="arp" dev="proc" ino=4026532256 scontext=u:r:platform_app:s0:c512,c768 tcontext=u:object_r:proc_net:s0 tclass=file app=com.hht.lebocast
03-07 05:43:17.879 2954 2954 I auditd : type=1400 audit(0.0:1721): avc: granted { read open } for comm=4173796E635461736B20233335 path="/proc/2954/net/arp" dev="proc" ino=4026532256 scontext=u:r:platform_app:s0:c512,c768 tcontext=u:object_r:proc_net:s0 tclass=file app=com.hht.lebocast
03-07 05:43:17.879 2954 2954 I auditd : type=1400 audit(0.0:1722): avc: granted { getattr } for comm=4173796E635461736B20233335 path="/proc/2954/net/arp" dev="proc" ino=4026532256 scontext=u:r:platform_app:s0:c512,c768 tcontext=u:object_r:proc_net:s0 tclass=file app=com.hht.lebocast
03-07 05:43:17.883 2954 2954 I auditd : type=1400 audit(0.0:1723): avc: granted { getattr } for comm=4173796E635461736B20233335 path="/proc/2954/net/arp" dev="proc" ino=4026532256 scontext=u:r:platform_app:s0:c512,c768 tcontext=u:object_r:proc_net:s0 tclass=file app=com.hht.lebocast
03-07 05:44:17.883 2954 2954 I auditd : type=1400 audit(0.0:1724): avc: granted { read } for comm=4173796E635461736B20233337 name="arp" dev="proc" ino=4026532256 scontext=u:r:platform_app:s0:c512,c768 tcontext=u:object_r:proc_net:s0 tclass=file app=com.hht.lebocast
03-07 05:44:17.883 2954 2954 I auditd : type=1400 audit(0.0:1725): avc: granted { read open } for comm=4173796E635461736B20233337 path="/proc/2954/net/arp" dev="proc" ino=4026532256 scontext=u:r:platform_app:s0:c512,c768 tcontext=u:object_r:proc_net:s0 tclass=file app=com.hht.lebocast
03-07 05:44:17.883 2954 2954 I auditd : type=1400 audit(0.0:1726): avc: granted { getattr } for comm=4173796E635461736B20233337 path="/proc/2954/net/arp" dev="proc" ino=4026532256 scontext=u:r:platform_app:s0:c512,c768 tcontext=u:object_r:proc_net:s0 tclass=file app=com.hht.lebocast
03-07 05:44:17.887 2954 2954 I auditd : type=1400 audit(0.0:1727): avc: granted { getattr } for comm=4173796E635461736B20233337 path="/proc/2954/net/arp" dev="proc" ino=4026532256 scontext=u:r:platform_app:s0:c512,c768 tcontext=u:object_r:proc_net:s0 tclass=file app=com.hht.lebocast
03-07 05:45:17.891 2954 2954 I auditd : type=1400 audit(0.0:1728): avc: granted { read } for comm=4173796E635461736B20233339 name="arp" dev="proc" ino=4026532256 scontext=u:r:platform_app:s0:c512,c768 tcontext=u:object_r:proc_net:s0 tclass=file app=com.hht.lebocast
03-07 05:45:17.895 2954 2954 I auditd : type=1400 audit(0.0:1729): avc: granted { read open } for comm=4173796E635461736B20233339 path="/proc/2954/net/arp" dev="proc" ino=4026532256 scontext=u:r:platform_app:s0:c512,c768 tcontext=u:object_r:proc_net:s0 tclass=file app=com.hht.lebocast
03-07 05:45:17.895 2954 2954 I auditd : type=1400 audit(0.0:1730): avc: granted { getattr } for comm=4173796E635461736B20233339 path="/proc/2954/net/arp" dev="proc" ino=4026532256 scontext=u:r:platform_app:s0:c512,c768 tcontext=u:object_r:proc_net:s0 tclass=file app=com.hht.lebocast
03-07 05:45:17.895 2954 2954 I auditd : type=1400 audit(0.0:1731): avc: granted { getattr } for comm=4173796E635461736B20233339 path="/proc/2954/net/arp" dev="proc" ino=4026532256 scontext=u:r:platform_app:s0:c512,c768 tcontext=u:object_r:proc_net:s0 tclass=file app=com.hht.lebocast
03-07 05:45:37.792 1002 1168 I am_pss : [4156,10052,com.thundercomm.screensaver,62109696,55185408,0,177676288,0,2,19]
03-07 05:45:37.821 1002 1168 I am_pss : [2640,10082,com.android.launcher3,60653568,50298880,0,187408384,0,6,18]
03-07 05:45:43.675 4239 4239 I auditd : type=1400 audit(0.0:1732): avc: denied { getattr } for comm="remount" name="/" dev="sde4" ino=1 scontext=u:r:su:s0 tcontext=u:object_r:firmware_file:s0 tclass=filesystem permissive=1
03-07 05:45:43.679 4239 4239 I auditd : type=1400 audit(0.0:1733): avc: denied { getattr } for comm="remount" name="/" dev="sde5" ino=1 scontext=u:r:su:s0 tcontext=u:object_r:bt_firmware_file:s0 tclass=filesystem permissive=1
03-07 05:46:17.895 2954 2954 I auditd : type=1400 audit(0.0:1734): avc: granted { read } for comm=4173796E635461736B20233431 name="arp" dev="proc" ino=4026532256 scontext=u:r:platform_app:s0:c512,c768 tcontext=u:object_r:proc_net:s0 tclass=file app=com.hht.lebocast
03-07 05:46:17.895 2954 2954 I auditd : type=1400 audit(0.0:1735): avc: granted { read open } for comm=4173796E635461736B20233431 path="/proc/2954/net/arp" dev="proc" ino=4026532256 scontext=u:r:platform_app:s0:c512,c768 tcontext=u:object_r:proc_net:s0 tclass=file app=com.hht.lebocast
03-07 05:46:17.895 2954 2954 I auditd : type=1400 audit(0.0:1736): avc: granted { getattr } for comm=4173796E635461736B20233431 path="/proc/2954/net/arp" dev="proc" ino=4026532256 scontext=u:r:platform_app:s0:c512,c768 tcontext=u:object_r:proc_net:s0 tclass=file app=com.hht.lebocast
03-07 05:46:17.899 2954 2954 I auditd : type=1400 audit(0.0:1737): avc: granted { getattr } for comm=4173796E635461736B20233431 path="/proc/2954/net/arp" dev="proc" ino=4026532256 scontext=u:r:platform_app:s0:c512,c768 tcontext=u:object_r:proc_net:s0 tclass=file app=com.hht.lebocast
03-07 05:47:17.895 2954 2954 I auditd : type=1400 audit(0.0:1738): avc: granted { read } for comm=4173796E635461736B20233433 name="arp" dev="proc" ino=4026532256 scontext=u:r:platform_app:s0:c512,c768 tcontext=u:object_r:proc_net:s0 tclass=file app=com.hht.lebocast
03-07 05:47:17.895 2954 2954 I auditd : type=1400 audit(0.0:1739): avc: granted { read open } for comm=4173796E635461736B20233433 path="/proc/2954/net/arp" dev="proc" ino=4026532256 scontext=u:r:platform_app:s0:c512,c768 tcontext=u:object_r:proc_net:s0 tclass=file app=com.hht.lebocast
03-07 05:47:17.899 2954 2954 I auditd : type=1400 audit(0.0:1740): avc: granted { getattr } for comm=4173796E635461736B20233433 path="/proc/2954/net/arp" dev="proc" ino=4026532256 scontext=u:r:platform_app:s0:c512,c768 tcontext=u:object_r:proc_net:s0 tclass=file app=com.hht.lebocast
03-07 05:47:17.899 2954 2954 I auditd : type=1400 audit(0.0:1741): avc: granted { getattr } for comm=4173796E635461736B20233433 path="/proc/2954/net/arp" dev="proc" ino=4026532256 scontext=u:r:platform_app:s0:c512,c768 tcontext=u:object_r:proc_net:s0 tclass=file app=com.hht.lebocast
03-07 05:47:58.353 1002 1662 I input_interaction: Interaction with: 8b984b9 com.thundercomm.screensaver/android.service.dreams.DreamActivity (server), edge-swipe (server), swipe-up (server), PointerEventDispatcher0 (server),
03-07 05:47:58.362 1002 2247 I wm_finish_activity: [0,109293963,17,com.thundercomm.screensaver/android.service.dreams.DreamActivity,finish-activity]
03-07 05:47:58.362 1002 2247 I wm_task_moved: [1,1,5]
03-07 05:47:58.363 1002 2247 I wm_task_moved: [16,1,2147483647]
03-07 05:47:58.363 1002 2247 I wm_task_to_front: [0,16]
03-07 05:47:58.364 1002 2247 I wm_focused_root_task: [0,0,1,17,finish-top adjustFocusToNextFocusableTask]
03-07 05:47:58.365 1002 2247 I wm_set_resumed_activity: [0,com.android.launcher3/.uioverrides.QuickstepLauncher,finish-top adjustFocusToNextFocusableTask]
03-07 05:47:58.369 1002 2247 I wm_pause_activity: [0,109293963,com.thundercomm.screensaver/android.service.dreams.DreamActivity,userLeaving=false,finish]
03-07 05:47:58.388 4156 4156 I wm_on_top_resumed_lost_called: [109293963,android.service.dreams.DreamActivity,topStateChangedWhenResumed]
03-07 05:47:58.390 1002 1153 I sysui_multi_action: [757,803,799,window_time_0,802,407]
03-07 05:47:58.392 4156 4156 I wm_on_paused_called: [109293963,android.service.dreams.DreamActivity,performPause]
03-07 05:47:58.392 1002 2798 I wm_add_to_stopping: [0,109293963,com.thundercomm.screensaver/android.service.dreams.DreamActivity,completeFinishing]
03-07 05:47:58.397 1002 2798 I wm_set_resumed_activity: [0,com.android.launcher3/.uioverrides.QuickstepLauncher,resumeTopActivityInnerLocked]
03-07 05:47:58.399 1002 2798 I service_manager_stats: [100,72,407103]
03-07 05:47:58.402 1002 2798 I wm_resume_activity: [0,224338254,16,com.android.launcher3/.uioverrides.QuickstepLauncher]
03-07 05:47:58.408 1002 1662 I input_focus: [Focus leaving 8b984b9 com.thundercomm.screensaver/android.service.dreams.DreamActivity (server),reason=NO_WINDOW]
03-07 05:47:58.410 4156 4156 I view_enqueue_input_event: [Motion - Cancel,com.thundercomm.screensaver/android.service.dreams.DreamActivity]
03-07 05:47:58.412 1002 1153 I sysui_multi_action: [757,803,799,window_time_0,802,0]
03-07 05:47:58.426 2640 2640 I wm_on_restart_called: [224338254,com.android.launcher3.uioverrides.QuickstepLauncher,performRestartActivity]
03-07 05:47:58.427 2640 2640 I wm_on_start_called: [224338254,com.android.launcher3.uioverrides.QuickstepLauncher,handleStartActivity]
03-07 05:47:58.427 2640 2640 I wm_on_resume_called: [224338254,com.android.launcher3.uioverrides.QuickstepLauncher,RESUME_ACTIVITY]
03-07 05:47:58.427 2640 2640 I wm_on_top_resumed_gained_called: [224338254,com.android.launcher3.uioverrides.QuickstepLauncher,topWhenResuming]
03-07 05:47:58.436 1002 1154 I input_focus: [Focus request 548c02d com.android.launcher3/com.android.launcher3.uioverrides.QuickstepLauncher,reason=UpdateInputWindows]
03-07 05:47:58.441 1002 2247 I am_uid_active: 10070
03-07 05:47:58.454 1002 1168 I am_pss : [4121,10055,com.qualcomm.qti.qms.service.trustzoneaccess,5511168,3784704,0,92442624,0,19,12]
03-07 05:47:58.460 1002 1662 I input_focus: [Focus entering 548c02d com.android.launcher3/com.android.launcher3.uioverrides.QuickstepLauncher (server),reason=setFocusedWindow]
03-07 05:47:58.470 1002 1168 I am_pss : [3794,10018,com.android.providers.calendar,7014400,5103616,0,98414592,0,19,11]
03-07 05:47:58.486 1002 1168 I am_pss : [3981,10026,com.android.externalstorage,5449728,3829760,0,92442624,0,19,11]
03-07 05:47:58.503 1002 1168 I am_pss : [3462,1000,com.qti.diagservices,6033408,4034560,0,95748096,0,10,12]
03-07 05:47:58.520 1002 1168 I am_pss : [3088,10090,com.qualcomm.qti.workloadclassifier,8273920,6680576,0,94187520,0,0,12]
03-07 05:47:58.537 1002 1168 I am_pss : [3035,10088,com.qualcomm.qti.qccnetstat,5882880,4272128,0,92147712,0,0,13]
03-07 05:47:58.569 1002 1168 I am_pss : [2985,10058,.pasr,5145600,3600384,0,89997312,0,0,13]
03-07 05:47:58.587 1002 1168 I am_pss : [2989,10077,com.qualcomm.qti.services.systemhelper:systemhelper_service,6221824,4526080,0,94269440,0,0,13]
03-07 05:47:58.606 1002 1168 I am_pss : [2981,1000,com.hryt.hiphishowfsecontrol,13971456,11964416,0,106139648,0,0,13]
03-07 05:47:58.622 1002 1168 I am_pss : [2970,10060,ts.car.uart,5935104,4395008,0,90992640,0,0,11]
03-07 05:47:58.640 1002 1168 I am_pss : [2954,10086,com.hht.lebocast,35369984,16244736,0,111702016,0,0,13]
03-07 05:47:58.656 1002 1168 I am_pss : [3466,10068,com.qualcomm.qti.devicestatisticsservice,5131264,3559424,0,89772032,0,0,12]
03-07 05:47:58.694 1002 1153 I wm_destroy_activity: [0,109293963,17,com.thundercomm.screensaver/android.service.dreams.DreamActivity,finish-imm:idle]
03-07 05:47:58.731 4156 4156 I wm_on_stop_called: [109293963,android.service.dreams.DreamActivity,LIFECYCLER_STOP_ACTIVITY]
03-07 05:47:58.735 4156 4156 I wm_on_destroy_called: [109293963,android.service.dreams.DreamActivity,performDestroy]
03-07 05:47:58.751 1002 1150 I sysui_multi_action: [757,222,758,2]
03-07 05:47:58.751 1002 1150 I sysui_multi_action: [757,804,799,dreaming_minutes,801,6,802,1]
03-07 05:47:58.779 1002 2798 I wm_task_removed: [17,removeChild:removeChild last r=ActivityRecord{683b18b u0 com.thundercomm.screensaver/android.service.dreams.DreamActivity t-1 f}} in t=Task{ac9f4c8 #17 type=dream A=10052:android:com.thundercomm.screensaver/dream U=0 visible=false mode=fullscreen translucent=true sz=0}]
03-07 05:47:58.780 1002 2798 I wm_task_removed: [17,removeChild]
03-07 05:47:58.837 1002 1662 I input_interaction: Interaction with: 307f844 StatusBar (server), edge-swipe (server), swipe-up (server), PointerEventDispatcher0 (server),
03-07 05:47:58.854 1983 1983 I sysui_multi_action: [757,803,799,panel_open,802,1]
03-07 05:47:58.857 1983 1983 I sysui_multi_action: [757,1328,758,4,1326,38,1327,1,1329,0]
03-07 05:47:58.885 1002 3217 I sysui_multi_action: [757,127,758,1]
03-07 05:47:58.885 1002 3217 I sysui_multi_action: [757,804,799,note_load,801,4,802,1]
03-07 05:47:58.885 1002 3217 I notification_panel_revealed: 4
03-07 05:47:58.905 1002 1154 I input_focus: [Focus request d6d1c7b NotificationShade,reason=UpdateInputWindows]
03-07 05:47:58.925 1002 1662 I input_focus: [Focus leaving 548c02d com.android.launcher3/com.android.launcher3.uioverrides.QuickstepLauncher (server),reason=Waiting for window because NOT_VISIBLE]
03-07 05:47:58.927 1002 2798 I sysui_multi_action: [757,128,758,1,793,469558,794,0,795,469558,796,26,798,0,806,android,857,DEVELOPER_IMPORTANT,858,4,947,0,1395,4,1500,468510,1688,1]
03-07 05:47:58.927 1002 2798 I sysui_multi_action: [757,804,799,note_freshness,801,469558,802,1]
03-07 05:47:58.927 1002 2798 I notification_visibility: [-1|android|26|null|1000,1,469558,469558,0,0]
