03-07 17:02:01.655 2954 2954 I auditd : type=1400 audit(0.0:2075): avc: granted { getattr } for comm="om.hht.lebocast" path="/proc/2954/net/arp" dev="proc" ino=4026532256 scontext=u:r:platform_app:s0:c512,c768 tcontext=u:object_r:proc_net:s0 tclass=file app=com.hht.lebocast
03-07 17:02:01.655 2954 2954 W om.hht.lebocast: type=1400 audit(0.0:2075): avc: granted { getattr } for path="/proc/2954/net/arp" dev="proc" ino=4026532256 scontext=u:r:platform_app:s0:c512,c768 tcontext=u:object_r:proc_net:s0 tclass=file app=com.hht.lebocast
03-07 17:02:01.815 2954 7731 D hpplay-base: [LelinkMDNS:766] devicePermissionPublic leboPermissionCheck:-2
03-07 17:02:01.815 2954 7731 D hpplay-base: [jniBridge:1125] com_hpplay_sdk_sink_protocol_Bridge_WHAT_SERVER_ERROR
03-07 17:02:01.815 2954 7731 D hpplay-base: [jniBridge:1726] notifyJava, what:204, castType:0, mimeType:0 baseStatus:2
03-07 17:02:01.815 2954 7731 D hpplay-base: [jniBridge:1727] notifyJava sessionID:(null)
03-07 17:02:01.816 2954 7731 I hpplay-java: [Thread-120]:Bridge:notify: what: 204
03-07 17:02:01.817 2954 7731 I hpplay-java: [Thread-120]:Bridge:notify: out: OutParameters:{audioSessionId=-1, audiotrackIndex=0, castHandleType=-1, castType=0, deviceName='', dlnaName='', dramaID='', extra=-2002, frameHandleType=-1, handleInside=true, headduration=0, header='', headers=null, isAD=false, isMultiMirror=false, lelinkVer='', limitTime=0, , mediaAlbum='null', mediaAlbumArtURI='', mediaArtist='null', mediaAssets='', mediaTitle='null', mimeType=0, multiSession=null, period=0, pinCode='', playSpeed=0.0, playerChoice=0, plugin=0, port=0, position=0.0, positionUnit=2, protocol=0, realSessionID='', regType='', , sinkIp='', sourceAPPVersion='', sourceChannel='', sourceClientInfo='', sourceDeviceInfo='', sourceDeviceModel='', sourceDeviceName='', sourceDeviceType=0, sourceHID='', , sourceInfo='', , , sourceOSVersion='', sourceSDKVersion='', sourceUid='', stopDetail=0, stopReason=0, tailduration=0, url='', urlID='', urls=null, userAgent='', videoDecoder=0, volume=0, what=204}com.hpplay.sdk.sink.protocol.OutParameters@864cca5
03-07 17:02:01.817 2954 7731 I hpplay-java: [Thread-120]:Bridge:notify: address:98801786
03-07 17:02:01.817 2954 7731 I hpplay-base: [mDNSEmbeded:79] embedded_mDNSLoop stopmDNSNow:0 nPublish:-2 nExitFlag:6 tid is 7731
03-07 17:02:01.817 2954 2954 I hpplay-java: [main]:Bridge:findServiceID start out: 98801786
03-07 17:02:01.818 2954 2954 I hpplay-java: [main]:Bridge:findServiceID end
03-07 17:02:01.818 2954 2954 E hpplay-java: [main]:ServerTaskManager:onError 204/-2002 com.hht.lebocast.LelinkHelper$e@4cd859f
03-07 17:02:01.818 2954 2954 I hpplay-java: [main]:ServerTaskManager:cancelTimeOutCheck
03-07 17:02:01.818 2954 2954 W hpplay-java: [main]:ServerTaskManager:onErrorDispatcher errorCode:-2002
03-07 17:02:01.819 2954 2954 I hpplay-java: [main]:ServerTaskManager:onError retry later
03-07 17:02:01.865 2954 7738 I hpplay-base: [LelinkReceiver:14605] _connectionFinalize (167)
03-07 17:02:01.865 2954 7738 D hpplay-base: [LelinkReceiver:14752] ###connectionFinalize,release ok!!###
03-07 17:02:01.915 2954 4438 I hpplay-java: [AsyncTask #48]:HttpRequest:doGet responseCode:200 0
03-07 17:02:02.270 650 660 I mpu_uart: [MSG-P:RECV]:No message received in 1000 ms
03-07 17:02:03.271 650 660 I mpu_uart: [MSG-P:RECV]:No message received in 1000 ms
03-07 17:02:03.679 1307 1329 I selfinstaller: create socket failed: Connection timed out 110
03-07 17:02:04.271 650 660 I mpu_uart: [MSG-P:RECV]:No message received in 1000 ms
03-07 17:02:04.487 650 659 I mpu_uart: [MSG-P:R]:recv sync frame timeout
03-07 17:02:04.649 4946 5130 I ThreadPool.Execute: [:5130, ]:<<< com.tencent.mm.chatroom.e.q$2@255935007 state=COMPLETE cost=61ms/47ms HotPool start@=1678179724648ms delay=99ms run@=0
03-07 17:02:04.820 2954 2954 I hpplay-java: [main]:ServerTaskManager:restart by error
03-07 17:02:04.820 2954 2954 I hpplay-java: [main]:ServerTaskManager:startServer
03-07 17:02:04.820 2954 2954 I hpplay-java: [main]:ServerTaskManager:startServer add, reason: server is starting or running
03-07 17:02:04.820 2954 2954 I hpplay-java: [main]:ServerTaskManager:addStopTask
03-07 17:02:04.820 2954 2954 I hpplay-java: [main]:ServerTaskManager:addStartTask
03-07 17:02:04.820 2954 2954 I hpplay-java: [main]:ServerTaskManager:exeTask stopServer
03-07 17:02:04.820 2954 2954 I hpplay-java: [main]:Bridge:stopServer keepPush: false
03-07 17:02:04.821 2954 2954 D hpplay-base: [jniBridge:909] Bridge__1stopServer status:2
03-07 17:02:04.823 2954 2954 D hpplay-base: [LelinkBase:654] stopAllServer will start thread!
03-07 17:02:04.826 2954 7746 I hpplay-base: [mDNSEmbeded:65] embedded_mDNSExit call
03-07 17:02:04.826 2954 7735 D hpplay-base: [AEventUtils:588] handle AEvent thread end!!,tid is 7735
03-07 17:02:04.827 2954 7736 D hpplay-base: [REventUtils:197] handleREventThread thread end!!,tid is 7736
03-07 17:02:04.861 2954 7715 D hpplay-base: [Server:447] startHttpServer will END srv->serverType:0
03-07 17:02:04.862 2954 7715 D hpplay-base: [Server:646] startHttpServer cond srv_shutdown:1 connectNummber:0
03-07 17:02:04.862 2954 7715 D hpplay-base: [Server:669] startHttpServer wait cond END. srv_shutdown:1 connectNummber:0
03-07 17:02:04.862 2954 7715 D hpplay-base: [Server:457] HttpServer END, tid is 7715
03-07 17:02:04.914 2954 7716 D hpplay-base: [stream_mirror_compat:1284] mirror stream begin to exit,server fd:140,thread_id:3220414912!!
03-07 17:02:04.914 2954 7716 D hpplay-base: [stream_mirror_compat:1323] ##screen stream exit successfully!!##
03-07 17:02:05.271 650 660 I mpu_uart: [MSG-P:RECV]:No message received in 1000 ms
03-07 17:02:05.396 4946 5145 I ThreadPool.Execute: [:5145, ]:<<< com.tencent.mm.chatroom.e.q$1@252883065 state=COMPLETE cost=54ms/42ms HotPool start@=1678179725395ms delay=99ms run@=0
03-07 17:02:05.435 2954 7731 I hpplay-base: [mDNSEmbeded:140] embedded_mDNSLoop Exiting end,tid is 7731
03-07 17:02:05.436 2954 7746 D hpplay-base: [mDNSEmbeded:452] stopmDNSServer end stopmDNSNow=2, nRet=0
03-07 17:02:05.456 4946 5145 I ThreadPool.Execute: [:5145, ]:<<< com.tencent.mm.chatroom.e.q$2@255935007 state=COMPLETE cost=60ms/54ms HotPool start@=1678179725456ms delay=99ms run@=0
03-07 17:02:05.551 2954 7732 I hpplay-base: [mDNSEmbeded:376] end lelink publish server, tid is 7732
03-07 17:02:05.552 2954 7746 D hpplay-base: [mDNSEmbeded:420] stopmLelinkServer end nRet=0
03-07 17:02:05.552 2954 7746 D hpplay-base: [LelinkBase:615] lebodlna stopServerThreadFunc dlnaEnable:1
03-07 17:02:05.552 2954 7746 D hpplay-base-dlna: [lebodlna_api:49] stop DMR
03-07 17:02:05.552 2954 7746 D hpplay-base-dlna: [lebodlna_api:344] m_pRender Release
03-07 17:02:05.620 2954 7746 D hpplay-base-dlna: [UpnpDefine:867] DMRender release success
03-07 17:02:05.620 2954 7746 D hpplay-base-dlna: [lebodlna_api:352] m_pAVT Release
03-07 17:02:05.620 2954 7746 D hpplay-base-dlna: [lebodlna_api:360] m_pRCS Release
03-07 17:02:05.620 2954 7746 D hpplay-base-dlna: [lebodlna_api:365] dmrender destroydmr
03-07 17:02:05.921 2954 7746 D hpplay-base-dlna: [lebodlna-dlna_android:186] stopDLNA
03-07 17:02:05.921 2954 7746 D hpplay-base-dlna: [lebodlna-dlna_android:189] dlnaservice destroy
03-07 17:02:05.921 2954 7746 D hpplay-base-dlna: [lebodlna-dlna_android:49] dlnaservice Destroy 49 int CDlnaService::Destroy()
03-07 17:02:05.921 2954 7746 D hpplay-base-dlna: [lebodlna-dlnaframe:245] dlnaservice Destroy 245 static ERROR_TYPE IDlnaFrame::DestroyDlnaFrame(IDlnaFrame *)
03-07 17:02:05.921 2954 7746 D hpplay-base-dlna: [lebodlna-dlnaframe:179] dlnaservice Destroy 179 virtual void CDlnaFrame::Release()
03-07 17:02:05.921 2954 7746 D hpplay-base-dlna: [lebodlna-dlnaframe:190] dlnaservice Destroy 190 virtual void CDlnaFrame::Release()
03-07 17:02:05.921 2954 7746 D hpplay-base-dlna: [lebodlna-dlnaframe:192] dlnaservice Destroy 192 virtual void CDlnaFrame::Release()
03-07 17:02:05.921 2954 7746 D hpplay-base-dlna: [lebodlna-dlnaframe:247] dlnaservice Destroy 247 static ERROR_TYPE IDlnaFrame::DestroyDlnaFrame(IDlnaFrame *)
03-07 17:02:05.921 2954 7746 D hpplay-base-dlna: [lebodlna-dlnaframe:251] dlnaservice Destroy 251 static ERROR_TYPE IDlnaFrame::DestroyDlnaFrame(IDlnaFrame *)
03-07 17:02:05.925 2954 7746 E hpplay-base-dlna: upnpapi.c:655::before gminiserver ThreadPoolShutdown
03-07 17:02:05.926 2954 7746 E hpplay-base-dlna: ThreadPool.c:1047::on ThreadPoolShutdown tp->totalThreads:3
03-07 17:02:05.926 2954 7746 E hpplay-base-dlna: ThreadPool.c:1047::on ThreadPoolShutdown tp->totalThreads:2
03-07 17:02:05.927 2954 7746 E hpplay-base-dlna: ThreadPool.c:1056::after ThreadPoolShutdown
03-07 17:02:05.927 2954 7746 E hpplay-base-dlna: ThreadPool.c:1057::ThreadPoolShutdown tp->totalThreads:0
03-07 17:02:05.927 2954 7746 E hpplay-base-dlna: upnpapi.c:657::after gminiserver ThreadPoolShutdown
03-07 17:02:05.928 2954 7746 E hpplay-base-dlna: upnpapi.c:659::before grecv ThreadPoolShutdown
03-07 17:02:05.928 2954 7746 E hpplay-base-dlna: ThreadPool.c:1047::on ThreadPoolShutdown tp->totalThreads:12
03-07 17:02:05.940 2954 7746 E hpplay-base-dlna: ThreadPool.c:1056::after ThreadPoolShutdown
03-07 17:02:05.940 2954 7746 E hpplay-base-dlna: ThreadPool.c:1057::ThreadPoolShutdown tp->totalThreads:0
03-07 17:02:05.940 2954 7746 E hpplay-base-dlna: upnpapi.c:661::after grecv ThreadPoolShutdown
03-07 17:02:05.940 2954 7746 E hpplay-base-dlna: upnpapi.c:663::before gsend ThreadPoolShutdown
03-07 17:02:05.940 2954 7746 E hpplay-base-dlna: ThreadPool.c:1047::on ThreadPoolShutdown tp->totalThreads:3
03-07 17:02:05.942 2954 7746 E hpplay-base-dlna: ThreadPool.c:1056::after ThreadPoolShutdown
03-07 17:02:05.942 2954 7746 E hpplay-base-dlna: ThreadPool.c:1057::ThreadPoolShutdown tp->totalThreads:0
03-07 17:02:05.942 2954 7746 E hpplay-base-dlna: upnpapi.c:665::after gsend ThreadPoolShutdown
03-07 17:02:05.953 2954 7746 D hpplay-base-dlna: [lebodlna-dlnaframe:253] dlnaservice Destroy 253 static ERROR_TYPE IDlnaFrame::DestroyDlnaFrame(IDlnaFrame *)
03-07 17:02:05.953 2954 7746 D hpplay-base-dlna: [lebodlna-dlna_android:51] dlnaservice Destroy 51 int CDlnaService::Destroy()
03-07 17:02:05.953 2954 7746 D hpplay-base-dlna: [lebodlna-dlna_android:194] stopDLNA end
01-02 07:16:40.556 0 0 E DTC_ETH,link_delay_work_func: 3003, SQI=0, link=0
03-07 17:02:06.254 2954 7746 D hpplay-base: [stream_mirror_compat:1489] request to stop screen stream session!!
03-07 17:02:06.254 2954 7746 D hpplay-base: [AEventUtils:625] begin to stop event handle service!!
03-07 17:02:06.255 2954 7746 D hpplay-base: [AEventUtils:628] stop event handle service ok!!
03-07 17:02:06.255 2954 7746 D hpplay-base: [REventUtils:231] begin to stop report handle service!!
03-07 17:02:06.255 2954 7746 D hpplay-base: [REventUtils:234] stop report handle service ok!!
03-07 17:02:06.255 2954 7746 D hpplay-base: [lelinkSinkServer:711] HTTP Server stopSinkServer End .
03-07 17:02:06.255 2954 7746 D hpplay-base: [jniBridge:1135] notifyJavaServerStoped
03-07 17:02:06.255 2954 7746 D hpplay-base: [jniBridge:1726] notifyJava, what:202, castType:0, mimeType:0 baseStatus:4
03-07 17:02:06.255 2954 7746 D hpplay-base: [jniBridge:1727] notifyJava sessionID:(null)
03-07 17:02:06.256 2954 7746 I hpplay-java: [Thread-121]:Bridge:notify: what: 202
03-07 17:02:06.257 2954 7746 I hpplay-java: [Thread-121]:Bridge:notify: out: OutParameters:{audioSessionId=-1, audiotrackIndex=0, castHandleType=-1, castType=0, deviceName='', dlnaName='', dramaID='', extra=0, frameHandleType=-1, handleInside=true, headduration=0, header='', headers=null, isAD=false, isMultiMirror=false, lelinkVer='', limitTime=0, , mediaAlbum='null', mediaAlbumArtURI='', mediaArtist='null', mediaAssets='', mediaTitle='null', mimeType=0, multiSession=null, period=0, pinCode='', playSpeed=0.0, playerChoice=0, plugin=0, port=0, position=0.0, positionUnit=2, protocol=0, realSessionID='', regType='', , sinkIp='', sourceAPPVersion='', sourceChannel='', sourceClientInfo='', sourceDeviceInfo='', sourceDeviceModel='', sourceDeviceName='', sourceDeviceType=0, sourceHID='', , sourceInfo='', , , sourceOSVersion='', sourceSDKVersion='', sourceUid='', stopDetail=0, stopReason=0, tailduration=0, url='', urlID='', urls=null, userAgent='', videoDecoder=0, volume=0, what=202}com.hpplay.sdk.sink.protocol.OutParameters@9230488
03-07 17:02:06.257 2954 7746 I hpplay-java: [Thread-121]:Bridge:notify: address:142249505
03-07 17:02:06.258 2954 7746 D hpplay-base: [LelinkBase:645] stopServerThreadFunc notifyJavaServerStoped!
03-07 17:02:06.258 2954 2954 I hpplay-java: [main]:ServerTaskManager:startTimeOutCheck
03-07 17:02:06.258 2954 2954 I hpplay-java: [main]:ServerBusiness:stopDaemonBusiness
03-07 17:02:06.258 2954 2954 I hpplay-java: [main]:SinkDataReport:logout
03-07 17:02:06.259 2954 2954 I hpplay-java: [main]:EPControl:release
03-07 17:02:06.262 2954 2954 I hpplay-java: [main]:Dispatcher:notifyAllReverseControlsStop
03-07 17:02:06.262 2954 2954 I hpplay-java: [main]:Preference:checkFeature none
03-07 17:02:06.262 2954 2954 I hpplay-java: [main]:Dispatcher:notifyAllUIControlsStop set: []
03-07 17:02:06.262 2954 2954 I hpplay-java: [main]:Upgrade:upgrade not be allowed
03-07 17:02:06.263 2954 2954 I hpplay-java: [main]:Bridge:findServiceID start out: 142249505
03-07 17:02:06.263 2954 2954 I hpplay-java: [main]:Bridge:findServiceID end
03-07 17:02:06.263 2954 2954 I hpplay-java: [main]:ServerTaskManager:onStop retry:true
03-07 17:02:06.263 2954 2954 I hpplay-java: [main]:ServerTaskManager:cancelTimeOutCheck
03-07 17:02:06.263 2954 4745 I hpplay-java: [AsyncTask #66]:GlideCreator:clearCache clearDiskCache
03-07 17:02:06.263 2954 7710 W hpplay-java: NanoHTTPDServerRunnable:Communication with the client broken
03-07 17:02:06.263 2954 7710 W hpplay-java: java.net.SocketException: Socket closed
03-07 17:02:06.263 2954 7710 W hpplay-java: at java.net.PlainSocketImpl.socketAccept(PlainSocketImpl.java:213)
03-07 17:02:06.263 2954 7710 W hpplay-java: at java.net.AbstractPlainSocketImpl.accept(AbstractPlainSocketImpl.java:451)
03-07 17:02:06.263 2954 7710 W hpplay-java: at java.net.ServerSocket.implAccept(ServerSocket.java:547)
03-07 17:02:06.263 2954 7710 W hpplay-java: at java.net.ServerSocket.accept(ServerSocket.java:515)
03-07 17:02:06.263 2954 7710 W hpplay-java: at com.hpplay.nanohttpd.protocols.http.ServerRunnable.run(SourceFile:118)
03-07 17:02:06.263 2954 7710 W hpplay-java: at java.lang.Thread.run(Thread.java:920)
03-07 17:02:06.264 2954 7710 I hpplay-java: NanoHTTPDNanoHTTPD:server is stoped
03-07 17:02:06.264 2954 7710 I hpplay-java: NanoHTTPDNanoHTTPD:clear obj
03-07 17:02:06.264 2954 2954 I hpplay-java: [main]:IPManager:getActiveNets type: WIFI
03-07 17:02:06.265 2954 2954 I hpplay-java: [main]:IPManager:getActiveNets eth0:false wifi:true mobile:false ap:false
03-07 17:02:06.265 2954 2954 I hpplay-java: [main]:IPManager:getIPAddress IP_WLAN0
03-07 17:02:06.271 674 7747 D resolv : GetAddrInfoHandler::run: {100 262244 100 983140 10086 0}
03-07 17:02:06.271 674 7747 D resolv : resolv_getaddrinfo: explore_fqdn(): ai_family=0 ai_socktype=1 ai_protocol=6
03-07 17:02:06.272 650 660 I mpu_uart: [MSG-P:RECV]:No message received in 1000 ms
03-07 17:02:06.274 2954 2954 I hpplay-java: [main]:IPManager:updateIPAddress getIPAddress: 192.168.4.16 name:vlan4
03-07 17:02:06.274 2954 2954 I hpplay-java: [main]:IPManager:updateIPAddress getIPAddress: 192.168.124.147 name:wlan0
03-07 17:02:06.275 2954 2954 I hpplay-java: [main]:IPManager:updateIPAddress getIPAddress: 192.168.8.16 name:vlan8
03-07 17:02:06.275 2954 2954 I hpplay-java: [main]:IPManager:updateIPAddress getIPAddress: 192.168.11.16 name:vlan11
03-07 17:02:06.275 2954 2954 I hpplay-java: [main]:IPManager:updateIPAddress getIPAddress: 192.168.0.16 name:vlan0
03-07 17:02:06.275 2954 2954 I hpplay-java: [main]:IPManager:updateIPAddress getIPAddress: 192.168.2.16 name:vlan2
03-07 17:02:06.275 674 7748 D resolv : doQuery: (1, 1)
03-07 17:02:06.275 2954 2954 I hpplay-java: [main]:IPManager:updateIPAddress getIPAddress: 192.168.1.16 name:vlan1
03-07 17:02:06.275 674 7748 D resolv : res_nmkquery: (QUERY, IN, A)
03-07 17:02:06.276 674 7748 D resolv : res_nsend
03-07 17:02:06.276 674 7748 I resolv : resolv_cache_lookup: lookup
03-07 17:02:06.276 674 7748 I resolv : resolv_cache_lookup: FOUND IN CACHE entry=0xb400006fee656420
03-07 17:02:06.276 674 7748 D resolv : doQuery: rcode=0, ancount=1
03-07 17:02:06.276 2954 2954 I hpplay-java: [main]:ServerTaskManager:exeTask startServer
03-07 17:02:06.277 674 7747 I ResolverController: No valid NAT64 prefix (100, /0)
03-07 17:02:06.277 2954 2954 I hpplay-java: [main]:ServerTaskManager:startTimeOutCheck
03-07 17:02:06.278 2954 6995 I hpplay-java: [AsyncTask #80]:ServerBusiness:startDaemonBusiness
03-07 17:02:06.278 2954 6995 I hpplay-java: [AsyncTask #80]:TimeOutCheckUtil:addTask id:upgrade
03-07 17:02:06.278 2954 6995 I hpplay-java: [AsyncTask #80]:TimeOutCheckUtil:addTask id:ijkupgrade
03-07 17:02:06.279 2954 4743 I hpplay-java: [AsyncTask #64]:Bridge:assembleInParameters
03-07 17:02:06.280 2954 7749 I hpplay-java: NanoHTTPDNanoHTTPD:server is started
03-07 17:02:06.281 2954 4743 I hpplay-java: [AsyncTask #64]:Bridge:createDeviceId deviceId:YjQ6NGU6Mzg6M2Y6YWM6ZjE=
03-07 17:02:06.282 2954 4743 I hpplay-java: [AsyncTask #64]:IPManager:getActiveNets type: WIFI
03-07 17:02:06.282 2954 4743 I hpplay-java: [AsyncTask #64]:IPManager:getActiveNets eth0:false wifi:true mobile:false ap:false
03-07 17:02:06.283 2954 4743 I hpplay-java: [AsyncTask #64]:IPManager:getIPAddress IP_WLAN0
03-07 17:02:06.283 2954 4743 I hpplay-java: [AsyncTask #64]:Preference:checkFeature none
03-07 17:02:06.283 2954 4743 I hpplay-java: [AsyncTask #64]:SWI:dlna tip
03-07 17:02:06.283 2954 4743 I hpplay-java: [AsyncTask #64]:SWI:lefp tip
03-07 17:02:06.283 2954 4743 I hpplay-java: [AsyncTask #64]:Bridge:assembleInParameters none alias name use device name: 高合娱乐副屏
03-07 17:02:06.284 2954 4743 I hpplay-java: [AsyncTask #64]:Feature:isSendAdvertisement
03-07 17:02:06.284 2954 4743 I hpplay-java: [AsyncTask #64]:Preference:checkFeature none
03-07 17:02:06.284 2954 4743 I hpplay-java: [AsyncTask #64]:Preference:checkFeature none
03-07 17:02:06.285 2954 4743 I hpplay-java: [AsyncTask #64]:Bridge:backupHpplayDat bakPath:
03-07 17:02:06.285 2954 4743 I hpplay-java: [AsyncTask #64]:Bridge:path:/data/user/0/com.hht.lebocast/files/hpplay/file/happyplay.dat
03-07 17:02:06.285 2954 4743 I hpplay-java: [AsyncTask #64]:Bridge:mAppId:21409
03-07 17:02:06.285 2954 4743 I hpplay-java: [AsyncTask #64]:Bridge:mode:3
03-07 17:02:06.285 2954 4743 I hpplay-java: [AsyncTask #64]:Bridge:type:1
03-07 17:02:06.286 2954 4743 I hpplay-java: [AsyncTask #64]:Bridge:SN:
03-07 17:02:06.286 2954 4743 I hpplay-java: [AsyncTask #64]:Preference:checkFeature none
03-07 17:02:06.286 2954 4743 I hpplay-java: [AsyncTask #64]:Bridge:backPath:
03-07 17:02:06.286 2954 4743 I hpplay-java: [AsyncTask #64]:DeviceUtil:getPermissionDid: 1
03-07 17:02:06.286 2954 4743 I hpplay-java: [AsyncTask #64]:DeviceUtil:getPermissionDid: 1
03-07 17:02:06.287 2954 4743 I hpplay-java: [AsyncTask #64]:Preference:checkFeature none
03-07 17:02:06.287 2954 4743 I hpplay-java: [AsyncTask #64]:Preference:checkFeature none
03-07 17:02:06.287 2954 4743 I hpplay-java: [AsyncTask #64]:Preference:checkFeature none
03-07 17:02:06.287 2954 4743 I hpplay-java: [AsyncTask #64]:Preference:checkFeature none
03-07 17:02:06.287 2954 4743 I hpplay-java: [AsyncTask #64]:Preference:checkFeature none
03-07 17:02:06.290 2954 6995 W hpplay-java: [AsyncTask #80]:ServerBusiness:startDaemonBusiness start LelinkHTTPD sucess 52288
03-07 17:02:06.294 2954 2954 I hpplay-java: [main]:ServerBusiness:get deviceCode:2411597595
03-07 17:02:06.321 2954 4743 W hpplay-java: [AsyncTask #64]:DeviceUtils:getDomain create lb domain
03-07 17:02:06.322 2954 4743 I hpplay-java: [AsyncTask #64]:Feature:getMirrorAudioVideoSync DISABLE
03-07 17:02:06.322 2954 4743 I hpplay-java: [AsyncTask #64]:Feature:checkSupportRedirectOtherApp,no set redirect api
03-07 17:02:06.322 2954 4743 I hpplay-java: [AsyncTask #64]:Feature:getRedirectSearchFlag,value: 0
03-07 17:02:06.323 2954 4743 I hpplay-java: [AsyncTask #64]:Bridge:mIn: InParameters{appInfo='0', appKey='21409', authMode=0, authPwd='null', broadcastDirection=0, broadcastState=1, broadcastTimeout=3, buildType='release', cacheAVPath='/data/user/0/com.hht.lebocast/cache/hpplay/av', cachePhotoPath='/data/user/0/com.hht.lebocast/cache/hpplay/image', channel='LEBO-APK--60146-25915', desPath='', , deviceName='高合娱乐副屏', dlna=1, dlnaCompany='Microsoft Corporation', dlnaCompanyURL='http://www.microsoft.com', dlnaDeviceDescribe='Media Renderer', dlnaDeviceName='Windows Media Player', dlnaDeviceURL='http://go.microsoft.com/fwlink/Linkld=105927', dlnaLelinkSwitch=1, dlnaManufacturer=0, dlnaName='高合娱乐副屏', dlnaUPC='', dlnaUUID='76f343f4-1e9e-4f94-b881-107214632d37', domain='Lebo-figure-52d6e4be35ca', drainage=0, feature='6655', fps=60, height=1080, host='null', , keyPath='/data/user/0/com.hht.lebocast/files/hpplay/file', lelinkfp=1, lelinkfp2=0, logBaseState=1, logPath='/storage/emulated/0/com.hht.lebocast/sink/sdk/common', , mdnsEnable=1, mirrorSyncType=0, netCastVer='2.0', packageName='com.hht.lebocast', packagePath='/data/user/0/com.hht.lebocast', permissionDid='52:d6:e4:be:35:ca', permissionMode=3, permissionPreSN='', port=0, preemptMode=0, regType='_leboremote._tcp.', serverPorts=null, sockWaitTimeOut=45, teleControlPort=53388, tunnels=3, txtKeys=null, txtValues=null, uid='1278128664909382932', videoFrameType=1001, width=1920}com.hpplay.sdk.sink.protocol.InParameters@c993ed6
03-07 17:02:06.324 2954 2954 I hpplay-java: [main]:Bridge:startServer state: 0
03-07 17:02:06.324 2954 2954 D hpplay-base: [jniBridge:185] not conference version
03-07 17:02:06.324 2954 2954 I hpplay-base: [jniBridge:241] 1initServer nSettingWidth=1920 nSettingHeight=1080 nSettingMaxFPS=60 dlnaEnable=1 lelinkFpEnable=1
03-07 17:02:06.324 2954 2954 D hpplay-base: [jniBridge:283] 1initServer cfg.leLinkIp=192.168.124.147
03-07 17:02:06.325 2954 2954 D hpplay-base: [jniBridge:286] 1initServer cfg.mPermissionMode=3
03-07 17:02:06.325 2954 2954 D hpplay-base: [jniBridge:304] 1initServer cfg.permissionDid=52:d6:e4:be:35:ca000000000000000
03-07 17:02:06.325 2954 2954 D hpplay-base: [jniBridge:313] 1initServer cfg.mPermissionPreSN=00000000000000000000000000000000
03-07 17:02:06.325 2954 2954 D hpplay-base: [jniBridge:317] Bridge___1initServer status:0
03-07 17:02:06.325 2954 2954 I hpplay-base: [jniBridge:325] 1initServer cfg.feature=6655
03-07 17:02:06.325 2954 2954 D hpplay-base: [jniBridge:377] 1initServer isSendBroadCast=3
03-07 17:02:06.325 2954 2954 D hpplay-base: [jniBridge:380] 1initServer broadcastDirection=0
03-07 17:02:06.325 2954 2954 D hpplay-base: [jniBridge:382] 1initServer ipBroadcast direction=0
03-07 17:02:06.325 2954 2954 D hpplay-base: [jniBridge:387] 1initServer tunnel=3
03-07 17:02:06.325 2954 2954 D hpplay-base: [jniBridge:390] 1initServer drainage=0
03-07 17:02:06.325 2954 2954 D hpplay-base: [jniBridge:401] 1initServer mDNSEnable=1
03-07 17:02:06.326 2954 2954 D hpplay-base: [jniBridge:406] 1initServer nSockWaitTimeOut=45
03-07 17:02:06.326 2954 2954 D hpplay-base: [jniBridge:410] 1initServer nMirrorAudioVideoSync=0
03-07 17:02:06.326 2954 2954 I hpplay-base: [sign_check:168] checkSign strPackageName:com.hht.lebocast
03-07 17:02:06.326 2954 2954 I hpplay-base: [sign_check:169] checkSign buildType:release
03-07 17:02:06.328 2954 2954 I hpplay-base: [sign_check:170] checkSign appKey:21409
03-07 17:02:06.328 2954 2954 D hpplay-base: [LelinkBase:405] bridgeInit port: 0, lelinkfp: 0
03-07 17:02:06.328 2954 2954 D hpplay-base: [LelinkBase:462] bridgeInit mPackagePath =/data/user/0/com.hht.lebocast
03-07 17:02:06.328 2954 2954 D hpplay-base: [LelinkBase:463] bridgeInit mKeyPath =/data/user/0/com.hht.lebocast/files/hpplay/file
03-07 17:02:06.328 2954 2954 D hpplay-base: [SinkContext:97] initSinkContext mPackagePath =/data/user/0/com.hht.lebocast
03-07 17:02:06.328 2954 2954 D hpplay-base: [SinkContext:98] initSinkContext mKeyPath =/data/user/0/com.hht.lebocast/files/hpplay/file
03-07 17:02:06.328 2954 2954 D hpplay-base: [jniBridge:478] Java_com_hpplay_sdk_sink_protocol_Bridge__1initServer end
03-07 17:02:06.329 2954 2954 D hpplay-base: [jniBridge:869] Bridge__1startServer status:1
03-07 17:02:06.330 2954 2954 D hpplay-base: [LelinkBase:492] startAllServer at base
03-07 17:02:06.331 2954 2954 D hpplay-base: [lelinkSinkServer:152] httpPlugins_SetServerPort TYPE_SERVER_LELINK:52266
03-07 17:02:06.331 2954 2954 D hpplay-base: [network.c:362] protocol bind host :192.168.124.147 port:52266 curent bind port:52266
03-07 17:02:06.331 2954 2954 D hpplay-base: [lelinkSinkServer:681] HTTP Server real at:52266
03-07 17:02:06.331 2954 7754 D hpplay-base: [lelinkSinkServer:644] Connected Service Type:0
03-07 17:02:06.331 2954 7754 I hpplay-base: : (server.c.315) startServer listen_ing....:
03-07 17:02:06.331 2954 7754 D hpplay-base: [Server:371] startHttpServer srv_sockets.used:1 nCurrentFd:140, tid is 7754
03-07 17:02:06.332 2954 2954 D hpplay-base: [ScreenStream:1285] current bind port:7100
03-07 17:02:06.332 2954 2954 D hpplay-base: [LelinkBase:515] startAllServer pBaseContext->config.dlnaEnable:1
03-07 17:02:06.332 2954 2954 D hpplay-base: [lelinkDlna:324] addDMRCallback end
03-07 17:02:06.332 2954 7755 D hpplay-base: [stream_mirror_compat:759] compat mirror stream begin to run,server fd:142,thread_id:3218309568!!
03-07 17:02:06.338 2954 2954 E hpplay-base-dlna: miniserver.c:788::dlna_port(ipv4: 49152 ipv6:0)
03-07 17:02:06.377 2954 4746 I hpplay-java: [AsyncTask #67]:HttpRequest:doGet responseCode:200 0
03-07 17:02:06.393 2954 2954 D hpplay-base-dlna: [lebodlna-dlnaframe:166] succeed to load lebodlnaplugin
03-07 17:02:06.394 2954 2954 D hpplay-base-dlna: [lebodlna-dlnaframe:232] Succeed to load specified plugin:lebodlna_plugin
03-07 17:02:06.394 2954 2954 D hpplay-base: [lelinkDlna:328] startDLNAServer ret=0
03-07 17:02:06.394 2954 2954 D hpplay-base: [LelinkBase:531] startDLNAServer ret= 0
03-07 17:02:06.394 2954 2954 D hpplay-base: [lelinkDlna:342] setDMRFriendlyName 高合娱乐副屏
03-07 17:02:06.394 2954 2954 D hpplay-base-dlna: [lebodlna-dlna_android:136] setBroadcastTimeout mBroadcastTimeOut=66 status=3!
03-07 17:02:06.394 2954 2954 D hpplay-base-dlna: [lebodlna_api:32] start DMR
03-07 17:02:06.394 2954 2954 D hpplay-base-dlna: [UpnpDefine:434] RegisterDMRender invalid lelink info
03-07 17:02:06.394 2954 2954 D hpplay-base-dlna: [UpnpDefine:467] DLNA DEFAULT_DESCRIPTION
03-07 17:02:06.402 2954 2954 E hpplay-base-dlna: upnpapi.c:1078::Exiting RegisterRootDevice2 *Hnd =1, return value == 0
03-07 17:02:06.402 2954 2954 D hpplay-base-dlna: [CUpnpDevice:41] Register Root Device 2:0
03-07 17:02:06.403 2954 2954 D hpplay-base-dlna: [UpnpDefine:794] ESDMRender:Register success
03-07 17:02:06.403 2954 2954 D hpplay-base-dlna: [lebodlna_api:41] sendBroadcast mBroadcastTimeOut=3
03-07 17:02:06.403 2954 2954 D hpplay-base-dlna: [lebodlna_api:44] sendBroadcast timeout=66
03-07 17:02:06.474 2954 2954 D hpplay-base: [lelinkDlna:361] startDLNADevice dlnaManufacturer:0 ret=0
03-07 17:02:06.474 2954 2954 D hpplay-base: [LelinkBase:535] lelinkSetDlnaInfo ret= 0
03-07 17:02:06.474 2954 2954 D hpplay-base: [LelinkBase:547] startAllServer pBaseContext->config.mDNSEnable:1
03-07 17:02:06.475 2954 2954 D hpplay-base: [base_mdns:509] mdns net.hostname:
03-07 17:02:06.475 2954 2954 D hpplay-base: [base_mdns:529] mdns namelabel:-00-80-0F-74-31-00
03-07 17:02:06.475 2954 2954 D hpplay-base: [base_mdns:509] mdns net.hostname:
03-07 17:02:06.475 2954 2954 D hpplay-base: [base_mdns:529] mdns namelabel:-00-80-0F-74-31-00
03-07 17:02:06.476 2954 2954 D hpplay-base: [mdns:813] mdns start bind port:0
03-07 17:02:06.483 2954 2954 D hpplay-base: [mdns:813] mdns start bind port:5353
03-07 17:02:06.484 2954 2954 D hpplay-base: [mdns:813] mdns start bind port:5353
03-07 17:02:06.484 2954 2954 D hpplay-base: [mdns:813] mdns start bind port:5353
03-07 17:02:06.484 2954 2954 D hpplay-base: [mdns:813] mdns start bind port:5353
03-07 17:02:06.485 2954 2954 D hpplay-base: [mdns:813] mdns start bind port:5353
03-07 17:02:06.485 2954 2954 D hpplay-base: [mdns:813] mdns start bind port:5353
03-07 17:02:06.485 2954 2954 D hpplay-base: [mdns:813] mdns start bind port:5353
03-07 17:02:06.486 2954 2954 I hpplay-base: [mDNSEmbeded:57] embedded_mDNSInit stopmDNSNow:0 status:0
03-07 17:02:06.486 2954 2954 D hpplay-base: [mDNSEmbeded:436] startmDNSServer end nRet=0
03-07 17:02:06.486 2954 2954 D hpplay-base: [LelinkBase:555] lelink broadcast_on_off:1 log2java_on_off:1
03-07 17:02:06.487 2954 7774 D hpplay-base: [LelinkMDNS:729] leboAuthorizationCheck strUuid=52:d6:e4:be:35:ca000000000000000
03-07 17:02:06.487 2954 7774 D hpplay-base: [LelinkMDNS:730] leboAuthorizationCheck mPermissionDid=52:d6:e4:be:35:ca000000000000000
03-07 17:02:06.487 2954 7774 D hpplay-base: [LelinkMDNS:755] leboAuthorizationCheck mPermissionMac=52:d6:e4:be:35:ca000000000000000
03-07 17:02:06.487 2954 7775 I hpplay-base: [mDNSEmbeded:268] start lelink publish server, tid is 7775
03-07 17:02:06.487 2954 7776 D hpplay-base: [mDNSEmbeded:197] http_port bind check 197 http_port_check
03-07 17:02:06.487 2954 2954 D hpplay-base: [AEventUtils:595] request to start event handle service!!
03-07 17:02:06.487 2954 2954 D hpplay-base: [AEventUtils:603] start_event_handle_service,begin to run!!
03-07 17:02:06.488 2954 2954 D hpplay-base: [REventUtils:210] start_event_handle_service,begin to run!!
03-07 17:02:06.488 2954 2954 D hpplay-base: [LelinkBase:576] startAllServer success .
03-07 17:02:06.488 2954 2954 D hpplay-base: [jniBridge:894] startDlna_link:http://192.168.124.147:49152/description.xml
03-07 17:02:06.489 2954 7779 D hpplay-base: [jniBridge:1081] notifyJavaDlnalink:http://192.168.124.147:49152/description.xml
03-07 17:02:06.489 2954 7779 D hpplay-base: [jniBridge:1726] notifyJava, what:207, castType:0, mimeType:0 baseStatus:2
03-07 17:02:06.489 2954 7779 D hpplay-base: [jniBridge:1727] notifyJava sessionID:(null)
03-07 17:02:06.489 2954 7779 I hpplay-java: [Thread-123]:Bridge:notify: what: 207
03-07 17:02:06.489 674 7780 D resolv : GetHostByNameHandler::run: result: Success
03-07 17:02:06.490 2954 7779 I hpplay-java: [Thread-123]:Bridge:notify: out: OutParameters:{audioSessionId=-1, audiotrackIndex=0, castHandleType=-1, castType=0, deviceName='http://192.168.124.147:49152/description.xml', dlnaName='', dramaID='', extra=0, frameHandleType=-1, handleInside=true, headduration=0, header='', headers=null, isAD=false, isMultiMirror=false, lelinkVer='', limitTime=0, , mediaAlbum='null', mediaAlbumArtURI='', mediaArtist='null', mediaAssets='', mediaTitle='null', mimeType=0, multiSession=null, period=0, pinCode='', playSpeed=0.0, playerChoice=0, plugin=0, port=0, position=0.0, positionUnit=2, protocol=0, realSessionID='', regType='', , sinkIp='', sourceAPPVersion='', sourceChannel='', sourceClientInfo='', sourceDeviceInfo='', sourceDeviceModel='', sourceDeviceName='', sourceDeviceType=0, sourceHID='', , sourceInfo='', , , sourceOSVersion='', sourceSDKVersion='', sourceUid='', stopDetail=0, stopReason=0, tailduration=0, url='', urlID='', urls=null, userAgent='', videoDecoder=0, volume=0, what=207}com.hpplay.sdk.sink.protocol.OutParameters@721d41e
03-07 17:02:06.490 2954 7779 I hpplay-java: [Thread-123]:Bridge:notify: address:87860479
03-07 17:02:06.490 2954 7777 D hpplay-base: [AEventUtils:171] create handle AEvent thread ok!!,tid is 7777
03-07 17:02:06.491 2954 7776 D hpplay-base: [mDNSEmbeded:217] http_port bind check 217 http_port_check
03-07 17:02:06.491 2954 7778 D hpplay-base: [REventUtils:59] create handleREventThread thread ok!!,tid is 7778
03-07 17:02:06.491 2954 7776 D hpplay-base: [mDNSEmbeded:222] http_port bind check 222 http_port_check
03-07 17:02:06.494 2954 7776 D hpplay-base: [mDNSEmbeded:234] http_port bind check 234 http_port_check port:52266
03-07 17:02:06.494 2954 7776 D hpplay-base: [mDNSEmbeded:237] http_port bind check 237 http_port_check
03-07 17:02:06.494 2954 7781 D hpplay-base: [lelinkSinkServer:93] new client connection from 127.0.0.1 57042, fd=169
03-07 17:02:06.495 2954 7781 D hpplay-base: [SinkContext:137] addSinkContextSession,begin to run!!
03-07 17:02:06.495 2954 7781 D hpplay-base: [SinkContext:142] addSinkContextSession,begin to get lock!!
03-07 17:02:06.495 2954 7781 D hpplay-base: [SinkContext:144] addSinkContextSession,get lock ok!!
03-07 17:02:06.495 2954 7781 D hpplay-base: [SinkContext:149] addSinkContextSession,session list is null,begin to malloc!!
03-07 17:02:06.495 2954 7781 D hpplay-base: [SinkContext:156] addSinkContextSession,begin to update!!
03-07 17:02:06.495 2954 7781 D hpplay-base: [SinkContext:160] addSinkContextSession,begin to update header!!
03-07 17:02:06.495 2954 7781 D hpplay-base: [SinkContext:172] addSinkContextSession,begin to unlock!!
03-07 17:02:06.495 2954 7781 D hpplay-base: [SinkContext:174] addSinkContextSession,unlock ok!!
03-07 17:02:06.495 2954 7781 D hpplay-base: [LelinkReceiver:4908] get ping !!!
03-07 17:02:06.495 2954 7776 D hpplay-base: [mDNSEmbeded:240] http_port bind check 240 http_port_check recieved:64
03-07 17:02:06.495 2954 7776 D hpplay-base: [mDNSEmbeded:243] http_port bind check 243 http_port_check
03-07 17:02:06.495 2954 7776 D hpplay-base: [mDNSEmbeded:244] http_port bind check ok!
03-07 17:02:06.491 2954 2954 I auditd : type=1400 audit(0.0:2076): avc: granted { read } for comm="om.hht.lebocast" name="arp" dev="proc" ino=4026532256 scontext=u:r:platform_app:s0:c512,c768 tcontext=u:object_r:proc_net:s0 tclass=file app=com.hht.lebocast
03-07 17:02:06.491 2954 2954 W om.hht.lebocast: type=1400 audit(0.0:2076): avc: granted { read } for name="arp" dev="proc" ino=4026532256 scontext=u:r:platform_app:s0:c512,c768 tcontext=u:object_r:proc_net:s0 tclass=file app=com.hht.lebocast
03-07 17:02:06.491 2954 2954 I auditd : type=1400 audit(0.0:2077): avc: granted { read open } for comm="om.hht.lebocast" path="/proc/2954/net/arp" dev="proc" ino=4026532256 scontext=u:r:platform_app:s0:c512,c768 tcontext=u:object_r:proc_net:s0 tclass=file app=com.hht.lebocast
03-07 17:02:06.491 2954 2954 W om.hht.lebocast: type=1400 audit(0.0:2077): avc: granted { read open } for path="/proc/2954/net/arp" dev="proc" ino=4026532256 scontext=u:r:platform_app:s0:c512,c768 tcontext=u:object_r:proc_net:s0 tclass=file app=com.hht.lebocast
03-07 17:02:06.491 2954 2954 I auditd : type=1400 audit(0.0:2078): avc: granted { getattr } for comm="om.hht.lebocast" path="/proc/2954/net/arp" dev="proc" ino=4026532256 scontext=u:r:platform_app:s0:c512,c768 tcontext=u:object_r:proc_net:s0 tclass=file app=com.hht.lebocast
03-07 17:02:06.491 2954 2954 W om.hht.lebocast: type=1400 audit(0.0:2078): avc: granted { getattr } for path="/proc/2954/net/arp" dev="proc" ino=4026532256 scontext=u:r:platform_app:s0:c512,c768 tcontext=u:object_r:proc_net:s0 tclass=file app=com.hht.lebocast
03-07 17:02:06.611 2954 7774 D hpplay-base: [LelinkMDNS:766] devicePermissionPublic leboPermissionCheck:-2
03-07 17:02:06.611 2954 7774 D hpplay-base: [jniBridge:1125] com_hpplay_sdk_sink_protocol_Bridge_WHAT_SERVER_ERROR
03-07 17:02:06.611 2954 7774 D hpplay-base: [jniBridge:1726] notifyJava, what:204, castType:0, mimeType:0 baseStatus:2
03-07 17:02:06.616 2954 7774 D hpplay-base: [jniBridge:1727] notifyJava sessionID:(null)
03-07 17:02:06.618 2954 7774 I hpplay-java: [Thread-124]:Bridge:notify: what: 204
03-07 17:02:06.618 2954 7774 I hpplay-java: [Thread-124]:Bridge:notify: out: OutParameters:{audioSessionId=-1, audiotrackIndex=0, castHandleType=-1, castType=0, deviceName='', dlnaName='', dramaID='', extra=-2002, frameHandleType=-1, handleInside=true, headduration=0, header='', headers=null, isAD=false, isMultiMirror=false, lelinkVer='', limitTime=0, , mediaAlbum='null', mediaAlbumArtURI='', mediaArtist='null', mediaAssets='', mediaTitle='null', mimeType=0, multiSession=null, period=0, pinCode='', playSpeed=0.0, playerChoice=0, plugin=0, port=0, position=0.0, positionUnit=2, protocol=0, realSessionID='', regType='', , sinkIp='', sourceAPPVersion='', sourceChannel='', sourceClientInfo='', sourceDeviceInfo='', sourceDeviceModel='', sourceDeviceName='', sourceDeviceType=0, sourceHID='', , sourceInfo='', , , sourceOSVersion='', sourceSDKVersion='', sourceUid='', stopDetail=0, stopReason=0, tailduration=0, url='', urlID='', urls=null, userAgent='', videoDecoder=0, volume=0, what=204}com.hpplay.sdk.sink.protocol.OutParameters@15222cc
03-07 17:02:06.618 2954 7774 I hpplay-java: [Thread-124]:Bridge:notify: address:207300885
03-07 17:02:06.619 2954 2954 I hpplay-java: [main]:Bridge:findServiceID start out: 207300885
03-07 17:02:06.619 2954 7774 I hpplay-base: [mDNSEmbeded:79] embedded_mDNSLoop stopmDNSNow:0 nPublish:-2 nExitFlag:6 tid is 7774
03-07 17:02:06.619 2954 2954 I hpplay-java: [main]:Bridge:findServiceID end
03-07 17:02:06.619 2954 2954 E hpplay-java: [main]:ServerTaskManager:onError 204/-2002 com.hht.lebocast.LelinkHelper$e@4cd859f
03-07 17:02:06.619 2954 2954 I hpplay-java: [main]:ServerTaskManager:cancelTimeOutCheck
03-07 17:02:06.620 2954 2954 W hpplay-java: [main]:ServerTaskManager:onErrorDispatcher errorCode:-2002
03-07 17:02:06.620 2954 2954 I hpplay-java: [main]:ServerTaskManager:exeTask ignore, reason: TaskList is clear
03-07 17:02:06.690 4946 5129 I ThreadPool.Execute: [:5129, ]:<<< com.tencent.mm.chatroom.e.q$2@255935007 state=COMPLETE cost=57ms/47ms HotPool start@=1678179726689ms delay=99ms run@=0
03-07 17:02:06.697 2954 7781 I hpplay-base: [LelinkReceiver:14605] _connectionFinalize (169)
03-07 17:02:06.697 2954 7781 D hpplay-base: [LelinkReceiver:14752] ###connectionFinalize,release ok!!###
03-07 17:02:06.749 2954 5864 I hpplay-java: [AsyncTask #78]:HttpRequest:doGet responseCode:200 0
03-07 17:02:06.786 4946 5129 I ThreadPool.Execute: [:5129, ]:<<< com.tencent.mm.chatroom.e.q$1@252883065 state=COMPLETE cost=53ms/43ms HotPool start@=1678179726786ms delay=99ms run@=0
03-07 17:02:07.066 1002 1662 I input_interaction: Interaction with: b771479 com.thundercomm.screensaver/android.service.dreams.DreamActivity (server), edge-swipe (server), swipe-up (server), PointerEventDispatcher0 (server),
03-07 17:02:07.073 1002 1063 I wm_finish_activity: [0,204223279,20,com.thundercomm.screensaver/android.service.dreams.DreamActivity,finish-activity]
03-07 17:02:07.074 1002 1063 I wm_task_moved: [19,1,6]
03-07 17:02:07.074 1002 1063 I wm_task_to_front: [0,19]
03-07 17:02:07.075 1002 1063 I wm_focused_root_task: [0,0,19,20,finish-top adjustFocusToNextFocusableTask]
03-07 17:02:07.075 1002 1063 D ActivityTrigger: ActivityTrigger activityPauseTrigger
03-07 17:02:07.076 1002 1063 I wm_pause_activity: [0,204223279,com.thundercomm.screensaver/android.service.dreams.DreamActivity,userLeaving=false,finish]
03-07 17:02:07.082 1002 4328 I DreamManagerService: Gently waking up from dream.
03-07 17:02:07.085 1002 1150 I DreamManagerService: Performing gentle wake from dream.
03-07 17:02:07.085 4156 4156 I wm_on_top_resumed_lost_called: [204223279,android.service.dreams.DreamActivity,topStateChangedWhenResumed]
03-07 17:02:07.098 4156 4156 I wm_on_paused_called: [204223279,android.service.dreams.DreamActivity,performPause]
03-07 17:02:07.098 1002 1153 I sysui_multi_action: [757,803,799,window_time_0,802,20]
03-07 17:02:07.102 1002 1063 I wm_add_to_stopping: [0,204223279,com.thundercomm.screensaver/android.service.dreams.DreamActivity,completeFinishing]
03-07 17:02:07.103 1002 1063 I ActivityTaskManager: FOREGROUND_APPLICATION_CHANGED to com.tencent.mm.ui.LauncherUI
03-07 17:02:07.107 1002 1063 I wm_set_resumed_activity: [0,com.tencent.mm/.ui.LauncherUI,resumeTopActivityInnerLocked]
03-07 17:02:07.108 1983 2766 D KeyguardViewMediator: setOccluded false
03-07 17:02:07.109 1002 1063 D CompatibilityChangeReporter: Compat change id reported: 174042980; UID 10099; state: DISABLED
03-07 17:02:07.109 1983 1983 D StatusBar: disable disable2
03-07 17:02:07.110 1002 1063 D CompatibilityChangeReporter: Compat change id reported: 181136395; UID 10099; state: DISABLED
03-07 17:02:07.110 1983 1983 D KeyguardViewMediator: adjustStatusBarLocked: mShowing=false mOccluded=false isSecure=false force=false --> flags=0x0
03-07 17:02:07.111 1002 1063 D CompatibilityChangeReporter: Compat change id reported: 174042936; UID 10099; state: DISABLED
03-07 17:02:07.112 1002 1063 D CompatibilityChangeReporter: Compat change id reported: 184838306; UID 10099; state: DISABLED
03-07 17:02:07.113 1002 1063 D CompatibilityChangeReporter: Compat change id reported: 185004937; UID 10099; state: DISABLED
03-07 17:02:07.114 1002 1063 I wm_resume_activity: [0,104930713,19,com.tencent.mm/.ui.LauncherUI]
03-07 17:02:07.115 1068 1068 I BpBinder: onLastStrongRef automatically unlinking death recipients:
03-07 17:02:07.116 1002 1662 I input_focus: [Focus leaving b771479 com.thundercomm.screensaver/android.service.dreams.DreamActivity (server),reason=NO_WINDOW]
03-07 17:02:07.117 1002 1662 I input_interaction: Interaction with: edge-swipe (server), swipe-up (server), PointerEventDispatcher0 (server),
03-07 17:02:07.118 4156 4156 I view_enqueue_input_event: [Motion - Cancel,com.thundercomm.screensaver/android.service.dreams.DreamActivity]
03-07 17:02:07.127 2109 3973 I GameMode_ActivityMonitoringService: Notifying about top task: com.tencent.mm, isInMiniWindowMode: false
03-07 17:02:07.128 2109 3973 I GameMode_ActivityMonitoringService: onActivityLaunch: com.tencent.mm, isGameApp: false
03-07 17:02:07.128 2109 3973 V GameMode_GpuUtils: fps:60
03-07 17:02:07.142 1002 1153 I sysui_multi_action: [757,803,799,window_time_0,802,0]
03-07 17:02:07.143 2109 3973 D GameModeIF_GameModeSettings: getUriFor setting_content_uri_root = content://com.thundercomm.gamemode.api/gamemode_settings , name = gamemode_enable
03-07 17:02:07.149 4946 4946 I wm_on_restart_called: [104930713,com.tencent.mm.ui.LauncherUI,performRestartActivity]
03-07 17:02:07.156 4946 4946 I wm_on_start_called: [104930713,com.tencent.mm.ui.LauncherUI,handleStartActivity]
03-07 17:02:07.160 4946 7525 E FA : Task exception on worker thread: java.lang.IllegalStateException: Component not created: com.google.android.gms.internal.measurement.zzgl.zza(Unknown Source:12)
03-07 17:02:07.160 4946 7525 E FA : Task exception on worker thread: java.lang.IllegalStateException: Not initialized: com.google.android.gms.internal.measurement.zzhh.zzch(Unknown Source:11)
03-07 17:02:07.161 4946 7525 E FA : Persisted config not initialized. Not logging error/warn
03-07 17:02:07.161 4946 7525 E FA : Persisted config not initialized. Not logging error/warn
03-07 17:02:07.177 1002 1168 I am_pss : [6566,10071,com.android.webview:webview_apk,26058752,6201344,1601536,107020288,0,19,10]
03-07 17:02:07.179 4946 4946 I wm_on_resume_called: [104930713,com.tencent.mm.ui.LauncherUI,RESUME_ACTIVITY]
03-07 17:02:07.189 4946 4946 I wm_on_top_resumed_gained_called: [104930713,com.tencent.mm.ui.LauncherUI,topWhenResuming]
03-07 17:02:07.189 1002 1204 I PowerManagerService: Powering on display group fromDreaming (groupId=0, uid=1000, reason=WAKE_REASON_UNKNOWN, details=android.server.power:DREAM_FINISHED)...
03-07 17:02:07.189 1002 1204 I PowerManagerService: Waking up from Dreaming (uid=1000, reason=WAKE_REASON_UNKNOWN, details=android.server.power:DREAM_FINISHED)...
03-07 17:02:07.205 1002 1154 I input_focus: [Focus request b7ba93a com.tencent.mm/com.tencent.mm.ui.LauncherUI,reason=UpdateInputWindows]
03-07 17:02:07.236 1002 1662 I input_focus: [Focus entering b7ba93a com.tencent.mm/com.tencent.mm.ui.LauncherUI (server),reason=setFocusedWindow]
03-07 17:02:07.260 1002 1396 D CompatibilityChangeReporter: Compat change id reported: 135634846; UID 10099; state: DISABLED
03-07 17:02:07.261 1002 1396 D CompatibilityChangeReporter: Compat change id reported: 177438394; UID 10099; state: DISABLED
03-07 17:02:07.261 1002 1396 D CompatibilityChangeReporter: Compat change id reported: 135772972; UID 10099; state: DISABLED
03-07 17:02:07.261 1002 1173 D CompatibilityChangeReporter: Compat change id reported: 143937733; UID 10099; state: DISABLED
03-07 17:02:07.272 650 660 I mpu_uart: [MSG-P:RECV]:No message received in 1000 ms
03-07 17:02:07.304 4946 5111 I MicroMsg.BizTimeLineResortLogic: [:5111, ]:doReSortCgi getLastBizTimeLineInfo return null
03-07 17:02:07.307 675 675 D Zygote : Forked child process 7793
03-07 17:02:07.308 1002 1173 I am_proc_start: [0,7793,10099,com.tencent.mm:appbrand0,service,{com.tencent.mm/com.tencent.mm.ipcinvoker.wx_extension.service.Appbrand0IPCService}]
03-07 17:02:07.308 1002 1173 I ActivityManager: Start proc 7793:com.tencent.mm:appbrand0/u0a99 for service {com.tencent.mm/com.tencent.mm.ipcinvoker.wx_extension.service.Appbrand0IPCService}
03-07 17:02:07.320 6054 6243 I XWeb.MM.XWebUtil: [:6243, ]:isGPVersion, get from channel util:false
03-07 17:02:07.321 6054 6243 I XWeb.MM.XWebUtil: [:6243, ]:isGPVersion, get from channel util:false
03-07 17:02:07.321 7793 7793 I Zygote : seccomp disabled by setenforce 0
03-07 17:02:07.322 7793 7793 I libc : SetHeapTaggingLevel: tag level set to 0
03-07 17:02:07.335 1002 6431 W FreeFormWindowHelper: Current Display FreeFormTask is null
03-07 17:02:07.340 4225 4233 I adbd : jdwp connection from 7793
01-02 07:16:41.916 0 0 I binder : 7793:7793 ioctl 40046210 7fc2951f54 returned -22
03-07 17:02:07.347 7793 7793 D ProcessState: Binder ioctl to enable oneway spam detection failed: Invalid argument
03-07 17:02:07.354 1002 6431 I am_proc_bound: [0,7793,com.tencent.mm:appbrand0]
03-07 17:02:07.354 1002 6431 D CompatibilityInfo: mCompatibilityFlags - 4
03-07 17:02:07.354 1002 6431 D CompatibilityInfo: applicationDensity - 240
03-07 17:02:07.354 1002 6431 D CompatibilityInfo: applicationScale - 1.0
03-07 17:02:07.356 1002 6431 D CompatibilityInfo: mCompatibilityFlags - 4
03-07 17:02:07.356 1002 6431 D CompatibilityInfo: applicationDensity - 240
03-07 17:02:07.356 1002 6431 D CompatibilityInfo: applicationScale - 1.0
03-07 17:02:07.368 7793 7793 D CompatibilityChangeReporter: Compat change id reported: 171979766; UID 10099; state: DISABLED
03-07 17:02:07.377 7793 7793 D ApplicationLoaders: Returning zygote-cached class loader: /system/framework/android.test.base.jar
03-07 17:02:07.392 7793 7793 E LoadedApk: Unable to instantiate appComponentFactory
03-07 17:02:07.392 7793 7793 E LoadedApk: java.lang.ClassNotFoundException: Didn't find class "androidx.core.app.CoreComponentFactory" on path: DexPathList[[zip file "/data/app/~~-HwmTgscadX0gp811dXVuA==/com.tencent.mm-bxBy6WGwuo5iL2g6BZ_TXw==/base.apk"],nativeLibraryDirectories=[/data/app/~~-HwmTgscadX0gp811dXVuA==/com.tencent.mm-bxBy6WGwuo5iL2g6BZ_TXw==/lib/arm64, /data/app/~~-HwmTgscadX0gp811dXVuA==/com.tencent.mm-bxBy6WGwuo5iL2g6BZ_TXw==/base.apk!/lib/arm64-v8a, /system/lib64, /system_ext/lib64]]
03-07 17:02:07.392 7793 7793 E LoadedApk: at dalvik.system.BaseDexClassLoader.findClass(BaseDexClassLoader.java:218)
03-07 17:02:07.392 7793 7793 E LoadedApk: at java.lang.ClassLoader.loadClass(ClassLoader.java:379)
03-07 17:02:07.392 7793 7793 E LoadedApk: at java.lang.ClassLoader.loadClass(ClassLoader.java:312)
03-07 17:02:07.392 7793 7793 E LoadedApk: at android.app.LoadedApk.createAppFactory(LoadedApk.java:262)
03-07 17:02:07.392 7793 7793 E LoadedApk: at android.app.LoadedApk.createOrUpdateClassLoaderLocked(LoadedApk.java:975)
03-07 17:02:07.392 7793 7793 E LoadedApk: at android.app.LoadedApk.getClassLoader(LoadedApk.java:1062)
03-07 17:02:07.392 7793 7793 E LoadedApk: at android.app.LoadedApk.getResources(LoadedApk.java:1310)
03-07 17:02:07.392 7793 7793 E LoadedApk: at android.app.ContextImpl.createAppContext(ContextImpl.java:3014)
03-07 17:02:07.392 7793 7793 E LoadedApk: at android.app.ContextImpl.createAppContext(ContextImpl.java:3006)
03-07 17:02:07.392 7793 7793 E LoadedApk: at android.app.ActivityThread.handleBindApplication(ActivityThread.java:6633)
03-07 17:02:07.392 7793 7793 E LoadedApk: at android.app.ActivityThread.access$1500(ActivityThread.java:248)
03-07 17:02:07.392 7793 7793 E LoadedApk: at android.app.ActivityThread$H.handleMessage(ActivityThread.java:2054)
03-07 17:02:07.392 7793 7793 E LoadedApk: at android.os.Handler.dispatchMessage(Handler.java:106)
03-07 17:02:07.392 7793 7793 E LoadedApk: at android.os.Looper.loopOnce(Looper.java:201)
03-07 17:02:07.392 7793 7793 E LoadedApk: at android.os.Looper.loop(Looper.java:288)
03-07 17:02:07.392 7793 7793 E LoadedApk: at android.app.ActivityThread.main(ActivityThread.java:7880)
03-07 17:02:07.392 7793 7793 E LoadedApk: at java.lang.reflect.Method.invoke(Native Method)
03-07 17:02:07.392 7793 7793 E LoadedApk: at com.android.internal.os.RuntimeInit$MethodAndArgsCaller.run(RuntimeInit.java:548)
03-07 17:02:07.392 7793 7793 E LoadedApk: at com.android.internal.os.ZygoteInit.main(ZygoteInit.java:1009)
03-07 17:02:07.396 7793 7793 I Perf : Connecting to perf service.
03-07 17:02:07.401 7793 7793 V GraphicsEnvironment: ANGLE Developer option for 'com.tencent.mm' set to: 'default'
03-07 17:02:07.401 7793 7793 V GraphicsEnvironment: ANGLE GameManagerService for com.tencent.mm: false
03-07 17:02:07.402 7793 7793 V GraphicsEnvironment: Updatable production driver is not supported on the device.
03-07 17:02:07.402 7793 7793 D NetworkSecurityConfig: Using Network Security Config from resource be debugBuild: false
03-07 17:02:07.403 7793 7793 D NetworkSecurityConfig: Using Network Security Config from resource be debugBuild: false
03-07 17:02:07.418 6054 6243 I WebViewFactory: Loading com.android.webview version 95.0.4638.74 (code 463807403)
03-07 17:02:07.435 6054 6243 D nativeloader: classloader namespace configured for unbundled product apk. library_path=/product/app/webview/lib/arm64:/product/app/webview/webview.apk!/lib/arm64-v8a:/product/lib64:/system/product/lib64
03-07 17:02:07.440 4946 4974 I Finder.FinderSpamLogic: [:4974, ]:getFunctionSpamAction null
03-07 17:02:07.442 4946 4974 I Finder.FinderSpamLogic: [:4974, ]:getFunctionSpamAction null
