03-07 17:02:55.891 574 574 I auditd : type=1400 audit(0.0:2145): avc: denied { getattr } for comm="Binder:574_2" path="/sys/devices/virtual/misc/msm_g711alaw/wakeup58/event_count" dev="sysfs" ino=76529 scontext=u:r:system_suspend:s0 tcontext=u:object_r:sysfs:s0 tclass=file permissive=1
03-07 17:02:55.891 574 574 I Binder:574_2: type=1400 audit(0.0:2145): avc: denied { getattr } for path="/sys/devices/virtual/misc/msm_g711alaw/wakeup58/event_count" dev="sysfs" ino=76529 scontext=u:r:system_suspend:s0 tcontext=u:object_r:sysfs:s0 tclass=file permissive=1
01-02 07:17:30.591 0 0 I binder : 8502:8526 ioctl 40046210 7ac80e71f4 returned -22
03-07 17:02:56.023 1002 1184 W system_server: Long monitor contention with owner batterystats-worker (1186) at void com.android.server.am.BatteryExternalStatsWorker.updateExternalStatsLocked(java.lang.String, int, boolean, boolean, int, boolean)(BatteryExternalStatsWorker.java:696) waiters=0 in void com.android.server.am.BatteryStatsService.lambda$noteStartWakelock$22$BatteryStatsService(int, int, java.lang.String, java.lang.String, int, boolean, long, long) for 128ms
03-07 17:02:56.023 1002 1184 I dvm_lock_sample: [system_server,0,batterystats-handler,128,BatteryStatsService.java,984,void com.android.server.am.BatteryStatsService.lambda$noteStartWakelock$22$BatteryStatsService(int, int, java.lang.String, java.lang.String, int, boolean, long, long),BatteryExternalStatsWorker.java,696,void com.android.server.am.BatteryExternalStatsWorker.updateExternalStatsLocked(java.lang.String, int, boolean, boolean, int, boolean),25]
03-07 17:02:56.024 8502 8526 D hw-ProcessState: Binder ioctl to enable oneway spam detection failed: Invalid argument
03-07 17:02:56.024 674 674 I netd : trafficSwapActiveStatsMap() <0.67ms>
03-07 17:02:56.028 505 505 I hwservicemanager: getTransport: Cannot find entry android.hardware.graphics.mapper@4.0::IMapper/default in either framework or device VINTF manifest.
03-07 17:02:56.030 674 674 I netd : tetherGetStats() -> {[]} <1.55ms>
03-07 17:02:56.032 8502 8547 I Gralloc4: mapper 4.x is not supported
03-07 17:02:56.037 505 505 I hwservicemanager: getTransport: Cannot find entry android.hardware.graphics.allocator@4.0::IAllocator/default in either framework or device VINTF manifest.
03-07 17:02:56.038 8502 8547 W Gralloc4: allocator 4.x is not supported
03-07 17:02:56.048 8502 8536 D BatteryTipLoader: BatteryInfoLoader post query: 3ms
03-07 17:02:56.049 8502 8536 D BatteryInfo: time for getBatteryInfo: 1ms
03-07 17:02:56.049 8502 8536 D BatteryTipLoader: BatteryInfoLoader.loadInBackground: 4ms
03-07 17:02:56.051 1002 1186 W BatteryExternalStatsWorker: error reading modem stats:ERROR_PHONE_NOT_AVAILABLE
03-07 17:02:56.052 1002 1186 E KernelCpuSpeedReader: Failed to read cpu-freq: /sys/devices/system/cpu/cpu4/cpufreq/stats/time_in_state: open failed: ENOENT (No such file or directory)
03-07 17:02:56.052 1002 1186 E KernelCpuSpeedReader: Failed to read cpu-freq: /sys/devices/system/cpu/cpu0/cpufreq/stats/time_in_state: open failed: ENOENT (No such file or directory)
03-07 17:02:56.052 1002 1186 E system_server: Cannot read thread CPU times for PID 1002
03-07 17:02:56.107 1324 8405 I OMX-VENC: venc_dev: stats: avg. fps 47.22, bitrate 1370702
03-07 17:02:56.145 2640 2959 W FrameTracker: Missed SF frame:2
03-07 17:02:56.145 2640 2959 W FrameTracker: Missed SF frame:32
03-07 17:02:56.145 2640 2959 W FrameTracker: Missed SF frame:66
03-07 17:02:56.145 2640 2959 W FrameTracker: Missed SF frame:66
03-07 17:02:56.145 2640 2959 W FrameTracker: Missed SF frame:66
03-07 17:02:56.145 2640 2959 W FrameTracker: Missed SF frame:66
03-07 17:02:56.145 2640 2959 W FrameTracker: Missed SF frame:66
03-07 17:02:56.145 2640 2959 W FrameTracker: Missed SF frame:66
03-07 17:02:56.146 2640 2959 W FrameTracker: Missed SF frame:66
03-07 17:02:56.146 2640 2959 W FrameTracker: Missed SF frame:66
03-07 17:02:56.146 2640 2959 W FrameTracker: Missed SF frame:66
03-07 17:02:56.146 2640 2959 W FrameTracker: Missed SF frame:66
03-07 17:02:56.146 2640 2959 W FrameTracker: Missed SF frame:66
03-07 17:02:56.146 2640 2959 W FrameTracker: Missed App frame:72
03-07 17:02:56.146 2640 2959 W FrameTracker: Missing HWUI jank callback for vsyncId: 27383
03-07 17:02:56.146 2640 2959 V PerfettoTrigger: Not triggering com.android.telemetry.interaction-jank-monitor-8 - not enough time since last trigger
03-07 17:02:56.169 1983 2108 D StartingSurfaceDrawer: Task start finish, remove starting surface for task 21
03-07 17:02:56.169 1983 2108 V StartingSurfaceDrawer: Removing splash screen window for task: 21
03-07 17:02:56.171 1002 1154 I sysui_multi_action: [324,0,757,1090,758,12,806,com.android.settings,871,com.android.settings.Settings,1091,809]
03-07 17:02:56.178 674 674 I netd : trafficSwapActiveStatsMap() <0.24ms>
03-07 17:02:56.179 8502 8502 I TetheringManager: registerTetheringEventCallback:com.android.settings
03-07 17:02:56.181 8502 8502 D PrefCtrlListHelper: Could not find Context-only controller for pref: com.android.settings.network.MultiNetworkHeaderController
03-07 17:02:56.182 8502 8502 D PrefCtrlListHelper: Could not find Context-only controller for pref: com.android.settings.network.AirplaneModePreferenceController
03-07 17:02:56.182 8502 8502 D PrefCtrlListHelper: Could not find Context-only controller for pref: com.android.settings.network.AllInOneTetherPreferenceController
03-07 17:02:56.182 8502 8502 D PrefCtrlListHelper: Could not find Context-only controller for pref: com.android.settings.network.AdaptiveConnectivityPreferenceController
03-07 17:02:56.189 1002 1153 I EventSequenceValidator: dec AccIntentStartedEvents to 1
03-07 17:02:56.189 1002 1662 I input_focus: [Focus entering 9f462e7 com.android.settings/com.android.settings.Settings (server),reason=Window became focusable. Previous reason: NOT_VISIBLE]
03-07 17:02:56.189 8502 8502 W CarrierConfigManager: Error getting config for subId -1 ICarrierConfigLoader is null
03-07 17:02:56.190 8502 8502 D MobilePlanPrefContr: onCreate: mMobilePlanDialogMessage=null
03-07 17:02:56.191 1002 1150 I sysui_multi_action: [319,112,321,108,322,809,325,858,757,761,758,7,759,1,806,com.android.settings,871,com.android.settings.Settings,904,com.android.launcher3,905,0,945,192,1320,4,1321,1]
03-07 17:02:56.192 1002 2813 E UserRestrictionsUtils: Unknown restriction queried by uid 1000 (com.qualcomm.qti.qmmi et al): null
03-07 17:02:56.192 674 674 I netd : tetherGetStats() -> {[]} <1.47ms>
03-07 17:02:56.193 1002 1150 I wm_activity_launch_time: [0,245985390,com.android.settings/.Settings,809]
03-07 17:02:56.194 1002 1150 I ActivityTaskManager: Displayed com.android.settings/.Settings: +809ms
03-07 17:02:56.196 1002 1150 I ActivityTaskManager: Fully drawn com.android.settings/.Settings: +809ms
03-07 17:02:56.200 8502 8537 D BatteryInfo: time for getStats: 0ms
03-07 17:02:56.203 8502 8537 D BatteryInfo: time for regular BatteryInfo: 3ms
03-07 17:02:56.203 8502 8537 D BatteryInfo: time for getBatteryInfo: 0ms
03-07 17:02:56.204 8502 8533 D BatteryInfo: time for getStats: 0ms
03-07 17:02:56.206 8502 8544 D BatteryTipLoader: BatteryInfoLoader post query: 1ms
03-07 17:02:56.206 8502 8544 D BatteryInfo: time for getBatteryInfo: 0ms
03-07 17:02:56.206 8502 8544 D BatteryTipLoader: BatteryInfoLoader.loadInBackground: 1ms
03-07 17:02:56.206 8502 8533 D BatteryInfo: time for regular BatteryInfo: 2ms
03-07 17:02:56.207 8502 8533 D BatteryInfo: time for getBatteryInfo: 1ms
03-07 17:02:56.211 8502 8502 D NetworkDashboardFrag: NO dashboard tiles for NetworkDashboardFrag
03-07 17:02:56.211 8502 8502 D NetworkDashboardFrag: All preferences added, reporting fully drawn
03-07 17:02:56.224 1002 1397 D ConnectivityService: requestNetwork for uid/pid:1000/8502 activeRequest: null callbackRequest: 54 [NetworkRequest [ REQUEST id=55, [ Capabilities: INTERNET&NOT_RESTRICTED&TRUSTED&NOT_VCN_MANAGED Uid: 1000 RequestorUid: 1000 RequestorPkg: com.android.settings] ]] callback flags: 0 priority: 2147483647
03-07 17:02:56.224 1002 1715 D ConnectivityService: NetReassign [55 : null → 100]
03-07 17:02:56.225 1002 1893 D Ethernet: got request NetworkRequest [ REQUEST id=55, [ Capabilities: INTERNET&NOT_RESTRICTED&TRUSTED&NOT_VCN_MANAGED Uid: 1000 RequestorUid: 1000 RequestorPkg: com.android.settings] ]
03-07 17:02:56.225 1002 1893 D EthernetNetworkFactory: acceptRequest, request: NetworkRequest [ REQUEST id=55, [ Capabilities: INTERNET&NOT_RESTRICTED&TRUSTED&NOT_VCN_MANAGED Uid: 1000 RequestorUid: 1000 RequestorPkg: com.android.settings] ]
03-07 17:02:56.225 1002 1893 I EthernetNetworkFactory: networkForRequest, request: NetworkRequest [ REQUEST id=55, [ Capabilities: INTERNET&NOT_RESTRICTED&TRUSTED&NOT_VCN_MANAGED Uid: 1000 RequestorUid: 1000 RequestorPkg: com.android.settings] ], network: null
03-07 17:02:56.226 1002 1702 D WifiNetworkFactory: got request NetworkRequest [ REQUEST id=55, [ Capabilities: INTERNET&NOT_RESTRICTED&TRUSTED&NOT_VCN_MANAGED Uid: 1000 RequestorUid: 1000 RequestorPkg: com.android.settings] ]
03-07 17:02:56.226 1002 1702 D UntrustedWifiNetworkFactory: got request NetworkRequest [ REQUEST id=55, [ Capabilities: INTERNET&NOT_RESTRICTED&TRUSTED&NOT_VCN_MANAGED Uid: 1000 RequestorUid: 1000 RequestorPkg: com.android.settings] ]
03-07 17:02:56.226 1002 1702 D OemPaidWifiNetworkFactory: got request NetworkRequest [ REQUEST id=55, [ Capabilities: INTERNET&NOT_RESTRICTED&TRUSTED&NOT_VCN_MANAGED Uid: 1000 RequestorUid: 1000 RequestorPkg: com.android.settings] ]
03-07 17:02:56.226 1002 2247 D ConnectivityService: requestNetwork for uid/pid:1000/8502 activeRequest: null callbackRequest: 57 [NetworkRequest [ REQUEST id=58, [ Capabilities: INTERNET&NOT_RESTRICTED&TRUSTED&NOT_VCN_MANAGED Uid: 1000 RequestorUid: 1000 RequestorPkg: com.android.settings] ]] callback flags: 0 priority: 2147483647
03-07 17:02:56.226 1002 1715 D ConnectivityService: NetReassign [no changes]
03-07 17:02:56.227 1002 1715 D ConnectivityService: NetReassign [58 : null → 100]
03-07 17:02:56.228 1002 1893 D Ethernet: got request NetworkRequest [ REQUEST id=58, [ Capabilities: INTERNET&NOT_RESTRICTED&TRUSTED&NOT_VCN_MANAGED Uid: 1000 RequestorUid: 1000 RequestorPkg: com.android.settings] ]
03-07 17:02:56.228 1002 1893 D EthernetNetworkFactory: acceptRequest, request: NetworkRequest [ REQUEST id=58, [ Capabilities: INTERNET&NOT_RESTRICTED&TRUSTED&NOT_VCN_MANAGED Uid: 1000 RequestorUid: 1000 RequestorPkg: com.android.settings] ]
03-07 17:02:56.229 1002 1893 I EthernetNetworkFactory: networkForRequest, request: NetworkRequest [ REQUEST id=58, [ Capabilities: INTERNET&NOT_RESTRICTED&TRUSTED&NOT_VCN_MANAGED Uid: 1000 RequestorUid: 1000 RequestorPkg: com.android.settings] ], network: null
03-07 17:02:56.229 1002 1702 D WifiNetworkFactory: got request NetworkRequest [ REQUEST id=58, [ Capabilities: INTERNET&NOT_RESTRICTED&TRUSTED&NOT_VCN_MANAGED Uid: 1000 RequestorUid: 1000 RequestorPkg: com.android.settings] ]
03-07 17:02:56.230 1002 1702 D UntrustedWifiNetworkFactory: got request NetworkRequest [ REQUEST id=58, [ Capabilities: INTERNET&NOT_RESTRICTED&TRUSTED&NOT_VCN_MANAGED Uid: 1000 RequestorUid: 1000 RequestorPkg: com.android.settings] ]
03-07 17:02:56.230 1002 1702 D OemPaidWifiNetworkFactory: got request NetworkRequest [ REQUEST id=58, [ Capabilities: INTERNET&NOT_RESTRICTED&TRUSTED&NOT_VCN_MANAGED Uid: 1000 RequestorUid: 1000 RequestorPkg: com.android.settings] ]
03-07 17:02:56.231 8502 8502 I TetheringManager: registerTetheringEventCallback caller:com.android.settings
03-07 17:02:56.238 1002 1715 D ConnectivityService: NetReassign [no changes]
03-07 17:02:56.238 1002 2150 D ConnectivityService: requestNetwork for uid/pid:1000/8502 activeRequest: null callbackRequest: 60 [NetworkRequest [ REQUEST id=61, [ Capabilities: INTERNET&NOT_RESTRICTED&TRUSTED&NOT_VCN_MANAGED Uid: 1000 RequestorUid: 1000 RequestorPkg: com.android.settings] ]] callback flags: 1 priority: 2147483647
03-07 17:02:56.239 1002 1715 D ConnectivityService: NetReassign [61 : null → 100]
03-07 17:02:56.239 1002 1893 D Ethernet: got request NetworkRequest [ REQUEST id=61, [ Capabilities: INTERNET&NOT_RESTRICTED&TRUSTED&NOT_VCN_MANAGED Uid: 1000 RequestorUid: 1000 RequestorPkg: com.android.settings] ]
03-07 17:02:56.240 1002 1893 D EthernetNetworkFactory: acceptRequest, request: NetworkRequest [ REQUEST id=61, [ Capabilities: INTERNET&NOT_RESTRICTED&TRUSTED&NOT_VCN_MANAGED Uid: 1000 RequestorUid: 1000 RequestorPkg: com.android.settings] ]
03-07 17:02:56.240 1002 1893 I EthernetNetworkFactory: networkForRequest, request: NetworkRequest [ REQUEST id=61, [ Capabilities: INTERNET&NOT_RESTRICTED&TRUSTED&NOT_VCN_MANAGED Uid: 1000 RequestorUid: 1000 RequestorPkg: com.android.settings] ], network: null
03-07 17:02:56.241 1002 1702 D WifiNetworkFactory: got request NetworkRequest [ REQUEST id=61, [ Capabilities: INTERNET&NOT_RESTRICTED&TRUSTED&NOT_VCN_MANAGED Uid: 1000 RequestorUid: 1000 RequestorPkg: com.android.settings] ]
03-07 17:02:56.241 1002 1702 D UntrustedWifiNetworkFactory: got request NetworkRequest [ REQUEST id=61, [ Capabilities: INTERNET&NOT_RESTRICTED&TRUSTED&NOT_VCN_MANAGED Uid: 1000 RequestorUid: 1000 RequestorPkg: com.android.settings] ]
03-07 17:02:56.241 1002 1702 D OemPaidWifiNetworkFactory: got request NetworkRequest [ REQUEST id=61, [ Capabilities: INTERNET&NOT_RESTRICTED&TRUSTED&NOT_VCN_MANAGED Uid: 1000 RequestorUid: 1000 RequestorPkg: com.android.settings] ]
03-07 17:02:56.241 1002 6668 W ScanResultUtil: Empty or null ScanResult list
03-07 17:02:56.241 1002 6668 W WifiService: Attempt to retrieve WifiConfiguration with invalid scanResult List
03-07 17:02:56.242 1002 6668 W ScanResultUtil: Empty or null ScanResult list
03-07 17:02:56.242 1002 6668 E WifiService: Attempt to retrieve passpoint with invalid scanResult List
03-07 17:02:56.242 1002 2150 W ScanResultUtil: Empty or null ScanResult list
03-07 17:02:56.242 1002 2150 W WifiService: Attempt to retrieve OsuProviders with invalid scanResult List
03-07 17:02:56.243 1002 1715 D ConnectivityService: NetReassign [no changes]
03-07 17:02:56.244 8502 8502 I sysui_multi_action: [757,746,758,1,833,0,1089,79]
03-07 17:02:56.245 8502 8502 D SubscriptionsChangeListener: Start
03-07 17:02:56.247 1002 6668 D TelephonyRegistry: listen oscl: mHasNotifySubscriptionInfoChangedOccurred==false no callback
03-07 17:02:56.249 8502 8502 D MobileNetworkSummaryStatus: network summary query
03-07 17:02:56.251 1002 2701 I WifiService: startScan uid=1000
03-07 17:02:56.252 8502 8567 E TelephonyManager: Error in getUiccCardsInfo: unable to connect to Telephony service.
03-07 17:02:56.253 8502 8502 W SelectableSubscriptions: Fail to request subIdList
03-07 17:02:56.253 8502 8502 W SelectableSubscriptions: java.lang.NullPointerException: Attempt to invoke interface method 'int java.util.List.size()' on a null object reference
03-07 17:02:56.253 8502 8502 W SelectableSubscriptions: at com.android.settings.network.helper.SelectableSubscriptions.call(SelectableSubscriptions.java:128)
03-07 17:02:56.253 8502 8502 W SelectableSubscriptions: at com.android.settings.network.MobileNetworkSummaryStatus.getSubscriptions(MobileNetworkSummaryStatus.java:158)
03-07 17:02:56.253 8502 8502 W SelectableSubscriptions: at com.android.settings.network.MobileNetworkSummaryStatus.update(MobileNetworkSummaryStatus.java:88)
03-07 17:02:56.253 8502 8502 W SelectableSubscriptions: at com.android.settings.network.MobileNetworkSummaryController.update(MobileNetworkSummaryController.java:170)
03-07 17:02:56.253 8502 8502 W SelectableSubscriptions: at com.android.settings.network.MobileNetworkSummaryController.onResume(MobileNetworkSummaryController.java:95)
03-07 17:02:56.253 8502 8502 W SelectableSubscriptions: at java.lang.reflect.Method.invoke(Native Method)
03-07 17:02:56.253 8502 8502 W SelectableSubscriptions: at androidx.lifecycle.ClassesInfoCache$MethodReference.invokeCallback(ClassesInfoCache.java:216)
03-07 17:02:56.253 8502 8502 W SelectableSubscriptions: at androidx.lifecycle.ClassesInfoCache$CallbackInfo.invokeMethodsForEvent(ClassesInfoCache.java:194)
03-07 17:02:56.253 8502 8502 W SelectableSubscriptions: at androidx.lifecycle.ClassesInfoCache$CallbackInfo.invokeCallbacks(ClassesInfoCache.java:185)
03-07 17:02:56.253 8502 8502 W SelectableSubscriptions: at androidx.lifecycle.ReflectiveGenericLifecycleObserver.onStateChanged(ReflectiveGenericLifecycleObserver.java:37)
03-07 17:02:56.253 8502 8502 W SelectableSubscriptions: at androidx.lifecycle.LifecycleRegistry$ObserverWithState.dispatchEvent(LifecycleRegistry.java:354)
03-07 17:02:56.253 8502 8502 W SelectableSubscriptions: at androidx.lifecycle.LifecycleRegistry.forwardPass(LifecycleRegistry.java:265)
03-07 17:02:56.253 8502 8502 W SelectableSubscriptions: at androidx.lifecycle.LifecycleRegistry.sync(LifecycleRegistry.java:307)
03-07 17:02:56.253 8502 8502 W SelectableSubscriptions: at androidx.lifecycle.LifecycleRegistry.moveToState(LifecycleRegistry.java:148)
03-07 17:02:56.253 8502 8502 W SelectableSubscriptions: at androidx.lifecycle.LifecycleRegistry.handleLifecycleEvent(LifecycleRegistry.java:134)
03-07 17:02:56.253 8502 8502 W SelectableSubscriptions: at com.android.settingslib.core.lifecycle.ObservablePreferenceFragment.onResume(ObservablePreferenceFragment.java:87)
03-07 17:02:56.253 8502 8502 W SelectableSubscriptions: at com.android.settings.core.InstrumentedPreferenceFragment.onResume(InstrumentedPreferenceFragment.java:77)
03-07 17:02:56.253 8502 8502 W SelectableSubscriptions: at com.android.settings.SettingsPreferenceFragment.onResume(SettingsPreferenceFragment.java:198)
03-07 17:02:56.253 8502 8502 W SelectableSubscriptions: at com.android.settings.dashboard.DashboardFragment.onResume(DashboardFragment.java:222)
03-07 17:02:56.253 8502 8502 W SelectableSubscriptions: at androidx.fragment.app.Fragment.performResume(Fragment.java:3029)
03-07 17:02:56.253 8502 8502 W SelectableSubscriptions: at androidx.fragment.app.FragmentStateManager.resume(FragmentStateManager.java:583)
03-07 17:02:56.253 8502 8502 W SelectableSubscriptions: at androidx.fragment.app.FragmentStateManager.moveToExpectedState(FragmentStateManager.java:282)
03-07 17:02:56.253 8502 8502 W SelectableSubscriptions: at androidx.fragment.app.SpecialEffectsController$FragmentStateManagerOperation.complete(SpecialEffectsController.java:742)
03-07 17:02:56.253 8502 8502 W SelectableSubscriptions: at androidx.fragment.app.SpecialEffectsController$Operation.completeSpecialEffect(SpecialEffectsController.java:669)
03-07 17:02:56.253 8502 8502 W SelectableSubscriptions: at androidx.fragment.app.DefaultSpecialEffectsController$SpecialEffectsInfo.completeSpecialEffect(DefaultSpecialEffectsController.java:755)
03-07 17:02:56.253 8502 8502 W SelectableSubscriptions: at androidx.fragment.app.DefaultSpecialEffectsController.startAnimations(DefaultSpecialEffectsController.java:147)
03-07 17:02:56.253 8502 8502 W SelectableSubscriptions: at androidx.fragment.app.DefaultSpecialEffectsController.executeOperations(DefaultSpecialEffectsController.java:120)
03-07 17:02:56.253 8502 8502 W SelectableSubscriptions: at androidx.fragment.app.SpecialEffectsController.executePendingOperations(SpecialEffectsController.java:294)
03-07 17:02:56.253 8502 8502 W SelectableSubscriptions: at androidx.fragment.app.FragmentManager.executeOpsTogether(FragmentManager.java:2222)
03-07 17:02:56.253 8502 8502 W SelectableSubscriptions: at androidx.fragment.app.FragmentManager.removeRedundantOperationsAndExecute(FragmentManager.java:2120)
03-07 17:02:56.253 8502 8502 W SelectableSubscriptions: at androidx.fragment.app.FragmentManager.execPendingActions(FragmentManager.java:2022)
03-07 17:02:56.253 8502 8502 W SelectableSubscriptions: at androidx.fragment.app.FragmentManager.executePendingTransactions(FragmentManager.java:603)
03-07 17:02:56.253 8502 8502 W SelectableSubscriptions: at com.android.settings.homepage.SettingsHomepageActivity.addFragment(SettingsHomepageActivity.java:455)
03-07 17:02:56.253 8502 8502 W SelectableSubscriptions: at com.android.settings.homepage.SettingsHomepageActivity.lambda$changeSettingsDetailsFragment$4(SettingsHomepageActivity.java:430)
03-07 17:02:56.253 8502 8502 W SelectableSubscriptions: at com.android.settings.homepage.SettingsHomepageActivity.$r8$lambda$1qTwKXK7b7eU8p6vF6USK4r3pX0(Unknown Source:0)
03-07 17:02:56.253 8502 8502 W SelectableSubscriptions: at com.android.settings.homepage.SettingsHomepageActivity$$ExternalSyntheticLambda3.run(Unknown Source:10)
03-07 17:02:56.253 8502 8502 W SelectableSubscriptions: at android.os.Handler.handleCallback(Handler.java:938)
03-07 17:02:56.253 8502 8502 W SelectableSubscriptions: at android.os.Handler.dispatchMessage(Handler.java:99)
03-07 17:02:56.253 8502 8502 W SelectableSubscriptions: at android.os.Looper.loopOnce(Looper.java:201)
03-07 17:02:56.253 8502 8502 W SelectableSubscriptions: at android.os.Looper.loop(Looper.java:288)
03-07 17:02:56.253 8502 8502 W SelectableSubscriptions: at android.app.ActivityThread.main(ActivityThread.java:7880)
03-07 17:02:56.253 8502 8502 W SelectableSubscriptions: at java.lang.reflect.Method.invoke(Native Method)
03-07 17:02:56.253 8502 8502 W SelectableSubscriptions: at com.android.internal.os.RuntimeInit$MethodAndArgsCaller.run(RuntimeInit.java:548)
03-07 17:02:56.253 8502 8502 W SelectableSubscriptions: at com.android.internal.os.ZygoteInit.main(ZygoteInit.java:1009)
03-07 17:02:56.253 8502 8502 D MobileNetworkSummaryStatus: network summary query ignored
03-07 17:02:56.254 8502 8564 W MobileNetworkUtils: EuiccManager is not enabled.
03-07 17:02:56.254 8502 8502 D SubscriptionsChangeListener: Start
03-07 17:02:56.255 1002 2701 D TelephonyRegistry: listen oscl: mHasNotifySubscriptionInfoChangedOccurred==false no callback
03-07 17:02:56.256 1002 6668 W ScanResultUtil: Empty or null ScanResult list
03-07 17:02:56.257 1002 6668 W WifiService: Attempt to retrieve WifiConfiguration with invalid scanResult List
03-07 17:02:56.257 1516 4528 D LOWI-9.0.0.87.a: [LOWI-Scan] wait_event:Wait done with Cmd 33
03-07 17:02:56.257 1516 4528 D LOWI-9.0.0.87.a: [LOWI-Scan] do_listen_events: Rcvd valid Netlink Cmd 0 Err 0
03-07 17:02:56.258 1002 1715 D ConnectivityService: NetReassign [no changes]
03-07 17:02:56.258 1002 2701 W ScanResultUtil: Empty or null ScanResult list
03-07 17:02:56.258 1002 2701 E WifiService: Attempt to retrieve passpoint with invalid scanResult List
03-07 17:02:56.258 1002 2701 W ScanResultUtil: Empty or null ScanResult list
03-07 17:02:56.258 1002 2701 W WifiService: Attempt to retrieve OsuProviders with invalid scanResult List
03-07 17:02:56.264 8502 8502 I sysui_multi_action: [757,1729,758,4,854,isParalleledControllers:false,1089,99]
03-07 17:02:56.291 650 660 I mpu_uart: [MSG-P:RECV]:No message received in 1000 ms
03-07 17:02:56.310 8502 8502 D BatteryInfo: time for callback: 0ms
03-07 17:02:56.310 8502 8502 D BatteryInfo: time for callback: 0ms
01-02 07:17:30.890 0 0 I [schedu][0x3df01ad55][17:02:56.315279] wlan: [2638:I:OSIF] scan start scan id 40976
03-07 17:02:56.350 1002 2247 I wm_stop_activity: [0,224338254,com.android.launcher3/.uioverrides.QuickstepLauncher]
03-07 17:02:56.351 2640 2640 D StateManager: goToState: Normal
03-07 17:02:56.354 2640 2640 I wm_on_stop_called: [224338254,com.android.launcher3.uioverrides.QuickstepLauncher,STOP_ACTIVITY_ITEM]
03-07 17:02:56.412 4946 8569 I mars::cdn: [connection_factory.cc:340, GetOrCreateTCPConnection]:cdntask 27 take conn 0x7d76e39028(568)@TCP from cache.
03-07 17:02:56.413 4946 8569 I mars::cdn: [taskbase.cc:1076, OnMainConnectionEnstablished]:cdntask 27 connect ok:183.255.109.219:443 [TCP] source CACHE, prev addr:0.0.0.0:0, proxyaddr:0.0.0.0:0, cost:(0,0)
03-07 17:02:56.468 1002 1722 I GameModeConfig: isGameModeOn = false
03-07 17:02:56.473 1983 1983 D InterruptionStateProvider: No bubble up: not allowed to bubble: -1|android|26|null|1000
03-07 17:02:56.474 1983 1983 D InterruptionStateProvider: No alerting: filtered notification: 0|com.android.systemui|1|empty_media|10084
03-07 17:02:56.474 1983 1983 D InterruptionStateProvider: No bubble up: not allowed to bubble: 0|com.android.systemui|2048|null|10084
03-07 17:02:56.474 1983 1983 D InterruptionStateProvider: No bubble up: not allowed to bubble: -1|android|55|null|1000
03-07 17:02:56.474 1983 1983 D InterruptionStateProvider: No bubble up: not allowed to bubble: -1|android|32|null|1000
03-07 17:02:56.535 1002 2150 W InputManager-JNI: Input channel object '2aad988 Splash Screen com.android.settings (client)' was disposed without first being removed with the input manager!
03-07 17:02:56.757 1002 1662 I input_interaction: Interaction with: 9f462e7 com.android.settings/com.android.settings.Settings (server), edge-swipe (server), swipe-up (server), PointerEventDispatcher0 (server),
03-07 17:02:56.896 8502 8502 I sysui_multi_action: [757,830,758,4,833,0,854,homepage_search_bar,1089,0]
03-07 17:02:56.898 1002 2247 I thunderperf: Maybe need boostperf for current app!
03-07 17:02:56.898 1002 2247 I ActivityTaskManager: START u0 {act=android.settings.APP_SEARCH_SETTINGS pkg=com.android.settings.intelligence cmp=com.android.settings.intelligence/.search.SearchActivity (has extras)} from uid 1000
03-07 17:02:56.898 1002 1153 I EventSequenceValidator: inc AccIntentStartedEvents to 2
03-07 17:02:56.899 8502 8536 D SlicesIndexer: Slices already indexed - returning.
03-07 17:02:56.902 1002 2247 D CompatibilityChangeReporter: Compat change id reported: 174042980; UID 10063; state: DISABLED
03-07 17:02:56.902 1002 2247 D CompatibilityChangeReporter: Compat change id reported: 184838306; UID 10063; state: DISABLED
03-07 17:02:56.903 1002 2247 D CompatibilityChangeReporter: Compat change id reported: 185004937; UID 10063; state: DISABLED
03-07 17:02:56.903 1002 2247 D CompatibilityChangeReporter: Compat change id reported: 181136395; UID 10063; state: DISABLED
03-07 17:02:56.903 1002 2247 D CompatibilityChangeReporter: Compat change id reported: 174042936; UID 10063; state: DISABLED
03-07 17:02:56.904 1002 2247 I wm_task_moved: [21,1,7]
03-07 17:02:56.904 1002 2247 I wm_set_resumed_activity: [0,com.android.settings/.Settings,positionChildAt]
03-07 17:02:56.905 1002 2247 I wm_create_activity: [0,206824944,21,com.android.settings.intelligence/.search.SearchActivity,android.settings.APP_SEARCH_SETTINGS,NULL,NULL,0]
03-07 17:02:56.906 1002 2247 D ActivityTrigger: ActivityTrigger activityPauseTrigger
03-07 17:02:56.906 1002 2247 I wm_pause_activity: [0,245985390,com.android.settings/.Settings,userLeaving=true,resumeTopActivityInnerLocked]
03-07 17:02:56.909 1002 1153 I am_uid_running: 10063
03-07 17:02:56.909 8502 8502 I wm_on_top_resumed_lost_called: [245985390,com.android.settings.Settings,topStateChangedWhenResumed]
03-07 17:02:56.910 1002 1153 D CompatibilityChangeReporter: Compat change id reported: 135634846; UID 10063; state: DISABLED
03-07 17:02:56.910 1002 1153 D CompatibilityChangeReporter: Compat change id reported: 177438394; UID 10063; state: DISABLED
03-07 17:02:56.910 1002 1153 D CompatibilityChangeReporter: Compat change id reported: 135772972; UID 10063; state: DISABLED
03-07 17:02:56.910 1002 1153 D CompatibilityChangeReporter: Compat change id reported: 135754954; UID 10063; state: DISABLED
03-07 17:02:56.910 1002 1173 D CompatibilityChangeReporter: Compat change id reported: 143937733; UID 10063; state: DISABLED
03-07 17:02:56.911 8502 8502 I sysui_multi_action: [757,35,758,2,1089,1029]
03-07 17:02:56.915 8502 8502 I sysui_multi_action: [757,746,758,2,1089,671]
03-07 17:02:56.918 8502 8502 I wm_on_paused_called: [245985390,com.android.settings.Settings,performPause]
03-07 17:02:56.918 1262 1262 I perfetto: ing_service_impl.cc:912 Configured tracing session 4, #sources:1, duration:5000 ms, #buffers:1, total buffer size:4096 KB, total sessions:2, uid:1071 session name: ""
03-07 17:02:56.918 1002 1397 I ActivityTaskManager: FOREGROUND_APPLICATION_CHANGED to com.android.settings.intelligence.search.SearchActivity
03-07 17:02:56.919 1002 1397 I wm_add_to_stopping: [0,245985390,com.android.settings/.Settings,makeInvisible]
03-07 17:02:56.919 1260 1260 I perfetto: probes_producer.cc:241 Ftrace setup (target_buf=4)
03-07 17:02:56.923 1002 1153 I sysui_multi_action: [757,803,799,window_time_0,802,2]
03-07 17:02:56.935 1068 1068 I BpBinder: onLastStrongRef automatically unlinking death recipients:
03-07 17:02:56.936 1002 1662 I input_focus: [Focus leaving 9f462e7 com.android.settings/com.android.settings.Settings (server),reason=NO_WINDOW]
03-07 17:02:56.941 675 675 D Zygote : Forked child process 8579
03-07 17:02:56.942 1002 1173 I am_proc_start: [0,8579,10063,com.android.settings.intelligence,pre-top-activity,{com.android.settings.intelligence/com.android.settings.intelligence.search.SearchActivity}]
03-07 17:02:56.942 1002 1173 I ActivityManager: Start proc 8579:com.android.settings.intelligence/u0a63 for pre-top-activity {com.android.settings.intelligence/com.android.settings.intelligence.search.SearchActivity}
03-07 17:02:56.943 1002 8580 W ContextImpl: Calling a method in the system process without a qualified user: android.app.ContextImpl.sendBroadcast:1173 com.qualcomm.qti.Performance$SendGameLaunchBroadcast.run:217 java.lang.Thread.run:920
03-07 17:02:56.946 3088 3982 W SQLiteLog: (28) double-quoted string literal: "com.android.settings.intelligence"
03-07 17:02:56.952 8579 8579 I Zygote : seccomp disabled by setenforce 0
03-07 17:02:56.953 8579 8579 I libc : SetHeapTaggingLevel: tag level set to 0
03-07 17:02:56.972 4225 4233 I adbd : jdwp connection from 8579
01-02 07:17:31.548 0 0 I binder : 8579:8579 ioctl 40046210 7fc2951f54 returned -22
03-07 17:02:56.979 8579 8579 D ProcessState: Binder ioctl to enable oneway spam detection failed: Invalid argument
03-07 17:02:56.984 1002 6668 I am_proc_bound: [0,8579,com.android.settings.intelligence]
03-07 17:02:56.987 1002 6668 D CompatibilityChangeReporter: Compat change id reported: 168419799; UID 10063; state: DISABLED
03-07 17:02:56.987 1002 6668 D CompatibilityInfo: mCompatibilityFlags - 4
03-07 17:02:56.987 1002 6668 D CompatibilityInfo: applicationDensity - 240
03-07 17:02:56.987 1002 6668 D CompatibilityInfo: applicationScale - 1.0
03-07 17:02:56.989 1002 6668 I wm_restart_activity: [0,206824944,21,com.android.settings.intelligence/.search.SearchActivity]
03-07 17:02:56.989 1002 6668 D CompatibilityInfo: mCompatibilityFlags - 4
03-07 17:02:56.989 1002 6668 D CompatibilityInfo: applicationDensity - 240
03-07 17:02:56.989 1002 6668 D CompatibilityInfo: applicationScale - 1.0
03-07 17:02:56.990 1002 6668 I wm_set_resumed_activity: [0,com.android.settings.intelligence/.search.SearchActivity,minimalResumeActivityLocked]
03-07 17:02:56.991 1002 1153 I am_uid_active: 10063
03-07 17:02:56.994 8579 8579 D CompatibilityChangeReporter: Compat change id reported: 171979766; UID 10063; state: DISABLED
03-07 17:02:56.995 2109 3973 I GameMode_ActivityMonitoringService: Notifying about top task: com.android.settings.intelligence, isInMiniWindowMode: false
03-07 17:02:56.996 2109 3973 I GameMode_ActivityMonitoringService: onActivityLaunch: com.android.settings.intelligence, isGameApp: false
03-07 17:02:56.997 2109 3973 V GameMode_GpuUtils: fps:60
03-07 17:02:56.997 8579 8579 D ApplicationLoaders: Returning zygote-cached class loader: /system/framework/android.test.base.jar
03-07 17:02:57.000 8579 8579 D nativeloader: classloader namespace configured for unbundled product apk. library_path=/product/priv-app/SettingsIntelligence/lib/arm64:/product/lib64:/system/product/lib64
03-07 17:02:57.000 2109 3973 D GameModeIF_GameModeSettings: getUriFor setting_content_uri_root = content://com.thundercomm.gamemode.api/gamemode_settings , name = gamemode_enable
03-07 17:02:57.014 8579 8579 I Perf : Connecting to perf service.
03-07 17:02:57.020 1002 6668 W FreeFormWindowHelper: Current Display FreeFormTask is null
03-07 17:02:57.020 8579 8579 V GraphicsEnvironment: ANGLE Developer option for 'com.android.settings.intelligence' set to: 'default'
03-07 17:02:57.021 8579 8579 V GraphicsEnvironment: ANGLE GameManagerService for com.android.settings.intelligence: false
03-07 17:02:57.022 8579 8579 D NetworkSecurityConfig: No Network Security Config specified, using platform default
03-07 17:02:57.022 8579 8579 D NetworkSecurityConfig: No Network Security Config specified, using platform default
03-07 17:02:57.041 8579 8579 I wm_on_create_called: [206824944,com.android.settings.intelligence.search.SearchActivity,performCreate]
03-07 17:02:57.049 4946 8569 I mars::cdn: [netchannel.cc:293, __RunReadWrite]:runloop rv 0 errtype 0 errcode 0 idling false
03-07 17:02:57.053 4946 8569 I mars::cdn: [netchannel.cc:871, __AfterRun]:cdntask 27 putback conn 0x7d76e39028(568)@TCP to cache.
03-07 17:02:57.080 8502 8545 D PrefCtrlListHelper: Could not find Context-only controller for pref: com.android.settings.network.AdaptiveConnectivityTogglePreferenceController
03-07 17:02:57.081 8502 8545 V SettingsSearchProvider: com.android.settings.search.BaseSearchIndexProvider@f43188b tried to add an empty non-indexable key
03-07 17:02:57.082 8502 8545 D PrefCtrlListHelper: Could not find Context-only controller for pref: com.android.settings.nfc.NfcPreferenceController
03-07 17:02:57.083 8502 8545 D PrefCtrlListHelper: Could not find Context-only controller for pref: com.android.settings.nfc.NfcDetectionPointController
03-07 17:02:57.083 8502 8545 D PrefCtrlListHelper: Could not find Context-only controller for pref: com.android.settings.nfc.SecureNfcPreferenceController
03-07 17:02:57.084 8502 8545 D PrefCtrlListHelper: Could not find Context-only controller for pref: com.android.settings.applications.specialaccess.DefaultPaymentSettingsPreferenceController
03-07 17:02:57.084 8502 8545 W SettingsPrefController: Skipping updateNonIndexableKeys, key already in list. com.android.settings.nfc.NfcDetectionPointController@11ac581
03-07 17:02:57.085 8502 8545 D PrefCtrlListHelper: Could not find Context-only controller for pref: com.android.settings.gestures.GestureNavigationSettingsAssistController
03-07 17:02:57.087 8502 8545 D PrefCtrlListHelper: Could not find Context-only controller for pref: com.android.settings.applications.specialaccess.pictureinpicture.PictureInPictureScreenPreferenceController
03-07 17:02:57.090 8502 8545 D PrefCtrlListHelper: Could not find Context-only controller for pref: com.android.settings.location.LocationInjectedServicesPreferenceController
03-07 17:02:57.091 8502 8545 D PrefCtrlListHelper: Could not find Context-only controller for pref: com.android.settings.location.LocationServicesWifiScanningPreferenceController
03-07 17:02:57.091 8502 8545 D PrefCtrlListHelper: Could not find Context-only controller for pref: com.android.settings.location.LocationServicesBluetoothScanningPreferenceController
03-07 17:02:57.093 8502 8545 D PrefCtrlListHelper: Could not find Context-only controller for pref: com.android.settings.development.AdbDeviceNamePreferenceController
03-07 17:02:57.093 8502 8545 D PrefCtrlListHelper: Could not find Context-only controller for pref: com.android.settings.development.AdbQrCodePreferenceController
03-07 17:02:57.095 8502 8545 D PrefCtrlListHelper: Could not find Context-only controller for pref: com.android.settings.development.transcode.TranscodeUserControlPreferenceController
03-07 17:02:57.096 8502 8545 D PrefCtrlListHelper: Could not find Context-only controller for pref: com.android.settings.development.transcode.TranscodeGlobalTogglePreferenceController
03-07 17:02:57.096 8502 8545 D PrefCtrlListHelper: Could not find Context-only controller for pref: com.android.settings.development.transcode.TranscodeDefaultOptionPreferenceController
03-07 17:02:57.096 8502 8545 D PrefCtrlListHelper: Could not find Context-only controller for pref: com.android.settings.development.transcode.TranscodeNotificationPreferenceController
03-07 17:02:57.096 8502 8545 D PrefCtrlListHelper: Could not find Context-only controller for pref: com.android.settings.development.transcode.TranscodeDisableCachePreferenceController
03-07 17:02:57.096 8502 8545 V SettingsSearchProvider: com.android.settings.development.transcode.TranscodeSettingsFragment$1@f11180 tried to add an empty non-indexable key
03-07 17:02:57.097 8502 8545 D PrefCtrlListHelper: Could not find Context-only controller for pref: com.android.settings.security.CredentialManagementAppHeaderController
03-07 17:02:57.097 8502 8545 D PrefCtrlListHelper: Could not find Context-only controller for pref: com.android.settings.security.CredentialManagementAppButtonsController
03-07 17:02:57.097 8502 8545 D PrefCtrlListHelper: Could not find Context-only controller for pref: com.android.settings.security.CredentialManagementAppPolicyController
03-07 17:02:57.097 8502 8545 V SettingsSearchProvider: com.android.settings.sound.MediaControlsSettings$1@5cf875f tried to add an empty non-indexable key
03-07 17:02:57.102 8502 8545 D PrefCtrlListHelper: Could not find Context-only controller for pref: com.android.settings.deviceinfo.DeviceNamePreferenceController
03-07 17:02:57.103 8502 8545 D PrefCtrlListHelper: Could not find Context-only controller for pref: com.android.settings.deviceinfo.BrandedAccountPreferenceController
03-07 17:02:57.103 8502 8545 D PrefCtrlListHelper: Could not find Context-only controller for pref: com.android.settings.deviceinfo.PhoneNumberPreferenceController
03-07 17:02:57.105 8502 8545 D PrefCtrlListHelper: Could not find Context-only controller for pref: com.android.settings.deviceinfo.HardwareInfoPreferenceController
03-07 17:02:57.105 8502 8545 D PrefCtrlListHelper: Could not find Context-only controller for pref: com.android.settings.deviceinfo.firmwareversion.FirmwareVersionPreferenceController
03-07 17:02:57.105 8502 8545 D PrefCtrlListHelper: Could not find Context-only controller for pref: com.android.settings.deviceinfo.BuildNumberPreferenceController
03-07 17:02:57.111 8502 8545 D PrefCtrlListHelper: Could not find Context-only controller for pref: com.android.settings.display.AutoBrightnessPreferenceController
03-07 17:02:57.111 8502 8545 D PrefCtrlListHelper: Could not find Context-only controller for pref: com.android.settings.security.screenlock.LockScreenPreferenceController
03-07 17:02:57.111 8502 8545 D PrefCtrlListHelper: Could not find Context-only controller for pref: com.android.settings.display.DarkUIPreferenceController
03-07 17:02:57.115 8502 8545 D PrefCtrlListHelper: Could not find Context-only controller for pref: com.android.settings.display.FontSizePreferenceController
03-07 17:02:57.115 8502 8545 D PrefCtrlListHelper: Could not find Context-only controller for pref: com.android.settings.display.NightDisplayPreferenceController
03-07 17:02:57.118 8502 8545 D PrefCtrlListHelper: Could not find Context-only controller for pref: com.android.settings.display.ColorModePreferenceController
03-07 17:02:57.119 8502 8545 D PrefCtrlListHelper: Could not find Context-only controller for pref: com.android.settings.display.AutoRotatePreferenceController
03-07 17:02:57.119 8502 8545 D PrefCtrlListHelper: Could not find Context-only controller for pref: com.android.settings.display.DisplayWhiteBalancePreferenceController
03-07 17:02:57.119 8502 8545 D PrefCtrlListHelper: Could not find Context-only controller for pref: com.android.settings.display.PeakRefreshRatePreferenceController
03-07 17:02:57.119 8502 8545 D RefreshRatePrefCtr: DEFAULT_REFRESH_RATE : 60.0 mPeakRefreshRate : 60.0
03-07 17:02:57.119 8502 8545 D PrefCtrlListHelper: Could not find Context-only controller for pref: com.android.settings.display.HotSeatDirPreferenceController
03-07 17:02:57.120 1324 8405 I OMX-VENC: venc_dev: stats: avg. fps 47.42, bitrate 4007491
03-07 17:02:57.125 8502 8545 D PrefCtrlListHelper: Could not find Context-only controller for pref: com.android.settings.location.LocationInjectedServicesForWorkPreferenceController
03-07 17:02:57.126 8502 8545 V SettingsSearchProvider: com.android.settings.datausage.BillingCycleSettings$1@ce66862 tried to add an empty non-indexable key
03-07 17:02:57.128 8502 8545 D PrefCtrlListHelper: Could not find Context-only controller for pref: com.android.settings.network.telephony.MobileNetworkSwitchController
03-07 17:02:57.134 1002 2150 D CompatibilityChangeReporter: Compat change id reported: 157233955; UID 1000; state: ENABLED
03-07 17:02:57.134 8502 8545 D PrefCtrlListHelper: Could not find Context-only controller for pref: com.android.settings.network.telephony.DisabledSubscriptionController
03-07 17:02:57.135 8502 8545 D PrefCtrlListHelper: Could not find Context-only controller for pref: com.android.settings.network.telephony.DataDefaultSubscriptionController
03-07 17:02:57.135 8502 8545 D PrefCtrlListHelper: Could not find Context-only controller for pref: com.android.settings.network.telephony.CallsDefaultSubscriptionController
03-07 17:02:57.135 8502 8545 D PrefCtrlListHelper: Could not find Context-only controller for pref: com.android.settings.network.telephony.SmsDefaultSubscriptionController
03-07 17:02:57.135 8502 8545 D PrefCtrlListHelper: Could not find Context-only controller for pref: com.android.settings.network.telephony.DataServiceSetupPreferenceController
03-07 17:02:57.136 8502 8545 D PrefCtrlListHelper: Could not find Context-only controller for pref: com.android.settings.network.telephony.MobileDataPreferenceController
03-07 17:02:57.136 8502 8545 D PrefCtrlListHelper: Could not find Context-only controller for pref: com.android.settings.network.telephony.RoamingPreferenceController
03-07 17:02:57.136 8502 8545 D PrefCtrlListHelper: Could not find Context-only controller for pref: com.android.settings.network.telephony.DataUsagePreferenceController
03-07 17:02:57.136 8502 8545 D PrefCtrlListHelper: Could not find Context-only controller for pref: com.android.settings.datausage.BillingCyclePreferenceController
03-07 17:02:57.136 8502 8545 D PrefCtrlListHelper: Could not find Context-only controller for pref: com.android.settings.network.CarrierWifiTogglePreferenceController
03-07 17:02:57.137 8502 8545 D PrefCtrlListHelper: Could not find Context-only controller for pref: com.android.settings.network.telephony.MmsMessagePreferenceController
03-07 17:02:57.137 8502 8545 D PrefCtrlListHelper: Could not find Context-only controller for pref: com.android.settings.network.telephony.DataDuringCallsPreferenceController
03-07 17:02:57.137 8502 8545 D PrefCtrlListHelper: Could not find Context-only controller for pref: com.android.settings.network.telephony.Enhanced4gLtePreferenceController
03-07 17:02:57.137 8502 8545 D PrefCtrlListHelper: Could not find Context-only controller for pref: com.android.settings.network.telephony.Enhanced4gCallingPreferenceController
03-07 17:02:57.137 8502 8545 D PrefCtrlListHelper: Could not find Context-only controller for pref: com.android.settings.network.telephony.Enhanced4gAdvancedCallingPreferenceController
03-07 17:02:57.137 8502 8545 D PrefCtrlListHelper: Could not find Context-only controller for pref: com.android.settings.network.telephony.Enabled5GPreferenceController
03-07 17:02:57.138 8502 8545 D PrefCtrlListHelper: Could not find Context-only controller for pref: com.android.settings.network.telephony.ContactDiscoveryPreferenceController
03-07 17:02:57.138 8502 8545 D PrefCtrlListHelper: Could not find Context-only controller for pref: com.android.settings.network.telephony.PreferredNetworkModePreferenceController
03-07 17:02:57.138 8502 8545 D PrefCtrlListHelper: Could not find Context-only controller for pref: com.android.settings.network.telephony.EnabledNetworkModePreferenceController
03-07 17:02:57.138 8502 8545 D PrefCtrlListHelper: Could not find Context-only controller for pref: com.android.settings.network.telephony.CarrierSettingsVersionPreferenceController
03-07 17:02:57.138 8502 8545 D PrefCtrlListHelper: Could not find Context-only controller for pref: com.android.settings.network.telephony.CallingPreferenceCategoryController
03-07 17:02:57.138 8502 8545 D PrefCtrlListHelper: Could not find Context-only controller for pref: com.android.settings.network.telephony.WifiCallingPreferenceController
03-07 17:02:57.139 8502 8545 D PrefCtrlListHelper: Could not find Context-only controller for pref: com.android.settings.network.telephony.VideoCallingPreferenceController
03-07 17:02:57.139 8502 8545 D PrefCtrlListHelper: Could not find Context-only controller for pref: com.android.settings.network.telephony.BackupCallingPreferenceController
03-07 17:02:57.139 8502 8545 D PrefCtrlListHelper: Could not find Context-only controller for pref: com.android.settings.network.telephony.cdma.CdmaSystemSelectPreferenceController
03-07 17:02:57.139 8502 8545 D PrefCtrlListHelper: Could not find Context-only controller for pref: com.android.settings.network.telephony.cdma.CdmaSubscriptionPreferenceController
03-07 17:02:57.139 8502 8545 D PrefCtrlListHelper: Could not find Context-only controller for pref: com.android.settings.network.telephony.NetworkPreferenceCategoryController
03-07 17:02:57.139 8502 8545 D PrefCtrlListHelper: Could not find Context-only controller for pref: com.android.settings.network.telephony.gsm.AutoSelectPreferenceController
03-07 17:02:57.139 8502 8545 D PrefCtrlListHelper: Could not find Context-only controller for pref: com.android.settings.network.telephony.gsm.OpenNetworkSelectPagePreferenceController
03-07 17:02:57.140 8502 8545 D PrefCtrlListHelper: Could not find Context-only controller for pref: com.android.settings.network.telephony.ApnPreferenceController
03-07 17:02:57.140 8502 8545 D PrefCtrlListHelper: Could not find Context-only controller for pref: com.android.settings.network.telephony.UserPLMNPreferenceController
03-07 17:02:57.140 8502 8545 D PrefCtrlListHelper: Could not find Context-only controller for pref: com.android.settings.network.telephony.CarrierPreferenceController
03-07 17:02:57.140 8502 8545 D PrefCtrlListHelper: Could not find Context-only controller for pref: com.android.settings.network.telephony.Enable2gPreferenceController
03-07 17:02:57.140 8502 8545 D PrefCtrlListHelper: Could not find Context-only controller for pref: com.android.settings.network.telephony.NrAdvancedCallingPreferenceController
03-07 17:02:57.140 8502 8545 D PrefCtrlListHelper: Could not find Context-only controller for pref: com.android.settings.network.telephony.DeleteSimProfilePreferenceController
03-07 17:02:57.141 8502 8545 D PrefCtrlListHelper: Could not find Context-only controller for pref: com.android.settings.network.telephony.DisableSimFooterPreferenceController
03-07 17:02:57.141 8502 8545 D PrefCtrlListHelper: Could not find Context-only controller for pref: com.android.settings.network.telephony.NrDisabledInDsdsFooterPreferenceController
03-07 17:02:57.147 8502 8545 W CarrierConfigManager: Error getting config for subId -1 ICarrierConfigLoader is null
03-07 17:02:57.151 8502 8545 W CarrierConfigManager: Error getting config for subId -1 ICarrierConfigLoader is null
03-07 17:02:57.151 8502 8545 W CarrierConfigManager: Error getting config for subId -1 ICarrierConfigLoader is null
03-07 17:02:57.154 8502 8545 W CarrierConfigManager: Error getting config for subId -1 ICarrierConfigLoader is null
03-07 17:02:57.155 8502 8545 W CarrierConfigManager: Error getting config for subId -1 ICarrierConfigLoader is null
03-07 17:02:57.156 8502 8545 D BackupCallingPrefCtrl: Not supported by framework. subId = -1
03-07 17:02:57.157 8502 8545 W CarrierConfigManager: Error getting config for subId -1 ICarrierConfigLoader is null
03-07 17:02:57.158 8502 8545 W CarrierConfigManager: Error getting config for subId -1 ICarrierConfigLoader is null
03-07 17:02:57.158 8502 8545 W CarrierConfigManager: Error getting config for subId -1 ICarrierConfigLoader is null
03-07 17:02:57.159 8502 8545 I service_manager_stats: [100,81,860618]
03-07 17:02:57.159 8502 8545 W CarrierConfigManager: Error getting config for subId -1 ICarrierConfigLoader is null
03-07 17:02:57.160 8502 8545 W CarrierConfigManager: Error getting config for subId -1 ICarrierConfigLoader is null
03-07 17:02:57.160 8502 8545 W Enable2gPreferenceController: Telephony manager not yet initialized
03-07 17:02:57.161 8502 8545 D VoNrSettings: init:
03-07 17:02:57.161 8502 8545 W SettingsPrefController: Skipping updateNonIndexableKeys, key already in list. com.android.settings.network.telephony.DisableSimFooterPreferenceController@98f064f
03-07 17:02:57.161 8502 8545 W SettingsPrefController: Skipping updateNonIndexableKeys, key already in list. com.android.settings.network.telephony.NrDisabledInDsdsFooterPreferenceController@5ebf1dc
03-07 17:02:57.162 8502 8545 D PrefCtrlListHelper: Could not find Context-only controller for pref: com.android.settings.deviceinfo.firmwareversion.FirmwareVersionDetailPreferenceController
03-07 17:02:57.163 8502 8545 D PrefCtrlListHelper: Could not find Context-only controller for pref: com.android.settings.deviceinfo.firmwareversion.SecurityPatchLevelPreferenceController
03-07 17:02:57.163 8502 8545 D CompatibilityChangeReporter: Compat change id reported: 170233598; UID 1000; state: DISABLED
03-07 17:02:57.164 8502 8545 D PrefCtrlListHelper: Could not find Context-only controller for pref: com.android.settings.deviceinfo.firmwareversion.BasebandVersionPreferenceController
03-07 17:02:57.164 8502 8545 D PrefCtrlListHelper: Could not find Context-only controller for pref: com.android.settings.deviceinfo.firmwareversion.KernelVersionPreferenceController
03-07 17:02:57.164 8502 8545 D PrefCtrlListHelper: Could not find Context-only controller for pref: com.android.settings.deviceinfo.firmwareversion.SimpleBuildNumberPreferenceController
03-07 17:02:57.165 8502 8545 D PrefCtrlListHelper: Could not find Context-only controller for pref: com.android.settings.applications.specialaccess.interactacrossprofiles.InteractAcrossProfilesController
