03-07 17:01:46.835 674 7520 I resolv : _cache_add_p: entry 50 added (count=48)
03-07 17:01:46.836 674 7520 I resolv : cache_dump_mru_locked: MRU LIST (48): 50 8 49 48 47 46 45 44 32 43 42 1 41 38 40 39 37 36 35 34 33 31 29 3 28 27 26 25 24 23 19 21 20 18 17 16 15 14 13 11 12 10 9 7 6 5 4 2
03-07 17:01:46.836 674 7520 D resolv : doQuery: rcode=0, ancount=6
03-07 17:01:46.843 674 7519 I ResolverController: No valid NAT64 prefix (100, /0)
03-07 17:01:46.890 1002 4328 I PowerManagerService: Napping display group (groupId=0, uid=1000)...
03-07 17:01:46.890 1002 4328 I PowerManagerService: Nap time (uid 1000)...
03-07 17:01:46.894 1002 4328 W InputManager-JNI: Input channel object '9d1a057 com.tencent.mm/com.tencent.mm.ui.LauncherUI (client)' was disposed without first being removed with the input manager!
03-07 17:01:46.895 1002 1204 V DisplayPowerController[0]: Brightness [0.05] reason changing to: 'manual [ dim ]', previous reason: 'manual'.
03-07 17:01:46.895 1002 1204 I sysui_multi_action: [757,1696,758,6,759,2]
03-07 17:01:46.896 1002 1204 I DreamManagerService: Entering dreamland.
03-07 17:01:46.898 1002 1204 I PowerManagerService: Dreaming...
03-07 17:01:46.902 1002 1154 I input_focus: [Focus request b7ba93a com.tencent.mm/com.tencent.mm.ui.LauncherUI,reason=UpdateInputWindows]
03-07 17:01:46.904 1002 1150 I DreamController: Starting dream: name=ComponentInfo{com.thundercomm.screensaver/com.thundercomm.saverclock.service.ClockScreensaver}, isTest=false, canDoze=false, userId=0
03-07 17:01:46.904 1002 1150 I sysui_multi_action: [757,222,758,1]
03-07 17:01:46.904 1002 1150 I am_uid_active: 10052
03-07 17:01:46.905 1002 1915 E DisplayDeviceConfig: requesting nits when no mapping exists.
03-07 17:01:46.906 1002 1915 E DisplayDeviceConfig: requesting nits when no mapping exists.
03-07 17:01:46.912 1002 1150 D CompatibilityChangeReporter: Compat change id reported: 168419799; UID 10052; state: DISABLED
03-07 17:01:46.914 1002 1150 D CompatibilityInfo: mCompatibilityFlags - 4
03-07 17:01:46.914 1002 1150 D CompatibilityInfo: applicationDensity - 240
03-07 17:01:46.914 1002 1150 D CompatibilityInfo: applicationScale - 1.0
03-07 17:01:46.918 1002 1172 I am_wtf : [0,1002,system_server,-1,DisplayDeviceConfig,requesting nits when no mapping exists.]
03-07 17:01:46.919 1002 1662 I input_focus: [Focus entering b7ba93a com.tencent.mm/com.tencent.mm.ui.LauncherUI (server),reason=setFocusedWindow]
03-07 17:01:46.919 1002 1150 D AutofillManagerService: Close system dialogs
03-07 17:01:46.921 1002 1172 I DropBoxManagerService: add tag=system_server_wtf isTagEnabled=true flags=0x2
03-07 17:01:46.923 1002 1172 I am_wtf : [0,1002,system_server,-1,DisplayDeviceConfig,requesting nits when no mapping exists.]
03-07 17:01:46.929 1983 1983 V ShadeControllerImpl: NotificationShadeWindow: com.android.systemui.statusbar.phone.NotificationShadeWindowView{56a6bd4 I.E...... ......ID 0,0-2380,1020} canPanelBeCollapsed(): false
03-07 17:01:46.929 1002 1168 I am_pss : [6566,10071,com.android.webview:webview_apk,33199104,18653184,319488,109625344,0,19,10]
03-07 17:01:46.936 1002 1915 E DisplayDeviceConfig: requesting nits when no mapping exists.
03-07 17:01:46.936 1002 1915 E DisplayDeviceConfig: requesting nits when no mapping exists.
03-07 17:01:46.937 1002 1172 I service_manager_slow: [10,dropbox]
03-07 17:01:46.938 1002 1172 I DropBoxManagerService: add tag=system_server_wtf isTagEnabled=true flags=0x2
03-07 17:01:46.940 1002 1172 I am_wtf : [0,1002,system_server,-1,DisplayDeviceConfig,requesting nits when no mapping exists.]
03-07 17:01:46.940 1002 1168 I am_pss : [6493,10071,com.android.webview:webview_service,16471040,4878336,376832,89890816,0,19,9]
03-07 17:01:46.943 1002 1172 I DropBoxManagerService: add tag=system_server_wtf isTagEnabled=true flags=0x2
03-07 17:01:46.946 1002 1172 I am_wtf : [0,1002,system_server,-1,DisplayDeviceConfig,requesting nits when no mapping exists.]
03-07 17:01:46.947 1002 1397 I ActivityTaskManager: START u0 {flg=0x10000000 pkg=com.thundercomm.screensaver cmp=com.thundercomm.screensaver/android.service.dreams.DreamActivity (has extras)} from uid 10052
03-07 17:01:46.947 1002 1153 I EventSequenceValidator: inc AccIntentStartedEvents to 2
03-07 17:01:46.948 1002 1172 I DropBoxManagerService: add tag=system_server_wtf isTagEnabled=true flags=0x2
03-07 17:01:46.952 1002 1915 E DisplayDeviceConfig: requesting nits when no mapping exists.
03-07 17:01:46.952 1002 1915 E DisplayDeviceConfig: requesting nits when no mapping exists.
03-07 17:01:46.953 1002 1172 I am_wtf : [0,1002,system_server,-1,DisplayDeviceConfig,requesting nits when no mapping exists.]
03-07 17:01:46.954 5157 5157 I dvm_lock_sample: [com.tencent.mm:push,1,main,10,SourceFile,210,int com.tencent.mm.network.af.a(com.tencent.mm.network.u, com.tencent.mm.network.o, com.tencent.mm.network.e, int),-,729,boolean com.tencent.mm.network.af.req2Buf(int, java.lang.Object, java.io.ByteArrayOutputStream, int[], int, java.lang.String),2]
03-07 17:01:46.956 1002 1397 I wm_task_created: [20,-1]
03-07 17:01:46.956 1002 1397 W ActivityTaskManager: Can't find TaskDisplayArea to determine support for multi window. Task id=20 attached=false
03-07 17:01:46.958 1002 1172 I DropBoxManagerService: add tag=system_server_wtf isTagEnabled=true flags=0x2
03-07 17:01:46.958 1002 1172 I am_wtf : [0,1002,system_server,-1,DisplayDeviceConfig,requesting nits when no mapping exists.]
03-07 17:01:46.960 5157 6169 I mars::stn: [longlink_connect_monitor.cc:470, OnHeartbeatAlarmSet]:longlink_progress on_heartbeat_set, time: 790419, time interval:210000
03-07 17:01:46.962 1002 1397 I wm_task_moved: [20,1,7]
03-07 17:01:46.962 1002 1397 I wm_task_to_front: [0,20]
03-07 17:01:46.962 1002 1397 I wm_create_task: [0,20]
03-07 17:01:46.962 1002 1397 I wm_create_activity: [0,204223279,20,com.thundercomm.screensaver/android.service.dreams.DreamActivity,NULL,NULL,NULL,276824064]
03-07 17:01:46.962 1002 1397 I wm_task_moved: [20,1,7]
03-07 17:01:46.962 1002 1397 D CompatibilityInfo: mCompatibilityFlags - 4
03-07 17:01:46.962 1002 1397 D CompatibilityInfo: applicationDensity - 240
03-07 17:01:46.962 1002 1397 D CompatibilityInfo: applicationScale - 1.0
03-07 17:01:46.963 1002 1397 D ActivityTrigger: ActivityTrigger activityPauseTrigger
03-07 17:01:46.963 1002 1397 I wm_pause_activity: [0,104930713,com.tencent.mm/.ui.LauncherUI,userLeaving=true,pauseBackTasks]
03-07 17:01:46.975 1002 1915 E DisplayDeviceConfig: requesting nits when no mapping exists.
03-07 17:01:46.976 1002 1915 E DisplayDeviceConfig: requesting nits when no mapping exists.
03-07 17:01:46.976 1002 1172 I am_wtf : [0,1002,system_server,-1,DisplayDeviceConfig,requesting nits when no mapping exists.]
03-07 17:01:46.980 4946 4946 I wm_on_top_resumed_lost_called: [104930713,com.tencent.mm.ui.LauncherUI,topStateChangedWhenResumed]
03-07 17:01:46.981 1002 1172 I am_wtf : [0,1002,system_server,-1,DisplayDeviceConfig,requesting nits when no mapping exists.]
03-07 17:01:46.984 1002 1915 E DisplayDeviceConfig: requesting nits when no mapping exists.
03-07 17:01:46.985 1002 1915 E DisplayDeviceConfig: requesting nits when no mapping exists.
03-07 17:01:46.987 1002 1172 I am_wtf : [0,1002,system_server,-1,DisplayDeviceConfig,requesting nits when no mapping exists.]
03-07 17:01:46.989 1002 1172 I am_wtf : [0,1002,system_server,-1,DisplayDeviceConfig,requesting nits when no mapping exists.]
03-07 17:01:46.989 4946 7525 E FA : Task exception on worker thread: java.lang.IllegalStateException: Not initialized: com.google.android.gms.internal.measurement.zzhh.zzch(Unknown Source:11)
03-07 17:01:46.989 4946 7525 E FA : Task exception on worker thread: java.lang.IllegalStateException: Not initialized: com.google.android.gms.internal.measurement.zzhh.zzch(Unknown Source:11)
03-07 17:01:46.990 4946 7525 E FA : Persisted config not initialized. Not logging error/warn
03-07 17:01:46.990 4946 7525 E FA : Persisted config not initialized. Not logging error/warn
03-07 17:01:46.995 4946 4946 I wm_on_paused_called: [104930713,com.tencent.mm.ui.LauncherUI,performPause]
03-07 17:01:46.996 1002 2247 I ActivityTaskManager: FOREGROUND_APPLICATION_CHANGED to android.service.dreams.DreamActivity
03-07 17:01:46.996 5157 6169 I mars::stn: [longlink_connect_monitor.cc:470, OnHeartbeatAlarmSet]:longlink_progress on_heartbeat_set, time: 790455, time interval:210000
03-07 17:01:46.998 1002 2247 I ActivityTaskManager: The Process com.thundercomm.screensaver Already Exists in BG. So sending its PID: 4156
03-07 17:01:46.998 1002 2247 W ActivityTaskManager: Tried to set launchTime (0) < mLastActivityLaunchTime (107304)
03-07 17:01:46.998 1002 2247 I wm_add_to_stopping: [0,104930713,com.tencent.mm/.ui.LauncherUI,makeInvisible]
03-07 17:01:46.999 1002 2247 I wm_restart_activity: [0,204223279,20,com.thundercomm.screensaver/android.service.dreams.DreamActivity]
03-07 17:01:46.999 1002 2247 D CompatibilityInfo: mCompatibilityFlags - 4
03-07 17:01:46.999 1002 2247 D CompatibilityInfo: applicationDensity - 240
03-07 17:01:46.999 1002 2247 D CompatibilityInfo: applicationScale - 1.0
03-07 17:01:47.000 1002 2247 I wm_set_resumed_activity: [0,com.thundercomm.screensaver/android.service.dreams.DreamActivity,minimalResumeActivityLocked]
03-07 17:01:47.002 1002 1915 E DisplayDeviceConfig: requesting nits when no mapping exists.
03-07 17:01:47.003 1002 1915 E DisplayDeviceConfig: requesting nits when no mapping exists.
03-07 17:01:47.011 1002 1153 I sysui_multi_action: [757,803,799,window_time_0,802,62]
03-07 17:01:47.012 4156 4156 I wm_on_create_called: [204223279,android.service.dreams.DreamActivity,performCreate]
03-07 17:01:47.013 4156 4156 I wm_on_start_called: [204223279,android.service.dreams.DreamActivity,handleStartActivity]
03-07 17:01:47.013 1002 1172 I am_wtf : [0,1002,system_server,-1,DisplayDeviceConfig,requesting nits when no mapping exists.]
03-07 17:01:47.014 1002 1172 I am_wtf : [0,1002,system_server,-1,DisplayDeviceConfig,requesting nits when no mapping exists.]
03-07 17:01:47.016 2109 3973 I GameMode_ActivityMonitoringService: Notifying about top task: com.thundercomm.screensaver, isInMiniWindowMode: false
03-07 17:01:47.017 2109 3973 I GameMode_ActivityMonitoringService: onActivityLaunch: com.thundercomm.screensaver, isGameApp: false
03-07 17:01:47.017 2109 3973 V GameMode_GpuUtils: fps:60
03-07 17:01:47.018 1002 1915 E DisplayDeviceConfig: requesting nits when no mapping exists.
03-07 17:01:47.018 4156 4156 I wm_on_resume_called: [204223279,android.service.dreams.DreamActivity,RESUME_ACTIVITY]
03-07 17:01:47.020 1002 1662 I input_focus: [Focus leaving b7ba93a com.tencent.mm/com.tencent.mm.ui.LauncherUI (server),reason=NO_WINDOW]
03-07 17:01:47.022 1002 1172 I am_wtf : [0,1002,system_server,-1,DisplayDeviceConfig,requesting nits when no mapping exists.]
03-07 17:01:47.022 2109 3973 D GameModeIF_GameModeSettings: getUriFor setting_content_uri_root = content://com.thundercomm.gamemode.api/gamemode_settings , name = gamemode_enable
03-07 17:01:47.024 1002 1396 I am_uid_active: 10070
03-07 17:01:47.019 1002 1915 E DisplayDeviceConfig: requesting nits when no mapping exists.
03-07 17:01:47.029 1002 1172 I am_wtf : [0,1002,system_server,-1,DisplayDeviceConfig,requesting nits when no mapping exists.]
03-07 17:01:47.033 1068 1068 I BpBinder: onLastStrongRef automatically unlinking death recipients:
03-07 17:01:47.034 1002 1915 E DisplayDeviceConfig: requesting nits when no mapping exists.
03-07 17:01:47.034 1002 1915 E DisplayDeviceConfig: requesting nits when no mapping exists.
03-07 17:01:47.034 1002 1172 I am_wtf : [0,1002,system_server,-1,DisplayDeviceConfig,requesting nits when no mapping exists.]
03-07 17:01:47.035 1002 1172 I am_wtf : [0,1002,system_server,-1,DisplayDeviceConfig,requesting nits when no mapping exists.]
03-07 17:01:47.044 1983 2766 D KeyguardViewMediator: setOccluded true
03-07 17:01:47.046 5157 6169 I mars::stn: [longlink_connect_monitor.cc:470, OnHeartbeatAlarmSet]:longlink_progress on_heartbeat_set, time: 790505, time interval:210000
03-07 17:01:47.046 4156 4156 I wm_on_top_resumed_gained_called: [204223279,android.service.dreams.DreamActivity,topStateChangedWhenResumed]
03-07 17:01:47.050 1002 1915 E DisplayDeviceConfig: requesting nits when no mapping exists.
03-07 17:01:47.050 1002 1915 E DisplayDeviceConfig: requesting nits when no mapping exists.
03-07 17:01:47.051 1002 1172 I am_wtf : [0,1002,system_server,-1,DisplayDeviceConfig,requesting nits when no mapping exists.]
03-07 17:01:47.052 1983 1983 V KeyguardUpdateMonitor: startListeningForFingerprint()
03-07 17:01:47.053 1002 1172 I am_wtf : [0,1002,system_server,-1,DisplayDeviceConfig,requesting nits when no mapping exists.]
03-07 17:01:47.053 4156 4156 E ThemeUtils: View class androidx.appcompat.widget.AppCompatImageView is an AppCompat widget that can only be used with a Theme.AppCompat theme (or descendant).
03-07 17:01:47.054 1983 1983 D KeyguardViewMediator: adjustStatusBarLocked: mShowing=false mOccluded=true isSecure=false force=false --> flags=0x0
03-07 17:01:47.054 4156 4156 E ThemeUtils: View class androidx.appcompat.widget.AppCompatImageView is an AppCompat widget that can only be used with a Theme.AppCompat theme (or descendant).
03-07 17:01:47.055 4156 4156 E ThemeUtils: View class androidx.appcompat.widget.AppCompatImageView is an AppCompat widget that can only be used with a Theme.AppCompat theme (or descendant).
03-07 17:01:47.055 4156 4156 E ThemeUtils: View class androidx.appcompat.widget.AppCompatImageView is an AppCompat widget that can only be used with a Theme.AppCompat theme (or descendant).
03-07 17:01:47.067 1002 1915 E DisplayDeviceConfig: requesting nits when no mapping exists.
03-07 17:01:47.067 1002 1915 E DisplayDeviceConfig: requesting nits when no mapping exists.
03-07 17:01:47.067 1002 1172 I am_wtf : [0,1002,system_server,-1,DisplayDeviceConfig,requesting nits when no mapping exists.]
03-07 17:01:47.070 1002 1172 I am_wtf : [0,1002,system_server,-1,DisplayDeviceConfig,requesting nits when no mapping exists.]
03-07 17:01:47.075 1002 1154 I input_focus: [Focus request b771479 com.thundercomm.screensaver/android.service.dreams.DreamActivity,reason=UpdateInputWindows]
03-07 17:01:47.084 1002 1915 E DisplayDeviceConfig: requesting nits when no mapping exists.
03-07 17:01:47.085 1002 1915 E DisplayDeviceConfig: requesting nits when no mapping exists.
03-07 17:01:47.085 1002 1172 I am_wtf : [0,1002,system_server,-1,DisplayDeviceConfig,requesting nits when no mapping exists.]
03-07 17:01:47.086 1002 1172 I am_wtf : [0,1002,system_server,-1,DisplayDeviceConfig,requesting nits when no mapping exists.]
03-07 17:01:47.091 5157 6169 I mars::stn: [longlink_connect_monitor.cc:470, OnHeartbeatAlarmSet]:longlink_progress on_heartbeat_set, time: 790550, time interval:210000
03-07 17:01:47.093 1068 1110 I BpBinder: onLastStrongRef automatically unlinking death recipients:
03-07 17:01:47.097 1002 1172 I service_manager_slow: [10,dropbox]
03-07 17:01:47.101 1002 1915 E DisplayDeviceConfig: requesting nits when no mapping exists.
03-07 17:01:47.101 1002 1915 E DisplayDeviceConfig: requesting nits when no mapping exists.
03-07 17:01:47.102 1002 1172 I am_wtf : [0,1002,system_server,-1,DisplayDeviceConfig,requesting nits when no mapping exists.]
03-07 17:01:47.102 1002 1172 I am_wtf : [0,1002,system_server,-1,DisplayDeviceConfig,requesting nits when no mapping exists.]
03-07 17:01:47.118 1002 1915 E DisplayDeviceConfig: requesting nits when no mapping exists.
03-07 17:01:47.118 1002 1915 E DisplayDeviceConfig: requesting nits when no mapping exists.
03-07 17:01:47.118 1002 1172 I am_wtf : [0,1002,system_server,-1,DisplayDeviceConfig,requesting nits when no mapping exists.]
03-07 17:01:47.121 1002 1172 I am_wtf : [0,1002,system_server,-1,DisplayDeviceConfig,requesting nits when no mapping exists.]
03-07 17:01:47.121 1002 1204 V DisplayPowerController[0]: Brightness [1.0] reason changing to: 'manual', previous reason: 'manual [ dim ]'.
03-07 17:01:47.121 1002 1204 I sysui_multi_action: [757,1696,758,6,759,3]
03-07 17:01:47.124 1002 1153 I EventSequenceValidator: dec AccIntentStartedEvents to 1
03-07 17:01:47.128 1002 1150 I sysui_multi_action: [319,169,322,154,325,790,757,761,758,8,759,2,806,com.thundercomm.screensaver,871,android.service.dreams.DreamActivity,904,com.thundercomm.screensaver,905,0,1320,4,1321,2]
03-07 17:01:47.129 1002 1150 I wm_activity_launch_time: [0,204223279,com.thundercomm.screensaver/android.service.dreams.DreamActivity,154]
03-07 17:01:47.130 1002 1150 I ActivityTaskManager: Displayed com.thundercomm.screensaver/android.service.dreams.DreamActivity: +154ms
03-07 17:01:47.135 1002 1915 E DisplayDeviceConfig: requesting nits when no mapping exists.
03-07 17:01:47.136 1002 1172 I am_wtf : [0,1002,system_server,-1,DisplayDeviceConfig,requesting nits when no mapping exists.]
03-07 17:01:47.136 1002 1915 E DisplayDeviceConfig: requesting nits when no mapping exists.
03-07 17:01:47.137 1002 1172 I am_wtf : [0,1002,system_server,-1,DisplayDeviceConfig,requesting nits when no mapping exists.]
03-07 17:01:47.138 5157 6169 I mars::stn: [longlink_connect_monitor.cc:470, OnHeartbeatAlarmSet]:longlink_progress on_heartbeat_set, time: 790597, time interval:210000
03-07 17:01:47.142 1002 6668 W FreeFormWindowHelper: Current Display FreeFormTask is null
03-07 17:01:47.144 1983 1983 D StatusBar: disable disable2
03-07 17:01:47.154 1002 1662 I input_focus: [Focus entering b771479 com.thundercomm.screensaver/android.service.dreams.DreamActivity (server),reason=Window became focusable. Previous reason: NOT_VISIBLE]
03-07 17:01:47.160 4946 5086 D libEGL : MSAA-->msaa:0 gamemode:0 4x_msaa:0
03-07 17:01:47.166 1002 1915 E DisplayDeviceConfig: requesting nits when no mapping exists.
03-07 17:01:47.167 1002 1172 I am_wtf : [0,1002,system_server,-1,DisplayDeviceConfig,requesting nits when no mapping exists.]
03-07 17:01:47.167 1002 1915 E DisplayDeviceConfig: requesting nits when no mapping exists.
03-07 17:01:47.170 1002 1396 W InputDispatcher: Letterbox_right_ActivityRecord{6411d99 u0 com.tencent.mm/.ui.LauncherUI t19} has FLAG_SLIPPERY. Please report this in b/157929241
03-07 17:01:47.170 1002 1396 W InputDispatcher: Letterbox_left_ActivityRecord{6411d99 u0 com.tencent.mm/.ui.LauncherUI t19} has FLAG_SLIPPERY. Please report this in b/157929241
03-07 17:01:47.171 5157 6169 I mars::stn: [longlink_connect_monitor.cc:470, OnHeartbeatAlarmSet]:longlink_progress on_heartbeat_set, time: 790630, time interval:210000
03-07 17:01:47.172 1002 1172 I am_wtf : [0,1002,system_server,-1,DisplayDeviceConfig,requesting nits when no mapping exists.]
03-07 17:01:47.187 1002 1915 E DisplayDeviceConfig: requesting nits when no mapping exists.
03-07 17:01:47.188 1002 1172 I am_wtf : [0,1002,system_server,-1,DisplayDeviceConfig,requesting nits when no mapping exists.]
03-07 17:01:47.188 1002 1915 E DisplayDeviceConfig: requesting nits when no mapping exists.
03-07 17:01:47.189 1002 1172 I am_wtf : [0,1002,system_server,-1,DisplayDeviceConfig,requesting nits when no mapping exists.]
03-07 17:01:47.201 1002 1915 E DisplayDeviceConfig: requesting nits when no mapping exists.
03-07 17:01:47.201 1002 1915 E DisplayDeviceConfig: requesting nits when no mapping exists.
03-07 17:01:47.201 1002 1172 I am_wtf : [0,1002,system_server,-1,DisplayDeviceConfig,requesting nits when no mapping exists.]
03-07 17:01:47.202 5157 6169 I mars::stn: [longlink_connect_monitor.cc:470, OnHeartbeatAlarmSet]:longlink_progress on_heartbeat_set, time: 790661, time interval:210000
03-07 17:01:47.204 1002 1172 I am_wtf : [0,1002,system_server,-1,DisplayDeviceConfig,requesting nits when no mapping exists.]
03-07 17:01:47.218 1002 1915 E DisplayDeviceConfig: requesting nits when no mapping exists.
03-07 17:01:47.218 1002 1915 E DisplayDeviceConfig: requesting nits when no mapping exists.
03-07 17:01:47.219 1002 1172 I am_wtf : [0,1002,system_server,-1,DisplayDeviceConfig,requesting nits when no mapping exists.]
03-07 17:01:47.219 1002 1172 I am_wtf : [0,1002,system_server,-1,DisplayDeviceConfig,requesting nits when no mapping exists.]
03-07 17:01:47.220 5157 6169 I mars::stn: [longlink_connect_monitor.cc:470, OnHeartbeatAlarmSet]:longlink_progress on_heartbeat_set, time: 790679, time interval:210000
03-07 17:01:47.234 1002 1915 E DisplayDeviceConfig: requesting nits when no mapping exists.
03-07 17:01:47.235 1002 1915 E DisplayDeviceConfig: requesting nits when no mapping exists.
03-07 17:01:47.235 1002 1172 I am_wtf : [0,1002,system_server,-1,DisplayDeviceConfig,requesting nits when no mapping exists.]
03-07 17:01:47.236 1002 1172 I am_wtf : [0,1002,system_server,-1,DisplayDeviceConfig,requesting nits when no mapping exists.]
03-07 17:01:47.250 5157 6169 I mars::stn: [longlink_connect_monitor.cc:470, OnHeartbeatAlarmSet]:longlink_progress on_heartbeat_set, time: 790709, time interval:210000
03-07 17:01:47.251 1002 1915 E DisplayDeviceConfig: requesting nits when no mapping exists.
03-07 17:01:47.251 1002 1172 I am_wtf : [0,1002,system_server,-1,DisplayDeviceConfig,requesting nits when no mapping exists.]
03-07 17:01:47.251 1002 1915 E DisplayDeviceConfig: requesting nits when no mapping exists.
03-07 17:01:47.253 1002 1172 I am_wtf : [0,1002,system_server,-1,DisplayDeviceConfig,requesting nits when no mapping exists.]
03-07 17:01:47.262 650 660 I mpu_uart: [MSG-P:RECV]:No message received in 1000 ms
03-07 17:01:47.268 1002 1915 E DisplayDeviceConfig: requesting nits when no mapping exists.
03-07 17:01:47.268 1002 1172 I am_wtf : [0,1002,system_server,-1,DisplayDeviceConfig,requesting nits when no mapping exists.]
03-07 17:01:47.268 1002 1915 E DisplayDeviceConfig: requesting nits when no mapping exists.
03-07 17:01:47.270 1002 1172 I am_wtf : [0,1002,system_server,-1,DisplayDeviceConfig,requesting nits when no mapping exists.]
03-07 17:01:47.272 5157 6169 I mars::stn: [longlink_connect_monitor.cc:470, OnHeartbeatAlarmSet]:longlink_progress on_heartbeat_set, time: 790731, time interval:210000
03-07 17:01:47.285 1002 1915 E DisplayDeviceConfig: requesting nits when no mapping exists.
03-07 17:01:47.285 1002 1915 E DisplayDeviceConfig: requesting nits when no mapping exists.
03-07 17:01:47.285 1002 1172 I am_wtf : [0,1002,system_server,-1,DisplayDeviceConfig,requesting nits when no mapping exists.]
03-07 17:01:47.287 1002 1172 I am_wtf : [0,1002,system_server,-1,DisplayDeviceConfig,requesting nits when no mapping exists.]
03-07 17:01:47.303 1002 1915 E DisplayDeviceConfig: requesting nits when no mapping exists.
03-07 17:01:47.303 1002 1915 E DisplayDeviceConfig: requesting nits when no mapping exists.
03-07 17:01:47.303 1002 1172 I am_wtf : [0,1002,system_server,-1,DisplayDeviceConfig,requesting nits when no mapping exists.]
03-07 17:01:47.305 1002 1172 I am_wtf : [0,1002,system_server,-1,DisplayDeviceConfig,requesting nits when no mapping exists.]
03-07 17:01:47.317 5157 6169 I mars::stn: [longlink_connect_monitor.cc:470, OnHeartbeatAlarmSet]:longlink_progress on_heartbeat_set, time: 790776, time interval:210000
03-07 17:01:47.319 1002 1915 E DisplayDeviceConfig: requesting nits when no mapping exists.
03-07 17:01:47.319 1002 1915 E DisplayDeviceConfig: requesting nits when no mapping exists.
03-07 17:01:47.319 1002 1172 I am_wtf : [0,1002,system_server,-1,DisplayDeviceConfig,requesting nits when no mapping exists.]
03-07 17:01:47.321 1002 1172 I am_wtf : [0,1002,system_server,-1,DisplayDeviceConfig,requesting nits when no mapping exists.]
03-07 17:01:47.335 1002 1915 E DisplayDeviceConfig: requesting nits when no mapping exists.
03-07 17:01:47.335 1002 1915 E DisplayDeviceConfig: requesting nits when no mapping exists.
03-07 17:01:47.335 1002 1172 I am_wtf : [0,1002,system_server,-1,DisplayDeviceConfig,requesting nits when no mapping exists.]
03-07 17:01:47.336 1002 1172 I am_wtf : [0,1002,system_server,-1,DisplayDeviceConfig,requesting nits when no mapping exists.]
03-07 17:01:47.347 4946 4974 I Finder.FinderSpamLogic: [:4974, ]:getFunctionSpamAction null
03-07 17:01:47.353 1002 1915 E DisplayDeviceConfig: requesting nits when no mapping exists.
03-07 17:01:47.353 1002 1915 E DisplayDeviceConfig: requesting nits when no mapping exists.
03-07 17:01:47.354 1002 1172 I am_wtf : [0,1002,system_server,-1,DisplayDeviceConfig,requesting nits when no mapping exists.]
03-07 17:01:47.354 1002 1172 I am_wtf : [0,1002,system_server,-1,DisplayDeviceConfig,requesting nits when no mapping exists.]
03-07 17:01:47.356 5157 6169 I mars::stn: [longlink_connect_monitor.cc:470, OnHeartbeatAlarmSet]:longlink_progress on_heartbeat_set, time: 790815, time interval:210000
03-07 17:01:47.390 5157 6169 I mars::stn: [longlink_connect_monitor.cc:470, OnHeartbeatAlarmSet]:longlink_progress on_heartbeat_set, time: 790849, time interval:210000
03-07 17:01:47.435 5157 6169 I mars::stn: [longlink_connect_monitor.cc:470, OnHeartbeatAlarmSet]:longlink_progress on_heartbeat_set, time: 790894, time interval:210000
03-07 17:01:47.451 5157 6169 I mars::stn: [longlink_connect_monitor.cc:470, OnHeartbeatAlarmSet]:longlink_progress on_heartbeat_set, time: 790910, time interval:210000
03-07 17:01:47.592 1002 1172 I am_uid_idle: 10071
03-07 17:01:47.620 1002 1153 I wm_stop_activity: [0,104930713,com.tencent.mm/.ui.LauncherUI]
03-07 17:01:47.655 4946 4946 I Matrix.battery.DeviceStatusMonitorFeature: [:4946, ]:#onForeground, foreground = false
03-07 17:01:47.667 4946 4946 I wm_on_stop_called: [104930713,com.tencent.mm.ui.LauncherUI,STOP_ACTIVITY_ITEM]
03-07 17:01:48.262 650 660 I mpu_uart: [MSG-P:RECV]:No message received in 1000 ms
01-02 07:16:23.030 0 0 W audit : audit_lost=776 audit_rate_limit=5 audit_backlog_limit=64
01-02 07:16:23.037 0 0 E audit : rate limit exceeded
03-07 17:01:48.419 4946 4946 I auditd : type=1400 audit(0.0:2032): avc: denied { read } for comm="[GT]ColdPool#10" name="devices" dev="proc" ino=4026532312 scontext=u:r:untrusted_app_29:s0:c99,c256,c512,c768 tcontext=u:object_r:proc:s0 tclass=file permissive=1 app=com.tencent.mm
03-07 17:01:48.419 4946 4946 I [GT]ColdPool#10: type=1400 audit(0.0:2032): avc: denied { read } for name="devices" dev="proc" ino=4026532312 scontext=u:r:untrusted_app_29:s0:c99,c256,c512,c768 tcontext=u:object_r:proc:s0 tclass=file permissive=1 app=com.tencent.mm
03-07 17:01:48.419 4946 4946 I auditd : type=1400 audit(0.0:2033): avc: denied { open } for comm="[GT]ColdPool#10" path="/proc/bus/pci/devices" dev="proc" ino=4026532312 scontext=u:r:untrusted_app_29:s0:c99,c256,c512,c768 tcontext=u:object_r:proc:s0 tclass=file permissive=1 app=com.tencent.mm
03-07 17:01:48.419 4946 4946 I [GT]ColdPool#10: type=1400 audit(0.0:2033): avc: denied { open } for path="/proc/bus/pci/devices" dev="proc" ino=4026532312 scontext=u:r:untrusted_app_29:s0:c99,c256,c512,c768 tcontext=u:object_r:proc:s0 tclass=file permissive=1 app=com.tencent.mm
03-07 17:01:48.423 4946 4946 I auditd : type=1400 audit(0.0:2034): avc: denied { read } for comm="[GT]ColdPool#10" name="interrupts" dev="proc" ino=4026532242 scontext=u:r:untrusted_app_29:s0:c99,c256,c512,c768 tcontext=u:object_r:proc_interrupts:s0 tclass=file permissive=1 app=com.tencent.mm
03-07 17:01:48.423 4946 4946 I [GT]ColdPool#10: type=1400 audit(0.0:2034): avc: denied { read } for name="interrupts" dev="proc" ino=4026532242 scontext=u:r:untrusted_app_29:s0:c99,c256,c512,c768 tcontext=u:object_r:proc_interrupts:s0 tclass=file permissive=1 app=com.tencent.mm
03-07 17:01:48.423 4946 4946 I auditd : type=1400 audit(0.0:2035): avc: denied { open } for comm="[GT]ColdPool#10" path="/proc/interrupts" dev="proc" ino=4026532242 scontext=u:r:untrusted_app_29:s0:c99,c256,c512,c768 tcontext=u:object_r:proc_interrupts:s0 tclass=file permissive=1 app=com.tencent.mm
03-07 17:01:48.423 4946 4946 I [GT]ColdPool#10: type=1400 audit(0.0:2035): avc: denied { open } for path="/proc/interrupts" dev="proc" ino=4026532242 scontext=u:r:untrusted_app_29:s0:c99,c256,c512,c768 tcontext=u:object_r:proc_interrupts:s0 tclass=file permissive=1 app=com.tencent.mm
03-07 17:01:48.587 4946 6790 I MicroMsg.AppBrand.BatchSyncVersionUtils: [:6790, ]:collectPreDownloadWhiteListReqList, preDownloadList:{8640000=[wxad3150031786d672]}
03-07 17:01:48.423 4946 4946 I auditd : type=1400 audit(0.0:2036): avc: denied { read } for comm="[GT]ColdPool#10" name="diskstats" dev="proc" ino=4026532309 scontext=u:r:untrusted_app_29:s0:c99,c256,c512,c768 tcontext=u:object_r:proc_diskstats:s0 tclass=file permissive=1 app=com.tencent.mm
03-07 17:01:48.423 4946 4946 I [GT]ColdPool#10: type=1400 audit(0.0:2036): avc: denied { read } for name="diskstats" dev="proc" ino=4026532309 scontext=u:r:untrusted_app_29:s0:c99,c256,c512,c768 tcontext=u:object_r:proc_diskstats:s0 tclass=file permissive=1 app=com.tencent.mm
03-07 17:01:48.610 1002 6431 D CompatibilityChangeReporter: Compat change id reported: 157233955; UID 10099; state: DISABLED
03-07 17:01:48.423 4946 4946 I auditd : type=1400 audit(0.0:2037): avc: denied { open } for comm="[GT]ColdPool#10" path="/proc/diskstats" dev="proc" ino=4026532309 scontext=u:r:untrusted_app_29:s0:c99,c256,c512,c768 tcontext=u:object_r:proc_diskstats:s0 tclass=file permissive=1 app=com.tencent.mm
03-07 17:01:48.423 4946 4946 I [GT]ColdPool#10: type=1400 audit(0.0:2037): avc: denied { open } for path="/proc/diskstats" dev="proc" ino=4026532309 scontext=u:r:untrusted_app_29:s0:c99,c256,c512,c768 tcontext=u:object_r:proc_diskstats:s0 tclass=file permissive=1 app=com.tencent.mm
03-07 17:01:49.003 1002 6431 E AppOps : Operation not started: uid=10099 pkg=com.tencent.mm(null) op=WAKE_LOCK
03-07 17:01:49.108 2954 2954 I hpplay-java: [main]:ServerTaskManager:restart by error
03-07 17:01:49.108 2954 2954 I hpplay-java: [main]:ServerTaskManager:startServer
03-07 17:01:49.108 2954 2954 I hpplay-java: [main]:ServerTaskManager:startServer add, reason: server is starting or running
03-07 17:01:49.108 2954 2954 I hpplay-java: [main]:ServerTaskManager:addStopTask
03-07 17:01:49.109 2954 2954 I hpplay-java: [main]:ServerTaskManager:addStartTask
03-07 17:01:49.109 2954 2954 I hpplay-java: [main]:ServerTaskManager:exeTask stopServer
03-07 17:01:49.109 2954 2954 I hpplay-java: [main]:Bridge:stopServer keepPush: false
03-07 17:01:49.109 2954 2954 D hpplay-base: [jniBridge:909] Bridge__1stopServer status:2
03-07 17:01:49.110 2954 2954 D hpplay-base: [LelinkBase:654] stopAllServer will start thread!
03-07 17:01:49.110 2954 7514 D hpplay-base: [AEventUtils:588] handle AEvent thread end!!,tid is 7514
03-07 17:01:49.111 2954 7551 I hpplay-base: [mDNSEmbeded:65] embedded_mDNSExit call
03-07 17:01:49.111 2954 7515 D hpplay-base: [REventUtils:197] handleREventThread thread end!!,tid is 7515
03-07 17:01:49.135 2954 7491 D hpplay-base: [Server:447] startHttpServer will END srv->serverType:0
03-07 17:01:49.135 2954 7491 D hpplay-base: [Server:646] startHttpServer cond srv_shutdown:1 connectNummber:0
03-07 17:01:49.135 2954 7491 D hpplay-base: [Server:669] startHttpServer wait cond END. srv_shutdown:1 connectNummber:0
03-07 17:01:49.136 2954 7491 D hpplay-base: [Server:457] HttpServer END, tid is 7491
03-07 17:01:49.185 2954 7492 D hpplay-base: [stream_mirror_compat:1284] mirror stream begin to exit,server fd:134,thread_id:3228836288!!
03-07 17:01:49.185 2954 7492 D hpplay-base: [stream_mirror_compat:1323] ##screen stream exit successfully!!##
03-07 17:01:49.262 650 660 I mpu_uart: [MSG-P:RECV]:No message received in 1000 ms
03-07 17:01:49.271 6457 6648 I MicroMsg.GameJsServerCommLibPkg: [:6648, ]:load
03-07 17:01:49.418 504 504 E SELinux : avc: denied { find } for pid=4946 uid=10099 name=DockObserver scontext=u:r:untrusted_app_29:s0:c99,c256,c512,c768 tcontext=u:object_r:DockObserver_service:s0 tclass=service_manager permissive=1
03-07 17:01:49.418 504 504 I auditd : avc: denied { find } for pid=4946 uid=10099 name=DockObserver scontext=u:r:untrusted_app_29:s0:c99,c256,c512,c768 tcontext=u:object_r:DockObserver_service:s0 tclass=service_manager permissive=1
03-07 17:01:49.424 4946 5114 E Parcel : Reading a NULL string not supported here.
03-07 17:01:49.462 2954 7511 I hpplay-base: [mDNSEmbeded:140] embedded_mDNSLoop Exiting end,tid is 7511
03-07 17:01:49.463 2954 7551 D hpplay-base: [mDNSEmbeded:452] stopmDNSServer end stopmDNSNow=2, nRet=0
03-07 17:01:49.473 650 659 I mpu_uart: [MSG-P:R]:recv sync frame timeout
03-07 17:01:49.435 4946 4946 I auditd : type=1400 audit(0.0:2049): avc: denied { call } for comm="[GT]ColdPool#10" scontext=u:r:untrusted_app_29:s0:c99,c256,c512,c768 tcontext=u:r:hal_light_default:s0 tclass=binder permissive=1 app=com.tencent.mm
03-07 17:01:49.435 4946 4946 I [GT]ColdPool#10: type=1400 audit(0.0:2049): avc: denied { call } for scontext=u:r:untrusted_app_29:s0:c99,c256,c512,c768 tcontext=u:r:hal_light_default:s0 tclass=binder permissive=1 app=com.tencent.mm
03-07 17:01:49.471 4946 4946 I auditd : type=1400 audit(0.0:2050): avc: denied { call } for comm="[GT]ColdPool#10" scontext=u:r:untrusted_app_29:s0:c99,c256,c512,c768 tcontext=u:r:hal_power_default:s0 tclass=binder permissive=1 app=com.tencent.mm
03-07 17:01:49.471 4946 4946 I [GT]ColdPool#10: type=1400 audit(0.0:2050): avc: denied { call } for scontext=u:r:untrusted_app_29:s0:c99,c256,c512,c768 tcontext=u:r:hal_power_default:s0 tclass=binder permissive=1 app=com.tencent.mm
03-07 17:01:49.483 504 504 E SELinux : avc: denied { find } for pid=4946 uid=10099 name=android.hardware.vibrator.IVibrator/default scontext=u:r:untrusted_app_29:s0:c99,c256,c512,c768 tcontext=u:object_r:hal_vibrator_service:s0 tclass=service_manager permissive=1
03-07 17:01:49.483 504 504 I auditd : avc: denied { find } for pid=4946 uid=10099 name=android.hardware.vibrator.IVibrator/default scontext=u:r:untrusted_app_29:s0:c99,c256,c512,c768 tcontext=u:object_r:hal_vibrator_service:s0 tclass=service_manager permissive=1
03-07 17:01:49.499 504 504 E SELinux : avc: denied { find } for pid=4946 uid=10099 name=android.security.authorization scontext=u:r:untrusted_app_29:s0:c99,c256,c512,c768 tcontext=u:object_r:authorization_service:s0 tclass=service_manager permissive=1
03-07 17:01:49.499 504 504 I auditd : avc: denied { find } for pid=4946 uid=10099 name=android.security.authorization scontext=u:r:untrusted_app_29:s0:c99,c256,c512,c768 tcontext=u:object_r:authorization_service:s0 tclass=service_manager permissive=1
03-07 17:01:49.479 4946 4946 I auditd : type=1400 audit(0.0:2051): avc: denied { call } for comm="[GT]ColdPool#10" scontext=u:r:untrusted_app_29:s0:c99,c256,c512,c768 tcontext=u:r:hal_vibrator_default:s0 tclass=binder permissive=1 app=com.tencent.mm
03-07 17:01:49.479 4946 4946 I [GT]ColdPool#10: type=1400 audit(0.0:2051): avc: denied { call } for scontext=u:r:untrusted_app_29:s0:c99,c256,c512,c768 tcontext=u:r:hal_vibrator_default:s0 tclass=binder permissive=1 app=com.tencent.mm
03-07 17:01:49.483 4946 4946 I auditd : type=1400 audit(0.0:2052): avc: denied { call } for comm="[GT]ColdPool#10" scontext=u:r:untrusted_app_29:s0:c99,c256,c512,c768 tcontext=u:r:update_engine:s0 tclass=binder permissive=1 app=com.tencent.mm
03-07 17:01:49.483 4946 4946 I [GT]ColdPool#10: type=1400 audit(0.0:2052): avc: denied { call } for scontext=u:r:untrusted_app_29:s0:c99,c256,c512,c768 tcontext=u:r:update_engine:s0 tclass=binder permissive=1 app=com.tencent.mm
03-07 17:01:49.501 504 504 E SELinux : avc: denied { find } for pid=4946 uid=10099 name=android.security.compat scontext=u:r:untrusted_app_29:s0:c99,c256,c512,c768 tcontext=u:object_r:keystore_compat_hal_service:s0 tclass=service_manager permissive=1
03-07 17:01:49.501 504 504 I auditd : avc: denied { find } for pid=4946 uid=10099 name=android.security.compat scontext=u:r:untrusted_app_29:s0:c99,c256,c512,c768 tcontext=u:object_r:keystore_compat_hal_service:s0 tclass=service_manager permissive=1
03-07 17:01:49.534 4946 5114 E Parcel : Reading a NULL string not supported here.
03-07 17:01:49.562 504 504 E SELinux : avc: denied { find } for pid=4946 uid=10099 name=battery scontext=u:r:untrusted_app_29:s0:c99,c256,c512,c768 tcontext=u:object_r:battery_service:s0 tclass=service_manager permissive=1
03-07 17:01:49.563 504 504 I auditd : avc: denied { find } for pid=4946 uid=10099 name=battery scontext=u:r:untrusted_app_29:s0:c99,c256,c512,c768 tcontext=u:object_r:battery_service:s0 tclass=service_manager permissive=1
03-07 17:01:49.564 4946 5114 E Parcel : Reading a NULL string not supported here.
03-07 17:01:49.570 4946 5114 E Parcel : Reading a NULL string not supported here.
03-07 17:01:49.582 4946 5114 E Parcel : Reading a NULL string not supported here.
03-07 17:01:49.583 504 504 E SELinux : avc: denied { find } for pid=4946 uid=10099 name=color_display scontext=u:r:untrusted_app_29:s0:c99,c256,c512,c768 tcontext=u:object_r:color_display_service:s0 tclass=service_manager permissive=1
03-07 17:01:49.583 504 504 I auditd : avc: denied { find } for pid=4946 uid=10099 name=color_display scontext=u:r:untrusted_app_29:s0:c99,c256,c512,c768 tcontext=u:object_r:color_display_service:s0 tclass=service_manager permissive=1
03-07 17:01:49.589 504 504 E SELinux : avc: denied { find } for pid=4946 uid=10099 name=com.thundercomm.gamemode.perfservice scontext=u:r:untrusted_app_29:s0:c99,c256,c512,c768 tcontext=u:object_r:boostperf_service:s0 tclass=service_manager permissive=1
03-07 17:01:49.589 504 504 I auditd : avc: denied { find } for pid=4946 uid=10099 name=com.thundercomm.gamemode.perfservice scontext=u:r:untrusted_app_29:s0:c99,c256,c512,c768 tcontext=u:object_r:boostperf_service:s0 tclass=service_manager permissive=1
03-07 17:01:49.634 2954 7512 I hpplay-base: [mDNSEmbeded:376] end lelink publish server, tid is 7512
03-07 17:01:49.635 2954 7551 D hpplay-base: [mDNSEmbeded:420] stopmLelinkServer end nRet=0
03-07 17:01:49.635 2954 7551 D hpplay-base: [LelinkBase:615] lebodlna stopServerThreadFunc dlnaEnable:1
03-07 17:01:49.635 2954 7551 D hpplay-base-dlna: [lebodlna_api:49] stop DMR
03-07 17:01:49.635 2954 7551 D hpplay-base-dlna: [lebodlna_api:344] m_pRender Release
03-07 17:01:49.642 4946 5114 E Parcel : Reading a NULL string not supported here.
03-07 17:01:49.646 4946 5114 E Parcel : Reading a NULL string not supported here.
03-07 17:01:49.648 4946 5114 E Parcel : Reading a NULL string not supported here.
03-07 17:01:49.653 4946 5114 E Parcel : Reading a NULL string not supported here.
03-07 17:01:49.654 4946 5114 E Parcel : Reading a NULL string not supported here.
03-07 17:01:49.651 4946 4946 I auditd : type=1400 audit(0.0:2053): avc: denied { call } for comm="[GT]ColdPool#10" scontext=u:r:untrusted_app_29:s0:c99,c256,c512,c768 tcontext=u:r:netd:s0 tclass=binder permissive=1 app=com.tencent.mm
03-07 17:01:49.651 4946 4946 I [GT]ColdPool#10: type=1400 audit(0.0:2053): avc: denied { call } for scontext=u:r:untrusted_app_29:s0:c99,c256,c512,c768 tcontext=u:r:netd:s0 tclass=binder permissive=1 app=com.tencent.mm
03-07 17:01:49.683 4946 5114 E Parcel : Reading a NULL string not supported here.
03-07 17:01:49.692 504 504 E SELinux : avc: denied { find } for pid=4946 uid=10099 name=gfxinfo scontext=u:r:untrusted_app_29:s0:c99,c256,c512,c768 tcontext=u:object_r:gfxinfo_service:s0 tclass=service_manager permissive=1
03-07 17:01:49.692 504 504 I auditd : avc: denied { find } for pid=4946 uid=10099 name=gfxinfo scontext=u:r:untrusted_app_29:s0:c99,c256,c512,c768 tcontext=u:object_r:gfxinfo_service:s0 tclass=service_manager permissive=1
03-07 17:01:49.694 4946 5114 E Parcel : Reading a NULL string not supported here.
03-07 17:01:49.698 2954 7551 D hpplay-base-dlna: [UpnpDefine:867] DMRender release success
03-07 17:01:49.699 2954 7551 D hpplay-base-dlna: [lebodlna_api:352] m_pAVT Release
03-07 17:01:49.699 2954 7551 D hpplay-base-dlna: [lebodlna_api:360] m_pRCS Release
03-07 17:01:49.699 2954 7551 D hpplay-base-dlna: [lebodlna_api:365] dmrender destroydmr
01-02 07:16:24.296 0 0 W audit : audit_lost=787 audit_rate_limit=5 audit_backlog_limit=64
01-02 07:16:24.304 0 0 E audit : rate limit exceeded
03-07 17:01:49.737 504 504 E SELinux : avc: denied { find } for pid=4946 uid=10099 name=incidentcompanion scontext=u:r:untrusted_app_29:s0:c99,c256,c512,c768 tcontext=u:object_r:incidentcompanion_service:s0 tclass=service_manager permissive=1
03-07 17:01:49.737 504 504 I auditd : avc: denied { find } for pid=4946 uid=10099 name=incidentcompanion scontext=u:r:untrusted_app_29:s0:c99,c256,c512,c768 tcontext=u:object_r:incidentcompanion_service:s0 tclass=service_manager permissive=1
03-07 17:01:49.743 504 504 E SELinux : avc: denied { find } for pid=4946 uid=10099 name=installd scontext=u:r:untrusted_app_29:s0:c99,c256,c512,c768 tcontext=u:object_r:installd_service:s0 tclass=service_manager permissive=1
03-07 17:01:49.743 504 504 I auditd : avc: denied { find } for pid=4946 uid=10099 name=installd scontext=u:r:untrusted_app_29:s0:c99,c256,c512,c768 tcontext=u:object_r:installd_service:s0 tclass=service_manager permissive=1
03-07 17:01:49.755 4946 5114 E Parcel : Reading a NULL string not supported here.
03-07 17:01:49.757 4946 5114 E Parcel : Reading a NULL string not supported here.
03-07 17:01:49.798 4946 5114 E Parcel : Reading a NULL string not supported here.
03-07 17:01:49.829 4946 5114 E Parcel : Reading a NULL string not supported here.
03-07 17:01:49.833 504 504 E SELinux : avc: denied { find } for pid=4946 uid=10099 name=overlay scontext=u:r:untrusted_app_29:s0:c99,c256,c512,c768 tcontext=u:object_r:overlay_service:s0 tclass=service_manager permissive=1
03-07 17:01:49.833 504 504 I auditd : avc: denied { find } for pid=4946 uid=10099 name=overlay scontext=u:r:untrusted_app_29:s0:c99,c256,c512,c768 tcontext=u:object_r:overlay_service:s0 tclass=service_manager permissive=1
03-07 17:01:49.860 504 504 E SELinux : avc: denied { find } for pid=4946 uid=10099 name=pinner scontext=u:r:untrusted_app_29:s0:c99,c256,c512,c768 tcontext=u:object_r:pinner_service:s0 tclass=service_manager permissive=1
03-07 17:01:49.860 504 504 I auditd : avc: denied { find } for pid=4946 uid=10099 name=pinner scontext=u:r:untrusted_app_29:s0:c99,c256,c512,c768 tcontext=u:object_r:pinner_service:s0 tclass=service_manager permissive=1
03-07 17:01:49.862 4946 5114 E Parcel : Reading a NULL string not supported here.
03-07 17:01:49.866 4946 5114 E Parcel : Reading a NULL string not supported here.
03-07 17:01:49.867 504 504 E SELinux : avc: denied { find } for pid=4946 uid=10099 name=processinfo scontext=u:r:untrusted_app_29:s0:c99,c256,c512,c768 tcontext=u:object_r:processinfo_service:s0 tclass=service_manager permissive=1
03-07 17:01:49.867 504 504 I auditd : avc: denied { find } for pid=4946 uid=10099 name=processinfo scontext=u:r:untrusted_app_29:s0:c99,c256,c512,c768 tcontext=u:object_r:processinfo_service:s0 tclass=service_manager permissive=1
03-07 17:01:49.887 4946 5114 E Parcel : Reading a NULL string not supported here.
03-07 17:01:49.895 504 504 E SELinux : avc: denied { find } for pid=4946 uid=10099 name=secure_element scontext=u:r:untrusted_app_29:s0:c99,c256,c512,c768 tcontext=u:object_r:secure_element_service:s0 tclass=service_manager permissive=1
03-07 17:01:49.895 504 504 I auditd : avc: denied { find } for pid=4946 uid=10099 name=secure_element scontext=u:r:untrusted_app_29:s0:c99,c256,c512,c768 tcontext=u:object_r:secure_element_service:s0 tclass=service_manager permissive=1
03-07 17:01:49.903 4946 5114 E Parcel : Reading a NULL string not supported here.
03-07 17:01:49.915 504 504 E SELinux : avc: denied { find } for pid=4946 uid=10099 name=stats scontext=u:r:untrusted_app_29:s0:c99,c256,c512,c768 tcontext=u:object_r:stats_service:s0 tclass=service_manager permissive=1
03-07 17:01:49.915 504 504 I auditd : avc: denied { find } for pid=4946 uid=10099 name=stats scontext=u:r:untrusted_app_29:s0:c99,c256,c512,c768 tcontext=u:object_r:stats_service:s0 tclass=service_manager permissive=1
03-07 17:01:49.953 4946 5114 E Parcel : Reading a NULL string not supported here.
03-07 17:01:49.975 1002 1172 D CompatibilityInfo: mCompatibilityFlags - 4
03-07 17:01:49.975 1002 1172 D CompatibilityInfo: applicationDensity - 240
03-07 17:01:49.975 1002 1172 D CompatibilityInfo: applicationScale - 1.0
03-07 17:01:49.976 4946 5114 E Parcel : Reading a NULL string not supported here.
03-07 17:01:49.999 2954 7551 D hpplay-base-dlna: [lebodlna-dlna_android:186] stopDLNA
03-07 17:01:49.999 2954 7551 D hpplay-base-dlna: [lebodlna-dlna_android:189] dlnaservice destroy
03-07 17:01:49.999 2954 7551 D hpplay-base-dlna: [lebodlna-dlna_android:49] dlnaservice Destroy 49 int CDlnaService::Destroy()
03-07 17:01:49.999 2954 7551 D hpplay-base-dlna: [lebodlna-dlnaframe:245] dlnaservice Destroy 245 static ERROR_TYPE IDlnaFrame::DestroyDlnaFrame(IDlnaFrame *)
03-07 17:01:49.999 2954 7551 D hpplay-base-dlna: [lebodlna-dlnaframe:179] dlnaservice Destroy 179 virtual void CDlnaFrame::Release()
03-07 17:01:49.999 2954 7551 D hpplay-base-dlna: [lebodlna-dlnaframe:190] dlnaservice Destroy 190 virtual void CDlnaFrame::Release()
03-07 17:01:49.999 2954 7551 D hpplay-base-dlna: [lebodlna-dlnaframe:192] dlnaservice Destroy 192 virtual void CDlnaFrame::Release()
03-07 17:01:49.999 2954 7551 D hpplay-base-dlna: [lebodlna-dlnaframe:247] dlnaservice Destroy 247 static ERROR_TYPE IDlnaFrame::DestroyDlnaFrame(IDlnaFrame *)
03-07 17:01:49.999 2954 7551 D hpplay-base-dlna: [lebodlna-dlnaframe:251] dlnaservice Destroy 251 static ERROR_TYPE IDlnaFrame::DestroyDlnaFrame(IDlnaFrame *)
03-07 17:01:50.004 2954 7551 E hpplay-base-dlna: upnpapi.c:655::before gminiserver ThreadPoolShutdown
03-07 17:01:50.004 2954 7551 E hpplay-base-dlna: ThreadPool.c:1047::on ThreadPoolShutdown tp->totalThreads:3
03-07 17:01:50.005 2954 7551 E hpplay-base-dlna: ThreadPool.c:1056::after ThreadPoolShutdown
03-07 17:01:50.005 2954 7551 E hpplay-base-dlna: ThreadPool.c:1057::ThreadPoolShutdown tp->totalThreads:0
03-07 17:01:50.005 2954 7551 E hpplay-base-dlna: upnpapi.c:657::after gminiserver ThreadPoolShutdown
03-07 17:01:50.005 2954 7551 E hpplay-base-dlna: upnpapi.c:659::before grecv ThreadPoolShutdown
03-07 17:01:50.006 2954 7551 E hpplay-base-dlna: ThreadPool.c:1047::on ThreadPoolShutdown tp->totalThreads:12
03-07 17:01:50.006 2954 7551 E hpplay-base-dlna: ThreadPool.c:1047::on ThreadPoolShutdown tp->totalThreads:11
03-07 17:01:50.006 2954 7551 E hpplay-base-dlna: ThreadPool.c:1047::on ThreadPoolShutdown tp->totalThreads:10
03-07 17:01:50.007 2954 7551 E hpplay-base-dlna: ThreadPool.c:1047::on ThreadPoolShutdown tp->totalThreads:4
03-07 17:01:50.007 2954 7551 E hpplay-base-dlna: ThreadPool.c:1047::on ThreadPoolShutdown tp->totalThreads:3
03-07 17:01:50.008 2954 7551 E hpplay-base-dlna: ThreadPool.c:1047::on ThreadPoolShutdown tp->totalThreads:2
03-07 17:01:50.008 2954 7551 E hpplay-base-dlna: ThreadPool.c:1047::on ThreadPoolShutdown tp->totalThreads:1
03-07 17:01:50.008 2954 7551 E hpplay-base-dlna: ThreadPool.c:1056::after ThreadPoolShutdown
03-07 17:01:50.008 2954 7551 E hpplay-base-dlna: ThreadPool.c:1057::ThreadPoolShutdown tp->totalThreads:0
03-07 17:01:50.008 2954 7551 E hpplay-base-dlna: upnpapi.c:661::after grecv ThreadPoolShutdown
03-07 17:01:50.008 2954 7551 E hpplay-base-dlna: upnpapi.c:663::before gsend ThreadPoolShutdown
03-07 17:01:50.009 2954 7551 E hpplay-base-dlna: ThreadPool.c:1047::on ThreadPoolShutdown tp->totalThreads:3
03-07 17:01:50.009 2954 7551 E hpplay-base-dlna: ThreadPool.c:1047::on ThreadPoolShutdown tp->totalThreads:2
03-07 17:01:50.009 2954 7551 E hpplay-base-dlna: ThreadPool.c:1047::on ThreadPoolShutdown tp->totalThreads:1
03-07 17:01:50.010 2954 7551 E hpplay-base-dlna: ThreadPool.c:1056::after ThreadPoolShutdown
03-07 17:01:50.010 2954 7551 E hpplay-base-dlna: ThreadPool.c:1057::ThreadPoolShutdown tp->totalThreads:0
03-07 17:01:50.010 2954 7551 E hpplay-base-dlna: upnpapi.c:665::after gsend ThreadPoolShutdown
03-07 17:01:50.010 2954 7551 D hpplay-base-dlna: [lebodlna-dlnaframe:253] dlnaservice Destroy 253 static ERROR_TYPE IDlnaFrame::DestroyDlnaFrame(IDlnaFrame *)
03-07 17:01:50.010 2954 7551 D hpplay-base-dlna: [lebodlna-dlna_android:51] dlnaservice Destroy 51 int CDlnaService::Destroy()
03-07 17:01:50.010 2954 7551 D hpplay-base-dlna: [lebodlna-dlna_android:194] stopDLNA end
03-07 17:01:50.085 1002 1172 D CompatibilityInfo: mCompatibilityFlags - 4
03-07 17:01:50.085 1002 1172 D CompatibilityInfo: applicationDensity - 240
03-07 17:01:50.085 1002 1172 D CompatibilityInfo: applicationScale - 1.0
03-07 17:01:50.105 6457 6475 I encent.mm:tool: Explicit concurrent copying GC freed 15408(1086KB) AllocSpace objects, 11(220KB) LOS objects, 24% free, 6166KB/8222KB, paused 94us,95us total 166.150ms
03-07 17:01:50.109 504 504 E SELinux : avc: denied { find } for pid=4946 uid=10099 name=tracing.proxy scontext=u:r:untrusted_app_29:s0:c99,c256,c512,c768 tcontext=u:object_r:tracingproxy_service:s0 tclass=service_manager permissive=1
03-07 17:01:50.109 504 504 I auditd : avc: denied { find } for pid=4946 uid=10099 name=tracing.proxy scontext=u:r:untrusted_app_29:s0:c99,c256,c512,c768 tcontext=u:object_r:tracingproxy_service:s0 tclass=service_manager permissive=1
03-07 17:01:50.152 1002 1396 D CompatibilityInfo: mCompatibilityFlags - 4
03-07 17:01:50.153 1002 1396 D CompatibilityInfo: applicationDensity - 240
03-07 17:01:50.153 1002 1396 D CompatibilityInfo: applicationScale - 1.0
03-07 17:01:50.184 3113 3126 E Parcel : Expecting header 0x53595354 but found 0x0. Mixing copies of libbinder?
03-07 17:01:50.185 504 504 E SELinux : avc: denied { find } for pid=4946 uid=10099 name=vendor.qti.qesdsys.IQesdSys/default scontext=u:r:untrusted_app_29:s0:c99,c256,c512,c768 tcontext=u:object_r:vendor_qesdk_service:s0 tclass=service_manager permissive=1
03-07 17:01:50.185 504 504 I auditd : avc: denied { find } for pid=4946 uid=10099 name=vendor.qti.qesdsys.IQesdSys/default scontext=u:r:untrusted_app_29:s0:c99,c256,c512,c768 tcontext=u:object_r:vendor_qesdk_service:s0 tclass=service_manager permissive=1
