03-07 17:02:16.712 4946 8248 I mars::cdn: [taskbase.cc:1076, OnMainConnectionEnstablished]:cdntask 13 connect ok:112.45.117.94:80 [TCP] source NEW, prev addr:0.0.0.0:0, proxyaddr:0.0.0.0:0, cost:(21,33)
03-07 17:02:16.740 4946 8250 I mars::cdn: [connection_factory.cc:1118, _GenerateAddressUsingHost]:cdntask 15 resolve mmsns.qpic.cn dnstype 1(NEWDNS) ipcount 50 suportcc true
03-07 17:02:16.745 4946 8248 I mars::cdn: [netchannel.cc:293, __RunReadWrite]:runloop rv 0 errtype 0 errcode 0 idling false
03-07 17:02:16.748 4946 8249 I mars::cdn: [netchannel.cc:293, __RunReadWrite]:runloop rv 0 errtype 0 errcode 0 idling false
03-07 17:02:16.753 4946 8250 I mars::cdn: [taskbase.cc:1076, OnMainConnectionEnstablished]:cdntask 15 connect ok:112.45.117.173:80 [TCP] source NEW, prev addr:0.0.0.0:0, proxyaddr:0.0.0.0:0, cost:(6,11)
03-07 17:02:16.771 674 8254 D resolv : GetAddrInfoHandler::run: {100 262244 100 983140 10099 0}
03-07 17:02:16.771 674 8254 D resolv : resolv_getaddrinfo: explore_fqdn(): ai_family=2 ai_socktype=1 ai_protocol=6
03-07 17:02:16.772 674 8254 I resolv : resolv_populate_res_for_net: netid=100
03-07 17:02:16.772 674 8255 D resolv : doQuery: (1, 1)
03-07 17:02:16.772 674 8255 D resolv : res_nmkquery: (QUERY, IN, A)
03-07 17:02:16.772 674 8255 D resolv : res_nsend
03-07 17:02:16.772 674 8255 I resolv : resolv_cache_lookup: lookup
03-07 17:02:16.772 674 8255 I resolv : resolv_cache_lookup: FOUND IN CACHE entry=0xb40000700e65c470
03-07 17:02:16.772 674 8255 D resolv : doQuery: rcode=0, ancount=0
03-07 17:02:16.779 4946 8250 I mars::cdn: [netchannel.cc:293, __RunReadWrite]:runloop rv 0 errtype 0 errcode 0 idling false
03-07 17:02:16.789 1304 3407 D BufferPoolAccessor2.0: evictor expired: 1, evicted: 0
03-07 17:02:16.792 1434 1813 D BufferPoolAccessor2.0: bufferpool2 0xb400007a68aeb7b8 : 4(65536 size) total buffers - 3(49152 size) used buffers - 41/45 (recycle/alloc) - 4/44 (fetch/transfer)
03-07 17:02:16.792 1434 1813 D BufferPoolAccessor2.0: evictor expired: 1, evicted: 1
03-07 17:02:16.823 674 8258 D resolv : GetAddrInfoHandler::run: {100 262244 100 983140 10099 0}
03-07 17:02:16.825 674 8258 D resolv : resolv_getaddrinfo: explore_fqdn(): ai_family=2 ai_socktype=1 ai_protocol=6
03-07 17:02:16.825 674 8258 I resolv : resolv_populate_res_for_net: netid=100
03-07 17:02:16.826 674 8259 D resolv : doQuery: (1, 1)
03-07 17:02:16.826 674 8259 D resolv : res_nmkquery: (QUERY, IN, A)
03-07 17:02:16.826 674 8259 D resolv : res_nsend
03-07 17:02:16.826 674 8259 I resolv : resolv_cache_lookup: lookup
03-07 17:02:16.826 674 8259 I resolv : resolv_cache_lookup: FOUND IN CACHE entry=0xb40000700e65c470
03-07 17:02:16.828 674 8259 D resolv : doQuery: rcode=0, ancount=0
03-07 17:02:16.887 4946 4990 W MicroMsg.SysCmdMsgExtension: [:4990, ]:listener list is empty, return now
03-07 17:02:16.921 1002 1725 I storage_state: [41217664-9172-527a-b3d5-edabb50a7d69,0,0,112637186048,118610538496]
03-07 17:02:16.938 4946 8261 I mars::cdn: [connection_factory.cc:1118, _GenerateAddressUsingHost]:cdntask 16 resolve mmsns.qpic.cn dnstype 1(NEWDNS) ipcount 50 suportcc true
03-07 17:02:16.915 4946 4946 I auditd : type=1400 audit(0.0:2114): avc: denied { read } for comm="[GT]ColdPool#0" name="devices" dev="proc" ino=4026532312 scontext=u:r:untrusted_app_29:s0:c99,c256,c512,c768 tcontext=u:object_r:proc:s0 tclass=file permissive=1 app=com.tencent.mm
03-07 17:02:16.915 4946 4946 I [GT]ColdPool#0: type=1400 audit(0.0:2114): avc: denied { read } for name="devices" dev="proc" ino=4026532312 scontext=u:r:untrusted_app_29:s0:c99,c256,c512,c768 tcontext=u:object_r:proc:s0 tclass=file permissive=1 app=com.tencent.mm
03-07 17:02:16.958 4946 8261 I mars::cdn: [taskbase.cc:1076, OnMainConnectionEnstablished]:cdntask 16 connect ok:112.45.117.108:80 [TCP] source NEW, prev addr:0.0.0.0:0, proxyaddr:0.0.0.0:0, cost:(7,18)
03-07 17:02:16.915 4946 4946 I auditd : type=1400 audit(0.0:2115): avc: denied { open } for comm="[GT]ColdPool#0" path="/proc/bus/pci/devices" dev="proc" ino=4026532312 scontext=u:r:untrusted_app_29:s0:c99,c256,c512,c768 tcontext=u:object_r:proc:s0 tclass=file permissive=1 app=com.tencent.mm
03-07 17:02:16.915 4946 4946 I [GT]ColdPool#0: type=1400 audit(0.0:2115): avc: denied { open } for path="/proc/bus/pci/devices" dev="proc" ino=4026532312 scontext=u:r:untrusted_app_29:s0:c99,c256,c512,c768 tcontext=u:object_r:proc:s0 tclass=file permissive=1 app=com.tencent.mm
01-02 07:16:51.562 0 0 W audit : audit_lost=827 audit_rate_limit=5 audit_backlog_limit=64
03-07 17:02:16.955 4946 4946 I auditd : type=1400 audit(0.0:2116): avc: granted { nlmsg_readpriv } for comm="[GT]ColdPool#0" scontext=u:r:untrusted_app_29:s0:c99,c256,c512,c768 tcontext=u:r:untrusted_app_29:s0:c99,c256,c512,c768 tclass=netlink_route_socket app=com.tencent.mm
03-07 17:02:16.955 4946 4946 W [GT]ColdPool#0: type=1400 audit(0.0:2116): avc: granted { nlmsg_readpriv } for scontext=u:r:untrusted_app_29:s0:c99,c256,c512,c768 tcontext=u:r:untrusted_app_29:s0:c99,c256,c512,c768 tclass=netlink_route_socket app=com.tencent.mm
03-07 17:02:16.997 4946 8262 I mars::cdn: [connection_factory.cc:1118, _GenerateAddressUsingHost]:cdntask 17 resolve mmsns.qpic.cn dnstype 1(NEWDNS) ipcount 50 suportcc true
01-02 07:16:51.578 0 0 E audit : rate limit exceeded
03-07 17:02:17.010 4946 8261 I mars::cdn: [netchannel.cc:293, __RunReadWrite]:runloop rv 0 errtype 0 errcode 0 idling false
03-07 17:02:17.018 4946 8262 I mars::cdn: [taskbase.cc:1076, OnMainConnectionEnstablished]:cdntask 17 connect ok:112.45.117.94:80 [TCP] source NEW, prev addr:0.0.0.0:0, proxyaddr:0.0.0.0:0, cost:(8,15)
03-07 17:02:16.967 4946 4946 I auditd : type=1400 audit(0.0:2117): avc: granted { nlmsg_readpriv } for comm="[GT]ColdPool#0" scontext=u:r:untrusted_app_29:s0:c99,c256,c512,c768 tcontext=u:r:untrusted_app_29:s0:c99,c256,c512,c768 tclass=netlink_route_socket app=com.tencent.mm
03-07 17:02:16.967 4946 4946 W [GT]ColdPool#0: type=1400 audit(0.0:2117): avc: granted { nlmsg_readpriv } for scontext=u:r:untrusted_app_29:s0:c99,c256,c512,c768 tcontext=u:r:untrusted_app_29:s0:c99,c256,c512,c768 tclass=netlink_route_socket app=com.tencent.mm
03-07 17:02:17.046 4946 5154 I MicroMsg.SnsDownloadThumb: [:5154, ]:processData execute step3.
03-07 17:02:16.983 4946 4946 I auditd : type=1400 audit(0.0:2118): avc: denied { read } for comm="[GT]ColdPool#0" name="state" dev="sysfs" ino=80835 scontext=u:r:untrusted_app_29:s0:c99,c256,c512,c768 tcontext=u:object_r:sysfs_android_usb:s0 tclass=file permissive=1 app=com.tencent.mm
03-07 17:02:16.983 4946 4946 I [GT]ColdPool#0: type=1400 audit(0.0:2118): avc: denied { read } for name="state" dev="sysfs" ino=80835 scontext=u:r:untrusted_app_29:s0:c99,c256,c512,c768 tcontext=u:object_r:sysfs_android_usb:s0 tclass=file permissive=1 app=com.tencent.mm
03-07 17:02:17.057 4946 8262 I mars::cdn: [netchannel.cc:293, __RunReadWrite]:runloop rv 0 errtype 0 errcode 0 idling false
03-07 17:02:17.155 4946 4955 I com.tencent.mm: JIT allocated 53KB for compiled code of com.tencent.mm.at.g$b com.tencent.mm.model.f.consumeNewXml(java.lang.String, java.util.Map, com.tencent.mm.at.g$a)
03-07 17:02:17.190 4946 5021 E Parcel : Reading a NULL string not supported here.
03-07 17:02:17.206 4946 5021 E Parcel : Reading a NULL string not supported here.
03-07 17:02:17.216 4946 5021 E Parcel : Reading a NULL string not supported here.
03-07 17:02:17.218 4946 5021 E Parcel : Reading a NULL string not supported here.
03-07 17:02:17.226 4946 5021 E Parcel : Reading a NULL string not supported here.
03-07 17:02:17.235 4946 5021 E Parcel : Reading a NULL string not supported here.
03-07 17:02:17.237 4946 5021 E Parcel : Reading a NULL string not supported here.
03-07 17:02:17.237 4946 5021 E Parcel : Reading a NULL string not supported here.
03-07 17:02:17.239 4946 5021 E Parcel : Reading a NULL string not supported here.
03-07 17:02:17.240 4946 5021 E Parcel : Reading a NULL string not supported here.
03-07 17:02:17.253 4946 5021 E Parcel : Reading a NULL string not supported here.
03-07 17:02:17.258 4946 5183 I AudioManager: In isBluetoothScoOn(), calling application: com.tencent.mm
03-07 17:02:17.259 4946 5183 I AudioManager: In isSpeakerphoneOn(), calling application: com.tencent.mm
03-07 17:02:17.265 4946 5021 E Parcel : Reading a NULL string not supported here.
03-07 17:02:17.275 650 660 I mpu_uart: [MSG-P:RECV]:No message received in 1000 ms
03-07 17:02:17.281 4946 5021 E Parcel : Reading a NULL string not supported here.
03-07 17:02:17.285 4946 5021 E Parcel : Reading a NULL string not supported here.
03-07 17:02:17.312 4946 5021 E Parcel : Reading a NULL string not supported here.
03-07 17:02:17.316 504 504 E SELinux : avc: denied { find } for pid=4946 uid=10099 name=netd scontext=u:r:untrusted_app_29:s0:c99,c256,c512,c768 tcontext=u:object_r:netd_service:s0 tclass=service_manager permissive=1
03-07 17:02:17.316 504 504 I auditd : avc: denied { find } for pid=4946 uid=10099 name=netd scontext=u:r:untrusted_app_29:s0:c99,c256,c512,c768 tcontext=u:object_r:netd_service:s0 tclass=service_manager permissive=1
03-07 17:02:17.318 504 504 E SELinux : avc: denied { find } for pid=4946 uid=10099 name=netd_listener scontext=u:r:untrusted_app_29:s0:c99,c256,c512,c768 tcontext=u:object_r:netd_listener_service:s0 tclass=service_manager permissive=1
03-07 17:02:17.318 504 504 I auditd : avc: denied { find } for pid=4946 uid=10099 name=netd_listener scontext=u:r:untrusted_app_29:s0:c99,c256,c512,c768 tcontext=u:object_r:netd_listener_service:s0 tclass=service_manager permissive=1
03-07 17:02:17.326 504 504 E SELinux : avc: denied { find } for pid=4946 uid=10099 name=network_score scontext=u:r:untrusted_app_29:s0:c99,c256,c512,c768 tcontext=u:object_r:network_score_service:s0 tclass=service_manager permissive=1
03-07 17:02:17.326 504 504 I auditd : avc: denied { find } for pid=4946 uid=10099 name=network_score scontext=u:r:untrusted_app_29:s0:c99,c256,c512,c768 tcontext=u:object_r:network_score_service:s0 tclass=service_manager permissive=1
03-07 17:02:17.326 1002 1172 D CompatibilityInfo: mCompatibilityFlags - 4
03-07 17:02:17.326 1002 1172 D CompatibilityInfo: applicationDensity - 240
03-07 17:02:17.326 1002 1172 D CompatibilityInfo: applicationScale - 1.0
03-07 17:02:17.329 4946 5021 E Parcel : Reading a NULL string not supported here.
03-07 17:02:17.340 4946 5021 E Parcel : Reading a NULL string not supported here.
03-07 17:02:17.343 4946 5021 E Parcel : Reading a NULL string not supported here.
03-07 17:02:17.350 4946 5021 E Parcel : Reading a NULL string not supported here.
03-07 17:02:17.359 4946 5021 E Parcel : Reading a NULL string not supported here.
03-07 17:02:17.379 504 504 E SELinux : avc: denied { find } for pid=4946 uid=10099 name=system_config scontext=u:r:untrusted_app_29:s0:c99,c256,c512,c768 tcontext=u:object_r:system_config_service:s0 tclass=service_manager permissive=1
03-07 17:02:17.379 504 504 I auditd : avc: denied { find } for pid=4946 uid=10099 name=system_config scontext=u:r:untrusted_app_29:s0:c99,c256,c512,c768 tcontext=u:object_r:system_config_service:s0 tclass=service_manager permissive=1
03-07 17:02:17.380 504 504 E SELinux : avc: denied { find } for pid=4946 uid=10099 name=system_server_dumper scontext=u:r:untrusted_app_29:s0:c99,c256,c512,c768 tcontext=u:object_r:system_server_dumper_service:s0 tclass=service_manager permissive=1
03-07 17:02:17.380 504 504 I auditd : avc: denied { find } for pid=4946 uid=10099 name=system_server_dumper scontext=u:r:untrusted_app_29:s0:c99,c256,c512,c768 tcontext=u:object_r:system_server_dumper_service:s0 tclass=service_manager permissive=1
03-07 17:02:17.381 4946 5021 E Parcel : Reading a NULL string not supported here.
03-07 17:02:17.382 504 504 E SELinux : avc: denied { find } for pid=4946 uid=10099 name=system_update scontext=u:r:untrusted_app_29:s0:c99,c256,c512,c768 tcontext=u:object_r:system_update_service:s0 tclass=service_manager permissive=1
03-07 17:02:17.382 504 504 I auditd : avc: denied { find } for pid=4946 uid=10099 name=system_update scontext=u:r:untrusted_app_29:s0:c99,c256,c512,c768 tcontext=u:object_r:system_update_service:s0 tclass=service_manager permissive=1
03-07 17:02:17.383 4946 5021 E Parcel : Reading a NULL string not supported here.
03-07 17:02:17.388 504 504 E SELinux : avc: denied { find } for pid=4946 uid=10099 name=thunderperf scontext=u:r:untrusted_app_29:s0:c99,c256,c512,c768 tcontext=u:object_r:thunderperf_service:s0 tclass=service_manager permissive=1
03-07 17:02:17.388 504 504 I auditd : avc: denied { find } for pid=4946 uid=10099 name=thunderperf scontext=u:r:untrusted_app_29:s0:c99,c256,c512,c768 tcontext=u:object_r:thunderperf_service:s0 tclass=service_manager permissive=1
03-07 17:02:17.391 504 504 E SELinux : avc: denied { find } for pid=4946 uid=10099 name=tracing.proxy scontext=u:r:untrusted_app_29:s0:c99,c256,c512,c768 tcontext=u:object_r:tracingproxy_service:s0 tclass=service_manager permissive=1
03-07 17:02:17.391 504 504 I auditd : avc: denied { find } for pid=4946 uid=10099 name=tracing.proxy scontext=u:r:untrusted_app_29:s0:c99,c256,c512,c768 tcontext=u:object_r:tracingproxy_service:s0 tclass=service_manager permissive=1
03-07 17:02:17.400 3113 3126 E Parcel : Expecting header 0x53595354 but found 0x0. Mixing copies of libbinder?
03-07 17:02:17.403 504 504 E SELinux : avc: denied { find } for pid=4946 uid=10099 name=vold scontext=u:r:untrusted_app_29:s0:c99,c256,c512,c768 tcontext=u:object_r:vold_service:s0 tclass=service_manager permissive=1
03-07 17:02:17.403 504 504 I auditd : avc: denied { find } for pid=4946 uid=10099 name=vold scontext=u:r:untrusted_app_29:s0:c99,c256,c512,c768 tcontext=u:object_r:vold_service:s0 tclass=service_manager permissive=1
03-07 17:02:17.407 504 504 E SELinux : avc: denied { find } for pid=4946 uid=10099 name=wifinl80211 scontext=u:r:untrusted_app_29:s0:c99,c256,c512,c768 tcontext=u:object_r:wifinl80211_service:s0 tclass=service_manager permissive=1
03-07 17:02:17.407 504 504 I auditd : avc: denied { find } for pid=4946 uid=10099 name=wifinl80211 scontext=u:r:untrusted_app_29:s0:c99,c256,c512,c768 tcontext=u:object_r:wifinl80211_service:s0 tclass=service_manager permissive=1
03-07 17:02:18.003 1002 1172 D CompatibilityInfo: mCompatibilityFlags - 4
03-07 17:02:18.004 1002 1172 D CompatibilityInfo: applicationDensity - 240
03-07 17:02:18.004 1002 1172 D CompatibilityInfo: applicationScale - 1.0
03-07 17:02:18.275 650 660 I mpu_uart: [MSG-P:RECV]:No message received in 1000 ms
03-07 17:02:18.653 1304 3584 D NuPlayerDriver: stop(0xe67800b0)
03-07 17:02:18.653 1002 2247 W AudioIDCMicroNegotiator: idcm_warn: idcm control is not enable
03-07 17:02:18.654 4946 4946 V MediaPlayer: resetDrmState: mDrmInfo=null mDrmProvisioningThread=null mPrepareDrmInProgress=false mActiveDrmScheme=false
03-07 17:02:18.654 4946 4946 V MediaPlayer: cleanDrmObj: mDrmObj=null mDrmSessionId=null
03-07 17:02:18.654 1304 3584 D NuPlayerDriver: reset(0xe67800b0) at state 8
03-07 17:02:18.696 1304 8015 W AudioTrack: pauseAndWait: timeout expired state:7 still pausing:7 after 40 ms
03-07 17:02:18.697 1304 8017 D CCodecBuffers: [c2.android.vorbis.decoder#783:1D-Output.Impl[N]] Client returned a buffer it does not own according to our record: 0
03-07 17:02:18.697 1304 8017 D CCodecBuffers: [c2.android.vorbis.decoder#783:1D-Output.Impl[N]] Client returned a buffer it does not own according to our record: 1
03-07 17:02:18.697 1304 8017 D CCodecBuffers: [c2.android.vorbis.decoder#783:1D-Output.Impl[N]] Client returned a buffer it does not own according to our record: 2
03-07 17:02:18.737 1304 8015 W AudioTrack: pauseAndWait: timeout expired state:7 still pausing:7 after 40 ms
03-07 17:02:18.752 1304 8017 I hw-BpHwBinder: onLastStrongRef automatically unlinking death recipients
03-07 17:02:18.752 1434 1509 I hw-BpHwBinder: onLastStrongRef automatically unlinking death recipients
03-07 17:02:18.752 1434 1509 V C2Store : in ~ComponentModule
03-07 17:02:18.752 1434 1509 V C2Store : unloading dll
03-07 17:02:18.758 1304 8012 D NuPlayerDriver: notifyResetComplete(0xe67800b0)
03-07 17:02:18.758 1304 3584 W AMessage: failed to post message as target looper for handler 0 is gone.
03-07 17:02:19.275 650 660 I mpu_uart: [MSG-P:RECV]:No message received in 1000 ms
03-07 17:02:19.286 1002 1168 I sysui_multi_action: [757,1717,758,1,759,0]
03-07 17:02:19.286 1002 1168 I sysui_multi_action: [757,1717,758,2,759,0]
03-07 17:02:19.287 1002 1168 I sysui_multi_action: [757,1717,758,3,759,0]
03-07 17:02:19.505 650 659 I mpu_uart: [MSG-P:R]:recv sync frame timeout
03-07 17:02:20.195 4946 5154 I ThreadPool.Execute: [:5154, ]:<<< com.tencent.mm.pluginsdk.platformtools.a$1@144262850 state=COMPLETE cost=0ms/1ms HotPool start@=1678179740194ms delay=0ms run@=1678179740194
03-07 17:02:20.276 650 660 I mpu_uart: [MSG-P:RECV]:No message received in 1000 ms
03-07 17:02:20.473 4946 8311 I mars::cdn: [taskbase.cc:1076, OnMainConnectionEnstablished]:cdntask 19 connect ok:183.255.109.219:443 [TCP] source NEW, prev addr:0.0.0.0:0, proxyaddr:0.0.0.0:0, cost:(59,127)
03-07 17:02:20.679 4946 4990 W MicroMsg.ConversationStorage: [:4990, ]:get null with username:25984981917849437@openim
03-07 17:02:20.697 4946 4990 W MicroMsg.ConversationStorage: [:4990, ]:get null with username:25984985246562637@openim
03-07 17:02:20.790 4946 8020 I MicroMsg.FTS.FTSCursor: [:8020, ]:add cursor 24507708
03-07 17:02:20.794 4946 4990 W MicroMsg.ConversationStorage: [:4990, ]:get null with username:25984984454032676@openim
03-07 17:02:20.804 4946 4990 W MicroMsg.ConversationStorage: [:4990, ]:get null with username:25984982219926918@openim
03-07 17:02:20.817 4946 4990 W MicroMsg.ConversationStorage: [:4990, ]:get null with username:25984982234545434@openim
03-07 17:02:20.827 4946 4990 W MicroMsg.ConversationStorage: [:4990, ]:get null with username:25984983905596971@openim
03-07 17:02:21.085 813 3438 E audio_hw_primary: out_write: error -5, cannot write stream data: I/O error
03-07 17:02:21.085 813 3438 D audio_hw_primary: out_standby: enter: stream (0xec300010) usecase(1: low-latency-playback)
03-07 17:02:21.112 4946 4956 I com.tencent.mm: Background concurrent copying GC freed 658807(28MB) AllocSpace objects, 82(1984KB) LOS objects, 31% free, 53MB/77MB, paused 58us,43us total 171.380ms
03-07 17:02:21.276 650 660 I mpu_uart: [MSG-P:RECV]:No message received in 1000 ms
01-02 07:16:55.860 0 0 E msm_pcm_playback_close: CMD_EOS failed, cmd_pending 0x8
01-02 07:16:55.873 0 0 I afe_close: port_id = 0x9000
03-07 17:02:21.310 813 3438 D audio_hw_primary: disable_audio_route: reset and update mixer path: low-latency-playback
03-07 17:02:21.311 813 3438 E soundtrigger: audio_extn_sound_trigger_update_stream_status: invalid input device 0x0, for event 2
03-07 17:02:21.311 813 3438 D soundtrigger: audio_extn_sound_trigger_update_stream_status: uc_info->id 1 of type 0 for Event 2, with Raise=0
03-07 17:02:21.311 813 3438 D msm8974_platform: platform_split_snd_device: snd_device(2) num devices(0) new_snd_devices(0)
03-07 17:02:21.311 813 3438 I msm8974_platform: platform_get_custom_mtmx_params: no matching param with id 0 ip_ch 2 op_ch 2 uc_id 1 snd_dev 2
03-07 17:02:21.311 813 3438 D hardware_info: hw_info_append_hw_type : device_name = speaker
03-07 17:02:21.311 813 3438 D audio_hw_primary: disable_snd_device: snd_device(2: speaker)
03-07 17:02:21.311 813 3438 D msm8974_platform: platform_split_snd_device: snd_device(2) num devices(0) new_snd_devices(0)
03-07 17:02:21.311 813 3438 I soundtrigger: audio_extn_sound_trigger_update_device_status: device 0x2 of type 0 for Event 0, with Raise=0
03-07 17:02:21.312 813 3438 D audio_hw_primary: out_standby: exit
03-07 17:02:21.316 813 3438 D audio_hw_primary: start_output_stream: enter: stream(0xec300010)usecase(1: low-latency-playback) devices(0x2) is_haptic_usecase(0)
03-07 17:02:21.317 813 3438 D audio_hw_primary: select_devices for use case (low-latency-playback)
03-07 17:02:21.317 813 3438 I msm8974_platform: platform_check_and_set_codec_backend_cfg:becf: afe: bitwidth 16, samplerate 48000 channels 2, backend_idx 0 usecase = 1 device (speaker)
03-07 17:02:21.317 813 3438 D msm8974_platform: platform_split_snd_device: snd_device(2) num devices(1) new_snd_devices(0)
03-07 17:02:21.317 813 3438 I msm8974_platform: platform_check_and_set_codec_backend_cfg: new_snd_devices[0] is 2
03-07 17:02:21.317 813 3438 I msm8974_platform: platform_check_codec_backend_cfg:becf: afe: bitwidth 16, samplerate 48000 channels 2, backend_idx 0 usecase = 1 device (speaker)
03-07 17:02:21.319 813 3438 D audio_hw_extn: audio_extn_enable_hifi_filter: mixer_value set 0
03-07 17:02:21.319 813 3438 D msm8974_platform: platform_check_codec_backend_cfg:becf: updated afe: bitwidth 16, samplerate 48000 channels 2,backend_idx 0 usecase = 1 device (speaker)
03-07 17:02:21.319 813 3438 D msm8974_platform: platform_check_codec_backend_cfg:becf: afe: playback on codec device not supporting native playback set default Sample Rate(48k)
03-07 17:02:21.319 813 3438 I msm8974_platform: platform_check_codec_backend_cfg:becf: afe: Codec selected backend: 0 updated bit width: 16 and sample rate: 48000
03-07 17:02:21.319 813 3438 D audio_hw_primary: check_usecases_codec_backend:becf: force routing 0
03-07 17:02:21.319 813 3438 E msm8974_platform: platform_check_backends_match: Invalid snd_device =
03-07 17:02:21.319 813 3438 D audio_hw_primary: check_usecases_codec_backend:becf: (78) check_usecases curr device: speaker, usecase device: backends match 0
03-07 17:02:21.319 813 3438 D audio_hw_primary: check_usecases_codec_backend:becf: check_usecases num.of Usecases to switch 0
03-07 17:02:21.319 813 3438 D hardware_info: hw_info_append_hw_type : device_name = speaker
03-07 17:02:21.319 813 3438 D msm8974_platform: platform_split_snd_device: snd_device(2) num devices(0) new_snd_devices(0)
03-07 17:02:21.319 813 3438 D audio_hw_primary: enable_snd_device: snd_device(2: speaker)
03-07 17:02:21.319 813 3438 D msm8974_platform: platform_get_island_cfg_on_device:island cfg status on snd_device = (speaker 0)
03-07 17:02:21.320 813 3438 I soundtrigger: audio_extn_sound_trigger_update_device_status: device 0x2 of type 0 for Event 1, with Raise=0
03-07 17:02:21.320 813 3438 D audio_route: Apply path: speaker
03-07 17:02:21.320 813 3438 I audio_hw_utils: audio_extn_utils_update_stream_output_app_type_cfg Allowing 24 and above bits playback on speaker ONLY at default sampling rate
03-07 17:02:21.320 813 3438 E soundtrigger: audio_extn_sound_trigger_update_stream_status: invalid input device 0x0, for event 3
03-07 17:02:21.320 813 3438 D soundtrigger: audio_extn_sound_trigger_update_stream_status: uc_info->id 1 of type 0 for Event 3, with Raise=0
03-07 17:02:21.320 813 3438 D audio_hw_utils: audio_extn_utils_send_app_type_cfg: usecase->out_snd_device speaker
03-07 17:02:21.320 813 3438 D msm8974_platform: platform_split_snd_device: snd_device(2) num devices(0) new_snd_devices(0)
03-07 17:02:21.320 813 3438 D audio_hw_utils: audio_extn_btsco_get_sample_rate:Not a BT SCO device, need not update sampling rate
03-07 17:02:21.320 813 3438 I audio_hw_utils: send_app_type_cfg_for_device PLAYBACK app_type 69937, acdb_dev_id 15, sample_rate 48000, snd_device_be_idx 179
03-07 17:02:21.321 813 3438 D msm8974_platform: platform_split_snd_device: snd_device(2) num devices(1) new_snd_devices(0)
03-07 17:02:21.321 813 3438 D audio_hw_utils: audio_extn_btsco_get_sample_rate:Not a BT SCO device, need not update sampling rate
03-07 17:02:21.321 813 3438 D ACDB-LOADER: ACDB -> send_audio_cal, acdb_id = 15, path = 0, app id = 0x11131, sample rate = 48000, afe_sample_rate = 48000
03-07 17:02:21.321 813 3438 D ACDB-LOADER: ACDB -> send_asm_topology
03-07 17:02:21.321 813 3438 D ACDB-LOADER: ACDB -> ACDB_CMD_GET_AUDPROC_STREAM_TOPOLOGY_ID
03-07 17:02:21.322 813 3438 D ACDB-LOADER: ACDB -> send_adm_topology
03-07 17:02:21.322 813 3438 D ACDB-LOADER: ACDB -> ACDB_CMD_GET_AUDPROC_COMMON_TOPOLOGY_ID
03-07 17:02:21.322 813 3438 D ACDB-LOADER: ACDB -> send_audtable
03-07 17:02:21.322 813 3438 D ACDB-LOADER: ACDB -> ACDB_CMD_GET_AUDPROC_INSTANCE_COMMON_TABLE_SIZE
03-07 17:02:21.322 813 3438 D ACDB-LOADER: ACDB -> ACDB_CMD_GET_AUDPROC_INSTANCE_COMMON_TABLE
03-07 17:02:21.322 813 3438 D ACDB-LOADER: ACDB -> AUDIO_SET_AUDPROC_CAL cal_type[11] acdb_id[15] app_type[69937]
03-07 17:02:21.322 813 3438 D ACDB-LOADER: ACDB -> send_audvoltable
03-07 17:02:21.322 813 3438 D ACDB-LOADER: ACDB -> ACDB_CMD_GET_AUDPROC_INSTANCE_GAIN_DEP_STEP_TABLE_SIZE
03-07 17:02:21.322 813 3438 D ACDB-LOADER: ACDB -> ACDB_CMD_GET_AUDPROC_INSTANCE_GAIN_DEP_STEP_TABLE, vol index 5
03-07 17:02:21.323 813 3438 D ACDB-LOADER: ACDB -> AUDIO_SET_VOL_CAL cal type = 12
03-07 17:02:21.323 813 3438 D ACDB-LOADER: ACDB -> ACDB_CMD_GET_AUDPROC_INSTANCE_STREAM_TABLE_SIZE
03-07 17:02:21.323 813 3438 D ACDB-LOADER: ACDB -> send_audstrmtable
03-07 17:02:21.323 813 3438 D ACDB-LOADER: ACDB -> ACDB_CMD_GET_AUDPROC_INSTANCE_STREAM_TABLE
03-07 17:02:21.323 813 3438 D ACDB-LOADER: ACDB -> audstrm_cal->cal_type.cal_data.cal_size = 20
03-07 17:02:21.323 813 3438 D ACDB-LOADER: ACDB -> send_afe_topology
03-07 17:02:21.323 813 3438 D ACDB-LOADER: ACDB -> ACDB_CMD_GET_AFE_TOPOLOGY_ID
03-07 17:02:21.323 813 3438 D ACDB-LOADER: ACDB -> GET_AFE_TOPOLOGY_ID for adcd_id 15, Topology Id 112fc
03-07 17:02:21.323 813 3438 D ACDB-LOADER: ACDB -> send_afe_cal
03-07 17:02:21.323 813 3438 D ACDB-LOADER: ACDB -> ACDB_CMD_GET_AFE_INSTANCE_COMMON_TABLE_SIZE
03-07 17:02:21.323 813 3438 D android.hardware.audio.service: Failed to fetch the lookup information of the device 0000000F
03-07 17:02:21.323 813 3438 D ACDB-LOADER: Error: ACDB_CMD_GET_AFE_INSTANCE_COMMON_TABLE_SIZE Returned = -19
03-07 17:02:21.323 813 3438 D ACDB-LOADER: ACDB -> ACDB_CMD_GET_AFE_INSTANCE_COMMON_TABLE
03-07 17:02:21.323 813 3438 D android.hardware.audio.service: Failed to fetch the lookup information of the device 0000000F
03-07 17:02:21.323 813 3438 D ACDB-LOADER: Error: ACDB AFE returned = -19
03-07 17:02:21.323 813 3438 D ACDB-LOADER: ACDB -> AUDIO_SET_AFE_CAL cal_type[16] acdb_id[15]
03-07 17:02:21.323 813 3438 D ACDB-LOADER: ACDB -> send_hw_delay : acdb_id = 15 path = 0
03-07 17:02:21.323 813 3438 D ACDB-LOADER: ACDB -> ACDB_AVSYNC_INFO: ACDB_CMD_GET_DEVICE_PROPERTY
03-07 17:02:21.324 813 3438 D msm8974_platform: platform_split_snd_device: snd_device(2) num devices(0) new_snd_devices(0)
03-07 17:02:21.324 813 3438 I msm8974_platform: platform_get_custom_mtmx_params: no matching param with id 0 ip_ch 2 op_ch 2 uc_id 1 snd_dev 2
03-07 17:02:21.324 813 3438 D audio_hw_primary: enable_audio_route: apply mixer and update path: low-latency-playback
03-07 17:02:21.324 813 3438 D audio_route: Apply path: low-latency-playback
03-07 17:02:21.325 813 3438 D audio_hw_primary: select_devices: done
01-02 07:16:55.908 0 0 I afe_find_cal_topo_id_by_port: port id: 0x9000, dev_acdb_id: 0
01-02 07:16:55.915 0 0 I afe_find_cal_topo_id_by_port: top_id:112fc acdb_id:15 afe_port:0x9000
01-02 07:16:55.916 0 0 E DTC_ETH,link_delay_work_func: 3003, SQI=0, link=0
01-02 07:16:55.923 0 0 I afe_get_cal_topology_id: port_id = 0x9000 acdb_id = 15 topology_id = 0x112fc cal_type_index=8 ret=0
01-02 07:16:55.939 0 0 I afe_send_port_topology_id: AFE set topology id 0x112fc enable for port 0x9000 ret 0
01-02 07:16:55.949 0 0 I send_afe_cal_type: cal_index is 0
01-02 07:16:55.953 0 0 I send_afe_cal_type: dev_acdb_id[55] is 0
01-02 07:16:55.958 0 0 I send_afe_cal_type: Sending cal_index cal 0
01-02 07:16:55.964 0 0 E send_afe_cal_type: No cal sent for cal_index 0, port_id = 0x9000! ret -22
01-02 07:16:55.973 0 0 I afe_send_hw_delay: port_id 0x9000 rate 48000 delay_usec 474 status 0
03-07 17:02:21.429 813 3438 D msm8974_platform: platform_set_channel_map mixer_ctl_name:Playback Channel Map9
03-07 17:02:21.429 813 3438 D msm8974_platform: platform_set_channel_map: set mapping(1 2 0 0 0 0 0 0) for channel:2
03-07 17:02:21.431 813 3438 D audio_hw_primary: start_output_stream: exit
03-07 17:02:21.440 1002 1172 D CompatibilityInfo: mCompatibilityFlags - 4
03-07 17:02:21.440 1002 1172 D CompatibilityInfo: applicationDensity - 240
03-07 17:02:21.440 1002 1172 D CompatibilityInfo: applicationScale - 1.0
03-07 17:02:21.541 4946 8311 I mars::cdn: [netchannel.cc:293, __RunReadWrite]:runloop rv 0 errtype 0 errcode 0 idling false
03-07 17:02:21.541 4946 8311 I mars::cdn: [netchannel.cc:871, __AfterRun]:cdntask 19 putback conn 0x7d76ed9068(742)@TCP to cache.
03-07 17:02:21.541 4946 8311 I mars::cdn: [netchannel.cc:871, __AfterRun]:cdntask 19 putback conn 0x7d76e39028(568)@TCP to cache.
03-07 17:02:21.663 4946 4956 I com.tencent.mm: Background young concurrent copying GC freed 127700(9496KB) AllocSpace objects, 580(14MB) LOS objects, 21% free, 60MB/77MB, paused 103us,50us total 105.331ms
03-07 17:02:21.970 4946 4956 I com.tencent.mm: Background concurrent copying GC freed 234353(17MB) AllocSpace objects, 85(6976KB) LOS objects, 30% free, 54MB/78MB, paused 63us,90us total 140.362ms
03-07 17:02:22.276 650 660 I mpu_uart: [MSG-P:RECV]:No message received in 1000 ms
03-07 17:02:22.405 1002 1695 W BestClock: java.time.DateTimeException: Missing NTP fix
03-07 17:02:22.407 674 674 I netd : trafficSwapActiveStatsMap() <0.65ms>
03-07 17:02:22.420 674 674 I netd : tetherGetStats() -> {[]} <5.74ms>
03-07 17:02:22.440 1002 1695 W BestClock: java.time.DateTimeException: Missing NTP fix
03-07 17:02:22.440 1002 1695 I netstats_mobile_sample: [0,0,0,0,0,0,0,0,0,0,0,0,1678179742440]
03-07 17:02:22.441 1002 1695 I netstats_wifi_sample: [173775247,129253,4030480,49282,173775247,129253,4030480,49282,174327046,133871,3453768,47646,1678179742440]
03-07 17:02:22.443 674 674 I netd : bandwidthSetGlobalAlert(2097152) <0.93ms>
03-07 17:02:22.445 1002 1696 W BestClock: java.time.DateTimeException: Missing NTP fix
03-07 17:02:22.446 1002 1696 W BestClock: java.time.DateTimeException: Missing NTP fix
03-07 17:02:22.508 650 659 I mpu_uart: [MSG-P:R]:recv sync frame timeout
03-07 17:02:23.277 650 660 I mpu_uart: [MSG-P:RECV]:No message received in 1000 ms
03-07 17:02:23.613 4946 4990 I MicroMsg.ContactStorage: [:4990, ]:insert: username=he765392432, showHead=67, verifyFlag=0, ret=:2889 take[2]ms fg:true
03-07 17:02:23.754 1304 3407 D BufferPoolAccessor2.0: bufferpool2 0xe5f40388 : 0(0 size) total buffers - 0(0 size) used buffers - 40/48 (recycle/alloc) - 8/94 (fetch/transfer)
03-07 17:02:23.754 1304 3407 D BufferPoolAccessor2.0: evictor expired: 1, evicted: 1
03-07 17:02:23.755 1434 1813 D BufferPoolAccessor2.0: bufferpool2 0xb400007a68aeb7b8 : 0(0 size) total buffers - 0(0 size) used buffers - 41/45 (recycle/alloc) - 4/44 (fetch/transfer)
03-07 17:02:23.755 1434 1813 D BufferPoolAccessor2.0: evictor expired: 1, evicted: 1
03-07 17:02:24.277 650 660 I mpu_uart: [MSG-P:RECV]:No message received in 1000 ms
03-07 17:02:24.442 5157 6169 I mars::stn: [longlink_connect_monitor.cc:470, OnHeartbeatAlarmSet]:longlink_progress on_heartbeat_set, time: 827901, time interval:210000
03-07 17:02:24.470 4946 6365 I OpenGLRenderer: Davey! duration=9223371208972ms; Flags=0, FrameTimelineVsyncId=25097, IntendedVsync=827882367274, Vsync=827882367274, InputEventId=0, HandleInputStart=827883246087, AnimationStart=827883248326, PerformTraversalsStart=827883249524, DrawStart=827908163691, FrameDeadline=827899033940, FrameInterval=827883239472, FrameStartTime=16666666, SyncQueued=827910131347, SyncStart=827910290774, IssueDrawCommandsStart=827911583899, SwapBuffers=827912955358, FrameCompleted=9223372036854775807, DequeueBufferDuration=15521, QueueBufferDuration=781198, GpuCompleted=9223372036854775807, SwapBuffersCompleted=827914049576, DisplayPresentTime=0,
03-07 17:02:24.496 5157 6169 I mars::stn: [longlink_connect_monitor.cc:470, OnHeartbeatAlarmSet]:longlink_progress on_heartbeat_set, time: 827955, time interval:210000
03-07 17:02:25.277 650 660 I mpu_uart: [MSG-P:RECV]:No message received in 1000 ms
03-07 17:02:25.407 4946 8356 I mars::cdn: [connection_factory.cc:340, GetOrCreateTCPConnection]:cdntask 20 take conn 0x7d76e39028(568)@TCP from cache.
03-07 17:02:25.408 4946 8356 I mars::cdn: [taskbase.cc:1076, OnMainConnectionEnstablished]:cdntask 20 connect ok:183.255.109.219:443 [TCP] source CACHE, prev addr:0.0.0.0:0, proxyaddr:0.0.0.0:0, cost:(0,0)
03-07 17:02:25.512 650 659 I mpu_uart: [MSG-P:R]:recv sync frame timeout
03-07 17:02:25.639 4946 8356 I mars::cdn: [netchannel.cc:293, __RunReadWrite]:runloop rv 0 errtype 0 errcode 0 idling false
03-07 17:02:25.639 4946 8356 I mars::cdn: [netchannel.cc:871, __AfterRun]:cdntask 20 putback conn 0x7d76e39028(568)@TCP to cache.
03-07 17:02:25.669 4946 4990 I MicroMsg.NetSceneQueue: [:4990, ]:onSceneEnd mmcgi type:521 hash[106506067,7661966] run:5 wait:0 autoauth:136676632 [0,0,null]
03-07 17:02:25.786 4946 5401 I OpenGLRenderer: Davey! duration=9223371207668ms; Flags=0, FrameTimelineVsyncId=25178, IntendedVsync=829186105470, Vsync=829186105470, InputEventId=0, HandleInputStart=829186565618, AnimationStart=829186567024, PerformTraversalsStart=829186567701, DrawStart=829226945201, FrameDeadline=829219438802, FrameInterval=829186560982, FrameStartTime=16666666, SyncQueued=829228924159, SyncStart=829229057493, IssueDrawCommandsStart=829231012545, SwapBuffers=829232535409, FrameCompleted=9223372036854775807, DequeueBufferDuration=14531, QueueBufferDuration=781354, GpuCompleted=9223372036854775807, SwapBuffersCompleted=829233651034, DisplayPresentTime=0,
03-07 17:02:26.277 650 660 I mpu_uart: [MSG-P:RECV]:No message received in 1000 ms
03-07 17:02:26.449 4946 8020 I MicroMsg.FTS.FTSTaskDaemon: [:8020, ]:[MarkContactDirtyTask] Done, 1ms {username: wxid_dejtl07dssfj22 cached: false isSkipped: true}
01-02 07:17:01.036 0 0 E DTC_ETH,link_delay_work_func: 3003, SQI=0, link=0
03-07 17:02:27.278 650 660 I mpu_uart: [MSG-P:RECV]:No message received in 1000 ms
03-07 17:02:27.512 6457 8268 I MicroMsg.EmojiSyncLoaderIPC_custom: [:8268, ]:init data callback: Bundle[mParcelledData.dataSize=168]
03-07 17:02:27.833 4946 4956 I com.tencent.mm: Background concurrent copying GC freed 601596(26MB) AllocSpace objects, 81(3492KB) LOS objects, 31% free, 51MB/75MB, paused 43us,42us total 119.765ms
03-07 17:02:28.278 650 660 I mpu_uart: [MSG-P:RECV]:No message received in 1000 ms
03-07 17:02:28.515 650 659 I mpu_uart: [MSG-P:R]:recv sync frame timeout
03-07 17:02:29.278 650 660 I mpu_uart: [MSG-P:RECV]:No message received in 1000 ms
03-07 17:02:29.435 4946 8368 I mars::cdn: [connection_factory.cc:340, GetOrCreateTCPConnection]:cdntask 21 take conn 0x7d76e39028(568)@TCP from cache.
03-07 17:02:29.435 4946 8368 I mars::cdn: [taskbase.cc:1076, OnMainConnectionEnstablished]:cdntask 21 connect ok:183.255.109.219:443 [TCP] source CACHE, prev addr:0.0.0.0:0, proxyaddr:0.0.0.0:0, cost:(0,0)
03-07 17:02:29.661 4946 8368 I mars::cdn: [netchannel.cc:293, __RunReadWrite]:runloop rv 0 errtype 0 errcode 0 idling false
03-07 17:02:29.662 4946 8368 I mars::cdn: [netchannel.cc:871, __AfterRun]:cdntask 21 putback conn 0x7d76e39028(568)@TCP to cache.
03-07 17:02:30.279 650 660 I mpu_uart: [MSG-P:RECV]:No message received in 1000 ms
03-07 17:02:30.787 2954 2954 I auditd : type=1400 audit(0.0:2134): avc: granted { read } for comm=4173796E635461736B20233734 name="arp" dev="proc" ino=4026532256 scontext=u:r:platform_app:s0:c512,c768 tcontext=u:object_r:proc_net:s0 tclass=file app=com.hht.lebocast
03-07 17:02:30.787 2954 2954 W com.hht.lebocast: type=1400 audit(0.0:2134): avc: granted { read } for comm=4173796E635461736B20233734 name="arp" dev="proc" ino=4026532256 scontext=u:r:platform_app:s0:c512,c768 tcontext=u:object_r:proc_net:s0 tclass=file app=com.hht.lebocast
03-07 17:02:30.787 2954 2954 I auditd : type=1400 audit(0.0:2135): avc: granted { read open } for comm=4173796E635461736B20233734 path="/proc/2954/net/arp" dev="proc" ino=4026532256 scontext=u:r:platform_app:s0:c512,c768 tcontext=u:object_r:proc_net:s0 tclass=file app=com.hht.lebocast
03-07 17:02:30.787 2954 2954 W com.hht.lebocast: type=1400 audit(0.0:2135): avc: granted { read open } for comm=4173796E635461736B20233734 path="/proc/2954/net/arp" dev="proc" ino=4026532256 scontext=u:r:platform_app:s0:c512,c768 tcontext=u:object_r:proc_net:s0 tclass=file app=com.hht.lebocast
03-07 17:02:30.787 2954 2954 I auditd : type=1400 audit(0.0:2136): avc: granted { getattr } for comm=4173796E635461736B20233734 path="/proc/2954/net/arp" dev="proc" ino=4026532256 scontext=u:r:platform_app:s0:c512,c768 tcontext=u:object_r:proc_net:s0 tclass=file app=com.hht.lebocast
03-07 17:02:30.787 2954 2954 W com.hht.lebocast: type=1400 audit(0.0:2136): avc: granted { getattr } for comm=4173796E635461736B20233734 path="/proc/2954/net/arp" dev="proc" ino=4026532256 scontext=u:r:platform_app:s0:c512,c768 tcontext=u:object_r:proc_net:s0 tclass=file app=com.hht.lebocast
03-07 17:02:30.791 2954 2954 I auditd : type=1400 audit(0.0:2137): avc: granted { getattr } for comm=4173796E635461736B20233734 path="/proc/2954/net/arp" dev="proc" ino=4026532256 scontext=u:r:platform_app:s0:c512,c768 tcontext=u:object_r:proc_net:s0 tclass=file app=com.hht.lebocast
03-07 17:02:30.791 2954 2954 W com.hht.lebocast: type=1400 audit(0.0:2137): avc: granted { getattr } for comm=4173796E635461736B20233734 path="/proc/2954/net/arp" dev="proc" ino=4026532256 scontext=u:r:platform_app:s0:c512,c768 tcontext=u:object_r:proc_net:s0 tclass=file app=com.hht.lebocast
03-07 17:02:31.279 650 660 I mpu_uart: [MSG-P:RECV]:No message received in 1000 ms
03-07 17:02:31.518 650 659 I mpu_uart: [MSG-P:R]:recv sync frame timeout
03-07 17:02:31.581 813 3438 E audio_hw_primary: out_write: error -5, cannot write stream data: I/O error
03-07 17:02:31.581 813 3438 D audio_hw_primary: out_standby: enter: stream (0xec300010) usecase(1: low-latency-playback)
01-02 07:17:06.157 0 0 E DTC_ETH,link_delay_work_func: 3003, SQI=0, link=0
01-02 07:17:06.356 0 0 E msm_pcm_playback_close: CMD_EOS failed, cmd_pending 0x8
01-02 07:17:06.371 0 0 I afe_close: port_id = 0x9000
03-07 17:02:31.807 813 3438 D audio_hw_primary: disable_audio_route: reset and update mixer path: low-latency-playback
03-07 17:02:31.809 813 3438 E soundtrigger: audio_extn_sound_trigger_update_stream_status: invalid input device 0x0, for event 2
03-07 17:02:31.809 813 3438 D soundtrigger: audio_extn_sound_trigger_update_stream_status: uc_info->id 1 of type 0 for Event 2, with Raise=0
03-07 17:02:31.809 813 3438 D msm8974_platform: platform_split_snd_device: snd_device(2) num devices(0) new_snd_devices(0)
03-07 17:02:31.809 813 3438 I msm8974_platform: platform_get_custom_mtmx_params: no matching param with id 0 ip_ch 2 op_ch 2 uc_id 1 snd_dev 2
03-07 17:02:31.809 813 3438 D hardware_info: hw_info_append_hw_type : device_name = speaker
03-07 17:02:31.809 813 3438 D audio_hw_primary: disable_snd_device: snd_device(2: speaker)
03-07 17:02:31.809 813 3438 D msm8974_platform: platform_split_snd_device: snd_device(2) num devices(0) new_snd_devices(0)
03-07 17:02:31.809 813 3438 I soundtrigger: audio_extn_sound_trigger_update_device_status: device 0x2 of type 0 for Event 0, with Raise=0
03-07 17:02:31.810 813 3438 D audio_hw_primary: out_standby: exit
03-07 17:02:31.814 813 3438 D audio_hw_primary: start_output_stream: enter: stream(0xec300010)usecase(1: low-latency-playback) devices(0x2) is_haptic_usecase(0)
03-07 17:02:31.815 813 3438 D audio_hw_primary: select_devices for use case (low-latency-playback)
03-07 17:02:31.815 813 3438 I msm8974_platform: platform_check_and_set_codec_backend_cfg:becf: afe: bitwidth 16, samplerate 48000 channels 2, backend_idx 0 usecase = 1 device (speaker)
03-07 17:02:31.816 813 3438 D msm8974_platform: platform_split_snd_device: snd_device(2) num devices(1) new_snd_devices(0)
03-07 17:02:31.816 813 3438 I msm8974_platform: platform_check_and_set_codec_backend_cfg: new_snd_devices[0] is 2
03-07 17:02:31.816 813 3438 I msm8974_platform: platform_check_codec_backend_cfg:becf: afe: bitwidth 16, samplerate 48000 channels 2, backend_idx 0 usecase = 1 device (speaker)
03-07 17:02:31.817 813 3438 D audio_hw_extn: audio_extn_enable_hifi_filter: mixer_value set 0
03-07 17:02:31.818 813 3438 D msm8974_platform: platform_check_codec_backend_cfg:becf: updated afe: bitwidth 16, samplerate 48000 channels 2,backend_idx 0 usecase = 1 device (speaker)
03-07 17:02:31.818 813 3438 D msm8974_platform: platform_check_codec_backend_cfg:becf: afe: playback on codec device not supporting native playback set default Sample Rate(48k)
03-07 17:02:31.818 813 3438 I msm8974_platform: platform_check_codec_backend_cfg:becf: afe: Codec selected backend: 0 updated bit width: 16 and sample rate: 48000
03-07 17:02:31.818 813 3438 D audio_hw_primary: check_usecases_codec_backend:becf: force routing 0
03-07 17:02:31.818 813 3438 E msm8974_platform: platform_check_backends_match: Invalid snd_device =
03-07 17:02:31.818 813 3438 D audio_hw_primary: check_usecases_codec_backend:becf: (78) check_usecases curr device: speaker, usecase device: backends match 0
03-07 17:02:31.818 813 3438 D audio_hw_primary: check_usecases_codec_backend:becf: check_usecases num.of Usecases to switch 0
03-07 17:02:31.818 813 3438 D hardware_info: hw_info_append_hw_type : device_name = speaker
03-07 17:02:31.818 813 3438 D msm8974_platform: platform_split_snd_device: snd_device(2) num devices(0) new_snd_devices(0)
03-07 17:02:31.818 813 3438 D audio_hw_primary: enable_snd_device: snd_device(2: speaker)
03-07 17:02:31.818 813 3438 D msm8974_platform: platform_get_island_cfg_on_device:island cfg status on snd_device = (speaker 0)
03-07 17:02:31.818 813 3438 I soundtrigger: audio_extn_sound_trigger_update_device_status: device 0x2 of type 0 for Event 1, with Raise=0
03-07 17:02:31.818 813 3438 D audio_route: Apply path: speaker
03-07 17:02:31.818 813 3438 I audio_hw_utils: audio_extn_utils_update_stream_output_app_type_cfg Allowing 24 and above bits playback on speaker ONLY at default sampling rate
03-07 17:02:31.818 813 3438 E soundtrigger: audio_extn_sound_trigger_update_stream_status: invalid input device 0x0, for event 3
03-07 17:02:31.819 813 3438 D soundtrigger: audio_extn_sound_trigger_update_stream_status: uc_info->id 1 of type 0 for Event 3, with Raise=0
03-07 17:02:31.819 813 3438 D audio_hw_utils: audio_extn_utils_send_app_type_cfg: usecase->out_snd_device speaker
03-07 17:02:31.819 813 3438 D msm8974_platform: platform_split_snd_device: snd_device(2) num devices(0) new_snd_devices(0)
03-07 17:02:31.819 813 3438 D audio_hw_utils: audio_extn_btsco_get_sample_rate:Not a BT SCO device, need not update sampling rate
03-07 17:02:31.819 813 3438 I audio_hw_utils: send_app_type_cfg_for_device PLAYBACK app_type 69937, acdb_dev_id 15, sample_rate 48000, snd_device_be_idx 179
03-07 17:02:31.820 813 3438 D msm8974_platform: platform_split_snd_device: snd_device(2) num devices(1) new_snd_devices(0)
03-07 17:02:31.820 813 3438 D audio_hw_utils: audio_extn_btsco_get_sample_rate:Not a BT SCO device, need not update sampling rate
03-07 17:02:31.820 813 3438 D ACDB-LOADER: ACDB -> send_audio_cal, acdb_id = 15, path = 0, app id = 0x11131, sample rate = 48000, afe_sample_rate = 48000
03-07 17:02:31.820 813 3438 D ACDB-LOADER: ACDB -> send_asm_topology
03-07 17:02:31.820 813 3438 D ACDB-LOADER: ACDB -> ACDB_CMD_GET_AUDPROC_STREAM_TOPOLOGY_ID
03-07 17:02:31.820 813 3438 D ACDB-LOADER: ACDB -> send_adm_topology
03-07 17:02:31.820 813 3438 D ACDB-LOADER: ACDB -> ACDB_CMD_GET_AUDPROC_COMMON_TOPOLOGY_ID
03-07 17:02:31.820 813 3438 D ACDB-LOADER: ACDB -> send_audtable
03-07 17:02:31.820 813 3438 D ACDB-LOADER: ACDB -> ACDB_CMD_GET_AUDPROC_INSTANCE_COMMON_TABLE_SIZE
03-07 17:02:31.820 813 3438 D ACDB-LOADER: ACDB -> ACDB_CMD_GET_AUDPROC_INSTANCE_COMMON_TABLE
03-07 17:02:31.821 813 3438 D ACDB-LOADER: ACDB -> AUDIO_SET_AUDPROC_CAL cal_type[11] acdb_id[15] app_type[69937]
03-07 17:02:31.821 813 3438 D ACDB-LOADER: ACDB -> send_audvoltable
03-07 17:02:31.821 813 3438 D ACDB-LOADER: ACDB -> ACDB_CMD_GET_AUDPROC_INSTANCE_GAIN_DEP_STEP_TABLE_SIZE
03-07 17:02:31.821 813 3438 D ACDB-LOADER: ACDB -> ACDB_CMD_GET_AUDPROC_INSTANCE_GAIN_DEP_STEP_TABLE, vol index 5
03-07 17:02:31.821 813 3438 D ACDB-LOADER: ACDB -> AUDIO_SET_VOL_CAL cal type = 12
03-07 17:02:31.821 813 3438 D ACDB-LOADER: ACDB -> ACDB_CMD_GET_AUDPROC_INSTANCE_STREAM_TABLE_SIZE
03-07 17:02:31.821 813 3438 D ACDB-LOADER: ACDB -> send_audstrmtable
03-07 17:02:31.821 813 3438 D ACDB-LOADER: ACDB -> ACDB_CMD_GET_AUDPROC_INSTANCE_STREAM_TABLE
03-07 17:02:31.821 813 3438 D ACDB-LOADER: ACDB -> audstrm_cal->cal_type.cal_data.cal_size = 20
03-07 17:02:31.821 813 3438 D ACDB-LOADER: ACDB -> send_afe_topology
03-07 17:02:31.821 813 3438 D ACDB-LOADER: ACDB -> ACDB_CMD_GET_AFE_TOPOLOGY_ID
03-07 17:02:31.822 813 3438 D ACDB-LOADER: ACDB -> GET_AFE_TOPOLOGY_ID for adcd_id 15, Topology Id 112fc
03-07 17:02:31.822 813 3438 D ACDB-LOADER: ACDB -> send_afe_cal
03-07 17:02:31.822 813 3438 D ACDB-LOADER: ACDB -> ACDB_CMD_GET_AFE_INSTANCE_COMMON_TABLE_SIZE
03-07 17:02:31.822 813 3438 D android.hardware.audio.service: Failed to fetch the lookup information of the device 0000000F
03-07 17:02:31.822 813 3438 D ACDB-LOADER: Error: ACDB_CMD_GET_AFE_INSTANCE_COMMON_TABLE_SIZE Returned = -19
03-07 17:02:31.822 813 3438 D ACDB-LOADER: ACDB -> ACDB_CMD_GET_AFE_INSTANCE_COMMON_TABLE
03-07 17:02:31.822 813 3438 D android.hardware.audio.service: Failed to fetch the lookup information of the device 0000000F
03-07 17:02:31.822 813 3438 D ACDB-LOADER: Error: ACDB AFE returned = -19
03-07 17:02:31.822 813 3438 D ACDB-LOADER: ACDB -> AUDIO_SET_AFE_CAL cal_type[16] acdb_id[15]
03-07 17:02:31.822 813 3438 D ACDB-LOADER: ACDB -> send_hw_delay : acdb_id = 15 path = 0
03-07 17:02:31.822 813 3438 D ACDB-LOADER: ACDB -> ACDB_AVSYNC_INFO: ACDB_CMD_GET_DEVICE_PROPERTY
03-07 17:02:31.822 813 3438 D msm8974_platform: platform_split_snd_device: snd_device(2) num devices(0) new_snd_devices(0)
03-07 17:02:31.822 813 3438 I msm8974_platform: platform_get_custom_mtmx_params: no matching param with id 0 ip_ch 2 op_ch 2 uc_id 1 snd_dev 2
03-07 17:02:31.822 813 3438 D audio_hw_primary: enable_audio_route: apply mixer and update path: low-latency-playback
03-07 17:02:31.823 813 3438 D audio_route: Apply path: low-latency-playback
03-07 17:02:31.823 813 3438 D audio_hw_primary: select_devices: done
01-02 07:17:06.405 0 0 I afe_find_cal_topo_id_by_port: port id: 0x9000, dev_acdb_id: 0
01-02 07:17:06.412 0 0 I afe_find_cal_topo_id_by_port: top_id:112fc acdb_id:15 afe_port:0x9000
01-02 07:17:06.420 0 0 I afe_get_cal_topology_id: port_id = 0x9000 acdb_id = 15 topology_id = 0x112fc cal_type_index=8 ret=0
01-02 07:17:06.431 0 0 I afe_send_port_topology_id: AFE set topology id 0x112fc enable for port 0x9000 ret 0
01-02 07:17:06.440 0 0 I send_afe_cal_type: cal_index is 0
01-02 07:17:06.445 0 0 I send_afe_cal_type: dev_acdb_id[55] is 0
01-02 07:17:06.450 0 0 I send_afe_cal_type: Sending cal_index cal 0
01-02 07:17:06.455 0 0 E send_afe_cal_type: No cal sent for cal_index 0, port_id = 0x9000! ret -22
01-02 07:17:06.464 0 0 I afe_send_hw_delay: port_id 0x9000 rate 48000 delay_usec 474 status 0
03-07 17:02:31.921 813 3438 D msm8974_platform: platform_set_channel_map mixer_ctl_name:Playback Channel Map9
03-07 17:02:31.921 813 3438 D msm8974_platform: platform_set_channel_map: set mapping(1 2 0 0 0 0 0 0) for channel:2
03-07 17:02:31.924 813 3438 D audio_hw_primary: start_output_stream: exit
03-07 17:02:32.216 1002 1172 D CompatibilityInfo: mCompatibilityFlags - 4
03-07 17:02:32.216 1002 1172 D CompatibilityInfo: applicationDensity - 240
03-07 17:02:32.216 1002 1172 D CompatibilityInfo: applicationScale - 1.0
03-07 17:02:32.245 1002 1168 I am_pss : [7793,10099,com.tencent.mm:appbrand0,136169472,92631040,192512,381620224,0,17,23]
03-07 17:02:32.280 650 660 I mpu_uart: [MSG-P:RECV]:No message received in 1000 ms
03-07 17:02:33.280 650 660 I mpu_uart: [MSG-P:RECV]:No message received in 1000 ms
03-07 17:02:33.364 4946 8375 I mars::cdn: [connection_factory.cc:340, GetOrCreateTCPConnection]:cdntask 22 take conn 0x7d76e39028(568)@TCP from cache.
03-07 17:02:33.365 4946 8375 I mars::cdn: [taskbase.cc:1076, OnMainConnectionEnstablished]:cdntask 22 connect ok:183.255.109.219:443 [TCP] source CACHE, prev addr:0.0.0.0:0, proxyaddr:0.0.0.0:0, cost:(0,0)
03-07 17:02:33.602 4946 8375 I mars::cdn: [netchannel.cc:293, __RunReadWrite]:runloop rv 0 errtype 0 errcode 0 idling false
03-07 17:02:33.602 4946 8375 I mars::cdn: [netchannel.cc:871, __AfterRun]:cdntask 22 putback conn 0x7d76e39028(568)@TCP to cache.
03-07 17:02:33.626 4946 6365 I OpenGLRenderer: Davey! duration=9223371199816ms; Flags=0, FrameTimelineVsyncId=25649, IntendedVsync=837038364570, Vsync=837038364570, InputEventId=0, HandleInputStart=837039004885, AnimationStart=837039006604, PerformTraversalsStart=837039008010, DrawStart=837063636448, FrameDeadline=837055031236, FrameInterval=837038998323, FrameStartTime=16666666, SyncQueued=837066173271, SyncStart=837066315563, IssueDrawCommandsStart=837068276135, SwapBuffers=837069507229, FrameCompleted=9223372036854775807, DequeueBufferDuration=14583, QueueBufferDuration=951614, GpuCompleted=9223372036854775807, SwapBuffersCompleted=837070816969, DisplayPresentTime=0,
03-07 17:02:33.679 4946 5182 I MicroMsg.emoji.EmojiLogic: [:5182, ]:md5:d9b0d8eb42c1c743867dbab5ab7f4197 index:43
03-07 17:02:34.280 650 660 I mpu_uart: [MSG-P:RECV]:No message received in 1000 ms
03-07 17:02:34.522 650 659 I mpu_uart: [MSG-P:R]:recv sync frame timeout
03-07 17:02:35.281 650 660 I mpu_uart: [MSG-P:RECV]:No message received in 1000 ms
03-07 17:02:35.332 8381 8381 D AndroidRuntime: >>>>>> START com.android.internal.os.RuntimeInit uid 0 <<<<<<
03-07 17:02:35.341 8381 8381 I AndroidRuntime: Using default boot image
03-07 17:02:35.341 8381 8381 I AndroidRuntime: Leaving lock profiling enabled
03-07 17:02:35.344 8381 8381 W app_process: ART APEX data files are untrusted.
03-07 17:02:35.344 8381 8381 I app_process: Core platform API reporting enabled, enforcing=false
