03-07 17:04:22.805 1516 4528 D LOWI-9.0.0.87.a: [LOWI-Scan] BSS 18:6f:2d:81:18:84 FREQ: 2472, cFreq1[40:80:160] = [2472:0:0] cFreq2 = 0 Country Code = CN
03-07 17:04:22.805 1516 4528 D LOWI-9.0.0.87.a: [LOWI-Scan] BSS 18:6f:2d:81:18:84 (wlan0) ASSO: NO AddInfo: 0x0, TSF 0, 00:15:45.475, RSSI: -150, CPL: 127, AGE: 784, SSID ZXHY, TSFDelta: 0x5207207a, TXRate: 0
03-07 17:04:22.806 1516 4528 D LOWI-9.0.0.87.a: [LOWI-Scan]
03-07 17:04:22.806 1516 4528 D LOWI-9.0.0.87.a: [LOWI-Scan] print_bss_handler: Report Probe TSF 945739615 as it greater than Beacon TSF 945699393
03-07 17:04:22.806 1516 4528 D LOWI-9.0.0.87.a: [LOWI-Scan] decode_rsn_wpa_ie: LOWI_ENCRYPTION_TYPE_WPA_PSK
03-07 17:04:22.806 1516 4528 D LOWI-9.0.0.87.a: [LOWI-Scan] is_qcom_ie, bss_age: 0
03-07 17:04:22.806 1516 4528 D LOWI-9.0.0.87.a: [LOWI-Scan] BSS 18:6f:2d:81:1f:d4 LOWI_PHY_MODE_11AC_VHT20(8), Beacon Interval: 100, LOWI_ENCRYPTION_TYPE_WPA_PSK 11mcRanging: No, ANQP: No, LCI: No, Civic: No, capability(0x0111): ESS Privacy SpectrumMgmt
03-07 17:04:22.806 1516 4528 D LOWI-9.0.0.87.a: [LOWI-Scan] BSS 18:6f:2d:81:1f:d4 FREQ: 5280, cFreq1[40:80:160] = [5280:0:0] cFreq2 = 0 Country Code = CN
03-07 17:04:22.806 1516 4528 D LOWI-9.0.0.87.a: [LOWI-Scan] BSS 18:6f:2d:81:1f:d4 (wlan0) ASSO: NO AddInfo: 0x0, TSF 0, 00:15:45.739, RSSI: -172, CPL: 127, AGE: 520, SSID ThunderSoft, TSFDelta: 0x6bc01f23, TXRate: 0
03-07 17:04:22.806 1516 4528 D LOWI-9.0.0.87.a: [LOWI-Scan]
03-07 17:04:22.806 1516 4528 D LOWI-9.0.0.87.a: [LOWI-Scan] print_bss_handler: Report Probe TSF 945740503 as it greater than Beacon TSF 945701194
03-07 17:04:22.806 1516 4528 D LOWI-9.0.0.87.a: [LOWI-Scan] decode_rsn_wpa_ie: LOWI_ENCRYPTION_TYPE_WPA_PSK
03-07 17:04:22.806 1516 4528 D LOWI-9.0.0.87.a: [LOWI-Scan] is_qcom_ie, bss_age: 0
03-07 17:04:22.806 1516 4528 D LOWI-9.0.0.87.a: [LOWI-Scan] BSS 18:6f:2d:81:1f:d5 LOWI_PHY_MODE_11AC_VHT20(8), Beacon Interval: 100, LOWI_ENCRYPTION_TYPE_WPA_PSK 11mcRanging: No, ANQP: No, LCI: No, Civic: No, capability(0x0111): ESS Privacy SpectrumMgmt
03-07 17:04:22.806 1516 4528 D LOWI-9.0.0.87.a: [LOWI-Scan] BSS 18:6f:2d:81:1f:d5 FREQ: 5280, cFreq1[40:80:160] = [5280:0:0] cFreq2 = 0 Country Code = CN
03-07 17:04:22.803 1516 1516 I auditd : type=1400 audit(0.0:2170): avc: denied { search } for comm="lowi-server" name="diagchar" dev="sysfs" ino=38990 scontext=u:r:vendor_location:s0 tcontext=u:object_r:vendor_sysfs_diag:s0 tclass=dir permissive=1
03-07 17:04:22.806 1516 4528 D LOWI-9.0.0.87.a: [LOWI-Scan] BSS 18:6f:2d:81:1f:d5 (wlan0) ASSO: NO AddInfo: 0x0, TSF 0, 00:15:45.740, RSSI: -172, CPL: 127, AGE: 516, SSID GM, TSFDelta: 0x6bc605dd, TXRate: 0
03-07 17:04:22.806 1516 4528 D LOWI-9.0.0.87.a: [LOWI-Scan]
03-07 17:04:22.806 1516 4528 D LOWI-9.0.0.87.a: [LOWI-Scan] print_bss_handler: Report Probe TSF 945730570 as it greater than Beacon TSF 0
03-07 17:04:22.806 1516 4528 D LOWI-9.0.0.87.a: [LOWI-Scan] decode_rsn_wpa_ie: LOWI_ENCRYPTION_TYPE_WPA_PSK
03-07 17:04:22.806 1516 4528 D LOWI-9.0.0.87.a: [LOWI-Scan] is_qcom_ie, bss_age: 0
03-07 17:04:22.806 1516 4528 D LOWI-9.0.0.87.a: [LOWI-Scan] BSS 18:6f:2d:81:1f:d0 LOWI_PHY_MODE_11AC_VHT20(8), Beacon Interval: 100, LOWI_ENCRYPTION_TYPE_WPA_PSK 11mcRanging: No, ANQP: No, LCI: No, Civic: No, capability(0x0111): ESS Privacy SpectrumMgmt
03-07 17:04:22.806 1516 4528 D LOWI-9.0.0.87.a: [LOWI-Scan] BSS 18:6f:2d:81:1f:d0 FREQ: 5280, cFreq1[40:80:160] = [5280:0:0] cFreq2 = 0 Country Code = CN
03-07 17:04:22.806 1516 4528 D LOWI-9.0.0.87.a: [LOWI-Scan] BSS 18:6f:2d:81:1f:d0 (wlan0) ASSO: NO AddInfo: 0x0, TSF 0, 00:15:45.730, RSSI: -174, CPL: 127, AGE: 528, SSID Testing , TSFDelta: 0x6b7c981a, TXRate: 0
03-07 17:04:22.807 1516 4528 D LOWI-9.0.0.87.a: [LOWI-Scan]
03-07 17:04:22.803 1516 1516 I lowi-server: type=1400 audit(0.0:2170): avc: denied { search } for name="diagchar" dev="sysfs" ino=38990 scontext=u:r:vendor_location:s0 tcontext=u:object_r:vendor_sysfs_diag:s0 tclass=dir permissive=1
03-07 17:04:22.807 1516 4528 D LOWI-9.0.0.87.a: [LOWI-Scan] print_bss_handler: Report Probe TSF 945735912 as it greater than Beacon TSF 0
03-07 17:04:22.807 1516 4528 D LOWI-9.0.0.87.a: [LOWI-Scan] is_qcom_ie, bss_age: 0
03-07 17:04:22.807 1516 4528 D LOWI-9.0.0.87.a: [LOWI-Scan] BSS 18:6f:2d:81:1f:d1 LOWI_PHY_MODE_11AC_VHT20(8), Beacon Interval: 100, LOWI_ENCRYPTION_TYPE_OPEN 11mcRanging: No, ANQP: No, LCI: No, Civic: No, capability(0x0101): ESS SpectrumMgmt
03-07 17:04:22.807 1516 4528 D LOWI-9.0.0.87.a: [LOWI-Scan] BSS 18:6f:2d:81:1f:d1 FREQ: 5280, cFreq1[40:80:160] = [5280:0:0] cFreq2 = 0 Country Code = CN
03-07 17:04:22.807 1516 4528 D LOWI-9.0.0.87.a: [LOWI-Scan] BSS 18:6f:2d:81:1f:d1 (wlan0) ASSO: NO AddInfo: 0x0, TSF 0, 00:15:45.735, RSSI: -172, CPL: 127, AGE: 524, SSID Guest, TSFDelta: 0x6ba0ed28, TXRate: 0
03-07 17:04:22.807 1516 4528 D LOWI-9.0.0.87.a: [LOWI-Scan]
03-07 17:04:22.807 1516 4528 D LOWI-9.0.0.87.a: [LOWI-Scan] print_bss_handler: Report Probe TSF 945737097 as it greater than Beacon TSF 0
03-07 17:04:22.807 1516 4528 D LOWI-9.0.0.87.a: [LOWI-Scan] decode_rsn_wpa_ie: LOWI_ENCRYPTION_TYPE_WPA_PSK
03-07 17:04:22.807 1516 4528 D LOWI-9.0.0.87.a: [LOWI-Scan] is_qcom_ie, bss_age: 0
03-07 17:04:22.807 1516 4528 D LOWI-9.0.0.87.a: [LOWI-Scan] BSS 18:6f:2d:81:1f:d2 LOWI_PHY_MODE_11AC_VHT20(8), Beacon Interval: 100, LOWI_ENCRYPTION_TYPE_WPA_PSK 11mcRanging: No, ANQP: No, LCI: No, Civic: No, capability(0x0111): ESS Privacy SpectrumMgmt
03-07 17:04:22.807 1516 4528 D LOWI-9.0.0.87.a: [LOWI-Scan] BSS 18:6f:2d:81:1f:d2 FREQ: 5280, cFreq1[40:80:160] = [5280:0:0] cFreq2 = 0 Country Code = CN
03-07 17:04:22.807 1516 4528 D LOWI-9.0.0.87.a: [LOWI-Scan] BSS 18:6f:2d:81:1f:d2 (wlan0) ASSO: NO AddInfo: 0x0, TSF 0, 00:15:45.737, RSSI: -174, CPL: 127, AGE: 520, SSID ZXHY, TSFDelta: 0x6ba8f3c6, TXRate: 0
03-07 17:04:22.807 1516 4528 D LOWI-9.0.0.87.a: [LOWI-Scan]
03-07 17:04:22.807 1516 4528 D LOWI-9.0.0.87.a: [LOWI-Scan] print_bss_handler: Report Probe TSF 945738534 as it greater than Beacon TSF 0
03-07 17:04:22.807 1516 4528 D LOWI-9.0.0.87.a: [LOWI-Scan] decode_rsn_wpa_ie: LOWI_ENCRYPTION_TYPE_WPA_PSK
03-07 17:04:22.807 1516 4528 D LOWI-9.0.0.87.a: [LOWI-Scan] is_qcom_ie, bss_age: 0
03-07 17:04:22.807 1516 4528 D LOWI-9.0.0.87.a: [LOWI-Scan] BSS 18:6f:2d:81:1f:d3 LOWI_PHY_MODE_11AC_VHT20(8), Beacon Interval: 100, LOWI_ENCRYPTION_TYPE_WPA_PSK 11mcRanging: No, ANQP: No, LCI: No, Civic: No, capability(0x0111): ESS Privacy SpectrumMgmt
03-07 17:04:22.807 1516 4528 D LOWI-9.0.0.87.a: [LOWI-Scan] BSS 18:6f:2d:81:1f:d3 FREQ: 5280, cFreq1[40:80:160] = [5280:0:0] cFreq2 = 0 Country Code = CN
03-07 17:04:22.807 1516 4528 D LOWI-9.0.0.87.a: [LOWI-Scan] BSS 18:6f:2d:81:1f:d3 (wlan0) ASSO: NO AddInfo: 0x0, TSF 0, 00:15:45.738, RSSI: -174, CPL: 127, AGE: 520, SSID Fanya, TSFDelta: 0x6bb605da, TXRate: 0
03-07 17:04:22.807 1516 4528 D LOWI-9.0.0.87.a: [LOWIDiagLog] Log: lowiMeasResult->request: invalid null argument
03-07 17:04:22.807 1516 4528 I LOWI-9.0.0.87.a: [LOWI-Scan] lowi_close_record:Scan done in 900982ms, 75 APs in scan results
03-07 17:04:22.807 1516 4528 D LOWI-9.0.0.87.a: [LOWI-Scan] WipsScanUsingNL: passive scan cached 0, took 84099 ms, err 0
03-07 17:04:22.807 1516 4528 D LOWI-9.0.0.87.a: [LOWI-Scan] lowi_proc_req_passive_scan_with_live_meas - No WLAN Frames to be parsed
03-07 17:04:22.807 1516 4528 D LOWI-9.0.0.87.a: [LOWIScanResultReceiver] Send scan meas to listener
03-07 17:04:22.807 1516 4528 D LOWI-9.0.0.87.a: [LOWIScanResultReceiver] Enter passive listening mode
03-07 17:04:22.807 1516 4528 D LOWI-9.0.0.87.a: [LOWIWifiDriverInterface] getMeasurements - Passive listening mode
03-07 17:04:22.807 1516 4528 I LOWI-9.0.0.87.a: [LOWIDiagLog] is Logging Enabled for LOWI log code? :1
03-07 17:04:22.807 1516 4528 D LOWI-9.0.0.87.a: [LOWIDiagLog] Log WLAN discovery scan request
03-07 17:04:22.808 1516 1532 D LOWI-9.0.0.87.a: [LOWIEventReceiver] handleEvent:FROM:NA, TO:NA, REQ:NA, IREQ:NA, REQ_ID:0, RESP:NA, INFO:NA
03-07 17:04:22.808 1516 1532 D LOWI-9.0.0.87.a: [LOWIBackgroundScanMgr] isRspForBgScanMgr: evt(LOWI_NO_EVT) - not handled
03-07 17:04:22.808 1516 1532 D LOWI-9.0.0.87.a: [LOWIScheduler] manageMsg: NULL results or NULL request in results
03-07 17:04:22.808 1516 1532 D LOWI-9.0.0.87.a: [LOWIController] Measurements received
03-07 17:04:22.808 1516 1532 D LOWI-9.0.0.87.a: [LOWICacheManager] putInCache:Num of Meas to add: 75
03-07 17:04:22.808 1516 4528 D LOWI-9.0.0.87.a: [LOWI-Scan] WipsScanUsingNL:wait -1 sec for netlink message
03-07 17:04:22.811 1516 1532 D LOWI-9.0.0.87.a: [LOWIController] processMeasurementResults: No current Request. Cache measurements
03-07 17:04:22.811 1516 1532 D LOWI-9.0.0.87.a: [LOWIControllerExtn] sendLOWILpDiscoveryScanResponse: Not a discovery scan response
03-07 17:04:22.812 1002 1702 D PasspointManager: ANQP entry not found for: d8:32:14:df:f6:03:
03-07 17:04:22.813 1002 1702 D PasspointManager: ANQP entry not found for: 08:ff:24:e8:51:83:
03-07 17:04:22.849 2525 2525 W WifiDebugService: Can not find target wifi network : hht_test_wifi_fc4318c9
03-07 17:04:22.803 1516 1516 I auditd : type=1400 audit(0.0:2171): avc: denied { read } for comm="lowi-server" name="timestamp_switch" dev="sysfs" ino=38996 scontext=u:r:vendor_location:s0 tcontext=u:object_r:vendor_sysfs_diag:s0 tclass=file permissive=1
03-07 17:04:22.803 1516 1516 I lowi-server: type=1400 audit(0.0:2171): avc: denied { read } for name="timestamp_switch" dev="sysfs" ino=38996 scontext=u:r:vendor_location:s0 tcontext=u:object_r:vendor_sysfs_diag:s0 tclass=file permissive=1
03-07 17:04:22.803 1516 1516 I auditd : type=1400 audit(0.0:2172): avc: denied { open } for comm="lowi-server" path="/sys/module/diagchar/parameters/timestamp_switch" dev="sysfs" ino=38996 scontext=u:r:vendor_location:s0 tcontext=u:object_r:vendor_sysfs_diag:s0 tclass=file permissive=1
03-07 17:04:22.803 1516 1516 I lowi-server: type=1400 audit(0.0:2172): avc: denied { open } for path="/sys/module/diagchar/parameters/timestamp_switch" dev="sysfs" ino=38996 scontext=u:r:vendor_location:s0 tcontext=u:object_r:vendor_sysfs_diag:s0 tclass=file permissive=1
03-07 17:04:22.961 8502 8603 I OpenGLRenderer: Davey! duration=9223371090490ms; Flags=0, FrameTimelineVsyncId=30994, IntendedVsync=946348048728, Vsync=946348048728, InputEventId=0, HandleInputStart=946354623333, AnimationStart=946354624010, PerformTraversalsStart=946354624635, DrawStart=946354657500, FrameDeadline=946386048726, FrameInterval=946354621667, FrameStartTime=16666666, SyncQueued=946355185365, SyncStart=946371143333, IssueDrawCommandsStart=946371305833, SwapBuffers=946384861719, FrameCompleted=9223372036854775807, DequeueBufferDuration=13016823, QueueBufferDuration=501510, GpuCompleted=9223372036854775807, SwapBuffersCompleted=946385604375, DisplayPresentTime=0,
03-07 17:04:23.245 1002 1662 I input_interaction: Interaction with: 9f462e7 com.android.settings/com.android.settings.Settings (server), edge-swipe (server), swipe-up (server), PointerEventDispatcher0 (server),
03-07 17:04:23.295 0 0 I auditd : type=1400 audit(0.0:2173): avc: denied { kill } for comm="swapper/3" capability=5 scontext=u:r:kernel:s0 tcontext=u:r:kernel:s0 tclass=capability permissive=1
03-07 17:04:23.295 0 0 I swapper/3: type=1400 audit(0.0:2173): avc: denied { kill } for capability=5 scontext=u:r:kernel:s0 tcontext=u:r:kernel:s0 tclass=capability permissive=1
03-07 17:04:23.346 650 660 I mpu_uart: [MSG-P:RECV]:No message received in 1000 ms
03-07 17:04:23.350 8502 8502 I sysui_multi_action: [757,830,758,4,833,0,854,top_level_connected_devices,1089,0]
03-07 17:04:23.351 8502 8502 I TopLevelSettings: TopLevelSettings: TopLevelSettings::com.android.settings.connecteddevice.ConnectedDeviceDashboardFragment
03-07 17:04:23.441 1324 8405 I OMX-VENC: venc_dev: stats: avg. fps 38.63, bitrate 1068771
03-07 17:04:23.462 8502 8502 I sysui_multi_action: [757,747,758,2,1089,2458]
03-07 17:04:23.465 8502 8502 D LocalBluetoothManager: setting foreground activity to null
03-07 17:04:23.475 8502 8502 I sysui_multi_action: [757,746,758,2,1089,2748]
03-07 17:04:23.481 8502 8502 I TetheringManager: unregisterTetheringEventCallback caller:com.android.settings
03-07 17:04:23.492 8502 8502 D PrefCtrlListHelper: Could not find Context-only controller for pref: com.android.settings.slices.SlicePreferenceController
03-07 17:04:23.492 8502 8502 D PrefCtrlListHelper: Could not find Context-only controller for pref: com.android.settings.connecteddevice.AddDevicePreferenceController
03-07 17:04:23.492 8502 8502 D PrefCtrlListHelper: Could not find Context-only controller for pref: com.android.settings.connecteddevice.PreviouslyConnectedDevicePreferenceController
03-07 17:04:23.493 8502 8502 D PrefCtrlListHelper: Could not find Context-only controller for pref: com.android.settings.connecteddevice.GroupPreviouslyConnectedDevicePreferenceController
03-07 17:04:23.493 8502 8502 D PrefCtrlListHelper: Could not find Context-only controller for pref: com.android.settings.connecteddevice.AdvancedConnectedDeviceController
03-07 17:04:23.493 8502 8502 D PrefCtrlListHelper: Could not find Context-only controller for pref: com.android.settings.connecteddevice.DiscoverableFooterPreferenceController
03-07 17:04:23.494 8502 8502 D LocalBluetoothProfileManager: getBCProfile returning: null
03-07 17:04:23.494 8502 8502 D LocalBluetoothProfileManager: getBCProfile returning: null
03-07 17:04:23.494 8502 8502 D LocalBluetoothProfileManager: getBCProfile returning: null
03-07 17:04:23.494 8502 8502 D LocalBluetoothProfileManager: getBCProfile returning: null
03-07 17:04:23.494 8502 8502 D LocalBluetoothProfileManager: getBCProfile returning: null
03-07 17:04:23.494 8502 8502 D LocalBluetoothProfileManager: getBCProfile returning: null
03-07 17:04:23.500 1002 6431 E UserRestrictionsUtils: Unknown restriction queried by uid 1000 (com.qualcomm.qti.qmmi et al): null
03-07 17:04:23.502 8502 8502 D LocalBluetoothProfileManager: getBCProfile returning: null
03-07 17:04:23.503 8502 8502 D ConnectedDeviceFrag: NO dashboard tiles for ConnectedDeviceFrag
03-07 17:04:23.503 8502 8502 D ConnectedDeviceFrag: All preferences added, reporting fully drawn
03-07 17:04:23.511 8502 8502 E ActivityThread: Failed to find provider info for com.google.android.gms.nearby.fastpair
03-07 17:04:23.511 8502 8502 D LocalBluetoothManager: setting foreground activity to non-null context
03-07 17:04:23.511 8502 8502 D LocalBluetoothManager: setting foreground activity to non-null context
03-07 17:04:23.511 8502 8502 D LocalBluetoothManager: setting foreground activity to non-null context
03-07 17:04:23.511 8502 8823 E ActivityThread: Failed to find provider info for com.google.android.gms.nearby.fastpair
03-07 17:04:23.512 8502 8823 W SliceManager: Unknown URI: content://com.google.android.gms.nearby.fastpair/device_status_list_item
03-07 17:04:23.512 8502 8502 D LocalBluetoothManager: setting foreground activity to non-null context
03-07 17:04:23.512 8502 8502 D LocalBluetoothManager: setting foreground activity to non-null context
03-07 17:04:23.512 8502 8502 D LocalBluetoothManager: setting foreground activity to non-null context
03-07 17:04:23.515 8502 8502 I sysui_multi_action: [757,747,758,1,833,0,1089,24]
03-07 17:04:23.518 8502 8502 I sysui_multi_action: [757,1729,758,4,854,isParalleledControllers:false,1089,27]
03-07 17:04:24.197 1002 2945 E TaskPersister: File error accessing recents directory (directory doesn't exist?).
01-02 07:18:58.797 0 0 E DTC_ETH,link_delay_work_func: 3003, SQI=0, link=0
03-07 17:04:24.347 650 660 I mpu_uart: [MSG-P:RECV]:No message received in 1000 ms
03-07 17:04:24.458 1324 8405 I OMX-VENC: venc_dev: stats: avg. fps 49.19, bitrate 1351674
03-07 17:04:24.683 8502 8502 I sysui_multi_action: [757,830,758,4,833,0,854,previously_connected_devices_see_all,1089,0]
03-07 17:04:24.794 8502 8502 D LocalBluetoothProfileManager: getBCProfile returning: null
03-07 17:04:24.798 8502 8502 D PreConnectedDeviceFrag: NO dashboard tiles for PreConnectedDeviceFrag
03-07 17:04:24.799 8502 8502 D PreConnectedDeviceFrag: All preferences added, reporting fully drawn
03-07 17:04:24.814 8502 8502 D LocalBluetoothManager: setting foreground activity to non-null context
03-07 17:04:24.815 1002 6431 D BluetoothManagerService: enable(com.android.settings): mBluetooth =null mBinding = false mState = OFF
03-07 17:04:24.816 1002 6431 D BluetoothManagerService: enable returning
03-07 17:04:24.816 1002 1152 D BluetoothManagerService: MESSAGE_ENABLE(0): mBluetooth = null
03-07 17:04:24.816 1002 1152 D BluetoothManagerService: MESSAGE_ENABLE: handleEnable
03-07 17:04:24.816 1002 1152 D BluetoothManagerService: binding Bluetooth service
03-07 17:04:24.817 8502 8502 I sysui_multi_action: [757,1370,758,1,833,0,1089,25]
03-07 17:04:24.818 8502 8502 I sysui_multi_action: [757,1729,758,4,854,isParalleledControllers:false,1089,26]
03-07 17:04:24.819 1002 1152 I am_uid_running: 1002
03-07 17:04:24.819 1002 1152 D CompatibilityChangeReporter: Compat change id reported: 135634846; UID 1002; state: DISABLED
03-07 17:04:24.821 1002 1152 D CompatibilityChangeReporter: Compat change id reported: 177438394; UID 1002; state: DISABLED
03-07 17:04:24.821 1002 1152 D CompatibilityChangeReporter: Compat change id reported: 135772972; UID 1002; state: DISABLED
03-07 17:04:24.821 1002 1152 D CompatibilityChangeReporter: Compat change id reported: 135754954; UID 1002; state: ENABLED
03-07 17:04:24.822 1002 1152 D BluetoothManagerService: Binding BT service. Current user: 0
03-07 17:04:24.852 675 675 D Zygote : Forked child process 8834
03-07 17:04:24.853 1002 1173 I am_proc_start: [0,8834,1002,com.android.bluetooth,service,{com.android.bluetooth/com.android.bluetooth.btservice.AdapterService}]
03-07 17:04:24.853 1002 1173 I ActivityManager: Start proc 8834:com.android.bluetooth/1002 for service {com.android.bluetooth/com.android.bluetooth.btservice.AdapterService}
03-07 17:04:24.861 8834 8834 I Zygote : seccomp disabled by setenforce 0
03-07 17:04:24.902 4225 4233 I adbd : jdwp connection from 8834
03-07 17:04:24.909 8834 8834 D ProcessState: Binder ioctl to enable oneway spam detection failed: Invalid argument
01-02 07:18:59.478 0 0 I binder : 8834:8834 ioctl 40046210 7fc2951f54 returned -22
03-07 17:04:24.916 1002 6431 I am_proc_bound: [0,8834,com.android.bluetooth]
03-07 17:04:24.918 1002 6431 D CompatibilityInfo: mCompatibilityFlags - 4
03-07 17:04:24.918 1002 6431 D CompatibilityInfo: applicationDensity - 240
03-07 17:04:24.918 1002 6431 D CompatibilityInfo: applicationScale - 1.0
03-07 17:04:24.921 1002 6431 I am_uid_active: 1002
03-07 17:04:24.924 1002 6431 D CompatibilityInfo: mCompatibilityFlags - 4
03-07 17:04:24.924 1002 6431 D CompatibilityInfo: applicationDensity - 240
03-07 17:04:24.924 1002 6431 D CompatibilityInfo: applicationScale - 1.0
03-07 17:04:24.931 8834 8834 D CompatibilityChangeReporter: Compat change id reported: 171979766; UID 1002; state: ENABLED
03-07 17:04:24.967 8834 8834 I Perf : Connecting to perf service.
03-07 17:04:24.974 8834 8834 V GraphicsEnvironment: ANGLE Developer option for 'com.android.bluetooth' set to: 'default'
03-07 17:04:24.974 8834 8834 V GraphicsEnvironment: ANGLE GameManagerService for com.android.bluetooth: false
03-07 17:04:24.975 8834 8834 D NetworkSecurityConfig: No Network Security Config specified, using platform default
03-07 17:04:24.975 8834 8834 D NetworkSecurityConfig: No Network Security Config specified, using platform default
03-07 17:04:24.987 8834 8834 E BluetoothVendorHfJni: register_com_android_bluetooth_hfp_vendorhfservice:
03-07 17:04:24.989 8834 8834 E BluetoothVendorJni: register_com_android_bluetooth_btservice_vendor:
03-07 17:04:24.989 8834 8834 E BluetoothVendorSocketJni: register_com_android_bluetooth_btservice_vendor_socket:
03-07 17:04:24.989 8834 8834 E droid.bluetoot: register_com_android_bluetooth_adv_audio_profiles
03-07 17:04:24.989 8834 8834 E BluetoothCsipClientJni: register_com_android_bluetooth_csip_client
03-07 17:04:24.993 8834 8834 D BluetoothOppFileProvider: Initialized
03-07 17:04:24.999 8834 8834 I BluetoothBATServiceJni: classInitNative: Enter
03-07 17:04:24.999 8834 8834 I BluetoothBATServiceJni: classInitNative: succeeds
03-07 17:04:25.014 8834 8834 I droid.bluetoot: [0307/170425.013772:INFO:com_android_bluetooth_btservice_AdapterService.cpp(814)] hal_util_load_bt_library loaded HAL: btinterface=0x7abb4497b8, handle=0xf093a834b9bc19ed
03-07 17:04:25.014 8834 8834 D BluetoothAdapterService: setAdvanceAudioSupport
03-07 17:04:25.014 8834 8834 D BluetoothGroupService: setAdvanceAudioSupport: Setting support from LEA Module
03-07 17:04:25.015 8834 8834 D AdapterServiceConfig: initAdvAudioConfig: adv_audio_feature_mask = 0
03-07 17:04:25.048 8834 8834 W AdapterServiceConfig: LC3 Codec is not supported. adv_audio_feature_mask = 0
03-07 17:04:25.048 8834 8834 E AdapterServiceConfig: adapterService is null
03-07 17:04:25.048 8834 8834 D AdapterServiceConfig: getAudioProperties mIsA2dpSink false mIsBAEnabled false mIsSplitA2dpEnabled true
03-07 17:04:25.051 8834 8834 V AdapterServiceConfig: Adding HeadsetService
03-07 17:04:25.051 8834 8834 V AdapterServiceConfig: Adding A2dpService
03-07 17:04:25.052 8834 8834 I AdapterServiceConfig: Profile A2dpSinkService Not added
03-07 17:04:25.052 8834 8834 V AdapterServiceConfig: Adding HidHostService
03-07 17:04:25.052 8834 8834 V AdapterServiceConfig: Adding PanService
03-07 17:04:25.052 8834 8834 V AdapterServiceConfig: Adding GattService
03-07 17:04:25.052 8834 8834 V AdapterServiceConfig: Adding BluetoothMapService
03-07 17:04:25.052 8834 8834 V AdapterServiceConfig: Adding AvrcpControllerService
03-07 17:04:25.053 8834 8834 V AdapterServiceConfig: Adding SapService
03-07 17:04:25.053 8834 8834 V AdapterServiceConfig: Adding BluetoothOppService
03-07 17:04:25.053 8834 8834 V AdapterServiceConfig: Adding BluetoothPbapService
03-07 17:04:25.054 8834 8834 V AdapterServiceConfig: Feature Flag enables support for HearingAidService
03-07 17:04:25.054 8834 8834 V AdapterServiceConfig: Adding HearingAidService
03-07 17:04:25.054 8834 8834 I AdapterServiceConfig: Profile BATService Not added
03-07 17:04:25.058 8834 8834 D BluetoothAdapterService: onCreate()
03-07 17:04:25.076 8834 8834 I BluetoothVendorJni: classInitNative: succeeds
03-07 17:04:25.077 8834 8834 D AdapterState: make() - Creating AdapterState
03-07 17:04:25.078 8834 8834 I BluetoothVendorSocketJni: classInitNative: succeeds
03-07 17:04:25.078 8834 8853 I AdapterState: OFF : entered
03-07 17:04:25.078 8834 8853 D AdapterProperties: Setting state to OFF
03-07 17:04:25.080 8834 8834 D BluetoothKeystoreService: new BluetoothKeystoreService isCommonCriteriaMode: false
03-07 17:04:25.080 8834 8834 D BluetoothKeystoreService: start
03-07 17:04:25.081 8834 8834 I droid.bluetoot: [0307/170425.081418:INFO:com_android_bluetooth_btservice_BluetoothKeystore.cpp(97)] classInitNative: succeeds
03-07 17:04:25.081 8834 8834 D BluetoothKeystoreService: setBluetoothKeystoreService(): set to: com.android.bluetooth.btservice.bluetoothkeystore.BluetoothKeystoreService@e7361df
03-07 17:04:25.084 8834 8834 D BluetoothKeystoreService: loadConfigData
03-07 17:04:25.090 8834 8834 D BluetoothKeystoreService: getCompareResult: 0
03-07 17:04:25.091 8834 8834 I bt_btif : QTI OMR1 stack: init: start restricted = 0 : common criteria mode = 0, config compare result = 0
03-07 17:04:25.091 8834 8834 D bt_osi_allocation_tracker: canary initialized
03-07 17:04:25.092 8834 8857 I bt_osi_thread: run_thread: thread id 8857, thread name stack_manager started
03-07 17:04:25.094 8834 8857 I bt_stack_manager: event_init_stack is initializing the stack
03-07 17:04:25.126 8834 8860 I bt_osi_thread: run_thread: thread id 8860, thread name alarm_default_ca started
03-07 17:04:25.127 8834 8861 I bt_osi_thread: run_thread: thread id 8861, thread name alarm_dispatcher started
03-07 17:04:25.128 8834 8857 I bt_config_source: 1
03-07 17:04:25.128 8834 8857 W droid.bluetoot: [0307/170425.128149:WARNING:stack_interface.cc(101)] btif_stack_state OnStackState 0000
03-07 17:04:25.128 8834 8857 I bt_config_source: 1
03-07 17:04:25.128 8834 8857 I bt_btif_core: btif_init_bluetooth entered
03-07 17:04:25.128 8834 8857 D bt_device_interop: interop_init_feature_name_id_map
01-02 07:18:59.695 0 0 I init : processing action (vendor.bluetooth.startbtlogger=true) from (/system_ext/etc/init/init.qti.bt.logger.rc:29)
01-02 07:18:59.708 0 0 I init : starting service 'vendor.bt_logger'...
03-07 17:04:25.143 8834 8857 D bt_osi_config: config_parse no key/value separator found on line 492.
03-07 17:04:25.146 8834 8857 D bt_device_interop: feature:: 0, key :: 08:62:66, value :: Address_Based
03-07 17:04:25.146 8834 8857 D bt_device_interop: feature:: 0, key :: 38:2C:4A:C9, value :: Address_Based
03-07 17:04:25.146 8834 8857 D bt_device_interop: feature:: 0, key :: 38:2C:4A:E6, value :: Address_Based
03-07 17:04:25.146 8834 8857 D bt_device_interop: feature:: 0, key :: 54:A0:50:D9, value :: Address_Based
03-07 17:04:25.146 8834 8857 D bt_device_interop: feature:: 0, key :: AC:9E:17, value :: Address_Based
03-07 17:04:25.146 8834 8857 D bt_device_interop: feature:: 0, key :: F0:79:59, value :: Address_Based
03-07 17:04:25.146 8834 8857 D bt_device_interop: feature:: 0, key :: 80:E4:DA:70, value :: Address_Based
03-07 17:04:25.146 8834 8857 D bt_device_interop: feature:: 0, key :: 1C:96:5A, value :: Address_Based
03-07 17:04:25.146 8834 8857 D bt_device_interop: feature:: 0, key :: 80:EA:CA, value :: Address_Based
03-07 17:04:25.146 8834 8857 D bt_device_interop: feature:: 0, key :: 51:01:00, value :: Address_Based
03-07 17:04:25.146 8834 8857 D bt_device_interop: feature:: 0, key :: 61:01:00, value :: Address_Based
03-07 17:04:25.146 8834 8857 D bt_device_interop: feature:: 2, key :: A0:E9:DB, value :: Address_Based
03-07 17:04:25.146 8834 8857 D bt_device_interop: feature:: 2, key :: 00:14:02, value :: Address_Based
03-07 17:04:25.146 8834 8857 D bt_device_interop: feature:: 2, key :: 1C:48:F9, value :: Address_Based
03-07 17:04:25.146 8834 8857 D bt_device_interop: feature:: 2, key :: 44:5E:F3, value :: Address_Based
03-07 17:04:25.147 8834 8857 D bt_device_interop: feature:: 2, key :: D4:9C:28, value :: Address_Based
03-07 17:04:25.147 8834 8857 D bt_device_interop: feature:: 2, key :: 00:18:6B, value :: Address_Based
03-07 17:04:25.147 8834 8857 D bt_device_interop: feature:: 2, key :: B8:AD:3E, value :: Address_Based
03-07 17:04:25.147 8834 8857 D bt_device_interop: feature:: 2, key :: 00:11:B1, value :: Address_Based
03-07 17:04:25.147 8834 8857 D bt_device_interop: feature:: 2, key :: A4:15:66, value :: Address_Based
03-07 17:04:25.147 8834 8857 D bt_device_interop: feature:: 2, key :: 00:14:F1, value :: Address_Based
03-07 17:04:25.147 8834 8857 D bt_device_interop: feature:: 2, key :: 00:26:7E, value :: Address_Based
03-07 17:04:25.147 8834 8857 D bt_device_interop: feature:: 2, key :: 90:03:B7, value :: Address_Based
03-07 17:04:25.147 8834 8857 D bt_device_interop: feature:: 2, key :: 04:F8:C2, value :: Address_Based
03-07 17:04:25.147 8834 8857 D bt_device_interop: feature:: 2, key :: 00:18:91, value :: Address_Based
03-07 17:04:25.147 8834 8857 D bt_device_interop: feature:: 2, key :: 00:24:1C, value :: Address_Based
03-07 17:04:25.147 8834 8857 D bt_device_interop: feature:: 2, key :: 00:08:8b, value :: Address_Based
03-07 17:04:25.147 8834 8857 D bt_device_interop: feature:: 2, key :: 94:16:25, value :: Address_Based
03-07 17:04:25.147 8834 8857 D bt_device_interop: feature:: 2, key :: 00:25:DB, value :: Address_Based
03-07 17:04:25.147 8834 8857 D bt_device_interop: feature:: 2, key :: A0:C9:A0, value :: Address_Based
03-07 17:04:25.147 8834 8857 D bt_device_interop: feature:: 2, key :: 4C:BC:42, value :: Address_Based
03-07 17:04:25.147 8834 8857 D bt_device_interop: feature:: 2, key :: EC:41:18, value :: Address_Based
03-07 17:04:25.147 8834 8857 D bt_device_interop: feature:: 2, key :: C8:FD:19, value :: Address_Based
03-07 17:04:25.147 8834 8857 D bt_device_interop: feature:: 2, key :: 04:7F:0E, value :: Address_Based
03-07 17:04:25.147 8834 8857 D bt_device_interop: feature:: 3, key :: 34:C7:31, value :: Address_Based
03-07 17:04:25.147 8834 8857 D bt_device_interop: feature:: 3, key :: 00:07:04, value :: Address_Based
03-07 17:04:25.147 8834 8857 D bt_device_interop: feature:: 3, key :: E0:75:0A, value :: Address_Based
03-07 17:04:25.147 8834 8857 D bt_device_interop: feature:: 3, key :: Audi, value :: Name_Based
03-07 17:04:25.147 8834 8857 D bt_device_interop: feature:: 3, key :: BMW, value :: Name_Based
03-07 17:04:25.147 8834 8857 D bt_device_interop: feature:: 3, key :: Parrot, value :: Name_Based
03-07 17:04:25.147 8834 8857 D bt_device_interop: feature:: 3, key :: Car, value :: Name_Based
03-07 17:04:25.147 8834 8857 D bt_device_interop: feature:: 3, key :: NISSAN, value :: Name_Based
03-07 17:04:25.147 8834 8857 D bt_device_interop: feature:: 4, key :: 00:0F:F6, value :: Address_Based
03-07 17:04:25.147 8834 8857 D bt_device_interop: feature:: 5, key :: 00:18:91, value :: Address_Based
03-07 17:04:25.147 8834 8857 D bt_device_interop: feature:: 5, key :: 00:21:4F, value :: Address_Based
03-07 17:04:25.147 8834 8857 D bt_device_interop: feature:: 5, key :: 20:15:06, value :: Address_Based
03-07 17:04:25.147 8834 8857 D bt_device_interop: feature:: 5, key :: 9C:DF:03, value :: Address_Based
03-07 17:04:25.147 8834 8857 D bt_device_interop: feature:: 5, key :: 04:52:C7, value :: Address_Based
03-07 17:04:25.147 8834 8857 D bt_device_interop: feature:: 5, key :: 30:14:4A, value :: Address_Based
03-07 17:04:25.147 8834 8857 D bt_device_interop: feature:: 5, key :: 00:54:AF, value :: Address_Based
03-07 17:04:25.147 8834 8857 D bt_device_interop: feature:: 5, key :: 7C:1C:4E, value :: Address_Based
03-07 17:04:25.147 8834 8857 D bt_device_interop: feature:: 5, key :: 50:65:83, value :: Address_Based
03-07 17:04:25.147 8834 8857 D bt_device_interop: feature:: 5, key :: 00:1E:7C, value :: Address_Based
03-07 17:04:25.147 8834 8857 D bt_device_interop: feature:: 5, key :: C8:84:47, value :: Address_Based
03-07 17:04:25.148 8834 8857 D bt_device_interop: feature:: 5, key :: D0:8A:55, value :: Address_Based
03-07 17:04:25.148 8834 8857 D bt_device_interop: feature:: 5, key :: 48:F0:7B, value :: Address_Based
03-07 17:04:25.148 8834 8857 D bt_device_interop: feature:: 5, key :: 00:0A:08, value :: Address_Based
03-07 17:04:25.148 8834 8857 D bt_device_interop: feature:: 5, key :: 00:11:2D, value :: Address_Based
03-07 17:04:25.148 8834 8857 D bt_device_interop: feature:: 5, key :: A8:54:B2, value :: Address_Based
03-07 17:04:25.148 8834 8857 D bt_device_interop: feature:: 5, key :: AC:7A:4D, value :: Address_Based
03-07 17:04:25.148 8834 8857 D bt_device_interop: feature:: 5, key :: E8:EC:A3, value :: Address_Based
03-07 17:04:25.148 8834 8857 D bt_device_interop: feature:: 5, key :: 98:52:3D, value :: Address_Based
03-07 17:04:25.148 8834 8857 D bt_device_interop: feature:: 22, key :: 00:12:A1, value :: Address_Based
03-07 17:04:25.148 8834 8857 D bt_device_interop: feature:: 22, key :: Targus BT Laser Notebook Mouse, value :: Name_Based
03-07 17:04:25.148 8834 8857 D bt_device_interop: feature:: 7, key :: Motorola Keyboard KZ500, value :: Name_Based
03-07 17:04:25.148 8834 8857 D bt_device_interop: Entry is already present in the list
03-07 17:04:25.148 8834 8857 D bt_device_interop: feature:: 7, key :: Motorola Keyboard KZ500 v122, value :: Name_Based
03-07 17:04:25.148 8834 8857 D bt_device_interop: feature:: 7, key :: 0x22b8-0x093D, value :: Vndr_Prdt_Based
03-07 17:04:25.148 8834 8857 D bt_device_interop: feature:: 8, key :: 20:4C:10, value :: Address_Based
03-07 17:04:25.148 8834 8857 D bt_device_interop: feature:: 8, key :: 0x004C, value :: Manufacturer_Based
03-07 17:04:25.148 8834 8857 D bt_device_interop: feature:: 11, key :: 00:14:09, value :: Address_Based
03-07 17:04:25.148 8834 8857 D bt_device_interop: feature:: 11, key :: 00:06:F5, value :: Address_Based
03-07 17:04:25.148 8834 8857 D bt_device_interop: feature:: 12, key :: BSMBB09DS, value :: Name_Based
03-07 17:04:25.148 8834 8857 D bt_device_interop: feature:: 12, key :: ELECOM, value :: Name_Based
03-07 17:04:25.148 8834 8857 D bt_device_interop: feature:: 26, key :: FC:C2:DE, value :: Address_Based
03-07 17:04:25.148 8834 8857 D bt_device_interop: feature:: 26, key :: 00:26:B4, value :: Address_Based
03-07 17:04:25.148 8834 8857 D bt_device_interop: feature:: 26, key :: 00:04:3E, value :: Address_Based
03-07 17:04:25.148 8834 8857 D bt_device_interop: feature:: 26, key :: 00:23:01, value :: Address_Based
03-07 17:04:25.148 8834 8857 D bt_device_interop: feature:: 26, key :: 1C:48:F9, value :: Address_Based
03-07 17:04:25.148 8834 8857 D bt_device_interop: feature:: 26, key :: 00:54:AF, value :: Address_Based
03-07 17:04:25.148 8834 8857 D bt_device_interop: feature:: 26, key :: 00:26:E8, value :: Address_Based
03-07 17:04:25.148 8834 8857 D bt_device_interop: feature:: 26, key :: 00:37:6D, value :: Address_Based
03-07 17:04:25.148 8834 8857 D bt_device_interop: feature:: 26, key :: 9C:3A:AF, value :: Address_Based
03-07 17:04:25.148 8834 8857 D bt_device_interop: feature:: 26, key :: 00:18:91, value :: Address_Based
03-07 17:04:25.148 8834 8857 D bt_device_interop: feature:: 26, key :: 0C:E0:E4, value :: Address_Based
03-07 17:04:25.148 8834 8857 D bt_device_interop: feature:: 26, key :: 00:07:04, value :: Address_Based
03-07 17:04:25.148 8834 8857 D bt_device_interop: feature:: 26, key :: A4:15:66, value :: Address_Based
03-07 17:04:25.148 8834 8857 D bt_device_interop: feature:: 26, key :: D0:13:1E, value :: Address_Based
03-07 17:04:25.148 8834 8857 D bt_device_interop: feature:: 26, key :: 8F:20:B4, value :: Address_Based
03-07 17:04:25.148 8834 8857 D bt_device_interop: feature:: 26, key :: A8:B9:B3, value :: Address_Based
03-07 17:04:25.148 8834 8857 D bt_device_interop: feature:: 26, key :: 00:0D:F0, value :: Address_Based
03-07 17:04:25.148 8834 8857 D bt_device_interop: feature:: 26, key :: 00:08:E0, value :: Address_Based
03-07 17:04:25.149 8834 8857 D bt_device_interop: feature:: 26, key :: 00:25:52, value :: Address_Based
03-07 17:04:25.149 8834 8857 D bt_device_interop: feature:: 26, key :: 1C:52:16, value :: Address_Based
03-07 17:04:25.149 8834 8857 D bt_device_interop: feature:: 26, key :: 00:06:66, value :: Address_Based
03-07 17:04:25.149 8834 8857 D bt_device_interop: feature:: 26, key :: 00:24:E4, value :: address_Based
03-07 17:04:25.149 8834 8857 D bt_device_interop: feature:: 26, key :: 00:1C:D8, value :: Address_Based
03-07 17:04:25.149 8834 8857 D bt_device_interop: feature:: 26, key :: AC:FD:CE, value :: Address_Based
03-07 17:04:25.149 8834 8857 D bt_device_interop: feature:: 26, key :: 08:76:95, value :: Address_Based
03-07 17:04:25.149 8834 8857 D bt_device_interop: feature:: 26, key :: 00:00:45, value :: Address_Based
03-07 17:04:25.149 8834 8857 D bt_device_interop: feature:: 26, key :: EB:06:EF, value :: Address_Based
03-07 17:04:25.149 8834 8857 D bt_device_interop: feature:: 26, key :: 74:95:EC, value :: Address_Based
03-07 17:04:25.149 8834 8857 D bt_device_interop: feature:: 26, key :: AC:FD:93, value :: Address_Based
03-07 17:04:25.149 8834 8857 D bt_device_interop: feature:: 26, key :: AA:A8:AC, value :: Address_Based
03-07 17:04:25.149 8834 8857 D bt_device_interop: feature:: 26, key :: B8:D5:0B, value :: Address_Based
03-07 17:04:25.149 8834 8857 D bt_device_interop: feature:: 26, key :: 50:1A:A5, value :: Address_Based
03-07 17:04:25.149 8834 8857 D bt_device_interop: feature:: 26, key :: E4:22:A5, value :: Address_Based
03-07 17:04:25.149 8834 8857 D bt_device_interop: feature:: 26, key :: 4C:BC:42, value :: Address_Based
03-07 17:04:25.149 8834 8857 D bt_device_interop: feature:: 17, key :: 00:0D:FD, value :: Address_Based
03-07 17:04:25.149 8834 8857 D bt_device_interop: feature:: 17, key :: 00:1B:DC, value :: Address_Based
03-07 17:04:25.149 8834 8857 D bt_device_interop: feature:: 17, key :: 00:07:04, value :: Address_Based
03-07 17:04:25.149 8834 8857 D bt_device_interop: feature:: 17, key :: A4:15:66, value :: Address_Based
03-07 17:04:25.149 8834 8857 D bt_device_interop: feature:: 17, key :: 00:54:AF, value :: Address_Based
03-07 17:04:25.149 8834 8857 D bt_device_interop: feature:: 17, key :: 00:23:7F, value :: Address_Based
03-07 17:04:25.149 8834 8857 D bt_device_interop: feature:: 17, key :: B8:69:C2, value :: Address_Based
03-07 17:04:25.149 8834 8857 D bt_device_interop: feature:: 14, key :: 28:A1:83, value :: Address_Based
03-07 17:04:25.149 8834 8857 D bt_device_interop: feature:: 14, key :: A0:14:3D, value :: Address_Based
03-07 17:04:25.149 8834 8857 D bt_device_interop: feature:: 14, key :: 90:03:B7, value :: Address_Based
03-07 17:04:25.149 8834 8857 D bt_device_interop: feature:: 14, key :: 00:21:3c, value :: Address_Based
03-07 17:04:25.149 8834 8857 D bt_device_interop: feature:: 14, key :: 9C:DF:03, value :: Address_Based
03-07 17:04:25.149 8834 8857 D bt_device_interop: feature:: 14, key :: E0:75:0A, value :: Address_Based
03-07 17:04:25.149 8834 8857 D bt_device_interop: feature:: 14, key :: 48:F0:7B, value :: Address_Based
03-07 17:04:25.149 8834 8857 D bt_device_interop: feature:: 14, key :: 04:52:C7, value :: Address_Based
03-07 17:04:25.149 8834 8857 D bt_device_interop: feature:: 14, key :: 30:C3:D9, value :: Address_Based
03-07 17:04:25.149 8834 8857 D bt_device_interop: feature:: 14, key :: 00:E0:4C, value :: Address_Based
03-07 17:04:25.149 8834 8857 D bt_device_interop: feature:: 14, key :: abramtek M1, value :: Name_Based
03-07 17:04:25.149 8834 8857 D bt_device_interop: feature:: 14, key :: Buick Verano, value :: Name_Based
03-07 17:04:25.149 8834 8857 D bt_device_interop: feature:: 15, key :: B0:00:73, value :: Address_Based
03-07 17:04:25.149 8834 8857 D bt_device_interop: feature:: 15, key :: Audi_MMI_2781, value :: Name_Based
03-07 17:04:25.149 8834 8857 D bt_device_interop: feature:: 15, key :: 28:83:35, value :: Address_Based
03-07 17:04:25.150 8834 8857 D bt_device_interop: feature:: 16, key :: B8:AD:3E, value :: Address_Based
03-07 17:04:25.150 8834 8857 D bt_device_interop: feature:: 16, key :: LG HBSA100, value :: Name_Based
03-07 17:04:25.150 8834 8857 D bt_device_interop: feature:: 16, key :: LG HBS1100, value :: Name_Based
03-07 17:04:25.150 8834 8857 D bt_device_interop: feature:: 16, key :: 00:18:09, value :: Address_Based
03-07 17:04:25.150 8834 8857 D bt_device_interop: feature:: 16, key :: MDR-XB80BS, value :: Name_Based
03-07 17:04:25.150 8834 8857 D bt_device_interop: feature:: 16, key :: 7C:04:D0, value :: Address_Based
03-07 17:04:25.150 8834 8857 D bt_device_interop: feature:: 16, key :: 24:F6:77, value :: Address_Based
03-07 17:04:25.150 8834 8857 D bt_device_interop: feature:: 16, key :: AirPods, value :: Name_Based
03-07 17:04:25.150 8834 8857 D bt_device_interop: feature:: 16, key :: 48:D6:D5, value :: Address_Based
03-07 17:04:25.150 8834 8857 D bt_device_interop: feature:: 16, key :: Pixel Buds 7943, value :: Name_Based
03-07 17:04:25.150 8834 8857 D bt_device_interop: feature:: 16, key :: 8C:DE:52, value :: Address_Based
03-07 17:04:25.150 8834 8857 D bt_device_interop: feature:: 16, key :: SRS-X33, value :: Name_Based
03-07 17:04:25.150 8834 8857 D bt_device_interop: feature:: 16, key :: 04:5D:4B, value :: Address_Based
03-07 17:04:25.150 8834 8857 D bt_device_interop: feature:: 16, key :: WH-1000XM2, value :: Name_Based
03-07 17:04:25.150 8834 8857 D bt_device_interop: feature:: 16, key :: h.ear (MDR-100ABN), value :: Name_Based
03-07 17:04:25.150 8834 8857 D bt_device_interop: feature:: 16, key :: WI-1000X, value :: Name_Based
03-07 17:04:25.150 8834 8857 D bt_device_interop: feature:: 16, key :: WH-H800 (h.ear), value :: Name_Based
03-07 17:04:25.150 8834 8857 D bt_device_interop: feature:: 16, key :: MDR-1000X, value :: Name_Based
03-07 17:04:25.150 8834 8857 D bt_device_interop: feature:: 16, key :: WI-H700 (h.ear), value :: Name_Based
03-07 17:04:25.150 8834 8857 D bt_device_interop: feature:: 16, key :: WH-H900N (h.ear), value :: Name_Based
03-07 17:04:25.150 8834 8857 D bt_device_interop: feature:: 16, key :: 10:4F:A8, value :: Address_Based
03-07 17:04:25.150 8834 8857 D bt_device_interop: feature:: 16, key :: MDR-1ABT, value :: Name_Based
03-07 17:04:25.150 8834 8857 D bt_device_interop: feature:: 16, key :: h.ear (MDR-EX750BT), value :: Name_Based
03-07 17:04:25.150 8834 8857 D bt_device_interop: feature:: 16, key :: AC:9B:0A, value :: Address_Based
03-07 17:04:25.150 8834 8857 D bt_device_interop: feature:: 16, key :: MDR-ZX770BN, value :: Name_Based
03-07 17:04:25.150 8834 8857 D bt_device_interop: feature:: 16, key :: 04:52:C7, value :: Address_Based
03-07 17:04:25.150 8834 8857 D bt_device_interop: feature:: 16, key :: Bose QuietComfort 35, value :: Name_Based
03-07 17:04:25.150 8834 8857 D bt_device_interop: feature:: 16, key :: 94:B2:CC, value :: Address_Based
03-07 17:04:25.150 8834 8857 D bt_device_interop: feature:: 16, key :: AVH-X5890BT, value :: Name_Based
03-07 17:04:25.150 8834 8857 D bt_device_interop: feature:: 16, key :: AVH-A208BT, value :: Name_Based
03-07 17:04:25.150 8834 8857 D bt_device_interop: feature:: 16, key :: 74:5E:1C, value :: Address_Based
03-07 17:04:25.150 8834 8857 D bt_device_interop: feature:: 16, key :: AVH-X5790BT, value :: Name_Based
03-07 17:04:25.150 8834 8857 D bt_device_interop: feature:: 16, key :: 00:1D:86, value :: Address_Based
03-07 17:04:25.150 8834 8857 D bt_device_interop: feature:: 16, key :: Car Multimedia, value :: Name_Based
03-07 17:04:25.150 8834 8857 D bt_device_interop: feature:: 16, key :: DDX6, value :: Name_Based
03-07 17:04:25.150 8834 8857 D bt_device_interop: feature:: 16, key :: 90:03:B7, value :: Address_Based
03-07 17:04:25.150 8834 8857 D bt_device_interop: feature:: 16, key :: Parrot ASTEROID, value :: Name_Based
03-07 17:04:25.150 8834 8857 D bt_device_interop: feature:: 16, key :: 0C:E0:E4, value :: Address_Based
03-07 17:04:25.151 8834 8857 D bt_device_interop: feature:: 16, key :: PLT_BBTPRO, value :: Name_Based
03-07 17:04:25.151 8834 8857 D bt_device_interop: feature:: 16, key :: A4:15:66, value :: Address_Based
03-07 17:04:25.151 8834 8857 D bt_device_interop: feature:: 16, key :: Tracks Air, value :: Name_Based
03-07 17:04:25.151 8834 8857 D bt_device_interop: feature:: 16, key :: 00:1A:7D, value :: Address_Based
03-07 17:04:25.151 8834 8857 D bt_device_interop: feature:: 16, key :: 66 Audio BTS, value :: Name_Based
03-07 17:04:25.151 8834 8857 D bt_device_interop: feature:: 16, key :: 88:E6:03, value :: Address_Based
03-07 17:04:25.151 8834 8857 D bt_device_interop: feature:: 16, key :: XB10, value :: Name_Based
03-07 17:04:25.151 8834 8857 D bt_device_interop: feature:: 16, key :: B8:69:C2, value :: Address_Based
03-07 17:04:25.151 8834 8857 D bt_device_interop: feature:: 16, key :: SRS-XB3, value :: Name_Based
03-07 17:04:25.151 8834 8857 D bt_device_interop: feature:: 16, key :: 30:C3:D9, value :: Address_Based
03-07 17:04:25.151 8834 8857 D bt_device_interop: feature:: 16, key :: MB Bluetooth 84389, value :: Name_Based
03-07 17:04:25.151 8834 8857 D bt_device_interop: feature:: 16, key :: 00:02:5B, value :: Address_Based
03-07 17:04:25.151 8834 8857 D bt_device_interop: feature:: 16, key :: HATS_00025B0085E9, value :: Name_Based
03-07 17:04:25.151 8834 8857 D bt_device_interop: feature:: 16, key :: A8:BE:27, value :: Address_Based
03-07 17:04:25.151 8834 8857 D bt_device_interop: feature:: 16, key :: BeatsX, value :: Name_Based
03-07 17:04:25.151 8834 8857 D bt_device_interop: feature:: 16, key :: E0:D1:E6, value :: Address_Based
03-07 17:04:25.151 8834 8857 D bt_device_interop: feature:: 16, key :: MINIJAMBOX by Jawbone, value :: Name_Based
03-07 17:04:25.151 8834 8857 D bt_device_interop: feature:: 16, key :: 2C:41:A1, value :: Address_Based
03-07 17:04:25.151 8834 8857 D bt_device_interop: feature:: 16, key :: Bose SoundSport, value :: Name_Based
03-07 17:04:25.151 8834 8857 D bt_device_interop: feature:: 16, key :: Bose QC35 II, value :: Name_Based
03-07 17:04:25.151 8834 8857 D bt_device_interop: feature:: 16, key :: DC:A4:CA, value :: Address_Based
03-07 17:04:25.151 8834 8857 D bt_device_interop: feature:: 16, key :: Beats Solo³, value :: Name_Based
03-07 17:04:25.151 8834 8857 D bt_device_interop: feature:: 16, key :: 58:E2:8F, value :: Address_Based
03-07 17:04:25.151 8834 8857 D bt_device_interop: feature:: 16, key :: BeatsStudio Wireless, value :: Name_Based
03-07 17:04:25.151 8834 8857 D bt_device_interop: feature:: 16, key :: FC:4B:BC, value :: Address_Based
03-07 17:04:25.151 8834 8857 D bt_device_interop: feature:: 16, key :: XAV-AX100, value :: Name_Based
03-07 17:04:25.151 8834 8857 D bt_device_interop: feature:: 16, key :: 00:18:6b, value :: Address_Based
03-07 17:04:25.151 8834 8857 D bt_device_interop: feature:: 16, key :: LG HBS730, value :: Name_Based
03-07 17:04:25.151 8834 8857 D bt_device_interop: feature:: 16, key :: 8C:57:9B, value :: Address_Based
03-07 17:04:25.151 8834 8857 D bt_device_interop: feature:: 16, key :: h.ear go (SRS-HG1), value :: Name_Based
03-07 17:04:25.151 8834 8857 D bt_device_interop: feature:: 16, key :: 40:ED:98, value :: Address_Based
03-07 17:04:25.151 8834 8857 D bt_device_interop: feature:: 16, key :: FiiO BTR1K, value :: Name_Based
03-07 17:04:25.151 8834 8857 D bt_device_interop: feature:: 16, key :: 0C:A6:94, value :: Address_Based
03-07 17:04:25.151 8834 8857 D bt_device_interop: feature:: 16, key :: HK Soho Wireless, value :: Name_Based
03-07 17:04:25.151 8834 8857 D bt_device_interop: feature:: 16, key :: 00:09:A7, value :: Address_Based
03-07 17:04:25.152 8834 8857 D bt_device_interop: feature:: 16, key :: Beoplay H4, value :: Name_Based
03-07 17:04:25.152 8834 8857 D bt_device_interop: feature:: 16, key :: 70:26:05, value :: Address_Based
03-07 17:04:25.152 8834 8857 D bt_device_interop: feature:: 16, key :: WF-SP700N, value :: Name_Based
03-07 17:04:25.152 8834 8857 D bt_device_interop: feature:: 16, key :: Pixel Buds, value :: Name_Based
03-07 17:04:25.152 8834 8857 D bt_device_interop: Entry is already present in the list
03-07 17:04:25.152 8834 8857 D bt_device_interop: feature:: 16, key :: 00:09:a7, value :: Address_Based
03-07 17:04:25.152 8834 8857 D bt_device_interop: feature:: 16, key :: Beoplay E8, value :: Name_Based
03-07 17:04:25.152 8834 8857 D bt_device_interop: feature:: 16, key :: Bose SoundWear, value :: Name_Based
03-07 17:04:25.152 8834 8857 D bt_device_interop: feature:: 16, key :: Bose Free SoundSport, value :: Name_Based
03-07 17:04:25.152 8834 8857 D bt_device_interop: feature:: 16, key :: Samsung Level On, value :: Name_Based
03-07 17:04:25.152 8834 8857 D bt_device_interop: feature:: 16, key :: a0:56:b2, value :: Address_Based
03-07 17:04:25.152 8834 8857 D bt_device_interop: feature:: 16, key :: BMW 08939, value :: Name_Based
03-07 17:04:25.152 8834 8857 D bt_device_interop: feature:: 16, key :: MB Bluetooth, value :: Name_Based
03-07 17:04:25.152 8834 8857 D bt_device_interop: feature:: 16, key :: 94:e3:6d, value :: Address_Based
03-07 17:04:25.152 8834 8857 D bt_device_interop: feature:: 16, key :: BMW 99999, value :: Name_Based
03-07 17:04:25.152 8834 8857 D bt_device_interop: feature:: 16, key :: E4:19:C1, value :: Address_Based
03-07 17:04:25.152 8834 8857 D bt_device_interop: feature:: 16, key :: FreeBuds 3, value :: Name_Based
03-07 17:04:25.152 8834 8857 D bt_device_interop: feature:: 16, key :: 28:83:35, value :: Address_Based
03-07 17:04:25.152 8834 8857 D bt_device_interop: feature:: 16, key :: Level U Pro (5F23), value :: Name_Based
03-07 17:04:25.152 8834 8857 D bt_device_interop: feature:: 33, key :: AC:FD:CE, value :: Address_Based
03-07 17:04:25.152 8834 8857 D bt_device_interop: feature:: 21, key :: 00:1B:DC-0x0012, value :: SSR_Max_Lat_Based
03-07 17:04:25.152 8834 8857 D bt_device_interop: feature:: 21, key :: DC:2C:26-0x0000, value :: SSR_Max_Lat_Based
03-07 17:04:25.152 8834 8857 D bt_device_interop: feature:: 21, key :: 54:46:6B-0x0001, value :: SSR_Max_Lat_Based
03-07 17:04:25.152 8834 8857 D bt_device_interop: feature:: 25, key :: 98:7b:f3, value :: Address_Based
03-07 17:04:25.152 8834 8857 D bt_device_interop: feature:: 27, key :: 04:52:c7, value :: Address_Based
03-07 17:04:25.152 8834 8857 D bt_device_interop: feature:: 27, key :: AirPods Pro, value :: Name_Based
03-07 17:04:25.152 8834 8857 D bt_device_interop: feature:: 27, key :: 24:A8:7D, value :: Address_Based
03-07 17:04:25.152 8834 8857 D bt_device_interop: feature:: 27, key :: f0:45:da, value :: Address_Based
03-07 17:04:25.152 8834 8857 D bt_device_interop: feature:: 28, key :: 00:08:8a, value :: Address_Based
03-07 17:04:25.152 8834 8857 D bt_device_interop: feature:: 28, key :: JABRA EASYGO, value :: Name_Based
03-07 17:04:25.152 8834 8857 D bt_device_interop: feature:: 28, key :: 55:55:55, value :: Address_Based
03-07 17:04:25.152 8834 8857 D bt_device_interop: feature:: 28, key :: LG HBSF110 Master, value :: Name_Based
03-07 17:04:25.152 8834 8857 D bt_device_interop: feature:: 29, key :: 00:09:93, value :: Address_Based
03-07 17:04:25.152 8834 8857 D bt_device_interop: feature:: 29, key :: 74:6f:f7, value :: Address_Based
03-07 17:04:25.152 8834 8857 D bt_device_interop: feature:: 29, key :: A0:56:B2:4F, value :: Address_Based
03-07 17:04:25.153 8834 8857 D bt_device_interop: feature:: 29, key :: 00:54:AF, value :: Address_Based
03-07 17:04:25.153 8834 8857 D bt_device_interop: feature:: 29, key :: 00:00:2E, value :: Address_Based
03-07 17:04:25.153 8834 8857 D bt_device_interop: feature:: 29, key :: A0:56:B2:5A, value :: Address_Based
03-07 17:04:25.153 8834 8857 D bt_device_interop: feature:: 9, key :: 08:62:66, value :: Address_Based
03-07 17:04:25.153 8834 8857 D bt_device_interop: feature:: 9, key :: 38:2C:4A:C9, value :: Address_Based
03-07 17:04:25.153 8834 8857 D bt_device_interop: feature:: 9, key :: 38:2C:4A:E6, value :: Address_Based
