03-07 17:04:26.829 837 837 I vendor.qti.hardware.btconfigstore@2.0-BTConfigStore: getVendorProperties:: persist.vendor.qcom.bluetooth.enable.swb: true, ret: 4
03-07 17:04:26.829 837 837 I vendor.qti.hardware.btconfigstore@2.0-BTConfigStore: getVendorProperties:: persist.vendor.qcom.bluetooth.enable.swbpm: true, ret: 4
03-07 17:04:26.829 837 837 I vendor.qti.hardware.btconfigstore@2.0-BTConfigStore: getVendorProperties:: persist.vendor.qcom.bluetooth.a2dp_mcast_test.enabled: false, ret: 5
03-07 17:04:26.829 837 837 I vendor.qti.hardware.btconfigstore@2.0-BTConfigStore: getVendorProperties:: persist.vendor.qcom.bluetooth.twsp_state.enabled: false, ret: 5
03-07 17:04:26.829 837 837 I vendor.qti.hardware.btconfigstore@2.0-BTConfigStore: getVendorProperties:: persist.vendor.qcom.bluetooth.max_power_support: false, ret: 5
03-07 17:04:26.829 8834 8892 I bt_config_store: prop type: BT_PROP_SOC_TYPE, prop_value: hastings
03-07 17:04:26.829 8834 8892 I bt_config_store: prop type: BT_PROP_SPILT_A2DP, prop_value: true
03-07 17:04:26.829 8834 8892 I bt_config_store: prop type: BT_PROP_A2DP_OFFLOAD_CAP, prop_value: sbc-aac
03-07 17:04:26.830 8834 8892 I bt_config_store: prop type: BT_PROP_WIPOWER, prop_value: false
03-07 17:04:26.830 8834 8892 I bt_config_store: prop type: BT_PROP_AAC_FRAME_CTL, prop_value: true
03-07 17:04:26.830 8834 8892 I bt_config_store: not handled propType = 6
03-07 17:04:26.830 8834 8892 I bt_config_store: prop type: not handled, prop_value: true
03-07 17:04:26.830 8834 8892 I bt_config_store: not handled propType = 7
03-07 17:04:26.830 8834 8892 I bt_config_store: prop type: not handled, prop_value: true
03-07 17:04:26.830 8834 8892 I bt_config_store: not handled propType = 8
03-07 17:04:26.830 8834 8892 I bt_config_store: prop type: not handled, prop_value: false
03-07 17:04:26.830 8834 8892 I bt_config_store: not handled propType = 9
03-07 17:04:26.830 8834 8892 I bt_config_store: prop type: not handled, prop_value: false
03-07 17:04:26.830 8834 8892 I bt_config_store: not handled propType = 11
03-07 17:04:26.830 8834 8892 I bt_config_store: prop type: not handled, prop_value: false
03-07 17:04:26.830 8834 8892 I bt_config_store: soc_name: hastings, soc_type = 0004
03-07 17:04:26.830 8834 8892 I bt_controller: start_up:: soc_name:hastings, soc_type = 4
03-07 17:04:26.830 8834 8892 I bt_controller: start_up:: spilt_a2dp_supported = 1
03-07 17:04:26.830 8834 8892 I bt_controller: start_up:: a2dp_offload_Cap = sbc-aac
03-07 17:04:26.830 8834 8892 I bt_controller: start_up:: wipower_supported = 0
03-07 17:04:26.830 8834 8892 I bt_controller: start_up:: aac_frame_ctl_enabled = 1
03-07 17:04:26.830 8834 8892 I bt_controller: start_up:: a2dp_multicast_supported = 0
03-07 17:04:26.830 8834 8892 I bt_controller: start_up:: twsp_state_supported = 0
03-07 17:04:26.830 8834 8892 I bt_controller: decode_max_power_values: MAX POW property is not set
03-07 17:04:26.830 8834 8892 I bt_controller: start_up:: max_power_prop_enabled = 0
03-07 17:04:26.832 837 837 I vendor.qti.bluetooth@1.0-ibs_handler: DeviceWakeUp: Writing IBS_WAKE_IND
03-07 17:04:26.834 837 8887 I vendor.qti.bluetooth@1.0-ibs_handler: ProcessIbsCmd: Received IBS_WAKE_ACK: 0xFC
03-07 17:04:26.834 837 8887 I vendor.qti.bluetooth@1.0-ibs_handler: ProcessIbsCmd: Signal wack_cond_
03-07 17:04:26.834 837 837 D vendor.qti.bluetooth@1.0-ibs_handler: DeviceWakeUp: Unblocked from waiting for FC, pthread_cond_timedwait ret = 0
03-07 17:04:26.839 837 8887 D vendor.qti.bluetooth@1.0-ibs_handler: ibs_spurious_wake_timer_start: Spurious wake timer created
03-07 17:04:26.844 8834 8892 I bt_controller: start_up Send command to enable soc logging
03-07 17:04:26.844 8834 8892 I bt_controller: send_soc_log_command for soc_type: 4
03-07 17:04:26.844 8834 8892 I bt_btm : BTM: BTM_VendorSpecificCommand: Opcode: 0xFC17, ParamLen: 2.
03-07 17:04:26.880 8834 8892 D bt_controller: start_up read local simple pairing options
03-07 17:04:26.882 8834 8892 D bt_controller: start_up simple pairing options is 0x1
03-07 17:04:26.882 8834 8892 W bt_device_profile: rf_path_loss_values_fetch:profile 6
03-07 17:04:26.882 8834 8892 W bt_device_profile: rf_path_loss_values_fetch:RF_TX_PATH_COMPENSATION_VALUE found, tx value : 0
03-07 17:04:26.882 8834 8892 W bt_device_profile: rf_path_loss_values_fetch:profile 6
03-07 17:04:26.882 8834 8892 W bt_device_profile: rf_path_loss_values_fetch:RF_RX_PATH_COMPENSATION_VALUE found, rx value : 0
03-07 17:04:26.885 8834 8892 D bt_controller: start_up HCI write RF compensation tx value : 0, rx value : 0
03-07 17:04:26.885 8834 8892 I bt_config_store: getHostAddOnFeatures
03-07 17:04:26.888 837 837 D vendor.qti.bluetooth@1.0-data_handler: isProtocolInitialized:
03-07 17:04:26.888 837 837 I vendor.qti.bluetooth@1.0-data_handler: isProtocolInitialized: status:1
03-07 17:04:26.888 837 837 I vendor.qti.hardware.btconfigstore@2.0-BTConfigStore: getHostAddOnFeatures: 0x0
03-07 17:04:26.888 8834 8892 I bt_config_store: getHostAddOnFeatures:: halResult = 1
03-07 17:04:26.888 8834 8892 I bt_config_store: getControllerAddOnFeatures
03-07 17:04:26.894 837 837 D vendor.qti.bluetooth@1.0-data_handler: isProtocolInitialized:
03-07 17:04:26.894 837 837 I vendor.qti.bluetooth@1.0-data_handler: isProtocolInitialized: status:1
03-07 17:04:26.894 837 837 I vendor.qti.hardware.btconfigstore@2.0-BTConfigStore: getControllerAddOnFeatures: 0x7c3651b6e8
03-07 17:04:26.894 8834 8892 I bt_config_store: getControllerAddOnFeatures:: halResult = 0
03-07 17:04:26.895 8834 8892 I bt_config_store: getControllerAddOnFeatures:: product_id = 16, version = 1, feat_mask_len = 5 features data: 0x1c 0xfd 0x7f 0xe 0x1
03-07 17:04:26.909 8834 8892 I bt_core_module: module_start_up Started module "controller_module"
03-07 17:04:26.909 8834 8892 W bt_osi_thread: run_thread: thread id 8892, thread name module_wrapper exited
03-07 17:04:26.910 8834 8890 V bt_stack: [VERBOSE1:connection_manager.cc(198)] reset : after_reset1
03-07 17:04:26.910 8834 8890 D bt_btm : btm_ble_resolving_list_init max_irk_list_sz = 32
03-07 17:04:26.911 8834 8890 D bt_btm : btm_ble_white_list_init white_list_size = 128
03-07 17:04:26.911 8834 8890 I bt_btm : BTM_SetPinType: pin type 0 [variable-0, fixed-1], code , length 0
03-07 17:04:26.911 8834 8890 D bt_btm : btm_decode_ext_features_page page: 0
03-07 17:04:26.911 8834 8890 D bt_btm : Local supported ACL packet types: 0xcc18
03-07 17:04:26.911 8834 8890 D bt_btm : Local supported SCO packet types: 0x038f
03-07 17:04:26.911 8834 8890 D bt_btif : in, bd addr:, prop type:14, len:4
03-07 17:04:26.911 8834 8890 I bt_btif : btif_dm_get_adapter_property: type=0xe
03-07 17:04:26.911 8834 8890 I bt_btm : btm_sec_set_security_level : sec: 0x0
03-07 17:04:26.911 8834 8890 I bt_btm : BTM_SEC_REG[3]: id 42, is_orig 0, psm 0x0003, proto_id 3, chan_id 0
03-07 17:04:26.911 8834 8890 I bt_btm : : sec: 0x80, service name [RFC_MUX] (up to 21 chars saved)
03-07 17:04:26.911 8834 8890 D bt_btm : btm_sec_dev_reset sec mode: 4
03-07 17:04:26.911 8834 8890 I bt_btm : BTM_SetInquiryMode
03-07 17:04:26.911 8834 8890 I bt_btm : BTM_SetPageScanType
03-07 17:04:26.911 8834 8890 I bt_btm : BTM_SetInquiryScanType
03-07 17:04:26.911 8834 8890 D bt_btm : btm_decode_ext_features_page page: 1
03-07 17:04:26.911 8834 8890 W bt_btm : btm_decode_ext_features_page: feature page 1 ignored
03-07 17:04:26.912 8834 8890 D bt_btm : btm_decode_ext_features_page page: 2
03-07 17:04:26.912 8834 8890 W bt_btm : btm_decode_ext_features_page: feature page 2 ignored
03-07 17:04:26.912 8834 8890 D bt_btif : bta_sys_hw_btm_cback was called with parameter: 0
03-07 17:04:26.912 8834 8891 I bt_btif : bta_sys_event: Event: 0x2 id: 0x0
03-07 17:04:26.912 8834 8891 I bt_btif : bta_sys_sm_execute state:1, event:0x2
03-07 17:04:26.912 8834 8891 D bt_btif : bta_sys_hw_evt_stack_enabled!notify the callers
03-07 17:04:26.912 8834 8891 D bt_btif : bta_dm_sys_hw_cback with event: 1
03-07 17:04:26.912 8834 8891 D bt_btif : bta_dm_adv_audio_init
03-07 17:04:26.912 8834 8891 D bt_btif : ##################################
03-07 17:04:26.912 8834 8891 D bt_btif : bta_dm_co_ble_load_local_keys: Load local keys if any are persisted
03-07 17:04:26.912 8834 8891 D bt_btif : ##################################
03-07 17:04:26.912 8834 8891 D bt_btif : btif_dm_get_ble_local_keys *p_key_mask=0x03
03-07 17:04:26.912 8834 8891 D bt_btm : BTM_BleLoadLocalKeys
03-07 17:04:26.913 8834 8891 D bt_btm : BTM_BleLoadLocalKeys
03-07 17:04:26.913 8834 8891 I bt_btm : BTM_SecRegister application registered
03-07 17:04:26.913 8834 8891 I bt_btm_sec: BTM_SecRegister p_cb_info->p_le_callback == 0x0x7abb433550
03-07 17:04:26.913 8834 8891 I bt_btm : BTM_SecRegister SMP_Register( btm_proc_smp_cback )
03-07 17:04:26.913 8834 8891 I bt_smp : SMP_Register state=0
03-07 17:04:26.913 8834 8891 I bt_btm_sec: BTM_SecRegister btm_cb.api.p_le_callback = 0x0x7abb433550
03-07 17:04:26.913 8834 8891 I bt_btm : BTM_SecRegister application registered
03-07 17:04:26.913 8834 8891 D bt_btm : BTM_SetDefaultLinkSuperTout
03-07 17:04:26.913 8834 8891 I bt_btm : BTM: BTM_WritePageTimeout: Timeout: 8192.
03-07 17:04:26.913 8834 8891 D bt_btm : BTM_SetDefaultLinkPolicy setting:0x000f
03-07 17:04:26.913 8834 8891 D bt_btm : BTM_SetDefaultLinkPolicy park not supported (settings: 0x0007)
03-07 17:04:26.913 8834 8891 D bt_btm : Set DefaultLinkPolicy:0x0007
03-07 17:04:26.913 8834 8891 D bt_btm : BTM_RegBusyLevelNotif
03-07 17:04:26.913 8834 8891 D bt_btm : BTM_BleReadControllerFeatures
03-07 17:04:26.913 8834 8891 I bt_btm : BTM: BTM_VendorSpecificCommand: Opcode: 0xFD53, ParamLen: 0.
03-07 17:04:26.914 8834 8891 D bt_btm : btm_ble_clear_resolving_list_complete status=0
03-07 17:04:26.914 8834 8891 D bt_btm : btm_ble_clear_resolving_list_complete resolving_list_avail_size=32
03-07 17:04:26.914 8834 8891 V bt_stack: [VERBOSE1:bta_gattc_act.cc(210)] bta_gattc_register: state:0
03-07 17:04:26.914 8834 8891 V bt_stack: [VERBOSE1:bta_gattc_act.cc(132)] bta_gattc_enable
03-07 17:04:26.915 8834 8891 I bt_stack: [INFO:gatt_api.cc(1223)] GATT_Register 2357df54-2d01-0074-851b-c09f56600301
03-07 17:04:26.915 8834 8891 I bt_stack: [INFO:gatt_api.cc(1244)] allocated gatt_if=3
03-07 17:04:26.915 8834 8891 V bt_stack: [VERBOSE1:gatt_api.cc(1369)] GATT_StartIf gatt_if=3
03-07 17:04:26.915 8834 8891 V bt_stack: [VERBOSE1:gatt_utils.cc(293)] gatt_find_the_connected_bda start_idx=0
03-07 17:04:26.915 8834 8891 V bt_stack: [VERBOSE1:gatt_utils.cc(305)] found=0 found_idx=5
03-07 17:04:26.926 8834 8891 D bt_btm : btm_ble_vendor_capability_vsc_cmpl_cback
03-07 17:04:26.926 8834 8891 D bt_btm : btm_ble_vendor_capability_vsc_cmpl_cback: stat=0, irk=32, ADV ins:16, rpa=1, ener=1, ext_scan=1
03-07 17:04:26.926 8834 8891 V bt_stack: [VERBOSE1:ble_advertiser_hci_interface.cc(943)] Initialize
03-07 17:04:26.926 8834 8891 I bt_stack: [INFO:ble_advertiser_hci_interface.cc(947)] Extended advertising will be in use
03-07 17:04:26.926 8834 8891 D bt_btm : BTM_BleGetVendorCapabilities
03-07 17:04:26.926 8834 8891 I bt_btm : btm_ble_batchscan_init
03-07 17:04:26.926 8834 8891 I bt_btm : BTM Register For VSEvents is successfully
03-07 17:04:26.926 8834 8891 D bt_btif : bta_dm_ctrl_features_rd_cmpl_cback status = 0
03-07 17:04:26.926 8834 8891 D bt_btif : btif_transfer_context event 27, len 280
03-07 17:04:26.926 8834 8863 D bt_btif : btif task fetched event a001
03-07 17:04:26.927 8834 8863 D bt_btif : btif_context_switched for event: 27
03-07 17:04:26.927 8834 8863 I bt_btif : btif_dm_upstreams_evt: ev: UNKNOWN DM EVENT
03-07 17:04:26.927 8834 8863 D bt_btm : BTM_BleGetVendorCapabilities
03-07 17:04:26.927 8834 8863 I bt_btif : btif_dm_upstreams_evt: HAL bt_hal_cbacks->adapter_properties_cb
03-07 17:04:26.927 8834 8863 D AdapterProperties: BT_PROPERTY_LOCAL_LE_FEATURES: update from BT controller mNumOfAdvertisementInstancesSupported = 16 mRpaOffloadSupported = true mNumOfOffloadedIrkSupported = 32 mNumOfOffloadedScanFilterSupported = 32 mOffloadedScanResultStorageBytes= 10240 mIsActivityAndEnergyReporting = true mVersSupported = 96 mTotNumOfTrackableAdv = 32 mIsExtendedScanSupported = true mIsDebugLogSupported = false mIsLe2MPhySupported = true mIsLeCodedPhySupported = true mIsLeExtendedAdvertisingSupported = true mIsLePeriodicAdvertisingSupported = true mLeMaximumAdvertisingDataLength = 1650 mDynamicAudioBufferSizeSupportedCodecsGroup1 = 0 mDynamicAudioBufferSizeSupportedCodecsGroup2 = 0
03-07 17:04:26.928 8834 8891 D bt_btif : btif_transfer_context event 0, len 280
03-07 17:04:26.929 8834 8863 D bt_btif : btif task fetched event a001
03-07 17:04:26.929 8834 8863 D bt_btif : btif_context_switched for event: 0
03-07 17:04:26.929 8834 8863 I bt_btif : btif_dm_upstreams_evt: ev: BTA_DM_ENABLE_EVT
03-07 17:04:26.929 8834 8863 D bt_btif : in, bd addr:, prop type:1, len:249
03-07 17:04:26.929 8834 8863 I bt_btif : btif_dm_get_adapter_property: type=0x1
03-07 17:04:26.929 8834 8863 D bt_btif : btif_in_execute_service_request service_id: 29
03-07 17:04:26.929 8834 8891 I bt_btif : bta_sys_event: Event: 0x102 id: 0x1
03-07 17:04:26.929 8834 8891 I bt_btif : bta_dm_sm_execute event:0x2
03-07 17:04:26.930 8834 8891 D bt_btif : BTA is generating EIR
03-07 17:04:26.930 8834 8891 I bt_btm : Write Extended Inquiry Response to controller
03-07 17:04:26.930 8834 8891 I bt_btif : bta_sys_event: Event: 0x11b id: 0x1
03-07 17:04:26.930 8834 8891 I bt_btif : bta_dm_sm_execute event:0x1b
03-07 17:04:26.930 8834 8891 I bt_btm : BTM_BleConfigPrivacy
03-07 17:04:26.930 8834 8891 I bt_btm : btm_gen_resolvable_private_addr
03-07 17:04:26.930 8834 8863 D bt_btif : btif_sdp_execute_service enable:1
03-07 17:04:26.930 8834 8863 I bt_btif : BTA_SdpEnable
03-07 17:04:26.930 8834 8863 E bt_btif_storage: btif_storage_get_adapter_property: Controller ready!
03-07 17:04:26.930 8834 8863 D bt_btif : in, bd addr:, prop type:1, len:249
03-07 17:04:26.930 8834 8863 I bt_btif : btif_dm_get_adapter_property: type=0x1
03-07 17:04:26.930 8834 8863 D bt_btif : in, bd addr:, prop type:9, len:4
03-07 17:04:26.930 8834 8863 I bt_btif_storage: btif_storage_get_adapter_property service_mask:0x20000000
03-07 17:04:26.930 8834 8863 I bt_btif : btif_adapter_properties_evt: HAL bt_hal_cbacks->adapter_properties_cb
03-07 17:04:26.930 8834 8891 I bt_btif : bta_sys_event: Event: 0x2100 id: 0x21
03-07 17:04:26.930 8834 8891 D bt_btif : bta_sdp_enable in, sdp_active:0
03-07 17:04:26.931 8834 8863 D AdapterProperties: Address is:22:22:4E:97:C5:4E
03-07 17:04:26.934 1002 1002 D BluetoothManagerService: Bluetooth Adapter address changed to 22:22:4E:97:C5:4E
03-07 17:04:26.935 1002 1002 D BluetoothManagerService: Stored Bluetoothaddress: 22:22:4E:97:C5:4E
03-07 17:04:26.935 8834 8863 D AdapterProperties: Name is: 高合娱乐副屏
03-07 17:04:26.935 1002 1002 D BluetoothManagerService: Bluetooth Adapter name changed to 高合娱乐副屏 by android
03-07 17:04:26.936 1002 1002 D BluetoothManagerService: Stored Bluetooth name: 高合娱乐副屏
03-07 17:04:26.936 8834 8891 D bt_hci : command complete for: pc:0x7abb34ca20
03-07 17:04:26.937 8834 8891 I bt_btm : btm_gen_resolve_paddr_low
03-07 17:04:26.937 8834 8891 D bt_btm : btm_ble_set_random_address
03-07 17:04:26.937 8834 8891 I bt_btm : btm_ble_suspend_bg_conn
03-07 17:04:26.937 8834 8891 I bt_btm : btm_ble_stop_auto_conn
03-07 17:04:26.937 8834 8891 D bt_btm : conn_st = 0, not in auto conn state, cannot stop
03-07 17:04:26.937 8834 8863 D AdapterProperties: Scan Mode:20
03-07 17:04:26.937 8834 8863 D AdapterProperties: Discoverable Timeout:120
03-07 17:04:26.937 8834 8891 I bt_btm : btm_ble_start_auto_conn
03-07 17:04:26.937 8834 8891 I bt_stack: [INFO:btm_ble_bgconn.cc(429)] Already connection initiated (or) No Pending connections(or) Resources of lcb are exhausted
03-07 17:04:26.938 8834 8863 I bt_btif : btif_storage_load_bonded_devices: 0 bonded devices found
03-07 17:04:26.938 8834 8863 I bt_btif : btif_vendor_update_add_on_features: HAL bt_vendor_callbacks->adapter_vendor_prop_cb
03-07 17:04:26.938 8834 8863 E BluetoothVendorJni: adapter_vendor_properties_callback: Status is: 0, Properties: 1
03-07 17:04:26.938 8834 8863 D BluetoothVendorService: Property type: 5
03-07 17:04:26.938 8834 8863 D AdapterProperties: BT_PROPERTY_ADD_ON_FEATURES: update from BT controller
03-07 17:04:26.938 8834 8863 D AdapterProperties: mWiPowerFastbootEnabled = false
03-07 17:04:26.938 8834 8863 D AdapterProperties: SplitA2DPScrambleDataRequired = false
03-07 17:04:26.938 8834 8863 D AdapterProperties: mSplitA2DP44p1KhzSampleFreq = true
03-07 17:04:26.938 8834 8863 D AdapterProperties: mSplitA2DP48KhzSampleFreq = true
03-07 17:04:26.938 8834 8863 D AdapterProperties: mSplitA2DPSingleVSCommandSupport = true
03-07 17:04:26.938 8834 8863 D AdapterProperties: mSplitA2DPSourceSBCEncoding = false
03-07 17:04:26.938 8834 8863 D AdapterProperties: mSplitA2DPSourceSBC = true
03-07 17:04:26.938 8834 8863 D AdapterProperties: mSplitA2DPSourceMP3 = false
03-07 17:04:26.938 8834 8863 D AdapterProperties: mSplitA2DPSourceAAC = true
03-07 17:04:26.938 8834 8863 D AdapterProperties: mSplitA2DPSourceLDAC = true
03-07 17:04:26.938 8834 8863 D AdapterProperties: mSplitA2DPSourceAPTX = true
03-07 17:04:26.938 8834 8863 D AdapterProperties: mSplitA2DPSourceAPTXHD = true
03-07 17:04:26.938 8834 8863 D AdapterProperties: mSplitA2DPSourceAPTXADAPTIVE = true
03-07 17:04:26.938 8834 8863 D AdapterProperties: mSplitA2DPSourceAPTXTWSPLUS = true
03-07 17:04:26.938 8834 8863 D AdapterProperties: mSplitA2DPSinkSBC = true
03-07 17:04:26.938 8834 8863 D AdapterProperties: mSplitA2DPSinkMP3 = true
03-07 17:04:26.938 8834 8863 D AdapterProperties: mSplitA2DPSinkAAC = true
03-07 17:04:26.938 8834 8863 D AdapterProperties: mSplitA2DPSinkLDAC = true
03-07 17:04:26.938 8834 8863 D AdapterProperties: mSplitA2DPSinkAPTX = true
03-07 17:04:26.938 8834 8863 D AdapterProperties: mSplitA2DPSinkAPTXHD = true
03-07 17:04:26.938 8834 8863 D AdapterProperties: mSplitA2DPSinkAPTXADAPTIVE = true
03-07 17:04:26.938 8834 8863 D AdapterProperties: mSplitA2DPSinkAPTXTWSPLUS = false
03-07 17:04:26.938 8834 8863 D AdapterProperties: mVoiceDualSCO = false
03-07 17:04:26.938 8834 8863 D AdapterProperties: mVoiceTWSPLUSeSCOAG = true
03-07 17:04:26.938 8834 8863 D AdapterProperties: mSWBVoicewithAptxAdaptiveAG = true
03-07 17:04:26.938 8834 8863 D AdapterProperties: SplitA2DPSourceAACABR = false
03-07 17:04:26.938 8834 8863 D AdapterProperties: SplitA2DPSourceTxSplitAPTXADAPTIVE = false
03-07 17:04:26.938 8834 8863 D AdapterProperties: BroadcastAudioTxwithEC_2_5 = true
03-07 17:04:26.938 8834 8863 D AdapterProperties: mBroadcastAudioTxwithEC_3_9 = false
03-07 17:04:26.938 8834 8863 D AdapterProperties: mBroadcastAudioRxwithEC_2_5 = false
03-07 17:04:26.938 8834 8863 D AdapterProperties: mBroadcastAudioRxwithEC_3_9= false
03-07 17:04:26.938 8834 8863 D bt_btif_vendor: btif_vendor_update_whitelisted_media_players
03-07 17:04:26.938 8834 8863 D bt_btif : fetch_whitelisted_media_players
03-07 17:04:26.938 8834 8863 D bt_device_interop: interop_get_whitelisted_media_players_list :
03-07 17:04:26.938 8834 8863 D bt_device_interop: interop_database_get_whitelisted_media_players_list()
03-07 17:04:26.939 8834 8863 E bt_device_interop: interop_database_get_whitelisted_media_players_list(): found feature - INTEROP_BROWSE_PLAYER_WHITE_LIST
03-07 17:04:26.939 8834 8863 W bt_btif : fetch_whitelisted_media_players: Found list of Whitelisted media players
03-07 17:04:26.939 8834 8863 D bt_btif_vendor: btif_vendor_update_whitelisted_media_players: 2 - WL media players found
03-07 17:04:26.939 8834 8863 I bt_btif : btif_vendor_update_whitelisted_media_players: HAL bt_vendor_callbacks->wl_players_prop_cb
03-07 17:04:26.939 8834 8863 E BluetoothVendorJni: whitelisted_players_properties_callback: Status is: 0, Properties: 1
03-07 17:04:26.939 8834 8863 D BluetoothVendorService: Property type: 6
03-07 17:04:26.939 8834 8863 D BluetoothVendorService: player_name :com.google.android.apps.youtube.music
03-07 17:04:26.939 8834 8863 D AdapterProperties: updateWhitelistedMediaPlayers
03-07 17:04:26.939 8834 8863 D AdapterProperties: Adding to Whitelisted Players list:com.google.android.apps.youtube.music
03-07 17:04:26.939 8834 8863 D BluetoothVendorService: player_name :com.gaana
03-07 17:04:26.939 8834 8863 D AdapterProperties: updateWhitelistedMediaPlayers
03-07 17:04:26.939 8834 8863 D AdapterProperties: Adding to Whitelisted Players list:com.gaana
03-07 17:04:26.939 8834 8863 I bt_stack: [INFO:btif_bqr.cc(304)] EnableBtQualityReport: is_enable: 1
03-07 17:04:26.939 8834 8863 W bt_stack: [WARNING:btif_bqr.cc(318)] EnableBtQualityReport: Bluetooth Quality Report - Root inflammation event enabled, bqr_prop_evtmask: 16, bqr_prop_interval_ms: 0
03-07 17:04:26.939 8834 8863 I bt_stack: [INFO:btif_bqr.cc(353)] EnableBtQualityReport: Event Mask: 0x00040010, Interval: 0
03-07 17:04:26.940 8834 8863 I bt_stack: [INFO:btif_bqr.cc(402)] ConfigureBqr: Action:
03-07 17:04:26.940 8834 8863 I bt_btm : BTM: BTM_VendorSpecificCommand: Opcode: 0xFD5E, ParamLen: 7.
03-07 17:04:26.940 8834 8863 I bt_btif_core: btif_enable_bluetooth_evt entered: status 0
03-07 17:04:26.940 8834 8863 W bt_btif : btif_enable_bluetooth_evt: Saving the Adapter Address
03-07 17:04:26.940 8834 8863 I bt_btif : btif_enable_bluetooth_evt: HAL bt_hal_cbacks->adapter_properties_cb
03-07 17:04:26.940 8834 8863 D AdapterProperties: Address is:22:22:4E:97:C5:4E
03-07 17:04:26.940 837 837 D vendor.qti.bluetooth@1.0-uart_controller: CheckForBQRRootInflammationBit: BQR root inflammation enabled
03-07 17:04:26.941 8834 8863 D bt_btif : in initialized:0
03-07 17:04:26.941 8834 8891 I bt_stack: [INFO:btif_bqr.cc(386)] BqrVscCompleteCallback, current event mask: 0x00040010
03-07 17:04:26.941 8834 8891 I bt_stack: [INFO:btif_bqr.cc(288)] ConfigureBqrCmpl: current_evt_mask: 0x00040010
03-07 17:04:26.941 8834 8891 I bt_btm : BTM Register For VSEvents is successfully
03-07 17:04:26.941 8834 8891 I bt_stack: [INFO:btm_devctl.cc(1311)] BTM_BT_Quality_Report_VSE_Register: Success to (un)register VSEvents. is_register: 1
03-07 17:04:26.942 8834 8891 W bt_stack: [WARNING:btif_bqr.cc(265)] ConfigBqrA2dpScoThreshold: a2dp_choppy_threshold: 0, sco_choppy_threshold: 0
03-07 17:04:26.942 8834 8863 D bt_btif : ts[7].used:0
03-07 17:04:26.942 8834 8891 I bt_btm : BTM: BTM_VendorSpecificCommand: Opcode: 0xFC17, ParamLen: 9.
03-07 17:04:26.942 8834 8863 D bt_btif : alloc_thread_slot ret:7
03-07 17:04:26.942 8834 8863 D bt_btif : h:7, cmd_fdr:141, cmd_fdw:142
03-07 17:04:26.942 1002 1002 D BluetoothManagerService: Bluetooth Adapter address changed to 22:22:4E:97:C5:4E
03-07 17:04:26.943 8834 8863 D bt_btif : h:7, thread id:-1588048720
03-07 17:04:26.943 8834 8863 I bt_btif : BTA_JvEnable
03-07 17:04:26.943 1002 1002 D BluetoothManagerService: Stored Bluetoothaddress: 22:22:4E:97:C5:4E
03-07 17:04:26.943 8834 8863 D bt_btif : btsock_l2cap_init: handle = 7
03-07 17:04:26.943 8834 8891 I bt_btif : bta_sys_event: Event: 0x1a00 id: 0x1a
03-07 17:04:26.943 8834 8891 D bt_btif : unhandled event:0, slot id:0
03-07 17:04:26.944 8834 8898 I bt_osi_thread: run_thread: thread id 8898, thread name btif_sock started
03-07 17:04:26.945 8834 8863 I bt_btm : BTM_SetEScoMode: txbw 0x00001f40, rxbw 0x00001f40, max_lat 0x000c, pkt 0x03bf, rtx effort 0x02
03-07 17:04:26.945 8834 8863 D bt_bte_conf: Device ID record 1 : primary
03-07 17:04:26.945 8834 8863 D bt_bte_conf: vendorId = 001d
03-07 17:04:26.946 8834 8863 D bt_bte_conf: vendorIdSource = 0001
03-07 17:04:26.946 8834 8863 D bt_bte_conf: product = 1200
03-07 17:04:26.946 8834 8863 D bt_bte_conf: version = 1436
03-07 17:04:26.946 8834 8863 D bt_bte_conf: clientExecutableURL =
03-07 17:04:26.946 8834 8863 D bt_bte_conf: serviceDescription =
03-07 17:04:26.946 8834 8863 D bt_bte_conf: documentationURL =
03-07 17:04:26.946 8834 8863 D bt_sdp : SDP_CreateRecord ok, num_records:3
03-07 17:04:26.946 8834 8863 D bt_sdp : SDP_AddAttribute: handle:10002, id:0000, type:1, len:4, p_val:0x7ab37e3554, *p_val:00010002
03-07 17:04:26.946 8834 8863 D bt_sdp : SDP_AddAttribute: handle:10002, id:0001, type:6, len:3, p_val:0xb400007c46eb0af8, *p_val:191200
03-07 17:04:26.946 8834 8863 D bt_sdp : SDP_AddAttribute: handle:10002, id:0200, type:1, len:2, p_val:0x7ab37e35a0, *p_val:0103
03-07 17:04:26.946 8834 8863 D bt_sdp : SDP_AddAttribute: handle:10002, id:0201, type:1, len:2, p_val:0x7ab37e35a0, *p_val:001D
03-07 17:04:26.946 8834 8863 D bt_sdp : SDP_AddAttribute: handle:10002, id:0202, type:1, len:2, p_val:0x7ab37e35a0, *p_val:1200
03-07 17:04:26.946 8834 8863 D bt_sdp : SDP_AddAttribute: handle:10002, id:0203, type:1, len:2, p_val:0x7ab37e35a0, *p_val:1436
03-07 17:04:26.946 8834 8863 D bt_sdp : SDP_AddAttribute: handle:10002, id:0204, type:5, len:1, p_val:0x7ab37e359c, *p_val:1
03-07 17:04:26.946 8834 8863 D bt_sdp : SDP_AddAttribute: handle:10002, id:0205, type:1, len:2, p_val:0x7ab37e35a0, *p_val:0001
03-07 17:04:26.946 8834 8863 I bt_btif : Adding UUID=0x1200 into EIR
03-07 17:04:26.946 8834 8863 D bt_btif : BTA is generating EIR
03-07 17:04:26.946 8834 8863 I bt_btm : Write Extended Inquiry Response to controller
03-07 17:04:26.947 8834 8863 I bt_btif : bta_dm_eir_update_uuid UUID bit mask=0x00000080 00000000
03-07 17:04:26.947 8834 8863 D bt_bte_conf: bte_load_did_conf no section named DID2.
03-07 17:04:26.947 8834 8863 D bt_btif : jni_initialized = 0, btpan_cb.enabled:0
03-07 17:04:26.947 8834 8863 D bt_btif : btif_dm_load_local_oob: prop_oob = 3
03-07 17:04:26.947 8834 8863 I bt_btif_core: btif_enable_bluetooth_evt finished
03-07 17:04:26.947 8834 8857 I bt_stack_manager: event_start_up_stack finished
03-07 17:04:26.947 8834 8863 I bt_btif_queue: btif_disconnect_queue_disconnect_next
03-07 17:04:26.947 8834 8863 W bt_stack: [WARNING:stack_interface.cc(101)] btif_stack_state OnStackState 0x03
03-07 17:04:26.947 8834 8863 I bt_btif : event_signal_stack_up: HAL bt_hal_cbacks->adapter_state_changed_cb
03-07 17:04:26.948 8834 8853 I AdapterState: BLE_ON : entered
03-07 17:04:26.948 8834 8853 D AdapterProperties: Setting state to BLE_ON
03-07 17:04:26.949 8834 8853 D BluetoothAdapterService: updateAdapterState() - Broadcasting state BLE_ON to 1 receivers.
03-07 17:04:26.950 1002 1152 D BluetoothManagerService: MESSAGE_BLUETOOTH_STATE_CHANGE: BLE_TURNING_ON > BLE_ON
03-07 17:04:26.950 1002 1152 D BluetoothManagerService: Bluetooth is in LE only mode
03-07 17:04:26.950 1002 1152 D BluetoothManagerService: Binding Bluetooth GATT service
03-07 17:04:26.951 1002 1152 D BluetoothManagerService: Sending BLE State Change: BLE_TURNING_ON > BLE_ON
03-07 17:04:26.952 1002 1002 D CompanionDeviceManagerService: Received BT state transition broadcast: BLE_TURNING_ON -> BLE_ON
03-07 17:04:26.953 1002 1002 I CompanionDeviceManagerService: startBleScan()
03-07 17:04:26.953 1002 1002 D BluetoothManagerService: BluetoothServiceConnection: com.android.bluetooth.gatt.GattService
03-07 17:04:26.953 1002 1152 D BluetoothManagerService: MESSAGE_BLUETOOTH_SERVICE_CONNECTED: 2
03-07 17:04:26.953 1002 1152 D BluetoothManagerService: continueFromBleOnState()
03-07 17:04:26.955 8834 8850 D BluetoothAdapterService: updateQuietModeStatus()-updateQuietModeStatus called with quiet mode status:false
03-07 17:04:26.956 8834 8853 I BluetoothVendorJni: bredrstartupNative
03-07 17:04:26.956 1002 1152 D BluetoothManagerService: Persisting Bluetooth Setting: 1
03-07 17:04:26.956 8834 8853 I bt_btif_vendor: bredrstartup
03-07 17:04:26.956 8834 8891 I bt_btif : bta_sys_event: Event: 0x128 id: 0x1
03-07 17:04:26.957 8834 8891 I bt_btif : bta_dm_sm_execute event:0x28
03-07 17:04:26.957 8834 8853 I AdapterState: TURNING_ON : entered
03-07 17:04:26.957 8834 8853 D AdapterProperties: Setting state to TURNING_ON
03-07 17:04:26.958 8834 8853 D BluetoothAdapterService: updateAdapterState() - Broadcasting state TURNING_ON to 1 receivers.
03-07 17:04:26.958 8834 8853 D BluetoothAdapterService: startCoreServices()
03-07 17:04:26.958 8834 8853 I AdapterServiceConfig: Stereo recording and unicast features are disabled in Host AddOn features
03-07 17:04:26.958 8834 8853 I AdapterServiceConfig: BCA disabled in Host AddOn features
03-07 17:04:26.958 8834 8853 I AdapterServiceConfig: BCS disabled in Host AddOn features
03-07 17:04:26.959 1002 1152 D BluetoothManagerService: MESSAGE_BLUETOOTH_STATE_CHANGE: BLE_ON > TURNING_ON
03-07 17:04:26.959 1002 1152 D BluetoothManagerService: Sending BLE State Change: BLE_ON > TURNING_ON
03-07 17:04:26.959 1002 1152 D BluetoothManagerService: Sending State Change: OFF > TURNING_ON
03-07 17:04:26.960 1002 1002 D CompanionDeviceManagerService: Received BT state transition broadcast: BLE_ON -> TURNING_ON
03-07 17:04:26.962 1002 1172 I am_uid_active: 10099
03-07 17:04:26.966 1002 1172 D CompatibilityInfo: mCompatibilityFlags - 4
03-07 17:04:26.966 1002 1172 D CompatibilityInfo: applicationDensity - 240
03-07 17:04:26.966 1002 1172 D CompatibilityInfo: applicationScale - 1.0
03-07 17:04:26.968 8834 8853 D AdapterServiceConfig: adv_audio_feature_mask = 0
03-07 17:04:26.969 8834 8853 D BluetoothAdapterService: Calling setProfileServiceState for: HeadsetService
03-07 17:04:26.970 1002 2701 D CompatibilityInfo: mCompatibilityFlags - 4
03-07 17:04:26.970 1002 2701 D CompatibilityInfo: applicationDensity - 240
03-07 17:04:26.970 1002 2701 D CompatibilityInfo: applicationScale - 1.0
03-07 17:04:26.971 8834 8853 D BluetoothAdapterService: Calling setProfileServiceState for: A2dpService
03-07 17:04:26.972 1002 2701 D CompatibilityInfo: mCompatibilityFlags - 4
03-07 17:04:26.972 1002 2701 D CompatibilityInfo: applicationDensity - 240
03-07 17:04:26.972 8834 8868 D BluetoothActiveDeviceManager: handleMessage(MESSAGE_ADAPTER_ACTION_STATE_CHANGED): newState=11
03-07 17:04:26.972 1002 2701 D CompatibilityInfo: applicationScale - 1.0
03-07 17:04:26.973 8834 8853 D BluetoothAdapterService: Calling setProfileServiceState for: HidHostService
03-07 17:04:26.974 8834 8834 I HeadsetService: create()
03-07 17:04:26.974 8834 8834 I BluetoothVendorHfJni: classInitNative: succeeds
03-07 17:04:26.974 8834 8834 D HeadsetService: Received start request. Starting profile...
03-07 17:04:26.976 1002 6431 D CompatibilityInfo: mCompatibilityFlags - 4
03-07 17:04:26.976 1002 6431 D CompatibilityInfo: applicationDensity - 240
03-07 17:04:26.976 1002 6431 D CompatibilityInfo: applicationScale - 1.0
03-07 17:04:26.977 8834 8853 D BluetoothAdapterService: Calling setProfileServiceState for: PanService
03-07 17:04:26.978 1002 6431 D CompatibilityInfo: mCompatibilityFlags - 4
03-07 17:04:26.978 1002 6431 D CompatibilityInfo: applicationDensity - 240
03-07 17:04:26.978 1002 6431 D CompatibilityInfo: applicationScale - 1.0
03-07 17:04:26.979 8834 8853 D BluetoothAdapterService: Calling setProfileServiceState for: BluetoothMapService
03-07 17:04:26.980 8834 8834 I HeadsetService: start()
03-07 17:04:26.980 1002 2701 D CompatibilityInfo: mCompatibilityFlags - 4
03-07 17:04:26.980 1002 2701 D CompatibilityInfo: applicationDensity - 240
03-07 17:04:26.980 1002 2701 D CompatibilityInfo: applicationScale - 1.0
03-07 17:04:26.981 8834 8853 D BluetoothAdapterService: Calling setProfileServiceState for: AvrcpControllerService
03-07 17:04:26.981 1002 2701 D CompatibilityInfo: mCompatibilityFlags - 4
03-07 17:04:26.981 1002 2701 D CompatibilityInfo: applicationDensity - 240
03-07 17:04:26.981 1002 2701 D CompatibilityInfo: applicationScale - 1.0
03-07 17:04:26.982 8834 8853 D BluetoothAdapterService: Calling setProfileServiceState for: SapService
03-07 17:04:26.983 1002 6431 D CompatibilityInfo: mCompatibilityFlags - 4
03-07 17:04:26.983 1002 6431 D CompatibilityInfo: applicationDensity - 240
03-07 17:04:26.983 1002 6431 D CompatibilityInfo: applicationScale - 1.0
03-07 17:04:26.984 8834 8853 D BluetoothAdapterService: Calling setProfileServiceState for: BluetoothOppService
03-07 17:04:26.985 1002 2701 D CompatibilityInfo: mCompatibilityFlags - 4
03-07 17:04:26.985 1002 2701 D CompatibilityInfo: applicationDensity - 240
03-07 17:04:26.985 1002 2701 D CompatibilityInfo: applicationScale - 1.0
03-07 17:04:26.985 8834 8853 D BluetoothAdapterService: Calling setProfileServiceState for: BluetoothPbapService
03-07 17:04:26.986 1002 6431 D CompatibilityInfo: mCompatibilityFlags - 4
03-07 17:04:26.986 1002 6431 D CompatibilityInfo: applicationDensity - 240
03-07 17:04:26.986 1002 6431 D CompatibilityInfo: applicationScale - 1.0
03-07 17:04:26.986 8834 8853 D BluetoothAdapterService: Calling setProfileServiceState for: HearingAidService
03-07 17:04:26.987 1002 4901 D TelephonyRegistry: listen oscl: mHasNotifySubscriptionInfoChangedOccurred==false no callback
03-07 17:04:26.987 1002 2701 D CompatibilityInfo: mCompatibilityFlags - 4
03-07 17:04:26.987 1002 2701 D CompatibilityInfo: applicationDensity - 240
03-07 17:04:26.987 1002 2701 D CompatibilityInfo: applicationScale - 1.0
03-07 17:04:26.988 8834 8834 D HeadsetPhoneState: The sim in i: 0 is absent
03-07 17:04:26.989 8834 8834 I HeadsetService: mIsTwsPlusEnabled: false
03-07 17:04:26.989 8834 8834 I HeadsetService: mIsTwsPlusShoEnabled: false
03-07 17:04:26.989 8834 8834 D HeadsetService: Max_HFP_Connections 5
03-07 17:04:26.989 8834 8834 D HeadsetService: mSetMaxConfig 5
03-07 17:04:26.989 8834 8834 I BluetoothHeadsetServiceJni: classInitNative: succeeds
03-07 17:04:26.990 8834 8834 D HeadsetService: isInbandRingingEnabled returning: false
03-07 17:04:26.990 8834 8834 I bt_btif : get_profile_interface: id = handsfree
03-07 17:04:26.990 8834 8834 I bt_stack: [INFO:btif_hf.cc(2433)] GetInterface
03-07 17:04:26.990 8834 8834 D bt_btif : Init: btif_hf_features=134503, max_hf_clients=6, inband_ringing_enabled=0
03-07 17:04:26.990 8834 8834 D bt_btif : btif_enable_service: current services:0x20000040
03-07 17:04:26.990 8834 8834 D bt_btif : btif_transfer_context event 257, len 1
03-07 17:04:26.990 8834 8863 D bt_btif : btif task fetched event a001
03-07 17:04:26.990 8834 8863 D bt_btif : btif_context_switched for event: 257
03-07 17:04:26.990 8834 8863 D bt_btif : btif_in_execute_service_request service_id: 6
03-07 17:04:26.990 8834 8863 I bt_btif : btif_hf_execute_service: enable: 1
03-07 17:04:26.990 8834 8863 I bt_btif : btif_hf_execute_service: enable: 1 completed
03-07 17:04:26.990 8834 8891 I bt_btif : bta_sys_event: Event: 0x519 id: 0x5
03-07 17:04:26.990 8834 8891 D bt_btif : bta_ag_hdl_event: Event 0x0519
03-07 17:04:26.990 8834 8891 I bt_btm : BTM: BTM_WriteVoiceSettings: Settings: 0x0060.
03-07 17:04:26.990 8834 8863 I bt_btif_storage: btif_storage_get_adapter_property service_mask:0x20000040
03-07 17:04:26.990 8834 8863 I bt_btif : btif_dm_execute_service_request: HAL bt_hal_cbacks->adapter_properties_cb
03-07 17:04:26.991 8834 8891 D bt_btif : btif_transfer_context event 0, len 0
03-07 17:04:26.991 8834 8891 I bt_btif : bta_sys_event: Event: 0x500 id: 0x5
03-07 17:04:26.991 8834 8834 D HeadsetService: setHeadsetService(): set to: com.android.bluetooth.hfp.HeadsetService@1bb7ab6
03-07 17:04:26.991 8834 8863 D bt_btif : btif task fetched event a001
03-07 17:04:26.991 8834 8863 D bt_btif : btif_context_switched for event: 0
03-07 17:04:26.991 8834 8863 D bt_btif : btif_hf_upstreams_evt: event=BTA_AG_ENABLE_EVT
03-07 17:04:26.991 8834 8891 D bt_btif : bta_ag_hdl_event: Event 0x0500
03-07 17:04:26.991 8834 8863 D bt_btif : btif_hf_upstreams_evt: notify max hf clients to bta
03-07 17:04:26.991 8834 8834 I bt_btif : get_profile_interface: id = vendorhfservice
03-07 17:04:26.991 8834 8834 I bt_btif : btif_vendor_hf_get_interface
03-07 17:04:26.991 8834 8834 I bt_btif_vendor_hf: init done
03-07 17:04:26.991 8834 8891 D bt_btif : bta_ag_scb_alloc 1
03-07 17:04:26.991 8834 8891 D bt_btif : bta_ag_api_register: p_scb 0xbb44ed68
03-07 17:04:26.992 8834 8891 I bt_btif : bta_ag_sm_execute: handle=0x0001, bd_addr=00:00:00:00:00:00, state=BTA_AG_INIT_ST(0x00), event=BTA_AG_API_REGISTER_EVT(0x0500)
03-07 17:04:26.992 8834 8891 D bt_sdp : SDP_CreateRecord ok, num_records:4
03-07 17:04:26.992 8834 8891 D bt_sdp : SDP_AddAttribute: handle:10003, id:0000, type:1, len:4, p_val:0x7aa2681dd4, *p_val:00010003
03-07 17:04:26.992 8834 8891 D bt_btm : BTM_AllocateSCN
03-07 17:04:26.992 8834 8891 D bt_btif : bta_ag_add_record uuid: 1112
03-07 17:04:26.992 8834 8891 D bt_sdp : SDP_AddAttribute: handle:10003, id:0004, type:6, len:12, p_val:0xb400007c46ee1bd8, *p_val:350319010035051900030802
03-07 17:04:26.992 8834 8891 D bt_sdp : SDP_AddAttribute: handle:10003, id:0001, type:6, len:6, p_val:0xb400007c46ee1bd8, *p_val:191112191203
03-07 17:04:26.992 8834 8891 D bt_sdp : SDP_AddAttribute: handle:10003, id:0009, type:6, len:8, p_val:0xb400007c16e32f18, *p_val:3506191108090102
03-07 17:04:26.992 8834 8891 D bt_sdp : SDP_AddAttribute: handle:10003, id:0100, type:4, len:16, p_val:0xb400007bb6e5afc0, *p_val:Headset Gateway
03-07 17:04:26.992 8834 8891 D bt_sdp : SDP_AddAttribute: handle:10003, id:0005, type:6, len:3, p_val:0xb400007c46ee1bd8, *p_val:191002
03-07 17:04:26.992 8834 8891 I bt_btif : Adding UUID=0x1112 into EIR
03-07 17:04:26.992 8834 8891 D bt_btif : BTA is generating EIR
03-07 17:04:26.992 8834 8891 I bt_btm : Write Extended Inquiry Response to controller
03-07 17:04:26.993 8834 8891 I bt_btif : bta_dm_eir_update_uuid UUID bit mask=0x00000080 00010000
03-07 17:04:26.993 8834 8891 D bt_sdp : SDP_CreateRecord ok, num_records:5
03-07 17:04:26.993 8834 8891 D bt_sdp : SDP_AddAttribute: handle:10004, id:0000, type:1, len:4, p_val:0x7aa2681dd4, *p_val:00010004
03-07 17:04:26.993 8834 8891 D bt_btm : BTM_AllocateSCN
03-07 17:04:26.993 8834 8891 D bt_btif : bta_ag_add_record uuid: 111f
03-07 17:04:26.993 8834 8891 D bt_sdp : SDP_AddAttribute: handle:10004, id:0004, type:6, len:12, p_val:0xb400007c46ee1bd8, *p_val:350319010035051900030803
03-07 17:04:26.993 8834 8891 D bt_sdp : SDP_AddAttribute: handle:10004, id:0001, type:6, len:6, p_val:0xb400007c46ee1bd8, *p_val:19111F191203
03-07 17:04:26.993 8834 8891 D bt_sdp : SDP_AddAttribute: handle:10004, id:0009, type:6, len:8, p_val:0xb400007c16e32f18, *p_val:350619111E090106
03-07 17:04:26.993 8834 8891 D bt_sdp : SDP_AddAttribute: handle:10004, id:0100, type:4, len:18, p_val:0xb400007bb6e5afe4, *p_val:Handsfree Gateway
03-07 17:04:26.993 8834 8891 D bt_sdp : SDP_AddAttribute: handle:10004, id:0301, type:1, len:1, p_val:0x7aa2681d9c, *p_val:01
03-07 17:04:26.993 8834 8891 D bt_sdp : SDP_AddAttribute: handle:10004, id:0311, type:1, len:2, p_val:0x7aa2681d98, *p_val:0027
03-07 17:04:26.993 8834 8891 D bt_sdp : SDP_AddAttribute: handle:10004, id:0005, type:6, len:3, p_val:0xb400007c46ee1bd8, *p_val:191002
03-07 17:04:26.993 8834 8891 I bt_btif : Adding UUID=0x111F into EIR
03-07 17:04:26.993 8834 8891 D bt_btif : BTA is generating EIR
03-07 17:04:26.993 8834 8891 I bt_btm : Write Extended Inquiry Response to controller
03-07 17:04:26.993 8834 8891 I bt_btif : bta_dm_eir_update_uuid UUID bit mask=0x00000080 04010000
03-07 17:04:26.993 8834 8891 I bt_btm : btm_sec_set_security_level : sec: 0x36
03-07 17:04:26.993 8834 8891 I bt_btm : BTM_SEC_REG[4]: id 12, is_orig 0, psm 0x0003, proto_id 3, chan_id 2
03-07 17:04:26.993 8834 8891 I bt_btm : : sec: 0x1086, service name [] (up to 21 chars saved)
03-07 17:04:26.994 8834 8891 I bt_stack: [INFO:port_api.cc(123)] RFCOMM_CreateConnection BDA: ff:ff:ff:ff:ff:ff
03-07 17:04:26.994 8834 8891 I bt_rfcomm: RFCOMM_CreateConnection: scn:2, dlci:4, is_server:1 mtu:256, p_mcb:0x0
03-07 17:04:26.994 8834 8834 I bt_btif_vendor_hf: enable_swb: 1
03-07 17:04:26.994 8834 8834 D HeadsetService: registering audio server state callback
03-07 17:04:26.994 8834 8891 D bt_rfcomm: rfc_cb.port.port[1]:0x7abb4aa0a8 allocated, last_port:1
03-07 17:04:26.994 8834 8891 I bt_rfcomm: RFCOMM_CreateConnection: scn:2, dlci:4, is_server:1 mtu:256, p_mcb:0x0, p_port:0x7abb4aa0a8
03-07 17:04:26.994 8834 8891 I bt_rfcomm: RFCOMM_CreateConnection dlci:4 signal state:0xb
03-07 17:04:26.994 8834 8891 I bt_rfcomm: PORT_SetEventMask() handle:2 mask:0x1
03-07 17:04:26.994 8834 8891 I bt_rfcomm: PORT_SetEventCallback() handle:2
03-07 17:04:26.994 8834 8891 I bt_btm : btm_sec_set_security_level : sec: 0x36
03-07 17:04:26.994 8834 8891 I bt_btm : BTM_SEC_REG[5]: id 29, is_orig 0, psm 0x0003, proto_id 3, chan_id 3
03-07 17:04:26.994 8834 8891 I bt_btm : : sec: 0x1086, service name [] (up to 21 chars saved)
03-07 17:04:26.995 8834 8891 I bt_stack: [INFO:port_api.cc(123)] RFCOMM_CreateConnection BDA: ff:ff:ff:ff:ff:ff
03-07 17:04:26.995 8834 8891 I bt_rfcomm: RFCOMM_CreateConnection: scn:3, dlci:6, is_server:1 mtu:256, p_mcb:0x0
03-07 17:04:26.995 8834 8891 D bt_rfcomm: rfc_cb.port.port[2]:0x7abb4aa160 allocated, last_port:2
03-07 17:04:26.995 8834 8891 I bt_rfcomm: RFCOMM_CreateConnection: scn:3, dlci:6, is_server:1 mtu:256, p_mcb:0x0, p_port:0x7abb4aa160
03-07 17:04:26.995 8834 8891 I bt_rfcomm: RFCOMM_CreateConnection dlci:6 signal state:0xb
03-07 17:04:26.995 8834 8891 I bt_rfcomm: PORT_SetEventMask() handle:3 mask:0x1
03-07 17:04:26.995 8834 8891 I bt_rfcomm: PORT_SetEventCallback() handle:3
03-07 17:04:26.995 8834 8891 D bt_btif : btif_transfer_context event 1, len 6
03-07 17:04:26.996 8834 8891 I bt_btif : bta_sys_event: Event: 0x500 id: 0x5
03-07 17:04:26.996 8834 8891 D bt_btif : bta_ag_hdl_event: Event 0x0500
03-07 17:04:26.996 8834 8891 D bt_btif : bta_ag_scb_alloc 2
03-07 17:04:26.996 8834 8891 D bt_btif : bta_ag_api_register: p_scb 0xbb44f148
03-07 17:04:26.996 8834 8891 I bt_btif : bta_ag_sm_execute: handle=0x0002, bd_addr=00:00:00:00:00:00, state=BTA_AG_INIT_ST(0x00), event=BTA_AG_API_REGISTER_EVT(0x0500)
03-07 17:04:26.996 8834 8891 I bt_btm : btm_sec_set_security_level : sec: 0x36
03-07 17:04:26.996 8834 8891 I bt_btm : BTM_SEC_REG[4]: id 12, is_orig 0, psm 0x0003, proto_id 3, chan_id 2
03-07 17:04:26.996 8834 8891 I bt_btm : : sec: 0x1086, service name [] (up to 21 chars saved)
03-07 17:04:26.996 8834 8891 I bt_stack: [INFO:port_api.cc(123)] RFCOMM_CreateConnection BDA: ff:ff:ff:ff:ff:ff
03-07 17:04:26.996 8834 8891 I bt_rfcomm: RFCOMM_CreateConnection: scn:2, dlci:4, is_server:1 mtu:256, p_mcb:0x0
03-07 17:04:26.997 8834 8891 D bt_rfcomm: rfc_cb.port.port[3]:0x7abb4aa218 allocated, last_port:3
03-07 17:04:26.997 8834 8891 I bt_rfcomm: RFCOMM_CreateConnection: scn:2, dlci:4, is_server:1 mtu:256, p_mcb:0x0, p_port:0x7abb4aa218
03-07 17:04:26.997 8834 8891 I bt_rfcomm: RFCOMM_CreateConnection dlci:4 signal state:0xb
03-07 17:04:26.997 8834 8891 I bt_rfcomm: PORT_SetEventMask() handle:4 mask:0x1
03-07 17:04:26.997 8834 8891 I bt_rfcomm: PORT_SetEventCallback() handle:4
03-07 17:04:26.997 8834 8891 I bt_btm : btm_sec_set_security_level : sec: 0x36
03-07 17:04:26.997 8834 8891 I bt_btm : BTM_SEC_REG[5]: id 29, is_orig 0, psm 0x0003, proto_id 3, chan_id 3
03-07 17:04:26.997 8834 8891 I bt_btm : : sec: 0x1086, service name [] (up to 21 chars saved)
03-07 17:04:26.997 8834 8891 I bt_stack: [INFO:port_api.cc(123)] RFCOMM_CreateConnection BDA: ff:ff:ff:ff:ff:ff
03-07 17:04:26.997 8834 8891 I bt_rfcomm: RFCOMM_CreateConnection: scn:3, dlci:6, is_server:1 mtu:256, p_mcb:0x0
03-07 17:04:26.998 8834 8891 D bt_rfcomm: rfc_cb.port.port[4]:0x7abb4aa2d0 allocated, last_port:4
03-07 17:04:26.998 8834 8891 I bt_rfcomm: RFCOMM_CreateConnection: scn:3, dlci:6, is_server:1 mtu:256, p_mcb:0x0, p_port:0x7abb4aa2d0
03-07 17:04:26.998 8834 8891 I bt_rfcomm: RFCOMM_CreateConnection dlci:6 signal state:0xb
03-07 17:04:26.998 8834 8891 I bt_rfcomm: PORT_SetEventMask() handle:5 mask:0x1
03-07 17:04:26.998 8834 8891 I bt_rfcomm: PORT_SetEventCallback() handle:5
03-07 17:04:26.998 8834 8891 D bt_btif : btif_transfer_context event 1, len 6
03-07 17:04:26.998 8834 8891 I bt_btif : bta_sys_event: Event: 0x500 id: 0x5
03-07 17:04:26.998 8834 8891 D bt_btif : bta_ag_hdl_event: Event 0x0500
03-07 17:04:26.998 8834 8891 D bt_btif : bta_ag_scb_alloc 3
03-07 17:04:26.998 8834 8891 D bt_btif : bta_ag_api_register: p_scb 0xbb44f528
03-07 17:04:26.998 8834 8891 I bt_btif : bta_ag_sm_execute: handle=0x0003, bd_addr=00:00:00:00:00:00, state=BTA_AG_INIT_ST(0x00), event=BTA_AG_API_REGISTER_EVT(0x0500)
03-07 17:04:26.998 8834 8891 I bt_btm : btm_sec_set_security_level : sec: 0x36
03-07 17:04:26.998 8834 8891 I bt_btm : BTM_SEC_REG[4]: id 12, is_orig 0, psm 0x0003, proto_id 3, chan_id 2
03-07 17:04:26.998 8834 8891 I bt_btm : : sec: 0x1086, service name [] (up to 21 chars saved)
03-07 17:04:26.998 8834 8891 I bt_stack: [INFO:port_api.cc(123)] RFCOMM_CreateConnection BDA: ff:ff:ff:ff:ff:ff
03-07 17:04:26.998 8834 8891 I bt_rfcomm: RFCOMM_CreateConnection: scn:2, dlci:4, is_server:1 mtu:256, p_mcb:0x0
03-07 17:04:26.999 8834 8863 D bt_btif : btif task fetched event a001
03-07 17:04:26.999 8834 8863 D bt_btif : btif_context_switched for event: 1
03-07 17:04:26.999 8834 8863 D bt_btif : btif_hf_upstreams_evt: event=BTA_AG_REGISTER_EVT
03-07 17:04:26.999 8834 8863 D bt_btif : btif_hf_upstreams_evt:idx:0
03-07 17:04:26.999 8834 8863 D bt_btif : btif_hf_upstreams_evt: BTA_AG_REGISTER_EVT,btif_hf_cb.handle = 1
03-07 17:04:26.999 8834 8863 D bt_btif : btif task fetched event a001
03-07 17:04:26.999 8834 8863 D bt_btif : btif_context_switched for event: 1
03-07 17:04:26.999 8834 8863 D bt_btif : btif_hf_upstreams_evt: event=BTA_AG_REGISTER_EVT
03-07 17:04:26.999 8834 8863 D bt_btif : btif_hf_upstreams_evt:idx:1
03-07 17:04:26.999 8834 8863 D bt_btif : btif_hf_upstreams_evt: BTA_AG_REGISTER_EVT,btif_hf_cb.handle = 2
03-07 17:04:26.999 8834 8891 D bt_rfcomm: rfc_cb.port.port[5]:0x7abb4aa388 allocated, last_port:5
03-07 17:04:26.999 8834 8891 I bt_rfcomm: RFCOMM_CreateConnection: scn:2, dlci:4, is_server:1 mtu:256, p_mcb:0x0, p_port:0x7abb4aa388
03-07 17:04:26.999 8834 8891 I bt_rfcomm: RFCOMM_CreateConnection dlci:4 signal state:0xb
03-07 17:04:26.999 8834 8891 I bt_rfcomm: PORT_SetEventMask() handle:6 mask:0x1
03-07 17:04:26.999 8834 8891 I bt_rfcomm: PORT_SetEventCallback() handle:6
03-07 17:04:26.999 8834 8891 I bt_btm : btm_sec_set_security_level : sec: 0x36
03-07 17:04:26.999 8834 8891 I bt_btm : BTM_SEC_REG[5]: id 29, is_orig 0, psm 0x0003, proto_id 3, chan_id 3
03-07 17:04:26.999 8834 8891 I bt_btm : : sec: 0x1086, service name [] (up to 21 chars saved)
03-07 17:04:26.999 8834 8891 I bt_stack: [INFO:port_api.cc(123)] RFCOMM_CreateConnection BDA: ff:ff:ff:ff:ff:ff
03-07 17:04:27.000 8834 8891 I bt_rfcomm: RFCOMM_CreateConnection: scn:3, dlci:6, is_server:1 mtu:256, p_mcb:0x0
03-07 17:04:27.000 8834 8891 D bt_rfcomm: rfc_cb.port.port[6]:0x7abb4aa440 allocated, last_port:6
03-07 17:04:27.000 8834 8891 I bt_rfcomm: RFCOMM_CreateConnection: scn:3, dlci:6, is_server:1 mtu:256, p_mcb:0x0, p_port:0x7abb4aa440
03-07 17:04:27.000 8834 8891 I bt_rfcomm: RFCOMM_CreateConnection dlci:6 signal state:0xb
03-07 17:04:27.000 8834 8891 I bt_rfcomm: PORT_SetEventMask() handle:7 mask:0x1
03-07 17:04:27.000 8834 8891 I bt_rfcomm: PORT_SetEventCallback() handle:7
03-07 17:04:27.000 8834 8891 D bt_btif : btif_transfer_context event 1, len 6
03-07 17:04:27.000 8834 8891 I bt_btif : bta_sys_event: Event: 0x500 id: 0x5
03-07 17:04:27.000 8834 8891 D bt_btif : bta_ag_hdl_event: Event 0x0500
03-07 17:04:27.001 8834 8863 D bt_btif : btif task fetched event a001
03-07 17:04:27.001 8834 8863 D bt_btif : btif_context_switched for event: 1
03-07 17:04:27.001 8834 8863 D bt_btif : btif_hf_upstreams_evt: event=BTA_AG_REGISTER_EVT
03-07 17:04:27.001 8834 8891 D bt_btif : bta_ag_scb_alloc 4
03-07 17:04:27.001 8834 8891 D bt_btif : bta_ag_api_register: p_scb 0xbb44f908
03-07 17:04:27.001 8834 8891 I bt_btif : bta_ag_sm_execute: handle=0x0004, bd_addr=00:00:00:00:00:00, state=BTA_AG_INIT_ST(0x00), event=BTA_AG_API_REGISTER_EVT(0x0500)
03-07 17:04:27.001 8834 8863 D bt_btif : btif_hf_upstreams_evt:idx:2
03-07 17:04:27.001 8834 8863 D bt_btif : btif_hf_upstreams_evt: BTA_AG_REGISTER_EVT,btif_hf_cb.handle = 3
03-07 17:04:27.001 8834 8891 I bt_btm : btm_sec_set_security_level : sec: 0x36
03-07 17:04:27.001 8834 8891 I bt_btm : BTM_SEC_REG[4]: id 12, is_orig 0, psm 0x0003, proto_id 3, chan_id 2
03-07 17:04:27.001 8834 8891 I bt_btm : : sec: 0x1086, service name [] (up to 21 chars saved)
03-07 17:04:27.001 8834 8891 I bt_stack: [INFO:port_api.cc(123)] RFCOMM_CreateConnection BDA: ff:ff:ff:ff:ff:ff
03-07 17:04:27.001 8834 8891 I bt_rfcomm: RFCOMM_CreateConnection: scn:2, dlci:4, is_server:1 mtu:256, p_mcb:0x0
03-07 17:04:27.001 8834 8834 I HeadsetService: HeadsetService Started
03-07 17:04:27.001 8834 8834 D HeadsetService: profile started successfully
03-07 17:04:27.001 8834 8891 D bt_rfcomm: rfc_cb.port.port[7]:0x7abb4aa4f8 allocated, last_port:7
03-07 17:04:27.001 8834 8891 I bt_rfcomm: RFCOMM_CreateConnection: scn:2, dlci:4, is_server:1 mtu:256, p_mcb:0x0, p_port:0x7abb4aa4f8
03-07 17:04:27.001 8834 8891 I bt_rfcomm: RFCOMM_CreateConnection dlci:4 signal state:0xb
03-07 17:04:27.001 8834 8891 I bt_rfcomm: PORT_SetEventMask() handle:8 mask:0x1
03-07 17:04:27.001 8834 8891 I bt_rfcomm: PORT_SetEventCallback() handle:8
03-07 17:04:27.001 8834 8891 I bt_btm : btm_sec_set_security_level : sec: 0x36
03-07 17:04:27.001 8834 8891 I bt_btm : BTM_SEC_REG[5]: id 29, is_orig 0, psm 0x0003, proto_id 3, chan_id 3
03-07 17:04:27.001 8834 8891 I bt_btm : : sec: 0x1086, service name [] (up to 21 chars saved)
03-07 17:04:27.001 8834 8891 I bt_stack: [INFO:port_api.cc(123)] RFCOMM_CreateConnection BDA: ff:ff:ff:ff:ff:ff
03-07 17:04:27.001 8834 8891 I bt_rfcomm: RFCOMM_CreateConnection: scn:3, dlci:6, is_server:1 mtu:256, p_mcb:0x0
03-07 17:04:27.001 8834 8891 D bt_rfcomm: rfc_cb.port.port[8]:0x7abb4aa5b0 allocated, last_port:8
03-07 17:04:27.002 8834 8891 I bt_rfcomm: RFCOMM_CreateConnection: scn:3, dlci:6, is_server:1 mtu:256, p_mcb:0x0, p_port:0x7abb4aa5b0
03-07 17:04:27.002 8834 8891 I bt_rfcomm: RFCOMM_CreateConnection dlci:6 signal state:0xb
03-07 17:04:27.002 8834 8891 I bt_rfcomm: PORT_SetEventMask() handle:9 mask:0x1
03-07 17:04:27.002 8834 8891 I bt_rfcomm: PORT_SetEventCallback() handle:9
03-07 17:04:27.002 8834 8891 D bt_btif : btif_transfer_context event 1, len 6
