03-07 17:01:50.189 504 504 E SELinux : avc: denied { find } for pid=4946 uid=10099 name=vold scontext=u:r:untrusted_app_29:s0:c99,c256,c512,c768 tcontext=u:object_r:vold_service:s0 tclass=service_manager permissive=1
03-07 17:01:50.189 504 504 I auditd : avc: denied { find } for pid=4946 uid=10099 name=vold scontext=u:r:untrusted_app_29:s0:c99,c256,c512,c768 tcontext=u:object_r:vold_service:s0 tclass=service_manager permissive=1
03-07 17:01:50.200 504 504 E SELinux : avc: denied { find } for pid=4946 uid=10099 name=wifinl80211 scontext=u:r:untrusted_app_29:s0:c99,c256,c512,c768 tcontext=u:object_r:wifinl80211_service:s0 tclass=service_manager permissive=1
03-07 17:01:50.200 504 504 I auditd : avc: denied { find } for pid=4946 uid=10099 name=wifinl80211 scontext=u:r:untrusted_app_29:s0:c99,c256,c512,c768 tcontext=u:object_r:wifinl80211_service:s0 tclass=service_manager permissive=1
03-07 17:01:50.217 1002 6431 D CompatibilityInfo: mCompatibilityFlags - 4
03-07 17:01:50.217 1002 6431 D CompatibilityInfo: applicationDensity - 240
03-07 17:01:50.217 1002 6431 D CompatibilityInfo: applicationScale - 1.0
03-07 17:01:50.262 650 660 I mpu_uart: [MSG-P:RECV]:No message received in 1000 ms
03-07 17:01:50.307 1002 1172 D CompatibilityInfo: mCompatibilityFlags - 4
03-07 17:01:50.307 1002 1172 D CompatibilityInfo: applicationDensity - 240
03-07 17:01:50.307 1002 1172 D CompatibilityInfo: applicationScale - 1.0
03-07 17:01:50.310 2954 7551 D hpplay-base: [stream_mirror_compat:1489] request to stop screen stream session!!
03-07 17:01:50.311 2954 7551 D hpplay-base: [AEventUtils:625] begin to stop event handle service!!
03-07 17:01:50.311 2954 7551 D hpplay-base: [AEventUtils:628] stop event handle service ok!!
03-07 17:01:50.311 2954 7551 D hpplay-base: [REventUtils:231] begin to stop report handle service!!
03-07 17:01:50.311 2954 7551 D hpplay-base: [REventUtils:234] stop report handle service ok!!
03-07 17:01:50.311 2954 7551 D hpplay-base: [lelinkSinkServer:711] HTTP Server stopSinkServer End .
03-07 17:01:50.311 2954 7551 D hpplay-base: [jniBridge:1135] notifyJavaServerStoped
03-07 17:01:50.311 2954 7551 D hpplay-base: [jniBridge:1726] notifyJava, what:202, castType:0, mimeType:0 baseStatus:4
03-07 17:01:50.311 2954 7551 D hpplay-base: [jniBridge:1727] notifyJava sessionID:(null)
03-07 17:01:50.312 2954 7551 I hpplay-java: [Thread-109]:Bridge:notify: what: 202
03-07 17:01:50.313 2954 7551 I hpplay-java: [Thread-109]:Bridge:notify: out: OutParameters:{audioSessionId=-1, audiotrackIndex=0, castHandleType=-1, castType=0, deviceName='', dlnaName='', dramaID='', extra=0, frameHandleType=-1, handleInside=true, headduration=0, header='', headers=null, isAD=false, isMultiMirror=false, lelinkVer='', limitTime=0, , mediaAlbum='null', mediaAlbumArtURI='', mediaArtist='null', mediaAssets='', mediaTitle='null', mimeType=0, multiSession=null, period=0, pinCode='', playSpeed=0.0, playerChoice=0, plugin=0, port=0, position=0.0, positionUnit=2, protocol=0, realSessionID='', regType='', , sinkIp='', sourceAPPVersion='', sourceChannel='', sourceClientInfo='', sourceDeviceInfo='', sourceDeviceModel='', sourceDeviceName='', sourceDeviceType=0, sourceHID='', , sourceInfo='', , , sourceOSVersion='', sourceSDKVersion='', sourceUid='', stopDetail=0, stopReason=0, tailduration=0, url='', urlID='', urls=null, userAgent='', videoDecoder=0, volume=0, what=202}com.hpplay.sdk.sink.protocol.OutParameters@75ef937
03-07 17:01:50.314 2954 7551 I hpplay-java: [Thread-109]:Bridge:notify: address:183045796
03-07 17:01:50.314 2954 7551 D hpplay-base: [LelinkBase:645] stopServerThreadFunc notifyJavaServerStoped!
03-07 17:01:50.314 2954 2954 I hpplay-java: [main]:ServerTaskManager:startTimeOutCheck
03-07 17:01:50.315 2954 2954 I hpplay-java: [main]:ServerBusiness:stopDaemonBusiness
03-07 17:01:50.315 2954 2954 I hpplay-java: [main]:SinkDataReport:logout
03-07 17:01:50.315 2954 2954 I hpplay-java: [main]:EPControl:release
03-07 17:01:50.318 2954 2954 I hpplay-java: [main]:Dispatcher:notifyAllReverseControlsStop
03-07 17:01:50.319 2954 2954 I hpplay-java: [main]:Preference:checkFeature none
03-07 17:01:50.319 2954 2954 I hpplay-java: [main]:Dispatcher:notifyAllUIControlsStop set: []
03-07 17:01:50.319 2954 2954 I hpplay-java: [main]:Upgrade:upgrade not be allowed
03-07 17:01:50.320 2954 2954 I hpplay-java: [main]:Bridge:findServiceID start out: 183045796
03-07 17:01:50.320 2954 2954 I hpplay-java: [main]:Bridge:findServiceID end
03-07 17:01:50.320 2954 2954 I hpplay-java: [main]:ServerTaskManager:onStop retry:true
03-07 17:01:50.320 2954 2954 I hpplay-java: [main]:ServerTaskManager:cancelTimeOutCheck
03-07 17:01:50.320 2954 7486 W hpplay-java: NanoHTTPDServerRunnable:Communication with the client broken
03-07 17:01:50.320 2954 7486 W hpplay-java: java.net.SocketException: Socket closed
03-07 17:01:50.320 2954 7486 W hpplay-java: at java.net.PlainSocketImpl.socketAccept(PlainSocketImpl.java:213)
03-07 17:01:50.320 2954 7486 W hpplay-java: at java.net.AbstractPlainSocketImpl.accept(AbstractPlainSocketImpl.java:451)
03-07 17:01:50.320 2954 7486 W hpplay-java: at java.net.ServerSocket.implAccept(ServerSocket.java:547)
03-07 17:01:50.320 2954 7486 W hpplay-java: at java.net.ServerSocket.accept(ServerSocket.java:515)
03-07 17:01:50.320 2954 7486 W hpplay-java: at com.hpplay.nanohttpd.protocols.http.ServerRunnable.run(SourceFile:118)
03-07 17:01:50.320 2954 7486 W hpplay-java: at java.lang.Thread.run(Thread.java:920)
03-07 17:01:50.321 2954 7486 I hpplay-java: NanoHTTPDNanoHTTPD:server is stoped
03-07 17:01:50.321 674 7556 D resolv : GetAddrInfoHandler::run: {100 262244 100 983140 10086 0}
03-07 17:01:50.321 2954 7486 I hpplay-java: NanoHTTPDNanoHTTPD:clear obj
03-07 17:01:50.321 674 7556 D resolv : resolv_getaddrinfo: explore_fqdn(): ai_family=0 ai_socktype=1 ai_protocol=6
03-07 17:01:50.321 2954 2954 I hpplay-java: [main]:IPManager:getActiveNets type: WIFI
03-07 17:01:50.321 2954 2954 I hpplay-java: [main]:IPManager:getActiveNets eth0:false wifi:true mobile:false ap:false
03-07 17:01:50.321 2954 2954 I hpplay-java: [main]:IPManager:getIPAddress IP_WLAN0
03-07 17:01:50.321 2954 4759 I hpplay-java: [AsyncTask #74]:GlideCreator:clearCache clearDiskCache
03-07 17:01:50.323 674 7557 D resolv : doQuery: (1, 1)
03-07 17:01:50.323 674 7557 D resolv : res_nmkquery: (QUERY, IN, A)
03-07 17:01:50.323 674 7557 D resolv : res_nsend
03-07 17:01:50.323 674 7557 I resolv : resolv_cache_lookup: lookup
03-07 17:01:50.323 674 7557 I resolv : resolv_cache_lookup: FOUND IN CACHE entry=0xb400006fee656420
03-07 17:01:50.323 674 7557 D resolv : doQuery: rcode=0, ancount=1
03-07 17:01:50.324 674 7556 I ResolverController: No valid NAT64 prefix (100, /0)
03-07 17:01:50.331 2954 2954 I hpplay-java: [main]:IPManager:updateIPAddress getIPAddress: 192.168.4.16 name:vlan4
03-07 17:01:50.331 2954 2954 I hpplay-java: [main]:IPManager:updateIPAddress getIPAddress: 192.168.124.147 name:wlan0
03-07 17:01:50.331 2954 2954 I hpplay-java: [main]:IPManager:updateIPAddress getIPAddress: 192.168.8.16 name:vlan8
03-07 17:01:50.331 2954 2954 I hpplay-java: [main]:IPManager:updateIPAddress getIPAddress: 192.168.11.16 name:vlan11
03-07 17:01:50.331 2954 2954 I hpplay-java: [main]:IPManager:updateIPAddress getIPAddress: 192.168.0.16 name:vlan0
03-07 17:01:50.331 2954 2954 I hpplay-java: [main]:IPManager:updateIPAddress getIPAddress: 192.168.2.16 name:vlan2
03-07 17:01:50.331 2954 2954 I hpplay-java: [main]:IPManager:updateIPAddress getIPAddress: 192.168.1.16 name:vlan1
03-07 17:01:50.332 2954 2954 I hpplay-java: [main]:ServerTaskManager:exeTask startServer
03-07 17:01:50.332 2954 4754 I hpplay-java: [AsyncTask #72]:ServerBusiness:startDaemonBusiness
03-07 17:01:50.332 2954 4702 I hpplay-java: [AsyncTask #58]:Bridge:assembleInParameters
03-07 17:01:50.332 2954 4754 I hpplay-java: [AsyncTask #72]:TimeOutCheckUtil:addTask id:upgrade
03-07 17:01:50.332 2954 4754 I hpplay-java: [AsyncTask #72]:TimeOutCheckUtil:addTask id:ijkupgrade
03-07 17:01:50.333 2954 2954 I hpplay-java: [main]:ServerTaskManager:startTimeOutCheck
03-07 17:01:50.333 2954 4702 I hpplay-java: [AsyncTask #58]:Bridge:createDeviceId deviceId:YjQ6NGU6Mzg6M2Y6YWM6ZjE=
03-07 17:01:50.334 2954 4702 I hpplay-java: [AsyncTask #58]:IPManager:getActiveNets type: WIFI
03-07 17:01:50.334 2954 4702 I hpplay-java: [AsyncTask #58]:IPManager:getActiveNets eth0:false wifi:true mobile:false ap:false
03-07 17:01:50.334 2954 4702 I hpplay-java: [AsyncTask #58]:IPManager:getIPAddress IP_WLAN0
03-07 17:01:50.334 2954 4702 I hpplay-java: [AsyncTask #58]:Preference:checkFeature none
03-07 17:01:50.335 2954 7558 I hpplay-java: NanoHTTPDNanoHTTPD:server is started
03-07 17:01:50.335 2954 4702 I hpplay-java: [AsyncTask #58]:SWI:dlna tip
03-07 17:01:50.335 2954 4702 I hpplay-java: [AsyncTask #58]:SWI:lefp tip
03-07 17:01:50.335 2954 4702 I hpplay-java: [AsyncTask #58]:Bridge:assembleInParameters none alias name use device name: 高合娱乐副屏
03-07 17:01:50.335 2954 4702 I hpplay-java: [AsyncTask #58]:Feature:isSendAdvertisement
03-07 17:01:50.335 2954 4702 I hpplay-java: [AsyncTask #58]:Preference:checkFeature none
03-07 17:01:50.335 2954 4702 I hpplay-java: [AsyncTask #58]:Preference:checkFeature none
03-07 17:01:50.335 2954 4702 I hpplay-java: [AsyncTask #58]:Bridge:backupHpplayDat bakPath:
03-07 17:01:50.335 2954 4702 I hpplay-java: [AsyncTask #58]:Bridge:path:/data/user/0/com.hht.lebocast/files/hpplay/file/happyplay.dat
03-07 17:01:50.335 2954 4702 I hpplay-java: [AsyncTask #58]:Bridge:mAppId:21409
03-07 17:01:50.336 2954 4702 I hpplay-java: [AsyncTask #58]:Bridge:mode:3
03-07 17:01:50.336 2954 4702 I hpplay-java: [AsyncTask #58]:Bridge:type:1
03-07 17:01:50.336 2954 4702 I hpplay-java: [AsyncTask #58]:Bridge:SN:
03-07 17:01:50.336 2954 4702 I hpplay-java: [AsyncTask #58]:Preference:checkFeature none
03-07 17:01:50.336 2954 4702 I hpplay-java: [AsyncTask #58]:Bridge:backPath:
03-07 17:01:50.336 2954 4702 I hpplay-java: [AsyncTask #58]:DeviceUtil:getPermissionDid: 1
03-07 17:01:50.336 2954 4702 I hpplay-java: [AsyncTask #58]:DeviceUtil:getPermissionDid: 1
03-07 17:01:50.336 2954 4702 I hpplay-java: [AsyncTask #58]:Preference:checkFeature none
03-07 17:01:50.336 2954 4702 I hpplay-java: [AsyncTask #58]:Preference:checkFeature none
03-07 17:01:50.336 2954 4702 I hpplay-java: [AsyncTask #58]:Preference:checkFeature none
03-07 17:01:50.336 2954 4702 I hpplay-java: [AsyncTask #58]:Preference:checkFeature none
03-07 17:01:50.336 2954 4702 I hpplay-java: [AsyncTask #58]:Preference:checkFeature none
03-07 17:01:50.344 2954 4754 W hpplay-java: [AsyncTask #72]:ServerBusiness:startDaemonBusiness start LelinkHTTPD sucess 52288
03-07 17:01:50.345 2954 2954 I hpplay-java: [main]:ServerBusiness:get deviceCode:2411597595
03-07 17:01:50.362 2954 4702 W hpplay-java: [AsyncTask #58]:DeviceUtils:getDomain create lb domain
03-07 17:01:50.362 2954 4702 I hpplay-java: [AsyncTask #58]:Feature:getMirrorAudioVideoSync DISABLE
03-07 17:01:50.362 2954 4702 I hpplay-java: [AsyncTask #58]:Feature:checkSupportRedirectOtherApp,no set redirect api
03-07 17:01:50.363 2954 4702 I hpplay-java: [AsyncTask #58]:Feature:getRedirectSearchFlag,value: 0
03-07 17:01:50.363 2954 4702 I hpplay-java: [AsyncTask #58]:Bridge:mIn: InParameters{appInfo='0', appKey='21409', authMode=0, authPwd='null', broadcastDirection=0, broadcastState=1, broadcastTimeout=3, buildType='release', cacheAVPath='/data/user/0/com.hht.lebocast/cache/hpplay/av', cachePhotoPath='/data/user/0/com.hht.lebocast/cache/hpplay/image', channel='LEBO-APK--60146-25915', desPath='', , deviceName='高合娱乐副屏', dlna=1, dlnaCompany='Microsoft Corporation', dlnaCompanyURL='http://www.microsoft.com', dlnaDeviceDescribe='Media Renderer', dlnaDeviceName='Windows Media Player', dlnaDeviceURL='http://go.microsoft.com/fwlink/Linkld=105927', dlnaLelinkSwitch=1, dlnaManufacturer=0, dlnaName='高合娱乐副屏', dlnaUPC='', dlnaUUID='76f343f4-1e9e-4f94-b881-107214632d37', domain='Lebo-figure-52d6e4be35ca', drainage=0, feature='6655', fps=60, height=1080, host='null', , keyPath='/data/user/0/com.hht.lebocast/files/hpplay/file', lelinkfp=1, lelinkfp2=0, logBaseState=1, logPath='/storage/emulated/0/com.hht.lebocast/sink/sdk/common', , mdnsEnable=1, mirrorSyncType=0, netCastVer='2.0', packageName='com.hht.lebocast', packagePath='/data/user/0/com.hht.lebocast', permissionDid='52:d6:e4:be:35:ca', permissionMode=3, permissionPreSN='', port=0, preemptMode=0, regType='_leboremote._tcp.', serverPorts=null, sockWaitTimeOut=45, teleControlPort=53388, tunnels=3, txtKeys=null, txtValues=null, uid='1278128664909382932', videoFrameType=1001, width=1920}com.hpplay.sdk.sink.protocol.InParameters@c993ed6
03-07 17:01:50.363 2954 2954 I hpplay-java: [main]:Bridge:startServer state: 0
03-07 17:01:50.363 2954 2954 D hpplay-base: [jniBridge:185] not conference version
03-07 17:01:50.363 2954 2954 I hpplay-base: [jniBridge:241] 1initServer nSettingWidth=1920 nSettingHeight=1080 nSettingMaxFPS=60 dlnaEnable=1 lelinkFpEnable=1
03-07 17:01:50.363 2954 2954 D hpplay-base: [jniBridge:283] 1initServer cfg.leLinkIp=192.168.124.147
03-07 17:01:50.363 2954 2954 D hpplay-base: [jniBridge:286] 1initServer cfg.mPermissionMode=3
03-07 17:01:50.363 2954 2954 D hpplay-base: [jniBridge:304] 1initServer cfg.permissionDid=52:d6:e4:be:35:ca000000000000000
03-07 17:01:50.363 2954 2954 D hpplay-base: [jniBridge:313] 1initServer cfg.mPermissionPreSN=00000000000000000000000000000000
03-07 17:01:50.363 2954 2954 D hpplay-base: [jniBridge:317] Bridge___1initServer status:0
03-07 17:01:50.363 2954 2954 I hpplay-base: [jniBridge:325] 1initServer cfg.feature=6655
03-07 17:01:50.363 2954 2954 D hpplay-base: [jniBridge:377] 1initServer isSendBroadCast=3
03-07 17:01:50.363 2954 2954 D hpplay-base: [jniBridge:380] 1initServer broadcastDirection=0
03-07 17:01:50.363 2954 2954 D hpplay-base: [jniBridge:382] 1initServer ipBroadcast direction=0
03-07 17:01:50.364 2954 2954 D hpplay-base: [jniBridge:387] 1initServer tunnel=3
03-07 17:01:50.364 2954 2954 D hpplay-base: [jniBridge:390] 1initServer drainage=0
03-07 17:01:50.364 2954 2954 D hpplay-base: [jniBridge:401] 1initServer mDNSEnable=1
03-07 17:01:50.364 2954 2954 D hpplay-base: [jniBridge:406] 1initServer nSockWaitTimeOut=45
03-07 17:01:50.364 2954 2954 D hpplay-base: [jniBridge:410] 1initServer nMirrorAudioVideoSync=0
03-07 17:01:50.364 2954 2954 I hpplay-base: [sign_check:168] checkSign strPackageName:com.hht.lebocast
03-07 17:01:50.364 2954 2954 I hpplay-base: [sign_check:169] checkSign buildType:release
03-07 17:01:50.364 2954 2954 I hpplay-base: [sign_check:170] checkSign appKey:21409
03-07 17:01:50.364 2954 2954 D hpplay-base: [LelinkBase:405] bridgeInit port: 0, lelinkfp: 0
03-07 17:01:50.364 2954 2954 D hpplay-base: [LelinkBase:462] bridgeInit mPackagePath =/data/user/0/com.hht.lebocast
03-07 17:01:50.364 2954 2954 D hpplay-base: [LelinkBase:463] bridgeInit mKeyPath =/data/user/0/com.hht.lebocast/files/hpplay/file
03-07 17:01:50.364 2954 2954 D hpplay-base: [SinkContext:97] initSinkContext mPackagePath =/data/user/0/com.hht.lebocast
03-07 17:01:50.364 2954 2954 D hpplay-base: [SinkContext:98] initSinkContext mKeyPath =/data/user/0/com.hht.lebocast/files/hpplay/file
03-07 17:01:50.364 2954 2954 D hpplay-base: [jniBridge:478] Java_com_hpplay_sdk_sink_protocol_Bridge__1initServer end
03-07 17:01:50.364 2954 2954 D hpplay-base: [jniBridge:869] Bridge__1startServer status:1
03-07 17:01:50.364 2954 2954 D hpplay-base: [LelinkBase:492] startAllServer at base
03-07 17:01:50.364 2954 2954 D hpplay-base: [lelinkSinkServer:152] httpPlugins_SetServerPort TYPE_SERVER_LELINK:52266
03-07 17:01:50.364 2954 2954 D hpplay-base: [network.c:362] protocol bind host :192.168.124.147 port:52266 curent bind port:52266
03-07 17:01:50.364 2954 2954 D hpplay-base: [lelinkSinkServer:681] HTTP Server real at:52266
03-07 17:01:50.365 2954 2954 D hpplay-base: [ScreenStream:1285] current bind port:7100
03-07 17:01:50.365 2954 2954 D hpplay-base: [LelinkBase:515] startAllServer pBaseContext->config.dlnaEnable:1
03-07 17:01:50.365 2954 2954 D hpplay-base: [lelinkDlna:324] addDMRCallback end
03-07 17:01:50.365 2954 7564 D hpplay-base: [stream_mirror_compat:759] compat mirror stream begin to run,server fd:136,thread_id:3226730944!!
03-07 17:01:50.365 2954 7563 D hpplay-base: [lelinkSinkServer:644] Connected Service Type:0
03-07 17:01:50.365 2954 7563 I hpplay-base: : (server.c.315) startServer listen_ing....:
03-07 17:01:50.365 2954 7563 D hpplay-base: [Server:371] startHttpServer srv_sockets.used:1 nCurrentFd:134, tid is 7563
03-07 17:01:50.366 2954 2954 E hpplay-base-dlna: miniserver.c:788::dlna_port(ipv4: 49152 ipv6:0)
03-07 17:01:50.417 2954 2954 D hpplay-base-dlna: [lebodlna-dlnaframe:166] succeed to load lebodlnaplugin
03-07 17:01:50.418 2954 2954 D hpplay-base-dlna: [lebodlna-dlnaframe:232] Succeed to load specified plugin:lebodlna_plugin
03-07 17:01:50.418 2954 2954 D hpplay-base: [lelinkDlna:328] startDLNAServer ret=0
03-07 17:01:50.418 2954 2954 D hpplay-base: [LelinkBase:531] startDLNAServer ret= 0
03-07 17:01:50.418 2954 2954 D hpplay-base: [lelinkDlna:342] setDMRFriendlyName 高合娱乐副屏
03-07 17:01:50.418 2954 2954 D hpplay-base-dlna: [lebodlna-dlna_android:136] setBroadcastTimeout mBroadcastTimeOut=66 status=3!
03-07 17:01:50.418 2954 2954 D hpplay-base-dlna: [lebodlna_api:32] start DMR
03-07 17:01:50.418 2954 2954 D hpplay-base-dlna: [UpnpDefine:434] RegisterDMRender invalid lelink info
03-07 17:01:50.418 2954 2954 D hpplay-base-dlna: [UpnpDefine:467] DLNA DEFAULT_DESCRIPTION
03-07 17:01:50.419 2954 2954 E hpplay-base-dlna: upnpapi.c:1078::Exiting RegisterRootDevice2 *Hnd =1, return value == 0
03-07 17:01:50.419 2954 2954 D hpplay-base-dlna: [CUpnpDevice:41] Register Root Device 2:0
03-07 17:01:50.419 2954 2954 D hpplay-base-dlna: [UpnpDefine:794] ESDMRender:Register success
03-07 17:01:50.419 2954 2954 D hpplay-base-dlna: [lebodlna_api:41] sendBroadcast mBroadcastTimeOut=3
03-07 17:01:50.419 2954 2954 D hpplay-base-dlna: [lebodlna_api:44] sendBroadcast timeout=66
03-07 17:01:50.440 2954 4755 I hpplay-java: [AsyncTask #73]:HttpRequest:doGet responseCode:200 0
03-07 17:01:50.485 2954 2954 D hpplay-base: [lelinkDlna:361] startDLNADevice dlnaManufacturer:0 ret=0
03-07 17:01:50.485 2954 2954 D hpplay-base: [LelinkBase:535] lelinkSetDlnaInfo ret= 0
03-07 17:01:50.485 2954 2954 D hpplay-base: [LelinkBase:547] startAllServer pBaseContext->config.mDNSEnable:1
03-07 17:01:50.486 2954 2954 D hpplay-base: [base_mdns:509] mdns net.hostname:
03-07 17:01:50.487 2954 2954 D hpplay-base: [base_mdns:529] mdns namelabel:-00-80-0F-74-31-00
03-07 17:01:50.488 2954 2954 D hpplay-base: [base_mdns:509] mdns net.hostname:
03-07 17:01:50.488 2954 2954 D hpplay-base: [base_mdns:529] mdns namelabel:-00-80-0F-74-31-00
03-07 17:01:50.488 2954 2954 D hpplay-base: [mdns:813] mdns start bind port:0
03-07 17:01:50.495 2954 2954 D hpplay-base: [mdns:813] mdns start bind port:5353
03-07 17:01:50.496 2954 2954 D hpplay-base: [mdns:813] mdns start bind port:5353
03-07 17:01:50.496 2954 2954 D hpplay-base: [mdns:813] mdns start bind port:5353
03-07 17:01:50.497 2954 2954 D hpplay-base: [mdns:813] mdns start bind port:5353
03-07 17:01:50.497 2954 2954 D hpplay-base: [mdns:813] mdns start bind port:5353
03-07 17:01:50.497 2954 2954 D hpplay-base: [mdns:813] mdns start bind port:5353
03-07 17:01:50.498 2954 2954 D hpplay-base: [mdns:813] mdns start bind port:5353
03-07 17:01:50.507 2954 2954 I auditd : type=1400 audit(0.0:2066): avc: granted { read } for comm="om.hht.lebocast" name="arp" dev="proc" ino=4026532256 scontext=u:r:platform_app:s0:c512,c768 tcontext=u:object_r:proc_net:s0 tclass=file app=com.hht.lebocast
03-07 17:01:50.507 2954 2954 W om.hht.lebocast: type=1400 audit(0.0:2066): avc: granted { read } for name="arp" dev="proc" ino=4026532256 scontext=u:r:platform_app:s0:c512,c768 tcontext=u:object_r:proc_net:s0 tclass=file app=com.hht.lebocast
03-07 17:01:50.507 2954 2954 I auditd : type=1400 audit(0.0:2067): avc: granted { read open } for comm="om.hht.lebocast" path="/proc/2954/net/arp" dev="proc" ino=4026532256 scontext=u:r:platform_app:s0:c512,c768 tcontext=u:object_r:proc_net:s0 tclass=file app=com.hht.lebocast
03-07 17:01:50.507 2954 2954 W om.hht.lebocast: type=1400 audit(0.0:2067): avc: granted { read open } for path="/proc/2954/net/arp" dev="proc" ino=4026532256 scontext=u:r:platform_app:s0:c512,c768 tcontext=u:object_r:proc_net:s0 tclass=file app=com.hht.lebocast
03-07 17:01:50.507 2954 2954 I auditd : type=1400 audit(0.0:2068): avc: granted { getattr } for comm="om.hht.lebocast" path="/proc/2954/net/arp" dev="proc" ino=4026532256 scontext=u:r:platform_app:s0:c512,c768 tcontext=u:object_r:proc_net:s0 tclass=file app=com.hht.lebocast
03-07 17:01:50.507 2954 2954 W om.hht.lebocast: type=1400 audit(0.0:2068): avc: granted { getattr } for path="/proc/2954/net/arp" dev="proc" ino=4026532256 scontext=u:r:platform_app:s0:c512,c768 tcontext=u:object_r:proc_net:s0 tclass=file app=com.hht.lebocast
03-07 17:01:50.498 2954 2954 I hpplay-base: [mDNSEmbeded:57] embedded_mDNSInit stopmDNSNow:0 status:0
03-07 17:01:50.499 2954 2954 D hpplay-base: [mDNSEmbeded:436] startmDNSServer end nRet=0
03-07 17:01:50.499 2954 2954 D hpplay-base: [LelinkBase:555] lelink broadcast_on_off:1 log2java_on_off:1
03-07 17:01:50.499 2954 7583 D hpplay-base: [LelinkMDNS:729] leboAuthorizationCheck strUuid=52:d6:e4:be:35:ca000000000000000
03-07 17:01:50.499 2954 7583 D hpplay-base: [LelinkMDNS:730] leboAuthorizationCheck mPermissionDid=52:d6:e4:be:35:ca000000000000000
03-07 17:01:50.499 2954 7583 D hpplay-base: [LelinkMDNS:755] leboAuthorizationCheck mPermissionMac=52:d6:e4:be:35:ca000000000000000
03-07 17:01:50.499 2954 7584 I hpplay-base: [mDNSEmbeded:268] start lelink publish server, tid is 7584
03-07 17:01:50.499 2954 2954 D hpplay-base: [AEventUtils:595] request to start event handle service!!
03-07 17:01:50.499 2954 2954 D hpplay-base: [AEventUtils:603] start_event_handle_service,begin to run!!
03-07 17:01:50.500 2954 2954 D hpplay-base: [REventUtils:210] start_event_handle_service,begin to run!!
03-07 17:01:50.500 2954 2954 D hpplay-base: [LelinkBase:576] startAllServer success .
03-07 17:01:50.500 2954 7586 D hpplay-base: [AEventUtils:171] create handle AEvent thread ok!!,tid is 7586
03-07 17:01:50.501 2954 7585 D hpplay-base: [mDNSEmbeded:197] http_port bind check 197 http_port_check
03-07 17:01:50.501 2954 2954 D hpplay-base: [jniBridge:894] startDlna_link:http://192.168.124.147:49152/description.xml
03-07 17:01:50.501 2954 7588 D hpplay-base: [jniBridge:1081] notifyJavaDlnalink:http://192.168.124.147:49152/description.xml
03-07 17:01:50.501 2954 7588 D hpplay-base: [jniBridge:1726] notifyJava, what:207, castType:0, mimeType:0 baseStatus:2
03-07 17:01:50.502 2954 7588 D hpplay-base: [jniBridge:1727] notifyJava sessionID:(null)
03-07 17:01:50.502 2954 7588 I hpplay-java: [Thread-111]:Bridge:notify: what: 207
03-07 17:01:50.502 2954 7587 D hpplay-base: [REventUtils:59] create handleREventThread thread ok!!,tid is 7587
03-07 17:01:50.503 674 7589 D resolv : GetHostByNameHandler::run: result: Success
03-07 17:01:50.503 2954 7588 I hpplay-java: [Thread-111]:Bridge:notify: out: OutParameters:{audioSessionId=-1, audiotrackIndex=0, castHandleType=-1, castType=0, deviceName='http://192.168.124.147:49152/description.xml', dlnaName='', dramaID='', extra=0, frameHandleType=-1, handleInside=true, headduration=0, header='', headers=null, isAD=false, isMultiMirror=false, lelinkVer='', limitTime=0, , mediaAlbum='null', mediaAlbumArtURI='', mediaArtist='null', mediaAssets='', mediaTitle='null', mimeType=0, multiSession=null, period=0, pinCode='', playSpeed=0.0, playerChoice=0, plugin=0, port=0, position=0.0, positionUnit=2, protocol=0, realSessionID='', regType='', , sinkIp='', sourceAPPVersion='', sourceChannel='', sourceClientInfo='', sourceDeviceInfo='', sourceDeviceModel='', sourceDeviceName='', sourceDeviceType=0, sourceHID='', , sourceInfo='', , , sourceOSVersion='', sourceSDKVersion='', sourceUid='', stopDetail=0, stopReason=0, tailduration=0, url='', urlID='', urls=null, userAgent='', videoDecoder=0, volume=0, what=207}com.hpplay.sdk.sink.protocol.OutParameters@d3407c5
03-07 17:01:50.504 2954 7588 I hpplay-java: [Thread-111]:Bridge:notify: address:14910746
03-07 17:01:50.505 2954 7585 D hpplay-base: [mDNSEmbeded:217] http_port bind check 217 http_port_check
03-07 17:01:50.505 2954 7585 D hpplay-base: [mDNSEmbeded:222] http_port bind check 222 http_port_check
03-07 17:01:50.508 2954 7585 D hpplay-base: [mDNSEmbeded:234] http_port bind check 234 http_port_check port:52266
03-07 17:01:50.508 2954 7585 D hpplay-base: [mDNSEmbeded:237] http_port bind check 237 http_port_check
03-07 17:01:50.509 2954 7590 D hpplay-base: [lelinkSinkServer:93] new client connection from 127.0.0.1 47826, fd=163
03-07 17:01:50.509 2954 7590 D hpplay-base: [SinkContext:137] addSinkContextSession,begin to run!!
03-07 17:01:50.509 2954 7590 D hpplay-base: [SinkContext:142] addSinkContextSession,begin to get lock!!
03-07 17:01:50.509 2954 7590 D hpplay-base: [SinkContext:144] addSinkContextSession,get lock ok!!
03-07 17:01:50.509 2954 7590 D hpplay-base: [SinkContext:149] addSinkContextSession,session list is null,begin to malloc!!
03-07 17:01:50.509 2954 7590 D hpplay-base: [SinkContext:156] addSinkContextSession,begin to update!!
03-07 17:01:50.509 2954 7590 D hpplay-base: [SinkContext:160] addSinkContextSession,begin to update header!!
03-07 17:01:50.509 2954 7590 D hpplay-base: [SinkContext:172] addSinkContextSession,begin to unlock!!
03-07 17:01:50.509 2954 7590 D hpplay-base: [SinkContext:174] addSinkContextSession,unlock ok!!
03-07 17:01:50.509 2954 7590 D hpplay-base: [LelinkReceiver:4908] get ping !!!
03-07 17:01:50.510 2954 7585 D hpplay-base: [mDNSEmbeded:240] http_port bind check 240 http_port_check recieved:64
03-07 17:01:50.510 2954 7585 D hpplay-base: [mDNSEmbeded:243] http_port bind check 243 http_port_check
03-07 17:01:50.510 2954 7585 D hpplay-base: [mDNSEmbeded:244] http_port bind check ok!
01-02 07:16:25.197 0 0 E DTC_ETH,link_delay_work_func: 3003, SQI=0, link=0
03-07 17:01:50.679 2954 7583 D hpplay-base: [LelinkMDNS:766] devicePermissionPublic leboPermissionCheck:-2
03-07 17:01:50.679 2954 7583 D hpplay-base: [jniBridge:1125] com_hpplay_sdk_sink_protocol_Bridge_WHAT_SERVER_ERROR
03-07 17:01:50.679 2954 7583 D hpplay-base: [jniBridge:1726] notifyJava, what:204, castType:0, mimeType:0 baseStatus:2
03-07 17:01:50.679 2954 7583 D hpplay-base: [jniBridge:1727] notifyJava sessionID:(null)
03-07 17:01:50.680 2954 7583 I hpplay-java: [Thread-112]:Bridge:notify: what: 204
03-07 17:01:50.681 2954 7583 I hpplay-java: [Thread-112]:Bridge:notify: out: OutParameters:{audioSessionId=-1, audiotrackIndex=0, castHandleType=-1, castType=0, deviceName='', dlnaName='', dramaID='', extra=-2002, frameHandleType=-1, handleInside=true, headduration=0, header='', headers=null, isAD=false, isMultiMirror=false, lelinkVer='', limitTime=0, , mediaAlbum='null', mediaAlbumArtURI='', mediaArtist='null', mediaAssets='', mediaTitle='null', mimeType=0, multiSession=null, period=0, pinCode='', playSpeed=0.0, playerChoice=0, plugin=0, port=0, position=0.0, positionUnit=2, protocol=0, realSessionID='', regType='', , sinkIp='', sourceAPPVersion='', sourceChannel='', sourceClientInfo='', sourceDeviceInfo='', sourceDeviceModel='', sourceDeviceName='', sourceDeviceType=0, sourceHID='', , sourceInfo='', , , sourceOSVersion='', sourceSDKVersion='', sourceUid='', stopDetail=0, stopReason=0, tailduration=0, url='', urlID='', urls=null, userAgent='', videoDecoder=0, volume=0, what=204}com.hpplay.sdk.sink.protocol.OutParameters@f89c84b
03-07 17:01:50.681 2954 7583 I hpplay-java: [Thread-112]:Bridge:notify: address:229855784
03-07 17:01:50.682 2954 7583 I hpplay-base: [mDNSEmbeded:79] embedded_mDNSLoop stopmDNSNow:0 nPublish:-2 nExitFlag:6 tid is 7583
03-07 17:01:50.682 2954 2954 I hpplay-java: [main]:Bridge:findServiceID start out: 229855784
03-07 17:01:50.682 2954 2954 I hpplay-java: [main]:Bridge:findServiceID end
03-07 17:01:50.682 2954 2954 E hpplay-java: [main]:ServerTaskManager:onError 204/-2002 com.hht.lebocast.LelinkHelper$e@4cd859f
03-07 17:01:50.682 2954 2954 I hpplay-java: [main]:ServerTaskManager:cancelTimeOutCheck
03-07 17:01:50.683 2954 2954 W hpplay-java: [main]:ServerTaskManager:onErrorDispatcher errorCode:-2002
03-07 17:01:50.683 2954 2954 I hpplay-java: [main]:ServerTaskManager:onError retry later
03-07 17:01:50.710 2954 7590 I hpplay-base: [LelinkReceiver:14605] _connectionFinalize (163)
03-07 17:01:50.711 2954 7590 D hpplay-base: [LelinkReceiver:14752] ###connectionFinalize,release ok!!###
03-07 17:01:50.799 2954 4761 I hpplay-java: [AsyncTask #76]:HttpRequest:doGet responseCode:200 0
03-07 17:01:51.263 650 660 I mpu_uart: [MSG-P:RECV]:No message received in 1000 ms
03-07 17:01:51.999 1002 1172 D CompatibilityInfo: mCompatibilityFlags - 4
03-07 17:01:51.999 1002 1172 D CompatibilityInfo: applicationDensity - 240
03-07 17:01:52.000 1002 1172 D CompatibilityInfo: applicationScale - 1.0
03-07 17:01:52.050 4946 5128 I MicroMsg.NetSceneBase: [:5128, ]:initilized security limit count to 1
03-07 17:01:52.075 4946 4990 I MicroMsg.NetSceneBase: [:4990, ]:initilized security limit count to 1
03-07 17:01:52.197 5157 6169 I mars::stn: [longlink_connect_monitor.cc:470, OnHeartbeatAlarmSet]:longlink_progress on_heartbeat_set, time: 795656, time interval:210000
03-07 17:01:52.264 650 660 I mpu_uart: [MSG-P:RECV]:No message received in 1000 ms
03-07 17:01:52.476 650 659 I mpu_uart: [MSG-P:R]:recv sync frame timeout
03-07 17:01:52.840 4946 5155 I ThreadPool.Execute: [:5155, ]:<<< com.tencent.mm.chatroom.e.q$2@197681667 state=COMPLETE cost=131ms/78ms HotPool start@=1678179712839ms delay=99ms run@=0
03-07 17:01:52.900 4946 5155 I ThreadPool.Execute: [:5155, ]:<<< com.tencent.mm.chatroom.e.q$1@123497661 state=COMPLETE cost=60ms/42ms HotPool start@=1678179712899ms delay=99ms run@=0
03-07 17:01:53.074 4946 5145 I ThreadPool.Execute: [:5145, ]:<<< com.tencent.mm.chatroom.e.q$2@197681667 state=COMPLETE cost=130ms/80ms HotPool start@=1678179713072ms delay=97ms run@=0
03-07 17:01:53.123 4946 5145 I ThreadPool.Execute: [:5145, ]:<<< com.tencent.mm.chatroom.e.q$1@123497661 state=COMPLETE cost=49ms/41ms HotPool start@=1678179713123ms delay=99ms run@=0
03-07 17:01:53.265 650 660 I mpu_uart: [MSG-P:RECV]:No message received in 1000 ms
03-07 17:01:53.683 2954 2954 I hpplay-java: [main]:ServerTaskManager:restart by error
03-07 17:01:53.684 2954 2954 I hpplay-java: [main]:ServerTaskManager:startServer
03-07 17:01:53.684 2954 2954 I hpplay-java: [main]:ServerTaskManager:startServer add, reason: server is starting or running
03-07 17:01:53.684 2954 2954 I hpplay-java: [main]:ServerTaskManager:addStopTask
03-07 17:01:53.684 2954 2954 I hpplay-java: [main]:ServerTaskManager:addStartTask
03-07 17:01:53.684 2954 2954 I hpplay-java: [main]:ServerTaskManager:exeTask stopServer
03-07 17:01:53.684 2954 2954 I hpplay-java: [main]:Bridge:stopServer keepPush: false
03-07 17:01:53.685 2954 2954 D hpplay-base: [jniBridge:909] Bridge__1stopServer status:2
03-07 17:01:53.686 2954 2954 D hpplay-base: [LelinkBase:654] stopAllServer will start thread!
03-07 17:01:53.687 2954 7594 I hpplay-base: [mDNSEmbeded:65] embedded_mDNSExit call
03-07 17:01:53.688 2954 7586 D hpplay-base: [AEventUtils:588] handle AEvent thread end!!,tid is 7586
03-07 17:01:53.688 2954 7587 D hpplay-base: [REventUtils:197] handleREventThread thread end!!,tid is 7587
03-07 17:01:53.698 4946 5153 I ThreadPool.Execute: [:5153, ]:<<< com.tencent.mm.chatroom.e.q$2@197681667 state=COMPLETE cost=94ms/76ms HotPool start@=1678179713695ms delay=99ms run@=0
03-07 17:01:53.713 2954 7563 D hpplay-base: [Server:447] startHttpServer will END srv->serverType:0
03-07 17:01:53.714 2954 7563 D hpplay-base: [Server:646] startHttpServer cond srv_shutdown:1 connectNummber:0
03-07 17:01:53.714 2954 7563 D hpplay-base: [Server:669] startHttpServer wait cond END. srv_shutdown:1 connectNummber:0
03-07 17:01:53.714 2954 7563 D hpplay-base: [Server:457] HttpServer END, tid is 7563
03-07 17:01:53.763 4946 5154 I ThreadPool.Execute: [:5154, ]:<<< com.tencent.mm.chatroom.e.q$1@123497661 state=COMPLETE cost=64ms/41ms HotPool start@=1678179713762ms delay=99ms run@=0
03-07 17:01:53.774 2954 7564 D hpplay-base: [stream_mirror_compat:1284] mirror stream begin to exit,server fd:136,thread_id:3226730944!!
03-07 17:01:53.775 2954 7564 D hpplay-base: [stream_mirror_compat:1323] ##screen stream exit successfully!!##
03-07 17:01:54.266 650 660 I mpu_uart: [MSG-P:RECV]:No message received in 1000 ms
03-07 17:01:54.478 2954 7583 I hpplay-base: [mDNSEmbeded:140] embedded_mDNSLoop Exiting end,tid is 7583
03-07 17:01:54.478 2954 7594 D hpplay-base: [mDNSEmbeded:452] stopmDNSServer end stopmDNSNow=2, nRet=0
03-07 17:01:54.580 4946 5145 I ThreadPool.Execute: [:5145, ]:<<< com.tencent.mm.chatroom.e.q$1@158066965 state=COMPLETE cost=120ms/59ms HotPool start@=1678179714577ms delay=99ms run@=0
03-07 17:01:54.710 2954 7584 I hpplay-base: [mDNSEmbeded:376] end lelink publish server, tid is 7584
03-07 17:01:54.710 2954 7594 D hpplay-base: [mDNSEmbeded:420] stopmLelinkServer end nRet=0
03-07 17:01:54.710 2954 7594 D hpplay-base: [LelinkBase:615] lebodlna stopServerThreadFunc dlnaEnable:1
03-07 17:01:54.711 2954 7594 D hpplay-base-dlna: [lebodlna_api:49] stop DMR
03-07 17:01:54.711 2954 7594 D hpplay-base-dlna: [lebodlna_api:344] m_pRender Release
03-07 17:01:54.776 2954 7594 D hpplay-base-dlna: [UpnpDefine:867] DMRender release success
03-07 17:01:54.777 2954 7594 D hpplay-base-dlna: [lebodlna_api:352] m_pAVT Release
03-07 17:01:54.777 2954 7594 D hpplay-base-dlna: [lebodlna_api:360] m_pRCS Release
03-07 17:01:54.777 2954 7594 D hpplay-base-dlna: [lebodlna_api:365] dmrender destroydmr
03-07 17:01:55.078 2954 7594 D hpplay-base-dlna: [lebodlna-dlna_android:186] stopDLNA
03-07 17:01:55.078 2954 7594 D hpplay-base-dlna: [lebodlna-dlna_android:189] dlnaservice destroy
03-07 17:01:55.078 2954 7594 D hpplay-base-dlna: [lebodlna-dlna_android:49] dlnaservice Destroy 49 int CDlnaService::Destroy()
03-07 17:01:55.078 2954 7594 D hpplay-base-dlna: [lebodlna-dlnaframe:245] dlnaservice Destroy 245 static ERROR_TYPE IDlnaFrame::DestroyDlnaFrame(IDlnaFrame *)
03-07 17:01:55.078 2954 7594 D hpplay-base-dlna: [lebodlna-dlnaframe:179] dlnaservice Destroy 179 virtual void CDlnaFrame::Release()
03-07 17:01:55.078 2954 7594 D hpplay-base-dlna: [lebodlna-dlnaframe:190] dlnaservice Destroy 190 virtual void CDlnaFrame::Release()
03-07 17:01:55.078 2954 7594 D hpplay-base-dlna: [lebodlna-dlnaframe:192] dlnaservice Destroy 192 virtual void CDlnaFrame::Release()
03-07 17:01:55.079 2954 7594 D hpplay-base-dlna: [lebodlna-dlnaframe:247] dlnaservice Destroy 247 static ERROR_TYPE IDlnaFrame::DestroyDlnaFrame(IDlnaFrame *)
03-07 17:01:55.079 2954 7594 D hpplay-base-dlna: [lebodlna-dlnaframe:251] dlnaservice Destroy 251 static ERROR_TYPE IDlnaFrame::DestroyDlnaFrame(IDlnaFrame *)
03-07 17:01:55.085 2954 7594 E hpplay-base-dlna: upnpapi.c:655::before gminiserver ThreadPoolShutdown
03-07 17:01:55.085 2954 7594 E hpplay-base-dlna: ThreadPool.c:1047::on ThreadPoolShutdown tp->totalThreads:3
03-07 17:01:55.086 2954 7594 E hpplay-base-dlna: ThreadPool.c:1047::on ThreadPoolShutdown tp->totalThreads:2
03-07 17:01:55.087 2954 7594 E hpplay-base-dlna: ThreadPool.c:1056::after ThreadPoolShutdown
03-07 17:01:55.087 2954 7594 E hpplay-base-dlna: ThreadPool.c:1057::ThreadPoolShutdown tp->totalThreads:0
03-07 17:01:55.088 2954 7594 E hpplay-base-dlna: upnpapi.c:657::after gminiserver ThreadPoolShutdown
03-07 17:01:55.088 2954 7594 E hpplay-base-dlna: upnpapi.c:659::before grecv ThreadPoolShutdown
03-07 17:01:55.088 2954 7594 E hpplay-base-dlna: ThreadPool.c:1047::on ThreadPoolShutdown tp->totalThreads:12
03-07 17:01:55.089 2954 7594 E hpplay-base-dlna: ThreadPool.c:1047::on ThreadPoolShutdown tp->totalThreads:9
03-07 17:01:55.092 2954 7594 E hpplay-base-dlna: ThreadPool.c:1056::after ThreadPoolShutdown
03-07 17:01:55.092 2954 7594 E hpplay-base-dlna: ThreadPool.c:1057::ThreadPoolShutdown tp->totalThreads:0
03-07 17:01:55.092 2954 7594 E hpplay-base-dlna: upnpapi.c:661::after grecv ThreadPoolShutdown
03-07 17:01:55.092 2954 7594 E hpplay-base-dlna: upnpapi.c:663::before gsend ThreadPoolShutdown
03-07 17:01:55.092 2954 7594 E hpplay-base-dlna: ThreadPool.c:1047::on ThreadPoolShutdown tp->totalThreads:3
03-07 17:01:55.093 2954 7594 E hpplay-base-dlna: ThreadPool.c:1056::after ThreadPoolShutdown
03-07 17:01:55.093 2954 7594 E hpplay-base-dlna: ThreadPool.c:1057::ThreadPoolShutdown tp->totalThreads:0
03-07 17:01:55.093 2954 7594 E hpplay-base-dlna: upnpapi.c:665::after gsend ThreadPoolShutdown
03-07 17:01:55.093 2954 7594 D hpplay-base-dlna: [lebodlna-dlnaframe:253] dlnaservice Destroy 253 static ERROR_TYPE IDlnaFrame::DestroyDlnaFrame(IDlnaFrame *)
03-07 17:01:55.093 2954 7594 D hpplay-base-dlna: [lebodlna-dlna_android:51] dlnaservice Destroy 51 int CDlnaService::Destroy()
03-07 17:01:55.093 2954 7594 D hpplay-base-dlna: [lebodlna-dlna_android:194] stopDLNA end
03-07 17:01:55.267 650 660 I mpu_uart: [MSG-P:RECV]:No message received in 1000 ms
03-07 17:01:55.394 2954 7594 D hpplay-base: [stream_mirror_compat:1489] request to stop screen stream session!!
03-07 17:01:55.395 2954 7594 D hpplay-base: [AEventUtils:625] begin to stop event handle service!!
03-07 17:01:55.395 2954 7594 D hpplay-base: [AEventUtils:628] stop event handle service ok!!
03-07 17:01:55.395 2954 7594 D hpplay-base: [REventUtils:231] begin to stop report handle service!!
03-07 17:01:55.395 2954 7594 D hpplay-base: [REventUtils:234] stop report handle service ok!!
03-07 17:01:55.395 2954 7594 D hpplay-base: [lelinkSinkServer:711] HTTP Server stopSinkServer End .
03-07 17:01:55.395 2954 7594 D hpplay-base: [jniBridge:1135] notifyJavaServerStoped
03-07 17:01:55.395 2954 7594 D hpplay-base: [jniBridge:1726] notifyJava, what:202, castType:0, mimeType:0 baseStatus:4
03-07 17:01:55.396 2954 7594 D hpplay-base: [jniBridge:1727] notifyJava sessionID:(null)
03-07 17:01:55.396 2954 7594 I hpplay-java: [Thread-113]:Bridge:notify: what: 202
03-07 17:01:55.397 2954 7594 I hpplay-java: [Thread-113]:Bridge:notify: out: OutParameters:{audioSessionId=-1, audiotrackIndex=0, castHandleType=-1, castType=0, deviceName='', dlnaName='', dramaID='', extra=0, frameHandleType=-1, handleInside=true, headduration=0, header='', headers=null, isAD=false, isMultiMirror=false, lelinkVer='', limitTime=0, , mediaAlbum='null', mediaAlbumArtURI='', mediaArtist='null', mediaAssets='', mediaTitle='null', mimeType=0, multiSession=null, period=0, pinCode='', playSpeed=0.0, playerChoice=0, plugin=0, port=0, position=0.0, positionUnit=2, protocol=0, realSessionID='', regType='', , sinkIp='', sourceAPPVersion='', sourceChannel='', sourceClientInfo='', sourceDeviceInfo='', sourceDeviceModel='', sourceDeviceName='', sourceDeviceType=0, sourceHID='', , sourceInfo='', , , sourceOSVersion='', sourceSDKVersion='', sourceUid='', stopDetail=0, stopReason=0, tailduration=0, url='', urlID='', urls=null, userAgent='', videoDecoder=0, volume=0, what=202}com.hpplay.sdk.sink.protocol.OutParameters@f24d8e6
03-07 17:01:55.397 2954 7594 I hpplay-java: [Thread-113]:Bridge:notify: address:78290471
03-07 17:01:55.398 2954 7594 D hpplay-base: [LelinkBase:645] stopServerThreadFunc notifyJavaServerStoped!
03-07 17:01:55.398 2954 2954 I hpplay-java: [main]:ServerTaskManager:startTimeOutCheck
03-07 17:01:55.398 2954 2954 I hpplay-java: [main]:ServerBusiness:stopDaemonBusiness
03-07 17:01:55.398 2954 2954 I hpplay-java: [main]:SinkDataReport:logout
03-07 17:01:55.399 2954 2954 I hpplay-java: [main]:EPControl:release
03-07 17:01:55.401 2954 4760 I hpplay-java: [AsyncTask #75]:GlideCreator:clearCache clearDiskCache
03-07 17:01:55.403 2954 2954 I hpplay-java: [main]:Dispatcher:notifyAllReverseControlsStop
03-07 17:01:55.403 2954 2954 I hpplay-java: [main]:Preference:checkFeature none
03-07 17:01:55.403 2954 2954 I hpplay-java: [main]:Dispatcher:notifyAllUIControlsStop set: []
03-07 17:01:55.403 2954 2954 I hpplay-java: [main]:Bridge:findServiceID start out: 78290471
03-07 17:01:55.403 2954 2954 I hpplay-java: [main]:Bridge:findServiceID end
03-07 17:01:55.403 2954 2954 I hpplay-java: [main]:ServerTaskManager:onStop retry:true
03-07 17:01:55.403 2954 2954 I hpplay-java: [main]:ServerTaskManager:cancelTimeOutCheck
03-07 17:01:55.404 2954 7558 W hpplay-java: NanoHTTPDServerRunnable:Communication with the client broken
03-07 17:01:55.404 2954 7558 W hpplay-java: java.net.SocketException: Socket closed
03-07 17:01:55.404 2954 7558 W hpplay-java: at java.net.PlainSocketImpl.socketAccept(PlainSocketImpl.java:213)
03-07 17:01:55.404 2954 7558 W hpplay-java: at java.net.AbstractPlainSocketImpl.accept(AbstractPlainSocketImpl.java:451)
03-07 17:01:55.404 2954 7558 W hpplay-java: at java.net.ServerSocket.implAccept(ServerSocket.java:547)
03-07 17:01:55.404 2954 7558 W hpplay-java: at java.net.ServerSocket.accept(ServerSocket.java:515)
03-07 17:01:55.404 2954 7558 W hpplay-java: at com.hpplay.nanohttpd.protocols.http.ServerRunnable.run(SourceFile:118)
03-07 17:01:55.404 2954 7558 W hpplay-java: at java.lang.Thread.run(Thread.java:920)
03-07 17:01:55.404 2954 7558 I hpplay-java: NanoHTTPDNanoHTTPD:server is stoped
03-07 17:01:55.404 2954 7558 I hpplay-java: NanoHTTPDNanoHTTPD:clear obj
03-07 17:01:55.404 2954 2954 I hpplay-java: [main]:IPManager:getActiveNets type: WIFI
03-07 17:01:55.405 2954 2954 I hpplay-java: [main]:IPManager:getActiveNets eth0:false wifi:true mobile:false ap:false
03-07 17:01:55.405 2954 2954 I hpplay-java: [main]:IPManager:getIPAddress IP_WLAN0
03-07 17:01:55.413 674 7603 D resolv : GetAddrInfoHandler::run: {100 262244 100 983140 10086 0}
03-07 17:01:55.413 2954 2954 I hpplay-java: [main]:IPManager:updateIPAddress getIPAddress: 192.168.4.16 name:vlan4
03-07 17:01:55.413 2954 2954 I hpplay-java: [main]:IPManager:updateIPAddress getIPAddress: 192.168.124.147 name:wlan0
03-07 17:01:55.413 674 7603 D resolv : resolv_getaddrinfo: explore_fqdn(): ai_family=0 ai_socktype=1 ai_protocol=6
03-07 17:01:55.413 2954 2954 I hpplay-java: [main]:IPManager:updateIPAddress getIPAddress: 192.168.8.16 name:vlan8
03-07 17:01:55.414 2954 2954 I hpplay-java: [main]:IPManager:updateIPAddress getIPAddress: 192.168.11.16 name:vlan11
03-07 17:01:55.414 2954 2954 I hpplay-java: [main]:IPManager:updateIPAddress getIPAddress: 192.168.0.16 name:vlan0
03-07 17:01:55.414 2954 2954 I hpplay-java: [main]:IPManager:updateIPAddress getIPAddress: 192.168.2.16 name:vlan2
03-07 17:01:55.414 2954 2954 I hpplay-java: [main]:IPManager:updateIPAddress getIPAddress: 192.168.1.16 name:vlan1
03-07 17:01:55.415 2954 2954 I hpplay-java: [main]:ServerTaskManager:exeTask startServer
03-07 17:01:55.415 2954 2954 I hpplay-java: [main]:ServerTaskManager:startTimeOutCheck
03-07 17:01:55.416 2954 4690 I hpplay-java: [AsyncTask #56]:ServerBusiness:startDaemonBusiness
03-07 17:01:55.416 674 7604 D resolv : doQuery: (1, 1)
03-07 17:01:55.416 674 7604 D resolv : res_nmkquery: (QUERY, IN, A)
03-07 17:01:55.416 674 7604 D resolv : res_nsend
03-07 17:01:55.416 674 7604 I resolv : resolv_cache_lookup: lookup
03-07 17:01:55.416 2954 4690 I hpplay-java: [AsyncTask #56]:TimeOutCheckUtil:addTask id:upgrade
03-07 17:01:55.416 674 7604 I resolv : resolv_cache_lookup: FOUND IN CACHE entry=0xb400006fee656420
03-07 17:01:55.416 674 7604 D resolv : doQuery: rcode=0, ancount=1
03-07 17:01:55.416 2954 4690 I hpplay-java: [AsyncTask #56]:TimeOutCheckUtil:addTask id:ijkupgrade
03-07 17:01:55.417 2954 4650 I hpplay-java: [AsyncTask #51]:Bridge:assembleInParameters
03-07 17:01:55.417 674 7603 I ResolverController: No valid NAT64 prefix (100, /0)
03-07 17:01:55.418 2954 4650 I hpplay-java: [AsyncTask #51]:Bridge:createDeviceId deviceId:YjQ6NGU6Mzg6M2Y6YWM6ZjE=
03-07 17:01:55.419 2954 4650 I hpplay-java: [AsyncTask #51]:IPManager:getActiveNets type: WIFI
03-07 17:01:55.419 2954 4650 I hpplay-java: [AsyncTask #51]:IPManager:getActiveNets eth0:false wifi:true mobile:false ap:false
03-07 17:01:55.419 2954 4650 I hpplay-java: [AsyncTask #51]:IPManager:getIPAddress IP_WLAN0
03-07 17:01:55.419 2954 4650 I hpplay-java: [AsyncTask #51]:Preference:checkFeature none
03-07 17:01:55.419 2954 4650 I hpplay-java: [AsyncTask #51]:SWI:dlna tip
03-07 17:01:55.419 2954 4650 I hpplay-java: [AsyncTask #51]:SWI:lefp tip
03-07 17:01:55.419 2954 4650 I hpplay-java: [AsyncTask #51]:Bridge:assembleInParameters none alias name use device name: 高合娱乐副屏
03-07 17:01:55.419 2954 4650 I hpplay-java: [AsyncTask #51]:Feature:isSendAdvertisement
03-07 17:01:55.419 2954 4650 I hpplay-java: [AsyncTask #51]:Preference:checkFeature none
03-07 17:01:55.420 2954 7605 I hpplay-java: NanoHTTPDNanoHTTPD:server is started
03-07 17:01:55.420 2954 4650 I hpplay-java: [AsyncTask #51]:Preference:checkFeature none
03-07 17:01:55.420 2954 4650 I hpplay-java: [AsyncTask #51]:Bridge:backupHpplayDat bakPath:
03-07 17:01:55.420 2954 4650 I hpplay-java: [AsyncTask #51]:Bridge:path:/data/user/0/com.hht.lebocast/files/hpplay/file/happyplay.dat
03-07 17:01:55.420 2954 4650 I hpplay-java: [AsyncTask #51]:Bridge:mAppId:21409
03-07 17:01:55.420 2954 4650 I hpplay-java: [AsyncTask #51]:Bridge:mode:3
03-07 17:01:55.420 2954 4650 I hpplay-java: [AsyncTask #51]:Bridge:type:1
03-07 17:01:55.420 2954 4650 I hpplay-java: [AsyncTask #51]:Bridge:SN:
03-07 17:01:55.420 2954 4650 I hpplay-java: [AsyncTask #51]:Preference:checkFeature none
03-07 17:01:55.420 2954 4650 I hpplay-java: [AsyncTask #51]:Bridge:backPath:
03-07 17:01:55.420 2954 4650 I hpplay-java: [AsyncTask #51]:DeviceUtil:getPermissionDid: 1
03-07 17:01:55.420 2954 4650 I hpplay-java: [AsyncTask #51]:DeviceUtil:getPermissionDid: 1
03-07 17:01:55.421 2954 4650 I hpplay-java: [AsyncTask #51]:Preference:checkFeature none
03-07 17:01:55.421 2954 4650 I hpplay-java: [AsyncTask #51]:Preference:checkFeature none
03-07 17:01:55.421 2954 4650 I hpplay-java: [AsyncTask #51]:Preference:checkFeature none
03-07 17:01:55.421 2954 4650 I hpplay-java: [AsyncTask #51]:Preference:checkFeature none
03-07 17:01:55.421 2954 4650 I hpplay-java: [AsyncTask #51]:Preference:checkFeature none
03-07 17:01:55.429 2954 4690 W hpplay-java: [AsyncTask #56]:ServerBusiness:startDaemonBusiness start LelinkHTTPD sucess 52288
03-07 17:01:55.431 2954 2954 I hpplay-java: [main]:ServerBusiness:get deviceCode:2411597595
03-07 17:01:55.460 2954 4650 W hpplay-java: [AsyncTask #51]:DeviceUtils:getDomain create lb domain
03-07 17:01:55.462 2954 4650 I hpplay-java: [AsyncTask #51]:Feature:getMirrorAudioVideoSync DISABLE
03-07 17:01:55.462 2954 4650 I hpplay-java: [AsyncTask #51]:Feature:checkSupportRedirectOtherApp,no set redirect api
03-07 17:01:55.462 2954 4650 I hpplay-java: [AsyncTask #51]:Feature:getRedirectSearchFlag,value: 0
03-07 17:01:55.463 2954 4650 I hpplay-java: [AsyncTask #51]:Bridge:mIn: InParameters{appInfo='0', appKey='21409', authMode=0, authPwd='null', broadcastDirection=0, broadcastState=1, broadcastTimeout=3, buildType='release', cacheAVPath='/data/user/0/com.hht.lebocast/cache/hpplay/av', cachePhotoPath='/data/user/0/com.hht.lebocast/cache/hpplay/image', channel='LEBO-APK--60146-25915', desPath='', , deviceName='高合娱乐副屏', dlna=1, dlnaCompany='Microsoft Corporation', dlnaCompanyURL='http://www.microsoft.com', dlnaDeviceDescribe='Media Renderer', dlnaDeviceName='Windows Media Player', dlnaDeviceURL='http://go.microsoft.com/fwlink/Linkld=105927', dlnaLelinkSwitch=1, dlnaManufacturer=0, dlnaName='高合娱乐副屏', dlnaUPC='', dlnaUUID='76f343f4-1e9e-4f94-b881-107214632d37', domain='Lebo-figure-52d6e4be35ca', drainage=0, feature='6655', fps=60, height=1080, host='null', , keyPath='/data/user/0/com.hht.lebocast/files/hpplay/file', lelinkfp=1, lelinkfp2=0, logBaseState=1, logPath='/storage/emulated/0/com.hht.lebocast/sink/sdk/common', , mdnsEnable=1, mirrorSyncType=0, netCastVer='2.0', packageName='com.hht.lebocast', packagePath='/data/user/0/com.hht.lebocast', permissionDid='52:d6:e4:be:35:ca', permissionMode=3, permissionPreSN='', port=0, preemptMode=0, regType='_leboremote._tcp.', serverPorts=null, sockWaitTimeOut=45, teleControlPort=53388, tunnels=3, txtKeys=null, txtValues=null, uid='1278128664909382932', videoFrameType=1001, width=1920}com.hpplay.sdk.sink.protocol.InParameters@c993ed6
03-07 17:01:55.464 2954 2954 I hpplay-java: [main]:Bridge:startServer state: 0
03-07 17:01:55.464 2954 2954 D hpplay-base: [jniBridge:185] not conference version
03-07 17:01:55.464 2954 2954 I hpplay-base: [jniBridge:241] 1initServer nSettingWidth=1920 nSettingHeight=1080 nSettingMaxFPS=60 dlnaEnable=1 lelinkFpEnable=1
03-07 17:01:55.465 2954 2954 D hpplay-base: [jniBridge:283] 1initServer cfg.leLinkIp=192.168.124.147
03-07 17:01:55.465 2954 2954 D hpplay-base: [jniBridge:286] 1initServer cfg.mPermissionMode=3
03-07 17:01:55.465 2954 2954 D hpplay-base: [jniBridge:304] 1initServer cfg.permissionDid=52:d6:e4:be:35:ca000000000000000
03-07 17:01:55.465 2954 2954 D hpplay-base: [jniBridge:313] 1initServer cfg.mPermissionPreSN=00000000000000000000000000000000
03-07 17:01:55.465 2954 2954 D hpplay-base: [jniBridge:317] Bridge___1initServer status:0
03-07 17:01:55.465 2954 2954 I hpplay-base: [jniBridge:325] 1initServer cfg.feature=6655
03-07 17:01:55.465 2954 2954 D hpplay-base: [jniBridge:377] 1initServer isSendBroadCast=3
03-07 17:01:55.466 2954 2954 D hpplay-base: [jniBridge:380] 1initServer broadcastDirection=0
03-07 17:01:55.466 2954 2954 D hpplay-base: [jniBridge:382] 1initServer ipBroadcast direction=0
03-07 17:01:55.466 2954 2954 D hpplay-base: [jniBridge:387] 1initServer tunnel=3
03-07 17:01:55.466 2954 2954 D hpplay-base: [jniBridge:390] 1initServer drainage=0
03-07 17:01:55.466 2954 2954 D hpplay-base: [jniBridge:401] 1initServer mDNSEnable=1
03-07 17:01:55.466 2954 2954 D hpplay-base: [jniBridge:406] 1initServer nSockWaitTimeOut=45
03-07 17:01:55.466 2954 2954 D hpplay-base: [jniBridge:410] 1initServer nMirrorAudioVideoSync=0
