03-07 17:01:59.129 6457 6457 I chromium: [INFO:CONSOLE(1)] "[wechatSearch preloadSearchWeapp] [version 80010107] [scene -1] [isHomePage 1] [type 0] {"preloadEnv":true,"fakeNative":true,"userName":"gh_8e88e2b28133@app","appId":"wxdb2453762cc14cf3"}", source: file:///data/user/0/com.tencent.mm/files/public/websearch/template/dist/build.ebf8d2976363fea866902fdf74e933bb.js?t=1677843900162 (1)
03-07 17:01:59.141 6457 6457 I chromium: [INFO:CONSOLE(1)] "[wechatSearch reportSearchStatistics] [version 80010107] [scene -1] [isHomePage 1] [type 0] {"logId":14904,"logString":"420,-1,-1_2652358363_1678179716679,-1_2652358363_1678179716679,,0,1,,1678179719139,wifi,0,,0,0,80010107,1,0,file%3A%2F%2F%2Fdata%2Fuser%2F0%2Fcom.tencent.mm%2Ffiles%2Fpublic%2Fwebsearch%2Ftemplate%2Fapp.html%3FisHomePage%3D1%26netType%3Dwifi%26inputMarginTop%3D32%26isOpenPreload%3D1%26isPreload%3D1%26fontRatio%3D1.0%26sessionId%3D-1_2652358363_1678179716679%26type%3D0%26version%3D80010107%26platform%3Dandroid%26scene%3D-1%26inputHeight%3D48%26inputMarginLeftRight%3D24%26lang%3Dzh_CN%26subSessionId%3D-1_2652358363_1678179716679%26wechatVersion%3D671094839,Mozilla%2F5.0%20(Linux%3B%20Android%2012%3B%20figure%20Build%2FSKQ1.220201.001%3B%20wv)%20AppleWebKit%2F537.36%20(KHTML%2C%20like%20Gecko)%20Version%2F4.0%20Chrome%2F95.0.4638.74%20Safari%2F537.36%20MMWEBID%2F5732%20MicroMessenger%2F8.0.24.2180(0x28001837)%20WeChat%2Farm64%20Weixin%20Android%20Tablet%20NetType%2FWIFI%20Language%2Fzh_CN%20ABI%2Farm64"}", source: file:///data/user/0/com.tencent.mm/files/public/websearch/template/dist/build.ebf8d2976363fea866902fdf74e933bb.js?t=1677843900162 (1)
03-07 17:01:59.225 6457 6457 I chromium: [INFO:CONSOLE(1)] "[wechatSearch reportSearchStatistics] [version 80010107] [scene -1] [isHomePage 1] [type 0] {"logId":26096,"logString":"-1,-1_2652358363_1678179716679,,,80010107,wifi,1678179719142,unified-account/unified-account,81,286993,1,,1,66-19-unified-account.css;17004|19-unified-account.bundle.js;62811|19-unified-account.bundle.js.map;207178,207178"}", source: file:///data/user/0/com.tencent.mm/files/public/websearch/template/dist/build.ebf8d2976363fea866902fdf74e933bb.js?t=1677843900162 (1)
03-07 17:01:59.268 650 660 I mpu_uart: [MSG-P:RECV]:No message received in 1000 ms
03-07 17:01:59.391 6457 6457 I chromium: [INFO:CONSOLE(1)] "[wechatSearch reportSearchStatistics] [version 80010107] [scene -1] [isHomePage 1] [type 0] {"logId":26096,"logString":"-1,-1_2652358363_1678179716679,,,80010107,wifi,1678179719228,mixed-box/mixed-box,154,434028,1,,1,9-5-little-game.css;8346|5-little-game.bundle.js;16735|5-little-game.bundle.js.map;58850|5-0-auction-zone.css;14332|0-auction-zone.bundle.js;34325|0-auction-zone.bundle.js.map;138370|303-39-index~83-mixed-box.css;15105|39-index~83-mixed-box.bundle.js;29506|39-index~83-mixed-box.bundle.js.map;109198|272-83-mixed-box.css;539|83-mixed-box.bundle.js;1613|83-mixed-box.bundle.js.map;7109,138370"}", source: file:///data/user/0/com.tencent.mm/files/public/websearch/template/dist/build.ebf8d2976363fea866902fdf74e933bb.js?t=1677843900162 (1)
03-07 17:01:59.408 6457 6457 I chromium: [INFO:CONSOLE(1)] "[wechatSearch reportSearchStatistics] [version 80010107] [scene -1] [isHomePage 1] [type 0] {"logId":26096,"logString":"-1,-1_2652358363_1678179716679,,,80010107,wifi,1678179719396,auction-zone/auction-zone,1,270958,1,,1,9-5-little-game.css;8346|5-little-game.bundle.js;16735|5-little-game.bundle.js.map;58850|5-0-auction-zone.css;14332|0-auction-zone.bundle.js;34325|0-auction-zone.bundle.js.map;138370,138370"}", source: file:///data/user/0/com.tencent.mm/files/public/websearch/template/dist/build.ebf8d2976363fea866902fdf74e933bb.js?t=1677843900162 (1)
03-07 17:01:59.422 6457 6457 I chromium: [INFO:CONSOLE(1)] "[wechatSearch reportSearchStatistics] [version 80010107] [scene -1] [isHomePage 1] [type 0] {"logId":26096,"logString":"-1,-1_2652358363_1678179716679,,,80010107,wifi,1678179719412,block-title/block-title,1,0,1,,1,,0"}", source: file:///data/user/0/com.tencent.mm/files/public/websearch/template/dist/build.ebf8d2976363fea866902fdf74e933bb.js?t=1677843900162 (1)
03-07 17:01:59.529 6457 6457 I chromium: [INFO:CONSOLE(1)] "[wechatSearch reportSearchStatistics] [version 80010107] [scene -1] [isHomePage 1] [type 0] {"logId":26096,"logString":"-1,-1_2652358363_1678179716679,,,80010107,wifi,1678179719432,moment/moment,95,130313,1,,1,26-11-moment.css;13328|11-moment.bundle.js;23135|11-moment.bundle.js.map;93850,93850"}", source: file:///data/user/0/com.tencent.mm/files/public/websearch/template/dist/build.ebf8d2976363fea866902fdf74e933bb.js?t=1677843900162 (1)
03-07 17:01:59.538 2954 7623 I hpplay-base: [mDNSEmbeded:140] embedded_mDNSLoop Exiting end,tid is 7623
03-07 17:01:59.539 2954 7704 D hpplay-base: [mDNSEmbeded:452] stopmDNSServer end stopmDNSNow=2, nRet=0
03-07 17:01:59.641 6457 6457 I chromium: [INFO:CONSOLE(1)] "[wechatSearch reportSearchStatistics] [version 80010107] [scene -1] [isHomePage 1] [type 0] {"logId":26096,"logString":"-1,-1_2652358363_1678179716679,,,80010107,wifi,1678179719540,article/article,97,123548,1,,1,250-47-article~6-specificQa.css;5391|47-article~6-specificQa.bundle.js;11188|47-article~6-specificQa.bundle.js.map;46627|191-47-article.css;4541|47-article.bundle.js;12033|47-article.bundle.js.map;43768,46627"}", source: file:///data/user/0/com.tencent.mm/files/public/websearch/template/dist/build.ebf8d2976363fea866902fdf74e933bb.js?t=1677843900162 (1)
03-07 17:01:59.737 6457 6457 I chromium: [INFO:CONSOLE(1)] "[wechatSearch reportSearchStatistics] [version 80010107] [scene -1] [isHomePage 1] [type 0] {"logId":26096,"logString":"-1,-1_2652358363_1678179716679,,,80010107,wifi,1678179719646,news-hot/ver-slide,87,164443,1,,1,316-10-blur-ver-slide-one~14-cards~49-slide-video~6-hor-slide-one~7-ver-slide~9-service-slide.css;9727|10-blur-ver-slide-one~14-cards~49-slide-video~6-hor-slide-one~7-ver-slide~9-service-slide.bundle.js;21980|10-blur-ver-slide-one~14-cards~49-slide-video~6-hor-slide-one~7-ver-slide~9-service-slide.bundle.js.map;84003|224-7-ver-slide.css;1431|7-ver-slide.bundle.js;10480|7-ver-slide.bundle.js.map;36822,84003"}", source: file:///data/user/0/com.tencent.mm/files/public/websearch/template/dist/build.ebf8d2976363fea866902fdf74e933bb.js?t=1677843900162 (1)
03-07 17:01:59.765 2954 7624 I hpplay-base: [mDNSEmbeded:376] end lelink publish server, tid is 7624
03-07 17:01:59.766 2954 7704 D hpplay-base: [mDNSEmbeded:420] stopmLelinkServer end nRet=0
03-07 17:01:59.766 2954 7704 D hpplay-base: [LelinkBase:615] lebodlna stopServerThreadFunc dlnaEnable:1
03-07 17:01:59.766 2954 7704 D hpplay-base-dlna: [lebodlna_api:49] stop DMR
03-07 17:01:59.766 2954 7704 D hpplay-base-dlna: [lebodlna_api:344] m_pRender Release
03-07 17:01:59.775 6457 6457 I chromium: [INFO:CONSOLE(1)] "[wechatSearch reportSearchStatistics] [version 80010107] [scene -1] [isHomePage 1] [type 0] {"logId":26096,"logString":"-1,-1_2652358363_1678179716679,,,80010107,wifi,1678179719738,news-hot/title-hd,30,34932,1,,1,14-0-title-hd.css;5443|0-title-hd.bundle.js;5818|0-title-hd.bundle.js.map;23671,23671"}", source: file:///data/user/0/com.tencent.mm/files/public/websearch/template/dist/build.ebf8d2976363fea866902fdf74e933bb.js?t=1677843900162 (1)
03-07 17:01:59.833 2954 7704 D hpplay-base-dlna: [UpnpDefine:867] DMRender release success
03-07 17:01:59.833 2954 7704 D hpplay-base-dlna: [lebodlna_api:352] m_pAVT Release
03-07 17:01:59.834 2954 7704 D hpplay-base-dlna: [lebodlna_api:360] m_pRCS Release
03-07 17:01:59.834 2954 7704 D hpplay-base-dlna: [lebodlna_api:365] dmrender destroydmr
03-07 17:01:59.836 6457 6457 I chromium: [INFO:CONSOLE(1)] "[wechatSearch reportSearchStatistics] [version 80010107] [scene -1] [isHomePage 1] [type 0] {"logId":26096,"logString":"-1,-1_2652358363_1678179716679,,,80010107,wifi,1678179719777,hd/hd,56,32385,1,,1,94-24-hd.css;3398|24-hd.bundle.js;6712|24-hd.bundle.js.map;22275,22275"}", source: file:///data/user/0/com.tencent.mm/files/public/websearch/template/dist/build.ebf8d2976363fea866902fdf74e933bb.js?t=1677843900162 (1)
03-07 17:01:59.892 6457 6457 I chromium: [INFO:CONSOLE(1)] "[wechatSearch reportSearchStatistics] [version 80010107] [scene -1] [isHomePage 1] [type 0] {"logId":26096,"logString":"-1,-1_2652358363_1678179716679,,,80010107,wifi,1678179719843,stickers-single/stickersSingle,41,16962,1,,1,110-27-stickersSingle.css;1318|27-stickersSingle.bundle.js;3087|27-stickersSingle.bundle.js.map;12557,12557"}", source: file:///data/user/0/com.tencent.mm/files/public/websearch/template/dist/build.ebf8d2976363fea866902fdf74e933bb.js?t=1677843900162 (1)
03-07 17:01:59.893 6457 6457 I chromium: [INFO:CONSOLE(1)] "[wechatSearch reportSearchStatistics] [version 80010107] [scene -1] [isHomePage 1] [type 0] {"logId":26096,"logString":"-1,-1_2652358363_1678179716679,,,80010107,wifi,1678179719891,little-game/little-game,0,83931,1,,1,9-5-little-game.css;8346|5-little-game.bundle.js;16735|5-little-game.bundle.js.map;58850,58850"}", source: file:///data/user/0/com.tencent.mm/files/public/websearch/template/dist/build.ebf8d2976363fea866902fdf74e933bb.js?t=1677843900162 (1)
03-07 17:01:59.947 6457 6457 I chromium: [INFO:CONSOLE(1)] "[wechatSearch reportSearchStatistics] [version 80010107] [scene -1] [isHomePage 1] [type 0] {"logId":26096,"logString":"-1,-1_2652358363_1678179716679,,,80010107,wifi,1678179719907,cards/cards,39,217834,1,,1,316-10-blur-ver-slide-one~14-cards~49-slide-video~6-hor-slide-one~7-ver-slide~9-service-slide.css;9727|10-blur-ver-slide-one~14-cards~49-slide-video~6-hor-slide-one~7-ver-slide~9-service-slide.bundle.js;21980|10-blur-ver-slide-one~14-cards~49-slide-video~6-hor-slide-one~7-ver-slide~9-service-slide.bundle.js.map;84003|40-14-cards.css;6459|14-cards.bundle.js;19830|14-cards.bundle.js.map;75835,84003"}", source: file:///data/user/0/com.tencent.mm/files/public/websearch/template/dist/build.ebf8d2976363fea866902fdf74e933bb.js?t=1677843900162 (1)
03-07 17:02:00.004 1983 1983 D KeyguardUpdateMonitor: received broadcast android.intent.action.TIME_TICK
03-07 17:02:00.005 1983 1983 D KeyguardUpdateMonitor: handleTimeUpdate
03-07 17:02:00.013 6457 6457 I chromium: [INFO:CONSOLE(1)] "[wechatSearch reportSearchStatistics] [version 80010107] [scene -1] [isHomePage 1] [type 0] {"logId":26096,"logString":"-1,-1_2652358363_1678179716679,,,80010107,wifi,1678179719954,stickers-all/stickers-all,57,26226,1,,1,105-26-stickers-all.css;902|26-stickers-all.bundle.js;4004|26-stickers-all.bundle.js.map;21320,21320"}", source: file:///data/user/0/com.tencent.mm/files/public/websearch/template/dist/build.ebf8d2976363fea866902fdf74e933bb.js?t=1677843900162 (1)
03-07 17:02:00.078 6457 6457 I chromium: [INFO:CONSOLE(1)] "[wechatSearch reportSearchStatistics] [version 80010107] [scene -1] [isHomePage 1] [type 0] {"logId":26096,"logString":"-1,-1_2652358363_1678179716679,,,80010107,wifi,1678179720028,music/music,49,30887,1,,1,43-14-music.css;1802|14-music.bundle.js;6890|14-music.bundle.js.map;22195,22195"}", source: file:///data/user/0/com.tencent.mm/files/public/websearch/template/dist/build.ebf8d2976363fea866902fdf74e933bb.js?t=1677843900162 (1)
03-07 17:02:00.131 6457 6457 I chromium: [INFO:CONSOLE(1)] "[wechatSearch reportSearchStatistics] [version 80010107] [scene -1] [isHomePage 1] [type 0] {"logId":26096,"logString":"-1,-1_2652358363_1678179716679,,,80010107,wifi,1678179720092,block/zone-header,38,59198,1,,1,219-66-zone-header.css;6454|66-zone-header.bundle.js;11197|66-zone-header.bundle.js.map;41547,41547"}", source: file:///data/user/0/com.tencent.mm/files/public/websearch/template/dist/build.ebf8d2976363fea866902fdf74e933bb.js?t=1677843900162 (1)
03-07 17:02:00.134 2954 7704 D hpplay-base-dlna: [lebodlna-dlna_android:186] stopDLNA
03-07 17:02:00.135 2954 7704 D hpplay-base-dlna: [lebodlna-dlna_android:189] dlnaservice destroy
03-07 17:02:00.135 2954 7704 D hpplay-base-dlna: [lebodlna-dlna_android:49] dlnaservice Destroy 49 int CDlnaService::Destroy()
03-07 17:02:00.135 2954 7704 D hpplay-base-dlna: [lebodlna-dlnaframe:245] dlnaservice Destroy 245 static ERROR_TYPE IDlnaFrame::DestroyDlnaFrame(IDlnaFrame *)
03-07 17:02:00.135 2954 7704 D hpplay-base-dlna: [lebodlna-dlnaframe:179] dlnaservice Destroy 179 virtual void CDlnaFrame::Release()
03-07 17:02:00.135 2954 7704 D hpplay-base-dlna: [lebodlna-dlnaframe:190] dlnaservice Destroy 190 virtual void CDlnaFrame::Release()
03-07 17:02:00.135 2954 7704 D hpplay-base-dlna: [lebodlna-dlnaframe:192] dlnaservice Destroy 192 virtual void CDlnaFrame::Release()
03-07 17:02:00.135 2954 7704 D hpplay-base-dlna: [lebodlna-dlnaframe:247] dlnaservice Destroy 247 static ERROR_TYPE IDlnaFrame::DestroyDlnaFrame(IDlnaFrame *)
03-07 17:02:00.135 2954 7704 D hpplay-base-dlna: [lebodlna-dlnaframe:251] dlnaservice Destroy 251 static ERROR_TYPE IDlnaFrame::DestroyDlnaFrame(IDlnaFrame *)
03-07 17:02:00.138 1002 1172 D CompatibilityInfo: mCompatibilityFlags - 4
03-07 17:02:00.138 1002 1172 D CompatibilityInfo: applicationDensity - 240
03-07 17:02:00.138 1002 1172 D CompatibilityInfo: applicationScale - 1.0
03-07 17:02:00.185 6457 6457 I chromium: [INFO:CONSOLE(1)] "[wechatSearch reportSearchStatistics] [version 80010107] [scene -1] [isHomePage 1] [type 0] {"logId":26096,"logString":"-1,-1_2652358363_1678179716679,,,80010107,wifi,1678179720138,block/goods-header,42,52662,1,,1,258-71-goods-header.css;5354|71-goods-header.bundle.js;9993|71-goods-header.bundle.js.map;37315,37315"}", source: file:///data/user/0/com.tencent.mm/files/public/websearch/template/dist/build.ebf8d2976363fea866902fdf74e933bb.js?t=1677843900162 (1)
03-07 17:02:00.260 6457 6457 I chromium: [INFO:CONSOLE(1)] "[wechatSearch reportSearchStatistics] [version 80010107] [scene -1] [isHomePage 1] [type 0] {"logId":26096,"logString":"-1,-1_2652358363_1678179716679,,,80010107,wifi,1678179720190,block/goods-info,68,15499,1,,1,259-72-goods-info.css;1608|72-goods-info.bundle.js;2799|72-goods-info.bundle.js.map;11092,11092"}", source: file:///data/user/0/com.tencent.mm/files/public/websearch/template/dist/build.ebf8d2976363fea866902fdf74e933bb.js?t=1677843900162 (1)
03-07 17:02:00.269 650 660 I mpu_uart: [MSG-P:RECV]:No message received in 1000 ms
03-07 17:02:00.309 6457 6457 I chromium: [INFO:CONSOLE(1)] "[wechatSearch reportSearchStatistics] [version 80010107] [scene -1] [isHomePage 1] [type 0] {"logId":26096,"logString":"-1,-1_2652358363_1678179716679,,,80010107,wifi,1678179720262,block/red-pocket,39,107615,1,,1,23-10-red-pocket.css;10515|10-red-pocket.bundle.js;21140|10-red-pocket.bundle.js.map;75960,75960"}", source: file:///data/user/0/com.tencent.mm/files/public/websearch/template/dist/build.ebf8d2976363fea866902fdf74e933bb.js?t=1677843900162 (1)
03-07 17:02:00.352 6457 6457 I chromium: [INFO:CONSOLE(1)] "[wechatSearch reportSearchStatistics] [version 80010107] [scene -1] [isHomePage 1] [type 0] {"logId":26096,"logString":"-1,-1_2652358363_1678179716679,,,80010107,wifi,1678179720319,block/recommended-goods-info,32,7367,1,,1,260-73-recommended-goods-info.css;683|73-recommended-goods-info.bundle.js;1052|73-recommended-goods-info.bundle.js.map;5632,5632"}", source: file:///data/user/0/com.tencent.mm/files/public/websearch/template/dist/build.ebf8d2976363fea866902fdf74e933bb.js?t=1677843900162 (1)
03-07 17:02:00.423 6457 6457 I chromium: [INFO:CONSOLE(1)] "[wechatSearch reportSearchStatistics] [version 80010107] [scene -1] [isHomePage 1] [type 0] {"logId":26096,"logString":"-1,-1_2652358363_1678179716679,,,80010107,wifi,1678179720359,block/account-info,63,95976,1,,1,216-63-account-info.css;4181|63-account-info.bundle.js;21855|63-account-info.bundle.js.map;69940,69940"}", source: file:///data/user/0/com.tencent.mm/files/public/websearch/template/dist/build.ebf8d2976363fea866902fdf74e933bb.js?t=1677843900162 (1)
03-07 17:02:00.609 6457 6457 I chromium: [INFO:CONSOLE(1)] "[wechatSearch reportSearchStatistics] [version 80010107] [scene -1] [isHomePage 1] [type 0] {"logId":26096,"logString":"-1,-1_2652358363_1678179716679,,,80010107,wifi,1678179720436,block/activity-info,172,240990,1,,1,6-16-swiper.css;18085|16-swiper.bundle.js;48294|16-swiper.bundle.js.map;169848|217-64-activity-info.css;52|64-activity-info.bundle.js;773|64-activity-info.bundle.js.map;3938,169848"}", source: file:///data/user/0/com.tencent.mm/files/public/websearch/template/dist/build.ebf8d2976363fea866902fdf74e933bb.js?t=1677843900162 (1)
03-07 17:02:00.648 1002 1172 I am_uid_idle: 10096
03-07 17:02:00.676 6457 6457 I chromium: [INFO:CONSOLE(1)] "[wechatSearch reportSearchStatistics] [version 80010107] [scene -1] [isHomePage 1] [type 0] {"logId":26096,"logString":"-1,-1_2652358363_1678179716679,,,80010107,wifi,1678179720615,block/basic-info,56,67091,1,,1,218-65-basic-info.css;6404|65-basic-info.bundle.js;13396|65-basic-info.bundle.js.map;47291,47291"}", source: file:///data/user/0/com.tencent.mm/files/public/websearch/template/dist/build.ebf8d2976363fea866902fdf74e933bb.js?t=1677843900162 (1)
03-07 17:02:00.762 6457 6457 I chromium: [INFO:CONSOLE(1)] "[wechatSearch reportSearchStatistics] [version 80010107] [scene -1] [isHomePage 1] [type 0] {"logId":26096,"logString":"-1,-1_2652358363_1678179716679,,,80010107,wifi,1678179720693,adjust-accounts/adjust-accounts,57,41971,1,,1,45-15-adjust-accounts.css;3317|15-adjust-accounts.bundle.js;7545|15-adjust-accounts.bundle.js.map;31109,31109"}", source: file:///data/user/0/com.tencent.mm/files/public/websearch/template/dist/build.ebf8d2976363fea866902fdf74e933bb.js?t=1677843900162 (1)
03-07 17:02:00.831 6457 6457 I chromium: [INFO:CONSOLE(1)] "[wechatSearch reportSearchStatistics] [version 80010107] [scene -1] [isHomePage 1] [type 0] {"logId":26096,"logString":"-1,-1_2652358363_1678179716679,,,80010107,wifi,1678179720765,single-service/single-service,65,218294,1,,1,3-48-single-service.css;19621|48-single-service.bundle.js;43405|48-single-service.bundle.js.map;155268,155268"}", source: file:///data/user/0/com.tencent.mm/files/public/websearch/template/dist/build.ebf8d2976363fea866902fdf74e933bb.js?t=1677843900162 (1)
01-02 07:16:35.437 0 0 E DTC_ETH,link_delay_work_func: 3003, SQI=0, link=0
03-07 17:02:00.895 6457 6457 I chromium: [INFO:CONSOLE(1)] "[wechatSearch reportSearchStatistics] [version 80010107] [scene -1] [isHomePage 1] [type 0] {"logId":26096,"logString":"-1,-1_2652358363_1678179716679,,,80010107,wifi,1678179720846,multi-services/multi-services,48,12215,1,,1,160-38-multi-services.css;783|38-multi-services.bundle.js;2122|38-multi-services.bundle.js.map;9310,9310"}", source: file:///data/user/0/com.tencent.mm/files/public/websearch/template/dist/build.ebf8d2976363fea866902fdf74e933bb.js?t=1677843900162 (1)
01-02 07:16:35.497 0 0 I nf_conntrack: default automatic helper assignment has been turned off for security reasons and CT-based firewall rule not found. Use the iptables CT target to attach helpers instead.
03-07 17:02:01.138 2954 7704 E hpplay-base-dlna: upnpapi.c:655::before gminiserver ThreadPoolShutdown
03-07 17:02:01.140 2954 7704 E hpplay-base-dlna: ThreadPool.c:1047::on ThreadPoolShutdown tp->totalThreads:2
03-07 17:02:01.140 2954 7704 E hpplay-base-dlna: ThreadPool.c:1056::after ThreadPoolShutdown
03-07 17:02:01.140 2954 7704 E hpplay-base-dlna: ThreadPool.c:1057::ThreadPoolShutdown tp->totalThreads:0
03-07 17:02:01.140 2954 7704 E hpplay-base-dlna: upnpapi.c:657::after gminiserver ThreadPoolShutdown
03-07 17:02:01.140 2954 7704 E hpplay-base-dlna: upnpapi.c:659::before grecv ThreadPoolShutdown
03-07 17:02:01.141 2954 7704 E hpplay-base-dlna: ThreadPool.c:1047::on ThreadPoolShutdown tp->totalThreads:12
03-07 17:02:01.141 2954 7704 E hpplay-base-dlna: ThreadPool.c:1047::on ThreadPoolShutdown tp->totalThreads:10
03-07 17:02:01.141 2954 7704 E hpplay-base-dlna: ThreadPool.c:1047::on ThreadPoolShutdown tp->totalThreads:9
03-07 17:02:01.141 2954 7704 E hpplay-base-dlna: ThreadPool.c:1047::on ThreadPoolShutdown tp->totalThreads:8
03-07 17:02:01.142 2954 7704 E hpplay-base-dlna: ThreadPool.c:1047::on ThreadPoolShutdown tp->totalThreads:7
03-07 17:02:01.142 2954 7704 E hpplay-base-dlna: ThreadPool.c:1047::on ThreadPoolShutdown tp->totalThreads:6
03-07 17:02:01.142 2954 7704 E hpplay-base-dlna: ThreadPool.c:1047::on ThreadPoolShutdown tp->totalThreads:5
03-07 17:02:01.142 2954 7704 E hpplay-base-dlna: ThreadPool.c:1047::on ThreadPoolShutdown tp->totalThreads:2
03-07 17:02:01.142 2954 7704 E hpplay-base-dlna: ThreadPool.c:1047::on ThreadPoolShutdown tp->totalThreads:1
03-07 17:02:01.145 2954 7704 E hpplay-base-dlna: ThreadPool.c:1056::after ThreadPoolShutdown
03-07 17:02:01.145 2954 7704 E hpplay-base-dlna: ThreadPool.c:1057::ThreadPoolShutdown tp->totalThreads:0
03-07 17:02:01.145 2954 7704 E hpplay-base-dlna: upnpapi.c:661::after grecv ThreadPoolShutdown
03-07 17:02:01.146 2954 7704 E hpplay-base-dlna: upnpapi.c:663::before gsend ThreadPoolShutdown
03-07 17:02:01.146 2954 7704 E hpplay-base-dlna: ThreadPool.c:1047::on ThreadPoolShutdown tp->totalThreads:2
03-07 17:02:01.146 2954 7704 E hpplay-base-dlna: ThreadPool.c:1047::on ThreadPoolShutdown tp->totalThreads:1
03-07 17:02:01.146 2954 7704 E hpplay-base-dlna: ThreadPool.c:1056::after ThreadPoolShutdown
03-07 17:02:01.146 2954 7704 E hpplay-base-dlna: ThreadPool.c:1057::ThreadPoolShutdown tp->totalThreads:0
03-07 17:02:01.146 2954 7704 E hpplay-base-dlna: upnpapi.c:665::after gsend ThreadPoolShutdown
03-07 17:02:01.146 2954 7704 D hpplay-base-dlna: [lebodlna-dlnaframe:253] dlnaservice Destroy 253 static ERROR_TYPE IDlnaFrame::DestroyDlnaFrame(IDlnaFrame *)
03-07 17:02:01.146 2954 7704 D hpplay-base-dlna: [lebodlna-dlna_android:51] dlnaservice Destroy 51 int CDlnaService::Destroy()
03-07 17:02:01.146 2954 7704 D hpplay-base-dlna: [lebodlna-dlna_android:194] stopDLNA end
03-07 17:02:01.232 6457 6457 I chromium: [INFO:CONSOLE(1)] "[wechatSearch reportSearchStatistics] [version 80010107] [scene -1] [isHomePage 1] [type 0] {"logId":26096,"logString":"-1,-1_2652358363_1678179716679,,,80010107,wifi,1678179720898,weather/weather,333,3137933,1,,1,vendors~113-fund-curve~114-statement~61-weather.bundle.js;471026|vendors~113-fund-curve~114-statement~61-weather.bundle.js.map;2460625|vendors~113-fund-curve~61-weather.bundle.js;26880|vendors~113-fund-curve~61-weather.bundle.js.map;144170|214-61-weather.css;2888|61-weather.bundle.js;6650|61-weather.bundle.js.map;25694,2460625"}", source: file:///data/user/0/com.tencent.mm/files/public/websearch/template/dist/build.ebf8d2976363fea866902fdf74e933bb.js?t=1677843900162 (1)
03-07 17:02:01.269 650 660 I mpu_uart: [MSG-P:RECV]:No message received in 1000 ms
03-07 17:02:01.295 6457 6457 I chromium: [INFO:CONSOLE(1)] "[wechatSearch reportSearchStatistics] [version 80010107] [scene -1] [isHomePage 1] [type 0] {"logId":26096,"logString":"-1,-1_2652358363_1678179716679,,,80010107,wifi,1678179721236,calendar-superior/calendar-superior,50,151658,1,,1,30-12-calendar-superior.css;6457|12-calendar-superior.bundle.js;33648|12-calendar-superior.bundle.js.map;111553,111553"}", source: file:///data/user/0/com.tencent.mm/files/public/websearch/template/dist/build.ebf8d2976363fea866902fdf74e933bb.js?t=1677843900162 (1)
03-07 17:02:01.302 1002 1172 D CompatibilityInfo: mCompatibilityFlags - 4
03-07 17:02:01.302 1002 1172 D CompatibilityInfo: applicationDensity - 240
03-07 17:02:01.302 1002 1172 D CompatibilityInfo: applicationScale - 1.0
03-07 17:02:01.357 4946 5183 I AudioManager: In isBluetoothScoOn(), calling application: com.tencent.mm
03-07 17:02:01.358 4946 5183 I AudioManager: In isSpeakerphoneOn(), calling application: com.tencent.mm
03-07 17:02:01.386 6457 6457 I chromium: [INFO:CONSOLE(1)] "[wechatSearch reportSearchStatistics] [version 80010107] [scene -1] [isHomePage 1] [type 0] {"logId":26096,"logString":"-1,-1_2652358363_1678179716679,,,80010107,wifi,1678179721307,local-acc-pre-show/local-acc-pre-show,76,76368,1,,1,275-86-local-acc-pre-show.css;4945|86-local-acc-pre-show.bundle.js;15593|86-local-acc-pre-show.bundle.js.map;55830,55830"}", source: file:///data/user/0/com.tencent.mm/files/public/websearch/template/dist/build.ebf8d2976363fea866902fdf74e933bb.js?t=1677843900162 (1)
03-07 17:02:01.394 6457 6457 I chromium: [INFO:CONSOLE(1)] "[wechatSearch reportSearchStatistics] [version 80010107] [scene -1] [isHomePage 1] [type 0] {"logId":14904,"logString":"821,-1,-1_2652358363_1678179716679,-1_2652358363_1678179716679,,0,1,,1678179721390,wifi,0,UnifiedAccount|mixedBox|auctionZone|hd|moment|article-info|VerSlide|TitleHd|serviceHd|stickersSingle|LittleGame|cards|stickersAll|music|AdZoneHeader|AdGoodsHeader|AdGoodsInfo|AdRedPocketInfo|AdRecommendedGoodsInfo|AdAccountInfo|AdActivityInfo|AdBasicInfo|AdjustAccounts|SingleService|MultiServices|Weather|CalendarSuperior|localAccPreShow,0,0,80010107,1,0,file%3A%2F%2F%2Fdata%2Fuser%2F0%2Fcom.tencent.mm%2Ffiles%2Fpublic%2Fwebsearch%2Ftemplate%2Fapp.html%3FisHomePage%3D1%26netType%3Dwifi%26inputMarginTop%3D32%26isOpenPreload%3D1%26isPreload%3D1%26fontRatio%3D1.0%26sessionId%3D-1_2652358363_1678179716679%26type%3D0%26version%3D80010107%26platform%3Dandroid%26scene%3D-1%26inputHeight%3D48%26inputMarginLeftRight%3D24%26lang%3Dzh_CN%26subSessionId%3D-1_2652358363_1678179716679%26wechatVersion%3D671094839,Mozilla%2F5.0%20(Linux%3B%20Android%2012%3B%20figure%20Build%2FSKQ1.220201.001%3B%20wv)%20AppleWebKit%2F537.36%20(KHTML%2C%20like%20Gecko)%20Version%2F4.0%20Chrome%2F95.0.4638.74%20Safari%2F537.36%20MMWEBID%2F5732%20MicroMessenger%2F8.0.24.2180(0x28001837)%20WeChat%2Farm64%20Weixin%20Android%20Tablet%20NetType%2FWIFI%20Language%2Fzh_CN%20ABI%2Farm64"}", source: file:///data/user/0/com.tencent.mm/files/public/websearch/template/dist/build.ebf8d2976363fea866902fdf74e933bb.js?t=1677843900162 (1)
03-07 17:02:01.447 2954 7704 D hpplay-base: [stream_mirror_compat:1489] request to stop screen stream session!!
03-07 17:02:01.447 2954 7704 D hpplay-base: [AEventUtils:625] begin to stop event handle service!!
03-07 17:02:01.447 2954 7704 D hpplay-base: [AEventUtils:628] stop event handle service ok!!
03-07 17:02:01.447 2954 7704 D hpplay-base: [REventUtils:231] begin to stop report handle service!!
03-07 17:02:01.447 2954 7704 D hpplay-base: [REventUtils:234] stop report handle service ok!!
03-07 17:02:01.447 2954 7704 D hpplay-base: [lelinkSinkServer:711] HTTP Server stopSinkServer End .
03-07 17:02:01.448 2954 7704 D hpplay-base: [jniBridge:1135] notifyJavaServerStoped
03-07 17:02:01.448 2954 7704 D hpplay-base: [jniBridge:1726] notifyJava, what:202, castType:0, mimeType:0 baseStatus:4
03-07 17:02:01.448 2954 7704 D hpplay-base: [jniBridge:1727] notifyJava sessionID:(null)
03-07 17:02:01.449 2954 7704 I hpplay-java: [Thread-117]:Bridge:notify: what: 202
03-07 17:02:01.449 2954 7704 I hpplay-java: [Thread-117]:Bridge:notify: out: OutParameters:{audioSessionId=-1, audiotrackIndex=0, castHandleType=-1, castType=0, deviceName='', dlnaName='', dramaID='', extra=0, frameHandleType=-1, handleInside=true, headduration=0, header='', headers=null, isAD=false, isMultiMirror=false, lelinkVer='', limitTime=0, , mediaAlbum='null', mediaAlbumArtURI='', mediaArtist='null', mediaAssets='', mediaTitle='null', mimeType=0, multiSession=null, period=0, pinCode='', playSpeed=0.0, playerChoice=0, plugin=0, port=0, position=0.0, positionUnit=2, protocol=0, realSessionID='', regType='', , sinkIp='', sourceAPPVersion='', sourceChannel='', sourceClientInfo='', sourceDeviceInfo='', sourceDeviceModel='', sourceDeviceName='', sourceDeviceType=0, sourceHID='', , sourceInfo='', , , sourceOSVersion='', sourceSDKVersion='', sourceUid='', stopDetail=0, stopReason=0, tailduration=0, url='', urlID='', urls=null, userAgent='', videoDecoder=0, volume=0, what=202}com.hpplay.sdk.sink.protocol.OutParameters@fc796b1
03-07 17:02:01.450 2954 7704 I hpplay-java: [Thread-117]:Bridge:notify: address:97208214
03-07 17:02:01.450 2954 7704 D hpplay-base: [LelinkBase:645] stopServerThreadFunc notifyJavaServerStoped!
03-07 17:02:01.451 2954 2954 I hpplay-java: [main]:ServerTaskManager:startTimeOutCheck
03-07 17:02:01.451 2954 2954 I hpplay-java: [main]:ServerBusiness:stopDaemonBusiness
03-07 17:02:01.451 2954 2954 I hpplay-java: [main]:SinkDataReport:logout
03-07 17:02:01.452 2954 2954 I hpplay-java: [main]:EPControl:release
03-07 17:02:01.455 2954 2954 I hpplay-java: [main]:Dispatcher:notifyAllReverseControlsStop
03-07 17:02:01.455 2954 2954 I hpplay-java: [main]:Preference:checkFeature none
03-07 17:02:01.455 2954 2954 I hpplay-java: [main]:Dispatcher:notifyAllUIControlsStop set: []
03-07 17:02:01.455 2954 2954 I hpplay-java: [main]:Upgrade:upgrade not be allowed
03-07 17:02:01.456 2954 2954 I hpplay-java: [main]:Bridge:findServiceID start out: 97208214
03-07 17:02:01.456 2954 7605 W hpplay-java: NanoHTTPDServerRunnable:Communication with the client broken
03-07 17:02:01.456 2954 7605 W hpplay-java: java.net.SocketException: Socket closed
03-07 17:02:01.456 2954 7605 W hpplay-java: at java.net.PlainSocketImpl.socketAccept(PlainSocketImpl.java:213)
03-07 17:02:01.456 2954 7605 W hpplay-java: at java.net.AbstractPlainSocketImpl.accept(AbstractPlainSocketImpl.java:451)
03-07 17:02:01.456 2954 7605 W hpplay-java: at java.net.ServerSocket.implAccept(ServerSocket.java:547)
03-07 17:02:01.456 2954 7605 W hpplay-java: at java.net.ServerSocket.accept(ServerSocket.java:515)
03-07 17:02:01.456 2954 7605 W hpplay-java: at com.hpplay.nanohttpd.protocols.http.ServerRunnable.run(SourceFile:118)
03-07 17:02:01.456 2954 7605 W hpplay-java: at java.lang.Thread.run(Thread.java:920)
03-07 17:02:01.456 2954 7202 I hpplay-java: [AsyncTask #81]:GlideCreator:clearCache clearDiskCache
03-07 17:02:01.456 2954 7605 I hpplay-java: NanoHTTPDNanoHTTPD:server is stoped
03-07 17:02:01.456 674 7708 D resolv : GetAddrInfoHandler::run: {100 262244 100 983140 10086 0}
03-07 17:02:01.457 2954 7605 I hpplay-java: NanoHTTPDNanoHTTPD:clear obj
03-07 17:02:01.457 674 7708 D resolv : resolv_getaddrinfo: explore_fqdn(): ai_family=0 ai_socktype=1 ai_protocol=6
03-07 17:02:01.459 674 7709 D resolv : doQuery: (1, 1)
03-07 17:02:01.459 674 7709 D resolv : res_nmkquery: (QUERY, IN, A)
03-07 17:02:01.459 674 7709 D resolv : res_nsend
03-07 17:02:01.459 674 7709 I resolv : resolv_cache_lookup: lookup
03-07 17:02:01.459 674 7709 I resolv : resolv_cache_lookup: FOUND IN CACHE entry=0xb400006fee656420
03-07 17:02:01.460 674 7709 D resolv : doQuery: rcode=0, ancount=1
03-07 17:02:01.461 2954 2954 I hpplay-java: [main]:Bridge:findServiceID end
03-07 17:02:01.461 2954 2954 I hpplay-java: [main]:ServerTaskManager:onStop retry:true
03-07 17:02:01.461 2954 2954 I hpplay-java: [main]:ServerTaskManager:cancelTimeOutCheck
03-07 17:02:01.462 2954 2954 I hpplay-java: [main]:IPManager:getActiveNets type: WIFI
03-07 17:02:01.462 674 7708 I ResolverController: No valid NAT64 prefix (100, /0)
03-07 17:02:01.462 2954 2954 I hpplay-java: [main]:IPManager:getActiveNets eth0:false wifi:true mobile:false ap:false
03-07 17:02:01.462 2954 2954 I hpplay-java: [main]:IPManager:getIPAddress IP_WLAN0
03-07 17:02:01.469 2954 2954 I hpplay-java: [main]:IPManager:updateIPAddress getIPAddress: 192.168.4.16 name:vlan4
03-07 17:02:01.469 2954 2954 I hpplay-java: [main]:IPManager:updateIPAddress getIPAddress: 192.168.124.147 name:wlan0
03-07 17:02:01.469 2954 2954 I hpplay-java: [main]:IPManager:updateIPAddress getIPAddress: 192.168.8.16 name:vlan8
03-07 17:02:01.469 2954 2954 I hpplay-java: [main]:IPManager:updateIPAddress getIPAddress: 192.168.11.16 name:vlan11
03-07 17:02:01.469 2954 2954 I hpplay-java: [main]:IPManager:updateIPAddress getIPAddress: 192.168.0.16 name:vlan0
03-07 17:02:01.469 2954 2954 I hpplay-java: [main]:IPManager:updateIPAddress getIPAddress: 192.168.2.16 name:vlan2
03-07 17:02:01.469 2954 2954 I hpplay-java: [main]:IPManager:updateIPAddress getIPAddress: 192.168.1.16 name:vlan1
03-07 17:02:01.470 2954 2954 I hpplay-java: [main]:ServerTaskManager:exeTask startServer
03-07 17:02:01.470 2954 2954 I hpplay-java: [main]:ServerTaskManager:startTimeOutCheck
03-07 17:02:01.470 2954 4706 I hpplay-java: [AsyncTask #60]:Bridge:assembleInParameters
03-07 17:02:01.471 2954 4708 I hpplay-java: [AsyncTask #62]:ServerBusiness:startDaemonBusiness
03-07 17:02:01.471 2954 4708 I hpplay-java: [AsyncTask #62]:TimeOutCheckUtil:addTask id:upgrade
03-07 17:02:01.471 2954 4706 I hpplay-java: [AsyncTask #60]:Bridge:createDeviceId deviceId:YjQ6NGU6Mzg6M2Y6YWM6ZjE=
03-07 17:02:01.471 2954 4708 I hpplay-java: [AsyncTask #62]:TimeOutCheckUtil:addTask id:ijkupgrade
03-07 17:02:01.472 2954 4706 I hpplay-java: [AsyncTask #60]:IPManager:getActiveNets type: WIFI
03-07 17:02:01.472 2954 4706 I hpplay-java: [AsyncTask #60]:IPManager:getActiveNets eth0:false wifi:true mobile:false ap:false
03-07 17:02:01.472 2954 4706 I hpplay-java: [AsyncTask #60]:IPManager:getIPAddress IP_WLAN0
03-07 17:02:01.472 2954 4706 I hpplay-java: [AsyncTask #60]:Preference:checkFeature none
03-07 17:02:01.472 2954 4706 I hpplay-java: [AsyncTask #60]:SWI:dlna tip
03-07 17:02:01.472 2954 4706 I hpplay-java: [AsyncTask #60]:SWI:lefp tip
03-07 17:02:01.472 2954 4706 I hpplay-java: [AsyncTask #60]:Bridge:assembleInParameters none alias name use device name: 高合娱乐副屏
03-07 17:02:01.472 2954 4706 I hpplay-java: [AsyncTask #60]:Feature:isSendAdvertisement
03-07 17:02:01.472 2954 4706 I hpplay-java: [AsyncTask #60]:Preference:checkFeature none
03-07 17:02:01.473 2954 4706 I hpplay-java: [AsyncTask #60]:Preference:checkFeature none
03-07 17:02:01.473 2954 4706 I hpplay-java: [AsyncTask #60]:Bridge:backupHpplayDat bakPath:
03-07 17:02:01.473 2954 4706 I hpplay-java: [AsyncTask #60]:Bridge:path:/data/user/0/com.hht.lebocast/files/hpplay/file/happyplay.dat
03-07 17:02:01.473 2954 4706 I hpplay-java: [AsyncTask #60]:Bridge:mAppId:21409
03-07 17:02:01.473 2954 7710 I hpplay-java: NanoHTTPDNanoHTTPD:server is started
03-07 17:02:01.473 2954 4706 I hpplay-java: [AsyncTask #60]:Bridge:mode:3
03-07 17:02:01.473 2954 4706 I hpplay-java: [AsyncTask #60]:Bridge:type:1
03-07 17:02:01.473 2954 4706 I hpplay-java: [AsyncTask #60]:Bridge:SN:
03-07 17:02:01.474 2954 4706 I hpplay-java: [AsyncTask #60]:Preference:checkFeature none
03-07 17:02:01.474 2954 4706 I hpplay-java: [AsyncTask #60]:Bridge:backPath:
03-07 17:02:01.474 2954 4706 I hpplay-java: [AsyncTask #60]:DeviceUtil:getPermissionDid: 1
03-07 17:02:01.474 2954 4706 I hpplay-java: [AsyncTask #60]:DeviceUtil:getPermissionDid: 1
03-07 17:02:01.474 2954 4706 I hpplay-java: [AsyncTask #60]:Preference:checkFeature none
03-07 17:02:01.474 2954 4706 I hpplay-java: [AsyncTask #60]:Preference:checkFeature none
03-07 17:02:01.474 2954 4706 I hpplay-java: [AsyncTask #60]:Preference:checkFeature none
03-07 17:02:01.474 2954 4706 I hpplay-java: [AsyncTask #60]:Preference:checkFeature none
03-07 17:02:01.474 2954 4706 I hpplay-java: [AsyncTask #60]:Preference:checkFeature none
03-07 17:02:01.482 2954 4708 W hpplay-java: [AsyncTask #62]:ServerBusiness:startDaemonBusiness start LelinkHTTPD sucess 52288
03-07 17:02:01.484 2954 2954 I hpplay-java: [main]:ServerBusiness:get deviceCode:2411597595
03-07 17:02:01.484 650 659 I mpu_uart: [MSG-P:R]:recv sync frame timeout
03-07 17:02:01.497 2954 4706 W hpplay-java: [AsyncTask #60]:DeviceUtils:getDomain create lb domain
03-07 17:02:01.497 2954 4706 I hpplay-java: [AsyncTask #60]:Feature:getMirrorAudioVideoSync DISABLE
03-07 17:02:01.497 2954 4706 I hpplay-java: [AsyncTask #60]:Feature:checkSupportRedirectOtherApp,no set redirect api
03-07 17:02:01.497 2954 4706 I hpplay-java: [AsyncTask #60]:Feature:getRedirectSearchFlag,value: 0
03-07 17:02:01.498 2954 4706 I hpplay-java: [AsyncTask #60]:Bridge:mIn: InParameters{appInfo='0', appKey='21409', authMode=0, authPwd='null', broadcastDirection=0, broadcastState=1, broadcastTimeout=3, buildType='release', cacheAVPath='/data/user/0/com.hht.lebocast/cache/hpplay/av', cachePhotoPath='/data/user/0/com.hht.lebocast/cache/hpplay/image', channel='LEBO-APK--60146-25915', desPath='', , deviceName='高合娱乐副屏', dlna=1, dlnaCompany='Microsoft Corporation', dlnaCompanyURL='http://www.microsoft.com', dlnaDeviceDescribe='Media Renderer', dlnaDeviceName='Windows Media Player', dlnaDeviceURL='http://go.microsoft.com/fwlink/Linkld=105927', dlnaLelinkSwitch=1, dlnaManufacturer=0, dlnaName='高合娱乐副屏', dlnaUPC='', dlnaUUID='76f343f4-1e9e-4f94-b881-107214632d37', domain='Lebo-figure-52d6e4be35ca', drainage=0, feature='6655', fps=60, height=1080, host='null', , keyPath='/data/user/0/com.hht.lebocast/files/hpplay/file', lelinkfp=1, lelinkfp2=0, logBaseState=1, logPath='/storage/emulated/0/com.hht.lebocast/sink/sdk/common', , mdnsEnable=1, mirrorSyncType=0, netCastVer='2.0', packageName='com.hht.lebocast', packagePath='/data/user/0/com.hht.lebocast', permissionDid='52:d6:e4:be:35:ca', permissionMode=3, permissionPreSN='', port=0, preemptMode=0, regType='_leboremote._tcp.', serverPorts=null, sockWaitTimeOut=45, teleControlPort=53388, tunnels=3, txtKeys=null, txtValues=null, uid='1278128664909382932', videoFrameType=1001, width=1920}com.hpplay.sdk.sink.protocol.InParameters@c993ed6
03-07 17:02:01.498 2954 2954 I hpplay-java: [main]:Bridge:startServer state: 0
03-07 17:02:01.498 2954 2954 D hpplay-base: [jniBridge:185] not conference version
03-07 17:02:01.498 2954 2954 I hpplay-base: [jniBridge:241] 1initServer nSettingWidth=1920 nSettingHeight=1080 nSettingMaxFPS=60 dlnaEnable=1 lelinkFpEnable=1
03-07 17:02:01.498 2954 2954 D hpplay-base: [jniBridge:283] 1initServer cfg.leLinkIp=192.168.124.147
03-07 17:02:01.498 2954 2954 D hpplay-base: [jniBridge:286] 1initServer cfg.mPermissionMode=3
03-07 17:02:01.498 2954 2954 D hpplay-base: [jniBridge:304] 1initServer cfg.permissionDid=52:d6:e4:be:35:ca000000000000000
03-07 17:02:01.498 2954 2954 D hpplay-base: [jniBridge:313] 1initServer cfg.mPermissionPreSN=00000000000000000000000000000000
03-07 17:02:01.498 2954 2954 D hpplay-base: [jniBridge:317] Bridge___1initServer status:0
03-07 17:02:01.498 2954 2954 I hpplay-base: [jniBridge:325] 1initServer cfg.feature=6655
03-07 17:02:01.498 2954 2954 D hpplay-base: [jniBridge:377] 1initServer isSendBroadCast=3
03-07 17:02:01.498 2954 2954 D hpplay-base: [jniBridge:380] 1initServer broadcastDirection=0
03-07 17:02:01.498 2954 2954 D hpplay-base: [jniBridge:382] 1initServer ipBroadcast direction=0
03-07 17:02:01.498 2954 2954 D hpplay-base: [jniBridge:387] 1initServer tunnel=3
03-07 17:02:01.498 2954 2954 D hpplay-base: [jniBridge:390] 1initServer drainage=0
03-07 17:02:01.498 2954 2954 D hpplay-base: [jniBridge:401] 1initServer mDNSEnable=1
03-07 17:02:01.498 2954 2954 D hpplay-base: [jniBridge:406] 1initServer nSockWaitTimeOut=45
03-07 17:02:01.498 2954 2954 D hpplay-base: [jniBridge:410] 1initServer nMirrorAudioVideoSync=0
03-07 17:02:01.498 2954 2954 I hpplay-base: [sign_check:168] checkSign strPackageName:com.hht.lebocast
03-07 17:02:01.498 2954 2954 I hpplay-base: [sign_check:169] checkSign buildType:release
03-07 17:02:01.498 2954 2954 I hpplay-base: [sign_check:170] checkSign appKey:21409
03-07 17:02:01.498 2954 2954 D hpplay-base: [LelinkBase:405] bridgeInit port: 0, lelinkfp: 0
03-07 17:02:01.498 2954 2954 D hpplay-base: [LelinkBase:462] bridgeInit mPackagePath =/data/user/0/com.hht.lebocast
03-07 17:02:01.498 2954 2954 D hpplay-base: [LelinkBase:463] bridgeInit mKeyPath =/data/user/0/com.hht.lebocast/files/hpplay/file
03-07 17:02:01.498 2954 2954 D hpplay-base: [SinkContext:97] initSinkContext mPackagePath =/data/user/0/com.hht.lebocast
03-07 17:02:01.498 2954 2954 D hpplay-base: [SinkContext:98] initSinkContext mKeyPath =/data/user/0/com.hht.lebocast/files/hpplay/file
03-07 17:02:01.498 2954 2954 D hpplay-base: [jniBridge:478] Java_com_hpplay_sdk_sink_protocol_Bridge__1initServer end
03-07 17:02:01.499 2954 2954 D hpplay-base: [jniBridge:869] Bridge__1startServer status:1
03-07 17:02:01.499 2954 2954 D hpplay-base: [LelinkBase:492] startAllServer at base
03-07 17:02:01.499 2954 2954 D hpplay-base: [lelinkSinkServer:152] httpPlugins_SetServerPort TYPE_SERVER_LELINK:52266
03-07 17:02:01.499 2954 2954 D hpplay-base: [network.c:362] protocol bind host :192.168.124.147 port:52266 curent bind port:52266
03-07 17:02:01.499 2954 2954 D hpplay-base: [lelinkSinkServer:681] HTTP Server real at:52266
03-07 17:02:01.499 2954 7715 D hpplay-base: [lelinkSinkServer:644] Connected Service Type:0
03-07 17:02:01.500 2954 7715 I hpplay-base: : (server.c.315) startServer listen_ing....:
03-07 17:02:01.500 2954 2954 D hpplay-base: [ScreenStream:1285] current bind port:7100
03-07 17:02:01.500 2954 7715 D hpplay-base: [Server:371] startHttpServer srv_sockets.used:1 nCurrentFd:138, tid is 7715
03-07 17:02:01.500 2954 2954 D hpplay-base: [LelinkBase:515] startAllServer pBaseContext->config.dlnaEnable:1
03-07 17:02:01.500 2954 2954 D hpplay-base: [lelinkDlna:324] addDMRCallback end
03-07 17:02:01.500 2954 7716 D hpplay-base: [stream_mirror_compat:759] compat mirror stream begin to run,server fd:140,thread_id:3220414912!!
03-07 17:02:01.502 2954 2954 E hpplay-base-dlna: miniserver.c:788::dlna_port(ipv4: 49152 ipv6:0)
03-07 17:02:01.554 2954 2954 D hpplay-base-dlna: [lebodlna-dlnaframe:166] succeed to load lebodlnaplugin
03-07 17:02:01.554 2954 2954 D hpplay-base-dlna: [lebodlna-dlnaframe:232] Succeed to load specified plugin:lebodlna_plugin
03-07 17:02:01.555 2954 2954 D hpplay-base: [lelinkDlna:328] startDLNAServer ret=0
03-07 17:02:01.555 2954 2954 D hpplay-base: [LelinkBase:531] startDLNAServer ret= 0
03-07 17:02:01.555 2954 2954 D hpplay-base: [lelinkDlna:342] setDMRFriendlyName 高合娱乐副屏
03-07 17:02:01.555 2954 2954 D hpplay-base-dlna: [lebodlna-dlna_android:136] setBroadcastTimeout mBroadcastTimeOut=66 status=3!
03-07 17:02:01.555 2954 2954 D hpplay-base-dlna: [lebodlna_api:32] start DMR
03-07 17:02:01.555 2954 2954 D hpplay-base-dlna: [UpnpDefine:434] RegisterDMRender invalid lelink info
03-07 17:02:01.555 2954 2954 D hpplay-base-dlna: [UpnpDefine:467] DLNA DEFAULT_DESCRIPTION
03-07 17:02:01.556 2954 2954 E hpplay-base-dlna: upnpapi.c:1078::Exiting RegisterRootDevice2 *Hnd =1, return value == 0
03-07 17:02:01.556 2954 2954 D hpplay-base-dlna: [CUpnpDevice:41] Register Root Device 2:0
03-07 17:02:01.556 2954 2954 D hpplay-base-dlna: [UpnpDefine:794] ESDMRender:Register success
03-07 17:02:01.556 2954 2954 D hpplay-base-dlna: [lebodlna_api:41] sendBroadcast mBroadcastTimeOut=3
03-07 17:02:01.556 2954 2954 D hpplay-base-dlna: [lebodlna_api:44] sendBroadcast timeout=66
03-07 17:02:01.580 2954 4707 I hpplay-java: [AsyncTask #61]:HttpRequest:doGet responseCode:200 0
03-07 17:02:01.625 2954 2954 D hpplay-base: [lelinkDlna:361] startDLNADevice dlnaManufacturer:0 ret=0
03-07 17:02:01.625 2954 2954 D hpplay-base: [LelinkBase:535] lelinkSetDlnaInfo ret= 0
03-07 17:02:01.625 2954 2954 D hpplay-base: [LelinkBase:547] startAllServer pBaseContext->config.mDNSEnable:1
03-07 17:02:01.626 2954 2954 D hpplay-base: [base_mdns:509] mdns net.hostname:
03-07 17:02:01.627 2954 2954 D hpplay-base: [base_mdns:529] mdns namelabel:-00-80-0F-74-31-00
03-07 17:02:01.627 2954 2954 D hpplay-base: [base_mdns:509] mdns net.hostname:
03-07 17:02:01.627 2954 2954 D hpplay-base: [base_mdns:529] mdns namelabel:-00-80-0F-74-31-00
03-07 17:02:01.628 2954 2954 D hpplay-base: [mdns:813] mdns start bind port:0
03-07 17:02:01.635 2954 2954 D hpplay-base: [mdns:813] mdns start bind port:5353
03-07 17:02:01.636 2954 2954 D hpplay-base: [mdns:813] mdns start bind port:5353
03-07 17:02:01.637 2954 2954 D hpplay-base: [mdns:813] mdns start bind port:5353
03-07 17:02:01.637 2954 2954 D hpplay-base: [mdns:813] mdns start bind port:5353
03-07 17:02:01.638 2954 2954 D hpplay-base: [mdns:813] mdns start bind port:5353
03-07 17:02:01.638 2954 2954 D hpplay-base: [mdns:813] mdns start bind port:5353
03-07 17:02:01.638 2954 2954 D hpplay-base: [mdns:813] mdns start bind port:5353
03-07 17:02:01.639 2954 2954 I hpplay-base: [mDNSEmbeded:57] embedded_mDNSInit stopmDNSNow:0 status:0
03-07 17:02:01.640 2954 2954 D hpplay-base: [mDNSEmbeded:436] startmDNSServer end nRet=0
03-07 17:02:01.640 2954 2954 D hpplay-base: [LelinkBase:555] lelink broadcast_on_off:1 log2java_on_off:1
03-07 17:02:01.641 2954 7731 D hpplay-base: [LelinkMDNS:729] leboAuthorizationCheck strUuid=52:d6:e4:be:35:ca000000000000000
03-07 17:02:01.641 2954 7731 D hpplay-base: [LelinkMDNS:730] leboAuthorizationCheck mPermissionDid=52:d6:e4:be:35:ca000000000000000
03-07 17:02:01.641 2954 7731 D hpplay-base: [LelinkMDNS:755] leboAuthorizationCheck mPermissionMac=52:d6:e4:be:35:ca000000000000000
03-07 17:02:01.644 2954 2954 D hpplay-base: [AEventUtils:595] request to start event handle service!!
03-07 17:02:01.644 2954 2954 D hpplay-base: [AEventUtils:603] start_event_handle_service,begin to run!!
03-07 17:02:01.644 2954 7733 D hpplay-base: [mDNSEmbeded:197] http_port bind check 197 http_port_check
03-07 17:02:01.646 674 7734 D resolv : GetHostByNameHandler::run: result: Success
03-07 17:02:01.646 2954 2954 D hpplay-base: [REventUtils:210] start_event_handle_service,begin to run!!
03-07 17:02:01.648 2954 7733 D hpplay-base: [mDNSEmbeded:217] http_port bind check 217 http_port_check
03-07 17:02:01.648 2954 7732 I hpplay-base: [mDNSEmbeded:268] start lelink publish server, tid is 7732
03-07 17:02:01.648 2954 7733 D hpplay-base: [mDNSEmbeded:222] http_port bind check 222 http_port_check
03-07 17:02:01.649 2954 7735 D hpplay-base: [AEventUtils:171] create handle AEvent thread ok!!,tid is 7735
03-07 17:02:01.649 2954 2954 D hpplay-base: [LelinkBase:576] startAllServer success .
03-07 17:02:01.649 2954 2954 D hpplay-base: [jniBridge:894] startDlna_link:http://192.168.124.147:49152/description.xml
03-07 17:02:01.649 2954 7736 D hpplay-base: [REventUtils:59] create handleREventThread thread ok!!,tid is 7736
03-07 17:02:01.649 2954 7737 D hpplay-base: [jniBridge:1081] notifyJavaDlnalink:http://192.168.124.147:49152/description.xml
03-07 17:02:01.649 2954 7737 D hpplay-base: [jniBridge:1726] notifyJava, what:207, castType:0, mimeType:0 baseStatus:2
03-07 17:02:01.650 2954 7737 D hpplay-base: [jniBridge:1727] notifyJava sessionID:(null)
03-07 17:02:01.650 2954 7737 I hpplay-java: [Thread-119]:Bridge:notify: what: 207
03-07 17:02:01.650 2954 7737 I hpplay-java: [Thread-119]:Bridge:notify: out: OutParameters:{audioSessionId=-1, audiotrackIndex=0, castHandleType=-1, castType=0, deviceName='http://192.168.124.147:49152/description.xml', dlnaName='', dramaID='', extra=0, frameHandleType=-1, handleInside=true, headduration=0, header='', headers=null, isAD=false, isMultiMirror=false, lelinkVer='', limitTime=0, , mediaAlbum='null', mediaAlbumArtURI='', mediaArtist='null', mediaAssets='', mediaTitle='null', mimeType=0, multiSession=null, period=0, pinCode='', playSpeed=0.0, playerChoice=0, plugin=0, port=0, position=0.0, positionUnit=2, protocol=0, realSessionID='', regType='', , sinkIp='', sourceAPPVersion='', sourceChannel='', sourceClientInfo='', sourceDeviceInfo='', sourceDeviceModel='', sourceDeviceName='', sourceDeviceType=0, sourceHID='', , sourceInfo='', , , sourceOSVersion='', sourceSDKVersion='', sourceUid='', stopDetail=0, stopReason=0, tailduration=0, url='', urlID='', urls=null, userAgent='', videoDecoder=0, volume=0, what=207}com.hpplay.sdk.sink.protocol.OutParameters@65b1a0f
03-07 17:02:01.651 2954 7737 I hpplay-java: [Thread-119]:Bridge:notify: address:223664796
03-07 17:02:01.658 2954 7733 D hpplay-base: [mDNSEmbeded:234] http_port bind check 234 http_port_check port:52266
03-07 17:02:01.659 2954 7733 D hpplay-base: [mDNSEmbeded:237] http_port bind check 237 http_port_check
03-07 17:02:01.660 2954 7738 D hpplay-base: [lelinkSinkServer:93] new client connection from 127.0.0.1 54994, fd=167
03-07 17:02:01.660 2954 7738 D hpplay-base: [SinkContext:137] addSinkContextSession,begin to run!!
03-07 17:02:01.660 2954 7738 D hpplay-base: [SinkContext:142] addSinkContextSession,begin to get lock!!
03-07 17:02:01.660 2954 7738 D hpplay-base: [SinkContext:144] addSinkContextSession,get lock ok!!
03-07 17:02:01.660 2954 7738 D hpplay-base: [SinkContext:149] addSinkContextSession,session list is null,begin to malloc!!
03-07 17:02:01.660 2954 7738 D hpplay-base: [SinkContext:156] addSinkContextSession,begin to update!!
03-07 17:02:01.660 2954 7738 D hpplay-base: [SinkContext:160] addSinkContextSession,begin to update header!!
03-07 17:02:01.661 2954 7738 D hpplay-base: [SinkContext:172] addSinkContextSession,begin to unlock!!
03-07 17:02:01.661 2954 7738 D hpplay-base: [SinkContext:174] addSinkContextSession,unlock ok!!
03-07 17:02:01.661 2954 7738 D hpplay-base: [LelinkReceiver:4908] get ping !!!
03-07 17:02:01.661 2954 7733 D hpplay-base: [mDNSEmbeded:240] http_port bind check 240 http_port_check recieved:64
03-07 17:02:01.661 2954 7733 D hpplay-base: [mDNSEmbeded:243] http_port bind check 243 http_port_check
03-07 17:02:01.661 2954 7733 D hpplay-base: [mDNSEmbeded:244] http_port bind check ok!
03-07 17:02:01.655 2954 2954 I auditd : type=1400 audit(0.0:2073): avc: granted { read } for comm="om.hht.lebocast" name="arp" dev="proc" ino=4026532256 scontext=u:r:platform_app:s0:c512,c768 tcontext=u:object_r:proc_net:s0 tclass=file app=com.hht.lebocast
03-07 17:02:01.655 2954 2954 W om.hht.lebocast: type=1400 audit(0.0:2073): avc: granted { read } for name="arp" dev="proc" ino=4026532256 scontext=u:r:platform_app:s0:c512,c768 tcontext=u:object_r:proc_net:s0 tclass=file app=com.hht.lebocast
03-07 17:02:01.655 2954 2954 I auditd : type=1400 audit(0.0:2074): avc: granted { read open } for comm="om.hht.lebocast" path="/proc/2954/net/arp" dev="proc" ino=4026532256 scontext=u:r:platform_app:s0:c512,c768 tcontext=u:object_r:proc_net:s0 tclass=file app=com.hht.lebocast
03-07 17:02:01.655 2954 2954 W om.hht.lebocast: type=1400 audit(0.0:2074): avc: granted { read open } for path="/proc/2954/net/arp" dev="proc" ino=4026532256 scontext=u:r:platform_app:s0:c512,c768 tcontext=u:object_r:proc_net:s0 tclass=file app=com.hht.lebocast
