03-09 05:02:36.843 1219 1248 E tlogd : [StorageChecker](listDirFile) FileName is /data/tlog/persist/798_persist_00652_230309_050235.log
03-09 05:02:36.843 1219 1248 E tlogd : [StorageChecker](listDirFile) regular file
03-09 05:02:36.843 1219 1248 E tlogd : [StorageChecker](listDirFile) FileName is /data/tlog/persist/798_persist_00655_230309_050237.log
03-09 05:02:36.843 821 2594 D vendor.qti.bluetooth@1.0-patch_dl_manager: FormRegularPaths: Done checking and setting proper Rampatch and NVM path
03-09 05:02:36.843 2051 2654 D CCodecBufferChannel: [c2.android.vorbis.decoder#685] start: updating output delay 0
03-09 05:02:36.843 1219 1248 E tlogd : [StorageChecker](listDirFile) regular file
03-09 05:02:36.843 821 2594 I vendor.qti.bluetooth@1.0-uart_transport: ## userial_vendor_ioctl: UART Flow Off
03-09 05:02:36.843 1219 1248 E tlogd : [StorageChecker](listDirFile) FileName is /data/tlog/persist/800_persist_00675_700101_080009.log
03-09 05:02:36.844 1219 1248 E tlogd : [StorageChecker](listDirFile) regular file
03-09 05:02:36.844 1219 1248 E tlogd : [StorageChecker](listDirFile) FileName is /data/tlog/persist/800_persist_00679_700101_080009.log
03-09 05:02:36.844 1219 1248 E tlogd : [StorageChecker](listDirFile) regular file
03-09 05:02:36.844 1219 1248 E tlogd : [StorageChecker](listDirFile) FileName is /data/tlog/persist/801_persist_00690_700101_080009.log
03-09 05:02:36.844 1219 1248 E tlogd : [StorageChecker](listDirFile) regular file
03-09 05:02:36.844 1219 1248 E tlogd : [StorageChecker](listDirFile) FileName is /data/tlog/persist/800_persist_00682_230309_050236.log
03-09 05:02:36.844 1219 1248 E tlogd : [StorageChecker](listDirFile) regular file
03-09 05:02:36.844 1219 1248 E tlogd : [StorageChecker](listDirFile) FileName is /data/tlog/persist/801_persist_00693_700101_080009.log
03-09 05:02:36.844 1219 1248 E tlogd : [StorageChecker](listDirFile) regular file
03-09 05:02:36.844 1219 1248 E tlogd : [StorageChecker](listDirFile) FileName is /data/tlog/persist/801_persist_00696_230309_050235.log
03-09 05:02:36.844 1219 1248 E tlogd : [StorageChecker](listDirFile) regular file
03-09 05:02:36.844 1219 1248 E tlogd : [StorageChecker](listDirFile) FileName is /data/tlog/persist/801_persist_00697_230309_050236.log
03-09 05:02:36.844 1219 1248 E tlogd : [StorageChecker](listDirFile) regular file
03-09 05:02:36.844 2619 2619 D qcc:QccAuthApp: load libqccAuthMgr
03-09 05:02:36.844 1219 1248 E tlogd : [StorageChecker](listDirFile) FileName is /data/tlog/persist/802_persist_00713_230309_050237.log
03-09 05:02:36.844 1219 1248 E tlogd : [StorageChecker](listDirFile) regular file
03-09 05:02:36.844 1219 1248 E tlogd : [StorageChecker](listDirFile) FileName is /data/tlog/persist/802_persist_00714_230309_050238.log
03-09 05:02:36.844 1219 1248 E tlogd : [StorageChecker](listDirFile) regular file
03-09 05:02:36.844 2051 2654 I CCodecBufferChannel: pipelineRoom(3) is <= numClientBuffers(3). Not signalling any more buffers to client
03-09 05:02:36.844 1537 2189 I ExplicitHealthCheckController: Explicit health check supported packages [PackageConfig{com.android.networkstack, 86400000}]
03-09 05:02:36.844 1219 1248 E tlogd : [StorageChecker](listDirFile) FileName is /data/tlog/persist/803_persist_00723_230309_050235.log
03-09 05:02:36.844 1219 1248 E tlogd : [StorageChecker](listDirFile) regular file
03-09 05:02:36.844 1219 1248 E tlogd : [StorageChecker](listDirFile) FileName is /data/tlog/persist/804_persist_00737_230309_050235.log
03-09 05:02:36.844 1219 1248 E tlogd : [StorageChecker](listDirFile) regular file
03-09 05:02:36.844 1537 2189 D PackageWatchdog: Received supported packages [PackageConfig{com.android.networkstack, 86400000}]
03-09 05:02:36.844 1219 1248 E tlogd : [StorageChecker](listDirFile) FileName is /data/tlog/persist/805_persist_00745_700101_080009.log
03-09 05:02:36.844 1219 1248 E tlogd : [StorageChecker](listDirFile) regular file
03-09 05:02:36.844 1219 1248 E tlogd : [StorageChecker](listDirFile) FileName is /data/tlog/persist/805_persist_00746_700101_080009.log
03-09 05:02:36.844 1219 1248 E tlogd : [StorageChecker](listDirFile) regular file
03-09 05:02:36.844 1219 1248 E tlogd : [StorageChecker](listDirFile) FileName is /data/tlog/persist/805_persist_00754_230309_050236.log
03-09 05:02:36.844 1219 1248 E tlogd : [StorageChecker](listDirFile) regular file
03-09 05:02:36.844 1219 1248 E tlogd : [StorageChecker](listDirFile) FileName is /data/tlog/persist/806_persist_00766_230309_050235.log
03-09 05:02:36.844 1219 1248 E tlogd : [StorageChecker](listDirFile) regular file
03-09 05:02:36.844 1219 1248 E tlogd : [StorageChecker](listDirFile) FileName is /data/tlog/persist/807_persist_00775_700101_080010.log
03-09 05:02:36.844 1219 1248 E tlogd : [StorageChecker](listDirFile) regular file
03-09 05:02:36.844 1219 1248 E tlogd : [StorageChecker](listDirFile) FileName is /data/tlog/persist/807_persist_00781_230309_050235.log
03-09 05:02:36.844 1219 1248 E tlogd : [StorageChecker](listDirFile) regular file
03-09 05:02:36.844 1193 2089 D MediaBufferGroup: creating MemoryDealer
03-09 05:02:36.844 1219 1248 E tlogd : [StorageChecker](listDirFile) FileName is /data/tlog/persist/807_persist_00782_230309_050236.log
03-09 05:02:36.844 1219 1248 E tlogd : [StorageChecker](listDirFile) regular file
03-09 05:02:36.844 1219 1248 E tlogd : [StorageChecker](listDirFile) FileName is /data/tlog/persist/808_persist_00788_700101_080009.log
03-09 05:02:36.844 1219 1248 E tlogd : [StorageChecker](listDirFile) regular file
03-09 05:02:36.844 1219 1248 E tlogd : [StorageChecker](listDirFile) FileName is /data/tlog/persist/808_persist_00790_700101_080009.log
03-09 05:02:36.844 2051 2654 I CCodecBufferChannel: pipelineRoom(2) is <= numClientBuffers(2). Not signalling any more buffers to client
03-09 05:02:36.844 1219 1248 E tlogd : [StorageChecker](listDirFile) regular file
03-09 05:02:36.844 1219 1248 E tlogd : [StorageChecker](listDirFile) FileName is /data/tlog/persist/808_persist_00792_700101_080009.log
03-09 05:02:36.844 1219 1248 E tlogd : [StorageChecker](listDirFile) regular file
03-09 05:02:36.844 1537 2189 D ExplicitHealthCheckController: Getting health check requested packages
03-09 05:02:36.844 1219 1248 E tlogd : [StorageChecker](listDirFile) FileName is /data/tlog/persist/808_persist_00799_230309_050239.log.ing
03-09 05:02:36.844 1219 1248 E tlogd : [StorageChecker](listDirFile) regular file
03-09 05:02:36.844 1219 1248 E tlogd : [StorageChecker](listDirFile) FileName is /data/tlog/persist/809_persist_00801_700101_080009.log
03-09 05:02:36.844 2051 2654 I CCodecBufferChannel: pipelineRoom(1) is <= numClientBuffers(1). Not signalling any more buffers to client
03-09 05:02:36.844 1219 1248 E tlogd : [StorageChecker](listDirFile) regular file
03-09 05:02:36.844 1219 1248 E tlogd : [StorageChecker](listDirFile) FileName is /data/tlog/persist/809_persist_00806_700101_080010.log
03-09 05:02:36.844 1219 1248 E tlogd : [StorageChecker](listDirFile) regular file
03-09 05:02:36.844 1219 1248 E tlogd : [StorageChecker](listDirFile) FileName is /data/tlog/persist/809_persist_00812_230309_050237.log
03-09 05:02:36.844 1219 1248 E tlogd : [StorageChecker](listDirFile) regular file
03-09 05:02:36.844 1219 1248 E tlogd : [StorageChecker](listDirFile) FileName is /data/tlog/persist/809_persist_00811_230309_050237.log
03-09 05:02:36.844 1219 1248 E tlogd : [StorageChecker](listDirFile) regular file
03-09 05:02:36.845 1219 1248 E tlogd : [StorageChecker](listDirFile) FileName is /data/tlog/persist/811_persist_00828_700101_080009.log
03-09 05:02:36.845 1219 1248 E tlogd : [StorageChecker](listDirFile) regular file
03-09 05:02:36.845 1219 1248 E tlogd : [StorageChecker](listDirFile) FileName is /data/tlog/persist/811_persist_00840_230309_050238.log
03-09 05:02:36.845 1219 1248 E tlogd : [StorageChecker](listDirFile) regular file
03-09 05:02:36.845 1219 1248 E tlogd : [StorageChecker](listDirFile) FileName is /data/tlog/persist/812_persist_00853_230309_050237.log
03-09 05:02:36.845 1219 1248 E tlogd : [StorageChecker](listDirFile) regular file
03-09 05:02:36.845 1219 1248 E tlogd : [StorageChecker](listDirFile) FileName is /data/tlog/persist/813_persist_00856_700101_080009.log
03-09 05:02:36.845 1219 1248 E tlogd : [StorageChecker](listDirFile) regular file
03-09 05:02:36.845 1219 1248 E tlogd : [StorageChecker](listDirFile) FileName is /data/tlog/persist/813_persist_00858_700101_080009.log
03-09 05:02:36.845 1219 1248 E tlogd : [StorageChecker](listDirFile) regular file
03-09 05:02:36.845 1219 1248 E tlogd : [StorageChecker](listDirFile) FileName is /data/tlog/persist/814_persist_00873_700101_080009.log
03-09 05:02:36.845 1219 1248 E tlogd : [StorageChecker](listDirFile) regular file
03-09 05:02:36.845 1219 1248 E tlogd : [StorageChecker](listDirFile) FileName is /data/tlog/persist/813_persist_00861_700101_080009.log
03-09 05:02:36.845 1219 1248 E tlogd : [StorageChecker](listDirFile) regular file
03-09 05:02:36.845 1219 1248 E tlogd : [StorageChecker](listDirFile) FileName is /data/tlog/persist/815_persist_00883_700101_080009.log
03-09 05:02:36.845 1258 2657 D SimpleC2Component: Using output block pool with poolID 24 => got 24 - 0
03-09 05:02:36.845 1219 1248 E tlogd : [StorageChecker](listDirFile) regular file
03-09 05:02:36.845 1219 1248 E tlogd : [StorageChecker](listDirFile) FileName is /data/tlog/persist/816_persist_00901_700101_080009.log
03-09 05:02:36.845 1219 1248 E tlogd : [StorageChecker](listDirFile) regular file
03-09 05:02:36.845 1219 1248 E tlogd : [StorageChecker](listDirFile) FileName is /data/tlog/persist/815_persist_00893_230309_050237.log
03-09 05:02:36.845 1219 1248 E tlogd : [StorageChecker](listDirFile) regular file
03-09 05:02:36.845 1219 1248 E tlogd : [StorageChecker](listDirFile) FileName is /data/tlog/persist/817_persist_00919_230309_050236.log
03-09 05:02:36.845 1219 1248 E tlogd : [StorageChecker](listDirFile) regular file
03-09 05:02:36.845 1219 1248 E tlogd : [StorageChecker](listDirFile) FileName is /data/tlog/persist/816_persist_00904_230309_050235.log
03-09 05:02:36.845 1219 1248 E tlogd : [StorageChecker](listDirFile) regular file
03-09 05:02:36.845 1219 1248 E tlogd : [StorageChecker](listDirFile) FileName is /data/tlog/persist/817_persist_00921_230309_050237.log
03-09 05:02:36.845 1219 1248 E tlogd : [StorageChecker](listDirFile) regular file
03-09 05:02:36.845 1219 1248 E tlogd : [StorageChecker](listDirFile) FileName is /data/tlog/persist/818_persist_00930_230309_050235.log
03-09 05:02:36.845 1537 2189 I ExplicitHealthCheckController: Explicit health check requested packages []
03-09 05:02:36.845 1219 1248 E tlogd : [StorageChecker](listDirFile) regular file
03-09 05:02:36.845 1219 1248 E tlogd : [StorageChecker](listDirFile) FileName is /data/tlog/persist/819_persist_00944_230309_050235.log
03-09 05:02:36.845 1219 1248 E tlogd : [StorageChecker](listDirFile) regular file
03-09 05:02:36.845 1219 1248 E tlogd : [StorageChecker](listDirFile) FileName is /data/tlog/persist/819_persist_00950_230309_050240.log.ing
03-09 05:02:36.845 1219 1248 E tlogd : [StorageChecker](listDirFile) regular file
03-09 05:02:36.845 1219 1248 E tlogd : [StorageChecker](listDirFile) FileName is /data/tlog/persist/820_persist_00958_230309_050235.log
03-09 05:02:36.845 1219 1248 E tlogd : [StorageChecker](listDirFile) regular file
03-09 05:02:36.845 1219 1248 E tlogd : [StorageChecker](listDirFile) FileName is /data/tlog/persist/820_persist_00960_230309_050236.log
03-09 05:02:36.845 1537 2189 I ExplicitHealthCheckController: No more health check requests, unbinding...
03-09 05:02:36.845 1219 1248 E tlogd : [StorageChecker](listDirFile) regular file
03-09 05:02:36.845 1219 1248 E tlogd : [StorageChecker](listDirFile) FileName is /data/tlog/persist/822_persist_00988_230309_050236.log
03-09 05:02:36.845 1219 1248 E tlogd : [StorageChecker](listDirFile) regular file
03-09 05:02:36.845 1219 1248 E tlogd : [StorageChecker](listDirFile) FileName is /data/tlog/persist/999_persist_00002_230309_050240.log
03-09 05:02:36.845 1219 1248 E tlogd : [StorageChecker](listDirFile) regular file
03-09 05:02:36.845 1219 1248 E tlogd : [StorageChecker](listDirFile) FileName is /data/tlog/persist/072_persist_00003_230309_050235.log
03-09 05:02:36.845 1219 1248 E tlogd : [StorageChecker](listDirFile) regular file
03-09 05:02:36.845 1219 1248 E tlogd : [StorageChecker](listDirFile) FileName is /data/tlog/persist/979_persist_00001_700101_080010.log
03-09 05:02:36.845 1219 1248 E tlogd : [StorageChecker](listDirFile) regular file
03-09 05:02:36.845 1219 1248 E tlogd : [StorageChecker](listDirFile) FileName is /data/tlog/persist/980_persist_00001_700101_080009.log
03-09 05:02:36.845 1219 1248 E tlogd : [StorageChecker](listDirFile) regular file
03-09 05:02:36.845 1219 1248 E tlogd : [StorageChecker](listDirFile) FileName is /data/tlog/persist/981_persist_00001_230309_050237.log
03-09 05:02:36.845 1219 1248 E tlogd : [StorageChecker](listDirFile) regular file
03-09 05:02:36.845 1219 1248 E tlogd : [StorageChecker](listDirFile) FileName is /data/tlog/persist/981_persist_00001_230309_050238.log
03-09 05:02:36.845 1219 1248 E tlogd : [StorageChecker](listDirFile) regular file
03-09 05:02:36.845 1219 1248 E tlogd : [StorageChecker](listDirFile) FileName is /data/tlog/persist/982_persist_00001_700101_080010.log
03-09 05:02:36.845 1219 1248 E tlogd : [StorageChecker](listDirFile) regular file
03-09 05:02:36.845 1219 1248 E tlogd : [StorageChecker](listDirFile) FileName is /data/tlog/persist/983_persist_00001_230309_050235.log
03-09 05:02:36.845 1219 1248 E tlogd : [StorageChecker](listDirFile) regular file
03-09 05:02:36.845 1219 1248 E tlogd : [StorageChecker](listDirFile) FileName is /data/tlog/persist/983_persist_00001_700101_080009.log
03-09 05:02:36.845 1219 1248 E tlogd : [StorageChecker](listDirFile) regular file
03-09 05:02:36.845 1219 1248 E tlogd : [StorageChecker](listDirFile) FileName is /data/tlog/persist/984_persist_00001_700101_080010.log
03-09 05:02:36.845 1219 1248 E tlogd : [StorageChecker](listDirFile) regular file
03-09 05:02:36.845 1219 1248 E tlogd : [StorageChecker](listDirFile) FileName is /data/tlog/persist/784_persist_00455_700101_080009.log
03-09 05:02:36.845 1219 1248 E tlogd : [StorageChecker](listDirFile) regular file
03-09 05:02:36.845 1219 1248 E tlogd : [StorageChecker](listDirFile) FileName is /data/tlog/persist/784_persist_00463_230309_050238.log.ing
03-09 05:02:36.845 1219 1248 E tlogd : [StorageChecker](listDirFile) regular file
03-09 05:02:36.845 1219 1248 E tlogd : [StorageChecker](listDirFile) FileName is /data/tlog/persist/784_persist_00461_230309_050237.log
03-09 05:02:36.845 1219 1248 E tlogd : [StorageChecker](listDirFile) regular file
03-09 05:02:36.846 1219 1248 E tlogd : [StorageChecker](listDirFile) FileName is /data/tlog/persist/786_persist_00477_700101_080009.log
03-09 05:02:36.846 1219 1248 E tlogd : [StorageChecker](listDirFile) regular file
03-09 05:02:36.846 1219 1248 E tlogd : [StorageChecker](listDirFile) FileName is /data/tlog/persist/786_persist_00487_230309_050236.log
03-09 05:02:36.846 1219 1248 E tlogd : [StorageChecker](listDirFile) regular file
03-09 05:02:36.846 1219 1248 E tlogd : [StorageChecker](listDirFile) FileName is /data/tlog/persist/786_persist_00490_230309_050239.log.ing
03-09 05:02:36.846 1219 1248 E tlogd : [StorageChecker](listDirFile) regular file
03-09 05:02:36.846 1219 1248 E tlogd : [StorageChecker](listDirFile) FileName is /data/tlog/persist/787_persist_00492_700101_080009.log
03-09 05:02:36.846 1219 1248 E tlogd : [StorageChecker](listDirFile) regular file
03-09 05:02:36.846 1219 1248 E tlogd : [StorageChecker](listDirFile) FileName is /data/tlog/persist/788_persist_00507_700101_080009.log
03-09 05:02:36.846 1219 1248 E tlogd : [StorageChecker](listDirFile) regular file
03-09 05:02:36.846 1219 1248 E tlogd : [StorageChecker](listDirFile) FileName is /data/tlog/persist/788_persist_00516_230309_050237.log
03-09 05:02:36.846 1219 1248 E tlogd : [StorageChecker](listDirFile) regular file
03-09 05:02:36.846 1219 1248 E tlogd : [StorageChecker](listDirFile) FileName is /data/tlog/persist/789_persist_00528_230309_050236.log
03-09 05:02:36.846 1219 1248 E tlogd : [StorageChecker](listDirFile) regular file
03-09 05:02:36.846 1219 1248 E tlogd : [StorageChecker](listDirFile) FileName is /data/tlog/persist/789_persist_00521_700101_080010.log
03-09 05:02:36.846 1219 1248 E tlogd : [StorageChecker](listDirFile) regular file
03-09 05:02:36.846 1219 1248 E tlogd : [StorageChecker](listDirFile) FileName is /data/tlog/persist/790_persist_00545_230309_050239.log.ing
03-09 05:02:36.846 1219 1248 E tlogd : [StorageChecker](listDirFile) regular file
03-09 05:02:36.846 1219 1248 E tlogd : [StorageChecker](listDirFile) FileName is /data/tlog/persist/791_persist_00550_700101_080009.log
03-09 05:02:36.846 1219 1248 E tlogd : [StorageChecker](listDirFile) regular file
03-09 05:02:36.846 1219 1248 E tlogd : [StorageChecker](listDirFile) FileName is /data/tlog/persist/791_persist_00556_230309_050237.log
03-09 05:02:36.846 1219 1248 E tlogd : [StorageChecker](listDirFile) regular file
03-09 05:02:36.846 1219 1248 E tlogd : [StorageChecker](listDirFile) FileName is /data/tlog/persist/791_persist_00553_230309_050235.log
03-09 05:02:36.846 1219 1248 E tlogd : [StorageChecker](listDirFile) regular file
03-09 05:02:36.846 1219 1248 E tlogd : [StorageChecker](listDirFile) FileName is /data/tlog/persist/792_persist_00560_700101_080009.log
03-09 05:02:36.846 1219 1248 E tlogd : [StorageChecker](listDirFile) regular file
03-09 05:02:36.846 1219 1248 E tlogd : [StorageChecker](listDirFile) FileName is /data/tlog/persist/792_persist_00564_700101_080009.log
03-09 05:02:36.846 1219 1248 E tlogd : [StorageChecker](listDirFile) regular file
03-09 05:02:36.846 1219 1248 E tlogd : [StorageChecker](listDirFile) FileName is /data/tlog/persist/792_persist_00566_700101_080010.log
03-09 05:02:36.846 1219 1248 E tlogd : [StorageChecker](listDirFile) regular file
03-09 05:02:36.846 1219 1248 E tlogd : [StorageChecker](listDirFile) FileName is /data/tlog/persist/792_persist_00567_230309_050235.log
03-09 05:02:36.846 1219 1248 E tlogd : [StorageChecker](listDirFile) regular file
03-09 05:02:36.846 1219 1248 E tlogd : [StorageChecker](listDirFile) FileName is /data/tlog/persist/793_persist_00584_230309_050236.log
03-09 05:02:36.846 1537 2189 I ExplicitHealthCheckController: Explicit health check service is unbound
03-09 05:02:36.846 1219 1248 E tlogd : [StorageChecker](listDirFile) regular file
03-09 05:02:36.846 1219 1248 E tlogd : [StorageChecker](listDirFile) FileName is /data/tlog/persist/794_persist_00590_700101_080009.log
03-09 05:02:36.846 1219 1248 E tlogd : [StorageChecker](listDirFile) regular file
03-09 05:02:36.846 1219 1248 E tlogd : [StorageChecker](listDirFile) FileName is /data/tlog/persist/794_persist_00593_700101_080009.log
03-09 05:02:36.846 1219 1248 E tlogd : [StorageChecker](listDirFile) regular file
03-09 05:02:36.846 1219 1248 E tlogd : [StorageChecker](listDirFile) FileName is /data/tlog/persist/795_persist_00608_700101_080009.log
03-09 05:02:36.846 1219 1248 E tlogd : [StorageChecker](listDirFile) regular file
03-09 05:02:36.846 1219 1248 E tlogd : [StorageChecker](listDirFile) FileName is /data/tlog/persist/795_persist_00610_700101_080010.log
03-09 05:02:36.846 1219 1248 E tlogd : [StorageChecker](listDirFile) regular file
03-09 05:02:36.846 1219 1248 E tlogd : [StorageChecker](listDirFile) FileName is /data/tlog/persist/796_persist_00625_230309_050235.log
03-09 05:02:36.846 1219 1248 E tlogd : [StorageChecker](listDirFile) regular file
03-09 05:02:36.846 1219 1248 E tlogd : [StorageChecker](listDirFile) FileName is /data/tlog/persist/797_persist_00635_700101_080009.log
03-09 05:02:36.846 1219 1248 E tlogd : [StorageChecker](listDirFile) regular file
03-09 05:02:36.847 1219 1248 E tlogd : [StorageChecker](listDirFile) FileName is /data/tlog/persist/797_persist_00638_230309_050235.log
03-09 05:02:36.847 1219 1248 E tlogd : [StorageChecker](listDirFile) regular file
03-09 05:02:36.847 1219 1248 E tlogd : [StorageChecker](listDirFile) FileName is /data/tlog/persist/797_persist_00642_230309_050237.log
03-09 05:02:36.847 1219 1248 E tlogd : [StorageChecker](listDirFile) regular file
03-09 05:02:36.847 1219 1248 E tlogd : [StorageChecker](listDirFile) FileName is /data/tlog/persist/798_persist_00654_230309_050236.log
03-09 05:02:36.847 1219 1248 E tlogd : [StorageChecker](listDirFile) regular file
03-09 05:02:36.847 1219 1248 E tlogd : [StorageChecker](listDirFile) FileName is /data/tlog/persist/798_persist_00656_230309_050237.log
03-09 05:02:36.847 1219 1248 E tlogd : [StorageChecker](listDirFile) regular file
03-09 05:02:36.847 1219 1248 E tlogd : [StorageChecker](listDirFile) FileName is /data/tlog/persist/798_persist_00657_230309_050238.log
03-09 05:02:36.847 1219 1248 E tlogd : [StorageChecker](listDirFile) regular file
03-09 05:02:36.847 1219 1248 E tlogd : [StorageChecker](listDirFile) FileName is /data/tlog/persist/800_persist_00676_700101_080009.log
03-09 05:02:36.847 1219 1248 E tlogd : [StorageChecker](listDirFile) regular file
03-09 05:02:36.847 1219 1248 E tlogd : [StorageChecker](listDirFile) FileName is /data/tlog/persist/800_persist_00673_700101_080009.log
03-09 05:02:36.847 1219 1248 E tlogd : [StorageChecker](listDirFile) regular file
03-09 05:02:36.847 1219 1248 E tlogd : [StorageChecker](listDirFile) FileName is /data/tlog/persist/800_persist_00677_700101_080009.log
03-09 05:02:36.847 1219 1248 E tlogd : [StorageChecker](listDirFile) regular file
03-09 05:02:36.847 1219 1248 E tlogd : [StorageChecker](listDirFile) FileName is /data/tlog/persist/800_persist_00687_230309_050240.log.ing
03-09 05:02:36.847 1219 1248 E tlogd : [StorageChecker](listDirFile) regular file
03-09 05:02:36.847 1219 1248 E tlogd : [StorageChecker](listDirFile) FileName is /data/tlog/persist/803_persist_00727_230309_050237.log
03-09 05:02:36.847 1219 1248 E tlogd : [StorageChecker](listDirFile) regular file
03-09 05:02:36.847 1219 1248 E tlogd : [StorageChecker](listDirFile) FileName is /data/tlog/persist/803_persist_00719_700101_080010.log
03-09 05:02:36.847 1219 1248 E tlogd : [StorageChecker](listDirFile) regular file
03-09 05:02:36.847 1219 1248 E tlogd : [StorageChecker](listDirFile) FileName is /data/tlog/persist/803_persist_00721_700101_080010.log
03-09 05:02:36.847 1219 1248 E tlogd : [StorageChecker](listDirFile) regular file
03-09 05:02:36.847 1219 1248 E tlogd : [StorageChecker](listDirFile) FileName is /data/tlog/persist/803_persist_00725_230309_050236.log
03-09 05:02:36.847 1219 1248 E tlogd : [StorageChecker](listDirFile) regular file
03-09 05:02:36.847 1219 1248 E tlogd : [StorageChecker](listDirFile) FileName is /data/tlog/persist/804_persist_00732_700101_080009.log
03-09 05:02:36.847 1219 1248 E tlogd : [StorageChecker](listDirFile) regular file
03-09 05:02:36.847 1219 1248 E tlogd : [StorageChecker](listDirFile) FileName is /data/tlog/persist/804_persist_00734_700101_080009.log
03-09 05:02:36.847 1219 1248 E tlogd : [StorageChecker](listDirFile) regular file
03-09 05:02:36.847 1219 1248 E tlogd : [StorageChecker](listDirFile) FileName is /data/tlog/persist/804_persist_00741_230309_050237.log
03-09 05:02:36.847 1219 1248 E tlogd : [StorageChecker](listDirFile) regular file
03-09 05:02:36.847 2619 2619 D QCCAuthMgr: SMQContentProvider onCreate
03-09 05:02:36.847 1219 1248 E tlogd : [StorageChecker](listDirFile) FileName is /data/tlog/persist/804_persist_00742_230309_050238.log
03-09 05:02:36.847 1219 1248 E tlogd : [StorageChecker](listDirFile) regular file
03-09 05:02:36.847 1219 1248 E tlogd : [StorageChecker](listDirFile) FileName is /data/tlog/persist/805_persist_00753_230309_050236.log
03-09 05:02:36.847 1219 1248 E tlogd : [StorageChecker](listDirFile) regular file
03-09 05:02:36.847 1219 1248 E tlogd : [StorageChecker](listDirFile) FileName is /data/tlog/persist/805_persist_00755_230309_050237.log
03-09 05:02:36.847 1219 1248 E tlogd : [StorageChecker](listDirFile) regular file
03-09 05:02:36.847 1219 1248 E tlogd : [StorageChecker](listDirFile) FileName is /data/tlog/persist/807_persist_00774_700101_080010.log
03-09 05:02:36.847 1219 1248 E tlogd : [StorageChecker](listDirFile) regular file
03-09 05:02:36.847 1219 1248 E tlogd : [StorageChecker](listDirFile) FileName is /data/tlog/persist/806_persist_00764_700101_080010.log
03-09 05:02:36.847 1219 1248 E tlogd : [StorageChecker](listDirFile) regular file
03-09 05:02:36.847 1219 1248 E tlogd : [StorageChecker](listDirFile) FileName is /data/tlog/persist/808_persist_00789_700101_080009.log
03-09 05:02:36.847 1219 1248 E tlogd : [StorageChecker](listDirFile) regular file
03-09 05:02:36.847 1219 1248 E tlogd : [StorageChecker](listDirFile) FileName is /data/tlog/persist/807_persist_00784_230309_050237.log
03-09 05:02:36.847 1219 1248 E tlogd : [StorageChecker](listDirFile) regular file
03-09 05:02:36.847 1219 1248 E tlogd : [StorageChecker](listDirFile) FileName is /data/tlog/persist/808_persist_00793_230309_050235.log
03-09 05:02:36.847 1219 1248 E tlogd : [StorageChecker](listDirFile) regular file
03-09 05:02:36.847 1219 1248 E tlogd : [StorageChecker](listDirFile) FileName is /data/tlog/persist/808_persist_00798_230309_050237.log
03-09 05:02:36.847 1219 1248 E tlogd : [StorageChecker](listDirFile) regular file
03-09 05:02:36.847 1219 1248 E tlogd : [StorageChecker](listDirFile) FileName is /data/tlog/persist/809_persist_00800_700101_080009.log
03-09 05:02:36.847 1219 1248 E tlogd : [StorageChecker](listDirFile) regular file
03-09 05:02:36.847 1219 1248 E tlogd : [StorageChecker](listDirFile) FileName is /data/tlog/persist/809_persist_00807_230309_050235.log
03-09 05:02:36.847 1219 1248 E tlogd : [StorageChecker](listDirFile) regular file
03-09 05:02:36.847 1219 1248 E tlogd : [StorageChecker](listDirFile) FileName is /data/tlog/persist/810_persist_00814_700101_080009.log
03-09 05:02:36.847 1219 1248 E tlogd : [StorageChecker](listDirFile) regular file
03-09 05:02:36.847 1219 1248 E tlogd : [StorageChecker](listDirFile) FileName is /data/tlog/persist/810_persist_00820_700101_080010.log
03-09 05:02:36.847 1219 1248 E tlogd : [StorageChecker](listDirFile) regular file
03-09 05:02:36.847 1219 1248 E tlogd : [StorageChecker](listDirFile) FileName is /data/tlog/persist/810_persist_00824_230309_050236.log
03-09 05:02:36.847 1219 1248 E tlogd : [StorageChecker](listDirFile) regular file
03-09 05:02:36.847 1219 1248 E tlogd : [StorageChecker](listDirFile) FileName is /data/tlog/persist/811_persist_00833_700101_080009.log
03-09 05:02:36.847 1219 1248 E tlogd : [StorageChecker](listDirFile) regular file
03-09 05:02:36.847 1219 1248 E tlogd : [StorageChecker](listDirFile) FileName is /data/tlog/persist/812_persist_00846_700101_080009.log
03-09 05:02:36.847 1219 1248 E tlogd : [StorageChecker](listDirFile) regular file
03-09 05:02:36.848 1219 1248 E tlogd : [StorageChecker](listDirFile) FileName is /data/tlog/persist/812_persist_00847_700101_080009.log
03-09 05:02:36.848 1219 1248 E tlogd : [StorageChecker](listDirFile) regular file
03-09 05:02:36.848 1219 1248 E tlogd : [StorageChecker](listDirFile) FileName is /data/tlog/persist/812_persist_00849_230309_050235.log
03-09 05:02:36.848 1219 1248 E tlogd : [StorageChecker](listDirFile) regular file
03-09 05:02:36.848 1219 1248 E tlogd : [StorageChecker](listDirFile) FileName is /data/tlog/persist/813_persist_00865_230309_050236.log
03-09 05:02:36.848 1219 1248 E tlogd : [StorageChecker](listDirFile) regular file
03-09 05:02:36.848 1219 1248 E tlogd : [StorageChecker](listDirFile) FileName is /data/tlog/persist/816_persist_00898_700101_080009.log
03-09 05:02:36.848 1219 1248 E tlogd : [StorageChecker](listDirFile) regular file
03-09 05:02:36.848 2646 2646 D ProcessState: Binder ioctl to enable oneway spam detection failed: Invalid argument
03-09 05:02:36.848 1219 1248 E tlogd : [StorageChecker](listDirFile) FileName is /data/tlog/persist/816_persist_00899_700101_080009.log
03-09 05:02:36.848 2619 2619 I qcc:QccAuthApp: onCreate()
03-09 05:02:36.848 1219 1248 E tlogd : [StorageChecker](listDirFile) regular file
03-09 05:02:36.848 1219 1248 E tlogd : [StorageChecker](listDirFile) FileName is /data/tlog/persist/817_persist_00909_700101_080009.log
03-09 05:02:36.848 2619 2619 D qcc:QccAuthApp: detectUninstallIsv
03-09 05:02:36.848 1219 1248 E tlogd : [StorageChecker](listDirFile) regular file
03-09 05:02:36.848 1219 1248 E tlogd : [StorageChecker](listDirFile) FileName is /data/tlog/persist/817_persist_00913_700101_080009.log
03-09 05:02:36.848 1219 1248 E tlogd : [StorageChecker](listDirFile) regular file
03-09 05:02:36.848 1219 1248 E tlogd : [StorageChecker](listDirFile) FileName is /data/tlog/persist/818_persist_00934_230309_050237.log
03-09 05:02:36.848 1219 1248 E tlogd : [StorageChecker](listDirFile) regular file
03-09 05:02:36.848 1219 1248 E tlogd : [StorageChecker](listDirFile) FileName is /data/tlog/persist/819_persist_00948_230309_050237.log
03-09 05:02:36.848 1219 1248 E tlogd : [StorageChecker](listDirFile) regular file
03-09 05:02:36.848 1219 1248 E tlogd : [StorageChecker](listDirFile) FileName is /data/tlog/persist/820_persist_00959_230309_050236.log
03-09 05:02:36.848 1219 1248 E tlogd : [StorageChecker](listDirFile) regular file
03-09 05:02:36.848 1219 1248 E tlogd : [StorageChecker](listDirFile) FileName is /data/tlog/persist/821_persist_00974_230309_050236.log
03-09 05:02:36.848 1219 1248 E tlogd : [StorageChecker](listDirFile) regular file
03-09 05:02:36.848 1219 1248 E tlogd : [StorageChecker](listDirFile) FileName is /data/tlog/persist/822_persist_00986_230309_050235.log
03-09 05:02:36.848 1219 1248 E tlogd : [StorageChecker](listDirFile) regular file
03-09 05:02:36.848 1219 1248 E tlogd : [StorageChecker](listDirFile) FileName is /data/tlog/persist/788_persist_00515_230309_050237.log
03-09 05:02:36.848 1219 1248 E tlogd : [StorageChecker](listDirFile) regular file
03-09 05:02:36.848 1219 1248 E tlogd : [StorageChecker](listDirFile) FileName is /data/tlog/persist/789_persist_00519_700101_080010.log
03-09 05:02:36.848 1219 1248 E tlogd : [StorageChecker](listDirFile) regular file
03-09 05:02:36.848 1219 1248 E tlogd : [StorageChecker](listDirFile) FileName is /data/tlog/persist/789_persist_00524_700101_080010.log
03-09 05:02:36.848 1219 1248 E tlogd : [StorageChecker](listDirFile) regular file
03-09 05:02:36.848 1219 1248 E tlogd : [StorageChecker](listDirFile) FileName is /data/tlog/persist/790_persist_00536_700101_080009.log
03-09 05:02:36.848 1219 1248 E tlogd : [StorageChecker](listDirFile) regular file
03-09 05:02:36.848 1219 1248 E tlogd : [StorageChecker](listDirFile) FileName is /data/tlog/persist/790_persist_00543_230309_050237.log
03-09 05:02:36.848 1219 1248 E tlogd : [StorageChecker](listDirFile) regular file
03-09 05:02:36.848 1219 1248 E tlogd : [StorageChecker](listDirFile) FileName is /data/tlog/persist/790_persist_00544_230309_050237.log
03-09 05:02:36.848 1219 1248 E tlogd : [StorageChecker](listDirFile) regular file
03-09 05:02:36.848 1219 1248 E tlogd : [StorageChecker](listDirFile) FileName is /data/tlog/persist/791_persist_00549_700101_080009.log
03-09 05:02:36.848 1219 1248 E tlogd : [StorageChecker](listDirFile) regular file
03-09 05:02:36.848 1219 1248 E tlogd : [StorageChecker](listDirFile) FileName is /data/tlog/persist/792_persist_00571_230309_050237.log
03-09 05:02:36.848 1219 1248 E tlogd : [StorageChecker](listDirFile) regular file
03-09 05:02:36.848 1219 1248 E tlogd : [StorageChecker](listDirFile) FileName is /data/tlog/persist/793_persist_00575_700101_080009.log
03-09 05:02:36.848 1219 1248 E tlogd : [StorageChecker](listDirFile) regular file
03-09 05:02:36.848 1219 1248 E tlogd : [StorageChecker](listDirFile) FileName is /data/tlog/persist/793_persist_00583_230309_050236.log
03-09 05:02:36.848 1219 1248 E tlogd : [StorageChecker](listDirFile) regular file
03-09 05:02:36.848 1219 1248 E tlogd : [StorageChecker](listDirFile) FileName is /data/tlog/persist/793_persist_00588_230309_050240.log.ing
03-09 05:02:36.848 1219 1248 E tlogd : [StorageChecker](listDirFile) regular file
03-09 05:02:36.848 1219 1248 E tlogd : [StorageChecker](listDirFile) FileName is /data/tlog/persist/794_persist_00602_230309_050239.log.ing
03-09 05:02:36.848 1219 1248 E tlogd : [StorageChecker](listDirFile) regular file
03-09 05:02:36.848 1219 1248 E tlogd : [StorageChecker](listDirFile) FileName is /data/tlog/persist/795_persist_00603_700101_080009.log
03-09 05:02:36.848 1219 1248 E tlogd : [StorageChecker](listDirFile) regular file
03-09 05:02:36.848 1219 1248 E tlogd : [StorageChecker](listDirFile) FileName is /data/tlog/persist/795_persist_00609_700101_080009.log
03-09 05:02:36.848 1219 1248 E tlogd : [StorageChecker](listDirFile) regular file
03-09 05:02:36.849 1219 1248 E tlogd : [StorageChecker](listDirFile) FileName is /data/tlog/persist/795_persist_00615_230309_050237.log
03-09 05:02:36.849 1219 1248 E tlogd : [StorageChecker](listDirFile) regular file
03-09 05:02:36.849 1219 1248 E tlogd : [StorageChecker](listDirFile) FileName is /data/tlog/persist/795_persist_00617_230309_050239.log.ing
03-09 05:02:36.849 1219 1248 E tlogd : [StorageChecker](listDirFile) regular file
03-09 05:02:36.849 1219 1248 E tlogd : [StorageChecker](listDirFile) FileName is /data/tlog/persist/796_persist_00622_700101_080009.log
03-09 05:02:36.849 1219 1248 E tlogd : [StorageChecker](listDirFile) regular file
03-09 05:02:36.849 1219 1248 E tlogd : [StorageChecker](listDirFile) FileName is /data/tlog/persist/796_persist_00623_700101_080009.log
03-09 05:02:36.849 1219 1248 E tlogd : [StorageChecker](listDirFile) regular file
03-09 05:02:36.849 1219 1248 E tlogd : [StorageChecker](listDirFile) FileName is /data/tlog/persist/796_persist_00630_230309_050238.log.ing
03-09 05:02:36.849 1219 1248 E tlogd : [StorageChecker](listDirFile) regular file
03-09 05:02:36.849 1219 1248 E tlogd : [StorageChecker](listDirFile) FileName is /data/tlog/persist/797_persist_00633_700101_080009.log
03-09 05:02:36.849 1219 1248 E tlogd : [StorageChecker](listDirFile) regular file
03-09 05:02:36.849 1219 1248 E tlogd : [StorageChecker](listDirFile) FileName is /data/tlog/persist/797_persist_00636_700101_080009.log
03-09 05:02:36.849 1219 1248 E tlogd : [StorageChecker](listDirFile) regular file
03-09 05:02:36.849 1219 1248 E tlogd : [StorageChecker](listDirFile) FileName is /data/tlog/persist/799_persist_00664_700101_080009.log
03-09 05:02:36.849 1219 1248 E tlogd : [StorageChecker](listDirFile) regular file
03-09 05:02:36.849 1219 1248 E tlogd : [StorageChecker](listDirFile) FileName is /data/tlog/persist/799_persist_00668_230309_050236.log
03-09 05:02:36.849 1219 1248 E tlogd : [StorageChecker](listDirFile) regular file
03-09 05:02:36.849 1219 1248 E tlogd : [StorageChecker](listDirFile) FileName is /data/tlog/persist/800_persist_00684_230309_050237.log
03-09 05:02:36.849 1219 1248 E tlogd : [StorageChecker](listDirFile) regular file
03-09 05:02:36.849 1219 1248 E tlogd : [StorageChecker](listDirFile) FileName is /data/tlog/persist/800_persist_00685_230309_050237.log
03-09 05:02:36.849 1219 1248 E tlogd : [StorageChecker](listDirFile) regular file
03-09 05:02:36.849 1219 1248 E tlogd : [StorageChecker](listDirFile) FileName is /data/tlog/persist/800_persist_00686_230309_050238.log
03-09 05:02:36.849 1219 1248 E tlogd : [StorageChecker](listDirFile) regular file
03-09 05:02:36.849 1219 1248 E tlogd : [StorageChecker](listDirFile) FileName is /data/tlog/persist/801_persist_00698_230309_050237.log
03-09 05:02:36.849 509 509 I hwservicemanager: Since vendor.qti.hardware.iop@2.0::IIop/default is not registered, trying to start it as a lazy HAL.
03-09 05:02:36.849 1219 1248 E tlogd : [StorageChecker](listDirFile) regular file
03-09 05:02:36.849 1219 1248 E tlogd : [StorageChecker](listDirFile) FileName is /data/tlog/persist/801_persist_00699_230309_050237.log
03-09 05:02:36.849 1219 1248 E tlogd : [StorageChecker](listDirFile) regular file
03-09 05:02:36.849 1219 1248 E tlogd : [StorageChecker](listDirFile) FileName is /data/tlog/persist/801_persist_00700_230309_050238.log
03-09 05:02:36.849 1219 1248 E tlogd : [StorageChecker](listDirFile) regular file
03-09 05:02:36.849 1219 1248 E tlogd : [StorageChecker](listDirFile) FileName is /data/tlog/persist/804_persist_00731_700101_080009.log
03-09 05:02:36.849 1219 1248 E tlogd : [StorageChecker](listDirFile) regular file
03-09 05:02:36.849 1219 1248 E tlogd : [StorageChecker](listDirFile) FileName is /data/tlog/persist/803_persist_00716_700101_080009.log
03-09 05:02:36.849 1219 1248 E tlogd : [StorageChecker](listDirFile) regular file
03-09 05:02:36.849 1219 1248 E tlogd : [StorageChecker](listDirFile) FileName is /data/tlog/persist/804_persist_00733_700101_080009.log
03-09 05:02:36.849 1219 1248 E tlogd : [StorageChecker](listDirFile) regular file
03-09 05:02:36.849 1219 1248 E tlogd : [StorageChecker](listDirFile) FileName is /data/tlog/persist/804_persist_00739_230309_050236.log
03-09 05:02:36.849 1219 1248 E tlogd : [StorageChecker](listDirFile) regular file
03-09 05:02:36.849 1219 1248 E tlogd : [StorageChecker](listDirFile) FileName is /data/tlog/persist/805_persist_00744_700101_080009.log
03-09 05:02:36.849 1219 1248 E tlogd : [StorageChecker](listDirFile) regular file
03-09 05:02:36.849 1219 1248 E tlogd : [StorageChecker](listDirFile) FileName is /data/tlog/persist/805_persist_00757_230309_050238.log.ing
03-09 05:02:36.849 2619 2640 D QCCAuthMgr: SMQContentProvider query uri: content://com.qti.smq.Feedback.provider/smq_settings, selection: key=?, uri_matcher: 1
03-09 05:02:36.849 1219 1248 E tlogd : [StorageChecker](listDirFile) regular file
03-09 05:02:36.849 1219 1248 E tlogd : [StorageChecker](listDirFile) FileName is /data/tlog/persist/806_persist_00761_700101_080009.log
03-09 05:02:36.849 1219 1248 E tlogd : [StorageChecker](listDirFile) regular file
03-09 05:02:36.849 1219 1248 E tlogd : [StorageChecker](listDirFile) FileName is /data/tlog/persist/807_persist_00773_700101_080010.log
03-09 05:02:36.849 1219 1248 E tlogd : [StorageChecker](listDirFile) regular file
03-09 05:02:36.849 1219 1248 E tlogd : [StorageChecker](listDirFile) FileName is /data/tlog/persist/807_persist_00779_700101_080010.log
03-09 05:02:36.849 1219 1248 E tlogd : [StorageChecker](listDirFile) regular file
03-09 05:02:36.849 1219 1248 E tlogd : [StorageChecker](listDirFile) FileName is /data/tlog/persist/809_persist_00808_230309_050235.log
03-09 05:02:36.849 1219 1248 E tlogd : [StorageChecker](listDirFile) regular file
03-09 05:02:36.849 1219 1248 E tlogd : [StorageChecker](listDirFile) FileName is /data/tlog/persist/812_persist_00842_700101_080009.log
03-09 05:02:36.849 1219 1248 E tlogd : [StorageChecker](listDirFile) regular file
03-09 05:02:36.849 1219 1248 E tlogd : [StorageChecker](listDirFile) FileName is /data/tlog/persist/810_persist_00821_700101_080011.log
03-09 05:02:36.849 1219 1248 E tlogd : [StorageChecker](listDirFile) regular file
03-09 05:02:36.849 1219 1248 E tlogd : [StorageChecker](listDirFile) FileName is /data/tlog/persist/812_persist_00843_700101_080009.log
03-09 05:02:36.849 1219 1248 E tlogd : [StorageChecker](listDirFile) regular file
03-09 05:02:36.849 1219 1248 E tlogd : [StorageChecker](listDirFile) FileName is /data/tlog/persist/812_persist_00854_230309_050238.log
03-09 05:02:36.849 1219 1248 E tlogd : [StorageChecker](listDirFile) regular file
03-09 05:02:36.849 1219 1248 E tlogd : [StorageChecker](listDirFile) FileName is /data/tlog/persist/813_persist_00867_230309_050237.log
03-09 05:02:36.849 1219 1248 E tlogd : [StorageChecker](listDirFile) regular file
03-09 05:02:36.849 1219 1248 E tlogd : [StorageChecker](listDirFile) FileName is /data/tlog/persist/814_persist_00876_700101_080010.log
03-09 05:02:36.849 1219 1248 E tlogd : [StorageChecker](listDirFile) regular file
03-09 05:02:36.849 1219 1248 E tlogd : [StorageChecker](listDirFile) FileName is /data/tlog/persist/814_persist_00877_230309_050235.log
03-09 05:02:36.849 1219 1248 E tlogd : [StorageChecker](listDirFile) regular file
03-09 05:02:36.849 1219 1248 E tlogd : [StorageChecker](listDirFile) FileName is /data/tlog/persist/814_persist_00881_230309_050237.log
03-09 05:02:36.850 1219 1248 E tlogd : [StorageChecker](listDirFile) regular file
03-09 05:02:36.850 1219 1248 E tlogd : [StorageChecker](listDirFile) FileName is /data/tlog/persist/814_persist_00878_230309_050235.log
03-09 05:02:36.850 1224 1224 E ANDR-IOP: IIop:: Iop HAL Service is not available.
03-09 05:02:36.850 1219 1248 E tlogd : [StorageChecker](listDirFile) regular file
03-09 05:02:36.850 1219 1248 E tlogd : [StorageChecker](listDirFile) FileName is /data/tlog/persist/815_persist_00892_230309_050236.log
03-09 05:02:36.850 1219 1248 E tlogd : [StorageChecker](listDirFile) regular file
03-09 05:02:36.850 1219 1248 E tlogd : [StorageChecker](listDirFile) FileName is /data/tlog/persist/816_persist_00897_700101_080009.log
03-09 05:02:36.850 1219 1248 E tlogd : [StorageChecker](listDirFile) regular file
03-09 05:02:36.850 1219 1248 E tlogd : [StorageChecker](listDirFile) FileName is /data/tlog/persist/817_persist_00910_700101_080009.log
03-09 05:02:36.850 1219 1248 E tlogd : [StorageChecker](listDirFile) regular file
03-09 05:02:36.850 1219 1248 E tlogd : [StorageChecker](listDirFile) FileName is /data/tlog/persist/817_persist_00911_700101_080009.log
03-09 05:02:36.850 1219 1248 E tlogd : [StorageChecker](listDirFile) regular file
01-01 08:00:13.060 0 0 I binder : 2646:2646 ioctl 40046210 7ff4f779d4 returned -22
03-09 05:02:36.850 1219 1248 E tlogd : [StorageChecker](listDirFile) FileName is /data/tlog/persist/818_persist_00927_700101_080009.log
03-09 05:02:36.850 1219 1248 E tlogd : [StorageChecker](listDirFile) regular file
03-09 05:02:36.850 1219 1248 E tlogd : [StorageChecker](listDirFile) FileName is /data/tlog/persist/818_persist_00929_700101_080009.log
03-09 05:02:36.850 1219 1248 E tlogd : [StorageChecker](listDirFile) regular file
03-09 05:02:36.850 1219 1248 E tlogd : [StorageChecker](listDirFile) FileName is /data/tlog/persist/819_persist_00941_700101_080009.log
03-09 05:02:36.850 1219 1248 E tlogd : [StorageChecker](listDirFile) regular file
03-09 05:02:36.850 1219 1248 E tlogd : [StorageChecker](listDirFile) FileName is /data/tlog/persist/819_persist_00947_230309_050237.log
03-09 05:02:36.850 1219 1248 E tlogd : [StorageChecker](listDirFile) regular file
03-09 05:02:36.850 1219 1248 E tlogd : [StorageChecker](listDirFile) FileName is /data/tlog/persist/820_persist_00951_700101_080009.log
03-09 05:02:36.850 1219 1248 E tlogd : [StorageChecker](listDirFile) regular file
03-09 05:02:36.850 1219 1248 E tlogd : [StorageChecker](listDirFile) FileName is /data/tlog/persist/820_persist_00962_230309_050237.log
03-09 05:02:36.850 1219 1248 E tlogd : [StorageChecker](listDirFile) regular file
03-09 05:02:36.850 1219 1248 E tlogd : [StorageChecker](listDirFile) FileName is /data/tlog/persist/821_persist_00969_700101_080009.log
03-09 05:02:36.850 1219 1248 E tlogd : [StorageChecker](listDirFile) regular file
03-09 05:02:36.850 1219 1248 E tlogd : [StorageChecker](listDirFile) FileName is /data/tlog/persist/821_persist_00972_230309_050235.log
03-09 05:02:36.850 1219 1248 E tlogd : [StorageChecker](listDirFile) regular file
03-09 05:02:36.850 1219 1248 E tlogd : [StorageChecker](listDirFile) FileName is /data/tlog/persist/822_persist_00981_700101_080009.log
03-09 05:02:36.850 1219 1248 E tlogd : [StorageChecker](listDirFile) regular file
03-09 05:02:36.850 1219 1248 E tlogd : [StorageChecker](listDirFile) FileName is /data/tlog/persist/822_persist_00983_700101_080009.log
03-09 05:02:36.850 1219 1248 E tlogd : [StorageChecker](listDirFile) regular file
03-09 05:02:36.850 1219 1248 E tlogd : [StorageChecker](listDirFile) FileName is /data/tlog/persist/977_persist_00001_230309_050238.log
03-09 05:02:36.850 1219 1248 E tlogd : [StorageChecker](listDirFile) regular file
03-09 05:02:36.850 1219 1248 E tlogd : [StorageChecker](listDirFile) FileName is /data/tlog/persist/995_persist_00002_700101_080009.log
03-09 05:02:36.850 1219 1248 E tlogd : [StorageChecker](listDirFile) regular file
03-09 05:02:36.850 1219 1248 E tlogd : [StorageChecker](listDirFile) FileName is /data/tlog/persist/978_persist_00001_230309_050239.log
03-09 05:02:36.850 1219 1248 E tlogd : [StorageChecker](listDirFile) regular file
03-09 05:02:36.850 1219 1248 E tlogd : [StorageChecker](listDirFile) FileName is /data/tlog/persist/978_persist_00001_230309_050240.log
03-09 05:02:36.850 1219 1248 E tlogd : [StorageChecker](listDirFile) regular file
03-09 05:02:36.850 1219 1248 E tlogd : [StorageChecker](listDirFile) FileName is /data/tlog/persist/980_persist_00001_230309_050236.log
03-09 05:02:36.850 1219 1248 E tlogd : [StorageChecker](listDirFile) regular file
03-09 05:02:36.850 1219 1248 E tlogd : [StorageChecker](listDirFile) FileName is /data/tlog/persist/985_persist_00001_230309_050235.log
03-09 05:02:36.850 1219 1248 E tlogd : [StorageChecker](listDirFile) regular file
03-09 05:02:36.850 1219 1248 E tlogd : [StorageChecker](listDirFile) FileName is /data/tlog/persist/985_persist_00001_700101_080009.log
03-09 05:02:36.850 1219 1248 E tlogd : [StorageChecker](listDirFile) regular file
03-09 05:02:36.850 1219 1248 E tlogd : [StorageChecker](listDirFile) FileName is /data/tlog/persist/986_persist_00001_700101_080010.log
03-09 05:02:36.850 1219 1248 E tlogd : [StorageChecker](listDirFile) regular file
03-09 05:02:36.850 1219 1248 E tlogd : [StorageChecker](listDirFile) FileName is /data/tlog/persist/784_persist_00457_700101_080010.log
03-09 05:02:36.850 1219 1248 E tlogd : [StorageChecker](listDirFile) regular file
03-09 05:02:36.850 1219 1248 E tlogd : [StorageChecker](listDirFile) FileName is /data/tlog/persist/785_persist_00469_700101_080009.log
03-09 05:02:36.850 1219 1248 E tlogd : [StorageChecker](listDirFile) regular file
03-09 05:02:36.850 1219 1248 E tlogd : [StorageChecker](listDirFile) FileName is /data/tlog/persist/786_persist_00479_700101_080009.log
03-09 05:02:36.850 1219 1248 E tlogd : [StorageChecker](listDirFile) regular file
03-09 05:02:36.850 1219 1248 E tlogd : [StorageChecker](listDirFile) FileName is /data/tlog/persist/787_persist_00495_700101_080010.log
03-09 05:02:36.850 1219 1248 E tlogd : [StorageChecker](listDirFile) regular file
03-09 05:02:36.850 1219 1248 E tlogd : [StorageChecker](listDirFile) FileName is /data/tlog/persist/787_persist_00503_230309_050237.log
03-09 05:02:36.850 1219 1248 E tlogd : [StorageChecker](listDirFile) regular file
03-09 05:02:36.850 1219 1248 E tlogd : [StorageChecker](listDirFile) FileName is /data/tlog/persist/788_persist_00506_700101_080009.log
03-09 05:02:36.850 1219 1248 E tlogd : [StorageChecker](listDirFile) regular file
03-09 05:02:36.851 1219 1248 E tlogd : [StorageChecker](listDirFile) FileName is /data/tlog/persist/788_persist_00517_230309_050238.log
03-09 05:02:36.851 1219 1248 E tlogd : [StorageChecker](listDirFile) regular file
03-09 05:02:36.851 1219 1248 E tlogd : [StorageChecker](listDirFile) FileName is /data/tlog/persist/789_persist_00520_700101_080010.log
03-09 05:02:36.851 1219 1248 E tlogd : [StorageChecker](listDirFile) regular file
03-09 05:02:36.851 1219 1248 E tlogd : [StorageChecker](listDirFile) FileName is /data/tlog/persist/789_persist_00525_700101_080010.log
03-09 05:02:36.851 1219 1248 E tlogd : [StorageChecker](listDirFile) regular file
03-09 05:02:36.851 1219 1248 E tlogd : [StorageChecker](listDirFile) FileName is /data/tlog/persist/790_persist_00532_700101_080009.log
03-09 05:02:36.851 1219 1248 E tlogd : [StorageChecker](listDirFile) regular file
03-09 05:02:36.851 1219 1248 E tlogd : [StorageChecker](listDirFile) FileName is /data/tlog/persist/790_persist_00533_700101_080009.log
03-09 05:02:36.851 1219 1248 E tlogd : [StorageChecker](listDirFile) regular file
03-09 05:02:36.851 1219 1248 E tlogd : [StorageChecker](listDirFile) FileName is /data/tlog/persist/790_persist_00535_700101_080009.log
03-09 05:02:36.851 1219 1248 E tlogd : [StorageChecker](listDirFile) regular file
03-09 05:02:36.851 1219 1248 E tlogd : [StorageChecker](listDirFile) FileName is /data/tlog/persist/790_persist_00540_230309_050235.log
03-09 05:02:36.851 1219 1248 E tlogd : [StorageChecker](listDirFile) regular file
03-09 05:02:36.851 1219 1248 E tlogd : [StorageChecker](listDirFile) FileName is /data/tlog/persist/791_persist_00548_700101_080009.log
03-09 05:02:36.851 1219 1248 E tlogd : [StorageChecker](listDirFile) regular file
03-09 05:02:36.851 1219 1248 E tlogd : [StorageChecker](listDirFile) FileName is /data/tlog/persist/792_persist_00562_700101_080009.log
03-09 05:02:36.851 1219 1248 E tlogd : [StorageChecker](listDirFile) regular file
03-09 05:02:36.851 1219 1248 E tlogd : [StorageChecker](listDirFile) FileName is /data/tlog/persist/792_persist_00570_230309_050237.log
03-09 05:02:36.851 1219 1248 E tlogd : [StorageChecker](listDirFile) regular file
03-09 05:02:36.851 1219 1248 E tlogd : [StorageChecker](listDirFile) FileName is /data/tlog/persist/793_persist_00580_700101_080009.log
03-09 05:02:36.851 1219 1248 E tlogd : [StorageChecker](listDirFile) regular file
03-09 05:02:36.851 1219 1248 E tlogd : [StorageChecker](listDirFile) FileName is /data/tlog/persist/794_persist_00592_700101_080009.log
03-09 05:02:36.851 1219 1248 E tlogd : [StorageChecker](listDirFile) regular file
03-09 05:02:36.851 1219 1248 E tlogd : [StorageChecker](listDirFile) FileName is /data/tlog/persist/793_persist_00582_230309_050235.log
03-09 05:02:36.851 1219 1248 E tlogd : [StorageChecker](listDirFile) regular file
03-09 05:02:36.851 1219 1248 E tlogd : [StorageChecker](listDirFile) FileName is /data/tlog/persist/793_persist_00586_230309_050237.log
03-09 05:02:36.851 1219 1248 E tlogd : [StorageChecker](listDirFile) regular file
03-09 05:02:36.851 1219 1248 E tlogd : [StorageChecker](listDirFile) FileName is /data/tlog/persist/795_persist_00604_700101_080009.log
