03-09 05:02:38.130 1219 1248 E tlogd : [StorageChecker](listDirFile) FileName is /data/tlog/persist/kernel/782_kernel_00061_700101_080010.log.ing
03-09 05:02:38.130 1219 1248 E tlogd : [StorageChecker](listDirFile) regular file
03-09 05:02:38.130 1219 1248 E tlogd : [StorageChecker](listDirFile) FileName is /data/tlog/persist/kernel/782_kernel_00060_700101_080009.log
03-09 05:02:38.130 1219 1248 E tlogd : [StorageChecker](listDirFile) regular file
03-09 05:02:38.130 1219 1248 E tlogd : [StorageChecker](listDirFile) FileName is /data/tlog/persist/kernel/783_kernel_00063_700101_080010.log.ing
03-09 05:02:38.130 1219 1248 E tlogd : [StorageChecker](listDirFile) regular file
03-09 05:02:38.130 1219 1248 E tlogd : [StorageChecker](listDirFile) FileName is /data/tlog/persist/kernel/783_kernel_00062_700101_080009.log
03-09 05:02:38.130 1219 1248 E tlogd : [StorageChecker](listDirFile) regular file
03-09 05:02:38.130 1219 1248 E tlogd : [StorageChecker](listDirFile) FileName is /data/tlog/persist/kernel/784_kernel_00065_700101_080010.log.ing
03-09 05:02:38.130 1219 1248 E tlogd : [StorageChecker](listDirFile) regular file
03-09 05:02:38.130 1219 1248 E tlogd : [StorageChecker](listDirFile) FileName is /data/tlog/persist/kernel/784_kernel_00064_700101_080009.log
03-09 05:02:38.130 1219 1248 E tlogd : [StorageChecker](listDirFile) regular file
03-09 05:02:38.130 1219 1248 E tlogd : [StorageChecker](listDirFile) FileName is /data/tlog/persist/kernel/785_kernel_00067_700101_080010.log.ing
03-09 05:02:38.130 1219 1248 E tlogd : [StorageChecker](listDirFile) regular file
03-09 05:02:38.130 1219 1248 E tlogd : [StorageChecker](listDirFile) FileName is /data/tlog/persist/kernel/785_kernel_00066_700101_080009.log
03-09 05:02:38.130 1219 1248 E tlogd : [StorageChecker](listDirFile) regular file
03-09 05:02:38.130 509 3158 I hwservicemanager: Tried to start vendor.qti.hardware.iop@2.0::IIop/default as a lazy service, but was unable to. Usually this happens when a service is not installed, but if the service is intended to be used as a lazy service, then it may be configured incorrectly.
03-09 05:02:38.130 1219 1248 E tlogd : [StorageChecker](listDirFile) FileName is /data/tlog/persist/kernel/786_kernel_00069_700101_080010.log.ing
03-09 05:02:38.130 1219 1248 E tlogd : [StorageChecker](listDirFile) regular file
03-09 05:02:38.130 1219 1248 E tlogd : [StorageChecker](listDirFile) FileName is /data/tlog/persist/kernel/786_kernel_00068_700101_080009.log
03-09 05:02:38.130 1219 1248 E tlogd : [StorageChecker](listDirFile) regular file
03-09 05:02:38.130 1219 1248 E tlogd : [StorageChecker](listDirFile) FileName is /data/tlog/persist/kernel/787_kernel_00071_700101_080010.log.ing
03-09 05:02:38.130 1219 1248 E tlogd : [StorageChecker](listDirFile) regular file
03-09 05:02:38.130 1219 1248 E tlogd : [StorageChecker](listDirFile) FileName is /data/tlog/persist/kernel/787_kernel_00070_700101_080009.log
03-09 05:02:38.130 1219 1248 E tlogd : [StorageChecker](listDirFile) regular file
03-09 05:02:38.130 1219 1248 E tlogd : [StorageChecker](listDirFile) FileName is /data/tlog/persist/kernel/789_kernel_00075_700101_080010.log.ing
03-09 05:02:38.130 1219 1248 E tlogd : [StorageChecker](listDirFile) regular file
03-09 05:02:38.130 1219 1248 E tlogd : [StorageChecker](listDirFile) FileName is /data/tlog/persist/kernel/788_kernel_00072_700101_080009.log
03-09 05:02:38.130 1219 1248 E tlogd : [StorageChecker](listDirFile) regular file
03-09 05:02:38.130 1219 1248 E tlogd : [StorageChecker](listDirFile) FileName is /data/tlog/persist/kernel/790_kernel_00076_700101_080009.log
03-09 05:02:38.130 1219 1248 E tlogd : [StorageChecker](listDirFile) regular file
03-09 05:02:38.130 1219 1248 E tlogd : [StorageChecker](listDirFile) FileName is /data/tlog/persist/kernel/790_kernel_00077_700101_080009.log.ing
03-09 05:02:38.130 1219 1248 E tlogd : [StorageChecker](listDirFile) regular file
03-09 05:02:38.130 1219 1248 E tlogd : [StorageChecker](listDirFile) FileName is /data/tlog/persist/kernel/791_kernel_00078_700101_080009.log
03-09 05:02:38.130 1219 1248 E tlogd : [StorageChecker](listDirFile) regular file
03-09 05:02:38.130 1219 1248 E tlogd : [StorageChecker](listDirFile) FileName is /data/tlog/persist/kernel/791_kernel_00079_700101_080010.log.ing
03-09 05:02:38.130 1219 1248 E tlogd : [StorageChecker](listDirFile) regular file
03-09 05:02:38.130 1219 1248 E tlogd : [StorageChecker](listDirFile) FileName is /data/tlog/persist/kernel/792_kernel_00080_700101_080009.log
03-09 05:02:38.130 1219 1248 E tlogd : [StorageChecker](listDirFile) regular file
03-09 05:02:38.130 1219 1248 E tlogd : [StorageChecker](listDirFile) FileName is /data/tlog/persist/kernel/793_kernel_00083_700101_080010.log.ing
03-09 05:02:38.130 1219 1248 E tlogd : [StorageChecker](listDirFile) regular file
03-09 05:02:38.130 1219 1248 E tlogd : [StorageChecker](listDirFile) FileName is /data/tlog/persist/kernel/796_kernel_00089_700101_080010.log.ing
03-09 05:02:38.130 1219 1248 E tlogd : [StorageChecker](listDirFile) regular file
03-09 05:02:38.130 1219 1248 E tlogd : [StorageChecker](listDirFile) FileName is /data/tlog/persist/kernel/795_kernel_00086_700101_080009.log
03-09 05:02:38.130 1219 1248 E tlogd : [StorageChecker](listDirFile) regular file
03-09 05:02:38.130 1219 1248 E tlogd : [StorageChecker](listDirFile) FileName is /data/tlog/persist/kernel/797_kernel_00090_700101_080009.log
03-09 05:02:38.130 1219 1248 E tlogd : [StorageChecker](listDirFile) regular file
03-09 05:02:38.130 1219 1248 E tlogd : [StorageChecker](listDirFile) FileName is /data/tlog/persist/kernel/798_kernel_00093_700101_080010.log.ing
03-09 05:02:38.130 1219 1248 E tlogd : [StorageChecker](listDirFile) regular file
03-09 05:02:38.130 1219 1248 E tlogd : [StorageChecker](listDirFile) FileName is /data/tlog/persist/kernel/800_kernel_00097_700101_080010.log.ing
03-09 05:02:38.130 1219 1248 E tlogd : [StorageChecker](listDirFile) regular file
03-09 05:02:38.130 1219 1248 E tlogd : [StorageChecker](listDirFile) FileName is /data/tlog/persist/kernel/802_kernel_00101_700101_080010.log.ing
03-09 05:02:38.130 1219 1248 E tlogd : [StorageChecker](listDirFile) regular file
03-09 05:02:38.130 1219 1248 E tlogd : [StorageChecker](listDirFile) FileName is /data/tlog/persist/kernel/801_kernel_00098_700101_080009.log
03-09 05:02:38.130 1219 1248 E tlogd : [StorageChecker](listDirFile) regular file
03-09 05:02:38.130 1219 1248 E tlogd : [StorageChecker](listDirFile) FileName is /data/tlog/persist/kernel/804_kernel_00105_700101_080009.log.ing
03-09 05:02:38.130 1219 1248 E tlogd : [StorageChecker](listDirFile) regular file
03-09 05:02:38.130 1219 1248 E tlogd : [StorageChecker](listDirFile) FileName is /data/tlog/persist/kernel/806_kernel_00109_700101_080009.log.ing
03-09 05:02:38.130 1219 1248 E tlogd : [StorageChecker](listDirFile) regular file
03-09 05:02:38.130 1219 1248 E tlogd : [StorageChecker](listDirFile) FileName is /data/tlog/persist/kernel/805_kernel_00106_700101_080009.log
03-09 05:02:38.130 1219 1248 E tlogd : [StorageChecker](listDirFile) regular file
03-09 05:02:38.130 1219 1248 E tlogd : [StorageChecker](listDirFile) FileName is /data/tlog/persist/kernel/807_kernel_00111_700101_080010.log.ing
03-09 05:02:38.130 1219 1248 E tlogd : [StorageChecker](listDirFile) regular file
03-09 05:02:38.130 1219 1248 E tlogd : [StorageChecker](listDirFile) FileName is /data/tlog/persist/kernel/809_kernel_00115_700101_080009.log.ing
03-09 05:02:38.130 1219 1248 E tlogd : [StorageChecker](listDirFile) regular file
03-09 05:02:38.130 1219 1248 E tlogd : [StorageChecker](listDirFile) FileName is /data/tlog/persist/kernel/808_kernel_00112_700101_080009.log
03-09 05:02:38.130 1219 1248 E tlogd : [StorageChecker](listDirFile) regular file
03-09 05:02:38.130 1219 1248 E tlogd : [StorageChecker](listDirFile) FileName is /data/tlog/persist/kernel/810_kernel_00117_700101_080010.log.ing
03-09 05:02:38.130 509 3163 W libc : Unable to set property "ctl.interface_start" to "vendor.qti.hardware.iop@2.0::IIop/default": error code: 0x20
03-09 05:02:38.130 1219 1248 E tlogd : [StorageChecker](listDirFile) regular file
03-09 05:02:38.130 1219 1248 E tlogd : [StorageChecker](listDirFile) FileName is /data/tlog/persist/kernel/811_kernel_00119_700101_080010.log.ing
03-09 05:02:38.130 1219 1248 E tlogd : [StorageChecker](listDirFile) regular file
03-09 05:02:38.130 1219 1248 E tlogd : [StorageChecker](listDirFile) FileName is /data/tlog/persist/kernel/811_kernel_00118_700101_080009.log
03-09 05:02:38.130 1219 1248 E tlogd : [StorageChecker](listDirFile) regular file
03-09 05:02:38.130 1219 1248 E tlogd : [StorageChecker](listDirFile) FileName is /data/tlog/persist/kernel/812_kernel_00120_700101_080009.log
03-09 05:02:38.130 1219 1248 E tlogd : [StorageChecker](listDirFile) regular file
03-09 05:02:38.130 1219 1248 E tlogd : [StorageChecker](listDirFile) FileName is /data/tlog/persist/kernel/812_kernel_00121_700101_080010.log.ing
03-09 05:02:38.130 1219 1248 E tlogd : [StorageChecker](listDirFile) regular file
03-09 05:02:38.131 1219 1248 E tlogd : [StorageChecker](listDirFile) FileName is /data/tlog/persist/kernel/813_kernel_00123_700101_080010.log.ing
03-09 05:02:38.131 1219 1248 E tlogd : [StorageChecker](listDirFile) regular file
03-09 05:02:38.131 1219 1248 E tlogd : [StorageChecker](listDirFile) FileName is /data/tlog/persist/kernel/814_kernel_00124_700101_080009.log
03-09 05:02:38.131 1219 1248 E tlogd : [StorageChecker](listDirFile) regular file
03-09 05:02:38.131 509 3163 I hwservicemanager: Tried to start vendor.qti.hardware.iop@2.0::IIop/default as a lazy service, but was unable to. Usually this happens when a service is not installed, but if the service is intended to be used as a lazy service, then it may be configured incorrectly.
03-09 05:02:38.131 1219 1248 E tlogd : [StorageChecker](listDirFile) FileName is /data/tlog/persist/kernel/814_kernel_00125_700101_080010.log.ing
03-09 05:02:38.131 1219 1248 E tlogd : [StorageChecker](listDirFile) regular file
03-09 05:02:38.131 1219 1248 E tlogd : [StorageChecker](listDirFile) FileName is /data/tlog/persist/kernel/815_kernel_00126_700101_080009.log
03-09 05:02:38.131 1219 1248 E tlogd : [StorageChecker](listDirFile) regular file
03-09 05:02:38.131 1219 1248 E tlogd : [StorageChecker](listDirFile) FileName is /data/tlog/persist/kernel/815_kernel_00127_700101_080010.log.ing
03-09 05:02:38.131 1219 1248 E tlogd : [StorageChecker](listDirFile) regular file
03-09 05:02:38.131 1219 1248 E tlogd : [StorageChecker](listDirFile) FileName is /data/tlog/persist/kernel/817_kernel_00130_700101_080009.log
03-09 05:02:38.131 1219 1248 E tlogd : [StorageChecker](listDirFile) regular file
03-09 05:02:38.131 1219 1248 E tlogd : [StorageChecker](listDirFile) FileName is /data/tlog/persist/kernel/818_kernel_00133_700101_080010.log.ing
03-09 05:02:38.131 1219 1248 E tlogd : [StorageChecker](listDirFile) regular file
03-09 05:02:38.131 1219 1248 E tlogd : [StorageChecker](listDirFile) FileName is /data/tlog/persist/kernel/819_kernel_00134_700101_080009.log
03-09 05:02:38.131 1219 1248 E tlogd : [StorageChecker](listDirFile) regular file
03-09 05:02:38.131 1219 1248 E tlogd : [StorageChecker](listDirFile) FileName is /data/tlog/persist/kernel/820_kernel_00137_700101_080009.log.ing
03-09 05:02:38.131 1219 1248 E tlogd : [StorageChecker](listDirFile) regular file
03-09 05:02:38.131 1219 1248 E tlogd : [StorageChecker](listDirFile) FileName is /data/tlog/persist/kernel/820_kernel_00136_700101_080009.log
03-09 05:02:38.131 1219 1248 E tlogd : [StorageChecker](listDirFile) regular file
03-09 05:02:38.131 1219 1248 E tlogd : [StorageChecker](listDirFile) FileName is /data/tlog/persist/kernel/824_kernel_00144_700101_080009.log
03-09 05:02:38.131 1219 1248 E tlogd : [StorageChecker](listDirFile) regular file
03-09 05:02:38.131 1219 1248 E tlogd : [StorageChecker](listDirFile) FileName is /data/tlog/persist/kernel/821_kernel_00138_700101_080009.log
03-09 05:02:38.131 1219 1248 E tlogd : [StorageChecker](listDirFile) regular file
03-09 05:02:38.131 1219 1248 E tlogd : [StorageChecker](listDirFile) FileName is /data/tlog/persist/kernel/825_kernel_00147_700101_080010.log.ing
03-09 05:02:38.131 1219 1248 E tlogd : [StorageChecker](listDirFile) regular file
03-09 05:02:38.131 1219 1248 E tlogd : [StorageChecker](listDirFile) FileName is /data/tlog/persist/kernel/826_kernel_00148_700101_080009.log
03-09 05:02:38.131 1219 1248 E tlogd : [StorageChecker](listDirFile) regular file
03-09 05:02:38.131 1219 1248 E tlogd : [StorageChecker](listDirFile) FileName is /data/tlog/persist/kernel/827_kernel_00151_700101_080010.log.ing
03-09 05:02:38.131 1219 1248 E tlogd : [StorageChecker](listDirFile) regular file
03-09 05:02:38.131 1219 1248 E tlogd : [StorageChecker](listDirFile) FileName is /data/tlog/persist/kernel/827_kernel_00150_700101_080009.log
03-09 05:02:38.131 1219 1248 E tlogd : [StorageChecker](listDirFile) regular file
03-09 05:02:38.131 1219 1248 E tlogd : [StorageChecker](listDirFile) FileName is /data/tlog/persist/kernel/832_kernel_00161_700101_080010.log.ing
03-09 05:02:38.131 1219 1248 E tlogd : [StorageChecker](listDirFile) regular file
03-09 05:02:38.131 1219 1248 E tlogd : [StorageChecker](listDirFile) FileName is /data/tlog/persist/kernel/828_kernel_00152_700101_080009.log
03-09 05:02:38.131 1219 1248 E tlogd : [StorageChecker](listDirFile) regular file
03-09 05:02:38.131 1219 1248 E tlogd : [StorageChecker](listDirFile) FileName is /data/tlog/persist/kernel/831_kernel_00158_700101_080009.log
03-09 05:02:38.131 1219 1248 E tlogd : [StorageChecker](listDirFile) regular file
03-09 05:02:38.131 1219 1248 E tlogd : [StorageChecker](listDirFile) FileName is /data/tlog/persist/kernel/833_kernel_00162_700101_080009.log
03-09 05:02:38.131 1219 1248 E tlogd : [StorageChecker](listDirFile) regular file
03-09 05:02:38.131 1219 1248 E tlogd : [StorageChecker](listDirFile) FileName is /data/tlog/persist/kernel/833_kernel_00163_700101_080010.log.ing
03-09 05:02:38.131 1219 1248 E tlogd : [StorageChecker](listDirFile) regular file
03-09 05:02:38.131 1219 1248 E tlogd : [StorageChecker](listDirFile) FileName is /data/tlog/persist/kernel/835_kernel_00167_700101_080010.log.ing
03-09 05:02:38.131 1219 1248 E tlogd : [StorageChecker](listDirFile) regular file
03-09 05:02:38.131 1219 1248 E tlogd : [StorageChecker](listDirFile) FileName is /data/tlog/persist/kernel/834_kernel_00164_700101_080009.log
03-09 05:02:38.131 1219 1248 E tlogd : [StorageChecker](listDirFile) regular file
03-09 05:02:38.131 1219 1248 E tlogd : [StorageChecker](listDirFile) FileName is /data/tlog/persist/kernel/836_kernel_00169_700101_080010.log.ing
03-09 05:02:38.131 1219 1248 E tlogd : [StorageChecker](listDirFile) regular file
03-09 05:02:38.131 1219 1248 E tlogd : [StorageChecker](listDirFile) FileName is /data/tlog/persist/kernel/837_kernel_00171_700101_080010.log.ing
03-09 05:02:38.131 1219 1248 E tlogd : [StorageChecker](listDirFile) regular file
03-09 05:02:38.131 1219 1248 E tlogd : [StorageChecker](listDirFile) FileName is /data/tlog/persist/kernel/838_kernel_00173_700101_080010.log.ing
03-09 05:02:38.131 1219 1248 E tlogd : [StorageChecker](listDirFile) regular file
03-09 05:02:38.131 1219 1248 E tlogd : [StorageChecker](listDirFile) FileName is /data/tlog/persist/kernel/838_kernel_00172_700101_080009.log
03-09 05:02:38.131 1219 1248 E tlogd : [StorageChecker](listDirFile) regular file
03-09 05:02:38.131 1219 1248 E tlogd : [StorageChecker](listDirFile) FileName is /data/tlog/persist/kernel/839_kernel_00175_700101_080010.log.ing
03-09 05:02:38.131 1219 1248 E tlogd : [StorageChecker](listDirFile) regular file
03-09 05:02:38.131 1219 1248 E tlogd : [StorageChecker](listDirFile) FileName is /data/tlog/persist/kernel/839_kernel_00174_700101_080009.log
03-09 05:02:38.131 1219 1248 E tlogd : [StorageChecker](listDirFile) regular file
03-09 05:02:38.131 1219 1248 E tlogd : [StorageChecker](listDirFile) FileName is /data/tlog/persist/kernel/842_kernel_00181_700101_080010.log.ing
03-09 05:02:38.131 1219 1248 E tlogd : [StorageChecker](listDirFile) regular file
03-09 05:02:38.131 1219 1248 E tlogd : [StorageChecker](listDirFile) FileName is /data/tlog/persist/kernel/843_kernel_00182_700101_080009.log
03-09 05:02:38.131 1219 1248 E tlogd : [StorageChecker](listDirFile) regular file
03-09 05:02:38.131 1219 1248 E tlogd : [StorageChecker](listDirFile) FileName is /data/tlog/persist/kernel/846_kernel_00188_700101_080009.log
03-09 05:02:38.131 1219 1248 E tlogd : [StorageChecker](listDirFile) regular file
03-09 05:02:38.131 1219 1248 E tlogd : [StorageChecker](listDirFile) FileName is /data/tlog/persist/kernel/844_kernel_00184_700101_080009.log
03-09 05:02:38.131 1219 1248 E tlogd : [StorageChecker](listDirFile) regular file
03-09 05:02:38.131 1219 1248 E tlogd : [StorageChecker](listDirFile) FileName is /data/tlog/persist/kernel/848_kernel_00192_700101_080009.log
03-09 05:02:38.131 1219 1248 E tlogd : [StorageChecker](listDirFile) regular file
03-09 05:02:38.131 1219 1248 E tlogd : [StorageChecker](listDirFile) FileName is /data/tlog/persist/kernel/849_kernel_00194_700101_080009.log
03-09 05:02:38.131 1219 1248 E tlogd : [StorageChecker](listDirFile) regular file
03-09 05:02:38.131 1219 1248 E tlogd : [StorageChecker](listDirFile) FileName is /data/tlog/persist/kernel/849_kernel_00195_700101_080010.log.ing
03-09 05:02:38.131 1219 1248 E tlogd : [StorageChecker](listDirFile) regular file
03-09 05:02:38.131 1219 1248 E tlogd : [StorageChecker](listDirFile) FileName is /data/tlog/persist/kernel/851_kernel_00199_700101_080010.log.ing
03-09 05:02:38.131 1219 1248 E tlogd : [StorageChecker](listDirFile) regular file
03-09 05:02:38.131 1219 1248 E tlogd : [StorageChecker](listDirFile) FileName is /data/tlog/persist/kernel/851_kernel_00198_700101_080009.log
03-09 05:02:38.131 1219 1248 E tlogd : [StorageChecker](listDirFile) regular file
03-09 05:02:38.131 1219 1248 E tlogd : [StorageChecker](listDirFile) FileName is /data/tlog/persist/kernel/852_kernel_00200_700101_080009.log
03-09 05:02:38.131 1219 1248 E tlogd : [StorageChecker](listDirFile) regular file
03-09 05:02:38.131 1219 1248 E tlogd : [StorageChecker](listDirFile) FileName is /data/tlog/persist/kernel/853_kernel_00203_700101_080010.log.ing
03-09 05:02:38.131 1219 1248 E tlogd : [StorageChecker](listDirFile) regular file
03-09 05:02:38.131 1219 1248 E tlogd : [StorageChecker](listDirFile) FileName is /data/tlog/persist/kernel/858_kernel_00212_700101_080009.log
03-09 05:02:38.131 1219 1248 E tlogd : [StorageChecker](listDirFile) regular file
03-09 05:02:38.131 1219 1248 E tlogd : [StorageChecker](listDirFile) FileName is /data/tlog/persist/kernel/855_kernel_00206_700101_080009.log
03-09 05:02:38.131 1219 1248 E tlogd : [StorageChecker](listDirFile) regular file
03-09 05:02:38.131 1219 1248 E tlogd : [StorageChecker](listDirFile) FileName is /data/tlog/persist/kernel/788_kernel_00073_700101_080010.log.ing
03-09 05:02:38.131 1219 1248 E tlogd : [StorageChecker](listDirFile) regular file
03-09 05:02:38.131 1219 1248 E tlogd : [StorageChecker](listDirFile) FileName is /data/tlog/persist/kernel/792_kernel_00081_700101_080010.log.ing
03-09 05:02:38.131 1219 1248 E tlogd : [StorageChecker](listDirFile) regular file
03-09 05:02:38.131 1219 1248 E tlogd : [StorageChecker](listDirFile) FileName is /data/tlog/persist/kernel/789_kernel_00074_700101_080010.log
03-09 05:02:38.131 1219 1248 E tlogd : [StorageChecker](listDirFile) regular file
03-09 05:02:38.131 1219 1248 E tlogd : [StorageChecker](listDirFile) FileName is /data/tlog/persist/kernel/793_kernel_00082_700101_080009.log
03-09 05:02:38.131 1219 1248 E tlogd : [StorageChecker](listDirFile) regular file
03-09 05:02:38.131 1219 1248 E tlogd : [StorageChecker](listDirFile) FileName is /data/tlog/persist/kernel/794_kernel_00085_700101_080010.log.ing
03-09 05:02:38.131 1219 1248 E tlogd : [StorageChecker](listDirFile) regular file
03-09 05:02:38.131 1219 1248 E tlogd : [StorageChecker](listDirFile) FileName is /data/tlog/persist/kernel/794_kernel_00084_700101_080009.log
03-09 05:02:38.131 1219 1248 E tlogd : [StorageChecker](listDirFile) regular file
03-09 05:02:38.131 1203 3154 D SurfaceUtils: disconnecting from surface 0xf2600018, reason onConfigure
03-09 05:02:38.131 1219 1248 E tlogd : [StorageChecker](listDirFile) FileName is /data/tlog/persist/kernel/795_kernel_00087_700101_080010.log.ing
03-09 05:02:38.131 1219 1248 E tlogd : [StorageChecker](listDirFile) regular file
03-09 05:02:38.131 1219 1248 E tlogd : [StorageChecker](listDirFile) FileName is /data/tlog/persist/kernel/796_kernel_00088_700101_080009.log
03-09 05:02:38.131 1219 1248 E tlogd : [StorageChecker](listDirFile) regular file
03-09 05:02:38.131 1219 1248 E tlogd : [StorageChecker](listDirFile) FileName is /data/tlog/persist/kernel/797_kernel_00091_700101_080009.log.ing
03-09 05:02:38.131 1219 1248 E tlogd : [StorageChecker](listDirFile) regular file
03-09 05:02:38.131 1219 1248 E tlogd : [StorageChecker](listDirFile) FileName is /data/tlog/persist/kernel/799_kernel_00094_700101_080009.log
03-09 05:02:38.131 1219 1248 E tlogd : [StorageChecker](listDirFile) regular file
03-09 05:02:38.131 1219 1248 E tlogd : [StorageChecker](listDirFile) FileName is /data/tlog/persist/kernel/798_kernel_00092_700101_080009.log
03-09 05:02:38.131 1219 1248 E tlogd : [StorageChecker](listDirFile) regular file
03-09 05:02:38.131 1219 1248 E tlogd : [StorageChecker](listDirFile) FileName is /data/tlog/persist/kernel/799_kernel_00095_700101_080010.log.ing
03-09 05:02:38.131 1219 1248 E tlogd : [StorageChecker](listDirFile) regular file
03-09 05:02:38.131 1219 1248 E tlogd : [StorageChecker](listDirFile) FileName is /data/tlog/persist/kernel/800_kernel_00096_700101_080009.log
03-09 05:02:38.131 1219 1248 E tlogd : [StorageChecker](listDirFile) regular file
03-09 05:02:38.131 1219 1248 E tlogd : [StorageChecker](listDirFile) FileName is /data/tlog/persist/kernel/801_kernel_00099_700101_080009.log.ing
03-09 05:02:38.131 1219 1248 E tlogd : [StorageChecker](listDirFile) regular file
03-09 05:02:38.131 1219 1248 E tlogd : [StorageChecker](listDirFile) FileName is /data/tlog/persist/kernel/802_kernel_00100_700101_080009.log
03-09 05:02:38.131 1219 1248 E tlogd : [StorageChecker](listDirFile) regular file
03-09 05:02:38.131 1219 1248 E tlogd : [StorageChecker](listDirFile) FileName is /data/tlog/persist/kernel/803_kernel_00103_700101_080010.log.ing
03-09 05:02:38.131 1219 1248 E tlogd : [StorageChecker](listDirFile) regular file
03-09 05:02:38.131 1219 1248 E tlogd : [StorageChecker](listDirFile) FileName is /data/tlog/persist/kernel/803_kernel_00102_700101_080009.log
03-09 05:02:38.131 1219 1248 E tlogd : [StorageChecker](listDirFile) regular file
03-09 05:02:38.131 1219 1248 E tlogd : [StorageChecker](listDirFile) FileName is /data/tlog/persist/kernel/804_kernel_00104_700101_080009.log
03-09 05:02:38.131 1219 1248 E tlogd : [StorageChecker](listDirFile) regular file
03-09 05:02:38.131 1219 1248 E tlogd : [StorageChecker](listDirFile) FileName is /data/tlog/persist/kernel/805_kernel_00107_700101_080010.log.ing
03-09 05:02:38.131 1219 1248 E tlogd : [StorageChecker](listDirFile) regular file
03-09 05:02:38.131 1219 1248 E tlogd : [StorageChecker](listDirFile) FileName is /data/tlog/persist/kernel/806_kernel_00108_700101_080009.log
03-09 05:02:38.131 1219 1248 E tlogd : [StorageChecker](listDirFile) regular file
03-09 05:02:38.131 1219 1248 E tlogd : [StorageChecker](listDirFile) FileName is /data/tlog/persist/kernel/807_kernel_00110_700101_080009.log
03-09 05:02:38.131 1219 1248 E tlogd : [StorageChecker](listDirFile) regular file
03-09 05:02:38.131 1219 1248 E tlogd : [StorageChecker](listDirFile) FileName is /data/tlog/persist/kernel/808_kernel_00113_700101_080010.log.ing
03-09 05:02:38.131 1219 1248 E tlogd : [StorageChecker](listDirFile) regular file
03-09 05:02:38.131 1219 1248 E tlogd : [StorageChecker](listDirFile) FileName is /data/tlog/persist/kernel/810_kernel_00116_700101_080010.log
03-09 05:02:38.131 1219 1248 E tlogd : [StorageChecker](listDirFile) regular file
03-09 05:02:38.131 1219 1248 E tlogd : [StorageChecker](listDirFile) FileName is /data/tlog/persist/kernel/809_kernel_00114_700101_080009.log
03-09 05:02:38.131 1219 1248 E tlogd : [StorageChecker](listDirFile) regular file
03-09 05:02:38.131 1219 1248 E tlogd : [StorageChecker](listDirFile) FileName is /data/tlog/persist/kernel/816_kernel_00129_700101_080010.log.ing
03-09 05:02:38.131 1219 1248 E tlogd : [StorageChecker](listDirFile) regular file
03-09 05:02:38.131 1219 1248 E tlogd : [StorageChecker](listDirFile) FileName is /data/tlog/persist/kernel/813_kernel_00122_700101_080009.log
03-09 05:02:38.131 1219 1248 E tlogd : [StorageChecker](listDirFile) regular file
03-09 05:02:38.131 1219 1248 E tlogd : [StorageChecker](listDirFile) FileName is /data/tlog/persist/kernel/816_kernel_00128_700101_080009.log
03-09 05:02:38.131 1219 1248 E tlogd : [StorageChecker](listDirFile) regular file
03-09 05:02:38.131 1219 1248 E tlogd : [StorageChecker](listDirFile) FileName is /data/tlog/persist/kernel/817_kernel_00131_700101_080010.log.ing
03-09 05:02:38.131 1219 1248 E tlogd : [StorageChecker](listDirFile) regular file
03-09 05:02:38.131 1219 1248 E tlogd : [StorageChecker](listDirFile) FileName is /data/tlog/persist/kernel/819_kernel_00135_700101_080010.log.ing
03-09 05:02:38.131 1219 1248 E tlogd : [StorageChecker](listDirFile) regular file
03-09 05:02:38.131 1219 1248 E tlogd : [StorageChecker](listDirFile) FileName is /data/tlog/persist/kernel/818_kernel_00132_700101_080009.log
03-09 05:02:38.131 1219 1248 E tlogd : [StorageChecker](listDirFile) regular file
03-09 05:02:38.131 1219 1248 E tlogd : [StorageChecker](listDirFile) FileName is /data/tlog/persist/kernel/821_kernel_00139_700101_080010.log.ing
03-09 05:02:38.131 1219 1248 E tlogd : [StorageChecker](listDirFile) regular file
03-09 05:02:38.131 1219 1248 E tlogd : [StorageChecker](listDirFile) regular file
03-09 05:02:38.131 1219 1248 E tlogd : [StorageChecker](listDirFile) FileName is /data/tlog/persist/kernel/826_kernel_00149_700101_080010.log.ing
03-09 05:02:38.131 1219 1248 E tlogd : [StorageChecker](listDirFile) regular file
03-09 05:02:38.131 1203 3155 D SurfaceUtils: connecting to surface 0xf2600018, reason connectToSurface
03-09 05:02:38.131 1219 1248 E tlogd : [StorageChecker](listDirFile) FileName is /data/tlog/persist/kernel/840_kernel_00176_700101_080009.log
03-09 05:02:38.131 1219 1248 E tlogd : [StorageChecker](listDirFile) FileName is /data/tlog/persist/kernel/843_kernel_00183_700101_080009.log.ing
03-09 05:02:38.131 1219 1248 E tlogd : [StorageChecker](listDirFile) regular file
03-09 05:02:38.131 1219 1248 E tlogd : [StorageChecker](listDirFile) regular file
03-09 05:02:38.131 1219 1248 E tlogd : [StorageChecker](listDirFile) FileName is /data/tlog/persist/kernel/850_kernel_00197_700101_080009.log.ing
03-09 05:02:38.131 1219 1248 E tlogd : [StorageChecker](listDirFile) regular file
03-09 05:02:38.131 1203 3155 I MediaCodec: [OMX.qcom.video.decoder.avc] setting surface generation to 1231874
03-09 05:02:38.131 1203 3155 D SurfaceUtils: disconnecting from surface 0xf2600018, reason connectToSurface(reconnect)
03-09 05:02:38.131 1203 3155 D SurfaceUtils: connecting to surface 0xf2600018, reason connectToSurface(reconnect)
03-09 05:02:38.132 1219 1248 E tlogd : [StorageChecker](listDirFile) regular file
01-01 08:00:14.360 0 0 I binder : 3161:3161 ioctl 40046210 7ff4f779d4 returned -22
03-09 05:02:38.132 3161 3161 I Zygote : seccomp disabled by setenforce 0
03-09 05:02:38.132 1219 1248 E tlogd : [StorageChecker](listDirFile) regular file
03-09 05:02:38.132 1219 1248 E tlogd : [StorageChecker](listDirFile) FileName is /data/tlog/persist/kernel/976_kernel_00449_700101_080010.log.ing
03-09 05:02:38.132 1219 1248 E tlogd : [StorageChecker](listDirFile) FileName is /data/tlog/persist/kernel/983_kernel_00463_700101_080010.log.ing
03-09 05:02:38.132 1219 1248 E tlogd : [StorageChecker](listDirFile) regular file
03-09 05:02:38.132 1219 1248 E tlogd : [StorageChecker](listDirFile) regular file
03-09 05:02:38.132 1219 1248 E tlogd : [StorageChecker](listDirFile) regular file
03-09 05:02:38.132 1219 1248 E tlogd : [StorageChecker](listDirFile) regular file
03-09 05:02:38.132 1219 1248 E tlogd : [StorageChecker](listDirFile) FileName is /data/tlog/persist/kernel/916_kernel_00328_700101_080009.log
03-09 05:02:38.132 1219 1248 E tlogd : [StorageChecker](listDirFile) FileName is /data/tlog/persist/kernel/929_kernel_00354_700101_080009.log
03-09 05:02:38.132 1219 1248 E tlogd : [StorageChecker](listDirFile) regular file
03-09 05:02:38.132 3157 3157 I ThermalEngine: Thermal daemon started
03-09 05:02:38.132 1219 1248 E tlogd : [StorageChecker](listDirFile) FileName is /data/tlog/persist/kernel/976_kernel_00448_700101_080009.log
03-09 05:02:38.132 1219 1248 E tlogd : [StorageChecker](listDirFile) regular file
03-09 05:02:38.132 1219 1248 E tlogd : [StorageChecker](listDirFile) FileName is /data/tlog/persist/kernel/981_kernel_00458_700101_080009.log
03-09 05:02:38.132 3157 3157 E ThermalEngine: Unknown target identified with soc id 481
03-09 05:02:38.132 3157 3157 I ThermalEngine: No target config file, falling back to '/vendor/etc/thermal-engine.conf'
03-09 05:02:38.132 1228 1966 E OMX-VDEC-1080P: Extension: OMX.google.android.index.storeANWBufferInMetadata not implemented
03-09 05:02:38.132 1228 1966 E OMX-VDEC-1080P: Extension: OMX.google.android.index.configureVideoTunnelMode not implemented
03-09 05:02:38.132 1228 1966 E OMX-VDEC-1080P: Extension: OMX.google.android.index.useAndroidNativeBuffer is supported
03-09 05:02:38.132 1228 1966 E OMX-VDEC-1080P: get_parameter: unknown param 7f000046
03-09 05:02:38.132 1228 1966 E OMXNodeInstance: getParameter(0xec410024:qcom.decoder.avc, ??(0x7f000046)) ERROR: UnsupportedIndex(0x8000101a)
03-09 05:02:38.133 1219 1248 E tlogd : [StorageChecker](listDirFile) FileName is /data/tlog/persist/kernel/923_kernel_00343_700101_080010.log.ing
03-09 05:02:38.133 1219 1248 E tlogd : [StorageChecker](listDirFile) regular file
03-09 05:02:38.133 1219 1248 E tlogd : [StorageChecker](listDirFile) regular file
03-09 05:02:38.133 1219 1248 E tlogd : [StorageChecker](listDirFile) FileName is /data/tlog/persist/kernel/965_kernel_00427_700101_080010.log.ing
03-09 05:02:38.133 1219 1248 E tlogd : [StorageChecker](listDirFile) FileName is /data/tlog/persist/kernel/975_kernel_00447_700101_080010.log.ing
03-09 05:02:38.133 1219 1248 E tlogd : [StorageChecker](listDirFile) regular file
03-09 05:02:38.133 1228 1826 E OMX-VDEC-1080P: set_parameter: Error: 0x80001019, setting param 0x7f00005d
03-09 05:02:38.133 1228 1826 E OMXNodeInstance: setParameter(0xec410024:qcom.decoder.avc, OMX.google.android.index.allocateNativeHandle(0x7f00005d): Output:1 en=0) ERROR: UnsupportedSetting(0x80001019)
03-09 05:02:38.133 1228 1826 E OMX-VDEC-1080P: Extension: OMX.google.android.index.storeANWBufferInMetadata not implemented
03-09 05:02:38.133 1389 1408 D LOWI-9.0.0.87.a: [LOWINetlinkSocketReceiver] unpackRTMLinkMessage: RTM_NEWLINK - ifname vlan0, flags 0x1003 ([UP])
03-09 05:02:38.133 1228 1966 E OMX-VDEC-1080P: get_parameter: unknown param 6f600011
03-09 05:02:38.133 1228 1966 E OMXNodeInstance: getParameter(0xec410024:qcom.decoder.avc, ??(0x6f600011)) ERROR: UnsupportedIndex(0x8000101a)
03-09 05:02:38.133 1203 3156 I ExtendedACodec: setupVideoDecoder()
03-09 05:02:38.134 1537 1644 I EthernetTracker: interfaceLinkStateChanged, iface: vlan0, up: false
03-09 05:02:38.134 1219 1248 E tlogd : [StorageChecker](listDirFile) FileName is /data/tlog/persist/kernel/861_kernel_00218_700101_080009.log
03-09 05:02:38.134 1219 1248 E tlogd : [StorageChecker](listDirFile) regular file
03-09 05:02:38.134 1219 1248 E tlogd : [StorageChecker](listDirFile) FileName is /data/tlog/persist/kernel/862_kernel_00220_700101_080009.log
03-09 05:02:38.134 1219 1248 E tlogd : [StorageChecker](listDirFile) regular file
03-09 05:02:38.134 1219 1248 E tlogd : [StorageChecker](listDirFile) FileName is /data/tlog/persist/kernel/866_kernel_00229_700101_080010.log.ing
03-09 05:02:38.134 1219 1248 E tlogd : [StorageChecker](listDirFile) regular file
03-09 05:02:38.134 1219 1248 E tlogd : [StorageChecker](listDirFile) FileName is /data/tlog/persist/kernel/863_kernel_00222_700101_080009.log
03-09 05:02:38.134 1219 1248 E tlogd : [StorageChecker](listDirFile) regular file
03-09 05:02:38.134 1219 1248 E tlogd : [StorageChecker](listDirFile) FileName is /data/tlog/persist/kernel/872_kernel_00241_700101_080010.log.ing
03-09 05:02:38.134 1219 1248 E tlogd : [StorageChecker](listDirFile) regular file
03-09 05:02:38.134 1219 1248 E tlogd : [StorageChecker](listDirFile) FileName is /data/tlog/persist/kernel/870_kernel_00236_700101_080009.log
03-09 05:02:38.134 1203 3156 I ExtendedACodec: Decoder will be in frame by frame mode
03-09 05:02:38.134 1219 1248 E tlogd : [StorageChecker](listDirFile) regular file
03-09 05:02:38.134 1219 1248 E tlogd : [StorageChecker](listDirFile) FileName is /data/tlog/persist/kernel/873_kernel_00242_700101_080009.log
03-09 05:02:38.134 1219 1248 E tlogd : [StorageChecker](listDirFile) regular file
03-09 05:02:38.134 1228 1967 E OMX-VDEC-1080P: Setparameter: unknown param 2130706434
03-09 05:02:38.134 1228 1967 E OMX-VDEC-1080P: set_parameter: Error: 0x8000101a, setting param 0x7f000002
03-09 05:02:38.134 1228 1967 E OMXNodeInstance: setParameter(0xec410024:qcom.decoder.avc, ??(0x7f000002)) ERROR: UnsupportedIndex(0x8000101a)
03-09 05:02:38.134 1203 3156 W ExtendedACodec: Failed to set frame packing format on component
03-09 05:02:38.135 1228 1959 E OMXNodeInstance: getConfig(0xec410024:qcom.decoder.avc, ??(0x7f000062)) ERROR: UnsupportedSetting(0x80001019)
03-09 05:02:38.136 1203 3155 I MediaCodec: MediaCodec will operate in async mode
03-09 05:02:38.136 1203 3154 D MediaCodec: keep callback message for reclaim
03-09 05:02:38.138 1537 1573 D CompatibilityChangeReporter: Compat change id reported: 135634846; UID 10027; state: DISABLED
03-09 05:02:38.138 1537 1573 D CompatibilityChangeReporter: Compat change id reported: 177438394; UID 10027; state: DISABLED
03-09 05:02:38.138 1537 1573 D CompatibilityChangeReporter: Compat change id reported: 135772972; UID 10027; state: DISABLED
03-09 05:02:38.138 1537 1573 D CompatibilityChangeReporter: Compat change id reported: 135754954; UID 10027; state: DISABLED
03-09 05:02:38.138 1537 1655 D CompatibilityChangeReporter: Compat change id reported: 143937733; UID 10027; state: DISABLED
03-09 05:02:38.141 1219 1248 E tlogd : [StorageChecker](listDirFile) FileName is /data/tlog/persist/776_persist_00347_230309_050235.log
03-09 05:02:38.141 1219 1248 E tlogd : [StorageChecker](listDirFile) regular file
03-09 05:02:38.141 1219 1248 E tlogd : [StorageChecker](listDirFile) regular file
03-09 05:02:38.141 1219 1248 E tlogd : [StorageChecker](listDirFile) FileName is /data/tlog/persist/771_persist_00280_230309_050237.log
03-09 05:02:38.141 1219 1248 E tlogd : [StorageChecker](listDirFile) regular file
03-09 05:02:38.143 3157 3157 I ThermalEngine: devices_manager_init: Init
03-09 05:02:38.143 3157 3157 I ThermalEngine: Number of gpus :1
03-09 05:02:38.143 3157 3157 I ThermalEngine: Number of cpus :8
03-09 05:02:38.143 3157 3157 I ThermalEngine: update_cpu_topology: Cluster info node not found/sys/module/msm_thermal/cluster_info
03-09 05:02:38.143 1537 1653 W Searchables: No global search activity found
03-09 05:02:38.143 3157 3157 E ThermalEngine: tmd_add_cpufreq_dev_data: Invalid or no boost freqs
03-09 05:02:38.144 3157 3157 E ThermalEngine: tmd_add_cpufreq_dev_data: Invalid or no boost freqs
03-09 05:02:38.144 3157 3157 E ThermalEngine: tmd_add_cpufreq_dev_data: Invalid or no boost freqs
03-09 05:02:38.145 3157 3157 I ThermalEngine: tmd_init_cluster_devs: No clusters found
03-09 05:02:38.146 3157 3157 E ThermalEngine: devices_init: Init NPU TMD failed 5
03-09 05:02:38.146 2826 2866 I adbd : jdwp connection from 3161
03-09 05:02:38.146 3157 3157 I ThermalEngine: vdd_rstr_init: Could not read /sys/module/msm_thermal/vdd_restriction/enabled
03-09 05:02:38.147 3157 3157 E ThermalEngine: Error reading /sys/class/leds/lcd-backlight/max_brightness
03-09 05:02:38.147 3157 3157 E ThermalEngine: open/sys/class/power_supply/battery/system_temp_level failed2
03-09 05:02:38.147 3157 3157 E ThermalEngine: Unable to init battery charging mitigation to 0
03-09 05:02:38.148 3157 3157 I ThermalEngine: sensors_manager_init: Init
03-09 05:02:38.148 3161 3161 D ProcessState: Binder ioctl to enable oneway spam detection failed: Invalid argument
03-09 05:02:38.148 1219 1248 E tlogd : [StorageChecker](listDirFile) FileName is /data/tlog/persist/792_persist_00570_230309_050237.log
03-09 05:02:38.148 1219 1248 E tlogd : [StorageChecker](listDirFile) regular file
03-09 05:02:38.148 1219 1248 E tlogd : [StorageChecker](listDirFile) FileName is /data/tlog/persist/793_persist_00580_700101_080009.log
03-09 05:02:38.148 1219 1248 E tlogd : [StorageChecker](listDirFile) regular file
03-09 05:02:38.148 1219 1248 E tlogd : [StorageChecker](listDirFile) FileName is /data/tlog/persist/794_persist_00592_700101_080009.log
03-09 05:02:38.148 1219 1248 E tlogd : [StorageChecker](listDirFile) regular file
03-09 05:02:38.148 1219 1248 E tlogd : [StorageChecker](listDirFile) FileName is /data/tlog/persist/793_persist_00582_230309_050235.log
01-01 08:00:14.369 0 0 W QSEECOM : qseecom_load_app: App with id 8 (fingerpr) now loaded
03-09 05:02:38.148 1219 1248 E tlogd : [StorageChecker](listDirFile) regular file
03-09 05:02:38.148 1219 1248 E tlogd : [StorageChecker](listDirFile) FileName is /data/tlog/persist/793_persist_00586_230309_050237.log
03-09 05:02:38.148 1219 1248 E tlogd : [StorageChecker](listDirFile) regular file
03-09 05:02:38.148 1219 1248 E tlogd : [StorageChecker](listDirFile) FileName is /data/tlog/persist/795_persist_00604_700101_080009.log
03-09 05:02:38.148 1219 1248 E tlogd : [StorageChecker](listDirFile) regular file
03-09 05:02:38.148 1219 1248 E tlogd : [StorageChecker](listDirFile) FileName is /data/tlog/persist/795_persist_00605_700101_080009.log
03-09 05:02:38.148 1219 1248 E tlogd : [StorageChecker](listDirFile) regular file
03-09 05:02:38.148 1219 1248 E tlogd : [StorageChecker](listDirFile) FileName is /data/tlog/persist/795_persist_00606_700101_080009.log
03-09 05:02:38.148 1219 1248 E tlogd : [StorageChecker](listDirFile) regular file
03-09 05:02:38.148 1219 1248 E tlogd : [StorageChecker](listDirFile) FileName is /data/tlog/persist/795_persist_00613_230309_050236.log
03-09 05:02:38.148 1219 1248 E tlogd : [StorageChecker](listDirFile) regular file
03-09 05:02:38.148 1219 1248 E tlogd : [StorageChecker](listDirFile) FileName is /data/tlog/persist/795_persist_00614_230309_050237.log
03-09 05:02:38.148 1219 1248 E tlogd : [StorageChecker](listDirFile) regular file
03-09 05:02:38.148 1219 1248 E tlogd : [StorageChecker](listDirFile) FileName is /data/tlog/persist/796_persist_00626_230309_050235.log
03-09 05:02:38.148 1219 1248 E tlogd : [StorageChecker](listDirFile) regular file
03-09 05:02:38.148 1219 1248 E tlogd : [StorageChecker](listDirFile) FileName is /data/tlog/persist/796_persist_00627_230309_050236.log
03-09 05:02:38.148 1219 1248 E tlogd : [StorageChecker](listDirFile) regular file
03-09 05:02:38.148 1219 1248 E tlogd : [StorageChecker](listDirFile) FileName is /data/tlog/persist/796_persist_00628_230309_050237.log
03-09 05:02:38.148 1219 1248 E tlogd : [StorageChecker](listDirFile) regular file
03-09 05:02:38.148 1219 1248 E tlogd : [StorageChecker](listDirFile) FileName is /data/tlog/persist/796_persist_00629_230309_050237.log
03-09 05:02:38.148 1219 1248 E tlogd : [StorageChecker](listDirFile) regular file
03-09 05:02:38.148 1219 1248 E tlogd : [StorageChecker](listDirFile) FileName is /data/tlog/persist/797_persist_00639_230309_050235.log
03-09 05:02:38.148 1219 1248 E tlogd : [StorageChecker](listDirFile) regular file
03-09 05:02:38.148 1219 1248 E tlogd : [StorageChecker](listDirFile) FileName is /data/tlog/persist/797_persist_00644_230309_050240.log.ing
03-09 05:02:38.148 1219 1248 E tlogd : [StorageChecker](listDirFile) regular file
03-09 05:02:38.148 1219 1248 E tlogd : [StorageChecker](listDirFile) FileName is /data/tlog/persist/798_persist_00650_700101_080009.log
03-09 05:02:38.148 1219 1248 E tlogd : [StorageChecker](listDirFile) regular file
03-09 05:02:38.148 1219 1248 E tlogd : [StorageChecker](listDirFile) FileName is /data/tlog/persist/798_persist_00645_700101_080009.log
03-09 05:02:38.148 1219 1248 E tlogd : [StorageChecker](listDirFile) regular file
03-09 05:02:38.148 1219 1248 E tlogd : [StorageChecker](listDirFile) FileName is /data/tlog/persist/798_persist_00653_230309_050235.log
03-09 05:02:38.148 1219 1248 E tlogd : [StorageChecker](listDirFile) regular file
03-09 05:02:38.148 1219 1248 E tlogd : [StorageChecker](listDirFile) FileName is /data/tlog/persist/801_persist_00694_700101_080010.log
03-09 05:02:38.148 1219 1248 E tlogd : [StorageChecker](listDirFile) regular file
03-09 05:02:38.148 1219 1248 E tlogd : [StorageChecker](listDirFile) FileName is /data/tlog/persist/800_persist_00681_230309_050235.log
03-09 05:02:38.150 677 677 D Zygote : Forked child process 3195
03-09 05:02:38.150 1389 1408 D LOWI-9.0.0.87.a: [LOWINetlinkSocketReceiver] unpackRTMLinkMessage: RTM_NEWLINK - ifname vlan0, flags 0x1003 ([UP])
03-09 05:02:38.151 1537 1644 I EthernetTracker: interfaceLinkStateChanged, iface: vlan0, up: false
03-09 05:02:38.153 1228 1967 E OMX-VDEC-1080P: Extension: OMX.google.android.index.AndroidNativeBufferConsumerUsage not implemented
03-09 05:02:38.156 3157 3185 E ThermalEngine: socket creation success
03-09 05:02:38.156 3157 3178 I ThermalEngine: ADSP thermal mitigation available.
03-09 05:02:38.158 1301 3114 D QSEECOMAPI: Loaded image: APP id = 8
03-09 05:02:38.158 1203 3156 D SurfaceUtils: set up nativeWindow 0xf2600018 for 1920x1080, color 0x7fa30c06, rotation 0, usage 0x20402900
03-09 05:02:38.159 3195 3195 I Zygote : seccomp disabled by setenforce 0
03-09 05:02:38.160 3195 3195 I libc : SetHeapTaggingLevel: tag level set to 0
03-09 05:02:38.161 1537 1653 D CompatibilityChangeReporter: Compat change id reported: 135634846; UID 1000; state: DISABLED
03-09 05:02:38.161 1203 3155 W ResourceManagerService: Ignoring request to add new resource entry with value <= 0
03-09 05:02:38.161 1537 1653 D CompatibilityChangeReporter: Compat change id reported: 177438394; UID 1000; state: DISABLED
03-09 05:02:38.162 3157 3178 I ThermalEngine: Mitigation:vdd_restriction[ADSP]:0 pending QMI request succeded
03-09 05:02:38.162 1203 3155 W MediaCodec: mapFormat: no mediaType information
03-09 05:02:38.162 1537 1653 D CompatibilityChangeReporter: Compat change id reported: 135772972; UID 1000; state: DISABLED
03-09 05:02:38.162 1301 3114 I QFP : qsc_start_app: Loading app [fingerpr] succeeded
03-09 05:02:38.162 1301 3114 I QFP : openFramework: entry with eeprom_buffer_size=0
03-09 05:02:38.162 1537 1653 D CompatibilityChangeReporter: Compat change id reported: 135754954; UID 1000; state: ENABLED
03-09 05:02:38.163 1537 1655 I ActivityManager: Start proc 3195:com.baidu.input/u0a27 for service {com.baidu.input/com.baidu.input.ImeService}
03-09 05:02:38.164 1537 2193 D CompatibilityInfo: mCompatibilityFlags - 4
03-09 05:02:38.164 1537 2193 D CompatibilityInfo: applicationDensity - 240
03-09 05:02:38.164 1537 2193 D CompatibilityInfo: applicationScale - 1.0
03-09 05:02:38.165 1537 2193 D CompatibilityInfo: mCompatibilityFlags - 4
03-09 05:02:38.165 1537 2193 D CompatibilityInfo: applicationDensity - 240
03-09 05:02:38.165 1537 2193 D CompatibilityInfo: applicationScale - 1.0
03-09 05:02:38.167 3161 3161 D CompatibilityChangeReporter: Compat change id reported: 171979766; UID 10062; state: ENABLED
03-09 05:02:38.167 1228 1376 E OMXNodeInstance: getConfig(0xec410024:qcom.decoder.avc, ??(0x7f000062)) ERROR: UnsupportedSetting(0x80001019)
03-09 05:02:38.171 3161 3161 D nativeloader: classloader namespace configured for unbundled product apk. library_path=/product/app/DeviceStatisticsService/lib/arm64:/product/lib64:/system/product/lib64
03-09 05:02:38.175 677 677 D Zygote : Forked child process 3238
03-09 05:02:38.175 1537 1655 I ActivityManager: Start proc 3238:com.android.keychain/1000 for service {com.android.keychain/com.android.keychain.KeyChainService}
03-09 05:02:38.179 1389 1408 D LOWI-9.0.0.87.a: [LOWINetlinkSocketReceiver] unpackRTMLinkMessage: RTM_NEWLINK - ifname vlan0, flags 0x1003 ([UP])
03-09 05:02:38.180 1537 1644 I EthernetTracker: interfaceLinkStateChanged, iface: vlan0, up: false
03-09 05:02:38.182 1228 3211 E OMX-VDEC-1080P: Extension: OMX.google.android.index.AndroidNativeBufferConsumerUsage not implemented
03-09 05:02:38.183 1203 3156 D SurfaceUtils: set up nativeWindow 0xf2600018 for 1920x1088, color 0x7fa30c06, rotation 0, usage 0x20402900
03-09 05:02:38.183 2826 2866 I adbd : jdwp connection from 2306
03-09 05:02:38.183 2826 2866 I adbd : jdwp connection from 2479
03-09 05:02:38.184 2826 2866 I adbd : jdwp connection from 2646
03-09 05:02:38.184 2826 2866 I adbd : jdwp connection from 2304
03-09 05:02:38.184 2826 2866 I adbd : jdwp connection from 2158
03-09 05:02:38.184 2826 2866 I adbd : jdwp connection from 2194
03-09 05:02:38.184 2826 2866 I adbd : jdwp connection from 2323
03-09 05:02:38.184 3157 3157 E ThermalEngine: thermal_monitor_init_data: ERROR Uknown device
03-09 05:02:38.184 3157 3157 E ThermalEngine: ss_init_data: ERROR Uknown device
03-09 05:02:38.184 3157 3157 I ThermalEngine: Loading config file for virtual sensor
03-09 05:02:38.184 3157 3157 I ThermalEngine: Loading configuration file /vendor/etc/thermal-engine.conf
03-09 05:02:38.184 3157 3157 I ThermalEngine: Parsing section global
03-09 05:02:38.184 2826 2866 I adbd : jdwp connection from 2456
03-09 05:02:38.184 3157 3157 E ThermalEngine: virtual_sensors_init: Error getting virtual sensors set
03-09 05:02:38.184 3157 3157 I ThermalEngine: Loading configuration file /vendor/etc/thermal-engine.conf
03-09 05:02:38.184 3157 3157 I ThermalEngine: Parsing section global
03-09 05:02:38.184 3157 3157 E ThermalEngine: Failed to setup at least one sensor for monitoring
03-09 05:02:38.184 3157 3157 I ThermalEngine: ss_algo_init: No SS's configured.
03-09 05:02:38.184 2826 2866 I adbd : jdwp connection from 2297
03-09 05:02:38.184 3157 3157 E ThermalEngine: open/sys/module/msm_thermal/parameters/enabled failed2
03-09 05:02:38.184 3161 3161 I Perf : Connecting to perf service.
03-09 05:02:38.184 2826 2866 I adbd : jdwp connection from 2619
03-09 05:02:38.184 3157 3255 I ThermalEngine: limits_write_data_to_partition: thread exit
03-09 05:02:38.184 2826 2866 I adbd : jdwp connection from 2400
03-09 05:02:38.185 548 560 D DrmLibTime: got the req here! ret=0
03-09 05:02:38.185 548 560 D DrmLibTime: command id, time_cmd_id = 770
03-09 05:02:38.185 548 560 D DrmLibTime: time_getutcsec starts!
03-09 05:02:38.185 548 560 D DrmLibTime: QSEE Time Listener: time_getutcsec
03-09 05:02:38.185 548 560 D DrmLibTime: QSEE Time Listener: get_utc_seconds
03-09 05:02:38.185 548 560 D DrmLibTime: QSEE Time Listener: time_get_modem_time
03-09 05:02:38.185 548 560 D DrmLibTime: QSEE Time Listener: Checking if ATS_MODEM is set or not.
03-09 05:02:38.185 548 560 D QC-time-services: Lib:time_genoff_operation: pargs->base = 13
03-09 05:02:38.185 548 560 D QC-time-services: Lib:time_genoff_operation: pargs->operation = 2
03-09 05:02:38.185 548 560 D QC-time-services: Lib:time_genoff_operation: pargs->ts_val = 0
03-09 05:02:38.185 2826 2866 I adbd : jdwp connection from 2326
03-09 05:02:38.185 548 560 D QC-time-services: Lib:time_genoff_operation: Send to server passed!!
03-09 05:02:38.185 651 896 D QC-time-services: Daemon: Connection accepted:time_genoff
03-09 05:02:38.185 2826 2866 I adbd : jdwp connection from 2224
03-09 05:02:38.185 651 3256 D QC-time-services: Daemon:Received base = 13, unit = 1, operation = 2,value = 0
03-09 05:02:38.185 651 3256 D QC-time-services: Daemon:genoff_opr: Base = 13, val = 0, operation = 2
03-09 05:02:38.185 651 3256 D QC-time-services: offset is: 0 for base: 13
03-09 05:02:38.185 548 560 E QC-time-services: Receive Passed == base = 13, unit = 1, operation = 2, result = 0
03-09 05:02:38.185 548 560 D DrmLibTime: QSEE Time Listener: ATS_MODEM is not set. Fallback to Android system time.
03-09 05:02:38.185 548 560 D DrmLibTime: QSEE Time Listener: Retrieved Android system time: 1678309358
03-09 05:02:38.185 548 560 D DrmLibTime: time_getutcsec returns 0, sec = 1678309358; nsec = 0
03-09 05:02:38.185 548 560 D DrmLibTime: time_getutcsec finished!
03-09 05:02:38.185 548 560 D DrmLibTime: iotcl_continue_command finished! and return 0
03-09 05:02:38.185 548 560 D DrmLibTime: before calling ioctl to read the next time_cmd
03-09 05:02:38.185 2826 2866 I adbd : jdwp connection from 2051
03-09 05:02:38.185 2826 2866 I adbd : jdwp connection from 2415
03-09 05:02:38.185 2826 2866 I adbd : jdwp connection from 2237
03-09 05:02:38.186 2826 2866 I adbd : jdwp connection from 2214
03-09 05:02:38.186 2826 2866 I adbd : jdwp connection from 2308
03-09 05:02:38.186 2826 2866 I adbd : jdwp connection from 1537
03-09 05:02:38.186 2826 2866 I adbd : jdwp connection from 2431
03-09 05:02:38.186 2826 2866 I adbd : jdwp connection from 2516
03-09 05:02:38.188 2826 2866 I adbd : jdwp connection from 2464
01-01 08:00:14.402 0 0 I binder : 3195:3195 ioctl 40046210 7ff4f779d4 returned -22
03-09 05:02:38.190 3195 3195 D ProcessState: Binder ioctl to enable oneway spam detection failed: Invalid argument
03-09 05:02:38.190 848 918 E ANDR-PERF-XMLPARSER: Could not access the XML file at /vendor/etc/perf/perfmapping.xml
03-09 05:02:38.191 651 896 E QC-time-services: Daemon: Time-services: Waiting to acceptconnection
03-09 05:02:38.193 2826 2866 I adbd : jdwp connection from 2034
03-09 05:02:38.193 2826 2866 I adbd : jdwp connection from 3195
