03-09 05:02:36.875 821 2594 I vendor.qti.bluetooth@1.0-patch_dl_manager: Event Handling : 0x3
03-09 05:02:36.875 821 2594 I vendor.qti.bluetooth@1.0-patch_dl_manager: Reserved : 0x0
03-09 05:02:36.875 821 2594 I vendor.qti.bluetooth@1.0-patch_dl_manager: Product ID : 0x0010
03-09 05:02:36.875 821 2594 I vendor.qti.bluetooth@1.0-patch_dl_manager: Rom Build Version : 0x0200
03-09 05:02:36.875 821 2594 I vendor.qti.bluetooth@1.0-patch_dl_manager: Patch Version : 0x45df
03-09 05:02:36.875 821 2594 I vendor.qti.bluetooth@1.0-patch_dl_manager: Reserved : 0x0
03-09 05:02:36.875 821 2594 I vendor.qti.bluetooth@1.0-patch_dl_manager: Patch Entry Address : 0x0
03-09 05:02:36.875 821 2594 I vendor.qti.bluetooth@1.0-patch_dl_manager: ====================================================
03-09 05:02:36.875 821 2594 I vendor.qti.bluetooth@1.0-patch_dl_manager: TlvDnldReq: TLV size: 205720, Total Seg num: 846, remain size: 142
03-09 05:02:36.875 821 2594 I vendor.qti.bluetooth@1.0-patch_dl_manager: Event handling type: SKIP_EVT_VSE_CC
03-09 05:02:36.876 2456 2456 I QCC:UploaderReceiver: getLastUploaderTimeMs : 1678309356565
03-09 05:02:36.876 2456 2456 I QCC:UploaderReceiver: getUploaderIntervalMs : 43200000
03-09 05:02:36.876 2456 2456 I QCC:UploaderReceiver: nCurrMs:1678309356860 / lastPeroidStartMs:1678309356565 / periodicity:43200000
03-09 05:02:36.877 2456 2456 I QCC:UploaderReceiver: nDiffMs:295 , remainedInterval:43199705
03-09 05:02:36.877 2456 2456 I QCC:UploaderReceiver: startPeriodicScheduler - elaspedTimeMs:10798 / elaspedTargetTimeMs : 43210503
03-09 05:02:36.877 2456 2456 I QCC:UploaderReceiver: setLastUploaderTimeMs :1678309356860
03-09 05:02:36.877 2456 2456 I QCC:UploaderReceiver: setLastUploaderTimeMs : 2023-03-09T05:02:36 上午
03-09 05:02:36.878 2051 2654 D CCodecBufferChannel: [c2.android.vorbis.decoder#685] MediaCodec discarded an unknown buffer
03-09 05:02:36.878 2051 2654 D CCodecBufferChannel: [c2.android.vorbis.decoder#685] MediaCodec discarded an unknown buffer
03-09 05:02:36.878 2051 2654 D CCodecBufferChannel: [c2.android.vorbis.decoder#685] MediaCodec discarded an unknown buffer
03-09 05:02:36.879 2051 2679 I CCodec : setting up 'default' as default (vendor) store
03-09 05:02:36.880 2051 2654 I hw-BpHwBinder: onLastStrongRef automatically unlinking death recipients
03-09 05:02:36.880 2051 2679 I CCodec : Created component [c2.android.vorbis.decoder]
03-09 05:02:36.880 2051 2679 D CCodecConfig: read media type: audio/vorbis
03-09 05:02:36.882 1537 1572 D CompatibilityChangeReporter: Compat change id reported: 171306433; UID 1000; state: ENABLED
03-09 05:02:36.882 2051 2679 D ReflectedParamUpdater: extent() != 1 for single value type: algo.buffers.max-count.values
03-09 05:02:36.882 2051 2679 D ReflectedParamUpdater: extent() != 1 for single value type: output.subscribed-indices.values
03-09 05:02:36.882 2051 2679 D ReflectedParamUpdater: extent() != 1 for single value type: input.buffers.allocator-ids.values
03-09 05:02:36.882 2051 2679 D ReflectedParamUpdater: extent() != 1 for single value type: output.buffers.allocator-ids.values
03-09 05:02:36.882 2456 2456 I QCC:ApplicationManager: clearJobDlData
03-09 05:02:36.882 2051 2679 D ReflectedParamUpdater: extent() != 1 for single value type: algo.buffers.allocator-ids.values
03-09 05:02:36.882 2051 2679 D ReflectedParamUpdater: extent() != 1 for single value type: output.buffers.pool-ids.values
03-09 05:02:36.882 2051 2679 D ReflectedParamUpdater: extent() != 1 for single value type: algo.buffers.pool-ids.values
03-09 05:02:36.882 2456 2456 I QCC:QDMAJobService: cleanClientSubDir
03-09 05:02:36.882 2456 2456 I QCC:QDMAJobService: removeAllMetaFromClientID, clientID : 200
03-09 05:02:36.883 2051 2679 I CCodecConfig: query failed after returning 7 values (BAD_INDEX)
03-09 05:02:36.883 2051 2679 D CCodecConfig: c2 config diff is Dict {
03-09 05:02:36.883 2051 2679 D CCodecConfig: c2::u32 coded.bitrate.value = 64000
03-09 05:02:36.883 2051 2679 D CCodecConfig: c2::u32 input.buffers.max-size.value = 32768
03-09 05:02:36.883 2051 2679 D CCodecConfig: c2::u32 input.delay.value = 0
03-09 05:02:36.883 2051 2679 D CCodecConfig: string input.media-type.value = "audio/vorbis"
03-09 05:02:36.883 2051 2679 D CCodecConfig: string output.media-type.value = "audio/raw"
03-09 05:02:36.883 2051 2679 D CCodecConfig: c2::u32 raw.channel-count.value = 1
03-09 05:02:36.883 2051 2679 D CCodecConfig: c2::u32 raw.sample-rate.value = 48000
03-09 05:02:36.883 2051 2679 D CCodecConfig: }
03-09 05:02:36.883 2456 2456 I QCC:QDMAJobManager: clearQDMAJob clientID: 200
03-09 05:02:36.883 2456 2456 I QCC:QDMAJobManager: clearQDMAJob - there is no exist job
03-09 05:02:36.883 2051 2679 D CCodec : [c2.android.vorbis.decoder] buffers are bound to CCodec for this session
03-09 05:02:36.883 2051 2679 D CCodecConfig: no c2 equivalents for durationUs
03-09 05:02:36.883 2051 2679 D CCodecConfig: no c2 equivalents for track-id
03-09 05:02:36.883 2051 2679 D CCodecConfig: no c2 equivalents for csd-1
03-09 05:02:36.883 2051 2679 D CCodecConfig: no c2 equivalents for language
03-09 05:02:36.883 2051 2679 D CCodecConfig: no c2 equivalents for file-format
03-09 05:02:36.883 2051 2679 D CCodecConfig: no c2 equivalents for flags
03-09 05:02:36.883 2456 2456 I QCC:DMEFacade: === startQdmaFileServiceNative ===
03-09 05:02:36.883 1537 1710 E NativeTombstoneManager: Tombstone's UID (0) not an app, ignoring
03-09 05:02:36.884 2456 2456 I QCC:OmaDMNative: Java_com_qualcomm_qti_innodme_DMEFacade_doStartQdmaFileServiceNative()
03-09 05:02:36.884 1537 1710 I DropBoxManagerService: add tag=SYSTEM_TOMBSTONE_PROTO isTagEnabled=true flags=0x4
03-09 05:02:36.884 2051 2679 D CCodecConfig: config failed => CORRUPTED
03-09 05:02:36.884 2051 2679 D CCodecConfig: c2 config diff is c2::u32 coded.bitrate.value = 160000
03-09 05:02:36.884 2051 2679 D CCodecConfig: c2::u32 raw.channel-count.value = 2
03-09 05:02:36.884 2456 2456 I qcc_file_service: create socket_listener thread id: 487956978864
03-09 05:02:36.884 2456 2456 I QCC:OmaDMNative: start socket listener pid: 487956978864
03-09 05:02:36.884 2456 2456 I QCC:ApplicationManager: cleanApplicationData: do not need to retrieve previous session
03-09 05:02:36.884 2456 2683 I qcc_file_server: listen to qdma socket: 69
03-09 05:02:36.885 2051 2679 W Codec2Client: query -- param skipped: index = 1107298332.
03-09 05:02:36.885 2051 2679 D CCodec : setup formats input: AMessage(what = 0x00000000) = {
03-09 05:02:36.885 2051 2679 D CCodec : int32_t bitrate = 160000
03-09 05:02:36.885 2051 2679 D CCodec : int32_t channel-count = 2
03-09 05:02:36.885 2051 2679 D CCodec : int32_t max-input-size = 65307
03-09 05:02:36.885 2051 2679 D CCodec : string mime = "audio/vorbis"
03-09 05:02:36.885 2051 2679 D CCodec : int32_t sample-rate = 48000
03-09 05:02:36.885 2051 2679 D CCodec : }
03-09 05:02:36.885 2051 2679 D CCodec : setup formats output: AMessage(what = 0x00000000) = {
03-09 05:02:36.885 2051 2679 D CCodec : int32_t channel-count = 2
03-09 05:02:36.885 2051 2679 D CCodec : string mime = "audio/raw"
03-09 05:02:36.885 2051 2679 D CCodec : int32_t sample-rate = 48000
03-09 05:02:36.885 2051 2679 D CCodec : int32_t android._config-pcm-encoding = 2
03-09 05:02:36.885 2051 2679 D CCodec : }
03-09 05:02:36.885 2051 2679 I CCodecConfig: query failed after returning 7 values (BAD_INDEX)
03-09 05:02:36.886 2051 2679 W Codec2Client: query -- param skipped: index = 1342179345.
03-09 05:02:36.886 2051 2679 W Codec2Client: query -- param skipped: index = 2415921170.
03-09 05:02:36.886 2051 2679 D CCodecBufferChannel: [c2.android.vorbis.decoder#285] Created input block pool with allocatorID 16 => poolID 19 - OK (0)
03-09 05:02:36.886 2051 2051 D InterruptionStateProvider: heads up is enabled
03-09 05:02:36.887 2051 2679 I CCodecBufferChannel: [c2.android.vorbis.decoder#285] Created output block pool with allocatorID 16 => poolID 25 - OK
03-09 05:02:36.887 2456 2456 W System.err: android.content.pm.PackageManager$NameNotFoundException: com.qualcomm.qti.smq
03-09 05:02:36.887 2051 2679 D CCodecBufferChannel: [c2.android.vorbis.decoder#285] Configured output block pool ids 25 => OK
03-09 05:02:36.887 2456 2456 W System.err: at android.app.ApplicationPackageManager.getPackageInfoAsUser(ApplicationPackageManager.java:241)
03-09 05:02:36.887 2456 2456 W System.err: at android.app.ApplicationPackageManager.getPackageInfo(ApplicationPackageManager.java:213)
03-09 05:02:36.887 2456 2456 W System.err: at com.qualcomm.qti.qdma.app.ApplicationManager.isQccTrUiVer2XorHigher(ApplicationManager.java:3401)
03-09 05:02:36.887 2051 2679 D CCodecBufferChannel: [c2.android.vorbis.decoder#285] start: updating output delay 0
03-09 05:02:36.887 2456 2456 W System.err: at com.qualcomm.qti.qdma.app.ApplicationManager.onCreate(ApplicationManager.java:363)
03-09 05:02:36.887 2456 2456 W System.err: at android.app.Instrumentation.callApplicationOnCreate(Instrumentation.java:1212)
03-09 05:02:36.887 2456 2456 W System.err: at android.app.ActivityThread.handleBindApplication(ActivityThread.java:6744)
03-09 05:02:36.887 2456 2456 W System.err: at android.app.ActivityThread.access$1500(ActivityThread.java:248)
03-09 05:02:36.887 2456 2456 W System.err: at android.app.ActivityThread$H.handleMessage(ActivityThread.java:2054)
03-09 05:02:36.887 2456 2456 W System.err: at android.os.Handler.dispatchMessage(Handler.java:106)
03-09 05:02:36.887 2456 2456 W System.err: at android.os.Looper.loopOnce(Looper.java:201)
03-09 05:02:36.887 2456 2456 W System.err: at android.os.Looper.loop(Looper.java:288)
03-09 05:02:36.887 2456 2456 W System.err: at android.app.ActivityThread.main(ActivityThread.java:7880)
03-09 05:02:36.887 2456 2456 W System.err: at java.lang.reflect.Method.invoke(Native Method)
03-09 05:02:36.887 2456 2456 W System.err: at com.android.internal.os.RuntimeInit$MethodAndArgsCaller.run(RuntimeInit.java:548)
03-09 05:02:36.887 2456 2456 W System.err: at com.android.internal.os.ZygoteInit.main(ZygoteInit.java:1009)
03-09 05:02:36.887 2456 2456 I QCC:ApplicationManager: isQccTrUiVer2XorHigher: false
03-09 05:02:36.887 2456 2456 I QCC:DMENativeInterface: droppingDefaultCDF, Build.MANUFACTURER : TC ,Build.MODEL : figure, IS_QUALCOMM_DEVICE : false , oldver: true
03-09 05:02:36.887 2456 2456 I QCC:ApplicationManager: getSharedPersistence, key : DefaultCDFFile, value : 0
03-09 05:02:36.887 2456 2456 I QCC:DMENativeInterface: not initial run or not Qualcomm device- do not droppingDefaultCDF
03-09 05:02:36.887 653 670 I mpu_uart: [MSG-P:RECV]:No message received in 1000 ms
03-09 05:02:36.888 509 509 I hwservicemanager: Since vendor.qti.hardware.iop@2.0::IIop/default is not registered, trying to start it as a lazy HAL.
03-09 05:02:36.888 1224 1224 E ANDR-IOP: IIop:: Iop HAL Service is not available.
03-09 05:02:36.889 2051 2051 D NavigationModeController: getCurrentInteractionMode: mode=2 contextUser=0
03-09 05:02:36.889 2051 2679 I CCodecBufferChannel: pipelineRoom(3) is <= numClientBuffers(3). Not signalling any more buffers to client
03-09 05:02:36.889 1258 2681 D SimpleC2Component: Using output block pool with poolID 25 => got 25 - 0
03-09 05:02:36.889 509 2685 W libc : Unable to set property "ctl.interface_start" to "vendor.qti.hardware.iop@2.0::IIop/default": error code: 0x20
03-09 05:02:36.889 509 2685 I hwservicemanager: Tried to start vendor.qti.hardware.iop@2.0::IIop/default as a lazy service, but was unable to. Usually this happens when a service is not installed, but if the service is intended to be used as a lazy service, then it may be configured incorrectly.
03-09 05:02:36.889 1193 1430 D MediaBufferGroup: creating MemoryDealer
03-09 05:02:36.890 2051 2679 I CCodecBufferChannel: pipelineRoom(2) is <= numClientBuffers(2). Not signalling any more buffers to client
03-09 05:02:36.890 2051 2679 I CCodecBufferChannel: pipelineRoom(1) is <= numClientBuffers(1). Not signalling any more buffers to client
03-09 05:02:36.890 2646 2646 I Perf : Connecting to perf service.
03-09 05:02:36.892 2646 2646 W ContextImpl: Failed to ensure /data/user/0/com.android.launcher3/cache: mkdir failed: errno 126 (Required key not available)
03-09 05:02:36.892 2646 2646 W ContextImpl: Failed to update user.inode_cache: stat failed: ENOENT (No such file or directory)
03-09 05:02:36.893 1537 1710 E NativeTombstoneManager: Tombstone's UID (0) not an app, ignoring
03-09 05:02:36.893 1537 1710 I DropBoxManagerService: add tag=SYSTEM_TOMBSTONE_PROTO isTagEnabled=true flags=0x4
03-09 05:02:36.893 2646 2646 V GraphicsEnvironment: ANGLE Developer option for 'com.android.launcher3' set to: 'default'
03-09 05:02:36.893 2646 2646 V GraphicsEnvironment: ANGLE GameManagerService for com.android.launcher3: false
03-09 05:02:36.894 2646 2646 D NetworkSecurityConfig: No Network Security Config specified, using platform default
03-09 05:02:36.894 2646 2646 D NetworkSecurityConfig: No Network Security Config specified, using platform default
03-09 05:02:36.895 509 509 I hwservicemanager: Since vendor.qti.hardware.iop@2.0::IIop/default is not registered, trying to start it as a lazy HAL.
03-09 05:02:36.895 1224 1224 E ANDR-IOP: IIop:: Iop HAL Service is not available.
03-09 05:02:36.896 509 2687 W libc : Unable to set property "ctl.interface_start" to "vendor.qti.hardware.iop@2.0::IIop/default": error code: 0x20
03-09 05:02:36.896 509 2687 I hwservicemanager: Tried to start vendor.qti.hardware.iop@2.0::IIop/default as a lazy service, but was unable to. Usually this happens when a service is not installed, but if the service is intended to be used as a lazy service, then it may be configured incorrectly.
03-09 05:02:36.896 1537 2086 D PackageManager: Size of mPackageChangeObservers after registry is 1
03-09 05:02:36.897 1165 1165 I iorapd : iorapd (the prefetchening) readied up
03-09 05:02:36.897 2051 2679 D CCodecBufferChannel: [c2.android.vorbis.decoder#285] MediaCodec discarded an unknown buffer
03-09 05:02:36.897 2051 2679 D CCodecBufferChannel: [c2.android.vorbis.decoder#285] MediaCodec discarded an unknown buffer
03-09 05:02:36.897 2051 2679 D CCodecBufferChannel: [c2.android.vorbis.decoder#285] MediaCodec discarded an unknown buffer
03-09 05:02:36.898 2051 2051 W AudioManager: attempt to call registerAudioRecordingCallback() on a previouslyregistered callback
03-09 05:02:36.898 2051 2679 I hw-BpHwBinder: onLastStrongRef automatically unlinking death recipients
03-09 05:02:36.898 1258 1948 I hw-BpHwBinder: onLastStrongRef automatically unlinking death recipients
03-09 05:02:36.898 1258 1948 V C2Store : in ~ComponentModule
03-09 05:02:36.898 1258 1948 V C2Store : unloading dll
03-09 05:02:36.899 1537 1710 E NativeTombstoneManager: Tombstone's UID (0) not an app, ignoring
03-09 05:02:36.899 1537 1710 I DropBoxManagerService: add tag=SYSTEM_TOMBSTONE_PROTO isTagEnabled=true flags=0x4
03-09 05:02:36.903 1537 1710 E NativeTombstoneManager: Tombstone's UID (0) not an app, ignoring
03-09 05:02:36.903 1537 1710 I DropBoxManagerService: add tag=SYSTEM_TOMBSTONE_PROTO isTagEnabled=true flags=0x4
03-09 05:02:36.904 1537 1978 D ConnectivityService: NetReassign [no changes]
03-09 05:02:36.904 1537 2086 D ConnectivityService: requestNetwork for uid/pid:10078/2051 activeRequest: null callbackRequest: 21 [NetworkRequest [ REQUEST id=22, [ Capabilities: INTERNET&NOT_RESTRICTED&TRUSTED&NOT_VCN_MANAGED Uid: 10078 RequestorUid: 10078 RequestorPkg: com.android.systemui] ]] callback flags: 1 priority: 2147483647
03-09 05:02:36.904 1537 1978 D ConnectivityService: NetReassign [no changes]
03-09 05:02:36.904 1537 2018 D Ethernet: got request NetworkRequest [ REQUEST id=22, [ Capabilities: INTERNET&NOT_RESTRICTED&TRUSTED&NOT_VCN_MANAGED Uid: 10078 RequestorUid: 10078 RequestorPkg: com.android.systemui] ]
03-09 05:02:36.904 2051 2051 V WifiManager: registerTrafficStateCallback: callback=com.android.systemui.statusbar.policy.WifiSignalController$WifiTrafficStateCallback@9bb6cd, executor=android.os.HandlerExecutor@36fd56e
03-09 05:02:36.904 1537 2018 D EthernetNetworkFactory: acceptRequest, request: NetworkRequest [ REQUEST id=22, [ Capabilities: INTERNET&NOT_RESTRICTED&TRUSTED&NOT_VCN_MANAGED Uid: 10078 RequestorUid: 10078 RequestorPkg: com.android.systemui] ]
03-09 05:02:36.904 1537 2018 I EthernetNetworkFactory: networkForRequest, request: NetworkRequest [ REQUEST id=22, [ Capabilities: INTERNET&NOT_RESTRICTED&TRUSTED&NOT_VCN_MANAGED Uid: 10078 RequestorUid: 10078 RequestorPkg: com.android.systemui] ], network: null
03-09 05:02:36.905 2051 2051 V WifiManager: registerScanResultsCallback: callback=com.android.systemui.statusbar.policy.NetworkControllerImpl$5@38d7b82, executor=androidx.mediarouter.media.MediaRoute2Provider$$ExternalSyntheticLambda0@76b6293
03-09 05:02:36.906 1537 2086 D ConnectivityService: requestNetwork for uid/pid:10078/2051 activeRequest: null callbackRequest: 23 [NetworkRequest [ REQUEST id=24, [ Capabilities: INTERNET&NOT_RESTRICTED&TRUSTED&NOT_VCN_MANAGED Uid: 10078 RequestorUid: 10078 RequestorPkg: com.android.systemui] ]] callback flags: 1 priority: 2147483647
03-09 05:02:36.906 1537 1978 D ConnectivityService: NetReassign [no changes]
03-09 05:02:36.906 1537 2018 D Ethernet: got request NetworkRequest [ REQUEST id=24, [ Capabilities: INTERNET&NOT_RESTRICTED&TRUSTED&NOT_VCN_MANAGED Uid: 10078 RequestorUid: 10078 RequestorPkg: com.android.systemui] ]
03-09 05:02:36.906 1537 2018 D EthernetNetworkFactory: acceptRequest, request: NetworkRequest [ REQUEST id=24, [ Capabilities: INTERNET&NOT_RESTRICTED&TRUSTED&NOT_VCN_MANAGED Uid: 10078 RequestorUid: 10078 RequestorPkg: com.android.systemui] ]
03-09 05:02:36.906 1537 2018 I EthernetNetworkFactory: networkForRequest, request: NetworkRequest [ REQUEST id=24, [ Capabilities: INTERNET&NOT_RESTRICTED&TRUSTED&NOT_VCN_MANAGED Uid: 10078 RequestorUid: 10078 RequestorPkg: com.android.systemui] ], network: null
03-09 05:02:36.906 1537 1710 E NativeTombstoneManager: Tombstone's UID (0) not an app, ignoring
03-09 05:02:36.907 1537 1710 I DropBoxManagerService: add tag=SYSTEM_TOMBSTONE_PROTO isTagEnabled=true flags=0x4
03-09 05:02:36.908 1537 1978 D ConnectivityService: NetReassign [no changes]
03-09 05:02:36.911 1537 1710 E NativeTombstoneManager: Tombstone's UID (0) not an app, ignoring
03-09 05:02:36.911 1537 1710 I DropBoxManagerService: add tag=SYSTEM_TOMBSTONE_PROTO isTagEnabled=true flags=0x4
03-09 05:02:36.911 2051 2051 D CompatibilityChangeReporter: Compat change id reported: 171228096; UID 10078; state: ENABLED
03-09 05:02:36.915 1537 1710 E NativeTombstoneManager: Tombstone's UID (0) not an app, ignoring
03-09 05:02:36.915 1537 1710 I DropBoxManagerService: add tag=SYSTEM_TOMBSTONE_PROTO isTagEnabled=true flags=0x4
03-09 05:02:36.918 2051 2051 V KeyguardUpdateMonitor: *** register callback for com.android.systemui.doze.DozeLog$1@754ed3d
03-09 05:02:36.918 2051 2051 V KeyguardUpdateMonitor: *** unregister callback for null
03-09 05:02:36.918 1537 1572 W ServiceManager: Permission failure: android.permission.HIGH_SAMPLING_RATE_SENSORS from uid=10076 pid=2646
03-09 05:02:36.919 1537 1710 E NativeTombstoneManager: Tombstone's UID (0) not an app, ignoring
03-09 05:02:36.919 1537 1710 I DropBoxManagerService: add tag=SYSTEM_TOMBSTONE_PROTO isTagEnabled=true flags=0x4
03-09 05:02:36.919 2051 2051 V KeyguardUpdateMonitor: *** register callback for com.android.systemui.statusbar.phone.BiometricUnlockController@99fc932
03-09 05:02:36.919 2051 2051 V KeyguardUpdateMonitor: *** unregister callback for null
03-09 05:02:36.923 1537 1710 E NativeTombstoneManager: Tombstone's UID (0) not an app, ignoring
03-09 05:02:36.923 1537 1710 I DropBoxManagerService: add tag=SYSTEM_TOMBSTONE_PROTO isTagEnabled=true flags=0x4
03-09 05:02:36.924 1537 1572 I InputDispatcher: Created monitor swipe-up for display 0, gesture=true, pid=2646
03-09 05:02:36.924 1537 1921 I InputDispatcher: Erasing monitor swipe-up (server) on display 0, pid=2646
03-09 05:02:36.925 1537 2189 I InputDispatcher: Created monitor swipe-up for display 0, gesture=true, pid=2646
03-09 05:02:36.925 2646 2646 W ContextImpl: Failed to ensure /data/user/0/com.android.launcher3/files: mkdir failed: errno 126 (Required key not available)
03-09 05:02:36.926 2646 2646 D TouchInteractionService: Touch service connected: user=0
03-09 05:02:36.926 2051 2051 D NavigationModeController: getCurrentInteractionMode: mode=2 contextUser=0
03-09 05:02:36.926 2051 2051 D NavigationModeController: getCurrentInteractionMode: mode=2 contextUser=0
03-09 05:02:36.927 1537 1710 E NativeTombstoneManager: Tombstone's UID (0) not an app, ignoring
03-09 05:02:36.927 1537 1710 I DropBoxManagerService: add tag=SYSTEM_TOMBSTONE_PROTO isTagEnabled=true flags=0x4
03-09 05:02:36.927 2051 2051 V KeyguardUpdateMonitor: *** register callback for com.android.systemui.accessibility.floatingmenu.AccessibilityFloatingMenuController$1@1fd467e
03-09 05:02:36.927 2051 2051 V KeyguardUpdateMonitor: *** unregister callback for null
03-09 05:02:36.931 2051 2051 D NavigationModeController: getCurrentInteractionMode: mode=2 contextUser=0
03-09 05:02:36.935 2051 2051 I TetheringManager: registerTetheringEventCallback:com.android.systemui
03-09 05:02:36.935 1537 1710 E NativeTombstoneManager: Tombstone's UID (0) not an app, ignoring
03-09 05:02:36.935 2051 2051 I TetheringManager: registerTetheringEventCallback caller:com.android.systemui
03-09 05:02:36.935 1537 1710 I DropBoxManagerService: add tag=SYSTEM_TOMBSTONE_PROTO isTagEnabled=true flags=0x4
03-09 05:02:36.942 2051 2051 V KeyguardUpdateMonitor: *** register callback for com.android.systemui.statusbar.KeyguardIndicationController$BaseKeyguardCallback@7464b2e
03-09 05:02:36.942 2051 2051 V KeyguardUpdateMonitor: *** unregister callback for null
03-09 05:02:36.942 2051 2051 V KeyguardUpdateMonitor: *** register callback for com.android.systemui.statusbar.KeyguardIndicationController$4@76a36cf
03-09 05:02:36.942 2051 2051 V KeyguardUpdateMonitor: *** unregister callback for null
03-09 05:02:36.943 2051 2051 D StatusBar: disable disable2
03-09 05:02:36.943 1537 2189 I StatusBarManagerService: registerStatusBar bar=com.android.internal.statusbar.IStatusBar$Stub$Proxy@b2c99b7
03-09 05:02:36.943 1537 1537 W Binder : Outgoing transactions from this process must be FLAG_ONEWAY
03-09 05:02:36.943 1537 1537 W Binder : java.lang.Throwable
03-09 05:02:36.943 1537 1537 W Binder : at android.os.BinderProxy.transact(BinderProxy.java:532)
03-09 05:02:36.943 1537 1537 W Binder : at com.android.internal.statusbar.IStatusBar$Stub$Proxy.setUdfpsHbmListener(IStatusBar.java:2371)
03-09 05:02:36.943 1537 1537 W Binder : at com.android.server.statusbar.StatusBarManagerService.setUdfpsHbmListener(StatusBarManagerService.java:851)
03-09 05:02:36.943 1537 1537 W Binder : at com.android.server.statusbar.StatusBarManagerService.lambda$notifyBarAttachChanged$3$StatusBarManagerService(StatusBarManagerService.java:1266)
03-09 05:02:36.943 1537 1537 W Binder : at com.android.server.statusbar.StatusBarManagerService$$ExternalSyntheticLambda1.run(Unknown Source:2)
03-09 05:02:36.943 1537 1537 W Binder : at android.os.Handler.handleCallback(Handler.java:938)
03-09 05:02:36.943 1537 1537 W Binder : at android.os.Handler.dispatchMessage(Handler.java:99)
03-09 05:02:36.943 1537 1537 W Binder : at android.os.Looper.loopOnce(Looper.java:201)
03-09 05:02:36.943 1537 1537 W Binder : at android.os.Looper.loop(Looper.java:288)
03-09 05:02:36.943 1537 1537 W Binder : at com.android.server.SystemServer.run(SystemServer.java:909)
03-09 05:02:36.943 1537 1537 W Binder : at com.android.server.SystemServer.main(SystemServer.java:616)
03-09 05:02:36.943 1537 1537 W Binder : at java.lang.reflect.Method.invoke(Native Method)
03-09 05:02:36.943 1537 1537 W Binder : at com.android.internal.os.RuntimeInit$MethodAndArgsCaller.run(RuntimeInit.java:548)
03-09 05:02:36.943 1537 1537 W Binder : at com.android.internal.os.ZygoteInit.main(ZygoteInit.java:987)
03-09 05:02:37.009 2051 2051 I CameraManagerGlobal: Connecting to camera service
03-09 05:02:37.013 2051 2051 E ThemeUtils: View class com.airbnb.lottie.LottieAnimationView is an AppCompat widget that can only be used with a Theme.AppCompat theme (or descendant).
03-09 05:02:37.019 2051 2051 D CompatibilityChangeReporter: Compat change id reported: 170233598; UID 10078; state: DISABLED
03-09 05:02:37.039 1537 1537 I GameModeConfig: isGameModeOn = false
03-09 05:02:37.041 1537 1537 W NotificationHistory: Attempted to add notif for locked/gone/disabled user 0
03-09 05:02:37.059 2051 2051 D NavigationModeController: getCurrentInteractionMode: mode=2 contextUser=0
03-09 05:02:37.064 2051 2051 D QAWController: QuickAccessWallet feature is not available.
03-09 05:02:37.065 2051 2051 D ControlsListingControllerImpl: Initializing
03-09 05:02:37.074 2051 2051 D NavigationModeController: getCurrentInteractionMode: mode=2 contextUser=0
03-09 05:02:37.074 2051 2051 D NavigationModeController: getCurrentInteractionMode: mode=2 contextUser=0
03-09 05:02:37.080 2051 2051 D NavigationModeController: getCurrentUserContext: contextUser=0 currentUser=0
03-09 05:02:37.081 2051 2051 D NavigationModeController: getCurrentInteractionMode: mode=2 contextUser=0
03-09 05:02:37.086 1537 2189 D CompatibilityChangeReporter: Compat change id reported: 168419799; UID 10078; state: DISABLED
03-09 05:02:37.095 2051 2051 D StatusBar: disable disable2
03-09 05:02:37.098 2051 2051 V KeyguardUpdateMonitor: *** register callback for com.android.systemui.statusbar.phone.ScrimController$KeyguardVisibilityCallback@f378a41
03-09 05:02:37.098 2051 2051 V KeyguardUpdateMonitor: *** unregister callback for null
03-09 05:02:37.108 2051 2051 D StatusBar: mUserSetupObserver - DeviceProvisionedListener called for user 0
03-09 05:02:37.108 2051 2051 D StatusBar: mUserSetupObserver - DeviceProvisionedListener called for user 0
03-09 05:02:37.108 2051 2265 D OpenGLRenderer: profile bars disabled
03-09 05:02:37.108 2051 2265 D OpenGLRenderer: ambientRatio = 1.50
03-09 05:02:37.117 2051 2051 V KeyguardUpdateMonitor: *** register callback for com.android.systemui.statusbar.notification.collection.coordinator.KeyguardCoordinator$6@e227182
03-09 05:02:37.117 2051 2051 V KeyguardUpdateMonitor: *** unregister callback for null
03-09 05:02:37.118 2051 2051 D NotifPipeline: Notif pipeline initialized
03-09 05:02:37.122 2051 2051 V WifiManager: registerSoftApCallback: callback=com.android.systemui.statusbar.policy.HotspotControllerImpl@7eab1fc, executor=android.os.HandlerExecutor@610c085
03-09 05:02:37.122 2051 2051 V KeyguardUpdateMonitor: *** register callback for com.android.systemui.statusbar.phone.KeyguardBouncer$1@ba8aeda
03-09 05:02:37.123 2051 2051 V KeyguardUpdateMonitor: *** unregister callback for null
03-09 05:02:37.123 2051 2051 V KeyguardUpdateMonitor: *** register callback for com.android.systemui.statusbar.phone.StatusBarKeyguardViewManager$3@2b50f0b
03-09 05:02:37.123 2051 2051 V KeyguardUpdateMonitor: *** unregister callback for null
03-09 05:02:37.123 2051 2051 D KeyguardViewMediator: adjustStatusBarLocked: mShowing=false mOccluded=false isSecure=false force=false --> flags=0x0
03-09 05:02:37.123 2051 2051 D NavigationModeController: getCurrentInteractionMode: mode=2 contextUser=0
03-09 05:02:37.123 2051 2051 V KeyguardUpdateMonitor: *** register callback for com.android.systemui.statusbar.phone.StatusBar$5@f2ef1e8
03-09 05:02:37.123 2051 2051 V KeyguardUpdateMonitor: *** unregister callback for null
03-09 05:02:37.126 2051 2606 W ActivityThread: Failed to find provider info for com.android.contacts (user not unlocked)
03-09 05:02:37.127 2051 2051 D StorageNotification: Notifying about private volume: VolumeInfo{private}:
03-09 05:02:37.127 2051 2051 D StorageNotification: type=PRIVATE diskId=null partGuid=null mountFlags=0 mountUserId=-10000
03-09 05:02:37.127 2051 2051 D StorageNotification: state=MOUNTED
03-09 05:02:37.127 2051 2051 D StorageNotification: fsType=null fsUuid=null fsLabel=null
03-09 05:02:37.127 2051 2051 D StorageNotification: path=/data internalPath=null
03-09 05:02:37.134 2051 2213 D AuthController: onFingerprintProvidersAvailable | sensors: [ID: 0, Strength: 2, Type: 1]
03-09 05:02:37.134 2051 2081 D AuthController: onEnrollmentsChanged, userId: 0, sensorId: 0, hasEnrollments: false
03-09 05:02:37.135 2051 2081 W Binder : Caught a RuntimeException from the binder stub implementation.
03-09 05:02:37.135 2051 2081 W Binder : java.lang.NullPointerException: Attempt to invoke interface method 'java.util.Iterator java.util.List.iterator()' on a null object reference
03-09 05:02:37.135 2051 2081 W Binder : at com.android.systemui.biometrics.AuthController$1.onEnrollmentsChanged(AuthController.java:139)
03-09 05:02:37.135 2051 2081 W Binder : at android.hardware.fingerprint.IFingerprintStateListener$Stub.onTransact(IFingerprintStateListener.java:107)
03-09 05:02:37.135 2051 2081 W Binder : at android.os.Binder.execTransactInternal(Binder.java:1184)
03-09 05:02:37.135 2051 2081 W Binder : at android.os.Binder.execTransact(Binder.java:1143)
03-09 05:02:37.136 2051 2051 D ThemeOverlayController: Start
03-09 05:02:37.138 2051 2051 V KeyguardUpdateMonitor: *** register callback for com.android.systemui.wmshell.WMShell$2@ffd77a9
03-09 05:02:37.138 2051 2051 V KeyguardUpdateMonitor: *** unregister callback for null
03-09 05:02:37.139 2051 2051 V KeyguardUpdateMonitor: *** register callback for com.android.systemui.wmshell.WMShell$4@7bfd4cf
03-09 05:02:37.139 2051 2051 V KeyguardUpdateMonitor: *** unregister callback for null
03-09 05:02:37.139 2051 2051 D ShowWindowUtil: start and showTipWindow
03-09 05:02:37.143 1264 1335 E cnss-daemon: wlfw_qmi_ind_cb: Receive Ind : 0x2a
03-09 05:02:37.157 2051 2051 V NotificationMediaManager: DEBUG_MEDIA: updating album art for notification null metadata=null metaDataChanged=true state=0
03-09 05:02:37.157 2051 2051 D StatusBar: disable disable2
03-09 05:02:37.158 1537 1572 D CompatibilityInfo: mCompatibilityFlags - 4
03-09 05:02:37.158 1537 1572 D CompatibilityInfo: applicationDensity - 240
03-09 05:02:37.158 1537 1572 D CompatibilityInfo: applicationScale - 1.0
03-09 05:02:37.161 2051 2081 D KeyguardViewMediator: onStartedWakingUp, seq = 1
03-09 05:02:37.161 2051 2081 D KeyguardViewMediator: notifyStartedWakingUp
03-09 05:02:37.161 2051 2081 D KeyguardViewMediator: notifyScreenOn
03-09 05:02:37.161 2051 2081 D KeyguardViewMediator: notifyScreenTurnedOn
03-09 05:02:37.162 2051 2081 D KeyguardViewMediator: adjustStatusBarLocked: mShowing=false mOccluded=false isSecure=false force=false --> flags=0x0
03-09 05:02:37.166 2051 2051 I Choreographer: Skipped 40 frames! The application may be doing too much work on its main thread.
03-09 05:02:37.166 2051 2051 I DepthController: Won't set zoom. Window not attached com.android.systemui.statusbar.phone.NotificationShadeWindowView{60bdbe6 I.E...... ......I. 0,0-0,0}
03-09 05:02:37.175 1537 2189 I InputDispatcher: Created monitor edge-swipe for display 0, gesture=true, pid=2051
03-09 05:02:37.178 2051 2051 D NavigationModeController: getCurrentUserContext: contextUser=0 currentUser=0
03-09 05:02:37.182 2051 2265 I AdrenoGLES-0: QUALCOMM build : 47421dbee6, I139f36ad46
03-09 05:02:37.182 2051 2265 I AdrenoGLES-0: Build Date : 02/18/22
03-09 05:02:37.182 2051 2265 I AdrenoGLES-0: OpenGL ES Shader Compiler Version: EV031.32.02.17
03-09 05:02:37.182 2051 2265 I AdrenoGLES-0: Local Branch :
03-09 05:02:37.182 2051 2265 I AdrenoGLES-0: Remote Branch :
03-09 05:02:37.182 2051 2265 I AdrenoGLES-0: Remote Branch :
03-09 05:02:37.182 2051 2265 I AdrenoGLES-0: Reconstruct Branch :
03-09 05:02:37.182 2051 2265 I AdrenoGLES-0: Build Config : S P 10.0.7 AArch64
03-09 05:02:37.182 2051 2265 I AdrenoGLES-0: Driver Path : /vendor/lib64/egl/libGLESv2_adreno.so
03-09 05:02:37.182 911 1674 D PermissionCache: checking android.permission.READ_FRAME_BUFFER for uid=10078 => granted (93 us)
03-09 05:02:37.182 509 509 I hwservicemanager: getTransport: Cannot find entry android.hardware.graphics.mapper@4.0::IMapper/default in either framework or device VINTF manifest.
03-09 05:02:37.185 2051 2265 I AdrenoGLES-0: PFP: 0x016dd093, ME: 0x00000000
03-09 05:02:37.188 2051 2265 D libEGL : MSAA-->msaa:0 gamemode:0 4x_msaa:0
03-09 05:02:37.188 2051 2265 D libEGL : MSAA-->msaa:0 gamemode:0 4x_msaa:0
03-09 05:02:37.189 2051 2265 D libEGL : MSAA-->msaa:0 gamemode:0 4x_msaa:0
03-09 05:02:37.192 844 844 I SDM : HWCDisplay::GetColorModeCount: Supported color mode count = 1
03-09 05:02:37.192 844 844 I SDM : HWCDisplay::GetColorModes: Color mode = 0 is supported
03-09 05:02:37.192 911 1063 E HWComposer: getSupportedContentTypes: getSupportedContentTypes failed for display 4630946370410392961: Unsupported (8)
03-09 05:02:37.193 509 509 I hwservicemanager: getTransport: Cannot find entry android.hardware.graphics.mapper@4.0::IMapper/default in either framework or device VINTF manifest.
03-09 05:02:37.193 2051 2051 I Gralloc4: mapper 4.x is not supported
03-09 05:02:37.194 509 509 I hwservicemanager: getTransport: Cannot find entry android.hardware.graphics.allocator@4.0::IAllocator/default in either framework or device VINTF manifest.
03-09 05:02:37.194 2051 2051 W Gralloc4: allocator 4.x is not supported
03-09 05:02:37.195 2051 2705 D libEGL : MSAA-->msaa:0 gamemode:0 4x_msaa:0
03-09 05:02:37.195 2051 2705 D libEGL : MSAA-->msaa:0 gamemode:0 4x_msaa:0
03-09 05:02:37.195 2051 2705 D libEGL : MSAA-->msaa:0 gamemode:0 4x_msaa:0
03-09 05:02:37.210 2051 2051 D QAWController: QuickAccessWallet feature is not available.
03-09 05:02:37.212 2051 2051 V KeyguardUpdateMonitor: *** register callback for com.android.systemui.statusbar.phone.NotificationPanelViewController$1@bedbc43
03-09 05:02:37.212 2051 2051 V KeyguardUpdateMonitor: *** unregister callback for null
03-09 05:02:37.212 2051 2637 W ActivityThread: Failed to find provider info for com.android.contacts (user not unlocked)
03-09 05:02:37.214 2051 2051 V KeyguardUpdateMonitor: *** register callback for com.android.systemui.statusbar.phone.KeyguardBottomAreaView$9@ee329d8
03-09 05:02:37.214 2051 2051 V KeyguardUpdateMonitor: *** unregister callback for null
03-09 05:02:37.214 2051 2051 V KeyguardUpdateMonitor: *** register callback for com.android.keyguard.EmergencyButtonController$1@288d131
03-09 05:02:37.214 2051 2051 V KeyguardUpdateMonitor: *** unregister callback for null
03-09 05:02:37.215 2051 2051 D CompatibilityChangeReporter: Compat change id reported: 182185642; UID 10078; state: ENABLED
03-09 05:02:37.215 2051 2051 E EmergencyButton: Fail to call TelephonyManager.requestCellInfoUpdate
03-09 05:02:37.215 2051 2051 E EmergencyButton: java.lang.IllegalStateException: Telephony is null
03-09 05:02:37.215 2051 2051 E EmergencyButton: at android.telephony.TelephonyManager.requestCellInfoUpdate(TelephonyManager.java:6362)
03-09 05:02:37.215 2051 2051 E EmergencyButton: at com.android.keyguard.EmergencyButtonController.requestCellInfoUpdate(EmergencyButtonController.java:182)
03-09 05:02:37.215 2051 2051 E EmergencyButton: at com.android.keyguard.EmergencyButtonController.access$100(EmergencyButtonController.java:51)
03-09 05:02:37.215 2051 2051 E EmergencyButton: at com.android.keyguard.EmergencyButtonController$1.onPhoneStateChanged(EmergencyButtonController.java:77)
03-09 05:02:37.215 2051 2051 E EmergencyButton: at com.android.keyguard.KeyguardUpdateMonitor.sendUpdates(KeyguardUpdateMonitor.java:3085)
03-09 05:02:37.215 2051 2051 E EmergencyButton: at com.android.keyguard.KeyguardUpdateMonitor.registerCallback(KeyguardUpdateMonitor.java:3062)
03-09 05:02:37.215 2051 2051 E EmergencyButton: at com.android.keyguard.EmergencyButtonController.onViewAttached(EmergencyButtonController.java:119)
03-09 05:02:37.215 2051 2051 E EmergencyButton: at com.android.systemui.util.ViewController$1.onViewAttachedToWindow(ViewController.java:52)
03-09 05:02:37.215 2051 2051 E EmergencyButton: at android.view.View.dispatchAttachedToWindow(View.java:20768)
03-09 05:02:37.215 2051 2051 E EmergencyButton: at android.view.ViewGroup.dispatchAttachedToWindow(ViewGroup.java:3497)
03-09 05:02:37.215 2051 2051 E EmergencyButton: at android.view.ViewGroup.dispatchAttachedToWindow(ViewGroup.java:3497)
03-09 05:02:37.215 2051 2051 E EmergencyButton: at android.view.ViewGroup.dispatchAttachedToWindow(ViewGroup.java:3497)
03-09 05:02:37.215 2051 2051 E EmergencyButton: at android.view.ViewGroup.dispatchAttachedToWindow(ViewGroup.java:3497)
03-09 05:02:37.215 2051 2051 E EmergencyButton: at android.view.ViewRootImpl.performTraversals(ViewRootImpl.java:2633)
03-09 05:02:37.215 2051 2051 E EmergencyButton: at android.view.ViewRootImpl.doTraversal(ViewRootImpl.java:2146)
03-09 05:02:37.215 2051 2051 E EmergencyButton: at android.view.ViewRootImpl$TraversalRunnable.run(ViewRootImpl.java:8675)
03-09 05:02:37.215 2051 2051 E EmergencyButton: at android.view.Choreographer$CallbackRecord.run(Choreographer.java:1120)
03-09 05:02:37.215 2051 2051 E EmergencyButton: at android.view.Choreographer.doCallbacks(Choreographer.java:926)
03-09 05:02:37.215 2051 2051 E EmergencyButton: at android.view.Choreographer.doFrame(Choreographer.java:859)
03-09 05:02:37.215 2051 2051 E EmergencyButton: at android.view.Choreographer$FrameDisplayEventReceiver.run(Choreographer.java:1105)
03-09 05:02:37.215 2051 2051 E EmergencyButton: at android.os.Handler.handleCallback(Handler.java:938)
03-09 05:02:37.215 2051 2051 E EmergencyButton: at android.os.Handler.dispatchMessage(Handler.java:99)
03-09 05:02:37.215 2051 2051 E EmergencyButton: at android.os.Looper.loopOnce(Looper.java:201)
03-09 05:02:37.215 2051 2051 E EmergencyButton: at android.os.Looper.loop(Looper.java:288)
03-09 05:02:37.215 2051 2051 E EmergencyButton: at android.app.ActivityThread.main(ActivityThread.java:7880)
03-09 05:02:37.215 2051 2051 E EmergencyButton: at java.lang.reflect.Method.invoke(Native Method)
03-09 05:02:37.215 2051 2051 E EmergencyButton: at com.android.internal.os.RuntimeInit$MethodAndArgsCaller.run(RuntimeInit.java:548)
03-09 05:02:37.215 2051 2051 E EmergencyButton: at com.android.internal.os.ZygoteInit.main(ZygoteInit.java:1009)
03-09 05:02:37.215 2051 2051 V KeyguardUpdateMonitor: *** register callback for com.android.keyguard.LockIconViewController$3@4d0b84
03-09 05:02:37.215 2051 2051 V KeyguardUpdateMonitor: *** unregister callback for null
03-09 05:02:37.216 2051 2051 V KeyguardUpdateMonitor: *** register callback for com.android.keyguard.KeyguardStatusViewController$2@6684f6d
03-09 05:02:37.216 2051 2051 V KeyguardUpdateMonitor: *** unregister callback for null
03-09 05:02:37.218 2051 2081 I OpenGLRenderer: Davey! duration=707ms; Flags=1, FrameTimelineVsyncId=56, IntendedVsync=10437080285, Vsync=11103746925, InputEventId=0, HandleInputStart=11104940566, AnimationStart=11104941503, PerformTraversalsStart=11105469836, DrawStart=11131863743, FrameDeadline=10453746951, FrameInterval=11104903430, FrameStartTime=16666666, SyncQueued=11135464784, SyncStart=11135495201, IssueDrawCommandsStart=11135631972, SwapBuffers=11139638951, FrameCompleted=11144262128, DequeueBufferDuration=9271, QueueBufferDuration=416198, GpuCompleted=11144262128, SwapBuffersCompleted=11140214680, DisplayPresentTime=318383342,
03-09 05:02:37.218 2051 2051 V KeyguardUpdateMonitor: *** register callback for com.android.keyguard.AnimatableClockController$4@93e688f
03-09 05:02:37.218 2051 2051 V KeyguardUpdateMonitor: *** unregister callback for null
03-09 05:02:37.219 2051 2051 V KeyguardUpdateMonitor: *** register callback for com.android.keyguard.AnimatableClockController$4@108471c
03-09 05:02:37.219 2051 2051 V KeyguardUpdateMonitor: *** unregister callback for null
03-09 05:02:37.228 2051 2637 W ActivityThread: Failed to find provider info for com.android.contacts (user not unlocked)
03-09 05:02:37.236 2051 2637 W ActivityThread: Failed to find provider info for com.android.contacts (user not unlocked)
03-09 05:02:37.239 2051 2051 V KeyguardUpdateMonitor: *** register callback for com.android.systemui.biometrics.AuthRippleController$keyguardUpdateMonitorCallback$1@93c78b0
03-09 05:02:37.239 2051 2051 V KeyguardUpdateMonitor: *** unregister callback for null
03-09 05:02:37.262 1219 1248 E tlogd : [StorageChecker](listDirFile) FileName is /data/tlog/persist/
03-09 05:02:37.262 1219 1248 E tlogd : [StorageChecker](listDirFile) directory
03-09 05:02:37.263 1219 1248 E tlogd : [StorageChecker](listDirFile) FileName is /data/tlog/persist/868_persist_00000_230309_050240.log.ing
03-09 05:02:37.263 1219 1248 E tlogd : [StorageChecker](listDirFile) regular file
03-09 05:02:37.263 1219 1248 E tlogd : [StorageChecker](listDirFile) FileName is /data/tlog/persist/kernel
03-09 05:02:37.263 1219 1248 E tlogd : [StorageChecker](listDirFile) directory
03-09 05:02:37.265 1219 1248 E tlogd : [StorageChecker](listDirFile) FileName is /data/tlog/persist/kernel/752_kernel_00001_700101_080231.log.ing
03-09 05:02:37.265 1219 1248 E tlogd : [StorageChecker](listDirFile) regular file
03-09 05:02:37.265 1219 1248 E tlogd : [StorageChecker](listDirFile) FileName is /data/tlog/persist/kernel/752_kernel_00000_700101_080230.log
03-09 05:02:37.265 1219 1248 E tlogd : [StorageChecker](listDirFile) regular file
03-09 05:02:37.265 1219 1248 E tlogd : [StorageChecker](listDirFile) FileName is /data/tlog/persist/kernel/753_kernel_00003_700101_080010.log.ing
03-09 05:02:37.265 1219 1248 E tlogd : [StorageChecker](listDirFile) regular file
03-09 05:02:37.265 1219 1248 E tlogd : [StorageChecker](listDirFile) FileName is /data/tlog/persist/kernel/753_kernel_00002_700101_080009.log
03-09 05:02:37.265 1219 1248 E tlogd : [StorageChecker](listDirFile) regular file
03-09 05:02:37.265 1219 1248 E tlogd : [StorageChecker](listDirFile) FileName is /data/tlog/persist/kernel/754_kernel_00005_700101_080010.log.ing
03-09 05:02:37.265 1219 1248 E tlogd : [StorageChecker](listDirFile) regular file
03-09 05:02:37.265 1219 1248 E tlogd : [StorageChecker](listDirFile) FileName is /data/tlog/persist/kernel/754_kernel_00004_700101_080009.log
03-09 05:02:37.265 1219 1248 E tlogd : [StorageChecker](listDirFile) regular file
03-09 05:02:37.265 1219 1248 E tlogd : [StorageChecker](listDirFile) FileName is /data/tlog/persist/kernel/755_kernel_00007_700101_080010.log.ing
03-09 05:02:37.265 1219 1248 E tlogd : [StorageChecker](listDirFile) regular file
03-09 05:02:37.265 1219 1248 E tlogd : [StorageChecker](listDirFile) FileName is /data/tlog/persist/kernel/755_kernel_00006_700101_080009.log
03-09 05:02:37.265 1219 1248 E tlogd : [StorageChecker](listDirFile) regular file
03-09 05:02:37.265 1219 1248 E tlogd : [StorageChecker](listDirFile) FileName is /data/tlog/persist/kernel/756_kernel_00009_700101_080010.log.ing
03-09 05:02:37.265 1219 1248 E tlogd : [StorageChecker](listDirFile) regular file
03-09 05:02:37.265 1219 1248 E tlogd : [StorageChecker](listDirFile) FileName is /data/tlog/persist/kernel/756_kernel_00008_700101_080009.log
03-09 05:02:37.265 1219 1248 E tlogd : [StorageChecker](listDirFile) regular file
03-09 05:02:37.265 1219 1248 E tlogd : [StorageChecker](listDirFile) FileName is /data/tlog/persist/kernel/757_kernel_00011_700101_080009.log.ing
03-09 05:02:37.265 1219 1248 E tlogd : [StorageChecker](listDirFile) regular file
03-09 05:02:37.265 1219 1248 E tlogd : [StorageChecker](listDirFile) FileName is /data/tlog/persist/kernel/757_kernel_00010_700101_080009.log
03-09 05:02:37.265 1219 1248 E tlogd : [StorageChecker](listDirFile) regular file
03-09 05:02:37.265 1219 1248 E tlogd : [StorageChecker](listDirFile) FileName is /data/tlog/persist/kernel/758_kernel_00013_700101_080010.log.ing
03-09 05:02:37.265 1219 1248 E tlogd : [StorageChecker](listDirFile) regular file
03-09 05:02:37.265 1219 1248 E tlogd : [StorageChecker](listDirFile) FileName is /data/tlog/persist/kernel/758_kernel_00012_700101_080009.log
03-09 05:02:37.265 1219 1248 E tlogd : [StorageChecker](listDirFile) regular file
03-09 05:02:37.265 1219 1248 E tlogd : [StorageChecker](listDirFile) FileName is /data/tlog/persist/kernel/759_kernel_00015_700101_080010.log.ing
03-09 05:02:37.265 1219 1248 E tlogd : [StorageChecker](listDirFile) regular file
03-09 05:02:37.265 1219 1248 E tlogd : [StorageChecker](listDirFile) FileName is /data/tlog/persist/kernel/759_kernel_00014_700101_080009.log
03-09 05:02:37.265 1219 1248 E tlogd : [StorageChecker](listDirFile) regular file
03-09 05:02:37.265 1219 1248 E tlogd : [StorageChecker](listDirFile) FileName is /data/tlog/persist/kernel/760_kernel_00017_700101_080010.log.ing
03-09 05:02:37.265 1219 1248 E tlogd : [StorageChecker](listDirFile) regular file
03-09 05:02:37.265 1219 1248 E tlogd : [StorageChecker](listDirFile) FileName is /data/tlog/persist/kernel/760_kernel_00016_700101_080009.log
03-09 05:02:37.265 1219 1248 E tlogd : [StorageChecker](listDirFile) regular file
03-09 05:02:37.265 1219 1248 E tlogd : [StorageChecker](listDirFile) FileName is /data/tlog/persist/kernel/761_kernel_00019_700101_080010.log.ing
03-09 05:02:37.265 1219 1248 E tlogd : [StorageChecker](listDirFile) regular file
03-09 05:02:37.265 1219 1248 E tlogd : [StorageChecker](listDirFile) FileName is /data/tlog/persist/kernel/761_kernel_00018_700101_080009.log
03-09 05:02:37.265 1219 1248 E tlogd : [StorageChecker](listDirFile) regular file
03-09 05:02:37.265 1219 1248 E tlogd : [StorageChecker](listDirFile) FileName is /data/tlog/persist/kernel/762_kernel_00021_700101_080010.log.ing
03-09 05:02:37.265 1219 1248 E tlogd : [StorageChecker](listDirFile) regular file
03-09 05:02:37.265 1219 1248 E tlogd : [StorageChecker](listDirFile) FileName is /data/tlog/persist/kernel/762_kernel_00020_700101_080009.log
03-09 05:02:37.265 1219 1248 E tlogd : [StorageChecker](listDirFile) regular file
03-09 05:02:37.265 1219 1248 E tlogd : [StorageChecker](listDirFile) FileName is /data/tlog/persist/kernel/763_kernel_00023_700101_080010.log.ing
03-09 05:02:37.265 1219 1248 E tlogd : [StorageChecker](listDirFile) regular file
03-09 05:02:37.265 1219 1248 E tlogd : [StorageChecker](listDirFile) FileName is /data/tlog/persist/kernel/763_kernel_00022_700101_080009.log
03-09 05:02:37.265 1219 1248 E tlogd : [StorageChecker](listDirFile) regular file
03-09 05:02:37.265 1219 1248 E tlogd : [StorageChecker](listDirFile) FileName is /data/tlog/persist/kernel/764_kernel_00025_700101_080010.log.ing
03-09 05:02:37.265 1219 1248 E tlogd : [StorageChecker](listDirFile) regular file
03-09 05:02:37.265 1219 1248 E tlogd : [StorageChecker](listDirFile) FileName is /data/tlog/persist/kernel/764_kernel_00024_700101_080009.log
03-09 05:02:37.265 1219 1248 E tlogd : [StorageChecker](listDirFile) regular file
03-09 05:02:37.265 1219 1248 E tlogd : [StorageChecker](listDirFile) FileName is /data/tlog/persist/kernel/765_kernel_00027_700101_080009.log.ing
03-09 05:02:37.265 1219 1248 E tlogd : [StorageChecker](listDirFile) regular file
03-09 05:02:37.265 1219 1248 E tlogd : [StorageChecker](listDirFile) FileName is /data/tlog/persist/kernel/765_kernel_00026_700101_080009.log
03-09 05:02:37.265 1219 1248 E tlogd : [StorageChecker](listDirFile) regular file
03-09 05:02:37.265 1219 1248 E tlogd : [StorageChecker](listDirFile) FileName is /data/tlog/persist/kernel/766_kernel_00029_700101_080010.log.ing
03-09 05:02:37.265 1219 1248 E tlogd : [StorageChecker](listDirFile) regular file
03-09 05:02:37.265 1219 1248 E tlogd : [StorageChecker](listDirFile) FileName is /data/tlog/persist/kernel/766_kernel_00028_700101_080009.log
03-09 05:02:37.265 1219 1248 E tlogd : [StorageChecker](listDirFile) regular file
03-09 05:02:37.265 1219 1248 E tlogd : [StorageChecker](listDirFile) FileName is /data/tlog/persist/kernel/767_kernel_00031_700101_080010.log.ing
03-09 05:02:37.265 1219 1248 E tlogd : [StorageChecker](listDirFile) regular file
03-09 05:02:37.265 1219 1248 E tlogd : [StorageChecker](listDirFile) FileName is /data/tlog/persist/kernel/767_kernel_00030_700101_080009.log
03-09 05:02:37.265 1219 1248 E tlogd : [StorageChecker](listDirFile) regular file
03-09 05:02:37.265 1219 1248 E tlogd : [StorageChecker](listDirFile) FileName is /data/tlog/persist/kernel/768_kernel_00033_700101_080009.log.ing
03-09 05:02:37.265 1219 1248 E tlogd : [StorageChecker](listDirFile) regular file
03-09 05:02:37.265 1219 1248 E tlogd : [StorageChecker](listDirFile) FileName is /data/tlog/persist/kernel/768_kernel_00032_700101_080009.log
03-09 05:02:37.265 1219 1248 E tlogd : [StorageChecker](listDirFile) regular file
03-09 05:02:37.265 1219 1248 E tlogd : [StorageChecker](listDirFile) FileName is /data/tlog/persist/kernel/769_kernel_00035_700101_080009.log.ing
03-09 05:02:37.265 1219 1248 E tlogd : [StorageChecker](listDirFile) regular file
03-09 05:02:37.265 1219 1248 E tlogd : [StorageChecker](listDirFile) FileName is /data/tlog/persist/kernel/769_kernel_00034_700101_080009.log
03-09 05:02:37.265 1219 1248 E tlogd : [StorageChecker](listDirFile) regular file
03-09 05:02:37.265 1219 1248 E tlogd : [StorageChecker](listDirFile) FileName is /data/tlog/persist/kernel/770_kernel_00037_700101_080010.log.ing
03-09 05:02:37.265 1219 1248 E tlogd : [StorageChecker](listDirFile) regular file
03-09 05:02:37.265 1219 1248 E tlogd : [StorageChecker](listDirFile) FileName is /data/tlog/persist/kernel/770_kernel_00036_700101_080009.log
03-09 05:02:37.265 1219 1248 E tlogd : [StorageChecker](listDirFile) regular file
03-09 05:02:37.265 1219 1248 E tlogd : [StorageChecker](listDirFile) FileName is /data/tlog/persist/kernel/771_kernel_00039_700101_080009.log.ing
03-09 05:02:37.265 1219 1248 E tlogd : [StorageChecker](listDirFile) regular file
03-09 05:02:37.265 1219 1248 E tlogd : [StorageChecker](listDirFile) FileName is /data/tlog/persist/kernel/771_kernel_00038_700101_080009.log
03-09 05:02:37.265 1219 1248 E tlogd : [StorageChecker](listDirFile) regular file
03-09 05:02:37.265 1219 1248 E tlogd : [StorageChecker](listDirFile) FileName is /data/tlog/persist/kernel/772_kernel_00041_700101_080010.log.ing
03-09 05:02:37.265 1219 1248 E tlogd : [StorageChecker](listDirFile) regular file
