01-01 08:00:07.131 0 0 D vdc : Waited 0ms for vold
01-01 08:00:07.138 0 0 W subsys-pil-tz soc: qcom,ipa_fws: Falling back to syfs fallback for: ipa_fws.mdt
01-01 08:00:07.139 0 0 I init : wait for '/mnt/vendor/spunvm' took 0ms
01-01 08:00:07.150 0 0 I binder : 574:574 ioctl 40046210 7fecd38684 returned -22
01-01 08:00:07.150 0 0 I binder : 574:574 ioctl 40046210 7fecd385c4 returned -22
01-01 08:00:07.164 0 0 I : SW_INIT_DONE - 2nd phase loading [spss] completed ok
01-01 08:00:07.164 0 0 I : PBL_DONE - 1st phase loading [spss] completed ok
01-01 08:00:07.164 0 0 E register_client_adhoc: find path.src 1 dest 589
01-01 08:00:07.164 0 0 E register_client_adhoc: Failed to find path.src 1 dest 589
01-01 08:00:07.165 0 0 E : [drm:dp_display_init_aux_switch][msm-dp-err][70 ]failed to register notifier (-22)
01-01 08:00:07.164 573 573 D spdaemon: Firmware Name [spss2p].
01-01 08:00:07.164 573 573 D spdaemon: Prod FW.
01-01 08:00:07.164 573 573 D spdaemon: firmware_type [p].
01-01 08:00:07.164 573 573 D spdaemon: open() file [/sys/devices/soc0/machine] Failed, ret =-1.
01-01 08:00:07.164 573 573 D spdaemon: soc_type 1048576
01-01 08:00:07.164 573 573 E iardb : [iar_db_get_iar_state] failed to open file /mnt/vendor/spunvm/iar_db/iar_state.bin [13] [Permission denied]
01-01 08:00:07.164 573 573 D iarlib : [iar_get_state] Can't get iar_state, return DISABLED
01-01 08:00:07.164 573 573 I spdaemon: IAR is not activated
01-01 08:00:07.164 573 573 D spdaemon: ------ going to start SP From kernel ------
01-01 08:00:07.164 573 573 I spcomlib: [spcom_restart_sp_subsystem] restart_sp starts
01-01 08:00:07.164 573 573 D spcomlib: [spcom_restart_sp_subsystem] restart_sp - Send PIL request [1]
01-01 08:00:07.165 573 573 D spcomlib: [spcom_restart_sp_subsystem] restart_sp - Restart SP command ok.
01-01 08:00:07.165 573 573 D spcomlib: [spcom_signal_event] event [0] [pil_called] EVENT_STATUS_SIGNALED
01-01 08:00:07.165 573 573 I spcomlib: [spcom_reset_all_app_loaded_prop] start reset all spcomlib apploaded props.
01-01 08:00:07.173 0 0 I wait_for_keymaster: Waiting for Keymaster device
01-01 08:00:07.173 0 0 I binder : 585:585 ioctl 40046210 7fcaa80494 returned -22
01-01 08:00:07.173 0 0 D ProcessState: Binder ioctl to enable oneway spam detection failed: Invalid argument
01-01 08:00:07.190 0 0 I binder : 575:575 ioctl 40046210 7ff16a0cd4 returned -22
01-01 08:00:07.195 0 0 I binder : 575:587 ioctl 40046210 77cf595154 returned -22
01-01 08:00:07.255 0 0 I subsys-pil-tz soc: qcom,ipa_fws: ipa_fws: loading from 0x0000000086810000 to 0x0000000086819000
01-01 08:00:07.257 0 0 W subsys-pil-tz soc: qcom,ipa_fws: Falling back to syfs fallback for: ipa_fws.b02
01-01 08:00:07.257 0 0 W subsys-pil-tz soc: qcom,ipa_fws: Falling back to syfs fallback for: ipa_fws.b03
01-01 08:00:07.257 0 0 W subsys-pil-tz soc: qcom,ipa_fws: Falling back to syfs fallback for: ipa_fws.b04
01-01 08:00:07.261 0 0 I subsys-pil-tz soc: qcom,ipa_fws: ipa_fws: Brought out of reset
01-01 08:00:07.261 0 0 I : IPA FW loaded successfully
01-01 08:00:07.262 0 0 E gsi soc : qcom,msm_gsi: gsi_register_device:1203 GSI irq is wake enabled 34
01-01 08:00:07.263 0 0 I : rmnet_ipa3 started initialization
01-01 08:00:07.263 0 0 I : IPA SSR support = True
01-01 08:00:07.263 0 0 I : IPA SG support = True
01-01 08:00:07.263 0 0 I : IPA Napi Enable = True
01-01 08:00:07.263 0 0 I : using default for wan-rx-desc-size = 256
01-01 08:00:07.263 0 0 I : IPA driver initialization was successful.
01-01 08:00:07.263 0 0 W subsys-pil-tz soc: qcom,ipa_uc: Falling back to syfs fallback for: ipa_uc.mdt
01-01 08:00:07.264 0 0 E ipa-wan ipa3_wwan_probe: 2530 rmnet_ipa completed initialization
01-01 08:00:07.270 0 0 I subsys-pil-tz soc: qcom,ipa_uc: ipa_uc: loading from 0x0000000086800000 to 0x0000000086810000
01-01 08:00:07.272 0 0 W subsys-pil-tz soc: qcom,ipa_uc: Falling back to syfs fallback for: ipa_uc.b02
01-01 08:00:07.276 0 0 I subsys-pil-tz soc: qcom,ipa_uc: ipa_uc: Brought out of reset
01-01 08:00:07.276 0 0 E ipa3_uc_wdi_event_log_info_handler: 351 WDI protocol missing 0x21
01-01 08:00:07.276 0 0 E ipa3_uc_ntn_event_log_info_handler: 34 NTN stats ofst=0x500e0
01-01 08:00:08.174 0 0 W ServiceManager: Waited one second for android.system.keystore2.IKeystoreService/default (is service started? are binder threads started and available?)
01-01 08:00:08.174 0 0 I wait_for_keymaster: Keymaster device ready
01-01 08:00:08.176 0 0 I binder : undelivered transaction 235, process died.
01-01 08:00:08.180 0 0 I binder : 616:616 ioctl 40046210 7fee360c74 returned -22
01-01 08:00:08.180 0 0 D ProcessState: Binder ioctl to enable oneway spam detection failed: Invalid argument
01-01 08:00:08.180 0 0 D vdc : Waited 0ms for vold
01-01 08:00:08.193 0 0 I binder : 618:618 ioctl 40046210 7fd649acc4 returned -22
01-01 08:00:08.193 0 0 D ProcessState: Binder ioctl to enable oneway spam detection failed: Invalid argument
01-01 08:00:08.193 0 0 D vdc : Waited 0ms for vold
01-01 08:00:08.193 550 550 D vold : fscrypt_mount_metadata_encrypted: /data encrypt: 0 format: 0 with null
01-01 08:00:08.193 550 550 D vold : metadata_key_dir/key: /metadata/vold/metadata_encryption/key
01-01 08:00:08.194 550 550 D vold : Key exists, using: /metadata/vold/metadata_encryption/key
01-01 08:00:08.202 550 550 D vold : Mounting metadata-encrypted filesystem:/data
01-01 08:00:08.205 550 550 I vold : [libfs_mgr]Running /system/bin/fsck.f2fs -a -c 10000 --debug-cache /dev/block/dm-10
01-01 08:00:08.209 0 0 I fsck.f2fs: Info: Fix the reported corruption.
01-01 08:00:08.209 0 0 I fsck.f2fs: Info: No support kernel version!
01-01 08:00:08.209 0 0 I fsck.f2fs: Info: Segments per section = 1
01-01 08:00:08.209 0 0 I fsck.f2fs: Info: Sections per zone = 1
01-01 08:00:08.209 0 0 I fsck.f2fs: Info: sector size = 4096
01-01 08:00:08.209 0 0 I fsck.f2fs: Info: total sectors = 28958163 (113117 MB)
01-01 08:00:08.210 0 0 I fsck.f2fs: Info: MKFS version
01-01 08:00:08.210 0 0 I fsck.f2fs: "4.15.0-193-generic #204-Ubuntu SMP Fri Aug 26 19:20:21 UTC 2022"
01-01 08:00:08.210 0 0 I fsck.f2fs: Info: FSCK version
01-01 08:00:08.210 0 0 I fsck.f2fs: from "4.19.157-perf+"
01-01 08:00:08.317 0 0 I F2FS-fs (dm-10): recover_inode: ino = 8e1, name = , inline = 1
01-01 08:00:08.317 0 0 I F2FS-fs (dm-10): recover_data: ino = 8e1 (i_size: recover) recovered = 2, err = 0
01-01 08:00:08.317 0 0 I F2FS-fs (dm-10): recover_inode: ino = 8e1, name = , inline = 1
01-01 08:00:08.317 0 0 I F2FS-fs (dm-10): recover_data: ino = 8e1 (i_size: recover) recovered = 2, err = 0
01-01 08:00:08.317 0 0 I F2FS-fs (dm-10): recover_inode: ino = 8e1, name = , inline = 1
01-01 08:00:08.317 0 0 I F2FS-fs (dm-10): recover_data: ino = 8e1 (i_size: recover) recovered = 2, err = 0
01-01 08:00:08.317 0 0 I F2FS-fs (dm-10): recover_inode: ino = 8e1, name = , inline = 1
01-01 08:00:08.317 0 0 I F2FS-fs (dm-10): recover_data: ino = 8e1 (i_size: recover) recovered = 2, err = 0
01-01 08:00:08.317 0 0 I F2FS-fs (dm-10): recover_inode: ino = 8e1, name = , inline = 1
01-01 08:00:08.317 0 0 I F2FS-fs (dm-10): recover_data: ino = 8e1 (i_size: recover) recovered = 2, err = 0
01-01 08:00:08.317 0 0 I F2FS-fs (dm-10): recover_inode: ino = 8e1, name = , inline = 1
01-01 08:00:08.317 0 0 I F2FS-fs (dm-10): recover_data: ino = 8e1 (i_size: recover) recovered = 2, err = 0
01-01 08:00:08.317 0 0 I F2FS-fs (dm-10): recover_inode: ino = 8e1, name = , inline = 1
01-01 08:00:08.317 0 0 I F2FS-fs (dm-10): recover_data: ino = 8e1 (i_size: recover) recovered = 2, err = 0
01-01 08:00:08.317 0 0 I F2FS-fs (dm-10): recover_inode: ino = 8e1, name = , inline = 1
01-01 08:00:08.317 0 0 I F2FS-fs (dm-10): recover_data: ino = 8e1 (i_size: recover) recovered = 2, err = 0
01-01 08:00:08.317 0 0 I F2FS-fs (dm-10): recover_inode: ino = 8e1, name = , inline = 1
01-01 08:00:08.317 0 0 I F2FS-fs (dm-10): recover_data: ino = 8e1 (i_size: recover) recovered = 2, err = 0
01-01 08:00:08.317 0 0 I F2FS-fs (dm-10): recover_inode: ino = 8e1, name = , inline = 1
01-01 08:00:08.317 0 0 I F2FS-fs (dm-10): recover_data: ino = 8e1 (i_size: recover) recovered = 2, err = 0
01-01 08:00:08.317 0 0 I F2FS-fs (dm-10): recover_inode: ino = 2bd48, name = , inline = 1
01-01 08:00:08.318 0 0 I F2FS-fs (dm-10): recover_dentry: ino = 2bd48, name = , dir = ad8, err = 0
01-01 08:00:08.318 0 0 I F2FS-fs (dm-10): recover_data: ino = 2bd48 (i_size: recover) recovered = 1, err = 0
01-01 08:00:08.318 0 0 I F2FS-fs (dm-10): recover_inode: ino = 8e1, name = , inline = 1
01-01 08:00:08.318 0 0 I F2FS-fs (dm-10): recover_data: ino = 8e1 (i_size: recover) recovered = 2, err = 0
01-01 08:00:08.318 0 0 I F2FS-fs (dm-10): recover_inode: ino = 8e1, name = , inline = 1
01-01 08:00:08.318 0 0 I F2FS-fs (dm-10): recover_data: ino = 8e1 (i_size: recover) recovered = 2, err = 0
01-01 08:00:08.318 0 0 I F2FS-fs (dm-10): recover_inode: ino = 2bd4a, name = , inline = 1
01-01 08:00:08.318 0 0 I F2FS-fs (dm-10): recover_dentry: ino = 2bd4a, name = , dir = b5b, err = 0
01-01 08:00:08.318 0 0 I F2FS-fs (dm-10): recover_data: ino = 2bd4a (i_size: recover) recovered = 1, err = 0
01-01 08:00:08.318 0 0 I F2FS-fs (dm-10): recover_inode: ino = 2bd4b, name = , inline = 1
01-01 08:00:08.318 0 0 I F2FS-fs (dm-10): recover_dentry: ino = 2bd4b, name = , dir = c6, err = 0
01-01 08:00:08.318 0 0 I F2FS-fs (dm-10): recover_data: ino = 2bd4b (i_size: recover) recovered = 1, err = 0
01-01 08:00:08.318 0 0 I F2FS-fs (dm-10): recover_inode: ino = 8e1, name = , inline = 1
01-01 08:00:08.318 0 0 I F2FS-fs (dm-10): recover_data: ino = 8e1 (i_size: recover) recovered = 2, err = 0
01-01 08:00:08.318 0 0 I F2FS-fs (dm-10): recover_inode: ino = 8e1, name = , inline = 1
01-01 08:00:08.318 0 0 I F2FS-fs (dm-10): recover_data: ino = 8e1 (i_size: recover) recovered = 2, err = 0
01-01 08:00:08.318 0 0 I F2FS-fs (dm-10): recover_inode: ino = 8e1, name = , inline = 1
01-01 08:00:08.318 0 0 I F2FS-fs (dm-10): recover_data: ino = 8e1 (i_size: recover) recovered = 2, err = 0
01-01 08:00:08.318 0 0 I F2FS-fs (dm-10): recover_inode: ino = 2bd4f, name = , inline = 1
01-01 08:00:08.318 0 0 I F2FS-fs (dm-10): recover_dentry: ino = 2bd4f, name = , dir = ad8, err = 0
01-01 08:00:08.318 0 0 I F2FS-fs (dm-10): recover_data: ino = 2bd4f (i_size: recover) recovered = 1, err = 0
01-01 08:00:08.318 0 0 I F2FS-fs (dm-10): recover_inode: ino = 2bd50, name = , inline = 1
01-01 08:00:08.318 0 0 I F2FS-fs (dm-10): recover_dentry: ino = 2bd50, name = , dir = ad8, err = 0
01-01 08:00:08.318 0 0 I F2FS-fs (dm-10): recover_data: ino = 2bd50 (i_size: recover) recovered = 1, err = 0
01-01 08:00:08.318 0 0 I F2FS-fs (dm-10): recover_inode: ino = 2bd51, name = , inline = 1
01-01 08:00:08.318 0 0 I F2FS-fs (dm-10): recover_dentry: ino = 2bd51, name = , dir = 85, err = 0
01-01 08:00:08.318 0 0 I F2FS-fs (dm-10): recover_data: ino = 2bd51 (i_size: recover) recovered = 33, err = 0
01-01 08:00:08.318 0 0 I F2FS-fs (dm-10): recover_inode: ino = 2bd52, name = , inline = 1
01-01 08:00:08.318 0 0 I F2FS-fs (dm-10): recover_dentry: ino = 2bd52, name = , dir = 85, err = 0
01-01 08:00:08.318 0 0 I F2FS-fs (dm-10): recover_data: ino = 2bd52 (i_size: recover) recovered = 5, err = 0
01-01 08:00:08.318 0 0 I F2FS-fs (dm-10): recover_inode: ino = 2bd53, name = , inline = 1
01-01 08:00:08.318 0 0 I F2FS-fs (dm-10): recover_dentry: ino = 2bd53, name = , dir = c6, err = 0
01-01 08:00:08.318 0 0 I F2FS-fs (dm-10): recover_data: ino = 2bd53 (i_size: recover) recovered = 2, err = 0
01-01 08:00:08.318 0 0 I F2FS-fs (dm-10): recover_inode: ino = 2bd54, name = , inline = 1
01-01 08:00:08.319 0 0 I F2FS-fs (dm-10): recover_dentry: ino = 2bd54, name = , dir = da, err = 0
01-01 08:00:08.319 0 0 I F2FS-fs (dm-10): recover_data: ino = 2bd54 (i_size: recover) recovered = 34, err = 0
01-01 08:00:08.319 0 0 I F2FS-fs (dm-10): recover_inode: ino = be0, name = , inline = 1
01-01 08:00:08.319 0 0 I F2FS-fs (dm-10): recover_data: ino = be0 (i_size: recover) recovered = 1, err = 0
01-01 08:00:08.319 0 0 I F2FS-fs (dm-10): recover_inode: ino = 2bd58, name = , inline = 1
01-01 08:00:08.319 0 0 I F2FS-fs (dm-10): recover_dentry: ino = 2bd58, name = , dir = 8f2, err = 0
01-01 08:00:08.319 0 0 I F2FS-fs (dm-10): recover_data: ino = 2bd58 (i_size: recover) recovered = 1, err = 0
01-01 08:00:08.319 0 0 I F2FS-fs (dm-10): recover_inode: ino = 8e1, name = , inline = 1
01-01 08:00:08.319 0 0 I F2FS-fs (dm-10): recover_data: ino = 8e1 (i_size: recover) recovered = 2, err = 0
01-01 08:00:08.319 0 0 I F2FS-fs (dm-10): recover_inode: ino = 8e1, name = , inline = 1
01-01 08:00:08.319 0 0 I F2FS-fs (dm-10): recover_data: ino = 8e1 (i_size: recover) recovered = 2, err = 0
01-01 08:00:08.320 0 0 I F2FS-fs (dm-10): checkpoint: version = 6d69c03f
01-01 08:00:08.320 0 0 I F2FS-fs (dm-10): Mounted with checkpoint version = 6d69c03f
01-01 08:00:08.320 550 550 I vold : [libfs_mgr]__mount(source=/dev/block/dm-10,target=/data,type=f2fs)=0: Success
01-01 08:00:08.320 550 550 D vold : Mounted /data
01-01 08:00:08.320 550 571 D vold : Disk at 252:10 changed
01-01 08:00:08.330 0 0 I binder : 625:625 ioctl 40046210 7fdc484a54 returned -22
01-01 08:00:08.330 0 0 D ProcessState: Binder ioctl to enable oneway spam detection failed: Invalid argument
01-01 08:00:08.330 550 550 I Checkpoint: cp_prepareCheckpoint called
01-01 08:00:08.330 0 0 D vdc : Waited 0ms for vold
01-01 08:00:08.337 0 0 I binder : 627:627 ioctl 40046210 7fe308a184 returned -22
01-01 08:00:08.337 0 0 D ProcessState: Binder ioctl to enable oneway spam detection failed: Invalid argument
01-01 08:00:08.337 0 0 D vdc : Waited 0ms for vold
01-01 08:00:08.337 550 550 I vold : fscrypt_initialize_systemwide_keys
01-01 08:00:08.338 550 550 D vold : Key exists, using: /data/unencrypted/key
01-01 08:00:08.346 550 550 D vold : Installed fscrypt key with ref b52fdd46d8a0b3da59cd06d9030b320c to /data
01-01 08:00:08.346 550 550 D vold : Added fscrypt-provisioning key for b52fdd46d8a0b3da59cd06d9030b320c to session keyring
01-01 08:00:08.347 550 550 I vold : Wrote system DE key reference to:/data/unencrypted/ref
01-01 08:00:08.347 550 550 D vold : Generating wrapped storage key
01-01 08:00:08.348 550 550 E vold : keystore2 Keystore generateKey returned service specific error: -67
01-01 08:00:08.348 550 550 W vold : Failed to generate rollback-resistant key. This is expected if keymaster doesn't support rollback resistance. Falling back to non-rollback-resistant key.
01-01 08:00:08.354 550 550 D vold : Installed fscrypt key with ref 936a532660ec046282f7a37c6c6d5a7d to /data
01-01 08:00:08.354 550 550 D vold : Added fscrypt-provisioning key for 936a532660ec046282f7a37c6c6d5a7d to session keyring
01-01 08:00:08.355 550 550 I vold : Wrote per boot key reference to:/data/unencrypted/per_boot_ref
01-01 08:00:08.355 624 626 D spcomlib: [spcom_register_service] spcom_register_service() name [sp_keymaster_ssr] pid [502388341936]
01-01 08:00:08.355 624 626 D spcomlib: [spcom_open] ch [sp_keymaster_ssr] doesn't exist, create it.
01-01 08:00:08.355 624 626 D spcomlib: [spcom_create_channel] Create Channel [sp_keymaster_ssr].
01-01 08:00:08.356 0 0 I fscrypt : AES-256-CTS-CBC using implementation "cts(cbc-aes-ce)"
01-01 08:00:08.366 624 626 D spcomlib: [add_ssr_cb] ssr cb added!
01-01 08:00:08.366 624 626 D spcomlib: [start_ssr_thread] ch [spcom] ready!
01-01 08:00:08.366 624 626 D spcomlib: [start_ssr_thread] main pthread self_id [0xf8adbcb0].
01-01 08:00:08.366 624 626 D spcomlib: [start_ssr_thread] pthread_create() ret [0] thread-id [0xf79ddcb0].
01-01 08:00:08.366 624 626 D spcomlib: [start_ssr_thread] Wait for SSR thread to run.
01-01 08:00:08.366 624 636 D spcomlib: [notify_ssr_thread] SSR pthread self_id [0xf79ddcb0].
01-01 08:00:08.366 624 626 D spcomlib: [start_ssr_thread] pthread_cond_wait() ret [0].
01-01 08:00:08.366 624 626 D spcomlib: [start_ssr_thread] done.
01-01 08:00:08.366 624 626 D spcomlib: [add_ch] add ch [sp_keymaster_ssr].
01-01 08:00:08.366 624 626 D spcomlib: [spcom_register_service] spcom_register_service() name [sp_keymaster_ssr] pid [502388341936] done
01-01 08:00:08.367 0 0 I binder : 635:635 ioctl 40046210 7ff3daf374 returned -22
01-01 08:00:08.367 0 0 D ProcessState: Binder ioctl to enable oneway spam detection failed: Invalid argument
01-01 08:00:08.367 0 0 D vdc : Waited 0ms for vold
01-01 08:00:08.367 550 550 I incfs : Initial API level of the device: 30
01-01 08:00:08.367 550 550 I incfs : ro.incremental.enable: 1
01-01 08:00:08.367 550 550 I incfs : isFsAvailable: true
01-01 08:00:08.367 550 550 I incfs : isFsAvailable: true
01-01 08:00:08.367 550 550 I incfs : IncFs_Features: v1
01-01 08:00:08.375 550 550 E vold : keystore2 Keystore earlyBootEnded returned service specific error: -68
01-01 08:00:08.384 0 0 I apexd : This device does not support updatable APEX. Exiting
01-01 08:00:08.384 0 0 I apexd : Marking APEXd as activated
01-01 08:00:08.422 0 0 I binder : 642:642 ioctl 40046210 7ffd447a44 returned -22
01-01 08:00:08.422 0 0 D ProcessState: Binder ioctl to enable oneway spam detection failed: Invalid argument
01-01 08:00:08.422 0 0 D vdc : Waited 0ms for vold
01-01 08:00:08.423 550 550 D vold : fscrypt_init_user0
01-01 08:00:08.423 550 550 D vold : Preparing: /data/misc/vold/user_keys
01-01 08:00:08.423 550 550 D vold : Preparing: /data/misc/vold/user_keys/ce
01-01 08:00:08.423 550 550 D vold : Preparing: /data/misc/vold/user_keys/de
01-01 08:00:08.433 550 550 D vold : Installed fscrypt key with ref f028a593f5900c55dc283ebf6daaa3d7 to /data
01-01 08:00:08.433 550 550 D vold : Added fscrypt-provisioning key for f028a593f5900c55dc283ebf6daaa3d7 to session keyring
01-01 08:00:08.433 550 550 D vold : Installed de key for user 0
01-01 08:00:08.433 550 550 D vold : fscrypt_prepare_user_storage for volume null, user 0, serial 0, flags 1
01-01 08:00:08.433 550 550 D vold : Preparing: /data/system/users/0
01-01 08:00:08.433 550 550 D vold : Preparing: /data/misc/profiles/cur/0
01-01 08:00:08.433 550 550 D vold : Preparing: /data/system_de/0
01-01 08:00:08.434 550 550 D vold : Preparing: /data/misc_de/0
01-01 08:00:08.434 550 550 D vold : Preparing: /data/vendor_de/0
01-01 08:00:08.434 550 550 D vold : Preparing: /data/user_de/0
01-01 08:00:08.434 550 550 I vold : Verified that /data/system_de/0 has the encryption policy f028a593f5900c55dc283ebf6daaa3d7 v2 modes 1/4 flags 0xa
01-01 08:00:08.434 550 550 I vold : Verified that /data/misc_de/0 has the encryption policy f028a593f5900c55dc283ebf6daaa3d7 v2 modes 1/4 flags 0xa
01-01 08:00:08.434 550 550 I vold : Verified that /data/vendor_de/0 has the encryption policy f028a593f5900c55dc283ebf6daaa3d7 v2 modes 1/4 flags 0xa
01-01 08:00:08.434 550 550 I vold : Verified that /data/user_de/0 has the encryption policy f028a593f5900c55dc283ebf6daaa3d7 v2 modes 1/4 flags 0xa
01-01 08:00:08.434 550 550 D vold : /system/bin/vold_prepare_subdirs
01-01 08:00:08.434 550 550 D vold : prepare
01-01 08:00:08.434 550 550 D vold :
01-01 08:00:08.434 550 550 D vold : 0
01-01 08:00:08.434 550 550 D vold : 1
01-01 08:00:08.450 550 550 D vold : Detected support for FS_IOC_ADD_ENCRYPTION_KEY
01-01 08:00:08.486 0 0 I apexd : This device does not support updatable APEX. Exiting
01-01 08:00:08.486 0 0 I apexd : Marking APEXd as ready
01-01 08:00:08.505 0 0 D cnss : File system is ready, fs_ready is 1, count is 1
01-01 08:00:08.505 0 0 D cnss : Posting event: COLD_BOOT_CAL_START(5), state: 0x0 flags: 0x0
01-01 08:00:08.505 0 0 D cnss : PM stay awake, state: 0x0, count: 1
01-01 08:00:08.505 0 0 D cnss : PM relax, state: 0x0, count: 0
01-01 08:00:08.505 0 0 D cnss : PM stay awake, state: 0x0, count: 1
01-01 08:00:08.505 0 0 D cnss : Processing driver event: COLD_BOOT_CAL_START(5), state: 0x0
01-01 08:00:08.505 0 0 D cnss : Regulator vdd-wlan-io is being enabled
01-01 08:00:08.505 0 0 D cnss : Regulator wlan-ant-switch is being enabled
01-01 08:00:08.505 0 0 D cnss : Regulator vdd-wlan-aon is being enabled
01-01 08:00:08.505 0 0 D cnss : Regulator vdd-wlan-dig is being enabled
01-01 08:00:08.506 0 0 D cnss : Regulator vdd-wlan-rfa1 is being enabled
01-01 08:00:08.506 0 0 D cnss : Regulator vdd-wlan-rfa2 is being enabled
01-01 08:00:08.506 0 0 D cnss : BT_EN_GPIO State: Off. Delay WLAN_GPIO enable
01-01 08:00:08.601 0 0 I update_verifier: Started with arg 1: nonencrypted
01-01 08:00:08.601 0 0 I binder : 674:674 ioctl 40046210 7fe9b6bdd4 returned -22
01-01 08:00:08.601 0 0 D hw-ProcessState: Binder ioctl to enable oneway spam detection failed: Invalid argument
01-01 08:00:08.602 0 0 I update_verifier: Booting slot 0: isSlotMarkedSuccessful=1
01-01 08:00:08.602 0 0 I update_verifier: Leaving update_verifier.
01-01 08:00:08.609 0 0 D cnss : Assert WLAN_EN GPIO successfully
01-01 08:00:08.609 0 0 D cnss : Resuming PCI link
01-01 08:00:08.609 0 0 I msm_pcie_enable: PCIe: Assert the reset of endpoint of RC0.
01-01 08:00:08.610 0 0 W subsys-pil-tz 17300000.qcom,lpass: Falling back to syfs fallback for: adsp.mdt
01-01 08:00:08.610 0 0 W subsys-pil-tz 8300000.qcom,turing: Falling back to syfs fallback for: cdsp.mdt
01-01 08:00:08.612 0 0 I msm_pcie_enable: PCIe: RC0: PCIE20_PARF_INT_ALL_MASK: 0x7f80d202
01-01 08:00:08.613 0 0 I subsys-pil-tz 17300000.qcom,lpass: adsp: loading from 0x000000008a100000 to 0x000000008be00000
01-01 08:00:08.613 0 0 I subsys-pil-tz 8300000.qcom,turing: cdsp: loading from 0x0000000087800000 to 0x0000000088c00000
01-01 08:00:08.614 0 0 I pcie_phy_init: PCIe RC0 PHY is ready!
01-01 08:00:08.616 0 0 I binder : 675:675 ioctl 40046210 7fd5f2dd64 returned -22
01-01 08:00:08.617 0 0 W subsys-pil-tz 17300000.qcom,lpass: Falling back to syfs fallback for: adsp.b02
01-01 08:00:08.617 0 0 W subsys-pil-tz 17300000.qcom,lpass: Falling back to syfs fallback for: adsp.b03
01-01 08:00:08.617 0 0 W subsys-pil-tz 17300000.qcom,lpass: Falling back to syfs fallback for: adsp.b04
01-01 08:00:08.617 0 0 W subsys-pil-tz 17300000.qcom,lpass: Falling back to syfs fallback for: adsp.b05
01-01 08:00:08.618 0 0 W subsys-pil-tz 17300000.qcom,lpass: Falling back to syfs fallback for: adsp.b06
01-01 08:00:08.620 0 0 W subsys-pil-tz 17300000.qcom,lpass: Falling back to syfs fallback for: adsp.b07
01-01 08:00:08.620 0 0 W subsys-pil-tz 17300000.qcom,lpass: Falling back to syfs fallback for: adsp.b08
01-01 08:00:08.620 0 0 W subsys-pil-tz 17300000.qcom,lpass: Falling back to syfs fallback for: adsp.b09
01-01 08:00:08.620 0 0 W subsys-pil-tz 17300000.qcom,lpass: Falling back to syfs fallback for: adsp.b10
01-01 08:00:08.620 0 0 W subsys-pil-tz 17300000.qcom,lpass: Falling back to syfs fallback for: adsp.b11
01-01 08:00:08.620 0 0 W subsys-pil-tz 17300000.qcom,lpass: Falling back to syfs fallback for: adsp.b12
01-01 08:00:08.620 0 0 W subsys-pil-tz 17300000.qcom,lpass: Falling back to syfs fallback for: adsp.b13
01-01 08:00:08.620 0 0 W subsys-pil-tz 17300000.qcom,lpass: Falling back to syfs fallback for: adsp.b14
01-01 08:00:08.620 0 0 W subsys-pil-tz 17300000.qcom,lpass: Falling back to syfs fallback for: adsp.b15
01-01 08:00:08.621 0 0 W subsys-pil-tz 17300000.qcom,lpass: Falling back to syfs fallback for: adsp.b16
01-01 08:00:08.621 0 0 W subsys-pil-tz 17300000.qcom,lpass: Falling back to syfs fallback for: adsp.b17
01-01 08:00:08.621 0 0 W subsys-pil-tz 17300000.qcom,lpass: Falling back to syfs fallback for: adsp.b18
01-01 08:00:08.621 0 0 W subsys-pil-tz 8300000.qcom,turing: Falling back to syfs fallback for: cdsp.b02
01-01 08:00:08.621 0 0 W subsys-pil-tz 8300000.qcom,turing: Falling back to syfs fallback for: cdsp.b03
01-01 08:00:08.621 0 0 W subsys-pil-tz 8300000.qcom,turing: Falling back to syfs fallback for: cdsp.b04
01-01 08:00:08.621 0 0 W subsys-pil-tz 8300000.qcom,turing: Falling back to syfs fallback for: cdsp.b05
01-01 08:00:08.621 0 0 W subsys-pil-tz 8300000.qcom,turing: Falling back to syfs fallback for: cdsp.b06
01-01 08:00:08.621 0 0 W subsys-pil-tz 8300000.qcom,turing: Falling back to syfs fallback for: cdsp.b08
01-01 08:00:08.621 0 0 W subsys-pil-tz 8300000.qcom,turing: Falling back to syfs fallback for: cdsp.b09
01-01 08:00:08.621 0 0 W subsys-pil-tz 8300000.qcom,turing: Falling back to syfs fallback for: cdsp.b11
01-01 08:00:08.624 0 0 I msm_pcie_enable: PCIe: Release the reset of endpoint of RC0.
01-01 08:00:08.641 0 0 I msm_pcie_link_train: PCIe RC0 link initialized
01-01 08:00:08.656 0 0 I cnss_pci 0000: 01:00.0: enabling device (0000 -> 0002)
01-01 08:00:08.656 0 0 D cnss : Read register offset 0x1f8031c, val = 0x6
01-01 08:00:08.656 0 0 D cnss : Write val 0x2 to register offset 0x1f8031c
01-01 08:00:08.656 0 0 D cnss : Setting MHI state: INIT(0)
01-01 08:00:08.696 0 0 I binder : 676:676 ioctl 40046210 7fc08e4864 returned -22
01-01 08:00:08.697 0 0 I binder : 676:676 ioctl 40046210 7fc08e4a74 returned -22
01-01 08:00:08.703 0 0 E OF : graph: no port node found in /soc/qcom,dsi-display-primary
01-01 08:00:08.703 0 0 W [drm] [msm-dsi-warn]: [hx82101+hx8692 video mode dsi truly panel] fallback to default te-pin-select
01-01 08:00:08.703 0 0 I msm_drm ae00000.qcom,mdss_mdp: Linked as a consumer to regulator.31
01-01 08:00:08.703 0 0 E register_client_adhoc: find path.src 1 dest 590
01-01 08:00:08.704 0 0 E register_client_adhoc: Client handle 15 mdss_reg
01-01 08:00:08.704 0 0 E register_client_adhoc: find path.src 22 dest 512
01-01 08:00:08.704 0 0 E register_client_adhoc: find path.src 23 dest 512
01-01 08:00:08.704 0 0 E register_client_adhoc: Client handle 53 mdss_sde
01-01 08:00:08.704 0 0 I msm_drm ae00000.qcom,mdss_mdp: bound soc:qcom,wb-display@0 (ops sde_wb_comp_ops)
01-01 08:00:08.704 0 0 I msm-dsi-display soc: qcom,dsi-display-primary: Linked as a consumer to regulator.25
01-01 08:00:08.704 0 0 I [drm:dsi_display_bind] [msm-dsi-info]: Successfully bind display panel 'qcom,mdss_dsi_panel_hx82101_hx8692_truly_v2_video'
01-01 08:00:08.704 0 0 I msm_drm ae00000.qcom,mdss_mdp: bound soc:qcom,dsi-display-primary (ops dsi_display_comp_ops)
01-01 08:00:08.705 0 0 I msm_drm ae00000.qcom,mdss_mdp: bound af20000.qcom,sde_rscc (ops sde_rsc_comp_ops)
01-01 08:00:08.705 0 0 I : [drm] mapped mdp address space @0000000000000000
01-01 08:00:08.705 0 0 I : [drm:_sde_kms_hw_init_blocks:3613] sde hardware revision:0x60000000
01-01 08:00:08.707 0 0 I msmdrm_smmu ae00000.qcom,mdss_mdp: qcom,smmu_sde_unsec_cb: Linked as a consumer to 15000000.apps-smmu
01-01 08:00:08.707 0 0 I iommu : Adding device ae00000.qcom,mdss_mdp:qcom,smmu_sde_unsec_cb to group 48
01-01 08:00:08.707 0 0 I : [drm] probing device qcom,smmu_sde_unsec
01-01 08:00:08.707 0 0 I : [drm] Created domain mdp_ns, secure=0
01-01 08:00:08.708 0 0 I msmdrm_smmu ae00000.qcom,mdss_mdp: qcom,smmu_sde_sec_cb: Linked as a consumer to 15000000.apps-smmu
01-01 08:00:08.719 0 0 I subsys-pil-tz 17300000.qcom,lpass: adsp: Brought out of reset
01-01 08:00:08.721 0 0 E register_client_adhoc: find path.src 1 dest 589
01-01 08:00:08.721 0 0 E register_client_adhoc: Failed to find path.src 1 dest 589
01-01 08:00:08.722 0 0 D cnss : Setting MHI state: POWER_ON(2)
01-01 08:00:08.722 0 0 W cnss_pci 0000: 01:00.0: Falling back to syfs fallback for: qca6390/amss20.bin
01-01 08:00:08.722 0 0 E : [drm:dp_display_init_aux_switch][msm-dp-err][451 ]failed to register notifier (-22)
01-01 08:00:08.742 0 0 I subsys-pil-tz 17300000.qcom,lpass: Subsystem error monitoring/handling services are up
01-01 08:00:08.742 0 0 I subsys-pil-tz 17300000.qcom,lpass: adsp: Power/Clock ready interrupt received
01-01 08:00:08.742 0 0 I qcom_rpmh DRV: apps_rsc TCS Busy, retrying RPMH message send: addr=0x30030
01-01 08:00:08.742 0 0 I qcom_rpmh DRV: apps_rsc TCS Busy, retrying RPMH message send: addr=0x30030
01-01 08:00:08.742 0 0 I qcom_rpmh DRV: apps_rsc TCS Busy, retrying RPMH message send: addr=0x30030
01-01 08:00:08.742 0 0 I qcom_rpmh DRV: apps_rsc TCS Busy, retrying RPMH message send: addr=0x30030
01-01 08:00:08.742 0 0 I qcom_rpmh DRV: apps_rsc TCS Busy, retrying RPMH message send: addr=0x30040
01-01 08:00:08.742 0 0 I adsprpc : fastrpc_restart_notifier_cb: adsp subsystem is up
01-01 08:00:08.743 0 0 E register_client_adhoc: find path.src 1 dest 589
01-01 08:00:08.743 0 0 E register_client_adhoc: Failed to find path.src 1 dest 589
01-01 08:00:08.743 0 0 E : [drm:dp_display_init_aux_switch][msm-dp-err][83 ]failed to register notifier (-22)
01-01 08:00:08.743 0 0 E register_client_adhoc: find path.src 1 dest 589
01-01 08:00:08.743 0 0 E register_client_adhoc: Failed to find path.src 1 dest 589
01-01 08:00:08.743 0 0 E : [drm:dp_display_init_aux_switch][msm-dp-err][83 ]failed to register notifier (-22)
01-01 08:00:08.743 0 0 E register_client_adhoc: find path.src 1 dest 589
01-01 08:00:08.743 0 0 E register_client_adhoc: Failed to find path.src 1 dest 589
01-01 08:00:08.743 0 0 D cnss : DRV subsystem is connected
01-01 08:00:08.744 0 0 I qcom_smd_qrtr_probe: Entered
01-01 08:00:08.744 0 0 I qcom_smd_qrtr_probe: SMD QRTR driver probed
01-01 08:00:08.744 0 0 E : [drm:dp_display_init_aux_switch][msm-dp-err][429 ]failed to register notifier (-22)
01-01 08:00:08.745 0 0 E register_client_adhoc: find path.src 1 dest 589
01-01 08:00:08.745 0 0 E register_client_adhoc: Failed to find path.src 1 dest 589
01-01 08:00:08.746 0 0 I subsys-pil-tz 8300000.qcom,turing: cdsp: Brought out of reset
01-01 08:00:08.746 0 0 I iommu : Adding device ae00000.qcom,mdss_mdp:qcom,smmu_sde_sec_cb to group 49
01-01 08:00:08.747 0 0 I : [drm] probing device qcom,smmu_sde_sec
01-01 08:00:08.747 0 0 I : [drm] Created domain mdp_s, secure=1
01-01 08:00:08.751 0 0 I adsprpc : fastrpc_rpmsg_probe: opened rpmsg channel for adsp
01-01 08:00:08.752 0 0 I apr_tal_rpmsg qcom,glink: adsp.apr_audio_svc.-1.-1: apr_tal_rpmsg_probe: Channel[apr_audio_svc] state[Up]
01-01 08:00:08.753 0 0 I [drm:dsi_panel_get_mode] [msm-dsi-info]: default topology: lm: 1 comp_enc:0 intf: 1
01-01 08:00:08.756 0 0 I subsys-pil-tz 8300000.qcom,turing: Subsystem error monitoring/handling services are up
01-01 08:00:08.756 0 0 I subsys-pil-tz 8300000.qcom,turing: cdsp: Power/Clock ready interrupt received
01-01 08:00:08.756 0 0 I adsprpc : fastrpc_restart_notifier_cb: cdsp subsystem is up
01-01 08:00:08.756 0 0 I qcom_smd_qrtr_probe: Entered
01-01 08:00:08.756 0 0 I qcom_smd_qrtr_probe: SMD QRTR driver probed
01-01 08:00:08.756 0 0 E : [drm:dp_display_init_aux_switch][msm-dp-err][451 ]failed to register notifier (-22)
01-01 08:00:08.756 0 0 I msm_cvp : info: Opening cvp instance: 0000000000000000
01-01 08:00:08.756 0 0 I msm_cvp_v4l2 ab00000.qcom,cvp: Linked as a consumer to regulator.77
01-01 08:00:08.757 0 0 I msm_cvp_v4l2 ab00000.qcom,cvp: Linked as a consumer to regulator.76
01-01 08:00:08.757 0 0 E register_client_adhoc: find path.src 1 dest 589
01-01 08:00:08.757 0 0 E register_client_adhoc: Failed to find path.src 1 dest 589
01-01 08:00:08.758 0 0 W subsys-pil-tz 9800000.qcom,npu: Falling back to syfs fallback for: npu.mdt
01-01 08:00:08.758 0 0 E : [drm:dp_display_init_aux_switch][msm-dp-err][451 ]failed to register notifier (-22)
01-01 08:00:08.759 0 0 I : [drm] Supports vblank timestamp caching Rev 2 (21.10.2013).
01-01 08:00:08.759 0 0 I : [drm] No driver support for vblank timestamp query.
01-01 08:00:08.760 0 0 I subsys-restart: __subsystem_get(): Changing subsys fw_name to cvpss
01-01 08:00:08.760 0 0 W subsys-pil-tz abb0000.qcom,cvpss: Falling back to syfs fallback for: cvpss.mdt
01-01 08:00:08.760 0 0 I subsys-pil-tz 9800000.qcom,npu: npu: loading from 0x0000000086900000 to 0x0000000086e00000
01-01 08:00:08.761 0 0 I : [drm] Initialized msm_drm 1.3.0 20130625 for ae00000.qcom,mdss_mdp on minor 0
01-01 08:00:08.761 0 0 I : [drm] cont_splash feature not enabled
01-01 08:00:08.762 0 0 W subsys-pil-tz 9800000.qcom,npu: Falling back to syfs fallback for: npu.b02
01-01 08:00:08.762 0 0 W subsys-pil-tz 9800000.qcom,npu: Falling back to syfs fallback for: npu.b03
01-01 08:00:08.762 0 0 W subsys-pil-tz 9800000.qcom,npu: Falling back to syfs fallback for: npu.b04
01-01 08:00:08.762 0 0 W subsys-pil-tz 9800000.qcom,npu: Falling back to syfs fallback for: npu.b05
01-01 08:00:08.762 0 0 W subsys-pil-tz 9800000.qcom,npu: Falling back to syfs fallback for: npu.b06
01-01 08:00:08.762 0 0 E register_client_adhoc: find path.src 1 dest 589
01-01 08:00:08.763 0 0 E register_client_adhoc: Failed to find path.src 1 dest 589
01-01 08:00:08.763 0 0 E : [drm:dp_display_init_aux_switch][msm-dp-err][471 ]failed to register notifier (-22)
01-01 08:00:08.763 0 0 I adsprpc : fastrpc_rpmsg_probe: opened rpmsg channel for cdsp
01-01 08:00:08.765 0 0 E register_client_adhoc: find path.src 1 dest 589
01-01 08:00:08.765 0 0 E register_client_adhoc: Failed to find path.src 1 dest 589
01-01 08:00:08.766 0 0 E : [drm:dp_display_init_aux_switch][msm-dp-err][471 ]failed to register notifier (-22)
01-01 08:00:08.766 0 0 E register_client_adhoc: find path.src 1 dest 589
01-01 08:00:08.766 0 0 E register_client_adhoc: Failed to find path.src 1 dest 589
01-01 08:00:08.767 0 0 E : [drm:dp_display_init_aux_switch][msm-dp-err][429 ]failed to register notifier (-22)
01-01 08:00:08.769 0 0 I subsys-pil-tz abb0000.qcom,cvpss: cvpss: loading from 0x0000000087300000 to 0x0000000087800000
01-01 08:00:08.771 0 0 W subsys-pil-tz abb0000.qcom,cvpss: Falling back to syfs fallback for: cvpss.b02
01-01 08:00:08.771 0 0 W subsys-pil-tz abb0000.qcom,cvpss: Falling back to syfs fallback for: cvpss.b03
01-01 08:00:08.771 0 0 W subsys-pil-tz abb0000.qcom,cvpss: Falling back to syfs fallback for: cvpss.b04
01-01 08:00:08.771 0 0 W subsys-pil-tz abb0000.qcom,cvpss: Falling back to syfs fallback for: cvpss.b05
01-01 08:00:08.771 0 0 W subsys-pil-tz abb0000.qcom,cvpss: Falling back to syfs fallback for: cvpss.b06
01-01 08:00:08.771 0 0 W subsys-pil-tz abb0000.qcom,cvpss: Falling back to syfs fallback for: cvpss.b07
01-01 08:00:08.771 0 0 W subsys-pil-tz abb0000.qcom,cvpss: Falling back to syfs fallback for: cvpss.b08
01-01 08:00:08.772 0 0 W subsys-pil-tz abb0000.qcom,cvpss: Falling back to syfs fallback for: cvpss.b09
01-01 08:00:08.772 0 0 W subsys-pil-tz abb0000.qcom,cvpss: Falling back to syfs fallback for: cvpss.b10
01-01 08:00:08.772 0 0 W subsys-pil-tz abb0000.qcom,cvpss: Falling back to syfs fallback for: cvpss.b19
01-01 08:00:08.798 0 0 I subsys-pil-tz 9800000.qcom,npu: npu: Brought out of reset
01-01 08:00:08.799 0 0 E register_client_adhoc: find path.src 1 dest 589
01-01 08:00:08.799 0 0 E register_client_adhoc: Failed to find path.src 1 dest 589
01-01 08:00:08.799 0 0 E : [drm:dp_display_init_aux_switch][msm-dp-err][760 ]failed to register notifier (-22)
01-01 08:00:08.806 0 0 I subsys-pil-tz abb0000.qcom,cvpss: cvpss: Brought out of reset
01-01 08:00:08.820 0 0 I NPU_INFO: npu_get_fw_caps: 236 fw caps 0:2007
01-01 08:00:08.820 0 0 W NPU_WARN: host_session_msg_hdlr: 1904 handle npu session msg when FW is disabled
01-01 08:00:08.820 0 0 I NPU_INFO: npu_get_fw_caps: 236 fw caps 1:80000005
01-01 08:00:08.820 0 0 I NPU_INFO: npu_get_fw_caps: 236 fw caps 2:0
01-01 08:00:08.820 0 0 I NPU_INFO: npu_get_fw_caps: 236 fw caps 3:0
01-01 08:00:08.820 0 0 I NPU_INFO: npu_get_fw_caps: 236 fw caps 4:0
01-01 08:00:08.820 0 0 I NPU_INFO: npu_get_fw_caps: 236 fw caps 5:0
01-01 08:00:08.820 0 0 I NPU_INFO: npu_get_fw_caps: 236 fw caps 6:0
01-01 08:00:08.820 0 0 I NPU_INFO: npu_get_fw_caps: 236 fw caps 7:0
01-01 08:00:08.823 0 0 I qcom_smd_qrtr_probe: Entered
01-01 08:00:08.823 0 0 I qcom_smd_qrtr_probe: SMD QRTR driver probed
01-01 08:00:08.824 0 0 E register_client_adhoc: find path.src 1 dest 589
01-01 08:00:08.824 0 0 E register_client_adhoc: Failed to find path.src 1 dest 589
01-01 08:00:08.825 0 0 E : [drm:dp_display_init_aux_switch][msm-dp-err][429 ]failed to register notifier (-22)
01-01 08:00:08.831 0 0 I msm_cvp : err: Failed to create debugfs for msm_cvp
01-01 08:00:08.831 0 0 I msm_cvp : info: Closed cvp instance: 0000000000000000 session_id = 0
01-01 08:00:08.950 0 0 I subsys-restart: __subsystem_get(): Changing subsys fw_name to slpi
01-01 08:00:08.950 0 0 W subsys-pil-tz 5c00000.qcom,ssc: Falling back to syfs fallback for: slpi.mdt
01-01 08:00:08.953 0 0 I subsys-pil-tz 5c00000.qcom,ssc: slpi: loading from 0x0000000088c00000 to 0x000000008a100000
01-01 08:00:08.956 0 0 W subsys-pil-tz 5c00000.qcom,ssc: Falling back to syfs fallback for: slpi.b02
01-01 08:00:08.956 0 0 W subsys-pil-tz 5c00000.qcom,ssc: Falling back to syfs fallback for: slpi.b03
01-01 08:00:08.956 0 0 W subsys-pil-tz 5c00000.qcom,ssc: Falling back to syfs fallback for: slpi.b04
01-01 08:00:08.956 0 0 W subsys-pil-tz 5c00000.qcom,ssc: Falling back to syfs fallback for: slpi.b05
01-01 08:00:08.956 0 0 W subsys-pil-tz 5c00000.qcom,ssc: Falling back to syfs fallback for: slpi.b06
01-01 08:00:08.956 0 0 W subsys-pil-tz 5c00000.qcom,ssc: Falling back to syfs fallback for: slpi.b07
01-01 08:00:08.956 0 0 W subsys-pil-tz 5c00000.qcom,ssc: Falling back to syfs fallback for: slpi.b08
01-01 08:00:08.956 0 0 W subsys-pil-tz 5c00000.qcom,ssc: Falling back to syfs fallback for: slpi.b09
01-01 08:00:08.956 0 0 W subsys-pil-tz 5c00000.qcom,ssc: Falling back to syfs fallback for: slpi.b10
01-01 08:00:08.956 0 0 W subsys-pil-tz 5c00000.qcom,ssc: Falling back to syfs fallback for: slpi.b11
01-01 08:00:08.956 0 0 W subsys-pil-tz 5c00000.qcom,ssc: Falling back to syfs fallback for: slpi.b12
01-01 08:00:08.956 0 0 W subsys-pil-tz 5c00000.qcom,ssc: Falling back to syfs fallback for: slpi.b13
01-01 08:00:08.956 0 0 W subsys-pil-tz 5c00000.qcom,ssc: Falling back to syfs fallback for: slpi.b14
01-01 08:00:08.956 0 0 W subsys-pil-tz 5c00000.qcom,ssc: Falling back to syfs fallback for: slpi.b15
01-01 08:00:08.956 0 0 W subsys-pil-tz 5c00000.qcom,ssc: Falling back to syfs fallback for: slpi.b16
01-01 08:00:08.956 0 0 W subsys-pil-tz 5c00000.qcom,ssc: Falling back to syfs fallback for: slpi.b17
01-01 08:00:08.956 0 0 W subsys-pil-tz 5c00000.qcom,ssc: Falling back to syfs fallback for: slpi.b18
01-01 08:00:08.956 0 0 W subsys-pil-tz 5c00000.qcom,ssc: Falling back to syfs fallback for: slpi.b19
01-01 08:00:08.956 0 0 W subsys-pil-tz 5c00000.qcom,ssc: Falling back to syfs fallback for: slpi.b20
01-01 08:00:08.986 0 0 I binder : 816:816 ioctl 40046210 7ff39b2414 returned -22
01-01 08:00:08.996 0 0 I binder : 832:832 ioctl 40046210 7fefffc964 returned -22
01-01 08:00:09.011 0 0 I binder : 819:819 ioctl 40046210 7fd85bd134 returned -22
01-01 08:00:09.011 0 0 I binder : 819:819 ioctl 40046210 7fd85bd114 returned -22
01-01 08:00:09.033 0 0 I binder : 835:835 ioctl 40046210 7ffc10c594 returned -22
01-01 08:00:09.081 0 0 I sysmon-qmi: ssctl_new_server: Connection established between QMI handle and cdsp's SSCTL service
01-01 08:00:09.082 0 0 I sysmon-qmi: ssctl_new_server: Connection established between QMI handle and slpi's SSCTL service
01-01 08:00:09.082 0 0 E diag : In diag_send_feature_mask_update, control channel is not open, p: 6, 0000000000000000
01-01 08:00:09.083 0 0 E diag : In diag_send_peripheral_buffering_mode, buffering flag not set for 6
01-01 08:00:09.083 0 0 E diag : In diag_send_feature_mask_update, control channel is not open, p: 5, 0000000000000000
01-01 08:00:09.083 0 0 E diag : In diag_send_peripheral_buffering_mode, buffering flag not set for 5
01-01 08:00:09.084 0 0 I sysmon-qmi: ssctl_new_server: Connection established between QMI handle and adsp's SSCTL service
01-01 08:00:09.084 0 0 E diag : In diag_send_feature_mask_update, control channel is not open, p: 1, 0000000000000000
01-01 08:00:09.087 0 0 E diag : In diag_send_peripheral_buffering_mode, buffering flag not set for 1
01-01 08:00:08.653 839 839 I android.hardware.wifi@1.0-service: Wifi Hal is booting up...
01-01 08:00:08.653 885 885 I irsc_util: Starting irsc tool
01-01 08:00:08.655 885 885 I irsc_util: Num of entries:298
01-01 08:00:08.655 885 885 I irsc_util: Ending irsc tool
01-01 08:00:08.656 839 839 I HidlServiceManagement: Registered android.hardware.wifi@1.4::IWifi/default (start delay of 112ms)
01-01 08:00:09.134 0 0 I servloc : service_locator_new_server: Connection established with the Service locator
01-01 08:00:09.134 0 0 I servloc : init_service_locator: Service locator initialized
01-01 08:00:09.137 0 0 I adsprpc : fastrpc_get_service_location_notify: PDR notifier for adsp registered for msm/adsp/audio_pd (audio_pdr_adsprpc)
01-01 08:00:09.137 0 0 I adsprpc : fastrpc_get_service_location_notify: audio_pdr_adsprpc (msm/adsp/audio_pd) PDR service for adsp is uninitialized
01-01 08:00:09.137 0 0 I service-notifier: service_notifier_new_server: Connection established between QMI handle and 74 service
01-01 08:00:09.139 0 0 I adsprpc : fastrpc_pdr_notifier_cb: msm/adsp/audio_pd (audio_pdr_adsprpc) is up on adsp
01-01 08:00:09.139 0 0 I audio_notifer_reg_service: service PDR_ADSP is in use
01-01 08:00:09.139 0 0 I apr_adsp_up: Q6 is Up
01-01 08:00:09.141 0 0 I msm-audio-ion soc: qcom,msm-audio-apr:qcom,msm-audio-ion: Linked as a consumer to 15000000.apps-smmu
01-01 08:00:09.141 0 0 I : Mass Storage Function, version: 2009/09/11
01-01 08:00:09.141 0 0 I LUN : removable file: (no medium)
01-01 08:00:09.143 0 0 E rmt_storage: ERR:main: Mmap Failed for rmts (-1)...pausing execution!
01-01 08:00:09.146 0 0 I iommu : Adding device soc:qcom,msm-audio-apr:qcom,msm-audio-ion to group 50
01-01 08:00:09.147 0 0 I : file system registered
01-01 08:00:09.148 0 0 E register_client_adhoc: find path.src 1 dest 589
01-01 08:00:09.148 0 0 E register_client_adhoc: Failed to find path.src 1 dest 589
01-01 08:00:09.148 0 0 I binder : 856:856 ioctl 40046210 7fda313914 returned -22
01-01 08:00:09.149 0 0 E : [drm:dp_display_init_aux_switch][msm-dp-err][495 ]failed to register notifier (-22)
01-01 08:00:09.150 0 0 I f_cdev_alloc: port_name:at_usb0 (0000000000000000) portno:(0)
01-01 08:00:09.151 0 0 I f_cdev_alloc: port_name:at_usb1 (0000000000000000) portno:(1)
01-01 08:00:09.155 0 0 I sps : BAM 0x0000000003a84000 (va:0x0000000000000000) enabled: ver:0x19, number of pipes:25
01-01 08:00:09.155 0 0 I sps : BAM 0x0000000003a84000 is registered.
01-01 08:00:09.155 0 0 E register_client_adhoc: find path.src 1 dest 589
01-01 08:00:09.156 0 0 E register_client_adhoc: Failed to find path.src 1 dest 589
01-01 08:00:09.156 0 0 E : [drm:dp_display_init_aux_switch][msm-dp-err][83 ]failed to register notifier (-22)
01-01 08:00:09.159 0 0 I f_cdev_alloc: port_name:at_usb2 (0000000000000000) portno:(2)
01-01 08:00:09.167 0 0 I binder : 905:905 ioctl 40046210 7fea166944 returned -22
01-01 08:00:09.176 0 0 I binder : 909:909 ioctl 40046210 7fe0b249b4 returned -22
01-01 08:00:09.231 0 0 I subsys-pil-tz 5c00000.qcom,ssc: slpi: Brought out of reset
01-01 08:00:09.232 0 0 E scm_call failed: func id 0x72000103, ret: -12, syscall returns: 0x0, 0x0, 0x0
01-01 08:00:09.232 0 0 E scm_call failed: func id 0x72000103, ret: -12, syscall returns: 0x0, 0x0, 0x0
01-01 08:00:09.242 0 0 I binder : 904:904 ioctl 40046210 7fd3a3a1a4 returned -22
01-01 08:00:09.242 0 0 I binder : 904:904 ioctl 40046210 7fd3a3a1c4 returned -22
01-01 08:00:08.805 677 677 D Build : ro.build.display.id=01.00.0081.X101
01-01 08:00:09.252 0 0 W kona-asoc-snd soc: qcom,msm-audio-apr:qcom,q6core-audio:sound: msm_init_aux_dev: Max WSA devices is 0 for this target?
01-01 08:00:09.253 0 0 E kona-asoc-snd soc: qcom,msm-audio-apr:qcom,q6core-audio:sound: ASoC: CODEC DAI wsa_macro_vifeedback not registered
01-01 08:00:09.255 0 0 E qcom-lpi-pinctrl soc: qcom,msm-audio-apr:qcom,q6core-audio:lpi_pinctrl@33c0000: snd_event_notify: No snd dev entry found
01-01 08:00:08.814 678 678 D Build : ro.build.display.id=01.00.0081.X101
01-01 08:00:09.268 0 0 I platform soc: qcom,msm-audio-apr:qcom,voice-mhi-audio: assigned reserved memory node mailbox_region
01-01 08:00:09.269 0 0 E register_client_adhoc: find path.src 1 dest 589
01-01 08:00:09.270 0 0 E register_client_adhoc: Failed to find path.src 1 dest 589
01-01 08:00:09.271 0 0 E : [drm:dp_display_init_aux_switch][msm-dp-err][84 ]failed to register notifier (-22)
01-01 08:00:09.272 0 0 W kona-asoc-snd soc: qcom,msm-audio-apr:qcom,q6core-audio:sound: msm_init_aux_dev: Max WSA devices is 0 for this target?
01-01 08:00:09.273 0 0 E kona-asoc-snd soc: qcom,msm-audio-apr:qcom,q6core-audio:sound: ASoC: CODEC DAI wsa_macro_vifeedback not registered
01-01 08:00:09.274 0 0 W : bolero-clk-rsc-mngr bolero-clk-rsc-mngr: DMA mask not set
01-01 08:00:09.275 0 0 W tx_macro tx-macro: DMA mask not set
01-01 08:00:09.275 0 0 E tx_macro tx-macro: tx_macro_probe: va-macro not registered yet, defer
01-01 08:00:09.275 0 0 W rx_macro rx-macro: DMA mask not set
01-01 08:00:09.275 0 0 E rx_macro rx-macro: rx_macro_probe: va-macro not registered yet, defer
01-01 08:00:09.275 0 0 W wsa_macro wsa-macro: DMA mask not set
01-01 08:00:09.275 0 0 E wsa_macro wsa-macro: wsa_macro_probe: va-macro not registered yet, defer
01-01 08:00:09.275 0 0 W va_macro va-macro: DMA mask not set
01-01 08:00:09.275 0 0 E msm_cdc_pinctrl_get_gpiodata: device node is null
01-01 08:00:09.275 0 0 I va_macro va-macro: Linked as a consumer to regulator.7
01-01 08:00:09.276 0 0 I va_macro va-macro: bolero_register_macro: register macro successful:3
01-01 08:00:09.276 0 0 W wcd938x_codec wcd938x-codec: DMA mask not set
01-01 08:00:09.276 0 0 I wcd938x_codec wcd938x-codec: msm_cdc_dt_parse_vreg_info: cdc-vdd-rxtx: vol=[1800000 1800000]uV, curr=[30000]uA, ond 0 lpm 0
01-01 08:00:09.276 0 0 I wcd938x_codec wcd938x-codec: msm_cdc_dt_parse_vreg_info: cdc-vddio: vol=[1800000 1800000]uV, curr=[30000]uA, ond 0 lpm 0
01-01 08:00:09.276 0 0 I wcd938x_codec wcd938x-codec: msm_cdc_dt_parse_vreg_info: cdc-vdd-buck: vol=[1800000 1800000]uV, curr=[650000]uA, ond 0 lpm 0
01-01 08:00:09.276 0 0 I wcd938x_codec wcd938x-codec: msm_cdc_dt_parse_vreg_info: cdc-vdd-mic-bias: vol=[3296000 3296000]uV, curr=[30000]uA, ond 0 lpm 0
01-01 08:00:09.276 0 0 I wcd938x_codec wcd938x-codec: Linked as a consumer to regulator.7
01-01 08:00:09.276 0 0 I wcd938x_codec wcd938x-codec: Linked as a consumer to regulator.48
01-01 08:00:09.277 0 0 E register_client_adhoc: find path.src 1 dest 589
01-01 08:00:09.277 0 0 E register_client_adhoc: Failed to find path.src 1 dest 589
01-01 08:00:09.278 0 0 E : [drm:dp_display_init_aux_switch][msm-dp-err][434 ]failed to register notifier (-22)
01-01 08:00:09.280 0 0 W kona-asoc-snd soc: qcom,msm-audio-apr:qcom,q6core-audio:sound: msm_init_aux_dev: Max WSA devices is 0 for this target?
01-01 08:00:09.281 0 0 E kona-asoc-snd soc: qcom,msm-audio-apr:qcom,q6core-audio:sound: ASoC: CODEC DAI wsa_macro_vifeedback not registered
01-01 08:00:09.282 0 0 I tx_macro tx-macro: bolero_register_macro: register macro successful:0
01-01 08:00:09.282 0 0 W QSEECOM : qseecom_load_app: App (soter64) does'nt exist, loading apps for first time
01-01 08:00:09.283 0 0 I rx_macro rx-macro: bolero_register_macro: register macro successful:1
01-01 08:00:09.283 0 0 I binder : 911:911 ioctl 40046210 7fce257f24 returned -22
01-01 08:00:09.283 0 0 I wsa_macro wsa-macro: bolero_register_macro: register macro successful:2
01-01 08:00:09.283 0 0 I subsys-pil-tz 5c00000.qcom,ssc: Subsystem error monitoring/handling services are up
01-01 08:00:09.283 0 0 I subsys-pil-tz 5c00000.qcom,ssc: slpi: Power/Clock ready interrupt received
01-01 08:00:09.283 0 0 I qcom_rpmh DRV: apps_rsc TCS Busy, retrying RPMH message send: addr=0x30030
01-01 08:00:09.283 0 0 I qcom_rpmh DRV: apps_rsc TCS Busy, retrying RPMH message send: addr=0x30040
01-01 08:00:09.283 0 0 E register_client_adhoc: find path.src 1 dest 589
01-01 08:00:09.284 0 0 E register_client_adhoc: Failed to find path.src 1 dest 589
01-01 08:00:09.284 0 0 E : [drm:dp_display_init_aux_switch][msm-dp-err][434 ]failed to register notifier (-22)
01-01 08:00:09.286 0 0 W kona-asoc-snd soc: qcom,msm-audio-apr:qcom,q6core-audio:sound: msm_init_aux_dev: Max WSA devices is 0 for this target?
01-01 08:00:09.290 0 0 W swr-wcd tx_swr_ctrl: DMA mask not set
01-01 08:00:09.290 0 0 I binder : 911:911 ioctl 40046210 7fce259954 returned -22
01-01 08:00:09.290 0 0 W swr-wcd rx_swr_ctrl: DMA mask not set
01-01 08:00:09.290 0 0 W swr-wcd wsa_swr_ctrl: DMA mask not set
01-01 08:00:09.291 0 0 W QSEECOM : qseecom_load_app: App with id 4 (soter64) now loaded
01-01 08:00:09.299 0 0 I msm_vidc: high: 00000001: ....d: Opening video instance: 0000000000000000, 1
01-01 08:00:09.299 0 0 I msm_vidc_v4l2 aa00000.qcom,vidc: Linked as a consumer to regulator.75
01-01 08:00:09.299 0 0 I msm_vidc_v4l2 aa00000.qcom,vidc: Linked as a consumer to regulator.74
01-01 08:00:09.301 0 0 I subsys-restart: __subsystem_get(): Changing subsys fw_name to venus
01-01 08:00:09.302 0 0 W subsys-pil-tz aab0000.qcom,venus: Falling back to syfs fallback for: venus.mdt
01-01 08:00:09.303 0 0 E swr-wcd wsa_swr_ctrl: swrm_get_logical_dev_num: device 0x1020170211 is not ready
01-01 08:00:09.303 0 0 E swr_get_logical_dev_num: Error -22 to get logical addr for device 1020170211
01-01 08:00:09.303 0 0 W wsa881x : probe of wsa881x.1020170211 failed with error -22
01-01 08:00:09.303 0 0 E swr-wcd rx_swr_ctrl: swrm_get_logical_dev_num: device 0xd01170224 is not ready
01-01 08:00:09.304 0 0 E swr_get_logical_dev_num: Error -22 to get logical addr for device d01170224
01-01 08:00:09.304 0 0 E swr-wcd rx_swr_ctrl: swrm_get_logical_dev_num: device 0xd01170224 is not ready
01-01 08:00:09.304 0 0 E swr_get_logical_dev_num: Error -22 to get logical addr for device d01170224
01-01 08:00:09.304 0 0 I adsprpc : fastrpc_restart_notifier_cb: slpi subsystem is up
01-01 08:00:09.304 0 0 E swr-wcd rx_swr_ctrl: swrm_get_logical_dev_num: device 0xd01170224 is not ready
01-01 08:00:09.304 0 0 E swr_get_logical_dev_num: Error -22 to get logical addr for device d01170224
01-01 08:00:09.304 0 0 E swr-wcd rx_swr_ctrl: swrm_get_logical_dev_num: device 0xd01170224 is not ready
01-01 08:00:09.304 0 0 E swr_get_logical_dev_num: Error -22 to get logical addr for device d01170224
01-01 08:00:09.304 0 0 E swr-wcd rx_swr_ctrl: swrm_get_logical_dev_num: device 0xd01170224 is not ready
01-01 08:00:09.304 0 0 E swr_get_logical_dev_num: Error -22 to get logical addr for device d01170224
01-01 08:00:09.304 0 0 E wcd938x_codec wcd938x-codec: wcd938x_bind: Slave bind failed, ret = -517
