03-09 05:02:36.541 1160 1170 I adbd : jdwp connection from 2308
03-09 05:02:36.541 2304 2304 D ProcessState: Binder ioctl to enable oneway spam detection failed: Invalid argument
03-09 05:02:36.543 509 2337 W libc : Unable to set property "ctl.interface_start" to "vendor.qti.hardware.iop@2.0::IIop/default": error code: 0x20
03-09 05:02:36.543 509 2337 I hwservicemanager: Tried to start vendor.qti.hardware.iop@2.0::IIop/default as a lazy service, but was unable to. Usually this happens when a service is not installed, but if the service is intended to be used as a lazy service, then it may be configured incorrectly.
01-01 08:00:12.756 0 0 I binder : 2306:2306 ioctl 40046210 7ff4f779d4 returned -22
01-01 08:00:12.756 0 0 I binder : 2323:2323 ioctl 40046210 7ff4f779d4 returned -22
01-01 08:00:12.760 0 0 I binder : 2326:2326 ioctl 40046210 7ff4f779d4 returned -22
03-09 05:02:36.543 1537 1572 D CompatibilityChangeReporter: Compat change id reported: 168419799; UID 1000; state: DISABLED
03-09 05:02:36.543 1537 1572 D CompatibilityInfo: mCompatibilityFlags - 4
03-09 05:02:36.543 1537 1572 D CompatibilityInfo: applicationDensity - 240
03-09 05:02:36.543 1537 1572 D CompatibilityInfo: applicationScale - 1.0
03-09 05:02:36.544 2306 2306 D ProcessState: Binder ioctl to enable oneway spam detection failed: Invalid argument
03-09 05:02:36.544 2214 2214 D MicroSettings: SettingsService: SettingsService started
03-09 05:02:36.544 2323 2323 D ProcessState: Binder ioctl to enable oneway spam detection failed: Invalid argument
03-09 05:02:36.544 2214 2214 D MicroSettings: SettingMicroservices: getInstance
03-09 05:02:36.544 1537 1537 W TrustManagerService: EXTRA_USER_HANDLE missing or invalid, value=0
03-09 05:02:36.545 1160 1170 I adbd : jdwp connection from 2304
03-09 05:02:36.545 1160 1170 I adbd : jdwp connection from 2306
03-09 05:02:36.547 2326 2326 D ProcessState: Binder ioctl to enable oneway spam detection failed: Invalid argument
03-09 05:02:36.547 2214 2214 D MicroServiceManager: add linkToDeath
03-09 05:02:36.547 2214 2214 D MicroServiceManager: bindMicroService: called already get service
03-09 05:02:36.548 2214 2214 D MicroSettings: SettingMicroservices: SettingMicroservices:
03-09 05:02:36.548 2214 2214 D MicroSettings: SettingMicroservices: initMicroservices
03-09 05:02:36.548 2214 2214 D MicroSettings: SettingMicroservices: bindMicroService
03-09 05:02:36.548 2214 2214 I MicroServiceManager: addCommonCallbackListener add listener
03-09 05:02:36.548 2214 2214 I MicroServiceManager: addConnectChangedListener add listener
03-09 05:02:36.548 2214 2214 D MicroSettings: SettingMicroservices: onBindStatus: 1
03-09 05:02:36.548 2214 2214 D MicroSettings: SettingMicroservices: requestNettyConnectStatus:
03-09 05:02:36.548 2214 2214 D MicroSettings: SettingsService: onStartCommand
03-09 05:02:36.548 2194 2225 I MicroService: registerCommonListener: 1
03-09 05:02:36.548 1160 1170 I adbd : jdwp connection from 2323
03-09 05:02:36.549 2308 2308 D CompatibilityChangeReporter: Compat change id reported: 171979766; UID 1000; state: ENABLED
03-09 05:02:36.549 2224 2224 D NetworkSecurityConfig: No Network Security Config specified, using platform default
03-09 05:02:36.549 2224 2224 W nsconfig: .dataservices: New config does not match the previously set config.
03-09 05:02:36.550 2194 2225 I MicroService: registerConnectListener: 1
03-09 05:02:36.550 2194 2225 I MicroService: onConnectStateChanged: -1
03-09 05:02:36.550 2194 2225 I MicroService: onConnectStateChanged count = 1
03-09 05:02:36.550 1160 1170 I adbd : jdwp connection from 2326
03-09 05:02:36.550 2214 2251 D SettingMicroservices: onNettyConnectState: -1mLastNettyState: 0
03-09 05:02:36.550 2214 2251 D SettingMicroservices: onNetty disconnect:
03-09 05:02:36.551 677 677 D Zygote : Forked child process 2400
03-09 05:02:36.551 1537 1572 D CompatibilityChangeReporter: Compat change id reported: 168419799; UID 1000; state: DISABLED
03-09 05:02:36.551 1537 1572 D CompatibilityInfo: mCompatibilityFlags - 4
03-09 05:02:36.551 1537 1572 D CompatibilityInfo: applicationDensity - 240
03-09 05:02:36.551 1537 1572 D CompatibilityInfo: applicationScale - 1.0
03-09 05:02:36.552 1537 1655 W ActivityManager: Slow operation: 218ms so far, now at startProcess: returned from zygote!
03-09 05:02:36.552 2224 2224 I DynamicDDSService: onCreate()
03-09 05:02:36.553 1537 1655 W ActivityManager: Slow operation: 219ms so far, now at startProcess: done updating battery stats
03-09 05:02:36.553 1537 1655 W ActivityManager: Slow operation: 219ms so far, now at startProcess: building log message
03-09 05:02:36.553 1537 1655 I ActivityManager: Start proc 2400:com.android.se/1068 for added application com.android.se
03-09 05:02:36.553 1537 1655 W ActivityManager: Slow operation: 219ms so far, now at startProcess: starting to update pids map
03-09 05:02:36.553 1537 1655 W ActivityManager: Slow operation: 219ms so far, now at startProcess: done updating pids map
03-09 05:02:36.553 1537 1655 W ActivityManager: Slow operation: 219ms so far, now at startProcess: asking zygote to start proc
03-09 05:02:36.553 2297 2297 I Perf : Connecting to perf service.
03-09 05:02:36.553 1537 1537 I SystemServerTiming: ManagedServices.unbindOtherUserServices_current0
03-09 05:02:36.554 1537 1537 I SystemServerTiming: ManagedServices.unbindOtherUserServices_current0
03-09 05:02:36.554 1537 1537 I SystemServerTiming: ManagedServices.unbindOtherUserServices_current0
03-09 05:02:36.554 1537 1537 V NotificationAssistants: enabling notification assistant for 0: ComponentInfo{android.ext.services/android.ext.services.notification.Assistant}
03-09 05:02:36.554 1537 1537 V NotificationAssistants: binding: Intent { act=android.service.notification.NotificationAssistantService cmp=android.ext.services/.notification.Assistant (has extras) }
03-09 05:02:36.554 1537 1572 D CompatibilityChangeReporter: Compat change id reported: 168419799; UID 1000; state: DISABLED
03-09 05:02:36.554 1537 1572 D CompatibilityInfo: mCompatibilityFlags - 4
03-09 05:02:36.554 1537 1572 D CompatibilityInfo: applicationDensity - 240
03-09 05:02:36.554 1537 1572 D CompatibilityInfo: applicationScale - 1.0
03-09 05:02:36.555 2323 2323 D CompatibilityChangeReporter: Compat change id reported: 171979766; UID 1000; state: ENABLED
03-09 05:02:36.555 1537 1710 E NativeTombstoneManager: Tombstone's UID (0) not an app, ignoring
03-09 05:02:36.557 1537 1710 I DropBoxManagerService: add tag=SYSTEM_TOMBSTONE_PROTO isTagEnabled=true flags=0x4
03-09 05:02:36.558 2297 2297 V GraphicsEnvironment: ANGLE Developer option for 'com.thundercomm.tchttpserver' set to: 'default'
03-09 05:02:36.559 2224 2407 I SubManager: handling GET_SERVICE in ServiceFetcher
03-09 05:02:36.559 2224 2224 I DynamicDDSService: onBind Received
03-09 05:02:36.559 2224 2407 D hw-ProcessState: Binder ioctl to enable oneway spam detection failed: Invalid argument
03-09 05:02:36.559 2224 2406 I QmiAgentHwInterface: handling GET_SERVICE in ServiceFetcher
03-09 05:02:36.559 1537 1932 D CompatibilityChangeReporter: Compat change id reported: 168419799; UID 10083; state: DISABLED
03-09 05:02:36.559 1537 1932 D CompatibilityInfo: mCompatibilityFlags - 4
03-09 05:02:36.559 1537 1932 D CompatibilityInfo: applicationDensity - 240
03-09 05:02:36.559 1537 1932 D CompatibilityInfo: applicationScale - 1.0
01-01 08:00:12.772 0 0 I binder : 2224:2407 ioctl 40046210 719a9129e4 returned -22
03-09 05:02:36.559 2304 2304 D CompatibilityChangeReporter: Compat change id reported: 171979766; UID 1000; state: ENABLED
03-09 05:02:36.559 2297 2297 V GraphicsEnvironment: ANGLE GameManagerService for com.thundercomm.tchttpserver: false
03-09 05:02:36.560 2297 2297 D NetworkSecurityConfig: No Network Security Config specified, using platform default
03-09 05:02:36.560 2297 2297 D NetworkSecurityConfig: No Network Security Config specified, using platform default
03-09 05:02:36.561 2224 2407 I android_os_HwBinder: HwBinder: Starting thread pool for getting: vendor.qti.data.factory@2.0::IFactory/default
03-09 05:02:36.561 1537 1572 D CompatibilityChangeReporter: Compat change id reported: 168419799; UID 1073; state: DISABLED
03-09 05:02:36.561 1537 1572 D CompatibilityInfo: mCompatibilityFlags - 4
03-09 05:02:36.561 1537 1572 D CompatibilityInfo: applicationDensity - 240
03-09 05:02:36.561 1537 1572 D CompatibilityInfo: applicationScale - 1.0
03-09 05:02:36.562 2224 2407 I SubManager: Cnd HAL is up
03-09 05:02:36.562 2224 2403 I SubManager: handling HAL_SERVER_UP
03-09 05:02:36.562 2308 2308 I Perf : Connecting to perf service.
03-09 05:02:36.563 1537 1572 D CompatibilityInfo: mCompatibilityFlags - 4
03-09 05:02:36.563 1537 1572 D CompatibilityInfo: applicationDensity - 240
03-09 05:02:36.563 1537 1572 D CompatibilityInfo: applicationScale - 1.0
03-09 05:02:36.563 1537 1572 D CompatibilityChangeReporter: Compat change id reported: 168419799; UID 1073; state: DISABLED
03-09 05:02:36.563 1537 1572 D CompatibilityInfo: mCompatibilityFlags - 4
03-09 05:02:36.563 1537 1572 D CompatibilityInfo: applicationDensity - 240
03-09 05:02:36.563 1537 1572 D CompatibilityInfo: applicationScale - 1.0
03-09 05:02:36.564 509 509 I hwservicemanager: Since vendor.qti.hardware.iop@2.0::IIop/default is not registered, trying to start it as a lazy HAL.
03-09 05:02:36.564 2224 2403 I android_os_HwBinder: HwBinder: Starting thread pool for getting: vendor.qti.data.factory@2.0::IFactory/default
03-09 05:02:36.564 2326 2326 D CompatibilityChangeReporter: Compat change id reported: 171979766; UID 10083; state: DISABLED
03-09 05:02:36.564 2400 2400 I Zygote : seccomp disabled by setenforce 0
03-09 05:02:36.564 2306 2306 D CompatibilityChangeReporter: Compat change id reported: 171979766; UID 1073; state: ENABLED
03-09 05:02:36.565 677 677 D Zygote : Forked child process 2415
03-09 05:02:36.565 2224 2403 I DynamicDDS/Token: <- RCV:OnAvailableEvent{}
03-09 05:02:36.565 2224 2403 I SubManager: Connected to dynamicdds subscription manager SUCC
03-09 05:02:36.565 2224 2401 I DynamicDDSService: Subscription Manager Service listener: onAvailable
03-09 05:02:36.565 2224 2406 I android_os_HwBinder: HwBinder: Starting thread pool for getting: vendor.qti.data.factory@2.0::IFactory/default
03-09 05:02:36.566 2224 2406 I QmiAgentHwInterface: Cnd HAL is up
03-09 05:02:36.566 2224 2403 I QmiAgentHwInterface: handling HAL_SERVER_UP
03-09 05:02:36.566 1537 1655 W ActivityManager: Slow operation: 232ms so far, now at startProcess: returned from zygote!
03-09 05:02:36.566 1537 1655 W ActivityManager: Slow operation: 232ms so far, now at startProcess: done updating battery stats
03-09 05:02:36.566 1537 1655 W ActivityManager: Slow operation: 232ms so far, now at startProcess: building log message
03-09 05:02:36.566 1537 1655 I ActivityManager: Start proc 2415:com.thundercomm.remotecontrolservice/1000 for added application com.thundercomm.remotecontrolservice
03-09 05:02:36.567 1537 1655 W ActivityManager: Slow operation: 232ms so far, now at startProcess: starting to update pids map
03-09 05:02:36.567 2326 2326 D ApplicationLoaders: Returning zygote-cached class loader: /system/framework/android.test.base.jar
03-09 05:02:36.567 1537 1655 W ActivityManager: Slow operation: 232ms so far, now at startProcess: done updating pids map
03-09 05:02:36.567 1224 1224 E ANDR-IOP: IIop:: Iop HAL Service is not available.
03-09 05:02:36.567 1537 1655 W ActivityManager: Slow operation: 232ms so far, now at startProcess: asking zygote to start proc
03-09 05:02:36.567 2323 2323 I Perf : Connecting to perf service.
03-09 05:02:36.568 2224 2403 I android_os_HwBinder: HwBinder: Starting thread pool for getting: vendor.qti.data.factory@2.0::IFactory/default
03-09 05:02:36.568 2224 2403 I QmiAgent/ServiceCallback: <- RCV:OnAvailableEvent{}
03-09 05:02:36.569 2224 2403 I QmiAgentHwInterface: Connected to qmi agent SUCC
03-09 05:02:36.569 2224 2401 I android_os_HwBinder: HwBinder: Starting thread pool for getting: vendor.qti.data.factory@2.0::IFactory/default
03-09 05:02:36.569 2224 2401 I QmiAgentHwInterface: Connected to qmi agent SUCC
03-09 05:02:36.569 509 2413 W libc : Unable to set property "ctl.interface_start" to "vendor.qti.hardware.iop@2.0::IIop/default": error code: 0x20
03-09 05:02:36.569 509 2413 I hwservicemanager: Tried to start vendor.qti.hardware.iop@2.0::IIop/default as a lazy service, but was unable to. Usually this happens when a service is not installed, but if the service is intended to be used as a lazy service, then it may be configured incorrectly.
03-09 05:02:36.569 2224 2401 E QmiAgentHwInterface: Failed to sendRequest: android.os.RemoteException: sendRequest failed with status: 2
03-09 05:02:36.569 2224 2401 I DynamicDDSService: Qmi HwInterface Service listener: onAvailable
03-09 05:02:36.570 815 1988 D audio_hw_primary: adev_set_mic_mute state 0
03-09 05:02:36.573 2323 2323 V GraphicsEnvironment: ANGLE Developer option for 'vendor.qti.qesdk.sysservice' set to: 'default'
03-09 05:02:36.572 2308 2308 V GraphicsEnvironment: ANGLE Developer option for 'com.thundercomm.tcsetupwizard' set to: 'default'
03-09 05:02:36.573 2323 2323 V GraphicsEnvironment: ANGLE GameManagerService for vendor.qti.qesdk.sysservice: false
03-09 05:02:36.574 2323 2323 D NetworkSecurityConfig: No Network Security Config specified, using platform default
03-09 05:02:36.574 2323 2323 D NetworkSecurityConfig: No Network Security Config specified, using platform default
03-09 05:02:36.574 509 509 I hwservicemanager: Since vendor.qti.hardware.iop@2.0::IIop/default is not registered, trying to start it as a lazy HAL.
03-09 05:02:36.574 1224 1224 E ANDR-IOP: IIop:: Iop HAL Service is not available.
03-09 05:02:36.575 2308 2308 V GraphicsEnvironment: ANGLE GameManagerService for com.thundercomm.tcsetupwizard: false
03-09 05:02:36.575 2306 2306 I Perf : Connecting to perf service.
03-09 05:02:36.575 2308 2308 D NetworkSecurityConfig: No Network Security Config specified, using platform default
03-09 05:02:36.575 2308 2308 D NetworkSecurityConfig: No Network Security Config specified, using platform default
03-09 05:02:36.576 509 509 I hwservicemanager: Since vendor.qti.hardware.iop@2.0::IIop/default is not registered, trying to start it as a lazy HAL.
03-09 05:02:36.576 1224 1224 E ANDR-IOP: IIop:: Iop HAL Service is not available.
03-09 05:02:36.576 2415 2415 I Zygote : seccomp disabled by setenforce 0
03-09 05:02:36.576 2326 2326 I Perf : Connecting to perf service.
03-09 05:02:36.579 2326 2326 W ContextImpl: Failed to ensure /data/user/0/com.qti.qualcomm.mstatssystemservice/cache: mkdir failed: ENOENT (No such file or directory)
03-09 05:02:36.579 2326 2326 W ContextImpl: Failed to update user.inode_cache: stat failed: ENOENT (No such file or directory)
03-09 05:02:36.582 1160 1170 I adbd : jdwp connection from 2400
03-09 05:02:36.582 509 2419 W libc : Unable to set property "ctl.interface_start" to "vendor.qti.hardware.iop@2.0::IIop/default": error code: 0x20
03-09 05:02:36.582 509 2419 I hwservicemanager: Tried to start vendor.qti.hardware.iop@2.0::IIop/default as a lazy service, but was unable to. Usually this happens when a service is not installed, but if the service is intended to be used as a lazy service, then it may be configured incorrectly.
03-09 05:02:36.582 677 677 D Zygote : Forked child process 2431
03-09 05:02:36.583 1537 1655 W ActivityManager: Slow operation: 248ms so far, now at startProcess: returned from zygote!
03-09 05:02:36.583 1537 1655 W ActivityManager: Slow operation: 249ms so far, now at startProcess: done updating battery stats
03-09 05:02:36.583 1537 1655 W ActivityManager: Slow operation: 249ms so far, now at startProcess: building log message
03-09 05:02:36.583 1537 1655 I ActivityManager: Start proc 2431:com.thundercomm.tcservice/1000 for added application com.thundercomm.tcservice
03-09 05:02:36.583 1537 1655 W ActivityManager: Slow operation: 249ms so far, now at startProcess: starting to update pids map
03-09 05:02:36.583 2326 2326 V GraphicsEnvironment: ANGLE Developer option for 'com.qti.qualcomm.mstatssystemservice' set to: 'default'
03-09 05:02:36.584 2306 2306 V GraphicsEnvironment: ANGLE Developer option for 'com.android.networkstack' set to: 'default'
03-09 05:02:36.584 1537 1655 W ActivityManager: Slow operation: 249ms so far, now at startProcess: done updating pids map
03-09 05:02:36.584 1537 1655 W ActivityManager: Slow operation: 249ms so far, now at startProcess: asking zygote to start proc
03-09 05:02:36.584 2326 2326 V GraphicsEnvironment: ANGLE GameManagerService for com.qti.qualcomm.mstatssystemservice: false
03-09 05:02:36.584 2306 2306 V GraphicsEnvironment: ANGLE GameManagerService for com.android.networkstack: false
03-09 05:02:36.584 1537 1655 D CompatibilityChangeReporter: Compat change id reported: 143937733; UID 10062; state: ENABLED
03-09 05:02:36.585 2306 2306 D NetworkSecurityConfig: No Network Security Config specified, using platform default
03-09 05:02:36.585 2306 2306 D NetworkSecurityConfig: No Network Security Config specified, using platform default
03-09 05:02:36.585 2326 2326 D NetworkSecurityConfig: No Network Security Config specified, using platform default
03-09 05:02:36.585 2326 2326 D NetworkSecurityConfig: No Network Security Config specified, using platform default
03-09 05:02:36.585 509 2418 W libc : Unable to set property "ctl.interface_start" to "vendor.qti.hardware.iop@2.0::IIop/default": error code: 0x20
03-09 05:02:36.585 509 2418 I hwservicemanager: Tried to start vendor.qti.hardware.iop@2.0::IIop/default as a lazy service, but was unable to. Usually this happens when a service is not installed, but if the service is intended to be used as a lazy service, then it may be configured incorrectly.
03-09 05:02:36.586 509 509 I hwservicemanager: Since vendor.qti.hardware.iop@2.0::IIop/default is not registered, trying to start it as a lazy HAL.
03-09 05:02:36.586 1224 1224 E ANDR-IOP: IIop:: Iop HAL Service is not available.
03-09 05:02:36.586 509 509 I hwservicemanager: Since vendor.qti.hardware.iop@2.0::IIop/default is not registered, trying to start it as a lazy HAL.
03-09 05:02:36.586 1224 1245 E ANDR-IOP: IIop:: Iop HAL Service is not available.
03-09 05:02:36.586 509 2434 W libc : Unable to set property "ctl.interface_start" to "vendor.qti.hardware.iop@2.0::IIop/default": error code: 0x20
03-09 05:02:36.587 509 2434 I hwservicemanager: Tried to start vendor.qti.hardware.iop@2.0::IIop/default as a lazy service, but was unable to. Usually this happens when a service is not installed, but if the service is intended to be used as a lazy service, then it may be configured incorrectly.
03-09 05:02:36.587 509 2435 W libc : Unable to set property "ctl.interface_start" to "vendor.qti.hardware.iop@2.0::IIop/default": error code: 0x20
03-09 05:02:36.587 509 2435 I hwservicemanager: Tried to start vendor.qti.hardware.iop@2.0::IIop/default as a lazy service, but was unable to. Usually this happens when a service is not installed, but if the service is intended to be used as a lazy service, then it may be configured incorrectly.
01-01 08:00:12.801 0 0 I binder : 2400:2400 ioctl 40046210 7ff4f779d4 returned -22
03-09 05:02:36.588 2400 2400 D ProcessState: Binder ioctl to enable oneway spam detection failed: Invalid argument
01-01 08:00:12.805 0 0 I binder : 2415:2415 ioctl 40046210 7ff4f779d4 returned -22
03-09 05:02:36.591 1160 1170 I adbd : jdwp connection from 2415
03-09 05:02:36.592 2415 2415 D ProcessState: Binder ioctl to enable oneway spam detection failed: Invalid argument
03-09 05:02:36.594 2304 2304 I Perf : Connecting to perf service.
03-09 05:02:36.595 2431 2431 I Zygote : seccomp disabled by setenforce 0
03-09 05:02:36.595 1537 1710 E NativeTombstoneManager: Tombstone's UID (0) not an app, ignoring
03-09 05:02:36.596 1537 1710 I DropBoxManagerService: add tag=SYSTEM_TOMBSTONE_PROTO isTagEnabled=true flags=0x4
03-09 05:02:36.597 677 677 D Zygote : Forked child process 2451
03-09 05:02:36.597 1537 1655 W ActivityManager: Slow operation: 261ms so far, now at startProcess: returned from zygote!
03-09 05:02:36.597 1537 1655 W ActivityManager: Slow operation: 261ms so far, now at startProcess: done updating battery stats
03-09 05:02:36.597 1537 1655 W ActivityManager: Slow operation: 261ms so far, now at startProcess: building log message
03-09 05:02:36.597 1537 1655 I ActivityManager: Start proc 2451:com.qualcomm.qti.devicestatisticsservice/u0a62 for added application com.qualcomm.qti.devicestatisticsservice
03-09 05:02:36.597 1537 1655 W ActivityManager: Slow operation: 261ms so far, now at startProcess: starting to update pids map
03-09 05:02:36.597 1537 1655 W ActivityManager: Slow operation: 262ms so far, now at startProcess: done updating pids map
03-09 05:02:36.597 1537 1655 W ActivityManager: Slow operation: 261ms so far, now at startProcess: asking zygote to start proc
03-09 05:02:36.599 1537 2086 D CompatibilityChangeReporter: Compat change id reported: 168419799; UID 1000; state: DISABLED
03-09 05:02:36.599 1537 2086 D CompatibilityInfo: mCompatibilityFlags - 4
03-09 05:02:36.599 1537 2086 D CompatibilityInfo: applicationDensity - 240
03-09 05:02:36.599 1537 2086 D CompatibilityInfo: applicationScale - 1.0
03-09 05:02:36.599 2304 2304 V GraphicsEnvironment: ANGLE Developer option for 'com.tc.logclient' set to: 'default'
03-09 05:02:36.600 2304 2304 V GraphicsEnvironment: ANGLE GameManagerService for com.tc.logclient: false
03-09 05:02:36.600 1537 2086 D CompatibilityInfo: mCompatibilityFlags - 4
03-09 05:02:36.600 1537 2086 D CompatibilityInfo: applicationDensity - 240
03-09 05:02:36.600 1537 2086 D CompatibilityInfo: applicationScale - 1.0
03-09 05:02:36.601 2304 2304 D NetworkSecurityConfig: No Network Security Config specified, using platform default
03-09 05:02:36.601 2304 2304 D NetworkSecurityConfig: No Network Security Config specified, using platform default
03-09 05:02:36.602 2415 2415 D CompatibilityChangeReporter: Compat change id reported: 171979766; UID 1000; state: ENABLED
03-09 05:02:36.602 677 677 D Zygote : Forked child process 2456
03-09 05:02:36.603 1537 1655 W ActivityManager: Slow operation: 266ms so far, now at startProcess: returned from zygote!
03-09 05:02:36.603 1537 1655 W ActivityManager: Slow operation: 267ms so far, now at startProcess: done updating battery stats
03-09 05:02:36.603 1537 1655 W ActivityManager: Slow operation: 267ms so far, now at startProcess: building log message
03-09 05:02:36.603 1537 1655 I ActivityManager: Start proc 2456:com.qualcomm.qti.qdma/1000 for added application com.qualcomm.qti.qdma
03-09 05:02:36.603 1537 1655 W ActivityManager: Slow operation: 267ms so far, now at startProcess: starting to update pids map
03-09 05:02:36.603 509 509 I hwservicemanager: Since vendor.qti.hardware.iop@2.0::IIop/default is not registered, trying to start it as a lazy HAL.
03-09 05:02:36.603 1224 1245 E ANDR-IOP: IIop:: Iop HAL Service is not available.
03-09 05:02:36.603 1537 1655 W ActivityManager: Slow operation: 267ms so far, now at startProcess: done updating pids map
03-09 05:02:36.603 1537 1655 W ActivityManager: Slow operation: 186ms so far, now at startProcess: asking zygote to start proc
03-09 05:02:36.606 1537 1572 D CompatibilityChangeReporter: Compat change id reported: 168419799; UID 1068; state: DISABLED
03-09 05:02:36.606 1537 1572 D CompatibilityInfo: mCompatibilityFlags - 4
03-09 05:02:36.606 1537 1572 D CompatibilityInfo: applicationDensity - 240
03-09 05:02:36.606 1537 1572 D CompatibilityInfo: applicationScale - 1.0
03-09 05:02:36.606 2451 2451 I Zygote : seccomp disabled by setenforce 0
03-09 05:02:36.607 1537 1932 D ConnectivityService: requestNetwork for uid/pid:1073/2306 activeRequest: null callbackRequest: 16 [NetworkRequest [ REQUEST id=17, [ Capabilities: INTERNET&NOT_RESTRICTED&TRUSTED&NOT_VCN_MANAGED Uid: 1073 RequestorUid: 1073 RequestorPkg: com.android.networkstack] ]] callback flags: 0 priority: 2147483647
03-09 05:02:36.607 1537 1978 D ConnectivityService: NetReassign [no changes]
03-09 05:02:36.607 1537 2018 D Ethernet: got request NetworkRequest [ REQUEST id=17, [ Capabilities: INTERNET&NOT_RESTRICTED&TRUSTED&NOT_VCN_MANAGED Uid: 1073 RequestorUid: 1073 RequestorPkg: com.android.networkstack] ]
01-01 08:00:12.826 0 0 I binder : 2431:2431 ioctl 40046210 7ff4f779d4 returned -22
03-09 05:02:36.607 1537 2018 D EthernetNetworkFactory: acceptRequest, request: NetworkRequest [ REQUEST id=17, [ Capabilities: INTERNET&NOT_RESTRICTED&TRUSTED&NOT_VCN_MANAGED Uid: 1073 RequestorUid: 1073 RequestorPkg: com.android.networkstack] ]
03-09 05:02:36.607 509 2457 W libc : Unable to set property "ctl.interface_start" to "vendor.qti.hardware.iop@2.0::IIop/default": error code: 0x20
03-09 05:02:36.607 1537 2018 I EthernetNetworkFactory: networkForRequest, request: NetworkRequest [ REQUEST id=17, [ Capabilities: INTERNET&NOT_RESTRICTED&TRUSTED&NOT_VCN_MANAGED Uid: 1073 RequestorUid: 1073 RequestorPkg: com.android.networkstack] ], network: null
03-09 05:02:36.607 509 2457 I hwservicemanager: Tried to start vendor.qti.hardware.iop@2.0::IIop/default as a lazy service, but was unable to. Usually this happens when a service is not installed, but if the service is intended to be used as a lazy service, then it may be configured incorrectly.
03-09 05:02:36.608 1537 1978 D ConnectivityService: NetReassign [no changes]
03-09 05:02:36.610 1537 1537 D BluetoothManagerService: Bluetooth Adapter name changed to 高合娱乐副屏 by android
03-09 05:02:36.610 677 677 D Zygote : Forked child process 2464
03-09 05:02:36.610 1537 1655 W ActivityManager: Slow operation: 193ms so far, now at startProcess: returned from zygote!
03-09 05:02:36.610 1537 1537 D BluetoothManagerService: Stored Bluetooth name: 高合娱乐副屏
03-09 05:02:36.610 1537 1655 W ActivityManager: Slow operation: 193ms so far, now at startProcess: done updating battery stats
03-09 05:02:36.610 1537 1655 W ActivityManager: Slow operation: 193ms so far, now at startProcess: building log message
03-09 05:02:36.610 1537 1655 I ActivityManager: Start proc 2464:com.android.settings/1000 for top-activity {com.android.settings/com.android.settings.FallbackHome}
03-09 05:02:36.610 1537 1655 W ActivityManager: Slow operation: 193ms so far, now at startProcess: starting to update pids map
03-09 05:02:36.610 1537 1655 W ActivityManager: Slow operation: 193ms so far, now at startProcess: done updating pids map
03-09 05:02:36.610 2306 2306 D ApplicationLoaders: Returning zygote-cached class loader: /system/framework/android.test.base.jar
03-09 05:02:36.610 1537 1655 W ActivityManager: Slow operation: 164ms so far, now at startProcess: asking zygote to start proc
03-09 05:02:36.610 1537 1655 D CompatibilityChangeReporter: Compat change id reported: 143937733; UID 10092; state: ENABLED
03-09 05:02:36.611 1537 1537 D ConditionProviders.SCP: onSubscribe condition://android/schedule?days=1.2.3.4.5.6.7&start=22.0&end=7.0&exitAtAlarm=true
03-09 05:02:36.611 2400 2400 D CompatibilityChangeReporter: Compat change id reported: 171979766; UID 1068; state: ENABLED
03-09 05:02:36.611 1537 1537 D ConditionProviders.SCP: setRegistered true
03-09 05:02:36.612 1537 1644 D UsbDeviceManager: push notification:正在通过 USB 为此设备充电
03-09 05:02:36.612 2456 2456 I Zygote : seccomp disabled by setenforce 0
03-09 05:02:36.614 2431 2431 D ProcessState: Binder ioctl to enable oneway spam detection failed: Invalid argument
03-09 05:02:36.615 1160 1170 I adbd : jdwp connection from 2431
03-09 05:02:36.616 1537 1537 D ConditionProviders.SCP: evaluateSubscriptionLocked cal=ScheduleCalendar[mDays={1, 2, 3, 4, 5, 6, 7}, mSchedule=ScheduleInfo{days=[1, 2, 3, 4, 5, 6, 7], startHour=22, startMinute=0, endHour=7, endMinute=0, exitAtAlarm=true, nextAlarm=Thu Jan 01 08:00:00 GMT+08:00 1970 (0)}], now=Thu Mar 09 05:02:36 GMT+08:00 2023 (1678309356611), nextUserAlarmTime=Thu Jan 01 08:00:00 GMT+08:00 1970 (0)
03-09 05:02:36.616 1537 1537 D ConditionProviders.SCP: notifyCondition condition://android/schedule?days=1.2.3.4.5.6.7&start=22.0&end=7.0&exitAtAlarm=true STATE_TRUE reason=meetsSchedule
03-09 05:02:36.616 1537 1537 D ConditionProviders.SCP: Scheduling evaluate for Thu Mar 09 07:00:00 GMT+08:00 2023 (1678316400000), in +1h57m23s389ms, now=Thu Mar 09 05:02:36 GMT+08:00 2023 (1678309356611)
03-09 05:02:36.617 1537 1537 D BluetoothManagerService: BluetoothServiceConnection: com.android.bluetooth.btservice.AdapterService
03-09 05:02:36.618 1537 1646 D BluetoothManagerService: MESSAGE_BLUETOOTH_SERVICE_CONNECTED: 1
03-09 05:02:36.622 2034 2049 D BluetoothAdapterService: enable() - Enable called with quiet mode status = false
03-09 05:02:36.623 1537 1646 D BluetoothManagerService: MESSAGE_INFORM_ADAPTER_SERVICE_UP
03-09 05:02:36.623 1537 1646 D BluetoothManagerService: Broadcasting onBluetoothServiceUp() to 2 receivers.
03-09 05:02:36.623 1537 1646 D BluetoothAdapter: onBluetoothServiceUp: android.bluetooth.IBluetooth$Stub$Proxy@3d46eea
03-09 05:02:36.623 2034 2148 I AdapterState: BLE_TURNING_ON : entered
03-09 05:02:36.623 2034 2148 D AdapterProperties: Setting state to BLE_TURNING_ON
03-09 05:02:36.624 2034 2148 D BluetoothAdapterService: updateAdapterState() - Broadcasting state BLE_TURNING_ON to 1 receivers.
03-09 05:02:36.624 1537 1646 D BluetoothManagerService: MESSAGE_BLUETOOTH_STATE_CHANGE: OFF > BLE_TURNING_ON
03-09 05:02:36.624 1537 1646 D BluetoothManagerService: Sending BLE State Change: OFF > BLE_TURNING_ON
03-09 05:02:36.624 677 677 D Zygote : Forked child process 2479
03-09 05:02:36.624 1537 1655 W ActivityManager: Slow operation: 178ms so far, now at startProcess: returned from zygote!
03-09 05:02:36.625 2034 2049 D BluetoothAdapter: onBluetoothServiceUp: com.android.bluetooth.btservice.AdapterService$AdapterServiceBinder@f3090f4
03-09 05:02:36.625 1537 2086 D CompatibilityChangeReporter: Compat change id reported: 168419799; UID 1000; state: DISABLED
03-09 05:02:36.625 1537 2086 D CompatibilityInfo: mCompatibilityFlags - 4
03-09 05:02:36.625 1537 2086 D CompatibilityInfo: applicationDensity - 240
03-09 05:02:36.625 1537 2086 D CompatibilityInfo: applicationScale - 1.0
03-09 05:02:36.625 2306 2306 D NetworkSecurityConfig: No Network Security Config specified, using platform default
03-09 05:02:36.626 2464 2464 I Zygote : seccomp disabled by setenforce 0
03-09 05:02:36.627 1537 2086 D CompatibilityInfo: mCompatibilityFlags - 4
03-09 05:02:36.627 1537 2086 D CompatibilityInfo: applicationDensity - 240
03-09 05:02:36.627 1537 2086 D CompatibilityInfo: applicationScale - 1.0
03-09 05:02:36.628 1537 1655 W ActivityManager: Slow operation: 181ms so far, now at startProcess: done updating battery stats
03-09 05:02:36.628 1537 1655 W ActivityManager: Slow operation: 181ms so far, now at startProcess: building log message
03-09 05:02:36.628 1537 1655 I ActivityManager: Start proc 2479:android.ext.services/u0a92 for service {android.ext.services/android.ext.services.autofill.InlineSuggestionRenderServiceImpl}
03-09 05:02:36.628 1537 1655 W ActivityManager: Slow operation: 181ms so far, now at startProcess: starting to update pids map
03-09 05:02:36.628 1537 1655 W ActivityManager: Slow operation: 181ms so far, now at startProcess: done updating pids map
03-09 05:02:36.628 1537 1655 W ActivityManager: Slow operation: 135ms so far, now at startProcess: asking zygote to start proc
03-09 05:02:36.628 1537 1655 D CompatibilityChangeReporter: Compat change id reported: 143937733; UID 10064; state: ENABLED
03-09 05:02:36.629 2431 2431 D CompatibilityChangeReporter: Compat change id reported: 171979766; UID 1000; state: ENABLED
03-09 05:02:36.629 2415 2415 I Perf : Connecting to perf service.
03-09 05:02:36.630 2034 2148 D BluetoothAdapterService: bleOnProcessStart()
03-09 05:02:36.631 2034 2148 D BluetoothAdapterService: setAdvanceAudioSupport
03-09 05:02:36.631 2034 2148 D BluetoothGroupService: setAdvanceAudioSupport: Setting support from LEA Module
03-09 05:02:36.631 2034 2148 D AdapterServiceConfig: initAdvAudioConfig: adv_audio_feature_mask = 0
03-09 05:02:36.631 2479 2479 I Zygote : seccomp disabled by setenforce 0
03-09 05:02:36.632 2456 2456 D ProcessState: Binder ioctl to enable oneway spam detection failed: Invalid argument
03-09 05:02:36.633 2451 2451 D ProcessState: Binder ioctl to enable oneway spam detection failed: Invalid argument
03-09 05:02:36.633 1160 1170 I adbd : jdwp connection from 2456
01-01 08:00:12.845 0 0 I binder : 2456:2456 ioctl 40046210 7ff4f779d4 returned -22
01-01 08:00:12.845 0 0 I binder : 2451:2451 ioctl 40046210 7ff4f779d4 returned -22
03-09 05:02:36.634 2051 2051 W SystemServiceRegistry: No service published for: face
03-09 05:02:36.635 2415 2415 V GraphicsEnvironment: ANGLE Developer option for 'com.thundercomm.remotecontrolservice' set to: 'default'
03-09 05:02:36.635 2415 2415 V GraphicsEnvironment: ANGLE GameManagerService for com.thundercomm.remotecontrolservice: false
03-09 05:02:36.636 1160 1170 I adbd : jdwp connection from 2451
03-09 05:02:36.637 2400 2400 I Perf : Connecting to perf service.
03-09 05:02:36.638 2034 2148 W AdapterServiceConfig: LC3 Codec is not supported. adv_audio_feature_mask = 0
03-09 05:02:36.638 2034 2148 D AdapterServiceConfig: getAudioProperties mIsA2dpSink false mIsBAEnabled false mIsSplitA2dpEnabled true
03-09 05:02:36.638 2034 2148 V AdapterServiceConfig: Adding HeadsetService
03-09 05:02:36.638 2034 2148 V AdapterServiceConfig: Adding A2dpService
03-09 05:02:36.638 2034 2148 I AdapterServiceConfig: Profile A2dpSinkService Not added
03-09 05:02:36.638 2034 2148 V AdapterServiceConfig: Adding HidHostService
03-09 05:02:36.638 2034 2148 V AdapterServiceConfig: Adding PanService
03-09 05:02:36.638 2034 2148 V AdapterServiceConfig: Adding GattService
03-09 05:02:36.638 2034 2148 V AdapterServiceConfig: Adding BluetoothMapService
03-09 05:02:36.638 2034 2148 V AdapterServiceConfig: Adding AvrcpControllerService
03-09 05:02:36.638 2034 2148 V AdapterServiceConfig: Adding SapService
03-09 05:02:36.638 2034 2148 V AdapterServiceConfig: Adding BluetoothOppService
03-09 05:02:36.638 2034 2148 V AdapterServiceConfig: Adding BluetoothPbapService
03-09 05:02:36.638 2034 2148 V AdapterServiceConfig: Feature Flag enables support for HearingAidService
03-09 05:02:36.638 2034 2148 V AdapterServiceConfig: Adding HearingAidService
03-09 05:02:36.638 2034 2148 I AdapterServiceConfig: Profile BATService Not added
03-09 05:02:36.638 2034 2148 D BluetoothAdapterService: BleOnProcessStart() - Make Bond State Machine
03-09 05:02:36.638 2415 2415 D NetworkSecurityConfig: No Network Security Config specified, using platform default
03-09 05:02:36.638 2415 2415 D NetworkSecurityConfig: No Network Security Config specified, using platform default
03-09 05:02:36.639 509 509 I hwservicemanager: Since vendor.qti.hardware.iop@2.0::IIop/default is not registered, trying to start it as a lazy HAL.
03-09 05:02:36.639 1224 1245 E ANDR-IOP: IIop:: Iop HAL Service is not available.
03-09 05:02:36.640 1537 1984 W ActivityThread: Failed to find provider info for com.android.calendar (user not unlocked)
03-09 05:02:36.641 1537 1984 W ActivityThread: Failed to find provider info for com.android.calendar (user not unlocked)
03-09 05:02:36.641 677 677 D Zygote : Forked child process 2516
03-09 05:02:36.641 2400 2400 W ContextImpl: Failed to ensure /data/user/0/com.android.se/cache: mkdir failed: ENOENT (No such file or directory)
03-09 05:02:36.641 1537 1537 D BluetoothHeadset: Binding service...
03-09 05:02:36.641 2400 2400 W ContextImpl: Failed to update user.inode_cache: stat failed: ENOENT (No such file or directory)
03-09 05:02:36.642 1537 1655 W ActivityManager: Slow operation: 149ms so far, now at startProcess: returned from zygote!
03-09 05:02:36.642 1537 1537 W BluetoothManagerService: bindBluetoothProfileService:Trying to bind to profile: 1, while Bluetooth is disabled
03-09 05:02:36.642 1537 1537 D BluetoothHearingAid: Binding service...
03-09 05:02:36.642 2400 2400 V GraphicsEnvironment: ANGLE Developer option for 'com.android.se' set to: 'default'
03-09 05:02:36.643 1537 2189 D CompatibilityChangeReporter: Compat change id reported: 168419799; UID 1002; state: DISABLED
03-09 05:02:36.643 1537 2189 D CompatibilityInfo: mCompatibilityFlags - 4
03-09 05:02:36.643 1537 2189 D CompatibilityInfo: applicationDensity - 240
03-09 05:02:36.643 1537 2189 D CompatibilityInfo: applicationScale - 1.0
03-09 05:02:36.643 2400 2400 V GraphicsEnvironment: ANGLE GameManagerService for com.android.se: false
03-09 05:02:36.643 1537 2193 D NetworkStats: registerNetworkStatsProvider from OffloadController uid/pid=1073/2306
03-09 05:02:36.643 2400 2400 D NetworkSecurityConfig: No Network Security Config specified, using platform default
03-09 05:02:36.643 2400 2400 D NetworkSecurityConfig: No Network Security Config specified, using platform default
03-09 05:02:36.644 2034 2034 D BtGatt.GattService: classInitNative called
03-09 05:02:36.644 2034 2034 I BtGatt.JNI: classInitNative(L1125): classInitNative: Success!
03-09 05:02:36.645 2034 2034 D BtGatt.DebugUtils: handleDebugAction() action=null
03-09 05:02:36.645 2034 2034 D GattService: Received start request. Starting profile...
03-09 05:02:36.645 1160 1170 I adbd : jdwp connection from 2479
03-09 05:02:36.646 2415 2415 D RemoteControlService: RemoteControlService start.
03-09 05:02:36.646 2415 2415 D RemoteControlService: start remote control service ...
03-09 05:02:36.646 509 2514 W libc : Unable to set property "ctl.interface_start" to "vendor.qti.hardware.iop@2.0::IIop/default": error code: 0x20
03-09 05:02:36.646 509 2514 I hwservicemanager: Tried to start vendor.qti.hardware.iop@2.0::IIop/default as a lazy service, but was unable to. Usually this happens when a service is not installed, but if the service is intended to be used as a lazy service, then it may be configured incorrectly.
03-09 05:02:36.646 1537 1572 D CompatibilityChangeReporter: Compat change id reported: 168419799; UID 1000; state: DISABLED
03-09 05:02:36.646 1537 1572 D CompatibilityInfo: mCompatibilityFlags - 4
03-09 05:02:36.646 1537 1572 D CompatibilityInfo: applicationDensity - 240
03-09 05:02:36.646 1537 1572 D CompatibilityInfo: applicationScale - 1.0
03-09 05:02:36.647 2415 2415 I RemoteControlService: Current screen size: (2380, 1020)
03-09 05:02:36.647 2415 2415 D RemoteControlService: start Ap Ip Listener
03-09 05:02:36.647 2415 2415 D RemoteControlService: startGetInfo:
03-09 05:02:36.647 1537 2527 I Telecom : BluetoothRouteManager: getBluetoothAudioConnectedDevice: no service available.
03-09 05:02:36.647 2479 2479 D ProcessState: Binder ioctl to enable oneway spam detection failed: Invalid argument
01-01 08:00:12.860 0 0 I binder : 2479:2479 ioctl 40046210 7ff4f779d4 returned -22
03-09 05:02:36.648 1160 1170 I adbd : jdwp connection from 2464
03-09 05:02:36.648 2464 2464 D ProcessState: Binder ioctl to enable oneway spam detection failed: Invalid argument
03-09 05:02:36.648 2415 2531 D RemoteControlService: udpReceiver:
03-09 05:02:36.648 1537 1646 W IorapForwardingService: No service published for: iorapd
03-09 05:02:36.649 2456 2456 D CompatibilityChangeReporter: Compat change id reported: 171979766; UID 1000; state: ENABLED
03-09 05:02:36.649 2415 2415 D RemoteControlService: startVlanDispatchThread
03-09 05:02:36.650 1537 2189 D CompatibilityChangeReporter: Compat change id reported: 168419799; UID 10062; state: DISABLED
01-01 08:00:12.861 0 0 I binder : 2464:2464 ioctl 40046210 7ff4f779d4 returned -22
03-09 05:02:36.650 1537 2189 D CompatibilityInfo: mCompatibilityFlags - 4
03-09 05:02:36.650 1537 2189 D CompatibilityInfo: applicationDensity - 240
03-09 05:02:36.650 1537 2189 D CompatibilityInfo: applicationScale - 1.0
03-09 05:02:36.651 1537 1655 W ActivityManager: Slow operation: 159ms so far, now at startProcess: done updating battery stats
03-09 05:02:36.651 1537 1655 W ActivityManager: Slow operation: 159ms so far, now at startProcess: building log message
03-09 05:02:36.651 1537 1655 I ActivityManager: Start proc 2516:com.thundercomm.gamemode.provider/u0a64 for content provider {com.thundercomm.gamemode.provider/com.thundercomm.gamemode.provider.SettingsProvider}
03-09 05:02:36.651 1537 1655 W ActivityManager: Slow operation: 159ms so far, now at startProcess: starting to update pids map
03-09 05:02:36.652 1537 1655 W ActivityManager: Slow operation: 159ms so far, now at startProcess: done updating pids map
03-09 05:02:36.652 2451 2451 D CompatibilityChangeReporter: Compat change id reported: 171979766; UID 10062; state: ENABLED
03-09 05:02:36.652 1537 1932 D CompatibilityInfo: mCompatibilityFlags - 4
03-09 05:02:36.652 1537 1932 D CompatibilityInfo: applicationDensity - 240
03-09 05:02:36.652 1537 1932 D CompatibilityInfo: applicationScale - 1.0
03-09 05:02:36.653 2034 2034 D BtGatt.GattService: start()
03-09 05:02:36.654 2034 2034 I bt_btif : get_profile_interface: id = gatt
03-09 05:02:36.655 2034 2034 D BtGatt.AdvertiseManager: advertise manager created
03-09 05:02:36.655 509 509 I hwservicemanager: Since vendor.qti.hardware.iop@2.0::IIop/default is not registered, trying to start it as a lazy HAL.
03-09 05:02:36.655 2431 2431 I Perf : Connecting to perf service.
03-09 05:02:36.655 1224 1245 E ANDR-IOP: IIop:: Iop HAL Service is not available.
03-09 05:02:36.655 1537 1572 D CompatibilityChangeReporter: Compat change id reported: 168419799; UID 1000; state: DISABLED
03-09 05:02:36.655 1537 1572 D CompatibilityInfo: mCompatibilityFlags - 4
03-09 05:02:36.655 1537 1572 D CompatibilityInfo: applicationDensity - 240
03-09 05:02:36.655 1537 1572 D CompatibilityInfo: applicationScale - 1.0
03-09 05:02:36.655 2415 2541 D RemoteControlService: start reader thread, mServerIp = 192.168.4.16, mServerPort = 12600
03-09 05:02:36.656 509 2547 W libc : Unable to set property "ctl.interface_start" to "vendor.qti.hardware.iop@2.0::IIop/default": error code: 0x20
03-09 05:02:36.656 509 2547 I hwservicemanager: Tried to start vendor.qti.hardware.iop@2.0::IIop/default as a lazy service, but was unable to. Usually this happens when a service is not installed, but if the service is intended to be used as a lazy service, then it may be configured incorrectly.
03-09 05:02:36.656 2415 2548 D RemoteControlService: run: called
03-09 05:02:36.656 2415 2548 D RemoteControlService: getEvent: start waiting...
03-09 05:02:36.657 1537 1572 D CompatibilityInfo: mCompatibilityFlags - 4
03-09 05:02:36.657 1537 1572 D CompatibilityInfo: applicationDensity - 240
03-09 05:02:36.657 2034 2034 D CompatibilityChangeReporter: Compat change id reported: 160794467; UID 1002; state: ENABLED
03-09 05:02:36.657 1537 1572 D CompatibilityInfo: applicationScale - 1.0
03-09 05:02:36.657 2516 2516 I Zygote : seccomp disabled by setenforce 0
03-09 05:02:36.659 2451 2451 D nativeloader: classloader namespace configured for unbundled product apk. library_path=/product/app/DeviceStatisticsService/lib/arm64:/product/lib64:/system/product/lib64
03-09 05:02:36.659 2464 2464 D CompatibilityChangeReporter: Compat change id reported: 171979766; UID 1000; state: ENABLED
03-09 05:02:36.662 1537 1710 E NativeTombstoneManager: Tombstone's UID (0) not an app, ignoring
03-09 05:02:36.662 1537 1710 I DropBoxManagerService: add tag=SYSTEM_TOMBSTONE_PROTO isTagEnabled=true flags=0x4
03-09 05:02:36.663 2451 2451 I Perf : Connecting to perf service.
03-09 05:02:36.664 2400 2400 I SecureElementService: main onCreate
03-09 05:02:36.665 1537 2145 D CompatibilityChangeReporter: Compat change id reported: 168419799; UID 10092; state: DISABLED
03-09 05:02:36.665 1537 2145 D CompatibilityInfo: mCompatibilityFlags - 4
03-09 05:02:36.665 1537 2145 D CompatibilityInfo: applicationDensity - 240
03-09 05:02:36.665 1537 2145 D CompatibilityInfo: applicationScale - 1.0
03-09 05:02:36.666 1537 2145 D CompatibilityInfo: mCompatibilityFlags - 4
03-09 05:02:36.666 1537 2145 D CompatibilityInfo: applicationDensity - 240
03-09 05:02:36.666 1537 2145 D CompatibilityInfo: applicationScale - 1.0
03-09 05:02:36.668 2464 2464 W ndroid.setting: ClassLoaderContext shared library size mismatch. Expected=2, found=0 (PCL[]{PCL[/system/framework/org.apache.http.legacy.jar*2058259660]#PCL[/system_ext/framework/extphonelib.jar*2894378777]} | PCL[])
03-09 05:02:36.668 2431 2431 V GraphicsEnvironment: ANGLE Developer option for 'com.thundercomm.tcservice' set to: 'default'
03-09 05:02:36.669 2456 2456 W alcomm.qti.qdm: ClassLoaderContext shared library size mismatch. Expected=0, found=1 (PCL[] | PCL[]{PCL[/system/framework/org.apache.http.legacy.jar*2058259660]})
03-09 05:02:36.670 2451 2451 W ContextImpl: Failed to ensure /data/user/0/com.qualcomm.qti.devicestatisticsservice/cache: mkdir failed: errno 126 (Required key not available)
03-09 05:02:36.670 2451 2451 W ContextImpl: Failed to update user.inode_cache: stat failed: ENOENT (No such file or directory)
03-09 05:02:36.671 2451 2451 V GraphicsEnvironment: ANGLE Developer option for 'com.qualcomm.qti.devicestatisticsservice' set to: 'default'
03-09 05:02:36.672 2451 2451 V GraphicsEnvironment: ANGLE GameManagerService for com.qualcomm.qti.devicestatisticsservice: false
03-09 05:02:36.672 2431 2431 V GraphicsEnvironment: ANGLE GameManagerService for com.thundercomm.tcservice: false
03-09 05:02:36.672 1537 2145 D CompatibilityInfo: mCompatibilityFlags - 4
03-09 05:02:36.672 1537 2145 D CompatibilityInfo: applicationDensity - 240
03-09 05:02:36.672 1537 2145 D CompatibilityInfo: applicationScale - 1.0
03-09 05:02:36.672 1537 2145 D CompatibilityInfo: mCompatibilityFlags - 4
03-09 05:02:36.672 1537 2145 D CompatibilityInfo: applicationDensity - 240
03-09 05:02:36.672 1537 2145 D CompatibilityInfo: applicationScale - 1.0
03-09 05:02:36.674 2479 2479 D CompatibilityChangeReporter: Compat change id reported: 171979766; UID 10092; state: DISABLED
01-01 08:00:12.890 0 0 I binder : 2400:2400 ioctl 40046210 7ff4f76984 returned -22
03-09 05:02:36.674 2431 2431 D NetworkSecurityConfig: No Network Security Config specified, using platform default
03-09 05:02:36.674 2456 2456 I Perf : Connecting to perf service.
03-09 05:02:36.674 2431 2431 D NetworkSecurityConfig: No Network Security Config specified, using platform default
03-09 05:02:36.675 1537 1932 D NetworkStats: registerNetworkStatsProvider from BpfCoordinator uid/pid=1073/2306
03-09 05:02:36.675 2451 2451 D NetworkSecurityConfig: No Network Security Config specified, using platform default
03-09 05:02:36.675 2451 2451 D NetworkSecurityConfig: No Network Security Config specified, using platform default
03-09 05:02:36.676 2456 2456 V GraphicsEnvironment: ANGLE Developer option for 'com.qualcomm.qti.qdma' set to: 'default'
03-09 05:02:36.676 1537 1537 I Telecom : SystemStateHelper: Registering broadcast receiver: android.content.IntentFilter@e5ab7f0: TS.init@AAA
03-09 05:02:36.676 1537 1537 I Telecom : SystemStateHelper: Registering broadcast receiver: android.content.IntentFilter@f97e7ee: TS.init@AAA
03-09 05:02:36.677 509 509 I hwservicemanager: Since vendor.qti.hardware.iop@2.0::IIop/default is not registered, trying to start it as a lazy HAL.
03-09 05:02:36.677 1224 1245 E ANDR-IOP: IIop:: Iop HAL Service is not available.
03-09 05:02:36.677 1160 1170 I adbd : jdwp connection from 2516
03-09 05:02:36.677 1537 2204 D CompatibilityChangeReporter: Compat change id reported: 157233955; UID 10078; state: ENABLED
03-09 05:02:36.677 2400 2400 I SecureElementService: Check if terminal eSE1 is available.
03-09 05:02:36.677 2400 2400 D hw-ProcessState: Binder ioctl to enable oneway spam detection failed: Invalid argument
03-09 05:02:36.678 2034 2034 D BtGatt.SyncManager: advertise manager created
03-09 05:02:36.678 2516 2516 D ProcessState: Binder ioctl to enable oneway spam detection failed: Invalid argument
03-09 05:02:36.678 509 509 I hwservicemanager: Since vendor.qti.hardware.iop@2.0::IIop/default is not registered, trying to start it as a lazy HAL.
03-09 05:02:36.679 2306 2306 D CompatibilityChangeReporter: Compat change id reported: 147600208; UID 1073; state: ENABLED
03-09 05:02:36.679 1224 1224 E ANDR-IOP: IIop:: Iop HAL Service is not available.
03-09 05:02:36.679 2400 2400 I android_os_HwBinder: HwBinder: Starting thread pool for getting: android.hardware.secure_element@1.2::ISecureElement/eSE1
03-09 05:02:36.679 509 2564 W libc : Unable to set property "ctl.interface_start" to "vendor.qti.hardware.iop@2.0::IIop/default": error code: 0x20
03-09 05:02:36.679 509 2564 I hwservicemanager: Tried to start vendor.qti.hardware.iop@2.0::IIop/default as a lazy service, but was unable to. Usually this happens when a service is not installed, but if the service is intended to be used as a lazy service, then it may be configured incorrectly.
03-09 05:02:36.679 2456 2456 V GraphicsEnvironment: ANGLE GameManagerService for com.qualcomm.qti.qdma: false
03-09 05:02:36.679 863 920 D GPTEE : [TEE_client_api.cpp:122 TEEC_InitializeContext] No variant specified, using default: GPQTEEC
03-09 05:02:36.679 863 920 D GPTEE : [TEE_client_api.cpp:138 TEEC_InitializeContext] Loading module: libGPQTEEC_vendor.so
01-01 08:00:12.891 0 0 I binder : 2516:2516 ioctl 40046210 7ff4f779d4 returned -22
03-09 05:02:36.680 2456 2456 D NetworkSecurityConfig: Using Network Security Config from resource network_security_config debugBuild: false
03-09 05:02:36.681 509 509 I hwservicemanager: Since vendor.qti.hardware.iop@2.0::IIop/default is not registered, trying to start it as a lazy HAL.
03-09 05:02:36.681 2456 2456 D NetworkSecurityConfig: Using Network Security Config from resource network_security_config debugBuild: false
03-09 05:02:36.681 2034 2034 I ScanResultHandler: ScanResultHandler
03-09 05:02:36.681 2034 2034 D BtGatt.GattService: setGattService(): set to: com.android.bluetooth.gatt.GattService@5f1d463
03-09 05:02:36.681 2034 2034 D GattService: profile started successfully
03-09 05:02:36.681 509 2571 W libc : Unable to set property "ctl.interface_start" to "vendor.qti.hardware.iop@2.0::IIop/default": error code: 0x20
