01-01 08:00:10.226 1537 1651 I SystemConfig: Reading permissions from /system/etc/sysconfig/preinstalled-packages-com.android.providers.media.module.xml
01-01 08:00:10.227 1537 1537 D CompatConfig: Adding: com.android.server.compat.config.Change@2900541
01-01 08:00:10.227 1537 1651 I SystemConfig: Reading permissions from /system/etc/sysconfig/qti_whitelist.xml
01-01 08:00:10.227 1537 1651 I SystemConfig: Reading permissions from /system/etc/sysconfig/preinstalled-packages-platform-full-base.xml
01-01 08:00:10.227 1537 1537 D CompatConfig: Adding: com.android.server.compat.config.Change@b709ad4
01-01 08:00:10.227 1537 1651 I SystemConfig: Reading permissions from /system/etc/sysconfig/preinstalled-packages-platform.xml
01-01 08:00:10.228 1537 1537 D CompatConfig: Adding: com.android.server.compat.config.Change@4571f72
01-01 08:00:10.228 1537 1537 D CompatConfig: Adding: com.android.server.compat.config.Change@8d94fc3
01-01 08:00:10.228 1537 1537 D CompatConfig: Adding: com.android.server.compat.config.Change@ea69040
01-01 08:00:10.228 1537 1651 I SystemConfig: Reading permissions from /system/etc/sysconfig/hiddenapi-package-whitelist.xml
01-01 08:00:10.228 1537 1537 D CompatConfig: Adding: com.android.server.compat.config.Change@173c0be
01-01 08:00:10.228 1537 1537 D CompatConfig: Adding: com.android.server.compat.config.Change@3f7251f
01-01 08:00:10.229 1537 1537 D CompatConfig: Adding: com.android.server.compat.config.Change@284706c
01-01 08:00:10.229 1537 1651 I SystemConfig: Reading permissions from /system/etc/permissions/privapp-permissions-platform.xml
01-01 08:00:10.229 1537 1537 D CompatConfig: Adding: com.android.server.compat.config.Change@4272aca
01-01 08:00:10.229 1537 1537 D CompatConfig: Adding: com.android.server.compat.config.Change@5f2f43b
01-01 08:00:10.229 1537 1537 D CompatConfig: Adding: com.android.server.compat.config.Change@f7e2758
01-01 08:00:10.229 1537 1537 D CompatConfig: Adding: com.android.server.compat.config.Change@ec3c0b1
01-01 08:00:10.229 1537 1537 D CompatConfig: Adding: com.android.server.compat.config.Change@7f52996
01-01 08:00:10.229 1537 1537 D CompatConfig: Adding: com.android.server.compat.config.Change@6129917
01-01 08:00:10.230 1537 1537 D CompatConfig: Adding: com.android.server.compat.config.Change@f5a6104
01-01 08:00:10.230 1537 1537 D CompatConfig: Adding: com.android.server.compat.config.Change@22b6ed
01-01 08:00:10.230 1537 1537 D CompatConfig: Adding: com.android.server.compat.config.Change@ad24922
01-01 08:00:10.230 1537 1537 D CompatConfig: Adding: com.android.server.compat.config.Change@1dafb3
01-01 08:00:10.230 1537 1537 D CompatConfig: Adding: com.android.server.compat.config.Change@f9e8970
01-01 08:00:10.230 1537 1537 D CompatConfig: Adding: com.android.server.compat.config.Change@100d4e9
01-01 08:00:10.230 1537 1537 D CompatConfig: Adding: com.android.server.compat.config.Change@36fd56e
01-01 08:00:10.231 1537 1537 D CompatConfig: Adding: com.android.server.compat.config.Change@ab9940f
01-01 08:00:10.231 1537 1537 D CompatConfig: Adding: com.android.server.compat.config.Change@ebacc9c
01-01 08:00:10.231 1537 1651 I SystemConfig: Reading permissions from /system/etc/permissions/com.android.nfc_extras.xml
01-01 08:00:10.231 1537 1537 D CompatConfig: Adding: com.android.server.compat.config.Change@47da7a
01-01 08:00:10.231 1537 1537 D CompatConfig: Adding: com.android.server.compat.config.Change@785622b
01-01 08:00:10.231 1537 1537 D CompatConfig: Adding: com.android.server.compat.config.Change@ff61688
01-01 08:00:10.231 1537 1537 D CompatConfig: Adding: com.android.server.compat.config.Change@bd53821
01-01 08:00:10.231 1537 1651 I SystemConfig: Reading permissions from /system/etc/permissions/com.android.networkstack.tethering.xml
01-01 08:00:10.231 1537 1537 D CompatConfig: Adding: com.android.server.compat.config.Change@8f5f607
01-01 08:00:10.232 1537 1537 D CompatConfig: Adding: com.android.server.compat.config.Change@21a1334
01-01 08:00:10.232 1537 1537 D CompatConfig: Adding: com.android.server.compat.config.Change@52c355d
01-01 08:00:10.232 1537 1651 I SystemConfig: Reading permissions from /system/etc/permissions/android.software.freeform_window_management.xml
01-01 08:00:10.232 1537 1537 D CompatConfig: Adding: com.android.server.compat.config.Change@9f1eba3
01-01 08:00:10.232 1537 1537 D CompatConfig: Adding: com.android.server.compat.config.Change@4df2ea0
01-01 08:00:10.232 1537 1651 I SystemConfig: Reading permissions from /system/etc/permissions/com.thundercomm.tcservice.xml
01-01 08:00:10.232 1537 1537 D CompatConfig: Adding: com.android.server.compat.config.Change@6b2761e
01-01 08:00:10.232 1537 1537 D CompatConfig: Adding: com.android.server.compat.config.Change@32d9eff
01-01 08:00:10.232 1537 1537 D CompatConfig: Adding: com.android.server.compat.config.Change@e95b315
01-01 08:00:10.232 1537 1651 I SystemConfig: Reading permissions from /system/etc/permissions/com.android.future.usb.accessory.xml
01-01 08:00:10.233 1537 1537 D CompatConfig: Adding: com.android.server.compat.config.Change@98bd62a
01-01 08:00:10.233 1537 1537 D CompatConfig: Adding: com.android.server.compat.config.Change@a472c1b
01-01 08:00:10.233 1537 1537 D CompatConfig: Adding: com.android.server.compat.config.Change@7a031b8
01-01 08:00:10.233 1537 1651 I SystemConfig: Reading permissions from /system/etc/permissions/com.android.media.remotedisplay.xml
01-01 08:00:10.233 1537 1537 D CompatConfig: Adding: com.android.server.compat.config.Change@8e92af6
01-01 08:00:10.233 1537 1537 D CompatConfig: Adding: com.android.server.compat.config.Change@6a26ef7
01-01 08:00:10.233 1537 1651 I SystemConfig: Reading permissions from /system/etc/permissions/com.thundercomm.debugtools.xml
01-01 08:00:10.233 1537 1537 D CompatConfig: Adding: com.android.server.compat.config.Change@98a2fcd
01-01 08:00:10.233 1537 1537 D CompatConfig: Adding: com.android.server.compat.config.Change@ff50082
01-01 08:00:10.234 1537 1537 D CompatConfig: Adding: com.android.server.compat.config.Change@8050393
01-01 08:00:10.234 1537 1651 I SystemConfig: Reading permissions from /system/etc/permissions/android.software.live_wallpaper.xml
01-01 08:00:10.234 1537 1537 D CompatConfig: Adding: com.android.server.compat.config.Change@b16fbc9
01-01 08:00:10.234 1537 1537 D CompatConfig: Adding: com.android.server.compat.config.Change@ff6a2ce
01-01 08:00:10.234 1537 1651 I SystemConfig: Reading permissions from /system/etc/permissions/javax.obex.xml
01-01 08:00:10.234 1537 1537 D CompatConfig: Adding: com.android.server.compat.config.Change@50c8fc
01-01 08:00:10.234 1537 1537 D CompatConfig: Adding: com.android.server.compat.config.Change@e8a8b85
01-01 08:00:10.234 1537 1537 D CompatConfig: Adding: com.android.server.compat.config.Change@55e1dda
01-01 08:00:10.234 1537 1651 I SystemConfig: Reading permissions from /system/etc/permissions/android.test.mock.xml
01-01 08:00:10.234 1537 1537 D CompatConfig: Adding: com.android.server.compat.config.Change@d5f78e8
01-01 08:00:10.234 1537 1537 D CompatConfig: Adding: com.android.server.compat.config.Change@3ed5b01
01-01 08:00:10.235 1537 1651 I SystemConfig: Reading permissions from /system/etc/permissions/com.android.networkstack.xml
01-01 08:00:10.235 1537 1537 D CompatConfig: Adding: com.android.server.compat.config.Change@19703e7
01-01 08:00:10.235 1537 1537 D CompatConfig: Adding: com.android.server.compat.config.Change@c273b94
01-01 08:00:10.235 1537 1537 D CompatConfig: Found a config file: /system/etc/compatconfig/calendar-provider-compat-config.xml
01-01 08:00:10.235 1537 1651 I SystemConfig: Reading permissions from /system/etc/permissions/com.android.documentsui.xml
01-01 08:00:10.235 1537 1537 D CompatConfig: Adding: com.android.server.compat.config.Change@5c5f783
01-01 08:00:10.235 1537 1651 I SystemConfig: Reading permissions from /system/etc/permissions/android.test.base.xml
01-01 08:00:10.235 1537 1537 D CompatConfig: Found a config file: /system/etc/compatconfig/icu4j-platform-compat-config.xml
01-01 08:00:10.236 1537 1651 I SystemConfig: Reading permissions from /system/etc/permissions/org.apache.http.legacy.xml
01-01 08:00:10.236 1537 1537 D CompatConfig: Adding: com.android.server.compat.config.Change@56688df
01-01 08:00:10.236 1537 1537 D CompatConfig: Found a config file: /system/etc/compatconfig/documents-ui-compat-config.xml
01-01 08:00:10.236 1537 1651 I SystemConfig: Reading permissions from /system/etc/permissions/privapp-permissions-qti.xml
01-01 08:00:10.236 1537 1537 D CompatConfig: Adding: com.android.server.compat.config.Change@9e9b18a
01-01 08:00:10.236 1537 1537 D CompatConfig: Found a config file: /system/etc/compatconfig/framework-platform-compat-config.xml
01-01 08:00:10.237 1537 1651 I SystemConfig: Reading permissions from /system/etc/permissions/com.android.mediadrm.signer.xml
01-01 08:00:10.237 1537 1651 I SystemConfig: Reading permissions from /system/etc/permissions/com.thundercomm.screensaver.xml
01-01 08:00:10.237 1537 1537 D CompatConfig: Adding: com.android.server.compat.config.Change@3395c56
01-01 08:00:10.237 1537 1537 D CompatConfig: Adding: com.android.server.compat.config.Change@a12b4d7
01-01 08:00:10.237 1537 1537 D CompatConfig: Adding: com.android.server.compat.config.Change@25ab1c4
01-01 08:00:10.237 1537 1651 I SystemConfig: Reading permissions from /system/etc/permissions/android.test.runner.xml
01-01 08:00:10.237 1537 1537 D CompatConfig: Adding: com.android.server.compat.config.Change@6e7e2
01-01 08:00:10.237 1537 1537 D CompatConfig: Adding: com.android.server.compat.config.Change@863c773
01-01 08:00:10.238 1537 1651 I SystemConfig: Reading permissions from /system/etc/permissions/android.software.webview.xml
01-01 08:00:10.238 1537 1537 D CompatConfig: Adding: com.android.server.compat.config.Change@78a12a9
01-01 08:00:10.238 1537 1537 D CompatConfig: Adding: com.android.server.compat.config.Change@f2fa02e
01-01 08:00:10.238 1537 1651 I SystemConfig: Reading permissions from /system/etc/permissions/com.android.location.provider.xml
01-01 08:00:10.238 1537 1537 D CompatConfig: Adding: com.android.server.compat.config.Change@ddc755c
01-01 08:00:10.238 1537 1537 D CompatConfig: Adding: com.android.server.compat.config.Change@3c83065
01-01 08:00:10.238 1537 1537 D CompatConfig: Adding: com.android.server.compat.config.Change@e19913a
01-01 08:00:10.238 1537 1651 I SystemConfig: Reading permissions from /system/etc/permissions/com.baidu.input.xml
01-01 08:00:10.238 1537 1537 D CompatConfig: Adding: com.android.server.compat.config.Change@8698b48
01-01 08:00:10.238 1537 1537 D CompatConfig: Adding: com.android.server.compat.config.Change@f106de1
01-01 08:00:10.239 1537 1537 D CompatConfig: Adding: com.android.server.compat.config.Change@87f8706
01-01 08:00:10.239 1537 1651 I SystemConfig: Reading permissions from /system/etc/permissions/platform.xml
01-01 08:00:10.239 1537 1537 D CompatConfig: Adding: com.android.server.compat.config.Change@53013f4
01-01 08:00:10.239 1537 1537 D CompatConfig: Adding: com.android.server.compat.config.Change@e45071d
01-01 08:00:10.239 1537 1537 D CompatConfig: Adding: com.android.server.compat.config.Change@8fd0d92
01-01 08:00:10.239 1537 1537 D CompatConfig: Adding: com.android.server.compat.config.Change@ecd7363
01-01 08:00:10.239 1537 1537 D CompatConfig: Adding: com.android.server.compat.config.Change@8347b60
01-01 08:00:10.239 1537 1537 D CompatConfig: Adding: com.android.server.compat.config.Change@82ff819
01-01 08:00:10.240 1537 1537 D CompatConfig: Adding: com.android.server.compat.config.Change@65a70de
01-01 08:00:10.240 1537 1537 D CompatConfig: Adding: com.android.server.compat.config.Change@c99e2bf
01-01 08:00:10.240 1537 1537 D CompatConfig: Adding: com.android.server.compat.config.Change@f55ed8c
01-01 08:00:10.240 1537 1537 D CompatConfig: Adding: com.android.server.compat.config.Change@c3efcd5
01-01 08:00:10.240 1537 1537 D CompatConfig: Adding: com.android.server.compat.config.Change@998bcea
01-01 08:00:10.240 1537 1537 D CompatConfig: Adding: com.android.server.compat.config.Change@693ebdb
01-01 08:00:10.240 1537 1537 D CompatConfig: Adding: com.android.server.compat.config.Change@53a5678
01-01 08:00:10.240 1537 1537 D CompatConfig: Adding: com.android.server.compat.config.Change@8ff9151
01-01 08:00:10.241 1537 1537 D CompatConfig: Adding: com.android.server.compat.config.Change@8bdbdb6
01-01 08:00:10.241 1537 1537 D CompatConfig: Adding: com.android.server.compat.config.Change@95b6ab7
01-01 08:00:10.241 1537 1537 D CompatConfig: Adding: com.android.server.compat.config.Change@e5af18d
01-01 08:00:10.241 1537 1651 I SystemConfig: Reading permissions from /vendor/etc/permissions/android.hardware.vulkan.level-1.xml
01-01 08:00:10.241 1537 1537 D CompatConfig: Adding: com.android.server.compat.config.Change@25fff42
01-01 08:00:10.241 1537 1537 D CompatConfig: Adding: com.android.server.compat.config.Change@1b1fb53
01-01 08:00:10.241 1537 1537 D CompatConfig: Adding: com.android.server.compat.config.Change@88d7c90
01-01 08:00:10.241 1537 1651 I SystemConfig: Reading permissions from /vendor/etc/permissions/android.hardware.audio.pro.xml
01-01 08:00:10.241 1537 1537 D CompatConfig: Adding: com.android.server.compat.config.Change@5f2cd8e
01-01 08:00:10.241 1537 1537 D CompatConfig: Adding: com.android.server.compat.config.Change@cd6f9af
01-01 08:00:10.242 1537 1651 I SystemConfig: Reading permissions from /vendor/etc/permissions/android.hardware.audio.low_latency.xml
01-01 08:00:10.242 1537 1537 D CompatConfig: Adding: com.android.server.compat.config.Change@8f9c545
01-01 08:00:10.242 1537 1537 D CompatConfig: Adding: com.android.server.compat.config.Change@4d2349a
01-01 08:00:10.242 1537 1537 D CompatConfig: Adding: com.android.server.compat.config.Change@2a381cb
01-01 08:00:10.242 1537 1651 I SystemConfig: Reading permissions from /vendor/etc/permissions/android.hardware.vulkan.version-1_1.xml
01-01 08:00:10.242 1537 1537 D CompatConfig: Adding: com.android.server.compat.config.Change@d7670c1
01-01 08:00:10.242 1537 1537 D CompatConfig: Adding: com.android.server.compat.config.Change@80f0066
01-01 08:00:10.242 1537 1537 D CompatConfig: Adding: com.android.server.compat.config.Change@5666fa7
01-01 08:00:10.242 1537 1651 I SystemConfig: Reading permissions from /vendor/etc/permissions/vendor-qti-hardware-sensorscalibrate.xml
01-01 08:00:10.242 1537 1537 D CompatConfig: Adding: com.android.server.compat.config.Change@fb857fd
01-01 08:00:10.243 1537 1537 D CompatConfig: Adding: com.android.server.compat.config.Change@6fabcf2
01-01 08:00:10.243 1537 1651 I SystemConfig: Reading permissions from /vendor/etc/permissions/android.hardware.fingerprint.xml
01-01 08:00:10.243 1537 1537 D CompatConfig: Adding: com.android.server.compat.config.Change@b8129c0
01-01 08:00:10.243 1537 1537 D CompatConfig: Adding: com.android.server.compat.config.Change@b3776f9
01-01 08:00:10.243 1537 1537 D CompatConfig: Adding: com.android.server.compat.config.Change@6bfac9f
01-01 08:00:10.243 1537 1651 I SystemConfig: Reading permissions from /vendor/etc/permissions/android.software.device_id_attestation.xml
01-01 08:00:10.243 1537 1537 D CompatConfig: Adding: com.android.server.compat.config.Change@82f21ec
01-01 08:00:10.243 1537 1537 D CompatConfig: Adding: com.android.server.compat.config.Change@ef89b5
01-01 08:00:10.243 1537 1651 I SystemConfig: Reading permissions from /vendor/etc/permissions/android.hardware.se.omapi.ese.xml
01-01 08:00:10.243 1537 1537 D CompatConfig: Adding: com.android.server.compat.config.Change@d7c73bb
01-01 08:00:10.244 1537 1537 D CompatConfig: Adding: com.android.server.compat.config.Change@6e270d8
01-01 08:00:10.244 1537 1651 I SystemConfig: Reading permissions from /vendor/etc/permissions/qti_fingerprint_interface.xml
01-01 08:00:10.244 1537 1537 D CompatConfig: Adding: com.android.server.compat.config.Change@74e4f16
01-01 08:00:10.244 1537 1537 D CompatConfig: Adding: com.android.server.compat.config.Change@9749097
01-01 08:00:10.244 1537 1651 I SystemConfig: Reading permissions from /vendor/etc/permissions/android.hardware.wifi.rtt.xml
01-01 08:00:10.244 1537 1537 D CompatConfig: Adding: com.android.server.compat.config.Change@1343a6d
01-01 08:00:10.244 1537 1537 D CompatConfig: Adding: com.android.server.compat.config.Change@a5846a2
01-01 08:00:10.244 1537 1537 D CompatConfig: Adding: com.android.server.compat.config.Change@31282f0
01-01 08:00:10.244 1537 1651 I SystemConfig: Reading permissions from /vendor/etc/permissions/android.hardware.wifi.direct.xml
01-01 08:00:10.244 1537 1537 D CompatConfig: Adding: com.android.server.compat.config.Change@8671069
01-01 08:00:10.244 1537 1537 D CompatConfig: Adding: com.android.server.compat.config.Change@5182aee
01-01 08:00:10.245 1537 1651 I SystemConfig: Reading permissions from /vendor/etc/permissions/vendor.qti.hardware.factory.xml
01-01 08:00:10.245 1537 1537 D CompatConfig: Adding: com.android.server.compat.config.Change@b34de1c
01-01 08:00:10.245 1537 1651 I SystemConfig: Reading permissions from /vendor/etc/permissions/android.hardware.bluetooth.xml
01-01 08:00:10.245 1537 1537 D CompatConfig: Found a config file: /system/system_ext/etc/compatconfig/settings-platform-compat-config.xml
01-01 08:00:10.245 1537 1651 I SystemConfig: Reading permissions from /vendor/etc/permissions/android.hardware.sensor.compass.xml
01-01 08:00:10.245 1537 1651 I SystemConfig: Reading permissions from /vendor/etc/permissions/android.hardware.bluetooth_le.xml
01-01 08:00:10.245 1537 1537 D CompatConfig: Adding: com.android.server.compat.config.Change@b5763a1
01-01 08:00:10.246 1537 1651 I SystemConfig: Reading permissions from /vendor/etc/permissions/android.hardware.sensor.barometer.xml
01-01 08:00:10.246 1537 1651 I SystemConfig: Reading permissions from /vendor/etc/permissions/android.hardware.light.xml
01-01 08:00:10.246 1537 1537 D CompatConfig: No directory /apex/com.android.vndk.v30/etc/compatconfig, skipping
01-01 08:00:10.246 1537 1537 D CompatConfig: No directory /apex/com.android.wifi/etc/compatconfig, skipping
01-01 08:00:10.246 1537 1537 D CompatConfig: No directory /apex/com.android.vndk.v31/etc/compatconfig, skipping
01-01 08:00:10.246 1537 1537 D CompatConfig: No directory /apex/com.android.tzdata/etc/compatconfig, skipping
01-01 08:00:10.246 1537 1651 I SystemConfig: Reading permissions from /vendor/etc/permissions/android.hardware.wifi.aware.xml
01-01 08:00:10.246 1537 1537 D CompatConfig: No directory /apex/com.android.tethering/etc/compatconfig, skipping
01-01 08:00:10.246 1537 1537 D CompatConfig: No directory /apex/com.android.sdkext/etc/compatconfig, skipping
01-01 08:00:10.246 1537 1537 D CompatConfig: No directory /apex/com.android.scheduling/etc/compatconfig, skipping
01-01 08:00:10.246 1537 1537 D CompatConfig: No directory /apex/com.android.runtime/etc/compatconfig, skipping
01-01 08:00:10.246 1537 1537 D CompatConfig: No directory /apex/com.android.resolv/etc/compatconfig, skipping
01-01 08:00:10.246 1537 1537 D CompatConfig: No directory /apex/com.android.permission/etc/compatconfig, skipping
01-01 08:00:10.247 1537 1537 D CompatConfig: No directory /apex/com.android.os.statsd/etc/compatconfig, skipping
01-01 08:00:10.247 1537 1537 D CompatConfig: No directory /apex/com.android.neuralnetworks/etc/compatconfig, skipping
01-01 08:00:10.247 1537 1651 I SystemConfig: Reading permissions from /vendor/etc/permissions/android.hardware.usb.host.xml
01-01 08:00:10.247 1537 1537 D CompatConfig: Found a config file: /apex/com.android.mediaprovider/etc/compatconfig/media-provider-platform-compat-config.xml
01-01 08:00:10.247 1537 1651 I SystemConfig: Reading permissions from /vendor/etc/permissions/android.hardware.se.omapi.uicc.xml
01-01 08:00:10.247 1537 1651 I SystemConfig: Reading permissions from /vendor/etc/permissions/android.hardware.touchscreen.multitouch.jazzhand.xml
01-01 08:00:10.247 1537 1537 D CompatConfig: Adding: com.android.server.compat.config.Change@427e5d9
01-01 08:00:10.247 1537 1537 D CompatConfig: Adding: com.android.server.compat.config.Change@bdb2b9e
01-01 08:00:10.247 1537 1651 I SystemConfig: Reading permissions from /vendor/etc/permissions/handheld_core_hardware.xml
01-01 08:00:10.247 1537 1537 D CompatConfig: Adding: com.android.server.compat.config.Change@efa064c
01-01 08:00:10.248 1537 1537 D CompatConfig: Adding: com.android.server.compat.config.Change@9280695
01-01 08:00:10.248 1537 1537 D CompatConfig: Adding: com.android.server.compat.config.Change@44a63aa
01-01 08:00:10.248 1537 1537 D CompatConfig: Adding: com.android.server.compat.config.Change@d866b9b
01-01 08:00:10.248 1537 1651 I SystemConfig: Reading permissions from /vendor/etc/permissions/android.hardware.sensor.hifi_sensors.xml
01-01 08:00:10.248 1537 1537 D CompatConfig: Adding: com.android.server.compat.config.Change@acf7711
01-01 08:00:10.248 1537 1537 D CompatConfig: No directory /apex/com.android.media.swcodec/etc/compatconfig, skipping
01-01 08:00:10.248 1537 1537 D CompatConfig: No directory /apex/com.android.media/etc/compatconfig, skipping
01-01 08:00:10.248 1537 1537 D CompatConfig: No directory /apex/com.android.ipsec/etc/compatconfig, skipping
01-01 08:00:10.248 1537 1651 I SystemConfig: Reading permissions from /vendor/etc/permissions/android.hardware.sensor.relative_humidity.xml
01-01 08:00:10.248 1537 1537 D CompatConfig: No directory /apex/com.android.i18n/etc/compatconfig, skipping
01-01 08:00:10.248 1537 1537 D CompatConfig: No directory /apex/com.android.extservices/etc/compatconfig, skipping
01-01 08:00:10.248 1537 1537 D CompatConfig: No directory /apex/com.android.conscrypt/etc/compatconfig, skipping
01-01 08:00:10.249 1537 1651 I SystemConfig: Reading permissions from /vendor/etc/permissions/android.hardware.wifi.passpoint.xml
01-01 08:00:10.249 1537 1537 D CompatConfig: Found a config file: /apex/com.android.art/etc/compatconfig/libcore-platform-compat-config.xml
01-01 08:00:10.249 1537 1651 I SystemConfig: Reading permissions from /vendor/etc/permissions/android.software.ipsec_tunnels.xml
01-01 08:00:10.249 1537 1537 D CompatConfig: Adding: com.android.server.compat.config.Change@747be02
01-01 08:00:10.249 1537 1537 D CompatConfig: Adding: com.android.server.compat.config.Change@cfcb313
01-01 08:00:10.249 1537 1651 I SystemConfig: Reading permissions from /vendor/etc/permissions/android.software.verified_boot.xml
01-01 08:00:10.249 1537 1537 D CompatConfig: Adding: com.android.server.compat.config.Change@340f749
01-01 08:00:10.249 1537 1537 D CompatConfig: Adding: com.android.server.compat.config.Change@977b84e
01-01 08:00:10.249 1537 1651 I SystemConfig: Reading permissions from /vendor/etc/permissions/android.software.midi.xml
01-01 08:00:10.249 1537 1537 D CompatConfig: Adding: com.android.server.compat.config.Change@8319a7c
01-01 08:00:10.250 1537 1537 D CompatConfig: No directory /apex/com.android.appsearch/etc/compatconfig, skipping
01-01 08:00:10.250 1537 1537 D CompatConfig: No directory /apex/com.android.adbd/etc/compatconfig, skipping
01-01 08:00:10.250 1537 1651 I SystemConfig: Reading permissions from /vendor/etc/permissions/android.hardware.sensor.gyroscope.xml
01-01 08:00:10.250 1537 1651 I SystemConfig: Reading permissions from /vendor/etc/permissions/android.hardware.vulkan.compute-0.xml
01-01 08:00:10.250 1537 1651 I SystemConfig: Reading permissions from /vendor/etc/permissions/android.hardware.opengles.aep.xml
01-01 08:00:10.251 1537 1651 I SystemConfig: Reading permissions from /vendor/etc/permissions/android.hardware.sensor.ambient_temperature.xml
01-01 08:00:10.251 1537 1651 I SystemConfig: Reading permissions from /vendor/etc/permissions/android.hardware.wifi.xml
01-01 08:00:10.251 1537 1651 I SystemConfig: Reading permissions from /vendor/etc/permissions/android.hardware.location.gps.xml
01-01 08:00:10.251 1537 1537 I SystemServerTiming: StartFileIntegrityService
01-01 08:00:10.251 1537 1537 I SystemServiceManager: Starting com.android.server.security.FileIntegrityService
01-01 08:00:10.252 1537 1651 I SystemConfig: Reading permissions from /vendor/etc/permissions/android.hardware.sensor.accelerometer.xml
01-01 08:00:10.252 1537 1651 I SystemConfig: Reading permissions from /vendor/etc/permissions/android.hardware.usb.accessory.xml
01-01 08:00:10.252 1537 1651 I SystemConfig: Reading permissions from /vendor/etc/permissions/android.software.vulkan.deqp.level.xml
01-01 08:00:10.253 1537 1651 I SystemConfig: Reading permissions from /product/etc/sysconfig/preinstalled-packages-platform-overlays.xml
01-01 08:00:10.254 1537 1651 I SystemConfig: Reading permissions from /product/etc/sysconfig/preinstalled-packages-platform-handheld-product.xml
01-01 08:00:10.254 1537 1651 I SystemConfig: Reading permissions from /product/etc/permissions/telephony_product_privapp-permissions-qti.xml
01-01 08:00:10.254 1537 1651 I SystemConfig: Reading permissions from /product/etc/permissions/UimService.xml
01-01 08:00:10.255 1537 1651 I SystemConfig: Reading permissions from /product/etc/permissions/ims_ext_common.xml
01-01 08:00:10.255 1537 1651 I SystemConfig: Reading permissions from /product/etc/permissions/vendor.qti.hardware.data.connection-V1.0-java.xml
01-01 08:00:10.255 1537 1537 I SystemServerTiming: StartInstaller
01-01 08:00:10.255 1537 1537 I SystemServiceManager: Starting com.android.server.pm.Installer
01-01 08:00:10.255 1537 1651 I SystemConfig: Reading permissions from /product/etc/permissions/com.qti.snapdragon.sdk.display.xml
01-01 08:00:10.256 1537 1537 I SystemServerTiming: DeviceIdentifiersPolicyService
01-01 08:00:10.256 1537 1537 I SystemServiceManager: Starting com.android.server.os.DeviceIdentifiersPolicyService
01-01 08:00:10.257 1537 1537 I SystemServerTiming: UriGrantsManagerService
01-01 08:00:10.257 1537 1537 I SystemServiceManager: Starting com.android.server.uri.UriGrantsManagerService$Lifecycle
01-01 08:00:10.257 1537 1651 I SystemConfig: Reading permissions from /product/etc/permissions/vendor.qti.hardware.data.connection-V1.1-java.xml
01-01 08:00:10.257 1537 1537 I SystemServerTiming: StartPowerStatsService
01-01 08:00:10.257 1537 1537 I SystemServiceManager: Starting com.android.server.powerstats.PowerStatsService
01-01 08:00:10.257 1537 1651 I SystemConfig: Reading permissions from /product/etc/permissions/com.android.settings.intelligence.xml
01-01 08:00:10.258 1537 1651 I SystemConfig: Reading permissions from /system_ext/etc/sysconfig/qti_telephony_system_packages_config.xml
01-01 08:00:10.258 1537 1651 I SystemConfig: Reading permissions from /system_ext/etc/sysconfig/qti_whitelist_system_ext.xml
01-01 08:00:10.259 1537 1537 I SystemServerTiming: StartIStatsService
01-01 08:00:10.259 1537 1651 I SystemConfig: Reading permissions from /system_ext/etc/permissions/com.qualcomm.qti.imscmservice-V2.1-java.xml
01-01 08:00:10.259 1537 1651 I SystemConfig: Reading permissions from /system_ext/etc/permissions/com.android.launcher3.xml
01-01 08:00:10.260 1537 1651 I SystemConfig: Reading permissions from /system_ext/etc/permissions/android.software.verified_boot.xml
01-01 08:00:10.260 1537 1537 I SystemServerTiming: MemtrackProxyService
01-01 08:00:10.260 1537 1651 I SystemConfig: Reading permissions from /system_ext/etc/permissions/privapp-permissions-com.qualcomm.location.xml
01-01 08:00:10.258 0 0 I binder : 1537:1537 ioctl 40046210 7ff4f77414 returned -22
01-01 08:00:10.260 1537 1651 I SystemConfig: Reading permissions from /system_ext/etc/permissions/qti_supplicant_interface.xml
01-01 08:00:10.261 1537 1537 I SystemServerTiming: StartActivityManager
01-01 08:00:10.261 1537 1537 I SystemServiceManager: Starting com.android.server.wm.ActivityTaskManagerService$Lifecycle
01-01 08:00:10.261 1537 1651 I SystemConfig: Reading permissions from /system_ext/etc/permissions/com.qualcomm.qti.imscmservice-V2.0-java.xml
01-01 08:00:10.261 1537 1651 I SystemConfig: Reading permissions from /system_ext/etc/permissions/izat.xt.srv.xml
01-01 08:00:10.262 1537 1651 I SystemConfig: Reading permissions from /system_ext/etc/permissions/com.qualcomm.qti.imscmservice-V2.2-java.xml
01-01 08:00:10.262 1537 1651 I SystemConfig: Reading permissions from /system_ext/etc/permissions/com.nxp.nfc.nq.xml
01-01 08:00:10.262 1537 1651 I SystemConfig: Reading permissions from /system_ext/etc/permissions/com.qualcomm.qti.izattools.xml
01-01 08:00:10.263 1537 1651 I SystemConfig: Reading permissions from /system_ext/etc/permissions/com.android.systemui.xml
01-01 08:00:10.263 1537 1651 I SystemConfig: Reading permissions from /system_ext/etc/permissions/com.android.storagemanager.xml
01-01 08:00:10.264 1537 1651 I SystemConfig: Reading permissions from /system_ext/etc/permissions/vendor.qti.ims.rcsservice.xml
01-01 08:00:10.264 1537 1651 I SystemConfig: Reading permissions from /system_ext/etc/permissions/telephony_system-ext_privapp-permissions-qti.xml
01-01 08:00:10.264 1537 1537 I SystemServiceManager: Starting com.android.server.am.ActivityManagerService$Lifecycle
01-01 08:00:10.264 1537 1651 I SystemConfig: Reading permissions from /system_ext/etc/permissions/qti_libpermissions.xml
01-01 08:00:10.265 1537 1651 I SystemConfig: Reading permissions from /system_ext/etc/permissions/privapp-permissions-aptxals.xml
01-01 08:00:10.265 1537 1651 I SystemConfig: Reading permissions from /system_ext/etc/permissions/com.qualcomm.qmapbridge.xml
01-01 08:00:10.265 1537 1651 I SystemConfig: Reading permissions from /system_ext/etc/permissions/com.android.provision.xml
01-01 08:00:10.266 1537 1651 I SystemConfig: Reading permissions from /system_ext/etc/permissions/com.qti.media.secureprocessor.xml
01-01 08:00:10.266 1537 1651 I SystemConfig: Reading permissions from /system_ext/etc/permissions/qti_permissions.xml
01-01 08:00:10.266 1537 1651 I SystemConfig: Reading permissions from /system_ext/etc/permissions/dpmapi.xml
01-01 08:00:10.267 1537 1651 I SystemConfig: Reading permissions from /system_ext/etc/permissions/audiosphere.xml
01-01 08:00:10.267 1537 1651 I SystemConfig: Reading permissions from /system_ext/etc/permissions/com.qti.dpmframework.xml
01-01 08:00:10.267 1537 1651 I SystemConfig: Reading permissions from /system_ext/etc/permissions/com.qti.location.sdk.xml
01-01 08:00:10.268 1537 1651 I SystemConfig: Reading permissions from /system_ext/etc/permissions/com.qualcomm.location.xml
01-01 08:00:10.268 1537 1651 I SystemConfig: Reading permissions from /system_ext/etc/permissions/wfd-system-ext-privapp-permissions-qti.xml
01-01 08:00:10.268 1537 1537 I ActivityManager: Memory class: 512
01-01 08:00:10.268 1537 1651 I SystemConfig: Reading permissions from /system_ext/etc/permissions/privapp-permissions-qti-system-ext.xml
01-01 08:00:10.269 1537 1651 I SystemConfig: Reading permissions from /system_ext/etc/permissions/com.hht.lebocast.xml
01-01 08:00:10.269 1537 1651 I SystemConfig: Reading permissions from /system_ext/etc/permissions/embms.xml
01-01 08:00:10.269 1537 1654 I Binder : Setting heavy hitter watcher config: false, 0, 0.0
01-01 08:00:10.269 1537 1651 I SystemConfig: Reading permissions from /system_ext/etc/permissions/com.thundercomm.microsettings.xml
01-01 08:00:10.266 0 0 W : ------------[ cut here ]------------
01-01 08:00:10.266 0 0 W : Unbalanced enable for IRQ 401
01-01 08:00:10.266 0 0 W : WARNING: CPU: 2 PID: 495 at kernel/irq/manage.c:621 enable_irq+0x90/0xe8
01-01 08:00:10.266 0 0 W : Modules linked in: wlan(O+) tsnv(O) machine_dlkm(O) wcd938x_slave_dlkm(O) wcd938x_dlkm(O) wcd9xxx_dlkm(O) mbhc_dlkm(O) tx_macro_dlkm(O) rx_macro_dlkm(O) va_macro_dlkm(O) wsa_macro_dlkm(O) swr_ctrl_dlkm(O) bolero_cdc_dlkm(O) wsa881x_dlkm(O) wcd_core_dlkm(O) stub_dlkm(O) hdmi_dlkm(O) swr_dlkm(O) pinctrl_lpi_dlkm(O) pinctrl_wcd_dlkm(O) usf_dlkm(O) native_dlkm(O) platform_dlkm(O) q6_dlkm(O) adsp_loader_dlkm(O) apr_dlkm(O) snd_event_dlkm(O) q6_notifier_dlkm(O) q6_pdr_dlkm(O) msm_11ad_proxy
01-01 08:00:10.266 0 0 W : CPU: 2 PID: 495 Comm: kworker/2:4 Tainted: G S O 4.19.157-perf+ #1
01-01 08:00:10.266 0 0 W Hardware name: Qualcomm Technologies, Inc. kona MTP-RmPM8150b. VX1(MCE) DVT2 (DT)
01-01 08:00:10.266 0 0 W Workqueue: pm pm_runtime_work
01-01 08:00:10.266 0 0 W pstate : 60c00085 (nZCv daIf +PAN +UAO)
01-01 08:00:10.266 0 0 W pc : enable_irq+0x90/0xe8
01-01 08:00:10.266 0 0 W lr : enable_irq+0x90/0xe8
01-01 08:00:10.266 0 0 W sp : ffffff80167ebbb0
01-01 08:00:10.266 0 0 W : x29: ffffff80167ebbc0 x28: 0000000000000002
01-01 08:00:10.266 0 0 W : x27: 000000000000012d x26: 0000000000000000
01-01 08:00:10.266 0 0 W : x25: 0000000000000000 x24: fffffffdb25df37d
01-01 08:00:10.266 0 0 W : x23: fffffffdb25ddca1 x22: fffffffdb25df248
01-01 08:00:10.266 0 0 W : x21: fffffffdcf786410 x20: 0000000000000191
01-01 08:00:10.266 0 0 W : x19: fffffffdb1ee5800 x18: 0000000000000030
01-01 08:00:10.266 0 0 W : x17: ffffff9b41a20000 x16: 00000000fffc149c
01-01 08:00:10.266 0 0 W : x15: 00000000000c149c x14: 0000000000000086
01-01 08:00:10.266 0 0 W : x13: 0000000000000030 x12: 0000000000000000
01-01 08:00:10.266 0 0 W : x11: 0000000000000000 x10: 0000000000000007
01-01 08:00:10.266 0 0 W : x9 : b890b8821f8b1200 x8 : b890b8821f8b1200
01-01 08:00:10.266 0 0 W : x7 : 0000000000000000 x6 : fffffffdf987eb91
01-01 08:00:10.266 0 0 W : x5 : 0000000000000000 x4 : 0000000000000006
01-01 08:00:10.266 0 0 W : x3 : 0000000000000031 x2 : 0000000000000007
01-01 08:00:10.266 0 0 W : x1 : 0000000000000007 x0 : 000000000000001d
01-01 08:00:10.266 0 0 W Call trace:
01-01 08:00:10.266 0 0 W : enable_irq+0x90/0xe8
01-01 08:00:10.266 0 0 W : swrm_runtime_suspend+0x428/0x4d8 [swr_ctrl_dlkm]
01-01 08:00:10.266 0 0 W : pm_generic_runtime_suspend+0x24/0x38
01-01 08:00:10.266 0 0 W : __rpm_callback+0x124/0x228
01-01 08:00:10.266 0 0 W : rpm_suspend+0x464/0x818
01-01 08:00:10.266 0 0 W : pm_runtime_work+0x90/0xa0
01-01 08:00:10.266 0 0 W : process_one_work+0x278/0x440
01-01 08:00:10.266 0 0 W : worker_thread+0x260/0x4a8
01-01 08:00:10.266 0 0 W : kthread+0x140/0x150
01-01 08:00:10.266 0 0 W : ret_from_fork+0x10/0x18
01-01 08:00:10.266 0 0 W : ---[ end trace 28f071caa49a84b3 ]---
01-01 08:00:10.270 1537 1651 I SystemConfig: Reading permissions from /system_ext/etc/permissions/com.android.emergency.xml
01-01 08:00:10.271 1537 1651 I SystemConfig: Reading permissions from /system_ext/etc/permissions/com.android.settings.xml
01-01 08:00:10.271 1537 1651 I SystemConfig: Reading permissions from /system_ext/etc/permissions/embms-noship_product_privapp_permissions_qti.xml
01-01 08:00:10.272 1537 1651 I SystemConfig: Reading permissions from /system_ext/etc/permissions/com.qualcomm.qti.imscmservice.xml
01-01 08:00:10.273 1537 1651 I SystemConfig: Reading permissions from /apex/com.android.ipsec/etc/permissions/android.net.ipsec.ike.xml
01-01 08:00:10.274 1537 1651 D SystemServerInitThreadPool: Finished executing ReadingSystemConfig
01-01 08:00:10.285 1537 1537 D BatteryStatsImpl: Reading daily items from /data/system/batterystats-daily.xml
01-01 08:00:10.287 1537 1662 I KernelCpuUidFreqTimeReader: mPerClusterTimesAvailable=false
01-01 08:00:10.288 1537 1662 W KernelCpuUidFreqTimeBpfMapReader: Failed to start tracking
01-01 08:00:10.289 1537 1662 W KernelCpuUidActiveTimeBpfMapReader: Failed to start tracking
01-01 08:00:10.289 1537 1662 W KernelCpuUidClusterTimeBpfMapReader: Failed to start tracking
01-01 08:00:10.290 1537 1662 E KernelCpuSpeedReader: Failed to read cpu-freq: /sys/devices/system/cpu/cpu4/cpufreq/stats/time_in_state: open failed: ENOENT (No such file or directory)
01-01 08:00:10.290 1537 1662 E KernelCpuSpeedReader: Failed to read cpu-freq: /sys/devices/system/cpu/cpu0/cpufreq/stats/time_in_state: open failed: ENOENT (No such file or directory)
01-01 08:00:10.300 1537 1662 W KernelMemoryBandwidthStats: No kernel memory bandwidth stats available
01-01 08:00:10.316 1537 1537 I AppOps : No existing app ops /data/system/appops.xml; starting empty
01-01 08:00:10.317 1537 1537 I IntentFirewall: Read new rules (A:0 B:0 S:0)
01-01 08:00:10.320 1537 1537 D AppOps : AppOpsService published
01-01 08:00:10.321 1537 1537 I SystemServerTiming: StartDataLoaderManagerService
01-01 08:00:10.321 1537 1537 I SystemServiceManager: Starting com.android.server.pm.DataLoaderManagerService
01-01 08:00:10.321 1537 1537 I SystemServerTiming: StartIncrementalService
01-01 08:00:10.322 1537 1537 I SystemServerTiming: StartPowerManager
01-01 08:00:10.322 1537 1537 I SystemServiceManager: Starting com.android.server.power.PowerManagerService
01-01 08:00:10.328 1537 1537 I SystemServerTiming: StartThermalManager
01-01 08:00:10.328 1537 1537 I SystemServiceManager: Starting com.android.server.power.ThermalManagerService
01-01 08:00:10.329 1537 1537 I SystemServerTiming: StartHintManager
01-01 08:00:10.329 1537 1537 I SystemServiceManager: Starting com.android.server.power.hint.HintManagerService
01-01 08:00:10.329 1537 1537 I SystemServerTiming: InitPowerManagement
01-01 08:00:10.330 1537 1537 I SystemServerTiming: StartRecoverySystemService
01-01 08:00:10.330 1537 1537 I SystemServiceManager: Starting com.android.server.recoverysystem.RecoverySystemService$Lifecycle
01-01 08:00:10.330 1537 1537 I PackageWatchdog: Syncing state, reason: added new observer
01-01 08:00:10.330 1537 1537 I PackageWatchdog: Not pruning observers, elapsed time: 0ms
01-01 08:00:10.330 1537 1537 I PackageWatchdog: Cancelling state sync, nothing to sync
01-01 08:00:10.330 1537 1653 I PackageWatchdog: Saving observer state to file
01-01 08:00:10.331 1537 1537 I SystemServerTiming: StartLightsService
01-01 08:00:10.331 1537 1537 I SystemServiceManager: Starting com.android.server.lights.LightsService
01-01 08:00:10.333 1537 1537 I SystemServerTiming: StartSidekickService
01-01 08:00:10.333 1537 1537 I SystemServerTiming: StartDisplayManager
01-01 08:00:10.333 1537 1537 I SystemServiceManager: Starting com.android.server.display.DisplayManagerService
01-01 08:00:10.338 1537 1537 I SystemServerTiming: WaitForDisplay
01-01 08:00:10.338 1537 1537 I SystemServiceManager: Starting phase 100
01-01 08:00:10.338 1537 1537 I SystemServerTiming: OnBootPhase_100
01-01 08:00:10.338 1537 1537 I SystemServerTiming: OnBootPhase_100_com.android.server.security.FileIntegrityService
01-01 08:00:10.338 1537 1537 I SystemServerTiming: OnBootPhase_100_com.android.server.pm.Installer
01-01 08:00:10.338 1537 1537 I SystemServerTiming: OnBootPhase_100_com.android.server.os.DeviceIdentifiersPolicyService
01-01 08:00:10.338 1537 1537 I SystemServerTiming: OnBootPhase_100_com.android.server.uri.UriGrantsManagerService$Lifecycle
01-01 08:00:10.338 1537 1537 I SystemServerTiming: OnBootPhase_100_com.android.server.powerstats.PowerStatsService
01-01 08:00:10.338 1537 1537 I SystemServerTiming: OnBootPhase_100_com.android.server.wm.ActivityTaskManagerService$Lifecycle
01-01 08:00:10.338 1537 1537 I SystemServerTiming: OnBootPhase_100_com.android.server.am.ActivityManagerService$Lifecycle
01-01 08:00:10.338 1537 1537 I SystemServerTiming: OnBootPhase_100_com.android.server.pm.DataLoaderManagerService
01-01 08:00:10.338 1537 1537 I SystemServerTiming: OnBootPhase_100_com.android.server.power.PowerManagerService
01-01 08:00:10.338 1537 1537 I SystemServerTiming: OnBootPhase_100_com.android.server.power.ThermalManagerService
01-01 08:00:10.338 1537 1537 I SystemServerTiming: OnBootPhase_100_com.android.server.power.hint.HintManagerService
01-01 08:00:10.338 1537 1537 I SystemServerTiming: OnBootPhase_100_com.android.server.recoverysystem.RecoverySystemService$Lifecycle
01-01 08:00:10.338 1537 1537 I SystemServerTiming: OnBootPhase_100_com.android.server.lights.LightsService
01-01 08:00:10.338 1537 1537 I SystemServerTiming: OnBootPhase_100_com.android.server.display.DisplayManagerService
01-01 08:00:10.342 1537 1647 I DisplayDeviceRepository: Display device added: DisplayDeviceInfo{"内置屏幕": uniqueId="local:4630946370410392961", 2380 x 1020, modeId 1, defaultModeId 1, supportedModes [{id=1, width=2380, height=1020, fps=60.000004, alternativeRefreshRates=[30.000002, 45.0]}, {id=2, width=2380, height=1020, fps=45.0, alternativeRefreshRates=[30.000002, 60.000004]}, {id=3, width=2380, height=1020, fps=30.000002, alternativeRefreshRates=[45.0, 60.000004]}], colorMode 0, supportedColorModes [0], hdrCapabilities HdrCapabilities{mSupportedHdrTypes=[2, 3, 4], mMaxLuminance=500.0, mMaxAverageLuminance=500.0, mMinLuminance=0.0}, allmSupported false, gameContentTypeSupported false, density 240, 319.851 x 319.851 dpi, appVsyncOff 1000000, presDeadline 16666666, touch INTERNAL, rotation 0, type INTERNAL, address {port=129, model=0x40446d3026322d}, deviceProductInfo DeviceProductInfo{name=, manufacturerPnpId=QCM, productId=1, modelYear=null, manufactureDate=ManufactureDate{week=27, year=2006}, connectionToSinkType=0}, state UNKNOWN, frameRateOverride , brightnessMinimum 0.0, brightnessMaximum 1.0, brightnessDefault 1.0, FLAG_DEFAULT_DISPLAY, FLAG_ROTATES_WITH_CONTENT, FLAG_SECURE, FLAG_SUPPORTS_PROTECTED_BUFFERS}
01-01 08:00:10.343 1537 1647 I LogicalDisplayMapper: Applying layout: [{addr: {port=129, model=0x40446d3026322d}, dispId: 0(ON)}], Previous layout: null
01-01 08:00:10.344 1537 1647 I LogicalDisplayMapper: Adding new display: 0: DisplayInfo{"内置屏幕", displayId 0", displayGroupId -1, FLAG_SECURE, FLAG_SUPPORTS_PROTECTED_BUFFERS, FLAG_TRUSTED, real 2380 x 1020, largest app 2380 x 1020, smallest app 2380 x 1020, appVsyncOff 1000000, presDeadline 16666666, mode 1, defaultMode 1, modes [{id=1, width=2380, height=1020, fps=60.000004, alternativeRefreshRates=[30.000002, 45.0]}, {id=2, width=2380, height=1020, fps=45.0, alternativeRefreshRates=[30.000002, 60.000004]}, {id=3, width=2380, height=1020, fps=30.000002, alternativeRefreshRates=[45.0, 60.000004]}], hdrCapabilities HdrCapabilities{mSupportedHdrTypes=[2, 3, 4], mMaxLuminance=500.0, mMaxAverageLuminance=500.0, mMinLuminance=0.0}, userDisabledHdrTypes [], minimalPostProcessingSupported false, rotation 0, state UNKNOWN, type INTERNAL, uniqueId "local:4630946370410392961", app 2380 x 1020, density 240 (319.851 x 319.851) dpi, layerStack 0, colorMode 0, supportedColorModes [0], address {port=129, model=0x40446d3026322d}, deviceProductInfo DeviceProductInfo{name=, manufacturerPnpId=QCM, productId=1, modelYear=null, manufactureDate=ManufactureDate{week=27, year=2006}, connectionToSinkType=0}, removeMode 0, refreshRateOverride 0.0, brightnessMinimum 0.0, brightnessMaximum 1.0, brightnessDefault 1.0}
01-01 08:00:10.344 1537 1647 I LogicalDisplayMapper: Setting new display group 0 for display 0, from previous group: null
01-01 08:00:10.344 1537 1647 E DisplayDeviceConfig: requesting nits when no mapping exists.
01-01 08:00:10.348 1537 1647 E DisplayDeviceConfig: requesting nits when no mapping exists.
01-01 08:00:10.349 1537 1537 I SystemServerTiming: StartDomainVerificationService
01-01 08:00:10.349 1537 1647 I DisplayDeviceRepository: Display device changed state: "内置屏幕", ON
01-01 08:00:10.351 1537 1537 I SystemServerTiming: StartPackageManagerService
01-01 08:00:10.351 1537 1537 I Watchdog: Pausing HandlerChecker: main thread for reason: packagemanagermain. Pause count: 1
01-01 08:00:10.353 1537 1537 I PackageManagerTiming: create package manager
01-01 08:00:10.355 1537 1537 I PackageManagerTiming: readListOfPackagesToBeDisabled
01-01 08:00:10.355 1537 1537 D PackageManager: Disabling packages for wifi-only device, source: /vendor/etc/telephony_packages.xml
01-01 08:00:10.355 1537 1537 I PackageManagerTiming: createSubComponents
01-01 08:00:10.362 1537 1537 I PackageManagerTiming: addSharedUsers
01-01 08:00:10.363 1537 1537 I PackageManagerTiming: get system config
01-01 08:00:10.364 1537 1537 D PackageManager: Directories scanned as system partitions: [/system:0, /vendor:524288, /odm:4194304, /oem:262144, /product:1048576, /system_ext:2097152, /apex/com.android.vndk.v30:8388608, /apex/com.android.wifi:8388608, /apex/com.android.vndk.v31:8388608, /apex/com.android.tzdata:8388608, /apex/com.android.tethering:8388608, /apex/com.android.sdkext:8388608, /apex/com.android.scheduling:8388608, /apex/com.android.runtime:8388608, /apex/com.android.resolv:8388608, /apex/com.android.permission:8388608, /apex/com.android.os.statsd:8388608, /apex/com.android.neuralnetworks:8388608, /apex/com.android.mediaprovider:8388608, /apex/com.android.media.swcodec:8388608, /apex/com.android.media:8388608, /apex/com.android.ipsec:8388608, /apex/com.android.i18n:8388608, /apex/com.android.extservices:8388608, /apex/com.android.conscrypt:8388608, /apex/com.android.art:8388608, /apex/com.android.appsearch:8388608, /apex/com.android.adbd:8388608]
01-01 08:00:10.364 1537 1537 D SELinuxMMAC: Using policy file /system/etc/selinux/plat_mac_permissions.xml
01-01 08:00:10.366 1537 1537 D SELinuxMMAC: Using policy file /system_ext/etc/selinux/system_ext_mac_permissions.xml
01-01 08:00:10.366 1537 1537 D SELinuxMMAC: Using policy file /product/etc/selinux/product_mac_permissions.xml
01-01 08:00:10.366 1537 1537 D SELinuxMMAC: Using policy file /vendor/etc/selinux/vendor_mac_permissions.xml
01-01 08:00:10.367 1537 1537 D SELinuxMMAC: Using policy file /odm/etc/selinux/odm_mac_permissions.xml
01-01 08:00:10.367 1537 1537 I PackageManagerTiming: loadFallbacks
01-01 08:00:10.368 1537 1537 I PackageManagerTiming: read user settings
01-01 08:00:10.401 1537 1537 W android.permission.PermissionManager: Missing ActivityManager; assuming 1000 holds android.permission.SET_PREFERRED_APPLICATIONS
01-01 08:00:10.401 1537 1537 W android.permission.PermissionManager: Missing ActivityManager; assuming 1000 holds android.permission.SET_PREFERRED_APPLICATIONS
01-01 08:00:10.401 1537 1537 W android.permission.PermissionManager: Missing ActivityManager; assuming 1000 holds android.permission.SET_PREFERRED_APPLICATIONS
01-01 08:00:10.401 1537 1537 W android.permission.PermissionManager: Missing ActivityManager; assuming 1000 holds android.permission.SET_PREFERRED_APPLICATIONS
01-01 08:00:10.401 1537 1537 W android.permission.PermissionManager: Missing ActivityManager; assuming 1000 holds android.permission.SET_PREFERRED_APPLICATIONS
01-01 08:00:10.401 1537 1537 W android.permission.PermissionManager: Missing ActivityManager; assuming 1000 holds android.permission.SET_PREFERRED_APPLICATIONS
01-01 08:00:10.401 1537 1537 W android.permission.PermissionManager: Missing ActivityManager; assuming 1000 holds android.permission.SET_PREFERRED_APPLICATIONS
01-01 08:00:10.401 1537 1537 W android.permission.PermissionManager: Missing ActivityManager; assuming 1000 holds android.permission.SET_PREFERRED_APPLICATIONS
01-01 08:00:10.402 1537 1537 W android.permission.PermissionManager: Missing ActivityManager; assuming 1000 holds android.permission.SET_PREFERRED_APPLICATIONS
01-01 08:00:10.402 1537 1537 W android.permission.PermissionManager: Missing ActivityManager; assuming 1000 holds android.permission.SET_PREFERRED_APPLICATIONS
01-01 08:00:10.402 1537 1537 W android.permission.PermissionManager: Missing ActivityManager; assuming 1000 holds android.permission.SET_PREFERRED_APPLICATIONS
01-01 08:00:10.402 1537 1537 W android.permission.PermissionManager: Missing ActivityManager; assuming 1000 holds android.permission.SET_PREFERRED_APPLICATIONS
01-01 08:00:10.402 1537 1537 W android.permission.PermissionManager: Missing ActivityManager; assuming 1000 holds android.permission.SET_PREFERRED_APPLICATIONS
01-01 08:00:10.402 1537 1537 W android.permission.PermissionManager: Missing ActivityManager; assuming 1000 holds android.permission.SET_PREFERRED_APPLICATIONS
01-01 08:00:10.402 1537 1537 W android.permission.PermissionManager: Missing ActivityManager; assuming 1000 holds android.permission.SET_PREFERRED_APPLICATIONS
01-01 08:00:10.402 1537 1537 W android.permission.PermissionManager: Missing ActivityManager; assuming 1000 holds android.permission.SET_PREFERRED_APPLICATIONS
01-01 08:00:10.402 1537 1537 W android.permission.PermissionManager: Missing ActivityManager; assuming 1000 holds android.permission.SET_PREFERRED_APPLICATIONS
01-01 08:00:10.402 1537 1537 W android.permission.PermissionManager: Missing ActivityManager; assuming 1000 holds android.permission.SET_PREFERRED_APPLICATIONS
01-01 08:00:10.403 1537 1537 W android.permission.PermissionManager: Missing ActivityManager; assuming 1000 holds android.permission.SET_PREFERRED_APPLICATIONS
01-01 08:00:10.403 1537 1537 W android.permission.PermissionManager: Missing ActivityManager; assuming 1000 holds android.permission.SET_PREFERRED_APPLICATIONS
01-01 08:00:10.403 1537 1537 W android.permission.PermissionManager: Missing ActivityManager; assuming 1000 holds android.permission.SET_PREFERRED_APPLICATIONS
01-01 08:00:10.403 1537 1537 W android.permission.PermissionManager: Missing ActivityManager; assuming 1000 holds android.permission.SET_PREFERRED_APPLICATIONS
01-01 08:00:10.403 1537 1537 W android.permission.PermissionManager: Missing ActivityManager; assuming 1000 holds android.permission.SET_PREFERRED_APPLICATIONS
01-01 08:00:10.403 1537 1537 W android.permission.PermissionManager: Missing ActivityManager; assuming 1000 holds android.permission.SET_PREFERRED_APPLICATIONS
01-01 08:00:10.403 1537 1537 W android.permission.PermissionManager: Missing ActivityManager; assuming 1000 holds android.permission.SET_PREFERRED_APPLICATIONS
01-01 08:00:10.403 1537 1537 W android.permission.PermissionManager: Missing ActivityManager; assuming 1000 holds android.permission.SET_PREFERRED_APPLICATIONS
01-01 08:00:10.403 1537 1537 W android.permission.PermissionManager: Missing ActivityManager; assuming 1000 holds android.permission.SET_PREFERRED_APPLICATIONS
01-01 08:00:10.403 1537 1537 W android.permission.PermissionManager: Missing ActivityManager; assuming 1000 holds android.permission.SET_PREFERRED_APPLICATIONS
01-01 08:00:10.404 1537 1537 W android.permission.PermissionManager: Missing ActivityManager; assuming 1000 holds android.permission.SET_PREFERRED_APPLICATIONS
01-01 08:00:10.404 1537 1537 W android.permission.PermissionManager: Missing ActivityManager; assuming 1000 holds android.permission.SET_PREFERRED_APPLICATIONS
