03-09 05:02:36.805 1219 1248 E tlogd : [StorageChecker](listDirFile) regular file
03-09 05:02:36.805 2619 2619 D CompatibilityChangeReporter: Compat change id reported: 171979766; UID 10080; state: ENABLED
03-09 05:02:36.805 1219 1248 E tlogd : [StorageChecker](listDirFile) FileName is /data/tlog/persist/kernel/933_kernel_00362_700101_080009.log
03-09 05:02:36.805 1219 1248 E tlogd : [StorageChecker](listDirFile) regular file
03-09 05:02:36.805 1219 1248 E tlogd : [StorageChecker](listDirFile) FileName is /data/tlog/persist/kernel/945_kernel_00387_700101_080010.log.ing
03-09 05:02:36.805 1219 1248 E tlogd : [StorageChecker](listDirFile) regular file
03-09 05:02:36.805 1219 1248 E tlogd : [StorageChecker](listDirFile) FileName is /data/tlog/persist/kernel/947_kernel_00390_700101_080009.log
03-09 05:02:36.805 1219 1248 E tlogd : [StorageChecker](listDirFile) regular file
03-09 05:02:36.805 1219 1248 E tlogd : [StorageChecker](listDirFile) FileName is /data/tlog/persist/kernel/948_kernel_00393_700101_080010.log.ing
03-09 05:02:36.805 1219 1248 E tlogd : [StorageChecker](listDirFile) regular file
03-09 05:02:36.805 1219 1248 E tlogd : [StorageChecker](listDirFile) FileName is /data/tlog/persist/kernel/951_kernel_00399_700101_080010.log.ing
03-09 05:02:36.805 1219 1248 E tlogd : [StorageChecker](listDirFile) regular file
03-09 05:02:36.805 1219 1248 E tlogd : [StorageChecker](listDirFile) FileName is /data/tlog/persist/kernel/949_kernel_00394_700101_080009.log
03-09 05:02:36.805 1219 1248 E tlogd : [StorageChecker](listDirFile) regular file
03-09 05:02:36.806 1219 1248 E tlogd : [StorageChecker](listDirFile) FileName is /data/tlog/persist/kernel/955_kernel_00407_700101_080010.log.ing
03-09 05:02:36.806 1219 1248 E tlogd : [StorageChecker](listDirFile) regular file
03-09 05:02:36.806 1219 1248 E tlogd : [StorageChecker](listDirFile) FileName is /data/tlog/persist/kernel/952_kernel_00400_700101_080009.log
03-09 05:02:36.806 1219 1248 E tlogd : [StorageChecker](listDirFile) regular file
03-09 05:02:36.806 1219 1248 E tlogd : [StorageChecker](listDirFile) FileName is /data/tlog/persist/kernel/957_kernel_00410_700101_080009.log
03-09 05:02:36.806 1219 1248 E tlogd : [StorageChecker](listDirFile) regular file
03-09 05:02:36.806 1219 1248 E tlogd : [StorageChecker](listDirFile) FileName is /data/tlog/persist/kernel/958_kernel_00412_700101_080009.log
03-09 05:02:36.806 1219 1248 E tlogd : [StorageChecker](listDirFile) regular file
03-09 05:02:36.806 1219 1248 E tlogd : [StorageChecker](listDirFile) FileName is /data/tlog/persist/kernel/959_kernel_00415_700101_080010.log.ing
03-09 05:02:36.806 1219 1248 E tlogd : [StorageChecker](listDirFile) regular file
03-09 05:02:36.806 1219 1248 E tlogd : [StorageChecker](listDirFile) FileName is /data/tlog/persist/kernel/960_kernel_00417_700101_080010.log.ing
03-09 05:02:36.806 1219 1248 E tlogd : [StorageChecker](listDirFile) regular file
03-09 05:02:36.806 1219 1248 E tlogd : [StorageChecker](listDirFile) FileName is /data/tlog/persist/kernel/963_kernel_00423_700101_080010.log.ing
03-09 05:02:36.806 1219 1248 E tlogd : [StorageChecker](listDirFile) regular file
03-09 05:02:36.806 1219 1248 E tlogd : [StorageChecker](listDirFile) FileName is /data/tlog/persist/kernel/967_kernel_00431_700101_080010.log.ing
03-09 05:02:36.806 1219 1248 E tlogd : [StorageChecker](listDirFile) regular file
03-09 05:02:36.806 1219 1248 E tlogd : [StorageChecker](listDirFile) FileName is /data/tlog/persist/kernel/969_kernel_00434_700101_080009.log
03-09 05:02:36.806 1219 1248 E tlogd : [StorageChecker](listDirFile) regular file
03-09 05:02:36.806 1219 1248 E tlogd : [StorageChecker](listDirFile) FileName is /data/tlog/persist/kernel/970_kernel_00436_700101_080009.log
03-09 05:02:36.806 1219 1248 E tlogd : [StorageChecker](listDirFile) regular file
03-09 05:02:36.806 1219 1248 E tlogd : [StorageChecker](listDirFile) FileName is /data/tlog/persist/kernel/971_kernel_00438_700101_080009.log
03-09 05:02:36.806 1219 1248 E tlogd : [StorageChecker](listDirFile) regular file
03-09 05:02:36.806 1219 1248 E tlogd : [StorageChecker](listDirFile) FileName is /data/tlog/persist/kernel/973_kernel_00442_700101_080009.log
03-09 05:02:36.806 1219 1248 E tlogd : [StorageChecker](listDirFile) regular file
03-09 05:02:36.806 1219 1248 E tlogd : [StorageChecker](listDirFile) FileName is /data/tlog/persist/kernel/976_kernel_00449_700101_080010.log.ing
03-09 05:02:36.806 1219 1248 E tlogd : [StorageChecker](listDirFile) regular file
03-09 05:02:36.806 1219 1248 E tlogd : [StorageChecker](listDirFile) FileName is /data/tlog/persist/kernel/980_kernel_00457_700101_080010.log.ing
03-09 05:02:36.806 1219 1248 E tlogd : [StorageChecker](listDirFile) regular file
03-09 05:02:36.806 1219 1248 E tlogd : [StorageChecker](listDirFile) FileName is /data/tlog/persist/kernel/983_kernel_00463_700101_080010.log.ing
03-09 05:02:36.806 1219 1248 E tlogd : [StorageChecker](listDirFile) regular file
03-09 05:02:36.806 1219 1248 E tlogd : [StorageChecker](listDirFile) FileName is /data/tlog/persist/kernel/987_kernel_00471_700101_080010.log.ing
03-09 05:02:36.806 1219 1248 E tlogd : [StorageChecker](listDirFile) regular file
03-09 05:02:36.806 1219 1248 E tlogd : [StorageChecker](listDirFile) FileName is /data/tlog/persist/kernel/985_kernel_00466_700101_080009.log
03-09 05:02:36.806 1219 1248 E tlogd : [StorageChecker](listDirFile) regular file
03-09 05:02:36.806 1219 1248 E tlogd : [StorageChecker](listDirFile) FileName is /data/tlog/persist/kernel/988_kernel_00473_700101_080010.log.ing
03-09 05:02:36.806 1219 1248 E tlogd : [StorageChecker](listDirFile) regular file
03-09 05:02:36.806 1219 1248 E tlogd : [StorageChecker](listDirFile) FileName is /data/tlog/persist/kernel/992_kernel_00481_700101_080010.log.ing
03-09 05:02:36.806 1219 1248 E tlogd : [StorageChecker](listDirFile) regular file
03-09 05:02:36.806 1219 1248 E tlogd : [StorageChecker](listDirFile) FileName is /data/tlog/persist/kernel/989_kernel_00474_700101_080009.log
03-09 05:02:36.806 1219 1248 E tlogd : [StorageChecker](listDirFile) regular file
03-09 05:02:36.806 1219 1248 E tlogd : [StorageChecker](listDirFile) FileName is /data/tlog/persist/kernel/993_kernel_00483_700101_080010.log.ing
03-09 05:02:36.806 1219 1248 E tlogd : [StorageChecker](listDirFile) regular file
03-09 05:02:36.806 1219 1248 E tlogd : [StorageChecker](listDirFile) FileName is /data/tlog/persist/kernel/993_kernel_00482_700101_080009.log
03-09 05:02:36.806 1219 1248 E tlogd : [StorageChecker](listDirFile) regular file
03-09 05:02:36.806 1219 1248 E tlogd : [StorageChecker](listDirFile) FileName is /data/tlog/persist/kernel/997_kernel_00491_700101_080010.log.ing
03-09 05:02:36.806 1219 1248 E tlogd : [StorageChecker](listDirFile) regular file
03-09 05:02:36.806 1219 1248 E tlogd : [StorageChecker](listDirFile) FileName is /data/tlog/persist/kernel/003_kernel_00496_700101_080010.log.ing
03-09 05:02:36.806 1219 1248 E tlogd : [StorageChecker](listDirFile) regular file
03-09 05:02:36.806 1219 1248 E tlogd : [StorageChecker](listDirFile) FileName is /data/tlog/persist/kernel/004_kernel_00496_700101_080010.log.ing
03-09 05:02:36.807 1219 1248 E tlogd : [StorageChecker](listDirFile) regular file
03-09 05:02:36.807 1219 1248 E tlogd : [StorageChecker](listDirFile) FileName is /data/tlog/persist/kernel/005_kernel_00496_700101_080009.log
03-09 05:02:36.807 1219 1248 E tlogd : [StorageChecker](listDirFile) regular file
03-09 05:02:36.807 1219 1248 E tlogd : [StorageChecker](listDirFile) FileName is /data/tlog/persist/kernel/006_kernel_00496_700101_080009.log
03-09 05:02:36.807 1219 1248 E tlogd : [StorageChecker](listDirFile) regular file
03-09 05:02:36.807 1219 1248 E tlogd : [StorageChecker](listDirFile) FileName is /data/tlog/persist/kernel/006_kernel_00496_700101_080010.log.ing
03-09 05:02:36.807 1219 1248 E tlogd : [StorageChecker](listDirFile) regular file
03-09 05:02:36.807 1219 1248 E tlogd : [StorageChecker](listDirFile) FileName is /data/tlog/persist/kernel/007_kernel_00496_700101_080009.log
03-09 05:02:36.807 1219 1248 E tlogd : [StorageChecker](listDirFile) regular file
03-09 05:02:36.807 1219 1248 E tlogd : [StorageChecker](listDirFile) FileName is /data/tlog/persist/kernel/011_kernel_00496_700101_080009.log
03-09 05:02:36.807 1219 1248 E tlogd : [StorageChecker](listDirFile) regular file
03-09 05:02:36.807 1219 1248 E tlogd : [StorageChecker](listDirFile) FileName is /data/tlog/persist/kernel/015_kernel_00496_700101_080009.log
03-09 05:02:36.807 1219 1248 E tlogd : [StorageChecker](listDirFile) regular file
03-09 05:02:36.807 1219 1248 E tlogd : [StorageChecker](listDirFile) FileName is /data/tlog/persist/kernel/017_kernel_00496_700101_080009.log
03-09 05:02:36.807 1219 1248 E tlogd : [StorageChecker](listDirFile) regular file
03-09 05:02:36.807 1219 1248 E tlogd : [StorageChecker](listDirFile) FileName is /data/tlog/persist/kernel/016_kernel_00496_700101_080009.log
03-09 05:02:36.807 1219 1248 E tlogd : [StorageChecker](listDirFile) regular file
03-09 05:02:36.807 1219 1248 E tlogd : [StorageChecker](listDirFile) FileName is /data/tlog/persist/kernel/860_kernel_00217_700101_080010.log.ing
03-09 05:02:36.807 1219 1248 E tlogd : [StorageChecker](listDirFile) regular file
03-09 05:02:36.807 1219 1248 E tlogd : [StorageChecker](listDirFile) FileName is /data/tlog/persist/kernel/864_kernel_00224_700101_080009.log
03-09 05:02:36.807 1219 1248 E tlogd : [StorageChecker](listDirFile) regular file
03-09 05:02:36.807 1219 1248 E tlogd : [StorageChecker](listDirFile) FileName is /data/tlog/persist/kernel/869_kernel_00235_700101_080010.log.ing
03-09 05:02:36.807 1219 1248 E tlogd : [StorageChecker](listDirFile) regular file
03-09 05:02:36.807 1219 1248 E tlogd : [StorageChecker](listDirFile) FileName is /data/tlog/persist/kernel/865_kernel_00226_700101_080009.log
03-09 05:02:36.807 1219 1248 E tlogd : [StorageChecker](listDirFile) regular file
03-09 05:02:36.807 1219 1248 E tlogd : [StorageChecker](listDirFile) FileName is /data/tlog/persist/kernel/870_kernel_00237_700101_080010.log.ing
03-09 05:02:36.807 1219 1248 E tlogd : [StorageChecker](listDirFile) regular file
03-09 05:02:36.807 1219 1248 E tlogd : [StorageChecker](listDirFile) FileName is /data/tlog/persist/kernel/874_kernel_00244_700101_080009.log
03-09 05:02:36.807 1219 1248 E tlogd : [StorageChecker](listDirFile) regular file
03-09 05:02:36.807 1219 1248 E tlogd : [StorageChecker](listDirFile) FileName is /data/tlog/persist/kernel/872_kernel_00240_700101_080009.log
03-09 05:02:36.807 1219 1248 E tlogd : [StorageChecker](listDirFile) regular file
03-09 05:02:36.807 1219 1248 E tlogd : [StorageChecker](listDirFile) FileName is /data/tlog/persist/kernel/875_kernel_00246_700101_080009.log
03-09 05:02:36.807 1219 1248 E tlogd : [StorageChecker](listDirFile) regular file
03-09 05:02:36.807 1219 1248 E tlogd : [StorageChecker](listDirFile) FileName is /data/tlog/persist/kernel/877_kernel_00251_700101_080010.log.ing
03-09 05:02:36.807 1219 1248 E tlogd : [StorageChecker](listDirFile) regular file
03-09 05:02:36.807 1219 1248 E tlogd : [StorageChecker](listDirFile) FileName is /data/tlog/persist/kernel/879_kernel_00254_700101_080009.log
03-09 05:02:36.807 1219 1248 E tlogd : [StorageChecker](listDirFile) regular file
03-09 05:02:36.807 1219 1248 E tlogd : [StorageChecker](listDirFile) FileName is /data/tlog/persist/kernel/878_kernel_00252_700101_080009.log
03-09 05:02:36.807 1219 1248 E tlogd : [StorageChecker](listDirFile) regular file
03-09 05:02:36.807 1219 1248 E tlogd : [StorageChecker](listDirFile) FileName is /data/tlog/persist/kernel/885_kernel_00267_700101_080010.log.ing
03-09 05:02:36.807 1219 1248 E tlogd : [StorageChecker](listDirFile) regular file
03-09 05:02:36.807 1219 1248 E tlogd : [StorageChecker](listDirFile) FileName is /data/tlog/persist/kernel/887_kernel_00270_700101_080009.log
03-09 05:02:36.807 1219 1248 E tlogd : [StorageChecker](listDirFile) regular file
03-09 05:02:36.807 1219 1248 E tlogd : [StorageChecker](listDirFile) FileName is /data/tlog/persist/kernel/890_kernel_00277_700101_080010.log.ing
03-09 05:02:36.807 1219 1248 E tlogd : [StorageChecker](listDirFile) regular file
03-09 05:02:36.807 1219 1248 E tlogd : [StorageChecker](listDirFile) FileName is /data/tlog/persist/kernel/891_kernel_00279_700101_080010.log.ing
03-09 05:02:36.807 1219 1248 E tlogd : [StorageChecker](listDirFile) regular file
03-09 05:02:36.807 1219 1248 E tlogd : [StorageChecker](listDirFile) FileName is /data/tlog/persist/kernel/894_kernel_00285_700101_080011.log.ing
03-09 05:02:36.807 1219 1248 E tlogd : [StorageChecker](listDirFile) regular file
03-09 05:02:36.807 1193 2089 I MMParserExtractor: Created(0xb400007bdd55bef0)
03-09 05:02:36.807 1219 1248 E tlogd : [StorageChecker](listDirFile) FileName is /data/tlog/persist/kernel/894_kernel_00284_700101_080010.log
03-09 05:02:36.807 1219 1248 E tlogd : [StorageChecker](listDirFile) regular file
03-09 05:02:36.807 1219 1248 E tlogd : [StorageChecker](listDirFile) FileName is /data/tlog/persist/kernel/898_kernel_00292_700101_080009.log
03-09 05:02:36.807 1219 1248 E tlogd : [StorageChecker](listDirFile) regular file
03-09 05:02:36.807 1219 1248 E tlogd : [StorageChecker](listDirFile) FileName is /data/tlog/persist/kernel/897_kernel_00290_700101_080009.log
03-09 05:02:36.807 1219 1248 E tlogd : [StorageChecker](listDirFile) regular file
03-09 05:02:36.807 1219 1248 E tlogd : [StorageChecker](listDirFile) FileName is /data/tlog/persist/kernel/899_kernel_00295_700101_080010.log.ing
03-09 05:02:36.808 1219 1248 E tlogd : [StorageChecker](listDirFile) regular file
03-09 05:02:36.808 2464 2607 D libEGL : MSAA-->msaa:0 gamemode:0 4x_msaa:0
03-09 05:02:36.808 1219 1248 E tlogd : [StorageChecker](listDirFile) FileName is /data/tlog/persist/kernel/902_kernel_00300_700101_080009.log
03-09 05:02:36.808 1219 1248 E tlogd : [StorageChecker](listDirFile) regular file
03-09 05:02:36.808 1219 1248 E tlogd : [StorageChecker](listDirFile) FileName is /data/tlog/persist/kernel/903_kernel_00303_700101_080010.log.ing
03-09 05:02:36.808 1219 1248 E tlogd : [StorageChecker](listDirFile) regular file
03-09 05:02:36.808 1219 1248 E tlogd : [StorageChecker](listDirFile) FileName is /data/tlog/persist/kernel/905_kernel_00307_700101_080010.log.ing
03-09 05:02:36.808 1219 1248 E tlogd : [StorageChecker](listDirFile) regular file
03-09 05:02:36.808 2464 2607 D libEGL : MSAA-->msaa:0 gamemode:0 4x_msaa:0
03-09 05:02:36.808 1219 1248 E tlogd : [StorageChecker](listDirFile) FileName is /data/tlog/persist/kernel/912_kernel_00321_700101_080010.log.ing
03-09 05:02:36.808 1219 1248 E tlogd : [StorageChecker](listDirFile) regular file
03-09 05:02:36.808 1219 1248 E tlogd : [StorageChecker](listDirFile) FileName is /data/tlog/persist/kernel/916_kernel_00328_700101_080009.log
03-09 05:02:36.808 1219 1248 E tlogd : [StorageChecker](listDirFile) regular file
03-09 05:02:36.808 1219 1248 E tlogd : [StorageChecker](listDirFile) FileName is /data/tlog/persist/kernel/916_kernel_00329_700101_080010.log.ing
03-09 05:02:36.808 1219 1248 E tlogd : [StorageChecker](listDirFile) regular file
03-09 05:02:36.808 1219 1248 E tlogd : [StorageChecker](listDirFile) FileName is /data/tlog/persist/kernel/918_kernel_00332_700101_080009.log
03-09 05:02:36.808 1219 1248 E tlogd : [StorageChecker](listDirFile) regular file
03-09 05:02:36.808 1219 1248 E tlogd : [StorageChecker](listDirFile) FileName is /data/tlog/persist/kernel/919_kernel_00334_700101_080009.log
03-09 05:02:36.808 1219 1248 E tlogd : [StorageChecker](listDirFile) regular file
03-09 05:02:36.808 1219 1248 E tlogd : [StorageChecker](listDirFile) FileName is /data/tlog/persist/kernel/921_kernel_00339_700101_080010.log.ing
03-09 05:02:36.808 1219 1248 E tlogd : [StorageChecker](listDirFile) regular file
03-09 05:02:36.808 2464 2607 D libEGL : MSAA-->msaa:0 gamemode:0 4x_msaa:0
03-09 05:02:36.808 1219 1248 E tlogd : [StorageChecker](listDirFile) FileName is /data/tlog/persist/kernel/924_kernel_00345_230309_050235.log.ing
03-09 05:02:36.808 1219 1248 E tlogd : [StorageChecker](listDirFile) regular file
03-09 05:02:36.808 1219 1248 E tlogd : [StorageChecker](listDirFile) FileName is /data/tlog/persist/kernel/925_kernel_00346_700101_080009.log
03-09 05:02:36.808 1219 1248 E tlogd : [StorageChecker](listDirFile) regular file
03-09 05:02:36.808 1219 1248 E tlogd : [StorageChecker](listDirFile) FileName is /data/tlog/persist/kernel/929_kernel_00354_700101_080009.log
03-09 05:02:36.808 1219 1248 E tlogd : [StorageChecker](listDirFile) regular file
03-09 05:02:36.808 1219 1248 E tlogd : [StorageChecker](listDirFile) FileName is /data/tlog/persist/kernel/930_kernel_00357_700101_080010.log.ing
03-09 05:02:36.808 1219 1248 E tlogd : [StorageChecker](listDirFile) regular file
03-09 05:02:36.808 1219 1248 E tlogd : [StorageChecker](listDirFile) FileName is /data/tlog/persist/kernel/931_kernel_00358_700101_080009.log
03-09 05:02:36.808 1219 1248 E tlogd : [StorageChecker](listDirFile) regular file
03-09 05:02:36.808 1219 1248 E tlogd : [StorageChecker](listDirFile) FileName is /data/tlog/persist/kernel/931_kernel_00359_700101_080010.log.ing
03-09 05:02:36.808 1219 1248 E tlogd : [StorageChecker](listDirFile) regular file
03-09 05:02:36.808 1219 1248 E tlogd : [StorageChecker](listDirFile) FileName is /data/tlog/persist/kernel/932_kernel_00360_700101_080009.log
03-09 05:02:36.808 1219 1248 E tlogd : [StorageChecker](listDirFile) regular file
03-09 05:02:36.808 1219 1248 E tlogd : [StorageChecker](listDirFile) FileName is /data/tlog/persist/kernel/932_kernel_00361_700101_080010.log.ing
03-09 05:02:36.808 1219 1248 E tlogd : [StorageChecker](listDirFile) regular file
03-09 05:02:36.808 1219 1248 E tlogd : [StorageChecker](listDirFile) FileName is /data/tlog/persist/kernel/934_kernel_00364_700101_080009.log
03-09 05:02:36.808 1219 1248 E tlogd : [StorageChecker](listDirFile) regular file
03-09 05:02:36.808 1219 1248 E tlogd : [StorageChecker](listDirFile) FileName is /data/tlog/persist/kernel/934_kernel_00365_700101_080010.log.ing
03-09 05:02:36.808 1219 1248 E tlogd : [StorageChecker](listDirFile) regular file
03-09 05:02:36.808 1219 1248 E tlogd : [StorageChecker](listDirFile) FileName is /data/tlog/persist/kernel/937_kernel_00370_700101_080009.log
03-09 05:02:36.808 1219 1248 E tlogd : [StorageChecker](listDirFile) regular file
03-09 05:02:36.808 1219 1248 E tlogd : [StorageChecker](listDirFile) FileName is /data/tlog/persist/kernel/937_kernel_00371_700101_080010.log.ing
03-09 05:02:36.808 1219 1248 E tlogd : [StorageChecker](listDirFile) regular file
03-09 05:02:36.808 1219 1248 E tlogd : [StorageChecker](listDirFile) FileName is /data/tlog/persist/kernel/938_kernel_00372_700101_080009.log
03-09 05:02:36.808 1219 1248 E tlogd : [StorageChecker](listDirFile) regular file
03-09 05:02:36.808 1219 1248 E tlogd : [StorageChecker](listDirFile) FileName is /data/tlog/persist/kernel/939_kernel_00375_700101_080010.log.ing
03-09 05:02:36.808 1219 1248 E tlogd : [StorageChecker](listDirFile) regular file
03-09 05:02:36.808 1219 1248 E tlogd : [StorageChecker](listDirFile) FileName is /data/tlog/persist/kernel/941_kernel_00379_700101_080010.log.ing
03-09 05:02:36.808 1219 1248 E tlogd : [StorageChecker](listDirFile) regular file
03-09 05:02:36.808 1219 1248 E tlogd : [StorageChecker](listDirFile) FileName is /data/tlog/persist/kernel/942_kernel_00381_700101_080010.log.ing
03-09 05:02:36.808 1219 1248 E tlogd : [StorageChecker](listDirFile) regular file
03-09 05:02:36.808 1219 1248 E tlogd : [StorageChecker](listDirFile) FileName is /data/tlog/persist/kernel/944_kernel_00385_700101_080010.log.ing
03-09 05:02:36.808 1219 1248 E tlogd : [StorageChecker](listDirFile) regular file
03-09 05:02:36.808 1219 1248 E tlogd : [StorageChecker](listDirFile) FileName is /data/tlog/persist/kernel/946_kernel_00389_700101_080010.log.ing
03-09 05:02:36.808 1219 1248 E tlogd : [StorageChecker](listDirFile) regular file
03-09 05:02:36.808 1219 1248 E tlogd : [StorageChecker](listDirFile) FileName is /data/tlog/persist/kernel/946_kernel_00388_700101_080009.log
03-09 05:02:36.808 1219 1248 E tlogd : [StorageChecker](listDirFile) regular file
03-09 05:02:36.808 1219 1248 E tlogd : [StorageChecker](listDirFile) FileName is /data/tlog/persist/kernel/947_kernel_00391_700101_080010.log.ing
03-09 05:02:36.808 1219 1248 E tlogd : [StorageChecker](listDirFile) regular file
03-09 05:02:36.808 1219 1248 E tlogd : [StorageChecker](listDirFile) FileName is /data/tlog/persist/kernel/950_kernel_00397_700101_080010.log.ing
03-09 05:02:36.808 1219 1248 E tlogd : [StorageChecker](listDirFile) regular file
03-09 05:02:36.809 1219 1248 E tlogd : [StorageChecker](listDirFile) FileName is /data/tlog/persist/kernel/951_kernel_00398_700101_080009.log
03-09 05:02:36.809 1219 1248 E tlogd : [StorageChecker](listDirFile) regular file
03-09 05:02:36.809 1219 1248 E tlogd : [StorageChecker](listDirFile) FileName is /data/tlog/persist/kernel/961_kernel_00418_700101_080009.log
03-09 05:02:36.809 1219 1248 E tlogd : [StorageChecker](listDirFile) regular file
03-09 05:02:36.809 1219 1248 E tlogd : [StorageChecker](listDirFile) FileName is /data/tlog/persist/kernel/965_kernel_00426_700101_080009.log
03-09 05:02:36.809 1219 1248 E tlogd : [StorageChecker](listDirFile) regular file
03-09 05:02:36.809 1219 1248 E tlogd : [StorageChecker](listDirFile) FileName is /data/tlog/persist/kernel/966_kernel_00429_700101_080010.log.ing
03-09 05:02:36.809 1219 1248 E tlogd : [StorageChecker](listDirFile) regular file
03-09 05:02:36.809 1219 1248 E tlogd : [StorageChecker](listDirFile) FileName is /data/tlog/persist/kernel/969_kernel_00435_700101_080010.log.ing
03-09 05:02:36.809 1219 1248 E tlogd : [StorageChecker](listDirFile) regular file
03-09 05:02:36.809 1219 1248 E tlogd : [StorageChecker](listDirFile) FileName is /data/tlog/persist/kernel/970_kernel_00437_700101_080010.log.ing
03-09 05:02:36.809 1219 1248 E tlogd : [StorageChecker](listDirFile) regular file
03-09 05:02:36.809 1219 1248 E tlogd : [StorageChecker](listDirFile) FileName is /data/tlog/persist/kernel/971_kernel_00439_700101_080010.log.ing
03-09 05:02:36.809 1219 1248 E tlogd : [StorageChecker](listDirFile) regular file
03-09 05:02:36.809 1219 1248 E tlogd : [StorageChecker](listDirFile) FileName is /data/tlog/persist/kernel/972_kernel_00441_700101_080010.log.ing
03-09 05:02:36.809 1219 1248 E tlogd : [StorageChecker](listDirFile) regular file
03-09 05:02:36.809 1219 1248 E tlogd : [StorageChecker](listDirFile) FileName is /data/tlog/persist/kernel/972_kernel_00440_700101_080009.log
03-09 05:02:36.809 1219 1248 E tlogd : [StorageChecker](listDirFile) regular file
03-09 05:02:36.809 1219 1248 E tlogd : [StorageChecker](listDirFile) FileName is /data/tlog/persist/kernel/973_kernel_00443_700101_080010.log.ing
03-09 05:02:36.809 1219 1248 E tlogd : [StorageChecker](listDirFile) regular file
03-09 05:02:36.809 1219 1248 E tlogd : [StorageChecker](listDirFile) FileName is /data/tlog/persist/kernel/975_kernel_00446_700101_080009.log
03-09 05:02:36.809 1219 1248 E tlogd : [StorageChecker](listDirFile) regular file
03-09 05:02:36.809 1219 1248 E tlogd : [StorageChecker](listDirFile) FileName is /data/tlog/persist/kernel/976_kernel_00448_700101_080009.log
03-09 05:02:36.809 1219 1248 E tlogd : [StorageChecker](listDirFile) regular file
03-09 05:02:36.809 1219 1248 E tlogd : [StorageChecker](listDirFile) FileName is /data/tlog/persist/kernel/981_kernel_00458_700101_080009.log
03-09 05:02:36.809 1219 1248 E tlogd : [StorageChecker](listDirFile) regular file
03-09 05:02:36.809 1219 1248 E tlogd : [StorageChecker](listDirFile) FileName is /data/tlog/persist/kernel/983_kernel_00462_700101_080009.log
03-09 05:02:36.809 1219 1248 E tlogd : [StorageChecker](listDirFile) regular file
03-09 05:02:36.809 1219 1248 E tlogd : [StorageChecker](listDirFile) FileName is /data/tlog/persist/kernel/982_kernel_00460_700101_080009.log
03-09 05:02:36.809 1219 1248 E tlogd : [StorageChecker](listDirFile) regular file
03-09 05:02:36.809 1219 1248 E tlogd : [StorageChecker](listDirFile) FileName is /data/tlog/persist/kernel/984_kernel_00465_700101_080010.log.ing
03-09 05:02:36.809 1219 1248 E tlogd : [StorageChecker](listDirFile) regular file
03-09 05:02:36.809 1219 1248 E tlogd : [StorageChecker](listDirFile) FileName is /data/tlog/persist/kernel/985_kernel_00467_700101_080010.log.ing
03-09 05:02:36.809 1219 1248 E tlogd : [StorageChecker](listDirFile) regular file
03-09 05:02:36.809 1219 1248 E tlogd : [StorageChecker](listDirFile) FileName is /data/tlog/persist/kernel/986_kernel_00468_700101_080009.log
03-09 05:02:36.809 1219 1248 E tlogd : [StorageChecker](listDirFile) regular file
03-09 05:02:36.809 1219 1248 E tlogd : [StorageChecker](listDirFile) FileName is /data/tlog/persist/kernel/989_kernel_00475_700101_080010.log.ing
03-09 05:02:36.809 1219 1248 E tlogd : [StorageChecker](listDirFile) regular file
03-09 05:02:36.809 1219 1248 E tlogd : [StorageChecker](listDirFile) FileName is /data/tlog/persist/kernel/990_kernel_00476_700101_080009.log
03-09 05:02:36.809 1219 1248 E tlogd : [StorageChecker](listDirFile) regular file
03-09 05:02:36.809 1219 1248 E tlogd : [StorageChecker](listDirFile) FileName is /data/tlog/persist/kernel/860_kernel_00216_700101_080009.log
03-09 05:02:36.809 1219 1248 E tlogd : [StorageChecker](listDirFile) regular file
03-09 05:02:36.809 1219 1248 E tlogd : [StorageChecker](listDirFile) FileName is /data/tlog/persist/kernel/861_kernel_00219_700101_080010.log.ing
03-09 05:02:36.809 1219 1248 E tlogd : [StorageChecker](listDirFile) regular file
03-09 05:02:36.809 1219 1248 E tlogd : [StorageChecker](listDirFile) FileName is /data/tlog/persist/kernel/862_kernel_00221_700101_080010.log.ing
03-09 05:02:36.809 1219 1248 E tlogd : [StorageChecker](listDirFile) regular file
03-09 05:02:36.809 1219 1248 E tlogd : [StorageChecker](listDirFile) FileName is /data/tlog/persist/kernel/863_kernel_00223_700101_080010.log.ing
03-09 05:02:36.809 1219 1248 E tlogd : [StorageChecker](listDirFile) regular file
03-09 05:02:36.809 1219 1248 E tlogd : [StorageChecker](listDirFile) FileName is /data/tlog/persist/kernel/864_kernel_00225_700101_080010.log.ing
03-09 05:02:36.809 1219 1248 E tlogd : [StorageChecker](listDirFile) regular file
03-09 05:02:36.809 1219 1248 E tlogd : [StorageChecker](listDirFile) FileName is /data/tlog/persist/kernel/865_kernel_00227_700101_080010.log.ing
03-09 05:02:36.809 1219 1248 E tlogd : [StorageChecker](listDirFile) regular file
03-09 05:02:36.809 1219 1248 E tlogd : [StorageChecker](listDirFile) FileName is /data/tlog/persist/kernel/867_kernel_00231_700101_080010.log.ing
03-09 05:02:36.809 1219 1248 E tlogd : [StorageChecker](listDirFile) regular file
03-09 05:02:36.809 1219 1248 E tlogd : [StorageChecker](listDirFile) FileName is /data/tlog/persist/kernel/871_kernel_00239_700101_080010.log.ing
03-09 05:02:36.809 1219 1248 E tlogd : [StorageChecker](listDirFile) regular file
03-09 05:02:36.809 1219 1248 E tlogd : [StorageChecker](listDirFile) FileName is /data/tlog/persist/kernel/873_kernel_00243_700101_080010.log.ing
03-09 05:02:36.809 1219 1248 E tlogd : [StorageChecker](listDirFile) regular file
03-09 05:02:36.809 1219 1248 E tlogd : [StorageChecker](listDirFile) FileName is /data/tlog/persist/kernel/876_kernel_00248_700101_080009.log
03-09 05:02:36.810 1219 1248 E tlogd : [StorageChecker](listDirFile) regular file
03-09 05:02:36.810 2051 2638 D MediaCodecList: codecHandlesFormat: no format, so no extra checks
01-01 08:00:13.025 0 0 I binder : 2464:2607 ioctl 40046210 71f9a571f4 returned -22
03-09 05:02:36.810 1219 1248 E tlogd : [StorageChecker](listDirFile) FileName is /data/tlog/persist/kernel/877_kernel_00250_700101_080010.log
03-09 05:02:36.810 1219 1248 E tlogd : [StorageChecker](listDirFile) regular file
03-09 05:02:36.810 1219 1248 E tlogd : [StorageChecker](listDirFile) FileName is /data/tlog/persist/kernel/881_kernel_00259_700101_080010.log.ing
03-09 05:02:36.810 1219 1248 E tlogd : [StorageChecker](listDirFile) regular file
03-09 05:02:36.810 1219 1248 E tlogd : [StorageChecker](listDirFile) FileName is /data/tlog/persist/kernel/882_kernel_00261_700101_080010.log.ing
03-09 05:02:36.810 1219 1248 E tlogd : [StorageChecker](listDirFile) regular file
03-09 05:02:36.810 1219 1248 E tlogd : [StorageChecker](listDirFile) FileName is /data/tlog/persist/kernel/883_kernel_00263_700101_080010.log.ing
03-09 05:02:36.810 2051 2638 D MediaCodecList: codecHandlesFormat: no format, so no extra checks
03-09 05:02:36.810 1219 1248 E tlogd : [StorageChecker](listDirFile) regular file
03-09 05:02:36.810 1219 1248 E tlogd : [StorageChecker](listDirFile) FileName is /data/tlog/persist/kernel/883_kernel_00262_700101_080009.log
03-09 05:02:36.810 1219 1248 E tlogd : [StorageChecker](listDirFile) regular file
03-09 05:02:36.810 1219 1248 E tlogd : [StorageChecker](listDirFile) FileName is /data/tlog/persist/kernel/888_kernel_00272_700101_080009.log
03-09 05:02:36.810 1219 1248 E tlogd : [StorageChecker](listDirFile) regular file
03-09 05:02:36.810 1219 1248 E tlogd : [StorageChecker](listDirFile) FileName is /data/tlog/persist/kernel/889_kernel_00274_700101_080009.log
03-09 05:02:36.810 1219 1248 E tlogd : [StorageChecker](listDirFile) regular file
03-09 05:02:36.810 1219 1248 E tlogd : [StorageChecker](listDirFile) FileName is /data/tlog/persist/kernel/891_kernel_00278_700101_080009.log
03-09 05:02:36.810 1219 1248 E tlogd : [StorageChecker](listDirFile) regular file
03-09 05:02:36.810 1219 1248 E tlogd : [StorageChecker](listDirFile) FileName is /data/tlog/persist/kernel/892_kernel_00281_700101_080010.log.ing
03-09 05:02:36.810 1219 1248 E tlogd : [StorageChecker](listDirFile) regular file
03-09 05:02:36.810 1219 1248 E tlogd : [StorageChecker](listDirFile) FileName is /data/tlog/persist/kernel/897_kernel_00291_700101_080010.log.ing
03-09 05:02:36.810 1219 1248 E tlogd : [StorageChecker](listDirFile) regular file
03-09 05:02:36.810 1219 1248 E tlogd : [StorageChecker](listDirFile) FileName is /data/tlog/persist/kernel/893_kernel_00282_700101_080009.log
03-09 05:02:36.810 1219 1248 E tlogd : [StorageChecker](listDirFile) regular file
03-09 05:02:36.810 1219 1248 E tlogd : [StorageChecker](listDirFile) FileName is /data/tlog/persist/kernel/896_kernel_00288_700101_080009.log
03-09 05:02:36.810 1219 1248 E tlogd : [StorageChecker](listDirFile) regular file
03-09 05:02:36.810 1219 1248 E tlogd : [StorageChecker](listDirFile) FileName is /data/tlog/persist/kernel/898_kernel_00293_700101_080010.log.ing
03-09 05:02:36.810 1219 1248 E tlogd : [StorageChecker](listDirFile) regular file
03-09 05:02:36.810 1219 1248 E tlogd : [StorageChecker](listDirFile) FileName is /data/tlog/persist/kernel/900_kernel_00297_700101_080010.log.ing
03-09 05:02:36.810 1219 1248 E tlogd : [StorageChecker](listDirFile) regular file
03-09 05:02:36.810 1219 1248 E tlogd : [StorageChecker](listDirFile) FileName is /data/tlog/persist/kernel/901_kernel_00299_230309_050236.log.ing
03-09 05:02:36.810 1219 1248 E tlogd : [StorageChecker](listDirFile) regular file
03-09 05:02:36.810 1219 1248 E tlogd : [StorageChecker](listDirFile) FileName is /data/tlog/persist/kernel/908_kernel_00313_700101_080010.log.ing
03-09 05:02:36.810 1219 1248 E tlogd : [StorageChecker](listDirFile) regular file
03-09 05:02:36.810 1219 1248 E tlogd : [StorageChecker](listDirFile) FileName is /data/tlog/persist/kernel/907_kernel_00310_700101_080009.log
03-09 05:02:36.810 1219 1248 E tlogd : [StorageChecker](listDirFile) regular file
03-09 05:02:36.810 1219 1248 E tlogd : [StorageChecker](listDirFile) FileName is /data/tlog/persist/kernel/909_kernel_00315_700101_080010.log.ing
03-09 05:02:36.810 1219 1248 E tlogd : [StorageChecker](listDirFile) regular file
03-09 05:02:36.810 1219 1248 E tlogd : [StorageChecker](listDirFile) FileName is /data/tlog/persist/kernel/910_kernel_00317_700101_080010.log.ing
03-09 05:02:36.810 1219 1248 E tlogd : [StorageChecker](listDirFile) regular file
03-09 05:02:36.810 1219 1248 E tlogd : [StorageChecker](listDirFile) FileName is /data/tlog/persist/kernel/913_kernel_00322_700101_080010.log
03-09 05:02:36.810 1219 1248 E tlogd : [StorageChecker](listDirFile) regular file
03-09 05:02:36.810 1219 1248 E tlogd : [StorageChecker](listDirFile) FileName is /data/tlog/persist/kernel/915_kernel_00326_700101_080009.log
03-09 05:02:36.810 1219 1248 E tlogd : [StorageChecker](listDirFile) regular file
03-09 05:02:36.810 1219 1248 E tlogd : [StorageChecker](listDirFile) FileName is /data/tlog/persist/kernel/915_kernel_00327_700101_080010.log.ing
03-09 05:02:36.810 1219 1248 E tlogd : [StorageChecker](listDirFile) regular file
03-09 05:02:36.810 1219 1248 E tlogd : [StorageChecker](listDirFile) FileName is /data/tlog/persist/kernel/918_kernel_00333_700101_080010.log.ing
03-09 05:02:36.810 1219 1248 E tlogd : [StorageChecker](listDirFile) regular file
03-09 05:02:36.810 1219 1248 E tlogd : [StorageChecker](listDirFile) FileName is /data/tlog/persist/kernel/917_kernel_00330_700101_080009.log
03-09 05:02:36.810 1219 1248 E tlogd : [StorageChecker](listDirFile) regular file
03-09 05:02:36.810 1219 1248 E tlogd : [StorageChecker](listDirFile) FileName is /data/tlog/persist/kernel/923_kernel_00342_700101_080009.log
03-09 05:02:36.810 1219 1248 E tlogd : [StorageChecker](listDirFile) regular file
03-09 05:02:36.810 1219 1248 E tlogd : [StorageChecker](listDirFile) FileName is /data/tlog/persist/kernel/920_kernel_00336_700101_080009.log
03-09 05:02:36.810 1219 1248 E tlogd : [StorageChecker](listDirFile) regular file
03-09 05:02:36.810 1219 1248 E tlogd : [StorageChecker](listDirFile) FileName is /data/tlog/persist/kernel/923_kernel_00343_700101_080010.log.ing
03-09 05:02:36.810 1219 1248 E tlogd : [StorageChecker](listDirFile) regular file
03-09 05:02:36.810 1219 1248 E tlogd : [StorageChecker](listDirFile) FileName is /data/tlog/persist/kernel/924_kernel_00344_700101_080009.log
03-09 05:02:36.810 1219 1248 E tlogd : [StorageChecker](listDirFile) regular file
03-09 05:02:36.810 1219 1248 E tlogd : [StorageChecker](listDirFile) FileName is /data/tlog/persist/kernel/926_kernel_00349_700101_080010.log.ing
03-09 05:02:36.810 1219 1248 E tlogd : [StorageChecker](listDirFile) regular file
03-09 05:02:36.810 1219 1248 E tlogd : [StorageChecker](listDirFile) FileName is /data/tlog/persist/kernel/928_kernel_00353_700101_080010.log.ing
03-09 05:02:36.810 1219 1248 E tlogd : [StorageChecker](listDirFile) regular file
03-09 05:02:36.810 1219 1248 E tlogd : [StorageChecker](listDirFile) FileName is /data/tlog/persist/kernel/935_kernel_00367_700101_080010.log.ing
03-09 05:02:36.810 1219 1248 E tlogd : [StorageChecker](listDirFile) regular file
03-09 05:02:36.810 1219 1248 E tlogd : [StorageChecker](listDirFile) FileName is /data/tlog/persist/kernel/936_kernel_00369_700101_080011.log.ing
03-09 05:02:36.810 1219 1248 E tlogd : [StorageChecker](listDirFile) regular file
03-09 05:02:36.810 1219 1248 E tlogd : [StorageChecker](listDirFile) FileName is /data/tlog/persist/kernel/938_kernel_00373_700101_080010.log.ing
03-09 05:02:36.810 1219 1248 E tlogd : [StorageChecker](listDirFile) regular file
03-09 05:02:36.811 1219 1248 E tlogd : [StorageChecker](listDirFile) FileName is /data/tlog/persist/kernel/940_kernel_00376_700101_080009.log
03-09 05:02:36.811 1219 1248 E tlogd : [StorageChecker](listDirFile) regular file
03-09 05:02:36.811 1219 1248 E tlogd : [StorageChecker](listDirFile) FileName is /data/tlog/persist/kernel/940_kernel_00377_700101_080010.log.ing
03-09 05:02:36.811 1219 1248 E tlogd : [StorageChecker](listDirFile) regular file
03-09 05:02:36.811 1219 1248 E tlogd : [StorageChecker](listDirFile) FileName is /data/tlog/persist/kernel/942_kernel_00380_700101_080009.log
03-09 05:02:36.811 1219 1248 E tlogd : [StorageChecker](listDirFile) regular file
03-09 05:02:36.811 1219 1248 E tlogd : [StorageChecker](listDirFile) FileName is /data/tlog/persist/kernel/941_kernel_00378_700101_080009.log
03-09 05:02:36.811 1219 1248 E tlogd : [StorageChecker](listDirFile) regular file
03-09 05:02:36.811 1219 1248 E tlogd : [StorageChecker](listDirFile) FileName is /data/tlog/persist/kernel/943_kernel_00383_700101_080010.log.ing
03-09 05:02:36.811 1219 1248 E tlogd : [StorageChecker](listDirFile) regular file
03-09 05:02:36.811 1219 1248 E tlogd : [StorageChecker](listDirFile) FileName is /data/tlog/persist/kernel/943_kernel_00382_700101_080009.log
03-09 05:02:36.811 1219 1248 E tlogd : [StorageChecker](listDirFile) regular file
03-09 05:02:36.811 1219 1248 E tlogd : [StorageChecker](listDirFile) FileName is /data/tlog/persist/kernel/952_kernel_00401_700101_080010.log.ing
03-09 05:02:36.811 1219 1248 E tlogd : [StorageChecker](listDirFile) regular file
03-09 05:02:36.811 1219 1248 E tlogd : [StorageChecker](listDirFile) FileName is /data/tlog/persist/kernel/953_kernel_00402_700101_080009.log
03-09 05:02:36.811 1219 1248 E tlogd : [StorageChecker](listDirFile) regular file
03-09 05:02:36.811 1219 1248 E tlogd : [StorageChecker](listDirFile) FileName is /data/tlog/persist/kernel/953_kernel_00403_700101_080010.log.ing
03-09 05:02:36.811 1219 1248 E tlogd : [StorageChecker](listDirFile) regular file
03-09 05:02:36.811 1219 1248 E tlogd : [StorageChecker](listDirFile) FileName is /data/tlog/persist/kernel/959_kernel_00414_700101_080009.log
03-09 05:02:36.811 1219 1248 E tlogd : [StorageChecker](listDirFile) regular file
03-09 05:02:36.811 1219 1248 E tlogd : [StorageChecker](listDirFile) FileName is /data/tlog/persist/kernel/962_kernel_00420_700101_080009.log
03-09 05:02:36.811 1219 1248 E tlogd : [StorageChecker](listDirFile) regular file
03-09 05:02:36.811 1219 1248 E tlogd : [StorageChecker](listDirFile) FileName is /data/tlog/persist/kernel/962_kernel_00421_700101_080010.log.ing
03-09 05:02:36.811 1219 1248 E tlogd : [StorageChecker](listDirFile) regular file
03-09 05:02:36.811 1219 1248 E tlogd : [StorageChecker](listDirFile) FileName is /data/tlog/persist/kernel/963_kernel_00422_700101_080009.log
03-09 05:02:36.811 1219 1248 E tlogd : [StorageChecker](listDirFile) regular file
03-09 05:02:36.811 1219 1248 E tlogd : [StorageChecker](listDirFile) FileName is /data/tlog/persist/kernel/964_kernel_00424_700101_080009.log
03-09 05:02:36.811 1219 1248 E tlogd : [StorageChecker](listDirFile) regular file
03-09 05:02:36.811 1219 1248 E tlogd : [StorageChecker](listDirFile) FileName is /data/tlog/persist/kernel/964_kernel_00425_700101_080010.log.ing
03-09 05:02:36.811 1219 1248 E tlogd : [StorageChecker](listDirFile) regular file
03-09 05:02:36.811 1219 1248 E tlogd : [StorageChecker](listDirFile) FileName is /data/tlog/persist/kernel/965_kernel_00427_700101_080010.log.ing
03-09 05:02:36.811 1219 1248 E tlogd : [StorageChecker](listDirFile) regular file
03-09 05:02:36.811 1219 1248 E tlogd : [StorageChecker](listDirFile) FileName is /data/tlog/persist/kernel/968_kernel_00433_700101_080010.log.ing
03-09 05:02:36.811 1219 1248 E tlogd : [StorageChecker](listDirFile) regular file
03-09 05:02:36.811 1219 1248 E tlogd : [StorageChecker](listDirFile) FileName is /data/tlog/persist/kernel/968_kernel_00432_700101_080009.log
03-09 05:02:36.811 1219 1248 E tlogd : [StorageChecker](listDirFile) regular file
03-09 05:02:36.811 1219 1248 E tlogd : [StorageChecker](listDirFile) FileName is /data/tlog/persist/kernel/975_kernel_00447_700101_080010.log.ing
03-09 05:02:36.811 1219 1248 E tlogd : [StorageChecker](listDirFile) regular file
03-09 05:02:36.811 1219 1248 E tlogd : [StorageChecker](listDirFile) FileName is /data/tlog/persist/kernel/978_kernel_00452_700101_080009.log
03-09 05:02:36.811 1219 1248 E tlogd : [StorageChecker](listDirFile) regular file
03-09 05:02:36.811 1219 1248 E tlogd : [StorageChecker](listDirFile) FileName is /data/tlog/persist/kernel/978_kernel_00453_700101_080010.log.ing
03-09 05:02:36.811 1219 1248 E tlogd : [StorageChecker](listDirFile) regular file
03-09 05:02:36.811 1219 1248 E tlogd : [StorageChecker](listDirFile) FileName is /data/tlog/persist/kernel/979_kernel_00454_700101_080009.log
03-09 05:02:36.811 1219 1248 E tlogd : [StorageChecker](listDirFile) regular file
03-09 05:02:36.811 1219 1248 E tlogd : [StorageChecker](listDirFile) FileName is /data/tlog/persist/kernel/982_kernel_00461_700101_080010.log.ing
03-09 05:02:36.811 1219 1248 E tlogd : [StorageChecker](listDirFile) regular file
03-09 05:02:36.811 1219 1248 E tlogd : [StorageChecker](listDirFile) FileName is /data/tlog/persist/kernel/986_kernel_00469_700101_080010.log.ing
03-09 05:02:36.811 1219 1248 E tlogd : [StorageChecker](listDirFile) regular file
03-09 05:02:36.811 1219 1248 E tlogd : [StorageChecker](listDirFile) FileName is /data/tlog/persist/kernel/990_kernel_00477_700101_080010.log.ing
03-09 05:02:36.811 1219 1248 E tlogd : [StorageChecker](listDirFile) regular file
03-09 05:02:36.811 1219 1248 E tlogd : [StorageChecker](listDirFile) FileName is /data/tlog/persist/kernel/994_kernel_00485_700101_080010.log.ing
03-09 05:02:36.811 1219 1248 E tlogd : [StorageChecker](listDirFile) regular file
03-09 05:02:36.811 1219 1248 E tlogd : [StorageChecker](listDirFile) FileName is /data/tlog/persist/kernel/996_kernel_00488_700101_080009.log
03-09 05:02:36.811 1537 1568 W System : A resource failed to call release.
03-09 05:02:36.811 1219 1248 E tlogd : [StorageChecker](listDirFile) regular file
03-09 05:02:36.811 1219 1248 E tlogd : [StorageChecker](listDirFile) FileName is /data/tlog/persist/kernel/856_kernel_00208_700101_080009.log
03-09 05:02:36.811 1219 1248 E tlogd : [StorageChecker](listDirFile) regular file
03-09 05:02:36.811 1537 1568 W System : A resource failed to call release.
03-09 05:02:36.811 1219 1248 E tlogd : [StorageChecker](listDirFile) FileName is /data/tlog/persist/kernel/857_kernel_00211_700101_080010.log.ing
03-09 05:02:36.811 1219 1248 E tlogd : [StorageChecker](listDirFile) regular file
03-09 05:02:36.811 1537 1568 W System : A resource failed to call release.
03-09 05:02:36.811 1219 1248 E tlogd : [StorageChecker](listDirFile) FileName is /data/tlog/persist/kernel/858_kernel_00213_700101_080010.log.ing
03-09 05:02:36.811 1537 1568 W System : A resource failed to call release.
03-09 05:02:36.811 1219 1248 E tlogd : [StorageChecker](listDirFile) regular file
03-09 05:02:36.812 1537 1568 W System : A resource failed to call release.
03-09 05:02:36.812 1219 1248 E tlogd : [StorageChecker](listDirFile) FileName is /data/tlog/persist/kernel/859_kernel_00215_700101_080010.log.ing
03-09 05:02:36.812 1219 1248 E tlogd : [StorageChecker](listDirFile) regular file
03-09 05:02:36.812 1219 1248 E tlogd : [StorageChecker](listDirFile) FileName is /data/tlog/persist/kernel/859_kernel_00214_700101_080009.log
03-09 05:02:36.812 1219 1248 E tlogd : [StorageChecker](listDirFile) regular file
03-09 05:02:36.812 1219 1248 E tlogd : [StorageChecker](listDirFile) FileName is /data/tlog/persist/kernel/861_kernel_00218_700101_080009.log
03-09 05:02:36.812 1219 1248 E tlogd : [StorageChecker](listDirFile) regular file
03-09 05:02:36.812 1219 1248 E tlogd : [StorageChecker](listDirFile) FileName is /data/tlog/persist/kernel/862_kernel_00220_700101_080009.log
03-09 05:02:36.812 1219 1248 E tlogd : [StorageChecker](listDirFile) regular file
03-09 05:02:36.812 1219 1248 E tlogd : [StorageChecker](listDirFile) FileName is /data/tlog/persist/kernel/866_kernel_00229_700101_080010.log.ing
03-09 05:02:36.812 844 844 I SDM : HWCDisplay::GetColorModeCount: Supported color mode count = 1
03-09 05:02:36.812 1219 1248 E tlogd : [StorageChecker](listDirFile) regular file
03-09 05:02:36.812 844 844 I SDM : HWCDisplay::GetColorModes: Color mode = 0 is supported
03-09 05:02:36.812 1219 1248 E tlogd : [StorageChecker](listDirFile) FileName is /data/tlog/persist/kernel/863_kernel_00222_700101_080009.log
03-09 05:02:36.812 1219 1248 E tlogd : [StorageChecker](listDirFile) regular file
01-01 08:00:13.026 0 0 I bt_configure_gpios: BTON:Turn Bt On bt-reset-gpio(1121) value(1)
01-01 08:00:13.026 0 0 I bt_configure_gpios: BTON:Turn Bt On
01-01 08:00:13.026 0 0 I bt_configure_gpios: bt-sw-ctrl-gpio(1224) value(1)
01-01 08:00:13.026 0 0 I bt_configure_gpios: bt_gpio= 1121 on: 1 is successful
01-01 08:00:13.029 0 0 I binder : 2051:2641 ioctl 40046210 718eefa124 returned -22
03-09 05:02:36.812 1219 1248 E tlogd : [StorageChecker](listDirFile) FileName is /data/tlog/persist/kernel/872_kernel_00241_700101_080010.log.ing
03-09 05:02:36.812 1219 1248 E tlogd : [StorageChecker](listDirFile) regular file
03-09 05:02:36.812 1219 1248 E tlogd : [StorageChecker](listDirFile) FileName is /data/tlog/persist/kernel/870_kernel_00236_700101_080009.log
03-09 05:02:36.812 1219 1248 E tlogd : [StorageChecker](listDirFile) regular file
03-09 05:02:36.812 1219 1248 E tlogd : [StorageChecker](listDirFile) FileName is /data/tlog/persist/kernel/873_kernel_00242_700101_080009.log
03-09 05:02:36.812 1219 1248 E tlogd : [StorageChecker](listDirFile) regular file
03-09 05:02:36.812 911 1674 E HWComposer: getSupportedContentTypes: getSupportedContentTypes failed for display 4630946370410392961: Unsupported (8)
03-09 05:02:36.812 1219 1248 E tlogd : [StorageChecker](listDirFile) FileName is /data/tlog/persist/kernel/874_kernel_00245_700101_080009.log.ing
03-09 05:02:36.812 1219 1248 E tlogd : [StorageChecker](listDirFile) regular file
03-09 05:02:36.812 1219 1248 E tlogd : [StorageChecker](listDirFile) FileName is /data/tlog/persist/kernel/876_kernel_00249_700101_080010.log.ing
03-09 05:02:36.812 1219 1248 E tlogd : [StorageChecker](listDirFile) regular file
03-09 05:02:36.812 1219 1248 E tlogd : [StorageChecker](listDirFile) FileName is /data/tlog/persist/kernel/878_kernel_00253_700101_080010.log.ing
03-09 05:02:36.812 1219 1248 E tlogd : [StorageChecker](listDirFile) regular file
03-09 05:02:36.812 1219 1248 E tlogd : [StorageChecker](listDirFile) FileName is /data/tlog/persist/kernel/880_kernel_00257_700101_080010.log.ing
03-09 05:02:36.812 1219 1248 E tlogd : [StorageChecker](listDirFile) regular file
03-09 05:02:36.812 1219 1248 E tlogd : [StorageChecker](listDirFile) FileName is /data/tlog/persist/kernel/881_kernel_00258_700101_080009.log
03-09 05:02:36.812 1219 1248 E tlogd : [StorageChecker](listDirFile) regular file
03-09 05:02:36.812 1219 1248 E tlogd : [StorageChecker](listDirFile) FileName is /data/tlog/persist/kernel/884_kernel_00265_700101_080010.log.ing
03-09 05:02:36.812 1219 1248 E tlogd : [StorageChecker](listDirFile) regular file
03-09 05:02:36.812 1219 1248 E tlogd : [StorageChecker](listDirFile) FileName is /data/tlog/persist/kernel/882_kernel_00260_700101_080009.log
03-09 05:02:36.812 1219 1248 E tlogd : [StorageChecker](listDirFile) regular file
03-09 05:02:36.812 1219 1248 E tlogd : [StorageChecker](listDirFile) FileName is /data/tlog/persist/kernel/888_kernel_00273_700101_080010.log.ing
03-09 05:02:36.812 1219 1248 E tlogd : [StorageChecker](listDirFile) regular file
03-09 05:02:36.812 1219 1248 E tlogd : [StorageChecker](listDirFile) FileName is /data/tlog/persist/kernel/889_kernel_00275_700101_080010.log.ing
03-09 05:02:36.812 1219 1248 E tlogd : [StorageChecker](listDirFile) regular file
03-09 05:02:36.812 1219 1248 E tlogd : [StorageChecker](listDirFile) FileName is /data/tlog/persist/kernel/890_kernel_00276_700101_080010.log
03-09 05:02:36.812 2464 2607 D hw-ProcessState: Binder ioctl to enable oneway spam detection failed: Invalid argument
03-09 05:02:36.812 1219 1248 E tlogd : [StorageChecker](listDirFile) regular file
03-09 05:02:36.812 1219 1248 E tlogd : [StorageChecker](listDirFile) FileName is /data/tlog/persist/kernel/893_kernel_00283_700101_080010.log.ing
03-09 05:02:36.812 1219 1248 E tlogd : [StorageChecker](listDirFile) regular file
03-09 05:02:36.812 1219 1248 E tlogd : [StorageChecker](listDirFile) FileName is /data/tlog/persist/kernel/892_kernel_00280_700101_080009.log
03-09 05:02:36.812 1219 1248 E tlogd : [StorageChecker](listDirFile) regular file
03-09 05:02:36.812 1219 1248 E tlogd : [StorageChecker](listDirFile) FileName is /data/tlog/persist/kernel/895_kernel_00287_700101_080010.log.ing
03-09 05:02:36.812 1219 1248 E tlogd : [StorageChecker](listDirFile) regular file
03-09 05:02:36.812 1219 1248 E tlogd : [StorageChecker](listDirFile) FileName is /data/tlog/persist/kernel/896_kernel_00289_700101_080010.log.ing
03-09 05:02:36.812 1219 1248 E tlogd : [StorageChecker](listDirFile) regular file
03-09 05:02:36.812 1219 1248 E tlogd : [StorageChecker](listDirFile) FileName is /data/tlog/persist/kernel/899_kernel_00294_700101_080009.log
03-09 05:02:36.812 1219 1248 E tlogd : [StorageChecker](listDirFile) regular file
03-09 05:02:36.812 1219 1248 E tlogd : [StorageChecker](listDirFile) FileName is /data/tlog/persist/kernel/902_kernel_00301_700101_080010.log.ing
03-09 05:02:36.812 1219 1248 E tlogd : [StorageChecker](listDirFile) regular file
03-09 05:02:36.812 1219 1248 E tlogd : [StorageChecker](listDirFile) FileName is /data/tlog/persist/kernel/903_kernel_00302_700101_080009.log
03-09 05:02:36.812 1219 1248 E tlogd : [StorageChecker](listDirFile) regular file
03-09 05:02:36.812 1219 1248 E tlogd : [StorageChecker](listDirFile) FileName is /data/tlog/persist/kernel/904_kernel_00305_700101_080010.log.ing
03-09 05:02:36.812 1219 1248 E tlogd : [StorageChecker](listDirFile) regular file
03-09 05:02:36.812 1219 1248 E tlogd : [StorageChecker](listDirFile) FileName is /data/tlog/persist/kernel/906_kernel_00309_700101_080010.log.ing
03-09 05:02:36.812 1219 1248 E tlogd : [StorageChecker](listDirFile) regular file
03-09 05:02:36.812 1219 1248 E tlogd : [StorageChecker](listDirFile) FileName is /data/tlog/persist/kernel/907_kernel_00311_700101_080010.log.ing
03-09 05:02:36.812 1219 1248 E tlogd : [StorageChecker](listDirFile) regular file
03-09 05:02:36.812 1219 1248 E tlogd : [StorageChecker](listDirFile) FileName is /data/tlog/persist/kernel/911_kernel_00318_700101_080009.log
03-09 05:02:36.812 1219 1248 E tlogd : [StorageChecker](listDirFile) regular file
