03-09 05:02:37.559 2742 2742 I crash_dump64: type=1400 audit(0.0:825): avc: denied { getattr } for path="/dev/__properties__/u:object_r:sendbug_config_prop:s0" dev="tmpfs" ino=12997 scontext=u:r:crash_dump:s0 tcontext=u:object_r:sendbug_config_prop:s0 tclass=file permissive=1
03-09 05:02:37.559 2742 2742 I crash_dump64: type=1400 audit(0.0:826): avc: denied { map } for path="/dev/__properties__/u:object_r:sendbug_config_prop:s0" dev="tmpfs" ino=12997 scontext=u:r:crash_dump:s0 tcontext=u:object_r:sendbug_config_prop:s0 tclass=file permissive=1
03-09 05:02:37.559 2742 2742 I crash_dump64: type=1400 audit(0.0:827): avc: denied { open } for path="/dev/__properties__/u:object_r:safemode_prop:s0" dev="tmpfs" ino=12996 scontext=u:r:crash_dump:s0 tcontext=u:object_r:safemode_prop:s0 tclass=file permissive=1
03-09 05:02:37.559 2742 2742 I crash_dump64: type=1400 audit(0.0:828): avc: denied { getattr } for path="/dev/__properties__/u:object_r:safemode_prop:s0" dev="tmpfs" ino=12996 scontext=u:r:crash_dump:s0 tcontext=u:object_r:safemode_prop:s0 tclass=file permissive=1
03-09 05:02:37.559 2742 2742 I crash_dump64: type=1400 audit(0.0:829): avc: denied { map } for path="/dev/__properties__/u:object_r:safemode_prop:s0" dev="tmpfs" ino=12996 scontext=u:r:crash_dump:s0 tcontext=u:object_r:safemode_prop:s0 tclass=file permissive=1
03-09 05:02:37.559 2742 2742 I crash_dump64: type=1400 audit(0.0:830): avc: denied { open } for path="/dev/__properties__/u:object_r:retaildemo_prop:s0" dev="tmpfs" ino=12994 scontext=u:r:crash_dump:s0 tcontext=u:object_r:retaildemo_prop:s0 tclass=file permissive=1
03-09 05:02:37.559 2742 2742 I crash_dump64: type=1400 audit(0.0:831): avc: denied { getattr } for path="/dev/__properties__/u:object_r:retaildemo_prop:s0" dev="tmpfs" ino=12994 scontext=u:r:crash_dump:s0 tcontext=u:object_r:retaildemo_prop:s0 tclass=file permissive=1
03-09 05:02:37.559 2742 2742 I crash_dump64: type=1400 audit(0.0:832): avc: denied { map } for path="/dev/__properties__/u:object_r:retaildemo_prop:s0" dev="tmpfs" ino=12994 scontext=u:r:crash_dump:s0 tcontext=u:object_r:retaildemo_prop:s0 tclass=file permissive=1
03-09 05:02:37.559 2742 2742 I crash_dump64: type=1400 audit(0.0:833): avc: denied { open } for path="/dev/__properties__/u:object_r:recovery_config_prop:s0" dev="tmpfs" ino=12992 scontext=u:r:crash_dump:s0 tcontext=u:object_r:recovery_config_prop:s0 tclass=file permissive=1
03-09 05:02:37.559 2742 2742 I crash_dump64: type=1400 audit(0.0:834): avc: denied { getattr } for path="/dev/__properties__/u:object_r:recovery_config_prop:s0" dev="tmpfs" ino=12992 scontext=u:r:crash_dump:s0 tcontext=u:object_r:recovery_config_prop:s0 tclass=file permissive=1
03-09 05:02:37.559 2742 2742 I crash_dump64: type=1400 audit(0.0:835): avc: denied { map } for path="/dev/__properties__/u:object_r:recovery_config_prop:s0" dev="tmpfs" ino=12992 scontext=u:r:crash_dump:s0 tcontext=u:object_r:recovery_config_prop:s0 tclass=file permissive=1
03-09 05:02:37.559 2742 2742 I crash_dump64: type=1400 audit(0.0:836): avc: denied { open } for path="/dev/__properties__/u:object_r:rebootescrow_hal_prop:s0" dev="tmpfs" ino=12991 scontext=u:r:crash_dump:s0 tcontext=u:object_r:rebootescrow_hal_prop:s0 tclass=file permissive=1
03-09 05:02:37.559 2742 2742 I crash_dump64: type=1400 audit(0.0:837): avc: denied { getattr } for path="/dev/__properties__/u:object_r:rebootescrow_hal_prop:s0" dev="tmpfs" ino=12991 scontext=u:r:crash_dump:s0 tcontext=u:object_r:rebootescrow_hal_prop:s0 tclass=file permissive=1
03-09 05:02:37.559 2742 2742 I crash_dump64: type=1400 audit(0.0:838): avc: denied { map } for path="/dev/__properties__/u:object_r:rebootescrow_hal_prop:s0" dev="tmpfs" ino=12991 scontext=u:r:crash_dump:s0 tcontext=u:object_r:rebootescrow_hal_prop:s0 tclass=file permissive=1
03-09 05:02:37.559 2742 2742 I crash_dump64: type=1400 audit(0.0:839): avc: denied { open } for path="/dev/__properties__/u:object_r:radio_cdma_ecm_prop:s0" dev="tmpfs" ino=12988 scontext=u:r:crash_dump:s0 tcontext=u:object_r:radio_cdma_ecm_prop:s0 tclass=file permissive=1
03-09 05:02:37.559 2742 2742 I crash_dump64: type=1400 audit(0.0:840): avc: denied { getattr } for path="/dev/__properties__/u:object_r:radio_cdma_ecm_prop:s0" dev="tmpfs" ino=12988 scontext=u:r:crash_dump:s0 tcontext=u:object_r:radio_cdma_ecm_prop:s0 tclass=file permissive=1
03-09 05:02:37.571 2739 2739 D vold_prepare_subdirs: Setting up mode 771 uid 0 gid 1000 context u:object_r:apex_wifi_data_file:s0 on path: /data/misc_ce/0/apexdata/com.android.wifi
03-09 05:02:37.572 2739 2739 D vold_prepare_subdirs: Setting up mode 771 uid 0 gid 1000 context u:object_r:apex_module_data_file:s0 on path: /data/misc_ce/0/apexdata/com.android.vndk.v31
03-09 05:02:37.572 2739 2739 D vold_prepare_subdirs: Setting up mode 771 uid 0 gid 1000 context u:object_r:apex_module_data_file:s0 on path: /data/misc_ce/0/apexdata/com.android.tzdata
03-09 05:02:37.573 2739 2739 D vold_prepare_subdirs: Setting up mode 771 uid 0 gid 1000 context u:object_r:apex_module_data_file:s0 on path: /data/misc_ce/0/apexdata/com.android.tethering
03-09 05:02:37.559 2742 2742 I crash_dump64: type=1400 audit(0.0:842): avc: denied { open } for path="/dev/__properties__/u:object_r:qemu_sf_lcd_density_prop:s0" dev="tmpfs" ino=12987 scontext=u:r:crash_dump:s0 tcontext=u:object_r:qemu_sf_lcd_density_prop:s0 tclass=file permissive=1
03-09 05:02:37.559 2742 2742 I crash_dump64: type=1400 audit(0.0:843): avc: denied { getattr } for path="/dev/__properties__/u:object_r:qemu_sf_lcd_density_prop:s0" dev="tmpfs" ino=12987 scontext=u:r:crash_dump:s0 tcontext=u:object_r:qemu_sf_lcd_density_prop:s0 tclass=file permissive=1
03-09 05:02:37.559 2742 2742 I crash_dump64: type=1400 audit(0.0:844): avc: denied { map } for path="/dev/__properties__/u:object_r:qemu_sf_lcd_density_prop:s0" dev="tmpfs" ino=12987 scontext=u:r:crash_dump:s0 tcontext=u:object_r:qemu_sf_lcd_density_prop:s0 tclass=file permissive=1
03-09 05:02:37.559 2742 2742 I crash_dump64: type=1400 audit(0.0:845): avc: denied { open } for path="/dev/__properties__/u:object_r:qemu_hw_prop:s0" dev="tmpfs" ino=12986 scontext=u:r:crash_dump:s0 tcontext=u:object_r:qemu_hw_prop:s0 tclass=file permissive=1
03-09 05:02:37.559 2742 2742 I crash_dump64: type=1400 audit(0.0:846): avc: denied { getattr } for path="/dev/__properties__/u:object_r:qemu_hw_prop:s0" dev="tmpfs" ino=12986 scontext=u:r:crash_dump:s0 tcontext=u:object_r:qemu_hw_prop:s0 tclass=file permissive=1
03-09 05:02:37.559 2742 2742 I crash_dump64: type=1400 audit(0.0:847): avc: denied { map } for path="/dev/__properties__/u:object_r:qemu_hw_prop:s0" dev="tmpfs" ino=12986 scontext=u:r:crash_dump:s0 tcontext=u:object_r:qemu_hw_prop:s0 tclass=file permissive=1
03-09 05:02:37.573 2738 2738 W alcomm.locatio: ClassLoaderContext classpath size mismatch. expected=1, found=0 (PCL[/system/framework/com.android.location.provider.jar*3633238673] | PCL[])
03-09 05:02:37.573 2739 2739 D vold_prepare_subdirs: Setting up mode 771 uid 0 gid 1000 context u:object_r:apex_module_data_file:s0 on path: /data/misc_ce/0/apexdata/com.android.sdkext
03-09 05:02:37.573 2739 2739 D vold_prepare_subdirs: Setting up mode 771 uid 0 gid 1000 context u:object_r:apex_module_data_file:s0 on path: /data/misc_ce/0/apexdata/com.android.scheduling
03-09 05:02:37.559 2742 2742 I crash_dump64: type=1400 audit(0.0:848): avc: denied { open } for path="/dev/__properties__/u:object_r:provisioned_prop:s0" dev="tmpfs" ino=12985 scontext=u:r:crash_dump:s0 tcontext=u:object_r:provisioned_prop:s0 tclass=file permissive=1
03-09 05:02:37.574 2739 2739 D vold_prepare_subdirs: Setting up mode 771 uid 0 gid 1000 context u:object_r:apex_module_data_file:s0 on path: /data/misc_ce/0/apexdata/com.android.runtime
03-09 05:02:37.559 2742 2742 I crash_dump64: type=1400 audit(0.0:849): avc: denied { getattr } for path="/dev/__properties__/u:object_r:provisioned_prop:s0" dev="tmpfs" ino=12985 scontext=u:r:crash_dump:s0 tcontext=u:object_r:provisioned_prop:s0 tclass=file permissive=1
03-09 05:02:37.575 2739 2739 D vold_prepare_subdirs: Setting up mode 771 uid 0 gid 1000 context u:object_r:apex_module_data_file:s0 on path: /data/misc_ce/0/apexdata/com.android.resolv
03-09 05:02:37.559 2742 2742 I crash_dump64: type=1400 audit(0.0:850): avc: denied { map } for path="/dev/__properties__/u:object_r:provisioned_prop:s0" dev="tmpfs" ino=12985 scontext=u:r:crash_dump:s0 tcontext=u:object_r:provisioned_prop:s0 tclass=file permissive=1
03-09 05:02:37.559 2742 2742 I crash_dump64: type=1400 audit(0.0:851): avc: denied { open } for path="/dev/__properties__/u:object_r:profcollectd_node_id_prop:s0" dev="tmpfs" ino=12983 scontext=u:r:crash_dump:s0 tcontext=u:object_r:profcollectd_node_id_prop:s0 tclass=file permissive=1
03-09 05:02:37.559 2742 2742 I crash_dump64: type=1400 audit(0.0:852): avc: denied { getattr } for path="/dev/__properties__/u:object_r:profcollectd_node_id_prop:s0" dev="tmpfs" ino=12983 scontext=u:r:crash_dump:s0 tcontext=u:object_r:profcollectd_node_id_prop:s0 tclass=file permissive=1
03-09 05:02:37.559 2742 2742 I crash_dump64: type=1400 audit(0.0:853): avc: denied { map } for path="/dev/__properties__/u:object_r:profcollectd_node_id_prop:s0" dev="tmpfs" ino=12983 scontext=u:r:crash_dump:s0 tcontext=u:object_r:profcollectd_node_id_prop:s0 tclass=file permissive=1
03-09 05:02:37.575 2739 2739 D vold_prepare_subdirs: Setting up mode 771 uid 0 gid 1000 context u:object_r:apex_permission_data_file:s0 on path: /data/misc_ce/0/apexdata/com.android.permission
03-09 05:02:37.559 2742 2742 I crash_dump64: type=1400 audit(0.0:854): avc: denied { open } for path="/dev/__properties__/u:object_r:power_debug_prop:s0" dev="tmpfs" ino=12981 scontext=u:r:crash_dump:s0 tcontext=u:object_r:power_debug_prop:s0 tclass=file permissive=1
03-09 05:02:37.559 2742 2742 I crash_dump64: type=1400 audit(0.0:855): avc: denied { getattr } for path="/dev/__properties__/u:object_r:power_debug_prop:s0" dev="tmpfs" ino=12981 scontext=u:r:crash_dump:s0 tcontext=u:object_r:power_debug_prop:s0 tclass=file permissive=1
03-09 05:02:37.559 2742 2742 I crash_dump64: type=1400 audit(0.0:856): avc: denied { map } for path="/dev/__properties__/u:object_r:power_debug_prop:s0" dev="tmpfs" ino=12981 scontext=u:r:crash_dump:s0 tcontext=u:object_r:power_debug_prop:s0 tclass=file permissive=1
03-09 05:02:37.575 2739 2739 D vold_prepare_subdirs: Setting up mode 771 uid 0 gid 1000 context u:object_r:apex_module_data_file:s0 on path: /data/misc_ce/0/apexdata/com.android.os.statsd
03-09 05:02:37.559 2742 2742 I crash_dump64: type=1400 audit(0.0:857): avc: denied { open } for path="/dev/__properties__/u:object_r:persistent_properties_ready_prop:s0" dev="tmpfs" ino=12979 scontext=u:r:crash_dump:s0 tcontext=u:object_r:persistent_properties_ready_prop:s0 tclass=file permissive=1
03-09 05:02:37.559 2742 2742 I crash_dump64: type=1400 audit(0.0:858): avc: denied { getattr } for path="/dev/__properties__/u:object_r:persistent_properties_ready_prop:s0" dev="tmpfs" ino=12979 scontext=u:r:crash_dump:s0 tcontext=u:object_r:persistent_properties_ready_prop:s0 tclass=file permissive=1
03-09 05:02:37.559 2742 2742 I crash_dump64: type=1400 audit(0.0:859): avc: denied { map } for path="/dev/__properties__/u:object_r:persistent_properties_ready_prop:s0" dev="tmpfs" ino=12979 scontext=u:r:crash_dump:s0 tcontext=u:object_r:persistent_properties_ready_prop:s0 tclass=file permissive=1
03-09 05:02:37.559 2742 2742 I crash_dump64: type=1400 audit(0.0:860): avc: denied { open } for path="/dev/__properties__/u:object_r:persist_vendor_debug_wifi_prop:s0" dev="tmpfs" ino=12978 scontext=u:r:crash_dump:s0 tcontext=u:object_r:persist_vendor_debug_wifi_prop:s0 tclass=file permissive=1
03-09 05:02:37.576 2739 2739 D vold_prepare_subdirs: Setting up mode 771 uid 0 gid 1000 context u:object_r:apex_module_data_file:s0 on path: /data/misc_ce/0/apexdata/com.android.neuralnetworks
03-09 05:02:37.559 2742 2742 I crash_dump64: type=1400 audit(0.0:861): avc: denied { getattr } for path="/dev/__properties__/u:object_r:persist_vendor_debug_wifi_prop:s0" dev="tmpfs" ino=12978 scontext=u:r:crash_dump:s0 tcontext=u:object_r:persist_vendor_debug_wifi_prop:s0 tclass=file permissive=1
03-09 05:02:37.559 2742 2742 I crash_dump64: type=1400 audit(0.0:862): avc: denied { map } for path="/dev/__properties__/u:object_r:persist_vendor_debug_wifi_prop:s0" dev="tmpfs" ino=12978 scontext=u:r:crash_dump:s0 tcontext=u:object_r:persist_vendor_debug_wifi_prop:s0 tclass=file permissive=1
03-09 05:02:37.559 2742 2742 I crash_dump64: type=1400 audit(0.0:863): avc: denied { open } for path="/dev/__properties__/u:object_r:perf_drop_caches_prop:s0" dev="tmpfs" ino=12976 scontext=u:r:crash_dump:s0 tcontext=u:object_r:perf_drop_caches_prop:s0 tclass=file permissive=1
03-09 05:02:37.559 2742 2742 I crash_dump64: type=1400 audit(0.0:864): avc: denied { getattr } for path="/dev/__properties__/u:object_r:perf_drop_caches_prop:s0" dev="tmpfs" ino=12976 scontext=u:r:crash_dump:s0 tcontext=u:object_r:perf_drop_caches_prop:s0 tclass=file permissive=1
03-09 05:02:37.576 2739 2739 D vold_prepare_subdirs: Setting up mode 771 uid 0 gid 1000 context u:object_r:apex_module_data_file:s0 on path: /data/misc_ce/0/apexdata/com.android.mediaprovider
03-09 05:02:37.559 2742 2742 I crash_dump64: type=1400 audit(0.0:865): avc: denied { map } for path="/dev/__properties__/u:object_r:perf_drop_caches_prop:s0" dev="tmpfs" ino=12976 scontext=u:r:crash_dump:s0 tcontext=u:object_r:perf_drop_caches_prop:s0 tclass=file permissive=1
03-09 05:02:37.559 2742 2742 I crash_dump64: type=1400 audit(0.0:866): avc: denied { open } for path="/dev/__properties__/u:object_r:packagemanager_config_prop:s0" dev="tmpfs" ino=12974 scontext=u:r:crash_dump:s0 tcontext=u:object_r:packagemanager_config_prop:s0 tclass=file permissive=1
03-09 05:02:37.559 2742 2742 I crash_dump64: type=1400 audit(0.0:867): avc: denied { getattr } for path="/dev/__properties__/u:object_r:packagemanager_config_prop:s0" dev="tmpfs" ino=12974 scontext=u:r:crash_dump:s0 tcontext=u:object_r:packagemanager_config_prop:s0 tclass=file permissive=1
03-09 05:02:37.576 2739 2739 D vold_prepare_subdirs: Setting up mode 771 uid 0 gid 1000 context u:object_r:apex_module_data_file:s0 on path: /data/misc_ce/0/apexdata/com.android.media.swcodec
03-09 05:02:37.559 2742 2742 I crash_dump64: type=1400 audit(0.0:868): avc: denied { map } for path="/dev/__properties__/u:object_r:packagemanager_config_prop:s0" dev="tmpfs" ino=12974 scontext=u:r:crash_dump:s0 tcontext=u:object_r:packagemanager_config_prop:s0 tclass=file permissive=1
03-09 05:02:37.559 2742 2742 I crash_dump64: type=1400 audit(0.0:869): avc: denied { open } for path="/dev/__properties__/u:object_r:overlay_prop:s0" dev="tmpfs" ino=12973 scontext=u:r:crash_dump:s0 tcontext=u:object_r:overlay_prop:s0 tclass=file permissive=1
03-09 05:02:37.559 2742 2742 I crash_dump64: type=1400 audit(0.0:870): avc: denied { getattr } for path="/dev/__properties__/u:object_r:overlay_prop:s0" dev="tmpfs" ino=12973 scontext=u:r:crash_dump:s0 tcontext=u:object_r:overlay_prop:s0 tclass=file permissive=1
03-09 05:02:37.559 2742 2742 I crash_dump64: type=1400 audit(0.0:871): avc: denied { map } for path="/dev/__properties__/u:object_r:overlay_prop:s0" dev="tmpfs" ino=12973 scontext=u:r:crash_dump:s0 tcontext=u:object_r:overlay_prop:s0 tclass=file permissive=1
03-09 05:02:37.576 2739 2739 D vold_prepare_subdirs: Setting up mode 771 uid 0 gid 1000 context u:object_r:apex_module_data_file:s0 on path: /data/misc_ce/0/apexdata/com.android.media
03-09 05:02:37.559 2742 2742 I crash_dump64: type=1400 audit(0.0:872): avc: denied { open } for path="/dev/__properties__/u:object_r:oem_unlock_prop:s0" dev="tmpfs" ino=12971 scontext=u:r:crash_dump:s0 tcontext=u:object_r:oem_unlock_prop:s0 tclass=file permissive=1
03-09 05:02:37.559 2742 2742 I crash_dump64: type=1400 audit(0.0:873): avc: denied { getattr } for path="/dev/__properties__/u:object_r:oem_unlock_prop:s0" dev="tmpfs" ino=12971 scontext=u:r:crash_dump:s0 tcontext=u:object_r:oem_unlock_prop:s0 tclass=file permissive=1
03-09 05:02:37.559 2742 2742 I crash_dump64: type=1400 audit(0.0:874): avc: denied { map } for path="/dev/__properties__/u:object_r:oem_unlock_prop:s0" dev="tmpfs" ino=12971 scontext=u:r:crash_dump:s0 tcontext=u:object_r:oem_unlock_prop:s0 tclass=file permissive=1
03-09 05:02:37.577 2739 2739 D vold_prepare_subdirs: Setting up mode 771 uid 0 gid 1000 context u:object_r:apex_module_data_file:s0 on path: /data/misc_ce/0/apexdata/com.android.ipsec
03-09 05:02:37.559 2742 2742 I crash_dump64: type=1400 audit(0.0:875): avc: denied { open } for path="/dev/__properties__/u:object_r:odsign_prop:s0" dev="tmpfs" ino=12970 scontext=u:r:crash_dump:s0 tcontext=u:object_r:odsign_prop:s0 tclass=file permissive=1
03-09 05:02:37.559 2742 2742 I crash_dump64: type=1400 audit(0.0:876): avc: denied { getattr } for path="/dev/__properties__/u:object_r:odsign_prop:s0" dev="tmpfs" ino=12970 scontext=u:r:crash_dump:s0 tcontext=u:object_r:odsign_prop:s0 tclass=file permissive=1
03-09 05:02:37.559 2742 2742 I crash_dump64: type=1400 audit(0.0:877): avc: denied { map } for path="/dev/__properties__/u:object_r:odsign_prop:s0" dev="tmpfs" ino=12970 scontext=u:r:crash_dump:s0 tcontext=u:object_r:odsign_prop:s0 tclass=file permissive=1
03-09 05:02:37.577 2739 2739 D vold_prepare_subdirs: Setting up mode 771 uid 0 gid 1000 context u:object_r:apex_module_data_file:s0 on path: /data/misc_ce/0/apexdata/com.android.i18n
03-09 05:02:37.578 2739 2739 D vold_prepare_subdirs: Setting up mode 771 uid 0 gid 1000 context u:object_r:apex_module_data_file:s0 on path: /data/misc_ce/0/apexdata/com.android.extservices
03-09 05:02:37.578 2739 2739 D vold_prepare_subdirs: Setting up mode 771 uid 0 gid 1000 context u:object_r:apex_module_data_file:s0 on path: /data/misc_ce/0/apexdata/com.android.conscrypt
03-09 05:02:37.559 2742 2742 I crash_dump64: type=1400 audit(0.0:879): avc: denied { getattr } for path="/dev/__properties__/u:object_r:nnapi_ext_deny_product_prop:s0" dev="tmpfs" ino=12969 scontext=u:r:crash_dump:s0 tcontext=u:object_r:nnapi_ext_deny_product_prop:s0 tclass=file permissive=1
03-09 05:02:37.559 2742 2742 I crash_dump64: type=1400 audit(0.0:880): avc: denied { map } for path="/dev/__properties__/u:object_r:nnapi_ext_deny_product_prop:s0" dev="tmpfs" ino=12969 scontext=u:r:crash_dump:s0 tcontext=u:object_r:nnapi_ext_deny_product_prop:s0 tclass=file permissive=1
03-09 05:02:37.559 2742 2742 I crash_dump64: type=1400 audit(0.0:881): avc: denied { open } for path="/dev/__properties__/u:object_r:netd_stable_secret_prop:s0" dev="tmpfs" ino=12967 scontext=u:r:crash_dump:s0 tcontext=u:object_r:netd_stable_secret_prop:s0 tclass=file permissive=1
03-09 05:02:37.559 2742 2742 I crash_dump64: type=1400 audit(0.0:882): avc: denied { getattr } for path="/dev/__properties__/u:object_r:netd_stable_secret_prop:s0" dev="tmpfs" ino=12967 scontext=u:r:crash_dump:s0 tcontext=u:object_r:netd_stable_secret_prop:s0 tclass=file permissive=1
03-09 05:02:37.559 2742 2742 I crash_dump64: type=1400 audit(0.0:883): avc: denied { map } for path="/dev/__properties__/u:object_r:netd_stable_secret_prop:s0" dev="tmpfs" ino=12967 scontext=u:r:crash_dump:s0 tcontext=u:object_r:netd_stable_secret_prop:s0 tclass=file permissive=1
03-09 05:02:37.559 2742 2742 I crash_dump64: type=1400 audit(0.0:884): avc: denied { open } for path="/dev/__properties__/u:object_r:net_dns_prop:s0" dev="tmpfs" ino=12965 scontext=u:r:crash_dump:s0 tcontext=u:object_r:net_dns_prop:s0 tclass=file permissive=1
03-09 05:02:37.559 2742 2742 I crash_dump64: type=1400 audit(0.0:885): avc: denied { getattr } for path="/dev/__properties__/u:object_r:net_dns_prop:s0" dev="tmpfs" ino=12965 scontext=u:r:crash_dump:s0 tcontext=u:object_r:net_dns_prop:s0 tclass=file permissive=1
03-09 05:02:37.559 2742 2742 I crash_dump64: type=1400 audit(0.0:886): avc: denied { map } for path="/dev/__properties__/u:object_r:net_dns_prop:s0" dev="tmpfs" ino=12965 scontext=u:r:crash_dump:s0 tcontext=u:object_r:net_dns_prop:s0 tclass=file permissive=1
03-09 05:02:37.559 2742 2742 I crash_dump64: type=1400 audit(0.0:887): avc: denied { open } for path="/dev/__properties__/u:object_r:net_connectivity_prop:s0" dev="tmpfs" ino=12964 scontext=u:r:crash_dump:s0 tcontext=u:object_r:net_connectivity_prop:s0 tclass=file permissive=1
03-09 05:02:37.579 2739 2739 D vold_prepare_subdirs: Setting up mode 771 uid 0 gid 1000 context u:object_r:apex_module_data_file:s0 on path: /data/misc_ce/0/apexdata/com.android.art
03-09 05:02:37.579 2739 2739 D vold_prepare_subdirs: Setting up mode 771 uid 0 gid 1000 context u:object_r:apex_appsearch_data_file:s0 on path: /data/misc_ce/0/apexdata/com.android.appsearch
03-09 05:02:37.579 2739 2739 D vold_prepare_subdirs: Setting up mode 771 uid 0 gid 1000 context u:object_r:apex_module_data_file:s0 on path: /data/misc_ce/0/apexdata/com.android.adbd
03-09 05:02:37.579 2738 2738 W alcomm.locatio: ClassLoaderContext shared library size mismatch. Expected=0, found=3 (PCL[] | PCL[]{PCL[/system/framework/com.android.location.provider.jar*3633238673]#PCL[/system/system_ext/framework/izat.xt.srv.jar*844606969]#PCL[/system/framework/services.jar*3734202750:/system/framework/services.jar!classes2.dex*2174292280]})
03-09 05:02:37.579 2739 2739 D vold_prepare_subdirs: Setting up mode 700 uid 1000 gid 1000 context u:object_r:backup_data_file:s0 on path: /data/system_ce/0/backup
03-09 05:02:37.580 2739 2739 D vold_prepare_subdirs: Setting up mode 700 uid 1000 gid 1000 context u:object_r:backup_data_file:s0 on path: /data/system_ce/0/backup_stage
03-09 05:02:37.580 2739 2739 D vold_prepare_subdirs: Setting up mode 700 uid 1000 gid 1000 context u:object_r:face_vendor_data_file:s0 on path: /data/vendor_ce/0/facedata
03-09 05:02:37.581 1537 1644 V UserDataPreparer: Found /data/user/0 with serial number 0
03-09 05:02:37.582 1537 1644 V UserDataPreparer: Found /data/system_ce/0 with serial number 0
03-09 05:02:37.582 1537 1644 D UserDataPreparer: Setting property: sys.user.0.ce_available=true
03-09 05:02:37.582 1537 1644 V PackageManager: reconcileAppsData for null u0 0x2 migrateAppData=false
03-09 05:02:37.559 2742 2742 I crash_dump64: type=1400 audit(0.0:888): avc: denied { getattr } for path="/dev/__properties__/u:object_r:net_connectivity_prop:s0" dev="tmpfs" ino=12964 scontext=u:r:crash_dump:s0 tcontext=u:object_r:net_connectivity_prop:s0 tclass=file permissive=1
03-09 05:02:37.559 2742 2742 I crash_dump64: type=1400 audit(0.0:889): avc: denied { map } for path="/dev/__properties__/u:object_r:net_connectivity_prop:s0" dev="tmpfs" ino=12964 scontext=u:r:crash_dump:s0 tcontext=u:object_r:net_connectivity_prop:s0 tclass=file permissive=1
03-09 05:02:37.559 2742 2742 I crash_dump64: type=1400 audit(0.0:890): avc: denied { open } for path="/dev/__properties__/u:object_r:net_464xlat_fromvendor_prop:s0" dev="tmpfs" ino=12963 scontext=u:r:crash_dump:s0 tcontext=u:object_r:net_464xlat_fromvendor_prop:s0 tclass=file permissive=1
03-09 05:02:37.559 2742 2742 I crash_dump64: type=1400 audit(0.0:891): avc: denied { getattr } for path="/dev/__properties__/u:object_r:net_464xlat_fromvendor_prop:s0" dev="tmpfs" ino=12963 scontext=u:r:crash_dump:s0 tcontext=u:object_r:net_464xlat_fromvendor_prop:s0 tclass=file permissive=1
03-09 05:02:37.559 2742 2742 I crash_dump64: type=1400 audit(0.0:892): avc: denied { map } for path="/dev/__properties__/u:object_r:net_464xlat_fromvendor_prop:s0" dev="tmpfs" ino=12963 scontext=u:r:crash_dump:s0 tcontext=u:object_r:net_464xlat_fromvendor_prop:s0 tclass=file permissive=1
03-09 05:02:37.559 2742 2742 I crash_dump64: type=1400 audit(0.0:893): avc: denied { open } for path="/dev/__properties__/u:object_r:mock_ota_prop:s0" dev="tmpfs" ino=12961 scontext=u:r:crash_dump:s0 tcontext=u:object_r:mock_ota_prop:s0 tclass=file permissive=1
03-09 05:02:37.559 2742 2742 I crash_dump64: type=1400 audit(0.0:894): avc: denied { getattr } for path="/dev/__properties__/u:object_r:mock_ota_prop:s0" dev="tmpfs" ino=12961 scontext=u:r:crash_dump:s0 tcontext=u:object_r:mock_ota_prop:s0 tclass=file permissive=1
03-09 05:02:37.559 2742 2742 I crash_dump64: type=1400 audit(0.0:895): avc: denied { map } for path="/dev/__properties__/u:object_r:mock_ota_prop:s0" dev="tmpfs" ino=12961 scontext=u:r:crash_dump:s0 tcontext=u:object_r:mock_ota_prop:s0 tclass=file permissive=1
03-09 05:02:37.559 2742 2742 I crash_dump64: type=1400 audit(0.0:896): avc: denied { open } for path="/dev/__properties__/u:object_r:mmc_prop:s0" dev="tmpfs" ino=12960 scontext=u:r:crash_dump:s0 tcontext=u:object_r:mmc_prop:s0 tclass=file permissive=1
03-09 05:02:37.559 2742 2742 I crash_dump64: type=1400 audit(0.0:897): avc: denied { getattr } for path="/dev/__properties__/u:object_r:mmc_prop:s0" dev="tmpfs" ino=12960 scontext=u:r:crash_dump:s0 tcontext=u:object_r:mmc_prop:s0 tclass=file permissive=1
03-09 05:02:37.559 2742 2742 I crash_dump64: type=1400 audit(0.0:898): avc: denied { map } for path="/dev/__properties__/u:object_r:mmc_prop:s0" dev="tmpfs" ino=12960 scontext=u:r:crash_dump:s0 tcontext=u:object_r:mmc_prop:s0 tclass=file permissive=1
03-09 05:02:37.559 2742 2742 I crash_dump64: type=1400 audit(0.0:899): avc: denied { open } for path="/dev/__properties__/u:object_r:mm_events_config_prop:s0" dev="tmpfs" ino=12959 scontext=u:r:crash_dump:s0 tcontext=u:object_r:mm_events_config_prop:s0 tclass=file permissive=1
03-09 05:02:37.559 2742 2742 I crash_dump64: type=1400 audit(0.0:900): avc: denied { getattr } for path="/dev/__properties__/u:object_r:mm_events_config_prop:s0" dev="tmpfs" ino=12959 scontext=u:r:crash_dump:s0 tcontext=u:object_r:mm_events_config_prop:s0 tclass=file permissive=1
03-09 05:02:37.559 2742 2742 I crash_dump64: type=1400 audit(0.0:901): avc: denied { map } for path="/dev/__properties__/u:object_r:mm_events_config_prop:s0" dev="tmpfs" ino=12959 scontext=u:r:crash_dump:s0 tcontext=u:object_r:mm_events_config_prop:s0 tclass=file permissive=1
03-09 05:02:37.559 2742 2742 I crash_dump64: type=1400 audit(0.0:902): avc: denied { open } for path="/dev/__properties__/u:object_r:media_variant_prop:s0" dev="tmpfs" ino=12957 scontext=u:r:crash_dump:s0 tcontext=u:object_r:media_variant_prop:s0 tclass=file permissive=1
03-09 05:02:37.559 2742 2742 I crash_dump64: type=1400 audit(0.0:903): avc: denied { getattr } for path="/dev/__properties__/u:object_r:media_variant_prop:s0" dev="tmpfs" ino=12957 scontext=u:r:crash_dump:s0 tcontext=u:object_r:media_variant_prop:s0 tclass=file permissive=1
03-09 05:02:37.559 2742 2742 I crash_dump64: type=1400 audit(0.0:904): avc: denied { map } for path="/dev/__properties__/u:object_r:media_variant_prop:s0" dev="tmpfs" ino=12957 scontext=u:r:crash_dump:s0 tcontext=u:object_r:media_variant_prop:s0 tclass=file permissive=1
03-09 05:02:37.559 2742 2742 I crash_dump64: type=1400 audit(0.0:905): avc: denied { open } for path="/dev/__properties__/u:object_r:media_config_prop:s0" dev="tmpfs" ino=12956 scontext=u:r:crash_dump:s0 tcontext=u:object_r:media_config_prop:s0 tclass=file permissive=1
03-09 05:02:37.559 2742 2742 I crash_dump64: type=1400 audit(0.0:906): avc: denied { getattr } for path="/dev/__properties__/u:object_r:media_config_prop:s0" dev="tmpfs" ino=12956 scontext=u:r:crash_dump:s0 tcontext=u:object_r:media_config_prop:s0 tclass=file permissive=1
03-09 05:02:37.559 2742 2742 I crash_dump64: type=1400 audit(0.0:907): avc: denied { map } for path="/dev/__properties__/u:object_r:media_config_prop:s0" dev="tmpfs" ino=12956 scontext=u:r:crash_dump:s0 tcontext=u:object_r:media_config_prop:s0 tclass=file permissive=1
03-09 05:02:37.559 2742 2742 I crash_dump64: type=1400 audit(0.0:908): avc: denied { open } for path="/dev/__properties__/u:object_r:lpdumpd_prop:s0" dev="tmpfs" ino=12955 scontext=u:r:crash_dump:s0 tcontext=u:object_r:lpdumpd_prop:s0 tclass=file permissive=1
03-09 05:02:37.559 2742 2742 I crash_dump64: type=1400 audit(0.0:909): avc: denied { getattr } for path="/dev/__properties__/u:object_r:lpdumpd_prop:s0" dev="tmpfs" ino=12955 scontext=u:r:crash_dump:s0 tcontext=u:object_r:lpdumpd_prop:s0 tclass=file permissive=1
03-09 05:02:37.559 2742 2742 I crash_dump64: type=1400 audit(0.0:910): avc: denied { map } for path="/dev/__properties__/u:object_r:lpdumpd_prop:s0" dev="tmpfs" ino=12955 scontext=u:r:crash_dump:s0 tcontext=u:object_r:lpdumpd_prop:s0 tclass=file permissive=1
03-09 05:02:37.559 2742 2742 I crash_dump64: type=1400 audit(0.0:911): avc: denied { open } for path="/dev/__properties__/u:object_r:lowpan_prop:s0" dev="tmpfs" ino=12954 scontext=u:r:crash_dump:s0 tcontext=u:object_r:lowpan_prop:s0 tclass=file permissive=1
03-09 05:02:37.559 2742 2742 I crash_dump64: type=1400 audit(0.0:912): avc: denied { getattr } for path="/dev/__properties__/u:object_r:lowpan_prop:s0" dev="tmpfs" ino=12954 scontext=u:r:crash_dump:s0 tcontext=u:object_r:lowpan_prop:s0 tclass=file permissive=1
03-09 05:02:37.559 2742 2742 I crash_dump64: type=1400 audit(0.0:913): avc: denied { map } for path="/dev/__properties__/u:object_r:lowpan_prop:s0" dev="tmpfs" ino=12954 scontext=u:r:crash_dump:s0 tcontext=u:object_r:lowpan_prop:s0 tclass=file permissive=1
03-09 05:02:37.559 2742 2742 I crash_dump64: type=1400 audit(0.0:914): avc: denied { open } for path="/dev/__properties__/u:object_r:lower_kptr_restrict_prop:s0" dev="tmpfs" ino=12953 scontext=u:r:crash_dump:s0 tcontext=u:object_r:lower_kptr_restrict_prop:s0 tclass=file permissive=1
03-09 05:02:37.559 2742 2742 I crash_dump64: type=1400 audit(0.0:915): avc: denied { getattr } for path="/dev/__properties__/u:object_r:lower_kptr_restrict_prop:s0" dev="tmpfs" ino=12953 scontext=u:r:crash_dump:s0 tcontext=u:object_r:lower_kptr_restrict_prop:s0 tclass=file permissive=1
03-09 05:02:37.559 2742 2742 I crash_dump64: type=1400 audit(0.0:916): avc: denied { map } for path="/dev/__properties__/u:object_r:lower_kptr_restrict_prop:s0" dev="tmpfs" ino=12953 scontext=u:r:crash_dump:s0 tcontext=u:object_r:lower_kptr_restrict_prop:s0 tclass=file permissive=1
03-09 05:02:37.559 2742 2742 I crash_dump64: type=1400 audit(0.0:917): avc: denied { open } for path="/dev/__properties__/u:object_r:logpersistd_logging_prop:s0" dev="tmpfs" ino=12952 scontext=u:r:crash_dump:s0 tcontext=u:object_r:logpersistd_logging_prop:s0 tclass=file permissive=1
03-09 05:02:37.559 2742 2742 I crash_dump64: type=1400 audit(0.0:918): avc: denied { getattr } for path="/dev/__properties__/u:object_r:logpersistd_logging_prop:s0" dev="tmpfs" ino=12952 scontext=u:r:crash_dump:s0 tcontext=u:object_r:logpersistd_logging_prop:s0 tclass=file permissive=1
03-09 05:02:37.559 2742 2742 I crash_dump64: type=1400 audit(0.0:919): avc: denied { map } for path="/dev/__properties__/u:object_r:logpersistd_logging_prop:s0" dev="tmpfs" ino=12952 scontext=u:r:crash_dump:s0 tcontext=u:object_r:logpersistd_logging_prop:s0 tclass=file permissive=1
03-09 05:02:37.559 2742 2742 I crash_dump64: type=1400 audit(0.0:920): avc: denied { open } for path="/dev/__properties__/u:object_r:lmkd_prop:s0" dev="tmpfs" ino=12947 scontext=u:r:crash_dump:s0 tcontext=u:object_r:lmkd_prop:s0 tclass=file permissive=1
03-09 05:02:37.559 2742 2742 I crash_dump64: type=1400 audit(0.0:921): avc: denied { getattr } for path="/dev/__properties__/u:object_r:lmkd_prop:s0" dev="tmpfs" ino=12947 scontext=u:r:crash_dump:s0 tcontext=u:object_r:lmkd_prop:s0 tclass=file permissive=1
03-09 05:02:37.559 2742 2742 I crash_dump64: type=1400 audit(0.0:922): avc: denied { map } for path="/dev/__properties__/u:object_r:lmkd_prop:s0" dev="tmpfs" ino=12947 scontext=u:r:crash_dump:s0 tcontext=u:object_r:lmkd_prop:s0 tclass=file permissive=1
03-09 05:02:37.559 2742 2742 I crash_dump64: type=1400 audit(0.0:923): avc: denied { open } for path="/dev/__properties__/u:object_r:llkd_prop:s0" dev="tmpfs" ino=12945 scontext=u:r:crash_dump:s0 tcontext=u:object_r:llkd_prop:s0 tclass=file permissive=1
03-09 05:02:37.559 2742 2742 I crash_dump64: type=1400 audit(0.0:924): avc: denied { getattr } for path="/dev/__properties__/u:object_r:llkd_prop:s0" dev="tmpfs" ino=12945 scontext=u:r:crash_dump:s0 tcontext=u:object_r:llkd_prop:s0 tclass=file permissive=1
03-09 05:02:37.559 2742 2742 I crash_dump64: type=1400 audit(0.0:925): avc: denied { map } for path="/dev/__properties__/u:object_r:llkd_prop:s0" dev="tmpfs" ino=12945 scontext=u:r:crash_dump:s0 tcontext=u:object_r:llkd_prop:s0 tclass=file permissive=1
03-09 05:02:37.559 2742 2742 I crash_dump64: type=1400 audit(0.0:926): avc: denied { open } for path="/dev/__properties__/u:object_r:last_boot_reason_prop:s0" dev="tmpfs" ino=12943 scontext=u:r:crash_dump:s0 tcontext=u:object_r:last_boot_reason_prop:s0 tclass=file permissive=1
03-09 05:02:37.559 2742 2742 I crash_dump64: type=1400 audit(0.0:927): avc: denied { getattr } for path="/dev/__properties__/u:object_r:last_boot_reason_prop:s0" dev="tmpfs" ino=12943 scontext=u:r:crash_dump:s0 tcontext=u:object_r:last_boot_reason_prop:s0 tclass=file permissive=1
03-09 05:02:37.559 2742 2742 I crash_dump64: type=1400 audit(0.0:928): avc: denied { map } for path="/dev/__properties__/u:object_r:last_boot_reason_prop:s0" dev="tmpfs" ino=12943 scontext=u:r:crash_dump:s0 tcontext=u:object_r:last_boot_reason_prop:s0 tclass=file permissive=1
03-09 05:02:37.559 2742 2742 I crash_dump64: type=1400 audit(0.0:929): avc: denied { open } for path="/dev/__properties__/u:object_r:keystore_listen_prop:s0" dev="tmpfs" ino=12942 scontext=u:r:crash_dump:s0 tcontext=u:object_r:keystore_listen_prop:s0 tclass=file permissive=1
03-09 05:02:37.559 2742 2742 I crash_dump64: type=1400 audit(0.0:930): avc: denied { getattr } for path="/dev/__properties__/u:object_r:keystore_listen_prop:s0" dev="tmpfs" ino=12942 scontext=u:r:crash_dump:s0 tcontext=u:object_r:keystore_listen_prop:s0 tclass=file permissive=1
03-09 05:02:37.559 2742 2742 I crash_dump64: type=1400 audit(0.0:931): avc: denied { map } for path="/dev/__properties__/u:object_r:keystore_listen_prop:s0" dev="tmpfs" ino=12942 scontext=u:r:crash_dump:s0 tcontext=u:object_r:keystore_listen_prop:s0 tclass=file permissive=1
03-09 05:02:37.559 2742 2742 I crash_dump64: type=1400 audit(0.0:932): avc: denied { open } for path="/dev/__properties__/u:object_r:keystore_crash_prop:s0" dev="tmpfs" ino=12941 scontext=u:r:crash_dump:s0 tcontext=u:object_r:keystore_crash_prop:s0 tclass=file permissive=1
03-09 05:02:37.559 2742 2742 I crash_dump64: type=1400 audit(0.0:933): avc: denied { getattr } for path="/dev/__properties__/u:object_r:keystore_crash_prop:s0" dev="tmpfs" ino=12941 scontext=u:r:crash_dump:s0 tcontext=u:object_r:keystore_crash_prop:s0 tclass=file permissive=1
03-09 05:02:37.559 2742 2742 I crash_dump64: type=1400 audit(0.0:934): avc: denied { map } for path="/dev/__properties__/u:object_r:keystore_crash_prop:s0" dev="tmpfs" ino=12941 scontext=u:r:crash_dump:s0 tcontext=u:object_r:keystore_crash_prop:s0 tclass=file permissive=1
03-09 05:02:37.559 2742 2742 I crash_dump64: type=1400 audit(0.0:935): avc: denied { open } for path="/dev/__properties__/u:object_r:keyguard_config_prop:s0" dev="tmpfs" ino=12940 scontext=u:r:crash_dump:s0 tcontext=u:object_r:keyguard_config_prop:s0 tclass=file permissive=1
03-09 05:02:37.559 2742 2742 I crash_dump64: type=1400 audit(0.0:936): avc: denied { getattr } for path="/dev/__properties__/u:object_r:keyguard_config_prop:s0" dev="tmpfs" ino=12940 scontext=u:r:crash_dump:s0 tcontext=u:object_r:keyguard_config_prop:s0 tclass=file permissive=1
03-09 05:02:37.559 2742 2742 I crash_dump64: type=1400 audit(0.0:937): avc: denied { map } for path="/dev/__properties__/u:object_r:keyguard_config_prop:s0" dev="tmpfs" ino=12940 scontext=u:r:crash_dump:s0 tcontext=u:object_r:keyguard_config_prop:s0 tclass=file permissive=1
03-09 05:02:37.559 2742 2742 I crash_dump64: type=1400 audit(0.0:938): avc: denied { open } for path="/dev/__properties__/u:object_r:init_svc_debug_prop:s0" dev="tmpfs" ino=12939 scontext=u:r:crash_dump:s0 tcontext=u:object_r:init_svc_debug_prop:s0 tclass=file permissive=1
03-09 05:02:37.559 2742 2742 I crash_dump64: type=1400 audit(0.0:939): avc: denied { getattr } for path="/dev/__properties__/u:object_r:init_svc_debug_prop:s0" dev="tmpfs" ino=12939 scontext=u:r:crash_dump:s0 tcontext=u:object_r:init_svc_debug_prop:s0 tclass=file permissive=1
03-09 05:02:37.559 2742 2742 I crash_dump64: type=1400 audit(0.0:940): avc: denied { map } for path="/dev/__properties__/u:object_r:init_svc_debug_prop:s0" dev="tmpfs" ino=12939 scontext=u:r:crash_dump:s0 tcontext=u:object_r:init_svc_debug_prop:s0 tclass=file permissive=1
03-09 05:02:37.559 2742 2742 I crash_dump64: type=1400 audit(0.0:941): avc: denied { open } for path="/dev/__properties__/u:object_r:init_perf_lsm_hooks_prop:s0" dev="tmpfs" ino=12936 scontext=u:r:crash_dump:s0 tcontext=u:object_r:init_perf_lsm_hooks_prop:s0 tclass=file permissive=1
03-09 05:02:37.559 2742 2742 I crash_dump64: type=1400 audit(0.0:942): avc: denied { getattr } for path="/dev/__properties__/u:object_r:init_perf_lsm_hooks_prop:s0" dev="tmpfs" ino=12936 scontext=u:r:crash_dump:s0 tcontext=u:object_r:init_perf_lsm_hooks_prop:s0 tclass=file permissive=1
03-09 05:02:37.559 2742 2742 I crash_dump64: type=1400 audit(0.0:943): avc: denied { map } for path="/dev/__properties__/u:object_r:init_perf_lsm_hooks_prop:s0" dev="tmpfs" ino=12936 scontext=u:r:crash_dump:s0 tcontext=u:object_r:init_perf_lsm_hooks_prop:s0 tclass=file permissive=1
03-09 05:02:37.559 2742 2742 I crash_dump64: type=1400 audit(0.0:944): avc: denied { open } for path="/dev/__properties__/u:object_r:incremental_prop:s0" dev="tmpfs" ino=12935 scontext=u:r:crash_dump:s0 tcontext=u:object_r:incremental_prop:s0 tclass=file permissive=1
03-09 05:02:37.559 2742 2742 I crash_dump64: type=1400 audit(0.0:945): avc: denied { getattr } for path="/dev/__properties__/u:object_r:incremental_prop:s0" dev="tmpfs" ino=12935 scontext=u:r:crash_dump:s0 tcontext=u:object_r:incremental_prop:s0 tclass=file permissive=1
03-09 05:02:37.559 2742 2742 I crash_dump64: type=1400 audit(0.0:946): avc: denied { map } for path="/dev/__properties__/u:object_r:incremental_prop:s0" dev="tmpfs" ino=12935 scontext=u:r:crash_dump:s0 tcontext=u:object_r:incremental_prop:s0 tclass=file permissive=1
03-09 05:02:37.559 2742 2742 I crash_dump64: type=1400 audit(0.0:947): avc: denied { open } for path="/dev/__properties__/u:object_r:hwservicemanager_prop:s0" dev="tmpfs" ino=12934 scontext=u:r:crash_dump:s0 tcontext=u:object_r:hwservicemanager_prop:s0 tclass=file permissive=1
03-09 05:02:37.559 2742 2742 I crash_dump64: type=1400 audit(0.0:948): avc: denied { getattr } for path="/dev/__properties__/u:object_r:hwservicemanager_prop:s0" dev="tmpfs" ino=12934 scontext=u:r:crash_dump:s0 tcontext=u:object_r:hwservicemanager_prop:s0 tclass=file permissive=1
03-09 05:02:37.559 2742 2742 I crash_dump64: type=1400 audit(0.0:949): avc: denied { map } for path="/dev/__properties__/u:object_r:hwservicemanager_prop:s0" dev="tmpfs" ino=12934 scontext=u:r:crash_dump:s0 tcontext=u:object_r:hwservicemanager_prop:s0 tclass=file permissive=1
03-09 05:02:37.559 2742 2742 I crash_dump64: type=1400 audit(0.0:950): avc: denied { open } for path="/dev/__properties__/u:object_r:heapprofd_enabled_prop:s0" dev="tmpfs" ino=12931 scontext=u:r:crash_dump:s0 tcontext=u:object_r:heapprofd_enabled_prop:s0 tclass=file permissive=1
03-09 05:02:37.559 2742 2742 I crash_dump64: type=1400 audit(0.0:951): avc: denied { getattr } for path="/dev/__properties__/u:object_r:heapprofd_enabled_prop:s0" dev="tmpfs" ino=12931 scontext=u:r:crash_dump:s0 tcontext=u:object_r:heapprofd_enabled_prop:s0 tclass=file permissive=1
03-09 05:02:37.559 2742 2742 I crash_dump64: type=1400 audit(0.0:952): avc: denied { map } for path="/dev/__properties__/u:object_r:heapprofd_enabled_prop:s0" dev="tmpfs" ino=12931 scontext=u:r:crash_dump:s0 tcontext=u:object_r:heapprofd_enabled_prop:s0 tclass=file permissive=1
03-09 05:02:37.567 2742 2742 I crash_dump64: type=1400 audit(0.0:953): avc: denied { open } for path="/dev/__properties__/u:object_r:charger_config_prop:s0" dev="tmpfs" ino=12849 scontext=u:r:crash_dump:s0 tcontext=u:object_r:charger_config_prop:s0 tclass=file permissive=1
03-09 05:02:37.567 2742 2742 I crash_dump64: type=1400 audit(0.0:954): avc: denied { getattr } for path="/dev/__properties__/u:object_r:charger_config_prop:s0" dev="tmpfs" ino=12849 scontext=u:r:crash_dump:s0 tcontext=u:object_r:charger_config_prop:s0 tclass=file permissive=1
03-09 05:02:37.567 2742 2742 I crash_dump64: type=1400 audit(0.0:955): avc: denied { map } for path="/dev/__properties__/u:object_r:charger_config_prop:s0" dev="tmpfs" ino=12849 scontext=u:r:crash_dump:s0 tcontext=u:object_r:charger_config_prop:s0 tclass=file permissive=1
03-09 05:02:37.567 2742 2742 I crash_dump64: type=1400 audit(0.0:956): avc: denied { open } for path="/dev/__properties__/u:object_r:camerax_extensions_prop:s0" dev="tmpfs" ino=12848 scontext=u:r:crash_dump:s0 tcontext=u:object_r:camerax_extensions_prop:s0 tclass=file permissive=1
03-09 05:02:37.567 2742 2742 I crash_dump64: type=1400 audit(0.0:957): avc: denied { getattr } for path="/dev/__properties__/u:object_r:camerax_extensions_prop:s0" dev="tmpfs" ino=12848 scontext=u:r:crash_dump:s0 tcontext=u:object_r:camerax_extensions_prop:s0 tclass=file permissive=1
03-09 05:02:37.567 2742 2742 I crash_dump64: type=1400 audit(0.0:958): avc: denied { map } for path="/dev/__properties__/u:object_r:camerax_extensions_prop:s0" dev="tmpfs" ino=12848 scontext=u:r:crash_dump:s0 tcontext=u:object_r:camerax_extensions_prop:s0 tclass=file permissive=1
03-09 05:02:37.567 2742 2742 I crash_dump64: type=1400 audit(0.0:959): avc: denied { open } for path="/dev/__properties__/u:object_r:camera_calibration_prop:s0" dev="tmpfs" ino=12846 scontext=u:r:crash_dump:s0 tcontext=u:object_r:camera_calibration_prop:s0 tclass=file permissive=1
03-09 05:02:37.567 2742 2742 I crash_dump64: type=1400 audit(0.0:960): avc: denied { getattr } for path="/dev/__properties__/u:object_r:camera_calibration_prop:s0" dev="tmpfs" ino=12846 scontext=u:r:crash_dump:s0 tcontext=u:object_r:camera_calibration_prop:s0 tclass=file permissive=1
03-09 05:02:37.567 2742 2742 I crash_dump64: type=1400 audit(0.0:961): avc: denied { map } for path="/dev/__properties__/u:object_r:camera_calibration_prop:s0" dev="tmpfs" ino=12846 scontext=u:r:crash_dump:s0 tcontext=u:object_r:camera_calibration_prop:s0 tclass=file permissive=1
03-09 05:02:37.567 2742 2742 I crash_dump64: type=1400 audit(0.0:962): avc: denied { open } for path="/dev/__properties__/u:object_r:camera2_extensions_prop:s0" dev="tmpfs" ino=12845 scontext=u:r:crash_dump:s0 tcontext=u:object_r:camera2_extensions_prop:s0 tclass=file permissive=1
03-09 05:02:37.567 2742 2742 I crash_dump64: type=1400 audit(0.0:963): avc: denied { getattr } for path="/dev/__properties__/u:object_r:camera2_extensions_prop:s0" dev="tmpfs" ino=12845 scontext=u:r:crash_dump:s0 tcontext=u:object_r:camera2_extensions_prop:s0 tclass=file permissive=1
03-09 05:02:37.567 2742 2742 I crash_dump64: type=1400 audit(0.0:964): avc: denied { map } for path="/dev/__properties__/u:object_r:camera2_extensions_prop:s0" dev="tmpfs" ino=12845 scontext=u:r:crash_dump:s0 tcontext=u:object_r:camera2_extensions_prop:s0 tclass=file permissive=1
03-09 05:02:37.571 2742 2742 I crash_dump64: type=1400 audit(0.0:965): avc: denied { open } for path="/dev/__properties__/u:object_r:bpf_progs_loaded_prop:s0" dev="tmpfs" ino=12838 scontext=u:r:crash_dump:s0 tcontext=u:object_r:bpf_progs_loaded_prop:s0 tclass=file permissive=1
03-09 05:02:37.571 2742 2742 I crash_dump64: type=1400 audit(0.0:966): avc: denied { getattr } for path="/dev/__properties__/u:object_r:bpf_progs_loaded_prop:s0" dev="tmpfs" ino=12838 scontext=u:r:crash_dump:s0 tcontext=u:object_r:bpf_progs_loaded_prop:s0 tclass=file permissive=1
03-09 05:02:37.571 2742 2742 I crash_dump64: type=1400 audit(0.0:967): avc: denied { map } for path="/dev/__properties__/u:object_r:bpf_progs_loaded_prop:s0" dev="tmpfs" ino=12838 scontext=u:r:crash_dump:s0 tcontext=u:object_r:bpf_progs_loaded_prop:s0 tclass=file permissive=1
03-09 05:02:37.571 2742 2742 I crash_dump64: type=1400 audit(0.0:968): avc: denied { open } for path="/dev/__properties__/u:object_r:boottime_public_prop:s0" dev="tmpfs" ino=12837 scontext=u:r:crash_dump:s0 tcontext=u:object_r:boottime_public_prop:s0 tclass=file permissive=1
03-09 05:02:37.571 2742 2742 I crash_dump64: type=1400 audit(0.0:969): avc: denied { getattr } for path="/dev/__properties__/u:object_r:boottime_public_prop:s0" dev="tmpfs" ino=12837 scontext=u:r:crash_dump:s0 tcontext=u:object_r:boottime_public_prop:s0 tclass=file permissive=1
03-09 05:02:37.571 2742 2742 I crash_dump64: type=1400 audit(0.0:970): avc: denied { map } for path="/dev/__properties__/u:object_r:boottime_public_prop:s0" dev="tmpfs" ino=12837 scontext=u:r:crash_dump:s0 tcontext=u:object_r:boottime_public_prop:s0 tclass=file permissive=1
03-09 05:02:37.571 2742 2742 I crash_dump64: type=1400 audit(0.0:971): avc: denied { open } for path="/dev/__properties__/u:object_r:boottime_prop:s0" dev="tmpfs" ino=12836 scontext=u:r:crash_dump:s0 tcontext=u:object_r:boottime_prop:s0 tclass=file permissive=1
03-09 05:02:37.571 2742 2742 I crash_dump64: type=1400 audit(0.0:972): avc: denied { getattr } for path="/dev/__properties__/u:object_r:boottime_prop:s0" dev="tmpfs" ino=12836 scontext=u:r:crash_dump:s0 tcontext=u:object_r:boottime_prop:s0 tclass=file permissive=1
03-09 05:02:37.571 2742 2742 I crash_dump64: type=1400 audit(0.0:973): avc: denied { map } for path="/dev/__properties__/u:object_r:boottime_prop:s0" dev="tmpfs" ino=12836 scontext=u:r:crash_dump:s0 tcontext=u:object_r:boottime_prop:s0 tclass=file permissive=1
03-09 05:02:37.571 2742 2742 I crash_dump64: type=1400 audit(0.0:974): avc: denied { open } for path="/dev/__properties__/u:object_r:bootloader_boot_reason_prop:s0" dev="tmpfs" ino=12834 scontext=u:r:crash_dump:s0 tcontext=u:object_r:bootloader_boot_reason_prop:s0 tclass=file permissive=1
03-09 05:02:37.571 2742 2742 I crash_dump64: type=1400 audit(0.0:975): avc: denied { getattr } for path="/dev/__properties__/u:object_r:bootloader_boot_reason_prop:s0" dev="tmpfs" ino=12834 scontext=u:r:crash_dump:s0 tcontext=u:object_r:bootloader_boot_reason_prop:s0 tclass=file permissive=1
03-09 05:02:37.571 2742 2742 I crash_dump64: type=1400 audit(0.0:976): avc: denied { map } for path="/dev/__properties__/u:object_r:bootloader_boot_reason_prop:s0" dev="tmpfs" ino=12834 scontext=u:r:crash_dump:s0 tcontext=u:object_r:bootloader_boot_reason_prop:s0 tclass=file permissive=1
03-09 05:02:37.571 2742 2742 I crash_dump64: type=1400 audit(0.0:977): avc: denied { open } for path="/dev/__properties__/u:object_r:bootanim_config_prop:s0" dev="tmpfs" ino=12832 scontext=u:r:crash_dump:s0 tcontext=u:object_r:bootanim_config_prop:s0 tclass=file permissive=1
03-09 05:02:37.571 2742 2742 I crash_dump64: type=1400 audit(0.0:978): avc: denied { getattr } for path="/dev/__properties__/u:object_r:bootanim_config_prop:s0" dev="tmpfs" ino=12832 scontext=u:r:crash_dump:s0 tcontext=u:object_r:bootanim_config_prop:s0 tclass=file permissive=1
03-09 05:02:37.571 2742 2742 I crash_dump64: type=1400 audit(0.0:979): avc: denied { map } for path="/dev/__properties__/u:object_r:bootanim_config_prop:s0" dev="tmpfs" ino=12832 scontext=u:r:crash_dump:s0 tcontext=u:object_r:bootanim_config_prop:s0 tclass=file permissive=1
03-09 05:02:37.571 2742 2742 I crash_dump64: type=1400 audit(0.0:980): avc: denied { open } for path="/dev/__properties__/u:object_r:bluetooth_prop:s0" dev="tmpfs" ino=12830 scontext=u:r:crash_dump:s0 tcontext=u:object_r:bluetooth_prop:s0 tclass=file permissive=1
03-09 05:02:37.571 2742 2742 I crash_dump64: type=1400 audit(0.0:981): avc: denied { getattr } for path="/dev/__properties__/u:object_r:bluetooth_prop:s0" dev="tmpfs" ino=12830 scontext=u:r:crash_dump:s0 tcontext=u:object_r:bluetooth_prop:s0 tclass=file permissive=1
03-09 05:02:37.571 2742 2742 I crash_dump64: type=1400 audit(0.0:982): avc: denied { map } for path="/dev/__properties__/u:object_r:bluetooth_prop:s0" dev="tmpfs" ino=12830 scontext=u:r:crash_dump:s0 tcontext=u:object_r:bluetooth_prop:s0 tclass=file permissive=1
03-09 05:02:37.571 2742 2742 I crash_dump64: type=1400 audit(0.0:983): avc: denied { open } for path="/dev/__properties__/u:object_r:bluetooth_audio_hal_prop:s0" dev="tmpfs" ino=12829 scontext=u:r:crash_dump:s0 tcontext=u:object_r:bluetooth_audio_hal_prop:s0 tclass=file permissive=1
03-09 05:02:37.571 2742 2742 I crash_dump64: type=1400 audit(0.0:984): avc: denied { getattr } for path="/dev/__properties__/u:object_r:bluetooth_audio_hal_prop:s0" dev="tmpfs" ino=12829 scontext=u:r:crash_dump:s0 tcontext=u:object_r:bluetooth_audio_hal_prop:s0 tclass=file permissive=1
03-09 05:02:37.571 2742 2742 I crash_dump64: type=1400 audit(0.0:985): avc: denied { map } for path="/dev/__properties__/u:object_r:bluetooth_audio_hal_prop:s0" dev="tmpfs" ino=12829 scontext=u:r:crash_dump:s0 tcontext=u:object_r:bluetooth_audio_hal_prop:s0 tclass=file permissive=1
03-09 05:02:37.571 2742 2742 I crash_dump64: type=1400 audit(0.0:986): avc: denied { open } for path="/dev/__properties__/u:object_r:bluetooth_a2dp_offload_prop:s0" dev="tmpfs" ino=12828 scontext=u:r:crash_dump:s0 tcontext=u:object_r:bluetooth_a2dp_offload_prop:s0 tclass=file permissive=1
03-09 05:02:37.571 2742 2742 I crash_dump64: type=1400 audit(0.0:987): avc: denied { getattr } for path="/dev/__properties__/u:object_r:bluetooth_a2dp_offload_prop:s0" dev="tmpfs" ino=12828 scontext=u:r:crash_dump:s0 tcontext=u:object_r:bluetooth_a2dp_offload_prop:s0 tclass=file permissive=1
03-09 05:02:37.571 2742 2742 I crash_dump64: type=1400 audit(0.0:988): avc: denied { map } for path="/dev/__properties__/u:object_r:bluetooth_a2dp_offload_prop:s0" dev="tmpfs" ino=12828 scontext=u:r:crash_dump:s0 tcontext=u:object_r:bluetooth_a2dp_offload_prop:s0 tclass=file permissive=1
