03-09 05:02:36.125 1537 1537 I SystemServerTiming: OnBootPhase_520_com.android.server.incident.IncidentCompanionService
03-09 05:02:36.125 1537 1537 I SystemServerTiming: OnBootPhase_520_com.android.server.MmsServiceBroker
03-09 05:02:36.125 1537 1537 I SystemServerTiming: OnBootPhase_520_com.android.server.autofill.AutofillManagerService
03-09 05:02:36.125 1537 1537 I SystemServerTiming: OnBootPhase_520_com.android.server.clipboard.ClipboardService
03-09 05:02:36.125 1537 1537 I SystemServerTiming: OnBootPhase_520_com.android.server.appbinding.AppBindingService$Lifecycle
03-09 05:02:36.125 1537 1537 I SystemServerTiming: OnBootPhase_520_com.android.server.tracing.TracingServiceProxy
03-09 05:02:36.125 1537 1537 I SystemServerTiming: OnBootPhase_520_com.android.server.policy.PermissionPolicyService
03-09 05:02:36.125 1537 1537 I SystemServerTiming: OnBootPhase_520_com.android.server.pm.StagingManager$Lifecycle
03-09 05:02:36.125 1537 1537 I SystemServerTiming: OnBootPhase_520_com.android.server.app.GameManagerService$Lifecycle
03-09 05:02:36.125 1537 1537 I SystemServerTiming: AppSearchManagerService
03-09 05:02:36.127 1537 1537 I SystemServiceManager: Starting com.android.server.appsearch.AppSearchManagerService
03-09 05:02:36.128 1537 1537 I SystemServerTiming: StartMediaCommunicationService
03-09 05:02:36.128 1537 1537 I SystemServiceManager: Starting com.android.server.media.MediaCommunicationService
03-09 05:02:36.129 1537 1537 I SystemServerTiming: PhaseActivityManagerReady
03-09 05:02:36.129 1537 1537 I SystemServerTiming: controllersReady
03-09 05:02:36.131 1537 1690 I SystemServerTimingAsync: InitThreadPoolExec:Update app-ops uidState in case package android changed
03-09 05:02:36.131 1537 1690 D SystemServerInitThreadPool: Started executing Update app-ops uidState in case package android changed
03-09 05:02:36.131 1537 1690 D SystemServerInitThreadPool: Finished executing Update app-ops uidState in case package android changed
03-09 05:02:36.132 1537 1537 I SystemServerTiming: killProcesses
03-09 05:02:36.132 1537 1537 I ActivityManager: System now ready
03-09 05:02:36.132 1537 1537 I SystemServerTiming: updateTopComponentForFactoryTest
03-09 05:02:36.132 1537 1537 I SystemServerTiming: registerActivityLaunchObserver
03-09 05:02:36.132 1537 1537 I SystemServerTiming: watchDeviceProvisioning
03-09 05:02:36.132 1537 1537 I SystemServerTiming: retrieveSettings
03-09 05:02:36.135 1537 1537 I ActivityTaskManager: Config changes=10000000 {1.0 ?mcc?mnc [zh_CN] ldltr sw680dp w1586dp h588dp 240dpi lrg long land finger -keyb/v/h -nav/h winConfig={ mBounds=Rect(0, 0 - 2380, 1020) mAppBounds=Rect(0, 0 - 2380, 954) mMaxBounds=Rect(0, 0 - 2380, 1020) mWindowingMode=fullscreen mDisplayWindowingMode=fullscreen mActivityType=undefined mAlwaysOnTop=undefined mRotation=ROTATION_0} s.8 fontWeightAdjustment=0}
03-09 05:02:36.135 1537 1537 I WindowManager: Override config changes=10000000 {1.0 ?mcc?mnc [zh_CN] ldltr sw680dp w1586dp h588dp 240dpi lrg long land finger -keyb/v/h -nav/h winConfig={ mBounds=Rect(0, 0 - 2380, 1020) mAppBounds=Rect(0, 0 - 2380, 954) mMaxBounds=Rect(0, 0 - 2380, 1020) mWindowingMode=fullscreen mDisplayWindowingMode=fullscreen mActivityType=undefined mAlwaysOnTop=undefined mRotation=ROTATION_0} s.8 fontWeightAdjustment=0} for displayId=0
03-09 05:02:36.136 1537 1537 I SystemServerTiming: Ugm.onSystemReady
03-09 05:02:36.136 1537 1537 I SystemServerTiming: updateForceBackgroundCheck
03-09 05:02:36.136 1537 1537 I SystemServer: Making services ready
03-09 05:02:36.136 1537 1537 I SystemServerTiming: StartActivityManagerReadyPhase
03-09 05:02:36.136 1537 1537 I SystemServiceManager: Starting phase 550
03-09 05:02:36.136 1537 1537 I SystemServerTiming: OnBootPhase_550
03-09 05:02:36.136 1537 1537 I SystemServerTiming: OnBootPhase_550_com.android.server.security.FileIntegrityService
03-09 05:02:36.136 1537 1537 I SystemServerTiming: OnBootPhase_550_com.android.server.pm.Installer
03-09 05:02:36.136 1537 1537 I SystemServerTiming: OnBootPhase_550_com.android.server.os.DeviceIdentifiersPolicyService
03-09 05:02:36.136 1537 1537 I SystemServerTiming: OnBootPhase_550_com.android.server.uri.UriGrantsManagerService$Lifecycle
03-09 05:02:36.136 1537 1537 I SystemServerTiming: OnBootPhase_550_com.android.server.powerstats.PowerStatsService
03-09 05:02:36.136 1537 1537 I SystemServerTiming: OnBootPhase_550_com.android.server.wm.ActivityTaskManagerService$Lifecycle
03-09 05:02:36.136 1537 1537 I SystemServerTiming: OnBootPhase_550_com.android.server.am.ActivityManagerService$Lifecycle
03-09 05:02:36.137 1537 1537 I SystemServerTiming: OnBootPhase_550_com.android.server.pm.DataLoaderManagerService
03-09 05:02:36.137 1537 1537 I SystemServerTiming: OnBootPhase_550_com.android.server.power.PowerManagerService
03-09 05:02:36.137 1537 1537 I SystemServerTiming: OnBootPhase_550_com.android.server.power.ThermalManagerService
03-09 05:02:36.138 1537 1537 I ThermalHalWrapper: Thermal HAL 2.0 service connected.
03-09 05:02:36.138 1537 1537 E ThermalHalWrapper: Couldn't get temperatures because of HAL error: ThermalHAL not initialized properly.
03-09 05:02:36.138 1537 1537 W ThermalManagerService: Thermal HAL reported invalid data, abort connection
03-09 05:02:36.138 1537 1537 E ThermalHalWrapper: Couldn't get temperature thresholds because of HAL error: ThermalHAL not initialized properly.
03-09 05:02:36.138 1537 1537 I SystemServerTiming: OnBootPhase_550_com.android.server.power.hint.HintManagerService
03-09 05:02:36.138 1537 1537 I SystemServerTiming: OnBootPhase_550_com.android.server.recoverysystem.RecoverySystemService$Lifecycle
03-09 05:02:36.138 1537 1537 I SystemServerTiming: OnBootPhase_550_com.android.server.lights.LightsService
03-09 05:02:36.138 1537 1537 I SystemServerTiming: OnBootPhase_550_com.android.server.display.DisplayManagerService
03-09 05:02:36.138 1537 1537 I SystemServerTiming: OnBootPhase_550_com.android.server.pm.verify.domain.DomainVerificationService
03-09 05:02:36.138 1537 1537 I SystemServerTiming: OnBootPhase_550_com.android.server.pm.PackageInstallerService$Lifecycle
03-09 05:02:36.138 1537 1537 I SystemServerTiming: OnBootPhase_550_com.android.server.pm.UserManagerService$LifeCycle
03-09 05:02:36.138 1537 1537 I SystemServerTiming: OnBootPhase_550_com.android.server.om.OverlayManagerService
03-09 05:02:36.138 1537 1537 I SystemServerTiming: OnBootPhase_550_com.android.server.SensorPrivacyService
03-09 05:02:36.138 1537 1537 I SystemServerTiming: OnBootPhase_550_com.android.server.thunderperf.ThunderBoostPerfService
03-09 05:02:36.138 1537 1537 I SystemServerTiming: OnBootPhase_550_com.android.server.sensors.SensorService
03-09 05:02:36.138 1537 1537 I SystemServerTiming: OnBootPhase_550_com.android.server.SystemConfigService
03-09 05:02:36.138 1537 1537 I SystemServerTiming: OnBootPhase_550_com.android.server.BatteryService
03-09 05:02:36.138 1537 1537 I SystemServerTiming: OnBootPhase_550_com.android.server.usage.UsageStatsService
03-09 05:02:36.138 1537 1537 I SystemServerTiming: OnBootPhase_550_com.android.server.webkit.WebViewUpdateService
03-09 05:02:36.138 1537 1537 I SystemServerTiming: OnBootPhase_550_com.android.server.CachedDeviceStateService
03-09 05:02:36.138 1537 1537 I SystemServerTiming: OnBootPhase_550_com.android.server.BinderCallsStatsService$LifeCycle
03-09 05:02:36.138 1537 1537 I SystemServerTiming: OnBootPhase_550_com.android.server.LooperStatsService$Lifecycle
03-09 05:02:36.138 1537 1537 I SystemServerTiming: OnBootPhase_550_com.android.server.rollback.RollbackManagerService
03-09 05:02:36.138 1537 1537 I SystemServerTiming: OnBootPhase_550_com.android.server.os.NativeTombstoneManagerService
03-09 05:02:36.138 1537 1537 I SystemServerTiming: OnBootPhase_550_com.android.server.os.BugreportManagerService
03-09 05:02:36.138 1537 1537 I SystemServerTiming: OnBootPhase_550_com.android.server.gpu.GpuService
03-09 05:02:36.138 1537 1537 I SystemServerTiming: OnBootPhase_550_com.android.server.security.KeyChainSystemService
03-09 05:02:36.138 1537 1537 I SystemServerTiming: OnBootPhase_550_com.android.server.telecom.TelecomLoaderService
03-09 05:02:36.140 1537 1537 W ActivityManager: Too early to start/bind service in system_server: Phase=550 ComponentInfo{com.android.server.telecom/com.android.server.telecom.components.TelecomService}
03-09 05:02:36.141 1537 1537 D CompatibilityChangeReporter: Compat change id reported: 168419799; UID 1000; state: DISABLED
03-09 05:02:36.141 1537 1537 W ActivityManager: Too early to start/bind service in system_server: Phase=550 ComponentInfo{com.android.server.telecom/com.android.server.telecom.components.TelecomService}
03-09 05:02:36.141 1537 1537 I SystemServerTiming: OnBootPhase_550_com.android.server.accounts.AccountManagerService$Lifecycle
03-09 05:02:36.141 1537 1537 I SystemServerTiming: OnBootPhase_550_com.android.server.content.ContentService$Lifecycle
03-09 05:02:36.142 1537 1537 I SyncManager: No initial accounts
03-09 05:02:36.142 1537 1710 E NativeTombstoneManager: Tombstone's UID (0) not an app, ignoring
03-09 05:02:36.143 1537 1537 I SystemServerTiming: OnBootPhase_550_com.android.server.DropBoxManagerService
03-09 05:02:36.143 1537 1537 I SystemServerTiming: OnBootPhase_550_com.android.role.RoleService
03-09 05:02:36.143 1537 1537 I SystemServerTiming: OnBootPhase_550_com.android.server.vibrator.VibratorManagerService$Lifecycle
03-09 05:02:36.143 1537 1537 I SystemServerTiming: OnBootPhase_550_com.android.server.alarm.AlarmManagerService
03-09 05:02:36.143 1537 1537 I SystemServerTiming: OnBootPhase_550_com.android.server.devicestate.DeviceStateManagerService
03-09 05:02:36.143 1537 1537 I SystemServerTiming: OnBootPhase_550_com.android.server.camera.CameraServiceProxy
03-09 05:02:36.143 1537 1537 I SystemServerTiming: OnBootPhase_550_com.android.server.BluetoothService
03-09 05:02:36.143 1537 1537 D BluetoothManagerService: Bluetooth boot completed
03-09 05:02:36.143 1537 1537 D BluetoothManagerService: Auto-enabling Bluetooth.
03-09 05:02:36.143 1537 1646 D BluetoothManagerService: MESSAGE_ENABLE(0): mBluetooth = null
03-09 05:02:36.143 1537 1646 D BluetoothManagerService: MESSAGE_ENABLE: handleEnable
03-09 05:02:36.143 1537 1646 D BluetoothManagerService: binding Bluetooth service
03-09 05:02:36.144 1537 1710 I DropBoxManagerService: add tag=SYSTEM_TOMBSTONE_PROTO isTagEnabled=true flags=0x4
03-09 05:02:36.144 1537 1646 D CompatibilityChangeReporter: Compat change id reported: 135634846; UID 1002; state: DISABLED
03-09 05:02:36.144 1537 1646 D CompatibilityChangeReporter: Compat change id reported: 177438394; UID 1002; state: DISABLED
03-09 05:02:36.144 1537 1646 D CompatibilityChangeReporter: Compat change id reported: 135772972; UID 1002; state: DISABLED
03-09 05:02:36.144 1537 1646 D CompatibilityChangeReporter: Compat change id reported: 135754954; UID 1002; state: ENABLED
03-09 05:02:36.145 1537 1646 D BluetoothManagerService: Binding BT service. Current user: 0
03-09 05:02:36.145 1537 1537 I SystemServerTiming: OnBootPhase_550_com.android.server.connectivity.IpConnectivityMetrics
03-09 05:02:36.145 1537 1537 I SystemServerTiming: OnBootPhase_550_com.android.server.net.watchlist.NetworkWatchlistService$Lifecycle
03-09 05:02:36.146 1537 1537 I SystemServerTiming: OnBootPhase_550_com.android.server.PinnerService
03-09 05:02:36.146 1537 1537 I SystemServerTiming: OnBootPhase_550_com.google.android.startop.iorap.IorapForwardingService
03-09 05:02:36.146 1537 1537 I SystemServerTiming: OnBootPhase_550_com.android.server.ActivityTriggerService
03-09 05:02:36.146 1537 1537 I SystemServerTiming: OnBootPhase_550_com.android.server.integrity.AppIntegrityManagerService
03-09 05:02:36.146 1537 1537 I SystemServerTiming: OnBootPhase_550_com.android.server.inputmethod.InputMethodManagerService$Lifecycle
03-09 05:02:36.149 1537 1655 I ActivityManager: Start proc 2034:com.android.bluetooth/1002 for service {com.android.bluetooth/com.android.bluetooth.btservice.AdapterService}
03-09 05:02:36.149 1537 1537 W InputMethodManagerService: Default IME is uninstalled. Choose new default IME.
01-01 08:00:12.369 0 0 I binder : 2034:2034 ioctl 40046210 7ff4f779d4 returned -22
03-09 05:02:36.159 1537 1990 D CompatibilityChangeReporter: Compat change id reported: 168419799; UID 1002; state: DISABLED
03-09 05:02:36.159 1537 1537 I SystemServerTiming: OnBootPhase_550_com.android.server.accessibility.AccessibilityManagerService$Lifecycle
03-09 05:02:36.159 1537 1537 I SystemServerTiming: OnBootPhase_550_com.android.server.StorageManagerService$Lifecycle
03-09 05:02:36.159 1537 1537 I SystemServerTiming: OnBootPhase_550_com.android.server.usage.StorageStatsService$Lifecycle
03-09 05:02:36.159 1537 1537 I SystemServerTiming: OnBootPhase_550_com.android.server.UiModeManagerService
03-09 05:02:36.159 1537 1537 I SystemServerTiming: OnBootPhase_550_com.android.server.locksettings.LockSettingsService$Lifecycle
03-09 05:02:36.160 1537 1537 I RebootEscrowManager: No reboot escrow data found for users, skipping loading escrow data
03-09 05:02:36.160 1537 1537 I SystemServerTiming: OnBootPhase_550_com.android.server.PersistentDataBlockService
03-09 05:02:36.160 1537 1537 I SystemServerTiming: OnBootPhase_550_com.android.server.testharness.TestHarnessModeService
03-09 05:02:36.160 1537 1537 I SystemServerTiming: OnBootPhase_550_com.android.server.oemlock.OemLockService
03-09 05:02:36.160 1537 1537 I SystemServerTiming: OnBootPhase_550_com.android.server.DeviceIdleController
03-09 05:02:36.160 1537 1537 I SystemServerTiming: OnBootPhase_550_com.android.server.devicepolicy.DevicePolicyManagerService$Lifecycle
03-09 05:02:36.160 1537 1537 I SystemServerTiming: OnBootPhase_550_com.android.server.texttospeech.TextToSpeechManagerService
03-09 05:02:36.160 1537 1537 I SystemServerTiming: OnBootPhase_550_com.android.server.speech.SpeechRecognitionManagerService
03-09 05:02:36.160 1537 1537 I SystemServerTiming: OnBootPhase_550_com.android.server.searchui.SearchUiManagerService
03-09 05:02:36.160 1537 1537 I SystemServerTiming: OnBootPhase_550_com.android.server.smartspace.SmartspaceManagerService
03-09 05:02:36.160 1537 1537 I SystemServerTiming: OnBootPhase_550_com.android.server.graphics.fonts.FontManagerService$Lifecycle
03-09 05:02:36.160 1537 1537 I SystemServerTiming: OnBootPhase_550_com.android.server.textservices.TextServicesManagerService$Lifecycle
03-09 05:02:36.160 1537 1537 I SystemServerTiming: OnBootPhase_550_com.android.server.textclassifier.TextClassificationManagerService$Lifecycle
03-09 05:02:36.160 1537 1537 I SystemServerTiming: OnBootPhase_550_com.android.server.NetworkScoreService$Lifecycle
03-09 05:02:36.160 1537 1537 I SystemServerTiming: OnBootPhase_550_com.android.server.wifi.WifiService
03-09 05:02:36.160 1537 1537 I SystemServerTiming: OnBootPhase_550_com.android.server.wifi.scanner.WifiScanningService
03-09 05:02:36.160 1537 1537 I SystemServerTiming: OnBootPhase_550_com.android.server.wifi.rtt.RttService
03-09 05:02:36.160 1537 1537 I SystemServerTiming: OnBootPhase_550_com.android.server.wifi.aware.WifiAwareService
03-09 05:02:36.160 1537 1537 I SystemServerTiming: OnBootPhase_550_com.android.server.wifi.p2p.WifiP2pService
03-09 05:02:36.160 1537 1537 I SystemServerTiming: OnBootPhase_550_com.android.server.ethernet.EthernetService
03-09 05:02:36.160 1537 1537 I SystemServerTiming: OnBootPhase_550_com.android.server.ConnectivityServiceInitializer
03-09 05:02:36.160 1537 1537 I SystemServerTiming: OnBootPhase_550_com.android.server.notification.NotificationManagerService
03-09 05:02:36.160 1537 1537 I SystemServerTiming: OnBootPhase_550_com.android.server.storage.DeviceStorageMonitorService
03-09 05:02:36.160 1537 1537 I SystemServerTiming: OnBootPhase_550_com.android.server.location.LocationManagerService$Lifecycle
03-09 05:02:36.160 1537 1537 I SystemServerTiming: OnBootPhase_550_com.android.server.timedetector.TimeDetectorService$Lifecycle
03-09 05:02:36.160 1537 1537 I SystemServerTiming: OnBootPhase_550_com.android.server.timezonedetector.TimeZoneDetectorService$Lifecycle
03-09 05:02:36.160 1537 1537 I SystemServerTiming: OnBootPhase_550_com.android.server.timezonedetector.location.LocationTimeZoneManagerService$Lifecycle
03-09 05:02:36.160 1537 1537 I SystemServerTiming: OnBootPhase_550_com.android.server.search.SearchManagerService$Lifecycle
03-09 05:02:36.160 1537 1537 I SystemServerTiming: OnBootPhase_550_com.android.server.wallpaper.WallpaperManagerService$Lifecycle
03-09 05:02:36.164 1537 1537 I WallpaperManagerService: No static wallpaper imagery; defaults will be shown
03-09 05:02:36.164 1537 1537 V WallpaperManagerService: bindWallpaperComponentLocked: componentName=ComponentInfo{com.android.systemui/com.android.systemui.ImageWallpaper}
03-09 05:02:36.165 1537 1537 D CompatibilityChangeReporter: Compat change id reported: 135634846; UID 10078; state: DISABLED
03-09 05:02:36.165 1537 1537 D CompatibilityChangeReporter: Compat change id reported: 177438394; UID 10078; state: DISABLED
03-09 05:02:36.165 1537 1537 D CompatibilityChangeReporter: Compat change id reported: 135772972; UID 10078; state: DISABLED
03-09 05:02:36.165 1537 1537 D CompatibilityChangeReporter: Compat change id reported: 135754954; UID 10078; state: ENABLED
03-09 05:02:36.165 1537 1655 D CompatibilityChangeReporter: Compat change id reported: 143937733; UID 10078; state: ENABLED
03-09 05:02:36.167 1537 1537 W WallpaperManagerService: Invalid wallpaper data
03-09 05:02:36.167 1537 1537 E WallpaperManagerService: Unable to apply new wallpaper
03-09 05:02:36.167 1537 1537 I SystemServerTiming: OnBootPhase_550_com.android.server.audio.AudioService$Lifecycle
03-09 05:02:36.167 1537 1537 I SystemServerTiming: OnBootPhase_550_com.android.server.soundtrigger_middleware.SoundTriggerMiddlewareService$Lifecycle
03-09 05:02:36.167 1537 1537 I SystemServerTiming: OnBootPhase_550_com.android.server.DockObserver
03-09 05:02:36.168 1537 1537 I SystemServerTiming: OnBootPhase_550_com.android.server.midi.MidiService$Lifecycle
03-09 05:02:36.168 1537 1537 I SystemServerTiming: OnBootPhase_550_com.android.server.adb.AdbService$Lifecycle
03-09 05:02:36.168 1537 1537 I SystemServerTiming: OnBootPhase_550_com.android.server.usb.UsbService$Lifecycle
03-09 05:02:36.168 1537 1537 I SystemServerTiming: OnBootPhase_550_com.android.server.twilight.TwilightService
03-09 05:02:36.168 1537 1537 I SystemServerTiming: OnBootPhase_550_com.android.server.display.color.ColorDisplayService
03-09 05:02:36.168 1537 1537 I SystemServerTiming: OnBootPhase_550_com.android.server.job.JobSchedulerService
03-09 05:02:36.168 1537 1537 I SystemServerTiming: OnBootPhase_550_com.android.server.soundtrigger.SoundTriggerService
03-09 05:02:36.168 1537 1697 I SystemServerTimingAsync: InitThreadPoolExec:UsbService$Lifecycle#onBootPhase
03-09 05:02:36.168 1537 1537 D SoundTriggerService: onBootPhase: 550 : false
03-09 05:02:36.168 1537 1537 I SystemServerTiming: OnBootPhase_550_com.android.server.trust.TrustManagerService
03-09 05:02:36.168 1537 1537 I SystemServerTiming: OnBootPhase_550_com.android.server.backup.BackupManagerService$Lifecycle
03-09 05:02:36.168 1537 1537 I SystemServerTiming: OnBootPhase_550_com.android.server.appwidget.AppWidgetService
03-09 05:02:36.168 1537 1537 I SystemServerTiming: OnBootPhase_550_com.android.server.voiceinteraction.VoiceInteractionManagerService
03-09 05:02:36.168 1537 1697 D SystemServerInitThreadPool: Started executing UsbService$Lifecycle#onBootPhase
03-09 05:02:36.168 1537 1537 I SystemServerTiming: OnBootPhase_550_com.android.server.apphibernation.AppHibernationService
03-09 05:02:36.168 1537 1537 I SystemServerTiming: OnBootPhase_550_com.android.server.SensorNotificationService
03-09 05:02:36.168 1537 1537 I SystemServerTiming: OnBootPhase_550_com.android.server.emergency.EmergencyAffordanceService
03-09 05:02:36.168 1537 1537 I SystemServerTiming: OnBootPhase_550_com.android.server.blob.BlobStoreManagerService
03-09 05:02:36.168 1537 1987 W BluetoothManagerService: bindBluetoothProfileService:Trying to bind to profile: 1, while Bluetooth is disabled
03-09 05:02:36.168 1537 1537 I SystemServerTiming: OnBootPhase_550_com.android.server.dreams.DreamManagerService
03-09 05:02:36.168 1537 1537 I SystemServerTiming: OnBootPhase_550_com.android.server.companion.CompanionDeviceManagerService
03-09 05:02:36.168 1537 1537 I SystemServerTiming: OnBootPhase_550_com.android.server.restrictions.RestrictionsManagerService
03-09 05:02:36.168 1537 1537 I SystemServerTiming: OnBootPhase_550_com.android.server.media.MediaSessionService
03-09 05:02:36.168 1537 1537 I SystemServerTiming: OnBootPhase_550_com.android.server.media.MediaResourceMonitorService
03-09 05:02:36.168 1537 1537 I SystemServerTiming: OnBootPhase_550_com.android.server.biometrics.sensors.fingerprint.FingerprintService
03-09 05:02:36.168 1537 1537 I SystemServerTiming: OnBootPhase_550_com.android.server.biometrics.BiometricService
03-09 05:02:36.168 1537 1537 I SystemServerTiming: OnBootPhase_550_com.android.server.biometrics.AuthService
03-09 05:02:36.168 1537 1537 I SystemServerTiming: OnBootPhase_550_com.android.server.pm.ShortcutService$Lifecycle
03-09 05:02:36.168 1537 1537 I SystemServerTiming: OnBootPhase_550_com.android.server.pm.LauncherAppsService
03-09 05:02:36.168 1537 1537 I SystemServerTiming: OnBootPhase_550_com.android.server.pm.CrossProfileAppsService
03-09 05:02:36.168 1537 1537 I SystemServerTiming: OnBootPhase_550_com.android.server.people.PeopleService
03-09 05:02:36.168 1537 1537 I SystemServerTiming: OnBootPhase_550_com.android.server.media.metrics.MediaMetricsManagerService
03-09 05:02:36.168 1537 1537 I SystemServerTiming: OnBootPhase_550_com.android.server.media.projection.MediaProjectionManagerService
03-09 05:02:36.168 1537 1537 I SystemServerTiming: OnBootPhase_550_com.android.server.slice.SliceManagerService$Lifecycle
03-09 05:02:36.169 1537 1537 I SystemServerTiming: OnBootPhase_550_com.android.server.stats.StatsCompanion$Lifecycle
03-09 05:02:36.169 1537 1537 I SystemServerTiming: OnBootPhase_550_com.android.server.scheduling.RebootReadinessManagerService$Lifecycle
03-09 05:02:36.169 1537 1537 I SystemServerTiming: OnBootPhase_550_com.android.server.stats.pull.StatsPullAtomService
03-09 05:02:36.169 1537 1537 I SystemServerTiming: OnBootPhase_550_com.android.server.incident.IncidentCompanionService
03-09 05:02:36.169 1537 1537 I SystemServerTiming: OnBootPhase_550_com.android.server.MmsServiceBroker
03-09 05:02:36.169 1537 1537 I SystemServerTiming: OnBootPhase_550_com.android.server.autofill.AutofillManagerService
03-09 05:02:36.169 1537 1537 I SystemServerTiming: OnBootPhase_550_com.android.server.clipboard.ClipboardService
03-09 05:02:36.169 1537 1537 I SystemServerTiming: OnBootPhase_550_com.android.server.appbinding.AppBindingService$Lifecycle
03-09 05:02:36.169 1537 1655 I ActivityManager: Start proc 2051:com.android.systemui/u0a78 for service {com.android.systemui/com.android.systemui.ImageWallpaper}
03-09 05:02:36.169 1537 1697 D SystemServerInitThreadPool: Finished executing UsbService$Lifecycle#onBootPhase
03-09 05:02:36.170 1537 1537 I AppBindingService: Updating constants with: null
03-09 05:02:36.170 1537 1537 I SystemServerTiming: OnBootPhase_550_com.android.server.tracing.TracingServiceProxy
03-09 05:02:36.170 1537 1924 I UsbPortManager: ClientCallback V1_2:
03-09 05:02:36.170 1537 1537 I SystemServerTiming: OnBootPhase_550_com.android.server.policy.PermissionPolicyService
03-09 05:02:36.170 1537 1644 I UsbPortManager: USB port added: port=UsbPort{id=, supportedModes=nonesupportedContaminantProtectionModes=0supportsEnableContaminantPresenceProtection=falsesupportsEnableContaminantPresenceDetection=false, status=UsbPortStatus{connected=false, currentMode=none, currentPowerRole=no-power, currentDataRole=no-data, supportedRoleCombinations=[no-power:no-data], contaminantDetectionStatus=0, contaminantProtectionStatus=0}, canChangeMode=false, canChangePowerRole=false, canChangeDataRole=false, connectedAtMillis=0, lastConnectDurationMillis=0
03-09 05:02:36.180 1537 1537 V StorageManagerService: Package null has legacy storage
03-09 05:02:36.180 1537 1537 V StorageManagerService: Package null has legacy storage
03-09 05:02:36.182 1537 2056 I DropBoxManagerService: add tag=system_server_wtf isTagEnabled=true flags=0x2
03-09 05:02:36.183 1537 1537 V StorageManagerService: Package null does not have legacy storage
03-09 05:02:36.183 1537 1537 V StorageManagerService: Package null does not have legacy storage
03-09 05:02:36.183 1537 1537 V StorageManagerService: Package null does not have legacy storage
03-09 05:02:36.183 1537 1537 V StorageManagerService: Package null does not have legacy storage
03-09 05:02:36.183 1537 1537 V StorageManagerService: Package null does not have legacy storage
03-09 05:02:36.183 1537 2055 I DropBoxManagerService: add tag=system_server_wtf isTagEnabled=true flags=0x2
03-09 05:02:36.183 1537 1537 V StorageManagerService: Package null does not have legacy storage
01-01 08:00:12.397 0 0 I binder : 2051:2051 ioctl 40046210 7ff4f779d4 returned -22
03-09 05:02:36.184 1537 1537 V StorageManagerService: Package null does not have legacy storage
03-09 05:02:36.184 1537 1537 V StorageManagerService: Package null does not have legacy storage
03-09 05:02:36.184 1537 1537 V StorageManagerService: Package null does not have legacy storage
03-09 05:02:36.184 1537 1537 V StorageManagerService: Package null does not have legacy storage
03-09 05:02:36.185 1537 1537 V StorageManagerService: Package null does not have legacy storage
03-09 05:02:36.185 1537 1537 V StorageManagerService: Package null does not have legacy storage
03-09 05:02:36.185 1537 1537 V StorageManagerService: Package null does not have legacy storage
03-09 05:02:36.185 1537 1537 V StorageManagerService: Package null does not have legacy storage
03-09 05:02:36.185 1537 1537 V StorageManagerService: Package null does not have legacy storage
03-09 05:02:36.185 1537 1537 V StorageManagerService: Package null does not have legacy storage
03-09 05:02:36.185 1537 1537 V StorageManagerService: Package null does not have legacy storage
03-09 05:02:36.185 1537 1537 V StorageManagerService: Package null does not have legacy storage
03-09 05:02:36.185 1537 1537 V StorageManagerService: Package null does not have legacy storage
03-09 05:02:36.185 1537 1537 V StorageManagerService: Package null does not have legacy storage
03-09 05:02:36.185 1537 1537 I PackageManager: Permission ownership changed. Updating all permissions.
03-09 05:02:36.193 1537 1537 I SystemServerTiming: OnBootPhase_550_com.android.server.pm.StagingManager$Lifecycle
03-09 05:02:36.193 1537 1537 I SystemServerTiming: OnBootPhase_550_com.android.server.app.GameManagerService$Lifecycle
03-09 05:02:36.193 1537 1537 I SystemServerTiming: OnBootPhase_550_com.android.server.appsearch.AppSearchManagerService
03-09 05:02:36.193 1537 1537 I SystemServerTiming: OnBootPhase_550_com.android.server.media.MediaCommunicationService
03-09 05:02:36.193 1537 1537 I SystemServerTiming: StartObservingNativeCrashes
03-09 05:02:36.193 1537 1537 I SystemServerTiming: RegisterAppOpsPolicy
03-09 05:02:36.194 1537 1573 D CompatibilityChangeReporter: Compat change id reported: 168419799; UID 10078; state: DISABLED
03-09 05:02:36.197 1537 1537 I SystemServerTiming: MakeNetworkManagementServiceReady
03-09 05:02:36.197 1537 1711 I SystemServerTimingAsync: InitThreadPoolExec:WebViewFactoryPreparation
03-09 05:02:36.197 1537 1711 D SystemServerInitThreadPool: Started executing WebViewFactoryPreparation
03-09 05:02:36.197 1537 1711 I SystemServer: WebViewFactoryPreparation
03-09 05:02:36.197 1537 1711 I SystemServerTimingAsync: WebViewFactoryPreparation
03-09 05:02:36.198 1537 1537 I SystemServerTiming: MakeIpSecServiceReady
03-09 05:02:36.198 1537 1537 D IpSecService: IpSecService is ready
03-09 05:02:36.198 1537 1537 I SystemServerTiming: MakeNetworkStatsServiceReady
03-09 05:02:36.198 1537 1711 D CompatibilityChangeReporter: Compat change id reported: 135634846; UID 1000; state: DISABLED
03-09 05:02:36.198 1537 1711 D CompatibilityChangeReporter: Compat change id reported: 177438394; UID 1000; state: DISABLED
03-09 05:02:36.198 1537 1711 D CompatibilityChangeReporter: Compat change id reported: 135772972; UID 1000; state: DISABLED
03-09 05:02:36.198 1537 1711 D CompatibilityChangeReporter: Compat change id reported: 178038272; UID 1000; state: DISABLED
03-09 05:02:36.199 1537 1711 D SystemServerInitThreadPool: Finished executing WebViewFactoryPreparation
03-09 05:02:36.200 1537 1955 W NetworkPolicy: setRestrictBackgroundUL: already false
03-09 05:02:36.212 1537 1537 I SystemServerTiming: MakeConnectivityServiceReady
03-09 05:02:36.223 1537 1537 I SystemServerTiming: MakeVpnManagerServiceReady
03-09 05:02:36.227 1537 1537 I SystemServerTiming: MakeVcnManagementServiceReady
03-09 05:02:36.229 1537 1537 I SystemServerTiming: MakeNetworkPolicyServiceReady
03-09 05:02:36.229 1537 1537 I SystemServerTiming: PhaseThirdPartyAppsCanStart
03-09 05:02:36.229 1537 1537 I SystemServiceManager: Starting phase 600
03-09 05:02:36.229 1537 1537 I SystemServerTiming: OnBootPhase_600
03-09 05:02:36.229 1537 1537 I SystemServerTiming: OnBootPhase_600_com.android.server.security.FileIntegrityService
03-09 05:02:36.229 1537 1537 I SystemServerTiming: OnBootPhase_600_com.android.server.pm.Installer
03-09 05:02:36.229 1537 1537 I SystemServerTiming: OnBootPhase_600_com.android.server.os.DeviceIdentifiersPolicyService
03-09 05:02:36.229 1537 1537 I SystemServerTiming: OnBootPhase_600_com.android.server.uri.UriGrantsManagerService$Lifecycle
03-09 05:02:36.229 1537 1537 I SystemServerTiming: OnBootPhase_600_com.android.server.powerstats.PowerStatsService
03-09 05:02:36.229 1537 1537 I SystemServerTiming: OnBootPhase_600_com.android.server.wm.ActivityTaskManagerService$Lifecycle
03-09 05:02:36.229 1537 1537 I SystemServerTiming: OnBootPhase_600_com.android.server.am.ActivityManagerService$Lifecycle
03-09 05:02:36.230 1537 1537 I ExplicitHealthCheckController: Explicit health checks enabled.
03-09 05:02:36.230 1537 1537 I PackageWatchdog: Syncing state, reason: health check state enabled
03-09 05:02:36.230 1537 1537 I PackageWatchdog: Not pruning observers, elapsed time: 0ms
03-09 05:02:36.230 1537 1537 I PackageWatchdog: Cancelling state sync, nothing to sync
03-09 05:02:36.230 1537 1537 I SystemServerTiming: OnBootPhase_600_com.android.server.pm.DataLoaderManagerService
03-09 05:02:36.230 1537 1653 I PackageWatchdog: Saving observer state to file
03-09 05:02:36.230 1537 1537 I SystemServerTiming: OnBootPhase_600_com.android.server.power.PowerManagerService
03-09 05:02:36.230 1537 1537 I SystemServerTiming: OnBootPhase_600_com.android.server.power.ThermalManagerService
03-09 05:02:36.231 1537 1537 I SystemServerTiming: OnBootPhase_600_com.android.server.power.hint.HintManagerService
03-09 05:02:36.231 1537 1537 I SystemServerTiming: OnBootPhase_600_com.android.server.recoverysystem.RecoverySystemService$Lifecycle
03-09 05:02:36.231 1537 1537 I SystemServerTiming: OnBootPhase_600_com.android.server.lights.LightsService
03-09 05:02:36.231 1537 1537 I SystemServerTiming: OnBootPhase_600_com.android.server.display.DisplayManagerService
03-09 05:02:36.231 1537 1537 I SystemServerTiming: OnBootPhase_600_com.android.server.pm.verify.domain.DomainVerificationService
03-09 05:02:36.231 1537 1537 I SystemServerTiming: OnBootPhase_600_com.android.server.pm.PackageInstallerService$Lifecycle
03-09 05:02:36.231 1537 1537 I SystemServerTiming: OnBootPhase_600_com.android.server.pm.UserManagerService$LifeCycle
03-09 05:02:36.231 1537 1537 I SystemServerTiming: OnBootPhase_600_com.android.server.om.OverlayManagerService
03-09 05:02:36.231 1537 1537 I SystemServerTiming: OnBootPhase_600_com.android.server.SensorPrivacyService
03-09 05:02:36.231 1537 1537 I SystemServerTiming: OnBootPhase_600_com.android.server.thunderperf.ThunderBoostPerfService
03-09 05:02:36.231 1537 1537 I SystemServerTiming: OnBootPhase_600_com.android.server.sensors.SensorService
03-09 05:02:36.231 1537 1537 I SystemServerTiming: OnBootPhase_600_com.android.server.SystemConfigService
03-09 05:02:36.231 1537 1537 I SystemServerTiming: OnBootPhase_600_com.android.server.BatteryService
03-09 05:02:36.231 1537 1537 I SystemServerTiming: OnBootPhase_600_com.android.server.usage.UsageStatsService
03-09 05:02:36.231 1537 1537 I SystemServerTiming: OnBootPhase_600_com.android.server.webkit.WebViewUpdateService
03-09 05:02:36.231 1537 1537 I SystemServerTiming: OnBootPhase_600_com.android.server.CachedDeviceStateService
03-09 05:02:36.231 1537 1537 I SystemServerTiming: OnBootPhase_600_com.android.server.BinderCallsStatsService$LifeCycle
03-09 05:02:36.231 1537 1537 I SystemServerTiming: OnBootPhase_600_com.android.server.LooperStatsService$Lifecycle
03-09 05:02:36.231 1537 1537 I SystemServerTiming: OnBootPhase_600_com.android.server.rollback.RollbackManagerService
03-09 05:02:36.231 1537 1537 I SystemServerTiming: OnBootPhase_600_com.android.server.os.NativeTombstoneManagerService
03-09 05:02:36.231 1537 1537 I SystemServerTiming: OnBootPhase_600_com.android.server.os.BugreportManagerService
03-09 05:02:36.231 1537 1537 I SystemServerTiming: OnBootPhase_600_com.android.server.gpu.GpuService
03-09 05:02:36.231 1537 1537 I SystemServerTiming: OnBootPhase_600_com.android.server.security.KeyChainSystemService
03-09 05:02:36.231 1537 1537 I SystemServerTiming: OnBootPhase_600_com.android.server.telecom.TelecomLoaderService
03-09 05:02:36.231 1537 1537 I SystemServerTiming: OnBootPhase_600_com.android.server.accounts.AccountManagerService$Lifecycle
03-09 05:02:36.231 1537 1537 I SystemServerTiming: OnBootPhase_600_com.android.server.content.ContentService$Lifecycle
03-09 05:02:36.231 1537 1537 I SystemServerTiming: OnBootPhase_600_com.android.server.DropBoxManagerService
03-09 05:02:36.231 1537 1537 I SystemServerTiming: OnBootPhase_600_com.android.role.RoleService
03-09 05:02:36.231 1537 1537 I SystemServerTiming: OnBootPhase_600_com.android.server.vibrator.VibratorManagerService$Lifecycle
03-09 05:02:36.231 1537 1537 I SystemServerTiming: OnBootPhase_600_com.android.server.alarm.AlarmManagerService
03-09 05:02:36.231 1537 1537 I SystemServerTiming: OnBootPhase_600_com.android.server.devicestate.DeviceStateManagerService
03-09 05:02:36.231 1537 1537 I SystemServerTiming: OnBootPhase_600_com.android.server.camera.CameraServiceProxy
03-09 05:02:36.231 1537 1537 I SystemServerTiming: OnBootPhase_600_com.android.server.BluetoothService
03-09 05:02:36.231 1537 1537 I SystemServerTiming: OnBootPhase_600_com.android.server.connectivity.IpConnectivityMetrics
03-09 05:02:36.231 1537 1537 I SystemServerTiming: OnBootPhase_600_com.android.server.net.watchlist.NetworkWatchlistService$Lifecycle
03-09 05:02:36.231 1537 1537 I SystemServerTiming: OnBootPhase_600_com.android.server.PinnerService
03-09 05:02:36.231 1537 1537 I SystemServerTiming: OnBootPhase_600_com.google.android.startop.iorap.IorapForwardingService
03-09 05:02:36.231 1537 1537 I SystemServerTiming: OnBootPhase_600_com.android.server.ActivityTriggerService
03-09 05:02:36.231 1537 1537 I SystemServerTiming: OnBootPhase_600_com.android.server.integrity.AppIntegrityManagerService
03-09 05:02:36.231 1537 1537 I SystemServerTiming: OnBootPhase_600_com.android.server.inputmethod.InputMethodManagerService$Lifecycle
03-09 05:02:36.231 1537 1537 I SystemServerTiming: OnBootPhase_600_com.android.server.accessibility.AccessibilityManagerService$Lifecycle
03-09 05:02:36.231 1537 1537 I SystemServerTiming: OnBootPhase_600_com.android.server.StorageManagerService$Lifecycle
03-09 05:02:36.231 1537 1537 I SystemServerTiming: OnBootPhase_600_com.android.server.usage.StorageStatsService$Lifecycle
03-09 05:02:36.231 1537 1537 I SystemServerTiming: OnBootPhase_600_com.android.server.UiModeManagerService
03-09 05:02:36.231 1537 1537 I SystemServerTiming: OnBootPhase_600_com.android.server.locksettings.LockSettingsService$Lifecycle
03-09 05:02:36.231 1537 1537 I SystemServerTiming: OnBootPhase_600_com.android.server.PersistentDataBlockService
03-09 05:02:36.231 1537 1537 I SystemServerTiming: OnBootPhase_600_com.android.server.testharness.TestHarnessModeService
03-09 05:02:36.231 1537 1537 I SystemServerTiming: OnBootPhase_600_com.android.server.oemlock.OemLockService
03-09 05:02:36.231 1537 1537 I SystemServerTiming: OnBootPhase_600_com.android.server.DeviceIdleController
03-09 05:02:36.231 1537 1537 I SystemServerTiming: OnBootPhase_600_com.android.server.devicepolicy.DevicePolicyManagerService$Lifecycle
03-09 05:02:36.231 1537 1537 I SystemServerTiming: OnBootPhase_600_com.android.server.texttospeech.TextToSpeechManagerService
03-09 05:02:36.232 1537 1537 I SystemServerTiming: OnBootPhase_600_com.android.server.speech.SpeechRecognitionManagerService
03-09 05:02:36.232 1537 1537 I SystemServerTiming: OnBootPhase_600_com.android.server.searchui.SearchUiManagerService
03-09 05:02:36.232 1537 1537 I SystemServerTiming: OnBootPhase_600_com.android.server.smartspace.SmartspaceManagerService
03-09 05:02:36.232 1537 1537 I SystemServerTiming: OnBootPhase_600_com.android.server.graphics.fonts.FontManagerService$Lifecycle
03-09 05:02:36.232 1537 1537 I SystemServerTiming: OnBootPhase_600_com.android.server.textservices.TextServicesManagerService$Lifecycle
03-09 05:02:36.232 1537 1537 I SystemServerTiming: OnBootPhase_600_com.android.server.textclassifier.TextClassificationManagerService$Lifecycle
03-09 05:02:36.232 1537 1537 I SystemServerTiming: OnBootPhase_600_com.android.server.NetworkScoreService$Lifecycle
03-09 05:02:36.232 1537 1537 I SystemServerTiming: OnBootPhase_600_com.android.server.wifi.WifiService
03-09 05:02:36.232 1537 1537 I SystemServerTiming: OnBootPhase_600_com.android.server.wifi.scanner.WifiScanningService
03-09 05:02:36.232 1537 1537 I SystemServerTiming: OnBootPhase_600_com.android.server.wifi.rtt.RttService
03-09 05:02:36.232 1537 1537 I SystemServerTiming: OnBootPhase_600_com.android.server.wifi.aware.WifiAwareService
03-09 05:02:36.232 1537 1537 I SystemServerTiming: OnBootPhase_600_com.android.server.wifi.p2p.WifiP2pService
03-09 05:02:36.232 1537 1537 I SystemServerTiming: OnBootPhase_600_com.android.server.ethernet.EthernetService
03-09 05:02:36.232 1537 1537 I SystemServerTiming: OnBootPhase_600_com.android.server.ConnectivityServiceInitializer
03-09 05:02:36.232 1537 1537 I SystemServerTiming: OnBootPhase_600_com.android.server.notification.NotificationManagerService
03-09 05:02:36.234 1537 1537 I SystemServerTiming: OnBootPhase_600_com.android.server.storage.DeviceStorageMonitorService
03-09 05:02:36.234 1537 1537 I SystemServerTiming: OnBootPhase_600_com.android.server.location.LocationManagerService$Lifecycle
03-09 05:02:36.248 1537 1710 E NativeTombstoneManager: Tombstone's UID (0) not an app, ignoring
03-09 05:02:36.249 1537 1710 I DropBoxManagerService: add tag=SYSTEM_TOMBSTONE_PROTO isTagEnabled=true flags=0x4
03-09 05:02:36.258 1537 1537 I SystemServerTiming: OnBootPhase_600_com.android.server.timedetector.TimeDetectorService$Lifecycle
03-09 05:02:36.258 1537 1537 I SystemServerTiming: OnBootPhase_600_com.android.server.timezonedetector.TimeZoneDetectorService$Lifecycle
03-09 05:02:36.258 1537 1537 I SystemServerTiming: OnBootPhase_600_com.android.server.timezonedetector.location.LocationTimeZoneManagerService$Lifecycle
03-09 05:02:36.258 1537 1537 I SystemServerTiming: OnBootPhase_600_com.android.server.search.SearchManagerService$Lifecycle
03-09 05:02:36.258 1537 1537 I SystemServerTiming: OnBootPhase_600_com.android.server.wallpaper.WallpaperManagerService$Lifecycle
03-09 05:02:36.258 1537 1537 I WallpaperManagerService: switch-user-0
03-09 05:02:36.259 1537 1537 V WallpaperManagerService: bindWallpaperComponentLocked: componentName=ComponentInfo{com.android.systemui/com.android.systemui.ImageWallpaper}
03-09 05:02:36.261 1537 1537 I SystemServerTiming: OnBootPhase_600_com.android.server.audio.AudioService$Lifecycle
03-09 05:02:36.262 1537 1537 I SystemServerTiming: OnBootPhase_600_com.android.server.soundtrigger_middleware.SoundTriggerMiddlewareService$Lifecycle
03-09 05:02:36.262 1537 1537 I SystemServerTiming: OnBootPhase_600_com.android.server.DockObserver
03-09 05:02:36.262 1537 1537 I SystemServerTiming: OnBootPhase_600_com.android.server.midi.MidiService$Lifecycle
03-09 05:02:36.262 1537 1537 I SystemServerTiming: OnBootPhase_600_com.android.server.adb.AdbService$Lifecycle
03-09 05:02:36.262 1537 1537 I SystemServerTiming: OnBootPhase_600_com.android.server.usb.UsbService$Lifecycle
03-09 05:02:36.262 1537 1537 I SystemServerTiming: OnBootPhase_600_com.android.server.twilight.TwilightService
03-09 05:02:36.262 1537 1537 I SystemServerTiming: OnBootPhase_600_com.android.server.display.color.ColorDisplayService
03-09 05:02:36.262 1537 1537 I SystemServerTiming: OnBootPhase_600_com.android.server.job.JobSchedulerService
03-09 05:02:36.267 1537 1537 I SystemServerTiming: OnBootPhase_600_com.android.server.soundtrigger.SoundTriggerService
03-09 05:02:36.267 1537 1537 D SoundTriggerService: onBootPhase: 600 : false
03-09 05:02:36.267 1537 1537 I SystemServerTiming: OnBootPhase_600_com.android.server.trust.TrustManagerService
03-09 05:02:36.268 1537 1537 D BiometricService: Sensor ID(0), oemStrength: 15, updatedStrength: 15, modality 2, state: 0, cookie: 0, props: ID: 0, Strength: 2, Type: 1, sensorId 0, hasEnrollments: false cannot participate in Keystore operations
03-09 05:02:36.269 1537 1644 D CompatibilityChangeReporter: Compat change id reported: 168936375; UID 1000; state: ENABLED
03-09 05:02:36.270 1537 1644 D CompatibilityChangeReporter: Compat change id reported: 168936375; UID 1000; state: DISABLED
03-09 05:02:36.271 1537 1537 I SystemServerTiming: OnBootPhase_600_com.android.server.backup.BackupManagerService$Lifecycle
03-09 05:02:36.271 1537 1537 I SystemServerTiming: OnBootPhase_600_com.android.server.appwidget.AppWidgetService
03-09 05:02:36.271 1537 1537 I SystemServerTiming: OnBootPhase_600_com.android.server.voiceinteraction.VoiceInteractionManagerService
03-09 05:02:36.271 1537 1655 W ActivityManager: Slow operation: 72ms so far, now at startProcess: returned from zygote!
03-09 05:02:36.271 1537 1655 W ActivityManager: Slow operation: 72ms so far, now at startProcess: done updating battery stats
03-09 05:02:36.271 1537 1655 W ActivityManager: Slow operation: 72ms so far, now at startProcess: building log message
03-09 05:02:36.271 1537 1655 I ActivityManager: Start proc 2101:WebViewLoader-armeabi-v7a/1037 [android.webkit.WebViewLibraryLoader$RelroFileCreator] for null
03-09 05:02:36.271 1537 1655 W ActivityManager: Slow operation: 73ms so far, now at startProcess: starting to update pids map
03-09 05:02:36.272 1537 1655 W ActivityManager: Slow operation: 73ms so far, now at startProcess: done updating pids map
03-09 05:02:36.272 1537 1655 W ActivityManager: Slow operation: 73ms so far, now at startProcess: asking zygote to start proc
03-09 05:02:36.274 1537 1537 I SystemServerTiming: OnBootPhase_600_com.android.server.apphibernation.AppHibernationService
03-09 05:02:36.274 1537 1537 I SystemServerTiming: OnBootPhase_600_com.android.server.SensorNotificationService
03-09 05:02:36.274 1537 1537 I SystemServerTiming: OnBootPhase_600_com.android.server.emergency.EmergencyAffordanceService
03-09 05:02:36.274 1537 1537 I SystemServerTiming: OnBootPhase_600_com.android.server.blob.BlobStoreManagerService
03-09 05:02:36.275 1537 1537 I SystemServerTiming: OnBootPhase_600_com.android.server.dreams.DreamManagerService
03-09 05:02:36.275 1537 1655 W ActivityManager: Slow operation: 77ms so far, now at startProcess: returned from zygote!
03-09 05:02:36.275 1537 1537 I SystemServerTiming: OnBootPhase_600_com.android.server.companion.CompanionDeviceManagerService
03-09 05:02:36.275 1537 1537 I SystemServerTiming: OnBootPhase_600_com.android.server.restrictions.RestrictionsManagerService
03-09 05:02:36.275 1537 1537 I SystemServerTiming: OnBootPhase_600_com.android.server.media.MediaSessionService
03-09 05:02:36.275 1537 1537 I SystemServerTiming: OnBootPhase_600_com.android.server.media.MediaResourceMonitorService
03-09 05:02:36.275 1537 1655 W ActivityManager: Slow operation: 77ms so far, now at startProcess: done updating battery stats
03-09 05:02:36.275 1537 1537 I SystemServerTiming: OnBootPhase_600_com.android.server.biometrics.sensors.fingerprint.FingerprintService
03-09 05:02:36.275 1537 1537 I SystemServerTiming: OnBootPhase_600_com.android.server.biometrics.BiometricService
03-09 05:02:36.275 1537 1537 I SystemServerTiming: OnBootPhase_600_com.android.server.biometrics.AuthService
03-09 05:02:36.276 1537 1655 W ActivityManager: Slow operation: 77ms so far, now at startProcess: building log message
03-09 05:02:36.276 1537 1655 I ActivityManager: Start proc 2103:WebViewLoader-arm64-v8a/1037 [android.webkit.WebViewLibraryLoader$RelroFileCreator] for null
03-09 05:02:36.276 1537 1655 W ActivityManager: Slow operation: 77ms so far, now at startProcess: starting to update pids map
03-09 05:02:36.276 1537 1537 I SystemServerTiming: OnBootPhase_600_com.android.server.pm.ShortcutService$Lifecycle
03-09 05:02:36.276 1537 1537 I SystemServerTiming: OnBootPhase_600_com.android.server.pm.LauncherAppsService
03-09 05:02:36.276 1537 1537 I SystemServerTiming: OnBootPhase_600_com.android.server.pm.CrossProfileAppsService
03-09 05:02:36.276 1537 1537 I SystemServerTiming: OnBootPhase_600_com.android.server.people.PeopleService
03-09 05:02:36.276 1537 1537 I SystemServerTiming: OnBootPhase_600_com.android.server.media.metrics.MediaMetricsManagerService
03-09 05:02:36.276 1537 1537 I SystemServerTiming: OnBootPhase_600_com.android.server.media.projection.MediaProjectionManagerService
03-09 05:02:36.276 1537 1537 I SystemServerTiming: OnBootPhase_600_com.android.server.slice.SliceManagerService$Lifecycle
03-09 05:02:36.276 1537 1655 W ActivityManager: Slow operation: 77ms so far, now at startProcess: done updating pids map
03-09 05:02:36.276 1537 1537 I SystemServerTiming: OnBootPhase_600_com.android.server.stats.StatsCompanion$Lifecycle
03-09 05:02:36.276 1537 1537 I SystemServerTiming: OnBootPhase_600_com.android.server.scheduling.RebootReadinessManagerService$Lifecycle
03-09 05:02:36.276 1537 1537 I SystemServerTiming: OnBootPhase_600_com.android.server.stats.pull.StatsPullAtomService
03-09 05:02:36.276 1537 1537 I SystemServerTiming: OnBootPhase_600_com.android.server.incident.IncidentCompanionService
03-09 05:02:36.276 1537 1537 I SystemServerTiming: OnBootPhase_600_com.android.server.MmsServiceBroker
03-09 05:02:36.276 1537 1537 I SystemServerTiming: OnBootPhase_600_com.android.server.autofill.AutofillManagerService
03-09 05:02:36.277 1537 1653 D StatsPullAtomService: Registering NetworkStats pullers with statsd
03-09 05:02:36.277 1537 2091 W StorageManagerService: No primary storage defined yet; hacking together a stub
03-09 05:02:36.277 1537 1537 I SystemServerTiming: OnBootPhase_600_com.android.server.clipboard.ClipboardService
03-09 05:02:36.277 1537 1537 I SystemServerTiming: OnBootPhase_600_com.android.server.appbinding.AppBindingService$Lifecycle
03-09 05:02:36.277 1537 1537 I SystemServerTiming: OnBootPhase_600_com.android.server.tracing.TracingServiceProxy
03-09 05:02:36.277 1537 1537 I SystemServerTiming: OnBootPhase_600_com.android.server.policy.PermissionPolicyService
03-09 05:02:36.277 1537 1537 I SystemServerTiming: OnBootPhase_600_com.android.server.pm.StagingManager$Lifecycle
03-09 05:02:36.277 1537 1537 I SystemServerTiming: OnBootPhase_600_com.android.server.app.GameManagerService$Lifecycle
03-09 05:02:36.277 1537 1537 I SystemServerTiming: OnBootPhase_600_com.android.server.appsearch.AppSearchManagerService
03-09 05:02:36.277 1537 1537 I SystemServerTiming: OnBootPhase_600_com.android.server.media.MediaCommunicationService
03-09 05:02:36.277 1537 1537 I SystemServerTiming: StartNetworkStack
03-09 05:02:36.278 1537 1537 D ConnectivityModuleConnector: Starting networking module android.net.INetworkStackConnector
03-09 05:02:36.278 1537 1537 D ConnectivityModuleConnector: Starting networking module in network_stack process
03-09 05:02:36.284 1537 1537 D CompatibilityChangeReporter: Compat change id reported: 135634846; UID 1073; state: DISABLED
03-09 05:02:36.284 1537 1537 D CompatibilityChangeReporter: Compat change id reported: 177438394; UID 1073; state: DISABLED
03-09 05:02:36.285 1537 1537 D CompatibilityChangeReporter: Compat change id reported: 135772972; UID 1073; state: DISABLED
03-09 05:02:36.285 1537 1537 D CompatibilityChangeReporter: Compat change id reported: 135754954; UID 1073; state: ENABLED
03-09 05:02:36.285 1537 1537 D ConnectivityModuleConnector: Networking module service start requested
03-09 05:02:36.286 1537 1537 I SystemServerTiming: StartTethering
03-09 05:02:36.286 1537 1537 D ConnectivityModuleConnector: Starting networking module android.net.ITetheringConnector
03-09 05:02:36.286 1537 1537 D ConnectivityModuleConnector: Starting networking module in network_stack process
03-09 05:02:36.286 1537 1537 D ConnectivityModuleConnector: Networking module service start requested
03-09 05:02:36.286 1537 1537 I SystemServerTiming: MakeCountryDetectionServiceReady
03-09 05:02:36.286 1537 1537 I SystemServerTiming: MakeNetworkTimeUpdateReady
03-09 05:02:36.288 1537 1537 I SystemServerTiming: MakeInputManagerServiceReady
03-09 05:02:36.288 1537 1537 I ActivityTaskManager: Config changes=4000 {1.0 ?mcc?mnc [zh_CN] ldltr sw680dp w1586dp h588dp 240dpi lrg long hdr land finger -keyb/v/h -nav/h winConfig={ mBounds=Rect(0, 0 - 2380, 1020) mAppBounds=Rect(0, 0 - 2380, 954) mMaxBounds=Rect(0, 0 - 2380, 1020) mWindowingMode=fullscreen mDisplayWindowingMode=fullscreen mActivityType=undefined mAlwaysOnTop=undefined mRotation=ROTATION_0} s.10 fontWeightAdjustment=0}
