03-09 05:02:37.976 1537 2193 I ActivityTaskManager: FOREGROUND_APPLICATION_CHANGED to com.thundercomm.tcsetupwizard.TcSetupStartActivity
03-09 05:02:37.976 1537 2193 I ActivityTaskManager: The Process com.thundercomm.tcsetupwizard Already Exists in BG. So sending its PID: 2308
03-09 05:02:37.977 2034 3050 V bt_stack: [VERBOSE1:ble_advertiser_hci_interface.cc(943)] Initialize
03-09 05:02:37.977 2034 3050 I bt_stack: [INFO:ble_advertiser_hci_interface.cc(947)] Extended advertising will be in use
03-09 05:02:37.978 2034 2182 D AdapterProperties: BT_PROPERTY_LOCAL_LE_FEATURES: update from BT controller mNumOfAdvertisementInstancesSupported = 16 mRpaOffloadSupported = true mNumOfOffloadedIrkSupported = 32 mNumOfOffloadedScanFilterSupported = 32 mOffloadedScanResultStorageBytes= 10240 mIsActivityAndEnergyReporting = true mVersSupported = 96 mTotNumOfTrackableAdv = 32 mIsExtendedScanSupported = true mIsDebugLogSupported = false mIsLe2MPhySupported = true mIsLeCodedPhySupported = true mIsLeExtendedAdvertisingSupported = true mIsLePeriodicAdvertisingSupported = true mLeMaximumAdvertisingDataLength = 1650 mDynamicAudioBufferSizeSupportedCodecsGroup1 = 0 mDynamicAudioBufferSizeSupportedCodecsGroup2 = 0
03-09 05:02:37.978 2034 2182 E bt_btif_storage: btif_storage_get_adapter_property: Controller ready!
03-09 05:02:37.978 2034 2182 I bt_btif_storage: btif_storage_get_adapter_property service_mask:0x20000000
03-09 05:02:37.978 1389 1408 D LOWI-9.0.0.87.a: [LOWINetlinkSocketReceiver] unpackRTMLinkMessage: RTM_NEWLINK - ifname vlan0, flags 0x1003 ([UP])
03-09 05:02:37.979 2034 2182 D AdapterProperties: Address is:22:22:24:94:12:B8
03-09 05:02:37.979 1537 2193 D CompatibilityInfo: mCompatibilityFlags - 4
03-09 05:02:37.979 1537 2193 D CompatibilityInfo: applicationDensity - 240
03-09 05:02:37.980 1537 2193 D CompatibilityInfo: applicationScale - 1.0
03-09 05:02:37.980 1537 1644 I EthernetTracker: interfaceLinkStateChanged, iface: vlan0, up: false
03-09 05:02:37.984 2034 3050 I bt_stack: [INFO:btm_ble_bgconn.cc(429)] Already connection initiated (or) No Pending connections(or) Resources of lcb are exhausted
03-09 05:02:37.984 1537 1537 I GameModeConfig: isGameModeOn = false
03-09 05:02:37.986 1537 1537 W NotificationHistory: Attempted to add notif for locked/gone/disabled user 0
03-09 05:02:37.986 1537 2033 I SyncManager: Loaded persisted syncs: 0 periodic syncs, 0 oneshot syncs, 16 total system server jobs, JobStats: FirstLoad: 6/5/0 LastSave: -1/-1/-1
03-09 05:02:37.988 2034 2182 D AdapterProperties: Name is: 高合娱乐副屏
03-09 05:02:37.988 2034 2182 D AdapterProperties: Scan Mode:20
03-09 05:02:37.988 2034 2182 D AdapterProperties: Discoverable Timeout:120
03-09 05:02:37.988 2034 2182 E BluetoothVendorJni: adapter_vendor_properties_callback: Status is: 0, Properties: 1
03-09 05:02:37.988 2034 2182 D BluetoothVendorService: Property type: 5
03-09 05:02:37.989 2034 2182 D AdapterProperties: BT_PROPERTY_ADD_ON_FEATURES: update from BT controller
03-09 05:02:37.989 2034 2182 D AdapterProperties: mWiPowerFastbootEnabled = false
03-09 05:02:37.989 2034 2182 D AdapterProperties: SplitA2DPScrambleDataRequired = false
03-09 05:02:37.989 2034 2182 D AdapterProperties: mSplitA2DP44p1KhzSampleFreq = true
03-09 05:02:37.989 2034 2182 D AdapterProperties: mSplitA2DP48KhzSampleFreq = true
03-09 05:02:37.989 2034 2182 D AdapterProperties: mSplitA2DPSingleVSCommandSupport = true
03-09 05:02:37.989 2034 2182 D AdapterProperties: mSplitA2DPSourceSBCEncoding = false
03-09 05:02:37.989 2034 2182 D AdapterProperties: mSplitA2DPSourceSBC = true
03-09 05:02:37.989 2034 2182 D AdapterProperties: mSplitA2DPSourceMP3 = false
03-09 05:02:37.989 2034 2182 D AdapterProperties: mSplitA2DPSourceAAC = true
03-09 05:02:37.989 2034 2182 D AdapterProperties: mSplitA2DPSourceLDAC = true
03-09 05:02:37.989 2034 2182 D AdapterProperties: mSplitA2DPSourceAPTX = true
03-09 05:02:37.989 2034 2182 D AdapterProperties: mSplitA2DPSourceAPTXHD = true
03-09 05:02:37.989 2034 2182 D AdapterProperties: mSplitA2DPSourceAPTXADAPTIVE = true
03-09 05:02:37.989 2034 2182 D AdapterProperties: mSplitA2DPSourceAPTXTWSPLUS = true
03-09 05:02:37.989 2034 2182 D AdapterProperties: mSplitA2DPSinkSBC = true
03-09 05:02:37.989 2034 2182 D AdapterProperties: mSplitA2DPSinkMP3 = true
03-09 05:02:37.989 2034 2182 D AdapterProperties: mSplitA2DPSinkAAC = true
03-09 05:02:37.989 2034 2182 D AdapterProperties: mSplitA2DPSinkLDAC = true
03-09 05:02:37.989 2034 2182 D AdapterProperties: mSplitA2DPSinkAPTX = true
03-09 05:02:37.989 2034 2182 D AdapterProperties: mSplitA2DPSinkAPTXHD = true
03-09 05:02:37.989 2034 2182 D AdapterProperties: mSplitA2DPSinkAPTXADAPTIVE = true
03-09 05:02:37.989 2034 2182 D AdapterProperties: mSplitA2DPSinkAPTXTWSPLUS = false
03-09 05:02:37.989 2034 2182 D AdapterProperties: mVoiceDualSCO = false
03-09 05:02:37.989 2034 2182 D AdapterProperties: mVoiceTWSPLUSeSCOAG = true
03-09 05:02:37.989 2034 2182 D AdapterProperties: mSWBVoicewithAptxAdaptiveAG = true
03-09 05:02:37.989 2034 2182 D AdapterProperties: SplitA2DPSourceAACABR = false
03-09 05:02:37.989 2034 2182 D AdapterProperties: SplitA2DPSourceTxSplitAPTXADAPTIVE = false
03-09 05:02:37.989 2034 2182 D AdapterProperties: BroadcastAudioTxwithEC_2_5 = true
03-09 05:02:37.989 2034 2182 D AdapterProperties: mBroadcastAudioTxwithEC_3_9 = false
03-09 05:02:37.989 2034 2182 D AdapterProperties: mBroadcastAudioRxwithEC_2_5 = false
03-09 05:02:37.989 2034 2182 D AdapterProperties: mBroadcastAudioRxwithEC_3_9= false
03-09 05:02:37.989 2034 2182 D bt_btif_vendor: btif_vendor_update_whitelisted_media_players
03-09 05:02:37.989 2034 2182 D bt_device_interop: interop_get_whitelisted_media_players_list :
03-09 05:02:37.989 2034 2182 D bt_device_interop: interop_database_get_whitelisted_media_players_list()
03-09 05:02:37.989 2034 2182 E bt_device_interop: interop_database_get_whitelisted_media_players_list(): found feature - INTEROP_BROWSE_PLAYER_WHITE_LIST
03-09 05:02:37.989 2034 2182 W bt_btif : fetch_whitelisted_media_players: Found list of Whitelisted media players
03-09 05:02:37.989 2034 2182 D bt_btif_vendor: btif_vendor_update_whitelisted_media_players: 2 - WL media players found
03-09 05:02:37.989 2034 2182 E BluetoothVendorJni: whitelisted_players_properties_callback: Status is: 0, Properties: 1
03-09 05:02:37.989 2034 2182 D BluetoothVendorService: Property type: 6
03-09 05:02:37.989 2034 2182 D BluetoothVendorService: player_name :com.google.android.apps.youtube.music
03-09 05:02:37.989 2034 2182 D AdapterProperties: updateWhitelistedMediaPlayers
03-09 05:02:37.989 2034 2182 D AdapterProperties: Adding to Whitelisted Players list:com.google.android.apps.youtube.music
03-09 05:02:37.989 2034 2182 D BluetoothVendorService: player_name :com.gaana
03-09 05:02:37.989 2034 2182 D AdapterProperties: updateWhitelistedMediaPlayers
03-09 05:02:37.989 2034 2182 D AdapterProperties: Adding to Whitelisted Players list:com.gaana
03-09 05:02:37.989 2034 2182 I bt_stack: [INFO:btif_bqr.cc(304)] EnableBtQualityReport: is_enable: 1
03-09 05:02:37.989 2034 2182 W bt_stack: [WARNING:btif_bqr.cc(318)] EnableBtQualityReport: Bluetooth Quality Report - Root inflammation event enabled, bqr_prop_evtmask: 16, bqr_prop_interval_ms: 0
03-09 05:02:37.989 2034 2182 I bt_stack: [INFO:btif_bqr.cc(353)] EnableBtQualityReport: Event Mask: 0x00000010, Interval: 0
03-09 05:02:37.989 2034 2182 I bt_stack: [INFO:btif_bqr.cc(402)] ConfigureBqr: Action:
03-09 05:02:37.989 2034 2182 I bt_btif_core: btif_enable_bluetooth_evt entered: status 0
03-09 05:02:37.989 2034 2182 W bt_btif : btif_enable_bluetooth_evt: Saving the Adapter Address
03-09 05:02:37.989 2034 2182 D AdapterProperties: Address is:22:22:24:94:12:B8
03-09 05:02:37.989 821 821 D vendor.qti.bluetooth@1.0-uart_controller: CheckForBQRRootInflammationBit: BQR root inflammation enabled
03-09 05:02:37.990 2034 3050 I bt_stack: [INFO:btif_bqr.cc(386)] BqrVscCompleteCallback, current event mask: 0x00000010
03-09 05:02:37.990 2034 3050 I bt_stack: [INFO:btif_bqr.cc(288)] ConfigureBqrCmpl: current_evt_mask: 0x00000010
03-09 05:02:37.990 2034 3050 I bt_stack: [INFO:btm_devctl.cc(1311)] BTM_BT_Quality_Report_VSE_Register: Success to (un)register VSEvents. is_register: 1
03-09 05:02:37.990 2034 3050 W bt_stack: [WARNING:btif_bqr.cc(265)] ConfigBqrA2dpScoThreshold: a2dp_choppy_threshold: 0, sco_choppy_threshold: 0
03-09 05:02:37.993 509 509 I hwservicemanager: Since vendor.qti.hardware.iop@2.0::IIop/default is not registered, trying to start it as a lazy HAL.
03-09 05:02:37.993 1537 2082 E ANDR-PERF-JNI: UXEngine Trigger - Returning null
03-09 05:02:37.995 2034 3108 I bt_osi_thread: run_thread: thread id 3108, thread name btif_sock started
03-09 05:02:37.997 509 3088 W libc : Unable to set property "ctl.interface_start" to "vendor.qti.hardware.iop@2.0::IIop/default": error code: 0x20
03-09 05:02:37.997 509 3088 I hwservicemanager: Tried to start vendor.qti.hardware.iop@2.0::IIop/default as a lazy service, but was unable to. Usually this happens when a service is not installed, but if the service is intended to be used as a lazy service, then it may be configured incorrectly.
03-09 05:02:37.997 2034 2182 D bt_bte_conf: Device ID record 1 : primary
03-09 05:02:37.998 2034 2182 D bt_bte_conf: vendorId = 001d
03-09 05:02:37.998 2034 2182 D bt_bte_conf: vendorIdSource = 0001
03-09 05:02:37.998 2034 2182 D bt_bte_conf: product = 1200
03-09 05:02:37.998 2034 2182 D bt_bte_conf: version = 1436
03-09 05:02:37.998 2034 2182 D bt_bte_conf: clientExecutableURL =
03-09 05:02:37.998 2034 2182 D bt_bte_conf: serviceDescription =
03-09 05:02:37.998 2034 2182 D bt_bte_conf: documentationURL =
03-09 05:02:37.998 2034 2182 D bt_bte_conf: bte_load_did_conf no section named DID2.
03-09 05:02:37.998 2034 2182 I bt_btif_core: btif_enable_bluetooth_evt finished
03-09 05:02:37.998 2034 2160 I bt_stack_manager: event_start_up_stack finished
03-09 05:02:37.998 2034 2182 I bt_btif_queue: btif_disconnect_queue_disconnect_next
03-09 05:02:37.998 2034 2182 W bt_stack: [WARNING:stack_interface.cc(101)] btif_stack_state OnStackState 0x03
03-09 05:02:37.999 2034 2148 I AdapterState: BLE_ON : entered
03-09 05:02:37.999 2034 2148 D AdapterProperties: Setting state to BLE_ON
03-09 05:02:37.999 2034 2148 D BluetoothAdapterService: updateAdapterState() - Broadcasting state BLE_ON to 1 receivers.
03-09 05:02:37.999 1389 1408 D LOWI-9.0.0.87.a: [LOWINetlinkSocketReceiver] unpackRTMLinkMessage: RTM_NEWLINK - ifname vlan0, flags 0x1003 ([UP])
03-09 05:02:38.000 1537 1646 D BluetoothManagerService: MESSAGE_BLUETOOTH_STATE_CHANGE: BLE_TURNING_ON > BLE_ON
03-09 05:02:38.000 1537 1646 D BluetoothManagerService: Bluetooth is in LE only mode
03-09 05:02:38.000 1537 1646 D BluetoothManagerService: Binding Bluetooth GATT service
03-09 05:02:38.000 1537 1644 I EthernetTracker: interfaceLinkStateChanged, iface: vlan0, up: false
03-09 05:02:38.001 1537 1983 I GameModeConfig: isGameModeOn = false
01-01 08:00:14.208 0 0 I android_work: sent uevent USB_STATE=DISCONNECTED
03-09 05:02:38.001 1537 1983 I GameModeConfig: isGameModeOn = false
03-09 05:02:38.001 509 3106 W libc : Unable to set property "ctl.interface_start" to "vendor.qti.hardware.iop@2.0::IIop/default": error code: 0x20
03-09 05:02:38.001 1537 1983 I GameModeConfig: isGameModeOn = false
03-09 05:02:38.001 509 3106 I hwservicemanager: Tried to start vendor.qti.hardware.iop@2.0::IIop/default as a lazy service, but was unable to. Usually this happens when a service is not installed, but if the service is intended to be used as a lazy service, then it may be configured incorrectly.
03-09 05:02:38.002 2977 2977 W XTSrv : setPackagePresence
03-09 05:02:38.002 3016 3016 I TranscodeHelper: Empty transcode compat stale
03-09 05:02:38.002 3016 3016 I TranscodeHelper: Parsed 0 packages from resource
03-09 05:02:38.002 3016 3016 I TranscodeHelper: Empty device config transcode compat manifest
03-09 05:02:38.002 1537 1537 D BiometricScheduler/Fingerprint21: [Finishing] {[0] FingerprintUpdateActiveUserClient, proto=1, owner=android, cookie=0, requestId=-1, userId=0}, success: true
03-09 05:02:38.002 1537 1537 D BiometricScheduler/Fingerprint21: [Polled] {[1] FingerprintUpdateActiveUserClient, proto=1, owner=android, cookie=0, requestId=-1, userId=0}, State: 0
03-09 05:02:38.002 1537 1537 D BiometricScheduler/Fingerprint21: [Starting] {[1] FingerprintUpdateActiveUserClient, proto=1, owner=android, cookie=0, requestId=-1, userId=0}, State: 0
03-09 05:02:38.002 1537 1537 D BiometricScheduler/Fingerprint21: [Started] {[1] FingerprintUpdateActiveUserClient, proto=1, owner=android, cookie=0, requestId=-1, userId=0}
03-09 05:02:38.002 2738 2988 D XTProxy : onServiceConnected
03-09 05:02:38.003 1301 1301 I QFP : notifyPowerState: 2
03-09 05:02:38.003 1301 1301 I QFP : notifyPowerState: 2
03-09 05:02:38.003 1301 1301 I QFP : notifyPowerState: 2
03-09 05:02:38.003 1301 1301 I QFP : notifyPowerState: screen state 2
03-09 05:02:38.004 1537 1646 D BluetoothManagerService: Sending BLE State Change: BLE_TURNING_ON > BLE_ON
01-01 08:00:14.219 0 0 D qbt : qbt_open: entry minor_no=0 fd_available=1
01-01 08:00:14.219 0 0 D qbt : qbt_open: exit : 0 fd_available=0
01-01 08:00:14.219 0 0 D qbt : qbt_open: entry minor_no=1 fd_available=0
01-01 08:00:14.219 0 0 D qbt : qbt_open: exit : 0 fd_available=0
01-01 08:00:14.219 0 0 D qbt : qbt_ioctl: cmd received 107
01-01 08:00:14.219 0 0 D qbt : qbt_ioctl: Acquiring wakelock
03-09 05:02:38.006 1301 3114 I QFP : Initializing QFP framework, container 0 handle 0
03-09 05:02:38.006 1301 3114 I QFP : getPersistPropVal: persist.vendor.qfp.qbt_fd_name = /dev/qbt_fd (default /dev/qbt_fd)
03-09 05:02:38.006 1301 3114 I QFP : getPersistPropVal: persist.vendor.qfp.qbt_ipc_name = /dev/qbt_ipc (default /dev/qbt_ipc)
03-09 05:02:38.006 1301 3114 E QFP : Dropping unsupported QBT command
03-09 05:02:38.007 1301 3114 D QSEECOMAPI: QSEECom_get_handle sb_length = 0x40000
03-09 05:02:38.007 1301 3114 D QSEECOMAPI: App is not loaded in QSEE
03-09 05:02:38.008 2051 2051 D StatusBar: disable disable2
03-09 05:02:38.008 2051 2051 V ShadeControllerImpl: NotificationShadeWindow: com.android.systemui.statusbar.phone.NotificationShadeWindowView{60bdbe6 I.E...... ......ID 0,0-2380,1020} canPanelBeCollapsed(): false
03-09 05:02:38.008 3016 3016 V MediaStore: Examining volume emulated;0 with name external_primary and state checking
03-09 05:02:38.009 1301 3114 D QSEECOMAPI: app_arch = 2, total_files = 9
03-09 05:02:38.010 3027 3027 I Perf : Connecting to perf service.
03-09 05:02:38.010 1301 3114 E ion : ioctl c0044901 failed with code -1: Inappropriate ioctl for device
03-09 05:02:38.010 2980 3048 I AdrenoGLES-0: QUALCOMM build : 47421dbee6, I139f36ad46
03-09 05:02:38.010 2980 3048 I AdrenoGLES-0: Build Date : 02/18/22
03-09 05:02:38.010 2980 3048 I AdrenoGLES-0: OpenGL ES Shader Compiler Version: EV031.32.02.17
03-09 05:02:38.010 2980 3048 I AdrenoGLES-0: Local Branch :
03-09 05:02:38.010 2980 3048 I AdrenoGLES-0: Remote Branch :
03-09 05:02:38.010 2980 3048 I AdrenoGLES-0: Remote Branch :
03-09 05:02:38.010 2980 3048 I AdrenoGLES-0: Reconstruct Branch :
03-09 05:02:38.010 2980 3048 I AdrenoGLES-0: Build Config : S P 10.0.7 AArch64
03-09 05:02:38.010 2980 3048 I AdrenoGLES-0: Driver Path : /vendor/lib64/egl/libGLESv2_adreno.so
03-09 05:02:38.012 509 509 I hwservicemanager: getTransport: Cannot find entry android.hardware.graphics.mapper@4.0::IMapper/default in either framework or device VINTF manifest.
03-09 05:02:38.018 3016 3016 D CompatibilityChangeReporter: Compat change id reported: 148180766; UID 10091; state: ENABLED
03-09 05:02:38.018 2308 2308 D ActivateDetectionUtil: isDeviceActivate:
03-09 05:02:38.019 2308 2308 D hw-ProcessState: Binder ioctl to enable oneway spam detection failed: Invalid argument
03-09 05:02:38.019 1537 1572 W InputManager-JNI: Input channel object 'b3e2bea com.android.settings/com.android.settings.FallbackHome (client)' was disposed without first being removed with the input manager!
01-01 08:00:14.231 0 0 I binder : 2308:2308 ioctl 40046210 7ff4f76734 returned -22
03-09 05:02:38.025 1389 1408 D LOWI-9.0.0.87.a: [LOWINetlinkSocketReceiver] unpackRTMLinkMessage: RTM_NEWLINK - ifname vlan0, flags 0x1003 ([UP])
03-09 05:02:38.025 1537 1644 I EthernetTracker: interfaceLinkStateChanged, iface: vlan0, up: false
03-09 05:02:38.027 2308 2308 I tsnv.hidl.wrapper: TsnvWrapper: tsnv_get:Link to death notification successful!
01-01 08:00:14.242 0 0 W QSEECOM : qseecom_load_app: App (fingerpr) does'nt exist, loading apps for first time
03-09 05:02:38.029 2980 3048 I AdrenoGLES-0: PFP: 0x016dd093, ME: 0x00000000
03-09 05:02:38.029 2308 2308 D ActivateDetectionUtil: isDeviceActivate: 0
03-09 05:02:38.032 3027 3027 V GraphicsEnvironment: ANGLE Developer option for 'com.android.traceur' set to: 'default'
03-09 05:02:38.033 3016 3016 D PulledMetrics: Registering callback with StatsManager
03-09 05:02:38.033 3027 3027 V GraphicsEnvironment: ANGLE GameManagerService for com.android.traceur: false
03-09 05:02:38.043 3027 3027 D NetworkSecurityConfig: No Network Security Config specified, using platform default
03-09 05:02:38.043 3027 3027 D NetworkSecurityConfig: No Network Security Config specified, using platform default
03-09 05:02:38.046 3016 3115 V MediaProvider: onConfigure() for external.db
03-09 05:02:38.047 3016 3115 V MediaProvider: onOpen() for external.db
03-09 05:02:38.047 3016 3115 V MediaProvider: onOpen() finished for external.db
01-01 08:00:14.263 0 0 D cnss : WLFW server arriving: node 7 port 1
01-01 08:00:14.263 0 0 D cnss : Posting event: SERVER_ARRIVE(0), state: 0x10 flags: 0x0
01-01 08:00:14.263 0 0 D cnss : PM stay awake, state: 0x10, count: 1
01-01 08:00:14.263 0 0 D cnss : PM relax, state: 0x10, count: 0
01-01 08:00:14.263 0 0 D cnss : PM stay awake, state: 0x10, count: 1
01-01 08:00:14.263 0 0 D cnss : Processing driver event: SERVER_ARRIVE(0), state: 0x10
01-01 08:00:14.263 0 0 I cnss : QMI WLFW service connected, state: 0x11
01-01 08:00:14.263 0 0 D cnss : Sending indication register message, state: 0x11
03-09 05:02:38.051 2980 3048 D libEGL : MSAA-->msaa:0 gamemode:0 4x_msaa:0
03-09 05:02:38.052 509 509 I hwservicemanager: Since vendor.qti.hardware.iop@2.0::IIop/default is not registered, trying to start it as a lazy HAL.
03-09 05:02:38.052 2980 3048 D libEGL : MSAA-->msaa:0 gamemode:0 4x_msaa:0
03-09 05:02:38.052 1224 1224 E ANDR-IOP: IIop:: Iop HAL Service is not available.
03-09 05:02:38.053 509 509 I hwservicemanager: Since vendor.qti.hardware.iop@2.0::IIop/default is not registered, trying to start it as a lazy HAL.
03-09 05:02:38.053 2980 3048 D libEGL : MSAA-->msaa:0 gamemode:0 4x_msaa:0
03-09 05:02:38.053 1224 1245 E ANDR-IOP: IIop:: Iop HAL Service is not available.
03-09 05:02:38.056 2308 3100 I AdrenoGLES-0: QUALCOMM build : 47421dbee6, I139f36ad46
03-09 05:02:38.056 2308 3100 I AdrenoGLES-0: Build Date : 02/18/22
03-09 05:02:38.056 2308 3100 I AdrenoGLES-0: OpenGL ES Shader Compiler Version: EV031.32.02.17
03-09 05:02:38.056 2308 3100 I AdrenoGLES-0: Local Branch :
03-09 05:02:38.056 2308 3100 I AdrenoGLES-0: Remote Branch :
03-09 05:02:38.056 2308 3100 I AdrenoGLES-0: Remote Branch :
03-09 05:02:38.056 2308 3100 I AdrenoGLES-0: Reconstruct Branch :
03-09 05:02:38.056 2308 3100 I AdrenoGLES-0: Build Config : S P 10.0.7 AArch64
03-09 05:02:38.056 2308 3100 I AdrenoGLES-0: Driver Path : /vendor/lib64/egl/libGLESv2_adreno.so
03-09 05:02:38.057 509 509 I hwservicemanager: getTransport: Cannot find entry android.hardware.graphics.mapper@4.0::IMapper/default in either framework or device VINTF manifest.
03-09 05:02:38.058 509 3123 W libc : Unable to set property "ctl.interface_start" to "vendor.qti.hardware.iop@2.0::IIop/default": error code: 0x20
03-09 05:02:38.058 509 3123 I hwservicemanager: Tried to start vendor.qti.hardware.iop@2.0::IIop/default as a lazy service, but was unable to. Usually this happens when a service is not installed, but if the service is intended to be used as a lazy service, then it may be configured incorrectly.
03-09 05:02:38.059 2308 3100 I AdrenoGLES-0: PFP: 0x016dd093, ME: 0x00000000
01-01 08:00:14.266 0 0 D cnss : Sending host capability message, state: 0x11
01-01 08:00:14.266 0 0 D cnss : Number of clients is 2
01-01 08:00:14.266 0 0 D cnss : Assign MSI to user: WAKE, num_vectors: 1, user_base_data: 813, base_vector: 13
01-01 08:00:14.266 0 0 D cnss : WAKE MSI base data is 813
01-01 08:00:14.266 0 0 D cnss : Calibration done is 1
01-01 08:00:14.266 0 0 D cnss : Sending iova starting 0xa0000000 with size 0x10010000
01-01 08:00:14.268 0 0 D cnss : PM relax, state: 0x11, count: 0
03-09 05:02:38.059 3027 3027 I Traceur : Received BOOT_COMPLETE
03-09 05:02:38.060 1537 1983 I GameModeConfig: isGameModeOn = false
03-09 05:02:38.061 1537 2871 I StorageUserConnection: Service: [ComponentInfo{com.android.providers.media.module/com.android.providers.media.fuse.ExternalStorageServiceImpl}] connected. User [0]
03-09 05:02:38.062 1537 1932 I MediaFocusControl: requestAudioFocus() from uid/pid 1000/2308 AA=USAGE_MEDIA/CONTENT_TYPE_MOVIE clientId=android.media.AudioManager@dfe8401 callingPack=com.thundercomm.tcsetupwizard req=1 flags=0x0 sdk=31
03-09 05:02:38.062 1537 1983 I GameModeConfig: isGameModeOn = false
03-09 05:02:38.062 1537 1983 I GameModeConfig: isGameModeOn = false
03-09 05:02:38.062 1537 1983 I GameModeConfig: isGameModeOn = false
03-09 05:02:38.062 1537 1932 I AudioService.FadeOutManager: unfadeOutUid() uid:1000
03-09 05:02:38.062 1537 1983 I GameModeConfig: isGameModeOn = false
03-09 05:02:38.062 1537 1983 I GameModeConfig: isGameModeOn = false
03-09 05:02:38.063 2980 3048 E libEGL : cache file has bad mojo
03-09 05:02:38.063 3016 3124 I ExternalStorageServiceImpl: Starting session for id: emulated;0
01-01 08:00:14.279 0 0 I binder : 2980:3048 ioctl 40046210 71fee481f4 returned -22
03-09 05:02:38.063 3016 3124 V FuseDaemonThread: Waiting 1000ms for FUSE start. Count 4
03-09 05:02:38.065 844 844 I SDM : HWCDisplay::GetColorModeCount: Supported color mode count = 1
03-09 05:02:38.066 844 844 I SDM : HWCDisplay::GetColorModes: Color mode = 0 is supported
03-09 05:02:38.066 911 1064 E HWComposer: getSupportedContentTypes: getSupportedContentTypes failed for display 4630946370410392961: Unsupported (8)
03-09 05:02:38.066 2308 3100 D libEGL : MSAA-->msaa:0 gamemode:0 4x_msaa:0
03-09 05:02:38.066 2308 3100 D libEGL : MSAA-->msaa:0 gamemode:0 4x_msaa:0
03-09 05:02:38.066 2308 3100 D libEGL : MSAA-->msaa:0 gamemode:0 4x_msaa:0
03-09 05:02:38.066 2980 3048 D hw-ProcessState: Binder ioctl to enable oneway spam detection failed: Invalid argument
03-09 05:02:38.067 509 509 I hwservicemanager: getTransport: Cannot find entry android.hardware.graphics.mapper@4.0::IMapper/default in either framework or device VINTF manifest.
03-09 05:02:38.067 2980 3130 I Gralloc4: mapper 4.x is not supported
03-09 05:02:38.070 3016 3128 I FuseDaemonThread: Starting thread for emulated;0 ...
03-09 05:02:38.071 3016 3128 I FuseDaemon: Starting fuse...
03-09 05:02:38.071 509 3125 W libc : Unable to set property "ctl.interface_start" to "vendor.qti.hardware.iop@2.0::IIop/default": error code: 0x20
03-09 05:02:38.071 509 3125 I hwservicemanager: Tried to start vendor.qti.hardware.iop@2.0::IIop/default as a lazy service, but was unable to. Usually this happens when a service is not installed, but if the service is intended to be used as a lazy service, then it may be configured incorrectly.
03-09 05:02:38.073 1389 1408 D LOWI-9.0.0.87.a: [LOWINetlinkSocketReceiver] unpackRTMLinkMessage: RTM_NEWLINK - ifname vlan0, flags 0x1003 ([UP])
03-09 05:02:38.074 844 1061 I SDM : HWCDisplay::GetColorModeCount: Supported color mode count = 1
03-09 05:02:38.074 844 1061 I SDM : HWCDisplay::GetColorModes: Color mode = 0 is supported
03-09 05:02:38.074 911 1674 E HWComposer: getSupportedContentTypes: getSupportedContentTypes failed for display 4630946370410392961: Unsupported (8)
03-09 05:02:38.074 1537 1644 I EthernetTracker: interfaceLinkStateChanged, iface: vlan0, up: false
03-09 05:02:38.075 1193 2089 I MMParserExtractor: Created(0xb400007bdd55bef0)
03-09 05:02:38.079 509 509 I hwservicemanager: getTransport: Cannot find entry android.hardware.graphics.allocator@4.0::IAllocator/default in either framework or device VINTF manifest.
03-09 05:02:38.079 3016 3060 W MediaProvider: Failed to fetch original file descriptor
03-09 05:02:38.079 3016 3060 W MediaProvider: java.io.FileNotFoundException: Input file descriptor is already original
03-09 05:02:38.079 3016 3060 W MediaProvider: at com.android.providers.media.MediaProvider.getOriginalMediaFormatFileDescriptor(MediaProvider.java:5718)
03-09 05:02:38.079 3016 3060 W MediaProvider: at com.android.providers.media.MediaProvider.openTypedAssetFileCommon(MediaProvider.java:7134)
03-09 05:02:38.079 3016 3060 W MediaProvider: at com.android.providers.media.MediaProvider.openTypedAssetFile(MediaProvider.java:7115)
03-09 05:02:38.079 3016 3060 W MediaProvider: at android.content.ContentProvider$Transport.openTypedAssetFile(ContentProvider.java:548)
03-09 05:02:38.079 3016 3060 W MediaProvider: at android.content.ContentProviderNative.onTransact(ContentProviderNative.java:327)
03-09 05:02:38.079 3016 3060 W MediaProvider: at android.os.Binder.execTransactInternal(Binder.java:1179)
03-09 05:02:38.079 3016 3060 W MediaProvider: at android.os.Binder.execTransact(Binder.java:1143)
03-09 05:02:38.079 2980 3130 W Gralloc4: allocator 4.x is not supported
03-09 05:02:38.079 821 3033 I vendor.qti.bluetooth@1.0-ibs_handler: ProcessIbsCmd: Received IBS_SLEEP_IND: 0xFE
03-09 05:02:38.080 1203 1203 D NuPlayerDriver: NuPlayerDriver(0xf30c1ff0) created, clientPid(2308)
03-09 05:02:38.080 1537 2145 D CompatibilityChangeReporter: Compat change id reported: 168419799; UID 10062; state: DISABLED
03-09 05:02:38.080 1537 2145 D CompatibilityInfo: mCompatibilityFlags - 4
03-09 05:02:38.080 1537 2145 D CompatibilityInfo: applicationDensity - 240
03-09 05:02:38.080 1537 2145 D CompatibilityInfo: applicationScale - 1.0
03-09 05:02:38.081 2451 2451 D DeviceStatisticsBootReceiver: Boot complete received. Start DeviceStatisticsService
03-09 05:02:38.082 1537 2145 D CompatibilityInfo: mCompatibilityFlags - 4
03-09 05:02:38.082 1537 2145 D CompatibilityInfo: applicationDensity - 240
03-09 05:02:38.082 1537 2145 D CompatibilityInfo: applicationScale - 1.0
03-09 05:02:38.083 2451 2451 D DeviceStatisticsService: Service started
03-09 05:02:38.083 2451 2451 D AndroidRuntime: Shutting down VM
03-09 05:02:38.083 2451 2451 E AndroidRuntime: FATAL EXCEPTION: main
03-09 05:02:38.083 2451 2451 E AndroidRuntime: Process: com.qualcomm.qti.devicestatisticsservice, PID: 2451
03-09 05:02:38.083 2451 2451 E AndroidRuntime: java.lang.NoClassDefFoundError: Failed resolution of: Landroid/hidl/manager/V1_0/IServiceNotification$Stub;
03-09 05:02:38.083 2451 2451 E AndroidRuntime: at com.qualcomm.qti.devicestatisticsservice.DeviceStatisticsService.onStartCommand(DeviceStatisticsService.java:83)
03-09 05:02:38.083 2451 2451 E AndroidRuntime: at android.app.ActivityThread.handleServiceArgs(ActivityThread.java:4640)
03-09 05:02:38.083 2451 2451 E AndroidRuntime: at android.app.ActivityThread.access$2000(ActivityThread.java:248)
03-09 05:02:38.083 2451 2451 E AndroidRuntime: at android.app.ActivityThread$H.handleMessage(ActivityThread.java:2092)
03-09 05:02:38.083 2451 2451 E AndroidRuntime: at android.os.Handler.dispatchMessage(Handler.java:106)
03-09 05:02:38.083 2451 2451 E AndroidRuntime: at android.os.Looper.loopOnce(Looper.java:201)
03-09 05:02:38.083 2451 2451 E AndroidRuntime: at android.os.Looper.loop(Looper.java:288)
03-09 05:02:38.083 2451 2451 E AndroidRuntime: at android.app.ActivityThread.main(ActivityThread.java:7880)
03-09 05:02:38.083 2451 2451 E AndroidRuntime: at java.lang.reflect.Method.invoke(Native Method)
03-09 05:02:38.083 2451 2451 E AndroidRuntime: at com.android.internal.os.RuntimeInit$MethodAndArgsCaller.run(RuntimeInit.java:548)
03-09 05:02:38.083 2451 2451 E AndroidRuntime: at com.android.internal.os.ZygoteInit.main(ZygoteInit.java:1009)
03-09 05:02:38.083 2451 2451 E AndroidRuntime: Caused by: java.lang.ClassNotFoundException: android.hidl.manager.V1_0.IServiceNotification$Stub
03-09 05:02:38.083 2451 2451 E AndroidRuntime: ... 11 more
03-09 05:02:38.085 1203 1203 I ExtendedNuUtils: printFileName fd(56) -> /system_ext/app/TCSetupWizard/TCSetupWizard.apk
03-09 05:02:38.085 1203 1387 D SurfaceUtils: connecting to surface 0xf260b068, reason setVideoSurfaceTexture
03-09 05:02:38.086 1203 3139 D NuPlayer: onSetVideoSurface(0xf2600010, no video decoder)
03-09 05:02:38.088 1537 3141 I DropBoxManagerService: add tag=system_app_crash isTagEnabled=true flags=0x2
03-09 05:02:38.088 2451 2451 I Process : Sending signal. PID: 2451 SIG: 9
03-09 05:02:38.092 1203 3143 D GenericSource: FileSource remote
03-09 05:02:38.093 1181 1207 I CNSS : cnss_log_timeout_handler: cnss log timeout 0x58fa64b870
03-09 05:02:38.094 509 509 I hwservicemanager: getTransport: Cannot find entry android.hardware.graphics.mapper@4.0::IMapper/default in either framework or device VINTF manifest.
03-09 05:02:38.094 2308 3100 I Gralloc4: mapper 4.x is not supported
03-09 05:02:38.095 509 509 I hwservicemanager: getTransport: Cannot find entry android.hardware.graphics.allocator@4.0::IAllocator/default in either framework or device VINTF manifest.
03-09 05:02:38.095 2308 3100 W Gralloc4: allocator 4.x is not supported
03-09 05:02:38.096 1193 2089 I MMParserExtractor: Created(0xb400007bdd55bef0)
03-09 05:02:38.097 1389 1408 D LOWI-9.0.0.87.a: [LOWINetlinkSocketReceiver] unpackRTMLinkMessage: RTM_NEWLINK - ifname vlan0, flags 0x1003 ([UP])
03-09 05:02:38.098 1537 1644 I EthernetTracker: interfaceLinkStateChanged, iface: vlan0, up: false
03-09 05:02:38.100 1193 1430 D MediaBufferGroup: creating MemoryDealer
03-09 05:02:38.100 677 677 I Zygote : Process 2451 exited due to signal 9 (Killed)
03-09 05:02:38.100 1537 2145 I ActivityManager: Process com.qualcomm.qti.devicestatisticsservice (pid 2451) has died: pers PER
03-09 05:02:38.101 1537 1656 I libprocessgroup: Successfully killed process cgroup uid 10062 pid 2451 in 0ms
03-09 05:02:38.101 2980 3048 E libEGL : cache file has bad mojo
03-09 05:02:38.102 1537 2145 W ActivityManager: Scheduling restart of crashed service com.qualcomm.qti.devicestatisticsservice/.DeviceStatisticsService in 0ms for persistent
03-09 05:02:38.106 1537 1648 I ActivityRecord: real home.....com.thundercomm.tcsetupwizard/.TcSetupStartActivity
03-09 05:02:38.106 1537 1648 I WindowManager: ******* TELLING SURFACE FLINGER WE ARE BOOTED!
03-09 05:02:38.106 2308 2308 D MediaPlayerNative: getMetadata
03-09 05:02:38.106 911 1064 I SurfaceFlinger: Boot is finished (5470 ms)
03-09 05:02:38.107 1537 1572 E MicroServiceManager: requestResult(requestAudioFocus) mService is null.
03-09 05:02:38.107 1203 3139 I GenericSource: start
01-01 08:00:14.320 0 0 E msm-dwc3 a600000.ssusb: Could not get usb psy
03-09 05:02:38.109 1203 3139 W NuPlayer: instantiateDecoder: getFormat called when source is gone or not set
03-09 05:02:38.109 911 1064 I SurfaceFlinger: Early Wakeup: 0, Dynamic SF Idle: 0
03-09 05:02:38.112 1203 3156 I OMXClient: IOmx service obtained
03-09 05:02:38.112 1228 1966 I OMXMaster: makeComponentInstance(OMX.qcom.video.decoder.avc) in android.hardwar process
03-09 05:02:38.113 1537 2145 W ActivityManager: Re-adding persistent process ProcessRecord{cd46667 2451:com.qualcomm.qti.devicestatisticsservice/u0a62}
03-09 05:02:38.114 1537 1647 I EventSequenceValidator: dec AccIntentStartedEvents to 1
03-09 05:02:38.117 1537 2145 D CompatibilityChangeReporter: Compat change id reported: 135634846; UID 10062; state: DISABLED
03-09 05:02:38.118 1537 2145 D CompatibilityChangeReporter: Compat change id reported: 177438394; UID 10062; state: DISABLED
03-09 05:02:38.118 1537 2145 D CompatibilityChangeReporter: Compat change id reported: 135772972; UID 10062; state: DISABLED
03-09 05:02:38.118 1537 2145 D CompatibilityChangeReporter: Compat change id reported: 135754954; UID 10062; state: ENABLED
03-09 05:02:38.118 1537 1655 D CompatibilityChangeReporter: Compat change id reported: 143937733; UID 10062; state: ENABLED
03-09 05:02:38.118 1228 1966 E android.hardware.media.omx@1.0-service: Service not available yet
03-09 05:02:38.119 509 509 I hwservicemanager: Since vendor.qti.hardware.iop@2.0::IIop/default is not registered, trying to start it as a lazy HAL.
03-09 05:02:38.119 1228 1966 D PlatformConfig: getInstance: Enter
03-09 05:02:38.120 508 508 I servicemanager: Found android.hardware.power.IPower/default in device VINTF manifest.
03-09 05:02:38.120 1228 1966 D PlatformConfig: getConfigStoreBool: vpp/enable=false, returning false
03-09 05:02:38.120 911 1064 I PowerAdvisor: Loaded AIDL Power HAL service
03-09 05:02:38.120 835 835 I QTI PowerHAL: Power isModeSupported: 6
03-09 05:02:38.120 835 835 I QTI PowerHAL: Power isBoostSupported: 1
03-09 05:02:38.121 1228 1966 D PlatformConfig: getInstance: Enter
03-09 05:02:38.121 1228 1966 D PlatformConfig: getInt32 Config name: vidc_dec_log_in value: 0
03-09 05:02:38.121 1228 1966 D PlatformConfig: getInstance: Enter
03-09 05:02:38.121 1228 1966 D PlatformConfig: getInt32 Config name: vidc_dec_log_out value: 0
03-09 05:02:38.121 1228 1966 D PlatformConfig: getInstance: Enter
03-09 05:02:38.121 1228 1966 D PlatformConfig: getInt32 Config name: vidc_dec_sec_prefetch_size_internal value: 209715200
03-09 05:02:38.121 1228 1966 D PlatformConfig: getInstance: Enter
03-09 05:02:38.121 1228 1966 D PlatformConfig: getInt32 Config name: vidc_dec_sec_prefetch_size_output value: 13434880
03-09 05:02:38.121 1228 1966 D PlatformConfig: getInstance: Enter
03-09 05:02:38.121 1228 1966 D PlatformConfig: getInt32 Config name: vidc_perf_control_enable value: 0
03-09 05:02:38.121 1537 1644 I ActivityTaskManager: Displayed com.thundercomm.tcsetupwizard/.TcSetupStartActivity: +404ms
03-09 05:02:38.121 1228 1966 D PlatformConfig: getInstance: Enter
03-09 05:02:38.121 1228 1966 D PlatformConfig: getInt32 Config name: vidc_dec_thumbnail_yuv_output value: 0
03-09 05:02:38.121 1228 1966 D PlatformConfig: getInstance: Enter
03-09 05:02:38.121 1228 1966 D PlatformConfig: getInt32: Returning default
03-09 05:02:38.121 1228 1966 D PlatformConfig: getInstance: Enter
03-09 05:02:38.121 1228 1966 D PlatformConfig: getInt32 Config name: vidc_dec_output_rate value: 120
03-09 05:02:38.121 1228 1966 I OMX-VDEC-1080P: component_init: OMX.qcom.video.decoder.avc : fd=77
03-09 05:02:38.122 1228 1966 E OMX-VDEC-1080P: Unsupported output color format for c2d (2141391876)
03-09 05:02:38.122 1228 1966 E OMX-VDEC-1080P: Setting color format failed
03-09 05:02:38.123 509 509 I hwservicemanager: Since vendor.qti.hardware.iop@2.0::IIop/default is not registered, trying to start it as a lazy HAL.
03-09 05:02:38.123 1219 1248 E tlogd : [StorageChecker](listDirFile) FileName is /data/tlog/persist/
03-09 05:02:38.123 1219 1248 E tlogd : [StorageChecker](listDirFile) directory
01-01 08:00:14.334 0 0 I msm_vidc: high: 00000002: ....d: Opening video instance: 0000000000000000, 1
01-01 08:00:14.334 0 0 I msm_vidc: err : 00000002: ....d: Failed to create debugfs for msm_vidc
03-09 05:02:38.127 677 677 D Zygote : Forked child process 3161
03-09 05:02:38.128 1537 1655 I ActivityManager: Start proc 3161:com.qualcomm.qti.devicestatisticsservice/u0a62 for restart com.qualcomm.qti.devicestatisticsservice
03-09 05:02:38.128 1219 1248 E tlogd : [StorageChecker](listDirFile) FileName is /data/tlog/persist/868_persist_00000_230309_050240.log.ing
03-09 05:02:38.128 1219 1248 E tlogd : [StorageChecker](listDirFile) regular file
03-09 05:02:38.128 1219 1248 E tlogd : [StorageChecker](listDirFile) FileName is /data/tlog/persist/kernel
03-09 05:02:38.128 1219 1248 E tlogd : [StorageChecker](listDirFile) directory
03-09 05:02:38.130 1228 1966 D PlatformConfig: getInstance: Enter
03-09 05:02:38.130 1228 1966 D PlatformConfig: getInt32: Returning default
03-09 05:02:38.130 1228 1966 D PlatformConfig: getInstance: Enter
03-09 05:02:38.130 1228 1966 D PlatformConfig: getInt32: Returning default
03-09 05:02:38.130 1228 1966 I OMX-VDEC-1080P: omx_vdec::component_init() success : fd=77
03-09 05:02:38.130 1219 1248 E tlogd : [StorageChecker](listDirFile) FileName is /data/tlog/persist/kernel/752_kernel_00001_700101_080231.log.ing
03-09 05:02:38.130 1219 1248 E tlogd : [StorageChecker](listDirFile) regular file
03-09 05:02:38.130 1219 1248 E tlogd : [StorageChecker](listDirFile) FileName is /data/tlog/persist/kernel/752_kernel_00000_700101_080230.log
03-09 05:02:38.130 1219 1248 E tlogd : [StorageChecker](listDirFile) regular file
03-09 05:02:38.130 1219 1248 E tlogd : [StorageChecker](listDirFile) FileName is /data/tlog/persist/kernel/753_kernel_00003_700101_080010.log.ing
03-09 05:02:38.130 1219 1248 E tlogd : [StorageChecker](listDirFile) regular file
03-09 05:02:38.130 1219 1248 E tlogd : [StorageChecker](listDirFile) FileName is /data/tlog/persist/kernel/753_kernel_00002_700101_080009.log
03-09 05:02:38.130 1219 1248 E tlogd : [StorageChecker](listDirFile) regular file
03-09 05:02:38.130 1219 1248 E tlogd : [StorageChecker](listDirFile) FileName is /data/tlog/persist/kernel/754_kernel_00005_700101_080010.log.ing
03-09 05:02:38.130 1219 1248 E tlogd : [StorageChecker](listDirFile) regular file
03-09 05:02:38.130 1219 1248 E tlogd : [StorageChecker](listDirFile) FileName is /data/tlog/persist/kernel/754_kernel_00004_700101_080009.log
03-09 05:02:38.130 1219 1248 E tlogd : [StorageChecker](listDirFile) regular file
03-09 05:02:38.130 1219 1248 E tlogd : [StorageChecker](listDirFile) FileName is /data/tlog/persist/kernel/755_kernel_00007_700101_080010.log.ing
03-09 05:02:38.130 1219 1248 E tlogd : [StorageChecker](listDirFile) regular file
03-09 05:02:38.130 1219 1248 E tlogd : [StorageChecker](listDirFile) FileName is /data/tlog/persist/kernel/755_kernel_00006_700101_080009.log
03-09 05:02:38.130 1219 1248 E tlogd : [StorageChecker](listDirFile) regular file
03-09 05:02:38.130 1219 1248 E tlogd : [StorageChecker](listDirFile) FileName is /data/tlog/persist/kernel/756_kernel_00009_700101_080010.log.ing
03-09 05:02:38.130 1219 1248 E tlogd : [StorageChecker](listDirFile) regular file
03-09 05:02:38.130 1219 1248 E tlogd : [StorageChecker](listDirFile) FileName is /data/tlog/persist/kernel/756_kernel_00008_700101_080009.log
03-09 05:02:38.130 1219 1248 E tlogd : [StorageChecker](listDirFile) regular file
03-09 05:02:38.130 1219 1248 E tlogd : [StorageChecker](listDirFile) FileName is /data/tlog/persist/kernel/757_kernel_00011_700101_080009.log.ing
03-09 05:02:38.130 1219 1248 E tlogd : [StorageChecker](listDirFile) regular file
03-09 05:02:38.130 1219 1248 E tlogd : [StorageChecker](listDirFile) FileName is /data/tlog/persist/kernel/757_kernel_00010_700101_080009.log
03-09 05:02:38.130 1219 1248 E tlogd : [StorageChecker](listDirFile) regular file
03-09 05:02:38.130 1219 1248 E tlogd : [StorageChecker](listDirFile) FileName is /data/tlog/persist/kernel/758_kernel_00013_700101_080010.log.ing
03-09 05:02:38.130 1219 1248 E tlogd : [StorageChecker](listDirFile) regular file
03-09 05:02:38.130 1219 1248 E tlogd : [StorageChecker](listDirFile) FileName is /data/tlog/persist/kernel/758_kernel_00012_700101_080009.log
03-09 05:02:38.130 1219 1248 E tlogd : [StorageChecker](listDirFile) regular file
03-09 05:02:38.130 1219 1248 E tlogd : [StorageChecker](listDirFile) FileName is /data/tlog/persist/kernel/759_kernel_00015_700101_080010.log.ing
03-09 05:02:38.130 1219 1248 E tlogd : [StorageChecker](listDirFile) regular file
03-09 05:02:38.130 1219 1248 E tlogd : [StorageChecker](listDirFile) FileName is /data/tlog/persist/kernel/759_kernel_00014_700101_080009.log
03-09 05:02:38.130 1219 1248 E tlogd : [StorageChecker](listDirFile) regular file
03-09 05:02:38.130 1219 1248 E tlogd : [StorageChecker](listDirFile) FileName is /data/tlog/persist/kernel/760_kernel_00017_700101_080010.log.ing
03-09 05:02:38.130 1219 1248 E tlogd : [StorageChecker](listDirFile) regular file
03-09 05:02:38.130 1219 1248 E tlogd : [StorageChecker](listDirFile) FileName is /data/tlog/persist/kernel/760_kernel_00016_700101_080009.log
03-09 05:02:38.130 1219 1248 E tlogd : [StorageChecker](listDirFile) regular file
03-09 05:02:38.130 1219 1248 E tlogd : [StorageChecker](listDirFile) FileName is /data/tlog/persist/kernel/761_kernel_00019_700101_080010.log.ing
03-09 05:02:38.130 1219 1248 E tlogd : [StorageChecker](listDirFile) regular file
03-09 05:02:38.130 1219 1248 E tlogd : [StorageChecker](listDirFile) FileName is /data/tlog/persist/kernel/761_kernel_00018_700101_080009.log
03-09 05:02:38.130 1219 1248 E tlogd : [StorageChecker](listDirFile) regular file
03-09 05:02:38.130 1219 1248 E tlogd : [StorageChecker](listDirFile) FileName is /data/tlog/persist/kernel/762_kernel_00021_700101_080010.log.ing
03-09 05:02:38.130 1219 1248 E tlogd : [StorageChecker](listDirFile) regular file
03-09 05:02:38.130 1219 1248 E tlogd : [StorageChecker](listDirFile) FileName is /data/tlog/persist/kernel/762_kernel_00020_700101_080009.log
03-09 05:02:38.130 1219 1248 E tlogd : [StorageChecker](listDirFile) regular file
03-09 05:02:38.130 1219 1248 E tlogd : [StorageChecker](listDirFile) FileName is /data/tlog/persist/kernel/763_kernel_00023_700101_080010.log.ing
03-09 05:02:38.130 1219 1248 E tlogd : [StorageChecker](listDirFile) regular file
03-09 05:02:38.130 1219 1248 E tlogd : [StorageChecker](listDirFile) FileName is /data/tlog/persist/kernel/763_kernel_00022_700101_080009.log
03-09 05:02:38.130 1219 1248 E tlogd : [StorageChecker](listDirFile) regular file
03-09 05:02:38.130 1219 1248 E tlogd : [StorageChecker](listDirFile) FileName is /data/tlog/persist/kernel/764_kernel_00025_700101_080010.log.ing
03-09 05:02:38.130 1219 1248 E tlogd : [StorageChecker](listDirFile) regular file
03-09 05:02:38.130 1219 1248 E tlogd : [StorageChecker](listDirFile) FileName is /data/tlog/persist/kernel/764_kernel_00024_700101_080009.log
03-09 05:02:38.130 1219 1248 E tlogd : [StorageChecker](listDirFile) regular file
03-09 05:02:38.130 1219 1248 E tlogd : [StorageChecker](listDirFile) FileName is /data/tlog/persist/kernel/765_kernel_00027_700101_080009.log.ing
03-09 05:02:38.130 1219 1248 E tlogd : [StorageChecker](listDirFile) regular file
03-09 05:02:38.130 1219 1248 E tlogd : [StorageChecker](listDirFile) FileName is /data/tlog/persist/kernel/765_kernel_00026_700101_080009.log
03-09 05:02:38.130 1219 1248 E tlogd : [StorageChecker](listDirFile) regular file
03-09 05:02:38.130 1219 1248 E tlogd : [StorageChecker](listDirFile) FileName is /data/tlog/persist/kernel/766_kernel_00029_700101_080010.log.ing
03-09 05:02:38.130 1219 1248 E tlogd : [StorageChecker](listDirFile) regular file
03-09 05:02:38.130 1219 1248 E tlogd : [StorageChecker](listDirFile) FileName is /data/tlog/persist/kernel/766_kernel_00028_700101_080009.log
03-09 05:02:38.130 1219 1248 E tlogd : [StorageChecker](listDirFile) regular file
03-09 05:02:38.130 1219 1248 E tlogd : [StorageChecker](listDirFile) FileName is /data/tlog/persist/kernel/767_kernel_00031_700101_080010.log.ing
03-09 05:02:38.130 1219 1248 E tlogd : [StorageChecker](listDirFile) regular file
03-09 05:02:38.130 1219 1248 E tlogd : [StorageChecker](listDirFile) FileName is /data/tlog/persist/kernel/767_kernel_00030_700101_080009.log
03-09 05:02:38.130 1219 1248 E tlogd : [StorageChecker](listDirFile) regular file
03-09 05:02:38.130 1219 1248 E tlogd : [StorageChecker](listDirFile) FileName is /data/tlog/persist/kernel/768_kernel_00033_700101_080009.log.ing
03-09 05:02:38.130 1219 1248 E tlogd : [StorageChecker](listDirFile) regular file
03-09 05:02:38.130 1219 1248 E tlogd : [StorageChecker](listDirFile) FileName is /data/tlog/persist/kernel/768_kernel_00032_700101_080009.log
03-09 05:02:38.130 1219 1248 E tlogd : [StorageChecker](listDirFile) regular file
03-09 05:02:38.130 1219 1248 E tlogd : [StorageChecker](listDirFile) FileName is /data/tlog/persist/kernel/769_kernel_00035_700101_080009.log.ing
03-09 05:02:38.130 1219 1248 E tlogd : [StorageChecker](listDirFile) regular file
03-09 05:02:38.130 1219 1248 E tlogd : [StorageChecker](listDirFile) FileName is /data/tlog/persist/kernel/769_kernel_00034_700101_080009.log
03-09 05:02:38.130 1219 1248 E tlogd : [StorageChecker](listDirFile) regular file
03-09 05:02:38.130 1219 1248 E tlogd : [StorageChecker](listDirFile) FileName is /data/tlog/persist/kernel/770_kernel_00037_700101_080010.log.ing
03-09 05:02:38.130 1219 1248 E tlogd : [StorageChecker](listDirFile) regular file
03-09 05:02:38.130 1219 1248 E tlogd : [StorageChecker](listDirFile) FileName is /data/tlog/persist/kernel/770_kernel_00036_700101_080009.log
03-09 05:02:38.130 1219 1248 E tlogd : [StorageChecker](listDirFile) regular file
03-09 05:02:38.130 1219 1248 E tlogd : [StorageChecker](listDirFile) FileName is /data/tlog/persist/kernel/771_kernel_00039_700101_080009.log.ing
03-09 05:02:38.130 1219 1248 E tlogd : [StorageChecker](listDirFile) regular file
03-09 05:02:38.130 1219 1248 E tlogd : [StorageChecker](listDirFile) FileName is /data/tlog/persist/kernel/771_kernel_00038_700101_080009.log
03-09 05:02:38.130 1219 1248 E tlogd : [StorageChecker](listDirFile) regular file
03-09 05:02:38.130 1219 1248 E tlogd : [StorageChecker](listDirFile) FileName is /data/tlog/persist/kernel/772_kernel_00041_700101_080010.log.ing
03-09 05:02:38.130 1219 1248 E tlogd : [StorageChecker](listDirFile) regular file
03-09 05:02:38.130 1219 1248 E tlogd : [StorageChecker](listDirFile) FileName is /data/tlog/persist/kernel/772_kernel_00040_700101_080009.log
03-09 05:02:38.130 1219 1248 E tlogd : [StorageChecker](listDirFile) regular file
03-09 05:02:38.130 1219 1248 E tlogd : [StorageChecker](listDirFile) FileName is /data/tlog/persist/kernel/773_kernel_00043_700101_080010.log.ing
03-09 05:02:38.130 1219 1248 E tlogd : [StorageChecker](listDirFile) regular file
03-09 05:02:38.130 1219 1248 E tlogd : [StorageChecker](listDirFile) FileName is /data/tlog/persist/kernel/773_kernel_00042_700101_080009.log
03-09 05:02:38.130 1219 1248 E tlogd : [StorageChecker](listDirFile) regular file
03-09 05:02:38.130 1219 1248 E tlogd : [StorageChecker](listDirFile) FileName is /data/tlog/persist/kernel/774_kernel_00045_700101_080010.log.ing
03-09 05:02:38.130 1219 1248 E tlogd : [StorageChecker](listDirFile) regular file
03-09 05:02:38.130 1219 1248 E tlogd : [StorageChecker](listDirFile) FileName is /data/tlog/persist/kernel/774_kernel_00044_700101_080009.log
03-09 05:02:38.130 1219 1248 E tlogd : [StorageChecker](listDirFile) regular file
03-09 05:02:38.130 1219 1248 E tlogd : [StorageChecker](listDirFile) FileName is /data/tlog/persist/kernel/775_kernel_00047_700101_080010.log.ing
03-09 05:02:38.130 1219 1248 E tlogd : [StorageChecker](listDirFile) regular file
03-09 05:02:38.130 1219 1248 E tlogd : [StorageChecker](listDirFile) FileName is /data/tlog/persist/kernel/775_kernel_00046_700101_080009.log
03-09 05:02:38.130 1219 1248 E tlogd : [StorageChecker](listDirFile) regular file
03-09 05:02:38.130 1219 1248 E tlogd : [StorageChecker](listDirFile) FileName is /data/tlog/persist/kernel/776_kernel_00049_700101_080010.log.ing
03-09 05:02:38.130 1219 1248 E tlogd : [StorageChecker](listDirFile) regular file
03-09 05:02:38.130 1219 1248 E tlogd : [StorageChecker](listDirFile) FileName is /data/tlog/persist/kernel/776_kernel_00048_700101_080009.log
03-09 05:02:38.130 1219 1248 E tlogd : [StorageChecker](listDirFile) regular file
03-09 05:02:38.130 1219 1248 E tlogd : [StorageChecker](listDirFile) FileName is /data/tlog/persist/kernel/777_kernel_00051_700101_080010.log.ing
03-09 05:02:38.130 1219 1248 E tlogd : [StorageChecker](listDirFile) regular file
03-09 05:02:38.130 1219 1248 E tlogd : [StorageChecker](listDirFile) FileName is /data/tlog/persist/kernel/777_kernel_00050_700101_080009.log
03-09 05:02:38.130 1219 1248 E tlogd : [StorageChecker](listDirFile) regular file
03-09 05:02:38.130 1219 1248 E tlogd : [StorageChecker](listDirFile) FileName is /data/tlog/persist/kernel/778_kernel_00053_700101_080009.log.ing
03-09 05:02:38.130 1219 1248 E tlogd : [StorageChecker](listDirFile) regular file
03-09 05:02:38.130 1219 1248 E tlogd : [StorageChecker](listDirFile) FileName is /data/tlog/persist/kernel/778_kernel_00052_700101_080009.log
03-09 05:02:38.130 1219 1248 E tlogd : [StorageChecker](listDirFile) regular file
03-09 05:02:38.130 1219 1248 E tlogd : [StorageChecker](listDirFile) FileName is /data/tlog/persist/kernel/779_kernel_00055_700101_080009.log.ing
03-09 05:02:38.130 1219 1248 E tlogd : [StorageChecker](listDirFile) regular file
03-09 05:02:38.130 1219 1248 E tlogd : [StorageChecker](listDirFile) FileName is /data/tlog/persist/kernel/779_kernel_00054_700101_080009.log
03-09 05:02:38.130 1219 1248 E tlogd : [StorageChecker](listDirFile) regular file
03-09 05:02:38.130 1219 1248 E tlogd : [StorageChecker](listDirFile) FileName is /data/tlog/persist/kernel/780_kernel_00057_700101_080010.log.ing
03-09 05:02:38.130 1219 1248 E tlogd : [StorageChecker](listDirFile) regular file
03-09 05:02:38.130 1219 1248 E tlogd : [StorageChecker](listDirFile) FileName is /data/tlog/persist/kernel/780_kernel_00056_700101_080009.log
03-09 05:02:38.130 1219 1248 E tlogd : [StorageChecker](listDirFile) regular file
03-09 05:02:38.130 509 3158 W libc : Unable to set property "ctl.interface_start" to "vendor.qti.hardware.iop@2.0::IIop/default": error code: 0x20
03-09 05:02:38.130 1219 1248 E tlogd : [StorageChecker](listDirFile) FileName is /data/tlog/persist/kernel/781_kernel_00059_700101_080010.log.ing
03-09 05:02:38.130 1219 1248 E tlogd : [StorageChecker](listDirFile) regular file
03-09 05:02:38.130 1219 1248 E tlogd : [StorageChecker](listDirFile) FileName is /data/tlog/persist/kernel/781_kernel_00058_700101_080009.log
03-09 05:02:38.130 1219 1248 E tlogd : [StorageChecker](listDirFile) regular file
