03-09 05:02:36.385 1537 1653 W BestClock: java.time.DateTimeException: Missing NTP fix
03-09 05:02:36.386 1537 1710 E NativeTombstoneManager: Tombstone's UID (0) not an app, ignoring
03-09 05:02:36.386 1537 1710 I DropBoxManagerService: add tag=SYSTEM_TOMBSTONE_PROTO isTagEnabled=true flags=0x4
03-09 05:02:36.386 1537 1653 W BestClock: java.time.DateTimeException: Missing NTP fix
03-09 05:02:36.387 1537 1653 D CountryDetector: Using custom country detector class: com.android.server.location.ComprehensiveCountryDetector
03-09 05:02:36.387 1537 1653 E CountryDetector: Could not instantiate the custom country detector class
03-09 05:02:36.387 1537 1653 D CountryDetector: Using default country detector
03-09 05:02:36.388 1537 1537 I system_server: getFrameworkCompatibilityMatrix: Successfully processed VINTF information
03-09 05:02:36.388 1537 1537 I system_server: getDeviceCompatibilityMatrix: Reading VINTF information.
03-09 05:02:36.389 1537 1537 I system_server: getDeviceCompatibilityMatrix: Successfully processed VINTF information
03-09 05:02:36.391 1537 1537 I SystemServerTiming: sendUserStartBroadcast
03-09 05:02:36.392 1537 1537 I SystemServerTiming: resumeTopActivities
03-09 05:02:36.392 1537 1537 D CompatibilityInfo: mCompatibilityFlags - 4
03-09 05:02:36.392 1537 1537 D CompatibilityInfo: applicationDensity - 240
03-09 05:02:36.392 1537 1537 D CompatibilityInfo: applicationScale - 1.0
03-09 05:02:36.392 1537 1537 I SystemServerTiming: sendUserSwitchBroadcasts
03-09 05:02:36.392 1537 1537 I SystemServerTiming: setBinderProxies
03-09 05:02:36.393 1537 1537 I SystemServerTiming: StartSystemUI
03-09 05:02:36.393 1537 1573 D CompatibilityInfo: mCompatibilityFlags - b
03-09 05:02:36.393 1537 1573 D CompatibilityInfo: applicationDensity - 160
03-09 05:02:36.393 1537 1573 D CompatibilityInfo: applicationScale - 1.5
03-09 05:02:36.394 2101 2101 V WebViewLibraryLoader: RelroFileCreator (64bit = false), package: com.android.webview library: libwebviewchromium.so
03-09 05:02:36.397 1537 1655 W ActivityManager: Slow operation: 79ms so far, now at startProcess: done updating battery stats
03-09 05:02:36.397 1537 1655 W ActivityManager: Slow operation: 79ms so far, now at startProcess: building log message
03-09 05:02:36.397 1537 1655 I ActivityManager: Start proc 2158:com.thundercomm.gamemode/1000 for added application com.thundercomm.gamemode
03-09 05:02:36.397 1537 1655 W ActivityManager: Slow operation: 79ms so far, now at startProcess: starting to update pids map
03-09 05:02:36.397 1537 1655 W ActivityManager: Slow operation: 79ms so far, now at startProcess: done updating pids map
03-09 05:02:36.397 1537 1655 W ActivityManager: Slow operation: 76ms so far, now at startProcess: asking zygote to start proc
03-09 05:02:36.397 1537 2145 W ActivityManager: No pending application record for pid 2115 (IApplicationThread android.app.IApplicationThread$Stub$Proxy@6dc636f); dropping process
03-09 05:02:36.401 677 677 D Zygote : Forked child process 2194
03-09 05:02:36.401 1537 1655 W ActivityManager: Slow operation: 80ms so far, now at startProcess: returned from zygote!
03-09 05:02:36.403 1537 2145 W PackageManager: Loading a package that does not exist for the calling user. package=null, user=0
03-09 05:02:36.403 2101 2101 D nativeloader: classloader namespace configured for unbundled product apk. library_path=/product/app/webview/lib/arm:/product/app/webview/webview.apk!/lib/armeabi-v7a:/product/lib:/system/product/lib
03-09 05:02:36.404 1537 2086 D CompatibilityChangeReporter: Compat change id reported: 168419799; UID 1000; state: DISABLED
03-09 05:02:36.404 1537 2086 D CompatibilityInfo: mCompatibilityFlags - 4
03-09 05:02:36.404 1537 2086 D CompatibilityInfo: applicationDensity - 240
03-09 05:02:36.404 1537 2086 D CompatibilityInfo: applicationScale - 1.0
01-01 08:00:12.620 0 0 I binder : undelivered TRANSACTION_COMPLETE
01-01 08:00:12.620 0 0 I binder : undelivered transaction 16912, process died.
03-09 05:02:36.406 2194 2194 I Zygote : seccomp disabled by setenforce 0
03-09 05:02:36.406 1537 1710 E NativeTombstoneManager: Tombstone's UID (0) not an app, ignoring
03-09 05:02:36.407 1537 1710 I DropBoxManagerService: add tag=SYSTEM_TOMBSTONE_PROTO isTagEnabled=true flags=0x4
03-09 05:02:36.407 1537 2086 D CompatibilityChangeReporter: Compat change id reported: 181136395; UID 1000; state: DISABLED
03-09 05:02:36.408 1537 2086 D CompatibilityChangeReporter: Compat change id reported: 174042936; UID 1000; state: DISABLED
03-09 05:02:36.409 2158 2158 D CompatibilityChangeReporter: Compat change id reported: 171979766; UID 1000; state: ENABLED
03-09 05:02:36.411 1537 2185 E ActivityNotifier: bindService succ
03-09 05:02:36.411 1537 2185 I ActivityNotifier: binding to Dynamic DDS service
03-09 05:02:36.411 1537 2185 W ContextImpl: Calling a method in the system process without a qualified user: android.app.ContextImpl.bindService:1895 android.content.ContextWrapper.bindService:810 com.qualcomm.qti.activityextension.ActivityNotifier.bindToDynamicDDSService:103 com.qualcomm.qti.activityextension.ActivityNotifier.handleSendActivityInvokeNotification:184 com.qualcomm.qti.activityextension.ActivityNotifier.access$300:26
03-09 05:02:36.411 1537 2189 I ActivityManager: Process WebViewLoader-arm64-v8a (pid 2103) has died: psvc PER
03-09 05:02:36.411 1537 1656 I libprocessgroup: Successfully killed process cgroup uid 1037 pid 2103 in 0ms
03-09 05:02:36.412 509 509 I hwservicemanager: Since vendor.qti.hardware.iop@2.0::IIop/default is not registered, trying to start it as a lazy HAL.
03-09 05:02:36.413 677 677 I Zygote : Process 2115 exited due to signal 9 (Killed)
01-01 08:00:12.625 0 0 E init : Control message: Could not find 'vendor.qti.hardware.iop@2.0::IIop/default' for ctl.interface_start from pid: 509 (/system/bin/hwservicemanager)
03-09 05:02:36.416 509 2201 W libc : Unable to set property "ctl.interface_start" to "vendor.qti.hardware.iop@2.0::IIop/default": error code: 0x20
03-09 05:02:36.416 509 2201 I hwservicemanager: Tried to start vendor.qti.hardware.iop@2.0::IIop/default as a lazy service, but was unable to. Usually this happens when a service is not installed, but if the service is intended to be used as a lazy service, then it may be configured incorrectly.
03-09 05:02:36.416 1160 1170 I adbd : jdwp connection from 2194
03-09 05:02:36.418 1537 1647 D CompatibilityChangeReporter: Compat change id reported: 135634846; UID 1000; state: DISABLED
03-09 05:02:36.418 1537 1647 D CompatibilityChangeReporter: Compat change id reported: 177438394; UID 1000; state: DISABLED
03-09 05:02:36.418 1537 1647 D CompatibilityChangeReporter: Compat change id reported: 135772972; UID 1000; state: DISABLED
03-09 05:02:36.418 1537 1647 D CompatibilityChangeReporter: Compat change id reported: 135754954; UID 1000; state: ENABLED
03-09 05:02:36.419 1537 1655 W ActivityManager: Slow operation: 97ms so far, now at startProcess: done updating battery stats
03-09 05:02:36.419 1537 1655 W ActivityManager: Slow operation: 97ms so far, now at startProcess: building log message
03-09 05:02:36.419 1537 1655 I ActivityManager: Start proc 2194:com.thundercomm.microservice/1000 for added application com.thundercomm.microservice
03-09 05:02:36.419 1537 1655 W ActivityManager: Slow operation: 97ms so far, now at startProcess: starting to update pids map
03-09 05:02:36.419 1537 1655 W ActivityManager: Slow operation: 97ms so far, now at startProcess: done updating pids map
03-09 05:02:36.419 1537 1655 W ActivityManager: Slow operation: 95ms so far, now at startProcess: asking zygote to start proc
03-09 05:02:36.419 1537 1978 D ConnectivityService: Got NetworkProvider Messenger for VpnNetworkProvider:0
03-09 05:02:36.419 1537 1955 W BestClock: java.time.DateTimeException: Missing NTP fix
03-09 05:02:36.419 1537 1955 W BestClock: java.time.DateTimeException: Missing NTP fix
03-09 05:02:36.420 2034 2182 D AdapterProperties: Name is: 高合娱乐副屏
01-01 08:00:12.633 0 0 I binder : 2194:2194 ioctl 40046210 7ff4f779d4 returned -22
03-09 05:02:36.421 1537 1537 D CompatibilityInfo: mCompatibilityFlags - 4
03-09 05:02:36.421 1537 1537 D CompatibilityInfo: applicationDensity - 240
03-09 05:02:36.421 1537 1537 D CompatibilityInfo: applicationScale - 1.0
03-09 05:02:36.421 2194 2194 D ProcessState: Binder ioctl to enable oneway spam detection failed: Invalid argument
01-01 08:00:12.651 0 0 I binder : 2034:2034 ioctl 40046210 7ff4f77044 returned -22
03-09 05:02:36.422 1537 1537 D CompatibilityInfo: mCompatibilityFlags - 4
03-09 05:02:36.422 1537 1537 D CompatibilityInfo: applicationDensity - 240
03-09 05:02:36.422 1537 1537 D CompatibilityInfo: applicationScale - 1.0
03-09 05:02:36.422 1537 1537 I SystemServerTiming: startMicroService
03-09 05:02:36.422 1537 1537 I SystemServerTiming: startRemoteControlService
03-09 05:02:36.423 1537 2185 E ActivityNotifier: bindService succ
03-09 05:02:36.423 1537 2185 I ActivityNotifier: binding to Dynamic DDS service
03-09 05:02:36.423 1537 2185 W ContextImpl: Calling a method in the system process without a qualified user: android.app.ContextImpl.bindService:1895 android.content.ContextWrapper.bindService:810 com.qualcomm.qti.activityextension.ActivityNotifier.bindToDynamicDDSService:103 com.qualcomm.qti.activityextension.ActivityNotifier.handleSendActivityInvokeNotification:184 com.qualcomm.qti.activityextension.ActivityNotifier.access$300:26
03-09 05:02:36.423 1537 1572 D CompatibilityChangeReporter: Compat change id reported: 168419799; UID 1000; state: DISABLED
03-09 05:02:36.423 1537 1572 D CompatibilityInfo: mCompatibilityFlags - 4
03-09 05:02:36.423 1537 1572 D CompatibilityInfo: applicationDensity - 240
03-09 05:02:36.423 1537 1572 D CompatibilityInfo: applicationScale - 1.0
03-09 05:02:36.423 2051 2051 D CompatibilityChangeReporter: Compat change id reported: 160794467; UID 10078; state: ENABLED
03-09 05:02:36.424 1537 1572 D CompatibilityInfo: mCompatibilityFlags - 4
03-09 05:02:36.424 1537 1572 D CompatibilityInfo: applicationDensity - 240
03-09 05:02:36.424 1537 1572 D CompatibilityInfo: applicationScale - 1.0
03-09 05:02:36.424 677 677 D Zygote : Forked child process 2214
03-09 05:02:36.424 1537 1537 I SystemServerTiming: startTcService
03-09 05:02:36.425 1537 1655 W ActivityManager: Slow operation: 101ms so far, now at startProcess: returned from zygote!
03-09 05:02:36.425 1537 1537 I SystemServerTiming: startBoostPerfService
03-09 05:02:36.425 1537 1537 D CompatibilityInfo: mCompatibilityFlags - 4
03-09 05:02:36.425 1537 1537 D CompatibilityInfo: applicationDensity - 240
03-09 05:02:36.425 1537 1537 D CompatibilityInfo: applicationScale - 1.0
03-09 05:02:36.426 1537 1655 W ActivityManager: Slow operation: 103ms so far, now at startProcess: done updating battery stats
03-09 05:02:36.426 1537 1655 W ActivityManager: Slow operation: 103ms so far, now at startProcess: building log message
03-09 05:02:36.426 1537 1655 I ActivityManager: Start proc 2214:com.thundercomm.microsettings/1000 for added application com.thundercomm.microsettings
03-09 05:02:36.426 1537 1655 W ActivityManager: Slow operation: 103ms so far, now at startProcess: starting to update pids map
03-09 05:02:36.426 1537 1537 W Looper : Slow delivery took 2229ms main h=android.app.PropertyInvalidatedCache$AutoCorker$1 c=null m=0
03-09 05:02:36.427 1537 1955 W BestClock: java.time.DateTimeException: Missing NTP fix
03-09 05:02:36.427 1537 1655 W ActivityManager: Slow operation: 103ms so far, now at startProcess: done updating pids map
03-09 05:02:36.427 1537 1655 W ActivityManager: Slow operation: 101ms so far, now at startProcess: asking zygote to start proc
03-09 05:02:36.427 1537 2185 E ActivityNotifier: bindService succ
03-09 05:02:36.428 2034 2034 D BluetoothDatabase: start()
03-09 05:02:36.429 2034 2034 D BluetoothDatabase: Load Database
03-09 05:02:36.429 2034 2034 D BluetoothAdapterService: Phone policy enabled
03-09 05:02:36.431 2034 2034 D BluetoothBondStateMachine: make
03-09 05:02:36.431 1537 1710 E NativeTombstoneManager: Tombstone's UID (0) not an app, ignoring
03-09 05:02:36.431 1537 1710 I DropBoxManagerService: add tag=SYSTEM_TOMBSTONE_PROTO isTagEnabled=true flags=0x4
03-09 05:02:36.432 1537 1955 W BestClock: java.time.DateTimeException: Missing NTP fix
03-09 05:02:36.432 1537 1955 W BestClock: java.time.DateTimeException: Missing NTP fix
03-09 05:02:36.432 2214 2214 I Zygote : seccomp disabled by setenforce 0
03-09 05:02:36.433 2034 2034 D BluetoothActiveDeviceManager: start()
03-09 05:02:36.433 1537 1955 W BestClock: java.time.DateTimeException: Missing NTP fix
03-09 05:02:36.434 1537 1955 W BestClock: java.time.DateTimeException: Missing NTP fix
03-09 05:02:36.434 1537 1955 W BestClock: java.time.DateTimeException: Missing NTP fix
03-09 05:02:36.434 1537 1955 W BestClock: java.time.DateTimeException: Missing NTP fix
03-09 05:02:36.434 1537 1955 W BestClock: java.time.DateTimeException: Missing NTP fix
03-09 05:02:36.435 1537 1955 W BestClock: java.time.DateTimeException: Missing NTP fix
03-09 05:02:36.435 1537 1955 W BestClock: java.time.DateTimeException: Missing NTP fix
03-09 05:02:36.435 1537 1955 W BestClock: java.time.DateTimeException: Missing NTP fix
03-09 05:02:36.435 1537 1955 W BestClock: java.time.DateTimeException: Missing NTP fix
03-09 05:02:36.435 1537 1955 W BestClock: java.time.DateTimeException: Missing NTP fix
03-09 05:02:36.436 1537 1955 W BestClock: java.time.DateTimeException: Missing NTP fix
03-09 05:02:36.436 1537 1955 W BestClock: java.time.DateTimeException: Missing NTP fix
03-09 05:02:36.436 1537 1955 W BestClock: java.time.DateTimeException: Missing NTP fix
03-09 05:02:36.436 1537 1955 W BestClock: java.time.DateTimeException: Missing NTP fix
03-09 05:02:36.437 1537 1955 W BestClock: java.time.DateTimeException: Missing NTP fix
03-09 05:02:36.437 2034 2217 D BluetoothActiveDeviceManager: onAudioDevicesAdded
03-09 05:02:36.437 2034 2217 D BluetoothActiveDeviceManager: Audio device added: figure type: 1
03-09 05:02:36.437 2034 2217 D BluetoothActiveDeviceManager: Audio device added: figure type: 2
03-09 05:02:36.437 2034 2217 D BluetoothActiveDeviceManager: Audio device added: figure type: 18
03-09 05:02:36.437 1537 1955 W BestClock: java.time.DateTimeException: Missing NTP fix
03-09 05:02:36.437 2034 2217 D BluetoothActiveDeviceManager: Audio device added: figure type: 15
03-09 05:02:36.437 2034 2217 D BluetoothActiveDeviceManager: Audio device added: figure type: 18
03-09 05:02:36.437 2034 2217 D BluetoothActiveDeviceManager: Audio device added: figure type: 15
03-09 05:02:36.437 2034 2217 D BluetoothActiveDeviceManager: Audio device added: figure type: 25
03-09 05:02:36.437 2034 2217 D BluetoothActiveDeviceManager: Audio device added: figure type: 16
03-09 05:02:36.437 1537 1955 W BestClock: java.time.DateTimeException: Missing NTP fix
03-09 05:02:36.437 2034 2034 D BluetoothAdapterService: setAdapterService com.android.bluetooth.btservice.AdapterService@5dd42da
03-09 05:02:36.437 1537 1955 W BestClock: java.time.DateTimeException: Missing NTP fix
03-09 05:02:36.439 2034 2034 I droid.bluetoot: [0309/050236.439008:INFO:com_android_bluetooth_btservice_vendor.cpp(869)] load_bt_configstore_lib loaded HAL: bt_configstore_interface_t=0x719d2da970, bt_configstore_lib_handle=0x72a16ab68eb032b5
03-09 05:02:36.439 2034 2034 I bt_config_store: getVendorProperties
03-09 05:02:36.439 1537 1647 I InputManager: Enabling motion classifier because user switched: feature enabled, long press timeout = 400
03-09 05:02:36.439 1537 1647 I InputClassifier: Enabling motion classifier
03-09 05:02:36.439 2034 2034 D hw-ProcessState: Binder ioctl to enable oneway spam detection failed: Invalid argument
03-09 05:02:36.439 1537 1955 W BestClock: java.time.DateTimeException: Missing NTP fix
03-09 05:02:36.440 509 509 I hwservicemanager: getTransport: Cannot find entry android.hardware.input.classifier@1.0::IInputClassifier/default in either framework or device VINTF manifest.
03-09 05:02:36.440 1537 2221 I InputClassifier: Could not obtain InputClassifier HAL
03-09 05:02:36.440 2034 2216 I BluetoothBondStateMachine: StableState(): Entering Off State
03-09 05:02:36.440 1537 1955 W BestClock: java.time.DateTimeException: Missing NTP fix
03-09 05:02:36.440 1537 1955 W BestClock: java.time.DateTimeException: Missing NTP fix
03-09 05:02:36.440 821 821 I vendor.qti.hardware.btconfigstore@2.0-BTConfigStore: getVendorProperties:: Bluetooth soc type set to: hastings, ret: 8
03-09 05:02:36.440 821 821 I vendor.qti.hardware.btconfigstore@2.0-BTConfigStore: getVendorProperties:: persist.vendor.qcom.bluetooth.enable.splita2dp: true, ret: 4
03-09 05:02:36.440 821 821 I vendor.qti.hardware.btconfigstore@2.0-BTConfigStore: getVendorProperties:: persist.vendor.qcom.bluetooth.a2dp_offload_cap: sbc-aac, ret: 7
03-09 05:02:36.440 821 821 I vendor.qti.hardware.btconfigstore@2.0-BTConfigStore: getVendorProperties:: ro.vendor.bluetooth.wipower: false, ret: 5
03-09 05:02:36.440 821 821 I vendor.qti.hardware.btconfigstore@2.0-BTConfigStore: getVendorProperties:: persist.vendor.qcom.bluetooth.aac_frm_ctl.enabled: true, ret: 4
03-09 05:02:36.440 821 821 I vendor.qti.hardware.btconfigstore@2.0-BTConfigStore: getVendorProperties:: persist.vendor.qcom.bluetooth.enable.swb: true, ret: 4
03-09 05:02:36.440 821 821 I vendor.qti.hardware.btconfigstore@2.0-BTConfigStore: getVendorProperties:: persist.vendor.qcom.bluetooth.enable.swbpm: true, ret: 4
03-09 05:02:36.440 821 821 I vendor.qti.hardware.btconfigstore@2.0-BTConfigStore: getVendorProperties:: persist.vendor.qcom.bluetooth.a2dp_mcast_test.enabled: false, ret: 5
03-09 05:02:36.440 821 821 I vendor.qti.hardware.btconfigstore@2.0-BTConfigStore: getVendorProperties:: persist.vendor.qcom.bluetooth.twsp_state.enabled: false, ret: 5
03-09 05:02:36.440 821 821 I vendor.qti.hardware.btconfigstore@2.0-BTConfigStore: getVendorProperties:: persist.vendor.qcom.bluetooth.max_power_support: false, ret: 5
03-09 05:02:36.440 1537 1537 D ConditionProviders.SCP: onConnected
03-09 05:02:36.440 2034 2034 I bt_config_store: prop type: BT_PROP_SOC_TYPE, prop_value: hastings
03-09 05:02:36.440 2034 2034 I bt_config_store: prop type: BT_PROP_SPILT_A2DP, prop_value: true
03-09 05:02:36.440 2034 2034 I bt_config_store: prop type: BT_PROP_A2DP_OFFLOAD_CAP, prop_value: sbc-aac
03-09 05:02:36.440 2034 2034 I bt_config_store: prop type: BT_PROP_WIPOWER, prop_value: false
03-09 05:02:36.440 2034 2034 I bt_config_store: prop type: BT_PROP_AAC_FRAME_CTL, prop_value: true
03-09 05:02:36.440 2034 2034 I bt_config_store: not handled propType = 6
03-09 05:02:36.440 2034 2034 I bt_config_store: prop type: not handled, prop_value: true
03-09 05:02:36.440 2034 2034 I bt_config_store: not handled propType = 7
03-09 05:02:36.440 2034 2034 I bt_config_store: prop type: not handled, prop_value: true
03-09 05:02:36.440 2034 2034 I bt_config_store: not handled propType = 8
03-09 05:02:36.440 2034 2034 I bt_config_store: prop type: not handled, prop_value: false
03-09 05:02:36.440 2034 2034 I bt_config_store: not handled propType = 9
03-09 05:02:36.440 2034 2034 I bt_config_store: prop type: not handled, prop_value: false
03-09 05:02:36.440 2034 2034 I bt_config_store: not handled propType = 11
03-09 05:02:36.440 2034 2034 I bt_config_store: prop type: not handled, prop_value: false
03-09 05:02:36.440 2034 2034 I BluetoothVendorJni: initNative:: soc_name = hastings
03-09 05:02:36.440 2034 2034 I BluetoothVendorJni: initNative:: a2dp_offload_Cap = sbc-aac
03-09 05:02:36.440 2034 2034 I bt_btif : get_profile_interface: id = vendor
03-09 05:02:36.440 2034 2034 I bt_btif_vendor: init
03-09 05:02:36.440 2034 2034 I bt_btif_vendor: init done
03-09 05:02:36.440 2034 2034 D BluetoothVendorService: Qti Stack enabled status: true
03-09 05:02:36.440 2034 2034 I BluetoothVendorJni: getSocNameNative
03-09 05:02:36.440 2034 2034 D BluetoothVendorService: socName: hastings
03-09 05:02:36.440 2034 2034 I BluetoothVendorJni: getA2apOffloadCapabilityNative
03-09 05:02:36.440 2034 2034 D BluetoothVendorService: a2dpOffloadCap: sbc-aac
03-09 05:02:36.440 2034 2034 I BluetoothVendorJni: isSplitA2dpEnabledNative
03-09 05:02:36.441 2034 2034 D BluetoothVendorService: splitA2dpEnabled: true
03-09 05:02:36.441 2034 2034 I BluetoothVendorJni: isSwbEnabledNative
03-09 05:02:36.441 2034 2034 D BluetoothVendorService: isSwbEnabled: true
03-09 05:02:36.441 2034 2034 I BluetoothVendorJni: isSwbPmEnabledNative
03-09 05:02:36.441 2034 2034 D BluetoothVendorService: isSwbPmEnabled: true
03-09 05:02:36.441 2034 2034 I bt_btif : get_profile_interface: id = vendorSocket
03-09 05:02:36.441 1537 1537 I GameModeConfig: isGameModeOn = false
03-09 05:02:36.441 2034 2034 I AdapterProperties: init(), maxConnectedAudioDevices, default=5, propertyOverlayed=5, finalValue=5
03-09 05:02:36.441 1537 1537 D ConditionProviders: Subscribing to condition://android/event?userId=-10000&calendar=&reply=1 with ComponentInfo{android/com.android.server.notification.EventConditionProvider}
03-09 05:02:36.442 1537 1537 D ConditionProviders: Subscribing to condition://android/schedule?days=1.2.3.4.5.6.7&start=22.0&end=7.0&exitAtAlarm=true with ComponentInfo{android/com.android.server.notification.ScheduleConditionProvider}
03-09 05:02:36.442 677 677 D Zygote : Forked child process 2224
03-09 05:02:36.442 1537 1655 W ActivityManager: Slow operation: 117ms so far, now at startProcess: returned from zygote!
03-09 05:02:36.442 1537 1655 W ActivityManager: Slow operation: 117ms so far, now at startProcess: done updating battery stats
03-09 05:02:36.442 1537 1655 W ActivityManager: Slow operation: 117ms so far, now at startProcess: building log message
03-09 05:02:36.442 1537 1655 I ActivityManager: Start proc 2224:.dataservices/1001 for added application .dataservices
03-09 05:02:36.442 1537 1655 W ActivityManager: Slow operation: 117ms so far, now at startProcess: starting to update pids map
03-09 05:02:36.443 1537 1655 W ActivityManager: Slow operation: 117ms so far, now at startProcess: done updating pids map
03-09 05:02:36.443 1537 1655 W ActivityManager: Slow operation: 115ms so far, now at startProcess: asking zygote to start proc
03-09 05:02:36.443 2034 2034 D BluetoothAdapterService: onBind()
03-09 05:02:36.443 1537 1655 D CompatibilityChangeReporter: Compat change id reported: 143937733; UID 10054; state: DISABLED
03-09 05:02:36.446 911 1674 D PermissionCache: checking android.permission.ACCESS_SURFACE_FLINGER for uid=10078 => granted (814 us)
03-09 05:02:36.446 2034 2215 D BluetoothDatabase: compactLastConnectionTime: Compacting metadata after load
03-09 05:02:36.446 2034 2215 I BluetoothDatabase: cacheMetadata
03-09 05:02:36.446 2034 2215 V BluetoothDatabase: cacheMetadata: found device LocalStorage
03-09 05:02:36.446 2034 2215 V BluetoothDatabase: cacheMetadata: Database is ready
03-09 05:02:36.447 1537 1537 D CompatibilityChangeReporter: Compat change id reported: 135634846; UID 10092; state: DISABLED
03-09 05:02:36.447 1537 1537 D CompatibilityChangeReporter: Compat change id reported: 177438394; UID 10092; state: DISABLED
03-09 05:02:36.447 1537 1537 D CompatibilityChangeReporter: Compat change id reported: 135772972; UID 10092; state: DISABLED
03-09 05:02:36.447 1537 1537 D CompatibilityChangeReporter: Compat change id reported: 135754954; UID 10092; state: ENABLED
03-09 05:02:36.447 2194 2194 D CompatibilityChangeReporter: Compat change id reported: 171979766; UID 1000; state: ENABLED
03-09 05:02:36.448 1537 1537 I GameModeConfig: isGameModeOn = false
03-09 05:02:36.450 677 677 D Zygote : Forked child process 2237
03-09 05:02:36.450 1537 1655 W ActivityManager: Slow operation: 123ms so far, now at startProcess: returned from zygote!
03-09 05:02:36.450 1537 1655 W ActivityManager: Slow operation: 123ms so far, now at startProcess: done updating battery stats
03-09 05:02:36.450 1537 1655 W ActivityManager: Slow operation: 123ms so far, now at startProcess: building log message
03-09 05:02:36.450 1537 1655 I ActivityManager: Start proc 2237:.qtidataservices/u0a54 for added application .qtidataservices
03-09 05:02:36.450 1537 1655 W ActivityManager: Slow operation: 123ms so far, now at startProcess: starting to update pids map
03-09 05:02:36.450 1537 1655 W ActivityManager: Slow operation: 123ms so far, now at startProcess: done updating pids map
03-09 05:02:36.451 678 678 W Zygote : forkRepeatedly terminated due to non-simple command
03-09 05:02:36.451 1537 1655 W ActivityManager: Slow operation: 122ms so far, now at startProcess: asking zygote to start proc
03-09 05:02:36.451 678 678 D Zygote : mbuffer starts with 14, nice name is webview_zygote, mEnd = 411, mNext = 159, mLinesLeft = 6, mFd = 8
01-01 08:00:12.664 0 0 I binder : 2214:2214 ioctl 40046210 7ff4f779d4 returned -22
03-09 05:02:36.451 2214 2214 D ProcessState: Binder ioctl to enable oneway spam detection failed: Invalid argument
03-09 05:02:36.453 1160 1170 I adbd : jdwp connection from 2214
03-09 05:02:36.454 1537 1572 D CompatibilityChangeReporter: Compat change id reported: 168419799; UID 1000; state: DISABLED
03-09 05:02:36.454 1537 1572 D CompatibilityInfo: mCompatibilityFlags - 4
03-09 05:02:36.454 1537 1572 D CompatibilityInfo: applicationDensity - 240
03-09 05:02:36.454 1537 1572 D CompatibilityInfo: applicationScale - 1.0
03-09 05:02:36.455 2158 2158 I Perf : Connecting to perf service.
03-09 05:02:36.455 2224 2224 I Zygote : seccomp disabled by setenforce 0
03-09 05:02:36.455 2101 2101 I WebViewLoader-: System.exit called, status: 0
03-09 05:02:36.455 2101 2101 I AndroidRuntime: VM exiting with result code 0, cleanup skipped.
03-09 05:02:36.457 2214 2214 D CompatibilityChangeReporter: Compat change id reported: 171979766; UID 1000; state: ENABLED
03-09 05:02:36.461 2158 2158 V GraphicsEnvironment: ANGLE Developer option for 'com.thundercomm.gamemode' set to: 'default'
03-09 05:02:36.461 2158 2158 V GraphicsEnvironment: ANGLE GameManagerService for com.thundercomm.gamemode: false
03-09 05:02:36.462 2158 2158 D NetworkSecurityConfig: No Network Security Config specified, using platform default
03-09 05:02:36.462 2158 2158 D NetworkSecurityConfig: No Network Security Config specified, using platform default
03-09 05:02:36.464 2194 2194 I Perf : Connecting to perf service.
03-09 05:02:36.466 1537 1710 E NativeTombstoneManager: Tombstone's UID (0) not an app, ignoring
03-09 05:02:36.466 2237 2237 I Zygote : seccomp disabled by setenforce 0
03-09 05:02:36.467 1537 1710 I DropBoxManagerService: add tag=SYSTEM_TOMBSTONE_PROTO isTagEnabled=true flags=0x4
03-09 05:02:36.467 678 678 D Zygote : Forked child process 2254
01-01 08:00:12.683 0 0 E init : Control message: Could not find 'vendor.qti.hardware.iop@2.0::IIop/default' for ctl.interface_start from pid: 509 (/system/bin/hwservicemanager)
03-09 05:02:36.468 2194 2194 V GraphicsEnvironment: ANGLE Developer option for 'com.thundercomm.microservice' set to: 'default'
03-09 05:02:36.468 2194 2194 V GraphicsEnvironment: ANGLE GameManagerService for com.thundercomm.microservice: false
03-09 05:02:36.469 2237 2237 I libc : SetHeapTaggingLevel: tag level set to 0
03-09 05:02:36.469 2194 2194 D NetworkSecurityConfig: No Network Security Config specified, using platform default
03-09 05:02:36.469 2194 2194 D NetworkSecurityConfig: No Network Security Config specified, using platform default
03-09 05:02:36.470 509 509 I hwservicemanager: Since vendor.qti.hardware.iop@2.0::IIop/default is not registered, trying to start it as a lazy HAL.
03-09 05:02:36.470 1224 1224 E ANDR-IOP: IIop:: Iop HAL Service is not available.
03-09 05:02:36.471 509 2261 W libc : Unable to set property "ctl.interface_start" to "vendor.qti.hardware.iop@2.0::IIop/default": error code: 0x20
03-09 05:02:36.471 509 2261 I hwservicemanager: Tried to start vendor.qti.hardware.iop@2.0::IIop/default as a lazy service, but was unable to. Usually this happens when a service is not installed, but if the service is intended to be used as a lazy service, then it may be configured incorrectly.
03-09 05:02:36.471 2194 2194 I MicroService: MicroService onCreate...
03-09 05:02:36.470 2254 2254 I Zygote : seccomp disabled by setenforce 0
03-09 05:02:36.472 2194 2194 I MicroService: Start sub module services ...
03-09 05:02:36.472 1537 1932 D CompatibilityInfo: mCompatibilityFlags - 4
03-09 05:02:36.473 1537 1932 D CompatibilityInfo: applicationDensity - 240
03-09 05:02:36.473 1537 1932 D CompatibilityInfo: applicationScale - 1.0
03-09 05:02:36.474 1160 1170 I adbd : jdwp connection from 2224
03-09 05:02:36.474 2194 2194 I MicroService: Start SettingsService service ...
03-09 05:02:36.474 2194 2194 I MicroService: Start MicroService service...
03-09 05:02:36.474 2194 2194 D MicroService: start Ap Ip Listener
01-01 08:00:12.687 0 0 I binder : 2224:2224 ioctl 40046210 7ff4f779d4 returned -22
03-09 05:02:36.475 2224 2224 D ProcessState: Binder ioctl to enable oneway spam detection failed: Invalid argument
03-09 05:02:36.477 2194 2194 D MicroService: initConnection
03-09 05:02:36.477 2194 2279 D MicroService: start reader thread, mServerIp = 192.168.4.16, mServerPort = 9999
03-09 05:02:36.477 2194 2194 D MicroService: handShark
03-09 05:02:36.477 2254 2254 I WebViewZygoteInit: Starting WebViewZygoteInit
03-09 05:02:36.477 2194 2281 D MicroService: run: called
03-09 05:02:36.477 2254 2254 I Zygote : seccomp disabled by setenforce 0
03-09 05:02:36.478 1537 1932 I ActivityManager: Process WebViewLoader-armeabi-v7a (pid 2101) has died: psvc PER
03-09 05:02:36.478 1537 1656 I libprocessgroup: Successfully killed process cgroup uid 1037 pid 2101 in 0ms
03-09 05:02:36.478 678 2255 I Zygote : Process 2101 exited cleanly (0)
03-09 05:02:36.478 2194 2281 D MicroService: getEvent: start waiting...
03-09 05:02:36.479 1537 2193 D CompatibilityChangeReporter: Compat change id reported: 171306433; UID 1000; state: ENABLED
03-09 05:02:36.479 509 509 I hwservicemanager: Since vendor.qti.hardware.iop@2.0::IIop/default is not registered, trying to start it as a lazy HAL.
03-09 05:02:36.479 1224 1224 E ANDR-IOP: IIop:: Iop HAL Service is not available.
03-09 05:02:36.480 509 2287 W libc : Unable to set property "ctl.interface_start" to "vendor.qti.hardware.iop@2.0::IIop/default": error code: 0x20
03-09 05:02:36.480 509 509 I hwservicemanager: Since vendor.qti.hardware.iop@2.0::IIop/default is not registered, trying to start it as a lazy HAL.
03-09 05:02:36.480 509 2287 I hwservicemanager: Tried to start vendor.qti.hardware.iop@2.0::IIop/default as a lazy service, but was unable to. Usually this happens when a service is not installed, but if the service is intended to be used as a lazy service, then it may be configured incorrectly.
03-09 05:02:36.480 509 2290 W libc : Unable to set property "ctl.interface_start" to "vendor.qti.hardware.iop@2.0::IIop/default": error code: 0x20
03-09 05:02:36.480 509 2290 I hwservicemanager: Tried to start vendor.qti.hardware.iop@2.0::IIop/default as a lazy service, but was unable to. Usually this happens when a service is not installed, but if the service is intended to be used as a lazy service, then it may be configured incorrectly.
03-09 05:02:36.481 2194 2280 D MicroService: send handshake message, currentTryAccount=1
03-09 05:02:36.481 2158 2158 D FgBoostPerfService: FgBoostPerfService onCreate!
03-09 05:02:36.483 2254 2254 I WebViewZygoteInit: Beginning application preload for com.android.webview
03-09 05:02:36.485 1537 1573 D CompatibilityChangeReporter: Compat change id reported: 168419799; UID 1001; state: DISABLED
03-09 05:02:36.485 1537 1573 D CompatibilityInfo: mCompatibilityFlags - 4
03-09 05:02:36.485 1537 1573 D CompatibilityInfo: applicationDensity - 240
03-09 05:02:36.485 1537 1573 D CompatibilityInfo: applicationScale - 1.0
03-09 05:02:36.485 2214 2214 I Perf : Connecting to perf service.
03-09 05:02:36.485 2254 2254 D nativeloader: classloader namespace configured for unbundled product apk. library_path=/product/app/webview/lib/arm:/product/app/webview/webview.apk!/lib/armeabi-v7a:/product/lib:/system/product/lib
03-09 05:02:36.486 2158 2158 D GameModeIF_GameModeSettings: getUriFor setting_content_uri_root = content://com.thundercomm.gamemode.api/gamemode_settings , name = gamemode_enable
03-09 05:02:36.486 2158 2158 D GameModeIF_GameModeSettings: getUriFor setting_content_uri_root = content://com.thundercomm.gamemode.api/gamemode_settings , name = gamemode_dnd_voice
03-09 05:02:36.486 2158 2158 D GameModeIF_GameModeSettings: getUriFor setting_content_uri_root = content://com.thundercomm.gamemode.api/gamemode_settings , name = gamemode_dnd_notification
03-09 05:02:36.486 2158 2158 D GameModeIF_GameModeSettings: getUriFor setting_content_uri_root = content://com.thundercomm.gamemode.api/gamemode_settings , name = gamemode_gpu_standard_enable
03-09 05:02:36.486 2158 2158 D GameModeIF_GameModeSettings: getUriFor setting_content_uri_root = content://com.thundercomm.gamemode.api/gamemode_settings , name = gamemode_gpu_standard_value
03-09 05:02:36.486 2158 2158 D GameModeIF_GameModeSettings: getUriFor setting_content_uri_root = content://com.thundercomm.gamemode.api/gamemode_settings , name = gamemode_gpu_custom_enable
03-09 05:02:36.486 2158 2158 D GameModeIF_GameModeSettings: getUriFor setting_content_uri_root = content://com.thundercomm.gamemode.api/gamemode_settings , name = gamemode_gpu_custom_fps
03-09 05:02:36.486 2158 2158 D GameModeIF_GameModeSettings: getUriFor setting_content_uri_root = content://com.thundercomm.gamemode.api/gamemode_settings , name = gamemode_gpu_custom_dpi
03-09 05:02:36.486 2158 2158 D GameModeIF_GameModeSettings: getUriFor setting_content_uri_root = content://com.thundercomm.gamemode.api/gamemode_settings , name = gamemode_gpu_custom_aliasing
03-09 05:02:36.486 2158 2158 D GameModeIF_GameModeSettings: getUriFor setting_content_uri_root = content://com.thundercomm.gamemode.api/gamemode_settings , name = gamemode_isgaming
03-09 05:02:36.486 2158 2158 D GameModeIF_GameModeSettings: getUriFor setting_content_uri_root = content://com.thundercomm.gamemode.api/gamemode_settings , name = gamemode_bulletscreen
03-09 05:02:36.487 1160 1170 I adbd : jdwp connection from 2237
03-09 05:02:36.487 2158 2158 D GameModeIF_GameModeSettings: getUriFor setting_content_uri_root = content://com.thundercomm.gamemode.api/gamemode_settings , name = gamemode_enable
03-09 05:02:36.489 677 677 D Zygote : Forked child process 2297
03-09 05:02:36.489 1537 1655 W ActivityManager: Slow operation: 160ms so far, now at startProcess: returned from zygote!
03-09 05:02:36.491 1537 1573 D CompatibilityChangeReporter: Compat change id reported: 168419799; UID 1001; state: DISABLED
03-09 05:02:36.491 1537 1573 D CompatibilityInfo: mCompatibilityFlags - 4
03-09 05:02:36.491 1537 1573 D CompatibilityInfo: applicationDensity - 240
03-09 05:02:36.491 1537 1573 D CompatibilityInfo: applicationScale - 1.0
01-01 08:00:12.704 0 0 I binder : 2237:2237 ioctl 40046210 7ff4f779d4 returned -22
03-09 05:02:36.492 2237 2237 D ProcessState: Binder ioctl to enable oneway spam detection failed: Invalid argument
03-09 05:02:36.492 2214 2214 V GraphicsEnvironment: ANGLE Developer option for 'com.thundercomm.microsettings' set to: 'default'
03-09 05:02:36.493 2214 2214 V GraphicsEnvironment: ANGLE GameManagerService for com.thundercomm.microsettings: false
03-09 05:02:36.493 2224 2224 D CompatibilityChangeReporter: Compat change id reported: 171979766; UID 1001; state: DISABLED
03-09 05:02:36.494 1537 1932 D CompatibilityChangeReporter: Compat change id reported: 135634846; UID 10064; state: DISABLED
03-09 05:02:36.494 1537 1932 D CompatibilityChangeReporter: Compat change id reported: 177438394; UID 10064; state: DISABLED
03-09 05:02:36.495 1537 1932 D CompatibilityChangeReporter: Compat change id reported: 135772972; UID 10064; state: DISABLED
03-09 05:02:36.495 1537 1932 D CompatibilityChangeReporter: Compat change id reported: 135754954; UID 10064; state: ENABLED
03-09 05:02:36.495 2214 2214 D NetworkSecurityConfig: No Network Security Config specified, using platform default
03-09 05:02:36.495 2214 2214 D NetworkSecurityConfig: No Network Security Config specified, using platform default
03-09 05:02:36.497 2214 2214 D MicroSettings: SettingsApplication: hookWebView:
03-09 05:02:36.499 2297 2297 I Zygote : seccomp disabled by setenforce 0
03-09 05:02:36.499 1537 1710 E NativeTombstoneManager: Tombstone's UID (0) not an app, ignoring
03-09 05:02:36.500 1537 1710 I DropBoxManagerService: add tag=SYSTEM_TOMBSTONE_PROTO isTagEnabled=true flags=0x4
03-09 05:02:36.501 1537 1655 W ActivityManager: Slow operation: 172ms so far, now at startProcess: done updating battery stats
03-09 05:02:36.501 1537 1655 W ActivityManager: Slow operation: 172ms so far, now at startProcess: building log message
03-09 05:02:36.501 1537 1655 I ActivityManager: Start proc 2297:com.thundercomm.tchttpserver/1000 for added application com.thundercomm.tchttpserver
03-09 05:02:36.501 1537 1655 W ActivityManager: Slow operation: 172ms so far, now at startProcess: starting to update pids map
03-09 05:02:36.501 1537 1655 W ActivityManager: Slow operation: 172ms so far, now at startProcess: done updating pids map
03-09 05:02:36.501 1537 1655 W ActivityManager: Slow operation: 171ms so far, now at startProcess: asking zygote to start proc
03-09 05:02:36.501 1537 1932 D CompatibilityChangeReporter: Compat change id reported: 168419799; UID 10054; state: DISABLED
03-09 05:02:36.501 1537 1932 D CompatibilityInfo: mCompatibilityFlags - 4
03-09 05:02:36.501 1537 1932 D CompatibilityInfo: applicationDensity - 240
03-09 05:02:36.502 1537 1932 D CompatibilityInfo: applicationScale - 1.0
03-09 05:02:36.504 2214 2214 I WebViewFactory: Loading com.android.webview version 95.0.4638.74 (code 463807403)
03-09 05:02:36.504 2237 2237 D CompatibilityChangeReporter: Compat change id reported: 171979766; UID 10054; state: DISABLED
03-09 05:02:36.505 677 677 D Zygote : Forked child process 2304
03-09 05:02:36.505 1537 1655 W ActivityManager: Slow operation: 175ms so far, now at startProcess: returned from zygote!
03-09 05:02:36.506 1537 1655 W ActivityManager: Slow operation: 175ms so far, now at startProcess: done updating battery stats
03-09 05:02:36.506 1537 1655 W ActivityManager: Slow operation: 175ms so far, now at startProcess: building log message
03-09 05:02:36.506 1537 1655 I ActivityManager: Start proc 2304:com.tc.logclient/1000 for added application com.tc.logclient
03-09 05:02:36.506 1537 1655 W ActivityManager: Slow operation: 175ms so far, now at startProcess: starting to update pids map
03-09 05:02:36.506 1537 1655 W ActivityManager: Slow operation: 175ms so far, now at startProcess: done updating pids map
03-09 05:02:36.506 1537 1655 W ActivityManager: Slow operation: 175ms so far, now at startProcess: asking zygote to start proc
03-09 05:02:36.506 2237 2237 D ApplicationLoaders: Returning zygote-cached class loader: /system/framework/android.test.base.jar
03-09 05:02:36.508 2214 2214 D nativeloader: classloader namespace configured for unbundled product apk. library_path=/product/app/webview/lib/arm64:/product/app/webview/webview.apk!/lib/arm64-v8a:/product/lib64:/system/product/lib64
03-09 05:02:36.510 1537 1537 D NetworkSecurityConfig: No Network Security Config specified, using platform default
03-09 05:02:36.510 1537 1537 D NetworkSecurityConfig: No Network Security Config specified, using platform default
03-09 05:02:36.511 2237 2237 D nativeloader: classloader namespace configured for unbundled vendor apk. library_path=/vendor/app/CACertService/lib/arm64:/vendor/lib64
03-09 05:02:36.511 677 677 D Zygote : Forked child process 2306
03-09 05:02:36.511 1537 1655 W ActivityManager: Slow operation: 181ms so far, now at startProcess: returned from zygote!
03-09 05:02:36.512 1537 1655 W ActivityManager: Slow operation: 181ms so far, now at startProcess: done updating battery stats
03-09 05:02:36.512 1537 1655 W ActivityManager: Slow operation: 181ms so far, now at startProcess: building log message
03-09 05:02:36.512 1537 1655 I ActivityManager: Start proc 2306:com.android.networkstack.process/1073 for added application com.android.networkstack.process
03-09 05:02:36.512 1537 1655 W ActivityManager: Slow operation: 181ms so far, now at startProcess: starting to update pids map
03-09 05:02:36.512 1537 1655 W ActivityManager: Slow operation: 181ms so far, now at startProcess: done updating pids map
03-09 05:02:36.512 1537 1655 W ActivityManager: Slow operation: 180ms so far, now at startProcess: asking zygote to start proc
03-09 05:02:36.513 1537 1537 I PackageWatchdog: Syncing health check requests for packages: {}
03-09 05:02:36.513 1537 1537 I ExplicitHealthCheckController: Service not ready to get health check supported packages. Binding...
03-09 05:02:36.514 1537 1537 I ExplicitHealthCheckController: Explicit health check service is bound
03-09 05:02:36.516 2224 2224 I Perf : Connecting to perf service.
03-09 05:02:36.517 677 677 D Zygote : Forked child process 2308
03-09 05:02:36.517 1537 1655 W ActivityManager: Slow operation: 186ms so far, now at startProcess: returned from zygote!
03-09 05:02:36.517 1537 1655 W ActivityManager: Slow operation: 186ms so far, now at startProcess: done updating battery stats
03-09 05:02:36.517 1537 1655 W ActivityManager: Slow operation: 186ms so far, now at startProcess: building log message
03-09 05:02:36.517 1537 1655 I ActivityManager: Start proc 2308:com.thundercomm.tcsetupwizard/1000 for added application com.thundercomm.tcsetupwizard
03-09 05:02:36.517 1537 1655 W ActivityManager: Slow operation: 186ms so far, now at startProcess: starting to update pids map
03-09 05:02:36.517 1537 1655 W ActivityManager: Slow operation: 186ms so far, now at startProcess: done updating pids map
03-09 05:02:36.517 1537 1655 W ActivityManager: Slow operation: 185ms so far, now at startProcess: asking zygote to start proc
03-09 05:02:36.518 2254 2254 I WebViewZygoteInit: Application preload done
03-09 05:02:36.520 2237 2237 I Perf : Connecting to perf service.
03-09 05:02:36.522 2304 2304 I Zygote : seccomp disabled by setenforce 0
03-09 05:02:36.522 2308 2308 I Zygote : seccomp disabled by setenforce 0
03-09 05:02:36.524 1537 1537 D NetworkSecurityConfig: No Network Security Config specified, using platform default
03-09 05:02:36.524 2237 2237 V GraphicsEnvironment: ANGLE Developer option for 'vendor.qti.hardware.cacert.server' set to: 'default'
03-09 05:02:36.525 2237 2237 V GraphicsEnvironment: ANGLE GameManagerService for vendor.qti.hardware.cacert.server: false
03-09 05:02:36.526 2237 2237 D NetworkSecurityConfig: No Network Security Config specified, using platform default
03-09 05:02:36.526 2237 2237 D NetworkSecurityConfig: No Network Security Config specified, using platform default
03-09 05:02:36.526 2224 2224 V GraphicsEnvironment: ANGLE Developer option for 'com.qualcomm.qti.uceShimService' set to: 'default'
03-09 05:02:36.526 2051 2051 W OneHandedController: Device doesn't support OneHanded feature
03-09 05:02:36.526 2224 2224 V GraphicsEnvironment: ANGLE GameManagerService for com.qualcomm.qti.uceShimService: false
01-01 08:00:12.740 0 0 I binder : 2297:2297 ioctl 40046210 7ff4f779d4 returned -22
03-09 05:02:36.527 509 509 I hwservicemanager: Since vendor.qti.hardware.iop@2.0::IIop/default is not registered, trying to start it as a lazy HAL.
03-09 05:02:36.527 2297 2297 D ProcessState: Binder ioctl to enable oneway spam detection failed: Invalid argument
03-09 05:02:36.527 1224 1224 E ANDR-IOP: IIop:: Iop HAL Service is not available.
03-09 05:02:36.528 677 677 D Zygote : Forked child process 2323
03-09 05:02:36.528 1537 1644 I ServiceWatcher: [fused] connected to {com.android.location.fused/com.android.location.fused.FusedLocationService}
03-09 05:02:36.528 1537 1655 W ActivityManager: Slow operation: 196ms so far, now at startProcess: returned from zygote!
03-09 05:02:36.528 1537 1655 W ActivityManager: Slow operation: 196ms so far, now at startProcess: done updating battery stats
03-09 05:02:36.528 1537 1655 W ActivityManager: Slow operation: 196ms so far, now at startProcess: building log message
03-09 05:02:36.528 1537 1655 I ActivityManager: Start proc 2323:vendor.qti.qesdk.sysservice/1000 for added application vendor.qti.qesdk.sysservice
03-09 05:02:36.528 1537 1655 W ActivityManager: Slow operation: 196ms so far, now at startProcess: starting to update pids map
03-09 05:02:36.529 1537 1655 W ActivityManager: Slow operation: 196ms so far, now at startProcess: done updating pids map
03-09 05:02:36.529 1537 1655 W ActivityManager: Slow operation: 196ms so far, now at startProcess: asking zygote to start proc
03-09 05:02:36.529 1537 1655 D CompatibilityChangeReporter: Compat change id reported: 143937733; UID 10083; state: DISABLED
03-09 05:02:36.529 1160 1170 I adbd : jdwp connection from 2297
03-09 05:02:36.529 2224 2224 D NetworkSecurityConfig: No Network Security Config specified, using platform default
03-09 05:02:36.529 2224 2224 D NetworkSecurityConfig: No Network Security Config specified, using platform default
03-09 05:02:36.530 2306 2306 I Zygote : seccomp disabled by setenforce 0
03-09 05:02:36.530 509 509 I hwservicemanager: Since vendor.qti.hardware.iop@2.0::IIop/default is not registered, trying to start it as a lazy HAL.
03-09 05:02:36.530 1224 1224 E ANDR-IOP: IIop:: Iop HAL Service is not available.
03-09 05:02:36.531 1537 1537 E WiredAccessoryManager: No state change.
03-09 05:02:36.531 2214 2214 D MicroSettings: SettingsApplication: Throwable
03-09 05:02:36.532 2214 2214 D MicroSettings: SettingsApplication: SettingsApplication onCreate
03-09 05:02:36.532 2214 2214 W ContextImpl: Calling a method in the system process without a qualified user: android.app.ContextImpl.startService:1816 android.content.ContextWrapper.startService:774 com.thundercomm.microsettings.service.SettingsApplication.onCreate:30 android.app.Instrumentation.callApplicationOnCreate:1212 android.app.ActivityThread.handleBindApplication:6744
03-09 05:02:36.532 1537 1932 W ActivityManager: Unable to start service Intent { act=com.thundercomm.microsettings.SETTING_SERVICE pkg=com.thundercomm.microsettings } U=0: not found
03-09 05:02:36.532 2214 2214 D MicroSettings: SettingsApplication: Setting Service is start
03-09 05:02:36.533 2214 2214 W ContextImpl: Calling a method in the system process without a qualified user: android.app.ContextImpl.startService:1816 android.content.ContextWrapper.startService:774 com.thundercomm.microsettings.service.SettingsApplication.onCreate:36 android.app.Instrumentation.callApplicationOnCreate:1212 android.app.ActivityThread.handleBindApplication:6744
03-09 05:02:36.534 1537 1572 D CompatibilityChangeReporter: Compat change id reported: 168419799; UID 1000; state: DISABLED
03-09 05:02:36.534 1537 1572 D CompatibilityInfo: mCompatibilityFlags - 4
03-09 05:02:36.534 1537 1572 D CompatibilityInfo: applicationDensity - 240
03-09 05:02:36.534 1537 1572 D CompatibilityInfo: applicationScale - 1.0
03-09 05:02:36.534 677 677 D Zygote : Forked child process 2326
03-09 05:02:36.534 1537 1655 W ActivityManager: Slow operation: 202ms so far, now at startProcess: returned from zygote!
03-09 05:02:36.534 509 2325 W libc : Unable to set property "ctl.interface_start" to "vendor.qti.hardware.iop@2.0::IIop/default": error code: 0x20
03-09 05:02:36.534 509 2325 I hwservicemanager: Tried to start vendor.qti.hardware.iop@2.0::IIop/default as a lazy service, but was unable to. Usually this happens when a service is not installed, but if the service is intended to be used as a lazy service, then it may be configured incorrectly.
03-09 05:02:36.534 509 2321 W libc : Unable to set property "ctl.interface_start" to "vendor.qti.hardware.iop@2.0::IIop/default": error code: 0x20
03-09 05:02:36.534 509 2321 I hwservicemanager: Tried to start vendor.qti.hardware.iop@2.0::IIop/default as a lazy service, but was unable to. Usually this happens when a service is not installed, but if the service is intended to be used as a lazy service, then it may be configured incorrectly.
03-09 05:02:36.535 1537 1932 W ActivityManager: Unable to start service Intent { act=com.thundercomm.microsettings.EOL_SERVICE pkg=com.thundercomm.microsettings } U=0: not found
03-09 05:02:36.535 2214 2214 D MicroSettings: SettingsApplication: EOL Service is start
03-09 05:02:36.536 1537 1655 W ActivityManager: Slow operation: 203ms so far, now at startProcess: done updating battery stats
03-09 05:02:36.536 1537 1655 W ActivityManager: Slow operation: 203ms so far, now at startProcess: building log message
03-09 05:02:36.536 1537 1655 I ActivityManager: Start proc 2326:com.qti.qualcomm.mstatssystemservice/u0a83 for added application com.qti.qualcomm.mstatssystemservice
03-09 05:02:36.536 1537 1655 W ActivityManager: Slow operation: 204ms so far, now at startProcess: starting to update pids map
03-09 05:02:36.536 1537 1655 W ActivityManager: Slow operation: 204ms so far, now at startProcess: done updating pids map
03-09 05:02:36.536 1537 1655 W ActivityManager: Slow operation: 203ms so far, now at startProcess: asking zygote to start proc
03-09 05:02:36.536 509 509 I hwservicemanager: Since vendor.qti.hardware.iop@2.0::IIop/default is not registered, trying to start it as a lazy HAL.
03-09 05:02:36.537 1224 1224 E ANDR-IOP: IIop:: Iop HAL Service is not available.
03-09 05:02:36.537 2326 2326 I Zygote : seccomp disabled by setenforce 0
01-01 08:00:12.751 0 0 I binder : 2308:2308 ioctl 40046210 7ff4f779d4 returned -22
03-09 05:02:36.537 2326 2326 I libc : SetHeapTaggingLevel: tag level set to 0
03-09 05:02:36.537 2297 2297 D CompatibilityChangeReporter: Compat change id reported: 171979766; UID 1000; state: ENABLED
03-09 05:02:36.538 2323 2323 I Zygote : seccomp disabled by setenforce 0
03-09 05:02:36.538 2308 2308 D ProcessState: Binder ioctl to enable oneway spam detection failed: Invalid argument
01-01 08:00:12.753 0 0 I binder : 2304:2304 ioctl 40046210 7ff4f779d4 returned -22
