03-09 05:02:37.856 1537 1655 W ActivityManager: Slow operation: 112ms so far, now at startProcess: starting to update pids map
03-09 05:02:37.856 1537 1655 W ActivityManager: Slow operation: 113ms so far, now at startProcess: done updating pids map
03-09 05:02:37.856 1537 1655 W ActivityManager: Slow operation: 106ms so far, now at startProcess: asking zygote to start proc
03-09 05:02:37.856 1224 1224 E ANDR-IOP: IIop:: Iop HAL Service is not available.
03-09 05:02:37.856 1537 1655 D CompatibilityChangeReporter: Compat change id reported: 143937733; UID 10091; state: ENABLED
03-09 05:02:37.859 2731 2731 I init.qcom.post_: type=1400 audit(0.0:1022): avc: denied { add_name } for name="store_user" scontext=u:r:vendor_qti_init_shell:s0 tcontext=u:object_r:sysfs:s0 tclass=dir permissive=1
03-09 05:02:37.859 2731 2731 I init.qcom.post_: type=1400 audit(0.0:1023): avc: denied { create } for name="store_user" scontext=u:r:vendor_qti_init_shell:s0 tcontext=u:object_r:sysfs:s0 tclass=file permissive=1
01-01 08:00:14.074 0 0 I zram0 : detected capacity change from 0 to 4294967296
03-09 05:02:37.863 2922 2922 I Perf : Connecting to perf service.
03-09 05:02:37.867 509 2982 W libc : Unable to set property "ctl.interface_start" to "vendor.qti.hardware.iop@2.0::IIop/default": error code: 0x20
03-09 05:02:37.867 509 2982 I hwservicemanager: Tried to start vendor.qti.hardware.iop@2.0::IIop/default as a lazy service, but was unable to. Usually this happens when a service is not installed, but if the service is intended to be used as a lazy service, then it may be configured incorrectly.
03-09 05:02:37.867 2980 2980 I Zygote : seccomp disabled by setenforce 0
03-09 05:02:37.868 509 2978 W libc : Unable to set property "ctl.interface_start" to "vendor.qti.hardware.iop@2.0::IIop/default": error code: 0x20
03-09 05:02:37.868 2977 2977 I Zygote : seccomp disabled by setenforce 0
03-09 05:02:37.868 509 2978 I hwservicemanager: Tried to start vendor.qti.hardware.iop@2.0::IIop/default as a lazy service, but was unable to. Usually this happens when a service is not installed, but if the service is intended to be used as a lazy service, then it may be configured incorrectly.
03-09 05:02:37.869 2947 2947 I Perf : Connecting to perf service.
03-09 05:02:37.870 1537 1568 W System : A resource failed to call close.
03-09 05:02:37.870 1537 1568 W System : A resource failed to call close.
03-09 05:02:37.870 2900 2900 I Perf : Connecting to perf service.
03-09 05:02:37.871 2947 2947 V GraphicsEnvironment: ANGLE Developer option for 'com.qualcomm.qti.workloadclassifier' set to: 'default'
03-09 05:02:37.872 2947 2947 V GraphicsEnvironment: ANGLE GameManagerService for com.qualcomm.qti.workloadclassifier: false
03-09 05:02:37.872 509 509 I hwservicemanager: Since vendor.qti.hardware.iop@2.0::IIop/default is not registered, trying to start it as a lazy HAL.
03-09 05:02:37.872 1224 1224 E ANDR-IOP: IIop:: Iop HAL Service is not available.
03-09 05:02:37.872 2947 2947 D NetworkSecurityConfig: No Network Security Config specified, using platform default
03-09 05:02:37.872 2947 2947 D NetworkSecurityConfig: No Network Security Config specified, using platform default
03-09 05:02:37.873 1301 2735 D QSEECOMAPI: QSEECom_dealloc_memory
03-09 05:02:37.873 1301 2735 D QSEECOMAPI: QSEECom_shutdown_app, app_id = 7
03-09 05:02:37.873 509 509 I hwservicemanager: Since vendor.qti.hardware.iop@2.0::IIop/default is not registered, trying to start it as a lazy HAL.
03-09 05:02:37.873 2922 2922 V GraphicsEnvironment: ANGLE Developer option for 'com.qualcomm.qti.qccnetstat' set to: 'default'
03-09 05:02:37.874 1224 1224 E ANDR-IOP: IIop:: Iop HAL Service is not available.
03-09 05:02:37.874 2922 2922 V GraphicsEnvironment: ANGLE GameManagerService for com.qualcomm.qti.qccnetstat: false
03-09 05:02:37.875 2922 2922 D NetworkSecurityConfig: Using Network Security Config from resource network_security_config debugBuild: false
03-09 05:02:37.875 509 3002 W libc : Unable to set property "ctl.interface_start" to "vendor.qti.hardware.iop@2.0::IIop/default": error code: 0x20
03-09 05:02:37.875 509 3002 I hwservicemanager: Tried to start vendor.qti.hardware.iop@2.0::IIop/default as a lazy service, but was unable to. Usually this happens when a service is not installed, but if the service is intended to be used as a lazy service, then it may be configured incorrectly.
03-09 05:02:37.875 2980 2980 D ProcessState: Binder ioctl to enable oneway spam detection failed: Invalid argument
03-09 05:02:37.875 2922 2922 D NetworkSecurityConfig: Using Network Security Config from resource network_security_config debugBuild: false
01-01 08:00:14.087 0 0 I binder : 2980:2980 ioctl 40046210 7ff4f779d4 returned -22
03-09 05:02:37.877 2826 2866 I adbd : jdwp connection from 2980
03-09 05:02:37.877 2900 2900 V GraphicsEnvironment: ANGLE Developer option for 'com.qualcomm.qti.services.systemhelper' set to: 'default'
03-09 05:02:37.877 509 2994 W libc : Unable to set property "ctl.interface_start" to "vendor.qti.hardware.iop@2.0::IIop/default": error code: 0x20
03-09 05:02:37.877 509 2994 I hwservicemanager: Tried to start vendor.qti.hardware.iop@2.0::IIop/default as a lazy service, but was unable to. Usually this happens when a service is not installed, but if the service is intended to be used as a lazy service, then it may be configured incorrectly.
03-09 05:02:37.877 2900 2900 V GraphicsEnvironment: ANGLE GameManagerService for com.qualcomm.qti.services.systemhelper: false
03-09 05:02:37.878 1537 2145 D CompatibilityInfo: mCompatibilityFlags - 4
03-09 05:02:37.878 1537 2145 D CompatibilityInfo: applicationDensity - 240
03-09 05:02:37.878 1537 2145 D CompatibilityInfo: applicationScale - 1.0
03-09 05:02:37.878 2826 2866 I adbd : jdwp connection from 2977
03-09 05:02:37.878 677 677 D Zygote : Forked child process 3016
03-09 05:02:37.879 1537 1655 W ActivityManager: Slow operation: 128ms so far, now at startProcess: returned from zygote!
01-01 08:00:14.093 0 0 I binder : 2977:2977 ioctl 40046210 7ff4f779d4 returned -22
03-09 05:02:37.880 1537 2145 D CompatibilityInfo: mCompatibilityFlags - 4
03-09 05:02:37.880 1537 2145 D CompatibilityInfo: applicationDensity - 240
03-09 05:02:37.880 1537 2145 D CompatibilityInfo: applicationScale - 1.0
03-09 05:02:37.880 2977 2977 D ProcessState: Binder ioctl to enable oneway spam detection failed: Invalid argument
03-09 05:02:37.881 2922 2922 I QCC-Netstat: qccnetstat initiated
03-09 05:02:37.881 2900 2900 D NetworkSecurityConfig: No Network Security Config specified, using platform default
03-09 05:02:37.881 2900 2900 D NetworkSecurityConfig: No Network Security Config specified, using platform default
03-09 05:02:37.882 509 509 I hwservicemanager: Since vendor.qti.hardware.iop@2.0::IIop/default is not registered, trying to start it as a lazy HAL.
03-09 05:02:37.882 1537 1655 W ActivityManager: Slow operation: 132ms so far, now at startProcess: done updating battery stats
03-09 05:02:37.882 1537 1655 I Watchdog: Interesting Java process com.android.providers.media.module started. Pid 3016
03-09 05:02:37.882 1537 1655 W ActivityManager: Slow operation: 132ms so far, now at startProcess: building log message
03-09 05:02:37.882 1537 1655 I ActivityManager: Start proc 3016:com.android.providers.media.module/u0a91 for service {com.android.providers.media.module/com.android.providers.media.fuse.ExternalStorageServiceImpl}
03-09 05:02:37.882 1537 1655 W ActivityManager: Slow operation: 132ms so far, now at startProcess: starting to update pids map
03-09 05:02:37.883 1224 1224 E ANDR-IOP: IIop:: Iop HAL Service is not available.
03-09 05:02:37.883 1537 1655 W ActivityManager: Slow operation: 132ms so far, now at startProcess: done updating pids map
03-09 05:02:37.883 1537 1655 D CompatibilityChangeReporter: Compat change id reported: 143937733; UID 10032; state: ENABLED
03-09 05:02:37.883 2922 2922 D QCC-Netstats:native: JNI_OnLoad()
03-09 05:02:37.883 2922 2922 I QCC-NetstatCollector: Loaded libqcc_netstats.so
03-09 05:02:37.883 2922 2922 I QCC-NetstatCollector: init
03-09 05:02:37.883 2922 2922 D QCC-NetstatCollector: QCCNetstatCollectServerSocket()
03-09 05:02:37.884 2922 2922 D QCC-NetstatCollector: QCCNetstatCollectServerSocket() address qdma_app.qdma-netstat
03-09 05:02:37.884 2980 2980 D CompatibilityChangeReporter: Compat change id reported: 171979766; UID 1000; state: ENABLED
03-09 05:02:37.886 509 509 I hwservicemanager: Since vendor.qti.hardware.iop@2.0::IIop/default is not registered, trying to start it as a lazy HAL.
03-09 05:02:37.886 1224 1224 E ANDR-IOP: IIop:: Iop HAL Service is not available.
03-09 05:02:37.887 653 670 I mpu_uart: [MSG-P:RECV]:No message received in 1000 ms
03-09 05:02:37.888 509 509 I hwservicemanager: Since vendor.qti.hardware.iop@2.0::IIop/default is not registered, trying to start it as a lazy HAL.
03-09 05:02:37.889 2922 3021 D QCC-NetstatCollector: QCCNetstatCollectServerSocket recv thread start
03-09 05:02:37.889 509 3019 W libc : Unable to set property "ctl.interface_start" to "vendor.qti.hardware.iop@2.0::IIop/default": error code: 0x20
03-09 05:02:37.889 2922 3021 D QCC-NetstatCollector: QCCNetstatCollectServerSocket begins to accept()
03-09 05:02:37.890 509 3019 I hwservicemanager: Tried to start vendor.qti.hardware.iop@2.0::IIop/default as a lazy service, but was unable to. Usually this happens when a service is not installed, but if the service is intended to be used as a lazy service, then it may be configured incorrectly.
03-09 05:02:37.890 821 2594 D vendor.qti.bluetooth@1.0-patch_dl_manager: ReadHciEvent: Expected CC
03-09 05:02:37.890 821 2594 I vendor.qti.bluetooth@1.0-patch_dl_manager: GetAddOnFeatureList: param_len 13, cmd_status = 0
03-09 05:02:37.890 821 2594 I vendor.qti.bluetooth@1.0-patch_dl_manager: GetAddOnFeatureList: feat_mask_len 5 product_id = 16, rsp_version = 1
03-09 05:02:37.890 821 2594 I vendor.qti.bluetooth@1.0-patch_dl_manager: GetOTPBytesInfo: Sending HCI_VS_PERSIST_ACCESS_OTP_GET cmd
03-09 05:02:37.888 1537 2082 E ANDR-PERF-JNI: UXEngine Trigger - Returning null
03-09 05:02:37.890 821 2594 D vendor.qti.bluetooth@1.0-patch_dl_manager: ReadHciEvent: Expected CC
03-09 05:02:37.890 821 2594 E vendor.qti.bluetooth@1.0-patch_dl_manager: GetVsHciEvent: HCI_VS_PERSIST_ACCESS_OTP_GET cmd failed config_type: 0xa subopcode: 0x0 status: 0x12
03-09 05:02:37.890 821 2594 I vendor.qti.bluetooth@1.0-patch_dl_manager: EnableEnhControllerLog: disabled(0)
03-09 05:02:37.891 1537 2145 D CompatibilityChangeReporter: Compat change id reported: 168419799; UID 10074; state: DISABLED
03-09 05:02:37.891 1537 2145 D CompatibilityInfo: mCompatibilityFlags - 4
03-09 05:02:37.891 1537 2145 D CompatibilityInfo: applicationDensity - 240
03-09 05:02:37.891 1537 2145 D CompatibilityInfo: applicationScale - 1.0
03-09 05:02:37.891 821 2594 D vendor.qti.bluetooth@1.0-patch_dl_manager: ReadHciEvent: Expected CC
03-09 05:02:37.891 821 2594 I vendor.qti.bluetooth@1.0-patch_dl_manager: HciReset: HCI RESET
03-09 05:02:37.891 509 3023 W libc : Unable to set property "ctl.interface_start" to "vendor.qti.hardware.iop@2.0::IIop/default": error code: 0x20
03-09 05:02:37.891 509 3023 I hwservicemanager: Tried to start vendor.qti.hardware.iop@2.0::IIop/default as a lazy service, but was unable to. Usually this happens when a service is not installed, but if the service is intended to be used as a lazy service, then it may be configured incorrectly.
03-09 05:02:37.892 653 669 I mpu_uart: [MSG-P:R]:recv sync frame timeout
03-09 05:02:37.892 3016 3016 I Zygote : seccomp disabled by setenforce 0
03-09 05:02:37.893 2980 2980 I Perf : Connecting to perf service.
03-09 05:02:37.891 821 821 I bluetooth@1.0-s: type=1400 audit(0.0:1024): avc: denied { read write } for name="diag" dev="tmpfs" ino=2136 scontext=u:r:hal_bluetooth_default:s0 tcontext=u:object_r:vendor_diag_device:s0 tclass=chr_file permissive=1
03-09 05:02:37.891 821 821 I bluetooth@1.0-s: type=1400 audit(0.0:1025): avc: denied { open } for path="/dev/diag" dev="tmpfs" ino=2136 scontext=u:r:hal_bluetooth_default:s0 tcontext=u:object_r:vendor_diag_device:s0 tclass=chr_file permissive=1
01-01 08:00:14.112 0 0 W QSEECOM : __qseecom_unload_app: App (7) is unloaded
01-01 08:00:14.113 0 0 D qbt : qbt_release: entry minor_no=0 fd_available=0
01-01 08:00:14.113 0 0 D qbt : qbt_release: Releasing wakelock
01-01 08:00:14.113 0 0 D qbt : qbt_release: exit : fd_available=1
01-01 08:00:14.113 0 0 D qbt : qbt_release: entry minor_no=1 fd_available=1
01-01 08:00:14.113 0 0 D qbt : qbt_release: exit : fd_available=1
03-09 05:02:37.894 677 677 D Zygote : Forked child process 3027
03-09 05:02:37.894 1537 2145 D CompatibilityInfo: mCompatibilityFlags - 4
03-09 05:02:37.894 1537 2145 D CompatibilityInfo: applicationDensity - 240
03-09 05:02:37.894 1537 2145 D CompatibilityInfo: applicationScale - 1.0
03-09 05:02:37.895 1537 1655 I ActivityManager: Start proc 3027:com.android.traceur/u0a32 for broadcast {com.android.traceur/com.android.traceur.Receiver}
03-09 05:02:37.896 821 2594 D vendor.qti.bluetooth@1.0-patch_dl_manager: ReadCmdCmplEvent: Cmd Cmpl received for opcode c03
03-09 05:02:37.896 821 2594 D vendor.qti.bluetooth@1.0-uart_controller: add on features read true
03-09 05:02:37.898 2980 2980 V GraphicsEnvironment: ANGLE Developer option for 'com.android.provision' set to: 'default'
03-09 05:02:37.898 2980 2980 V GraphicsEnvironment: ANGLE GameManagerService for com.android.provision: false
03-09 05:02:37.899 509 3022 W libc : Unable to set property "ctl.interface_start" to "vendor.qti.hardware.iop@2.0::IIop/default": error code: 0x20
03-09 05:02:37.899 509 3022 I hwservicemanager: Tried to start vendor.qti.hardware.iop@2.0::IIop/default as a lazy service, but was unable to. Usually this happens when a service is not installed, but if the service is intended to be used as a lazy service, then it may be configured incorrectly.
03-09 05:02:37.899 2826 2866 I adbd : jdwp connection from 3016
03-09 05:02:37.899 2980 2980 D NetworkSecurityConfig: No Network Security Config specified, using platform default
03-09 05:02:37.899 2980 2980 D NetworkSecurityConfig: No Network Security Config specified, using platform default
03-09 05:02:37.900 1301 2735 E QFP : Dropping unsupported QBT command
03-09 05:02:37.900 1301 2735 I QFP : openFramework:QFP TZ VERSION: 3.0.3.39
03-09 05:02:37.900 1301 2735 E QFP : releaseWakelock: qbt sensor handle is invalid
03-09 05:02:37.900 1301 2735 E QFP : qfp_init failed -1
03-09 05:02:37.900 1301 2735 I QFP : QfpThreadOptimize::invoke: entry.
03-09 05:02:37.900 1301 2735 I QFP : QfpThreadOptimize::invoke: QFP not initialized, exiting Optimize thread
03-09 05:02:37.900 1301 2735 I QFP : QfpThreadErieEvent::invoke: entry.
03-09 05:02:37.900 1301 2735 I QFP : QfpThreadErieEvent::invoke: QFP not initialized, exiting ErieEvent thread
03-09 05:02:37.900 1301 1301 I QFP : notifyPowerState: 2
03-09 05:02:37.900 1301 1301 I QFP : notifyPowerState: 2
03-09 05:02:37.900 1301 1301 I QFP : notifyPowerState: screen state 2
03-09 05:02:37.900 1301 1301 E QFP : set active group call error -1
03-09 05:02:37.901 1537 1537 W Looper : Slow dispatch took 368ms main h=android.os.Handler c=com.android.server.biometrics.sensors.fingerprint.hidl.Fingerprint21$$ExternalSyntheticLambda2@1b9aea9 m=0
03-09 05:02:37.901 1537 1537 D BiometricScheduler/Fingerprint21: [Added] {[1] FingerprintUpdateActiveUserClient, proto=1, owner=android, cookie=0, requestId=-1, userId=0}, new queue size: 1
03-09 05:02:37.901 1537 1537 V BiometricScheduler/Fingerprint21: Not idle, current operation: {[0] FingerprintUpdateActiveUserClient, proto=1, owner=android, cookie=0, requestId=-1, userId=0}, State: 2
03-09 05:02:37.901 2977 2977 D CompatibilityChangeReporter: Compat change id reported: 171979766; UID 10074; state: DISABLED
01-01 08:00:14.114 0 0 E bt_ioctl: BT_CMD_PWR_CTRL pwr_cntrl:2
03-09 05:02:37.901 1537 1537 D BiometricScheduler/Fingerprint21: [Added] {[2] FingerprintInternalCleanupClient, proto=7, owner=android, cookie=0, requestId=-1, userId=0}, new queue size: 2
03-09 05:02:37.901 1537 1537 V BiometricScheduler/Fingerprint21: Not idle, current operation: {[0] FingerprintUpdateActiveUserClient, proto=1, owner=android, cookie=0, requestId=-1, userId=0}, State: 2
03-09 05:02:37.901 1537 1537 W Looper : Slow delivery took 368ms main h=android.os.Handler c=com.android.server.biometrics.sensors.fingerprint.hidl.Fingerprint21$$ExternalSyntheticLambda12@50863cf m=0
03-09 05:02:37.902 821 2594 I vendor.qti.bluetooth@1.0-diag_interface: Init: Init diag completed
03-09 05:02:37.902 821 2594 D vendor.qti.bluetooth@1.0-logger: Init: Registered Diag callbacks
03-09 05:02:37.902 821 2594 D vendor.qti.bluetooth@1.0-power_manager: SetPower: enable: 1
03-09 05:02:37.902 821 2594 E vendor.qti.bluetooth@1.0-power_manager:
03-09 05:02:37.902 821 2594 E vendor.qti.bluetooth@1.0-power_manager: PowerUpChip enable(1) retentionMode(1)
03-09 05:02:37.902 821 2594 D vendor.qti.bluetooth@1.0-uart_controller: Init succeded
03-09 05:02:37.902 821 2594 I vendor.qti.bluetooth@1.0-data_handler: SetHostAddOnFeatures: chip_ver: (0x400a020000100200), chip_ver_str: HASTINGS_VER_2_0
03-09 05:02:37.902 821 2594 I vendor.qti.bluetooth@1.0-data_handler: SetHostAddOnFeatures: before get_soc_info call
03-09 05:02:37.902 821 2594 I vendor.qti.bluetooth@1.0-data_handler: SetHostAddOnFeatures: after get_soc_info call
03-09 05:02:37.902 821 2594 W vendor.qti.bluetooth@1.0-data_handler: SetHostAddOnFeatures: failed to get soc info or feat not req for this chip
03-09 05:02:37.902 821 2594 D vendor.qti.bluetooth@1.0-data_handler: StopInitTimer: InitTimer Stopped
03-09 05:02:37.902 821 2594 D vendor.qti.bluetooth@1.0-data_handler: Firmware download succeded.
03-09 05:02:37.902 821 2594 I vendor.qti.bluetooth@1.0-bluetooth_hci: operator(): Set callbacks received from BT client inorder to provide status and data through them
03-09 05:02:37.902 2034 2585 I bt_hci : event_finish_startup
03-09 05:02:37.902 2034 2160 I bt_core_module: module_start_up Started module "hci_module"
03-09 05:02:37.902 509 509 I hwservicemanager: Since vendor.qti.hardware.iop@2.0::IIop/default is not registered, trying to start it as a lazy HAL.
03-09 05:02:37.902 2034 3044 I bt_osi_thread: run_thread: thread id 3044, thread name bt_workqueue started
03-09 05:02:37.903 1224 1224 E ANDR-IOP: IIop:: Iop HAL Service is not available.
03-09 05:02:37.903 2034 3044 I droid.bluetoot: [0309/050237.903074:INFO:btu_task.cc(107)] Bluetooth chip preload is complete
03-09 05:02:37.903 2034 3044 W bt_l2cap: L2CAP - L2CA_Register() called for PSM: 0x0001
03-09 05:02:37.903 3016 3016 D ProcessState: Binder ioctl to enable oneway spam detection failed: Invalid argument
03-09 05:02:37.903 2034 3044 W bt_l2cap: L2CAP - L2CA_Register() called for PSM: 0x001f
03-09 05:02:37.904 2034 3044 I droid.bluetoot: [0309/050237.904043:INFO:gatt_api.cc(1223)] GATT_Register 81818181-8181-8181-8181-818181818181
03-09 05:02:37.904 2034 3044 I droid.bluetoot: [0309/050237.904121:INFO:gatt_api.cc(1244)] allocated gatt_if=1
03-09 05:02:37.904 2034 3044 I droid.bluetoot: [0309/050237.904249:INFO:gatt_api.cc(166)] GATTS_AddService
03-09 05:02:37.904 2034 3044 I droid.bluetoot: [0309/050237.904296:INFO:gatt_api.cc(269)] GATTS_AddService: service parsed correctly, now starting
03-09 05:02:37.904 2034 3044 W bt_l2cap: L2CAP - L2CA_Register() called for PSM: 0x0003
03-09 05:02:37.904 2034 3044 I droid.bluetoot: [0309/050237.904503:INFO:gatt_api.cc(1223)] GATT_Register 82828282-8282-8282-8282-828282828282
03-09 05:02:37.904 2034 3044 I droid.bluetoot: [0309/050237.904556:INFO:gatt_api.cc(1244)] allocated gatt_if=2
03-09 05:02:37.904 2034 3044 I droid.bluetoot: [0309/050237.904591:INFO:gatt_api.cc(166)] GATTS_AddService
03-09 05:02:37.904 2034 3044 I droid.bluetoot: [0309/050237.904627:INFO:gatt_api.cc(269)] GATTS_AddService: service parsed correctly, now starting
03-09 05:02:37.905 2034 3050 I bt_osi_thread: run_thread: thread id 3050, thread name btu message loop started
03-09 05:02:37.906 2034 3052 I bt_osi_thread: run_thread: thread id 3052, thread name module_wrapper started
03-09 05:02:37.906 2034 3052 I bt_core_module: module_start_up Starting module "controller_module"
03-09 05:02:37.906 2034 3052 I bt_stack: [INFO:controller.cc(1326)] load_bt_configstore_lib loaded HAL: bt_configstore_interface_t=0x719d2da970, bt_configstore_lib_handle=0x72a16ab68eb032b5
03-09 05:02:37.906 2034 3052 I bt_config_store: getVendorProperties
03-09 05:02:37.907 2980 2980 D Provision: doTCSetup
03-09 05:02:37.907 3020 3020 I qspmsvc-service: Qspmsvc We're inside the service
03-09 05:02:37.908 821 821 I vendor.qti.hardware.btconfigstore@2.0-BTConfigStore: getVendorProperties:: Bluetooth soc type set to: hastings, ret: 8
03-09 05:02:37.908 821 821 I vendor.qti.hardware.btconfigstore@2.0-BTConfigStore: getVendorProperties:: persist.vendor.qcom.bluetooth.enable.splita2dp: true, ret: 4
03-09 05:02:37.908 821 821 I vendor.qti.hardware.btconfigstore@2.0-BTConfigStore: getVendorProperties:: persist.vendor.qcom.bluetooth.a2dp_offload_cap: sbc-aac, ret: 7
03-09 05:02:37.908 821 821 I vendor.qti.hardware.btconfigstore@2.0-BTConfigStore: getVendorProperties:: ro.vendor.bluetooth.wipower: false, ret: 5
03-09 05:02:37.908 821 821 I vendor.qti.hardware.btconfigstore@2.0-BTConfigStore: getVendorProperties:: persist.vendor.qcom.bluetooth.aac_frm_ctl.enabled: true, ret: 4
03-09 05:02:37.908 821 821 I vendor.qti.hardware.btconfigstore@2.0-BTConfigStore: getVendorProperties:: persist.vendor.qcom.bluetooth.enable.swb: true, ret: 4
03-09 05:02:37.908 821 821 I vendor.qti.hardware.btconfigstore@2.0-BTConfigStore: getVendorProperties:: persist.vendor.qcom.bluetooth.enable.swbpm: true, ret: 4
03-09 05:02:37.908 821 821 I vendor.qti.hardware.btconfigstore@2.0-BTConfigStore: getVendorProperties:: persist.vendor.qcom.bluetooth.a2dp_mcast_test.enabled: false, ret: 5
03-09 05:02:37.908 3020 3020 D ProcessState: Binder ioctl to enable oneway spam detection failed: Invalid argument
03-09 05:02:37.908 821 821 I vendor.qti.hardware.btconfigstore@2.0-BTConfigStore: getVendorProperties:: persist.vendor.qcom.bluetooth.twsp_state.enabled: false, ret: 5
03-09 05:02:37.899 821 821 I bluetooth@1.0-s: type=1400 audit(0.0:1026): avc: denied { ioctl } for path="/dev/diag" dev="tmpfs" ino=2136 ioctlcmd=0x0 scontext=u:r:hal_bluetooth_default:s0 tcontext=u:object_r:vendor_diag_device:s0 tclass=chr_file permissive=1
01-01 08:00:14.114 0 0 E bt_vreg_unvote: vreg_unvote successful for : qca,bt-vdd-rfa2
01-01 08:00:14.114 0 0 E bt_vreg_unvote: vreg_unvote successful for : qca,bt-vdd-rfa1
01-01 08:00:14.114 0 0 E bt_vreg_unvote: vreg_unvote successful for : qca,bt-vdd-dig
01-01 08:00:14.114 0 0 E bt_vreg_unvote: vreg_unvote successful for : qca,bt-vdd-aon
01-01 08:00:14.116 0 0 I binder : 3016:3016 ioctl 40046210 7ff4f779d4 returned -22
01-01 08:00:14.120 0 0 I binder : 3020:3020 ioctl 40046210 7fcd7d1af4 returned -22
03-09 05:02:37.911 3051 3051 I init.qti.dcvs.s: type=1400 audit(0.0:1027): avc: denied { add_name } for name="governor" scontext=u:r:vendor_init-qti-dcvs-sh:s0 tcontext=u:object_r:vendor_sysfs_devfreq:s0 tclass=dir permissive=1
03-09 05:02:37.908 2034 3052 I bt_config_store: prop type: BT_PROP_SOC_TYPE, prop_value: hastings
03-09 05:02:37.908 2034 3052 I bt_config_store: prop type: BT_PROP_SPILT_A2DP, prop_value: true
03-09 05:02:37.908 2034 3052 I bt_config_store: prop type: BT_PROP_A2DP_OFFLOAD_CAP, prop_value: sbc-aac
03-09 05:02:37.908 2034 3052 I bt_config_store: prop type: BT_PROP_WIPOWER, prop_value: false
03-09 05:02:37.908 2034 3052 I bt_config_store: prop type: BT_PROP_AAC_FRAME_CTL, prop_value: true
03-09 05:02:37.908 2034 3052 I bt_config_store: not handled propType = 6
03-09 05:02:37.908 2034 3052 I bt_config_store: prop type: not handled, prop_value: true
03-09 05:02:37.908 2034 3052 I bt_config_store: not handled propType = 7
03-09 05:02:37.908 2034 3052 I bt_config_store: prop type: not handled, prop_value: true
03-09 05:02:37.908 2034 3052 I bt_config_store: not handled propType = 8
03-09 05:02:37.908 2034 3052 I bt_config_store: prop type: not handled, prop_value: false
03-09 05:02:37.908 2034 3052 I bt_config_store: not handled propType = 9
03-09 05:02:37.908 2034 3052 I bt_config_store: prop type: not handled, prop_value: false
03-09 05:02:37.908 2034 3052 I bt_config_store: not handled propType = 11
03-09 05:02:37.908 2034 3052 I bt_config_store: prop type: not handled, prop_value: false
03-09 05:02:37.908 2034 3052 I bt_config_store: soc_name: hastings, soc_type = 0004
03-09 05:02:37.908 2034 3052 I bt_controller: start_up:: soc_name:hastings, soc_type = 4
03-09 05:02:37.908 2034 3052 I bt_controller: start_up:: spilt_a2dp_supported = 1
03-09 05:02:37.908 2034 3052 I bt_controller: start_up:: a2dp_offload_Cap = sbc-aac
03-09 05:02:37.908 2034 3052 I bt_controller: start_up:: wipower_supported = 0
03-09 05:02:37.908 2034 3052 I bt_controller: start_up:: aac_frame_ctl_enabled = 1
03-09 05:02:37.908 2034 3052 I bt_controller: start_up:: a2dp_multicast_supported = 0
03-09 05:02:37.908 2034 3052 I bt_controller: start_up:: twsp_state_supported = 0
03-09 05:02:37.908 2034 3052 I bt_controller: decode_max_power_values: MAX POW property is not set
03-09 05:02:37.908 2034 3052 I bt_controller: start_up:: max_power_prop_enabled = 0
03-09 05:02:37.908 1301 3043 I QFP : QfpThreadOptimize::invoke: entry.
03-09 05:02:37.908 1301 3043 I QFP : QfpThreadOptimize::invoke: QFP not initialized, exiting Optimize thread
03-09 05:02:37.908 1301 3043 I QFP : QfpThreadErieEvent::invoke: entry.
03-09 05:02:37.908 1301 3043 I QFP : QfpThreadErieEvent::invoke: QFP not initialized, exiting ErieEvent thread
03-09 05:02:37.908 821 821 I vendor.qti.bluetooth@1.0-ibs_handler: DeviceWakeUp: Writing IBS_WAKE_IND
03-09 05:02:37.908 821 3033 I vendor.qti.bluetooth@1.0-ibs_handler: ProcessIbsCmd: Received IBS_WAKE_ACK: 0xFC
03-09 05:02:37.908 821 3033 I vendor.qti.bluetooth@1.0-ibs_handler: ProcessIbsCmd: Signal wack_cond_
03-09 05:02:37.908 821 821 D vendor.qti.bluetooth@1.0-ibs_handler: DeviceWakeUp: Unblocked from waiting for FC, pthread_cond_timedwait ret = 0
03-09 05:02:37.909 3027 3027 I Zygote : seccomp disabled by setenforce 0
03-09 05:02:37.910 1537 1572 I thunderperf: Maybe need boostperf for current app!
03-09 05:02:37.910 3020 3020 I qspmsvc-service: IQspmsvc::IQspmsvc()
03-09 05:02:37.911 821 2594 D vendor.qti.bluetooth@1.0-data_handler: operator(): init thread exited now
03-09 05:02:37.913 1537 1572 I ThunderPerfManager: Start bindService: PERF_SERVICE=com.thundercomm.gamemode.perfservice service=android.os.BinderProxy@c7a398c
03-09 05:02:37.914 2158 2177 D FgBoostPerfService: [FgBoostPerfService.perfBoostAcq]start: stat=true pkgName=com.thundercomm.tcsetupwizard
03-09 05:02:37.914 2158 2177 I FgBoostPerfService: [FgBoostPerfService.perfBoostAcq] not game-mode or game app!
03-09 05:02:37.914 1537 1572 I ThunderPerfManager: PerfAcq error : state=true pkgName=com.thundercomm.tcsetupwizard
03-09 05:02:37.915 3020 3020 I qspmsvc-service: Qspmsvc service is now ready
03-09 05:02:37.915 1537 2145 D CompatibilityChangeReporter: Compat change id reported: 168419799; UID 10091; state: DISABLED
03-09 05:02:37.915 1537 2145 D CompatibilityInfo: mCompatibilityFlags - 4
03-09 05:02:37.915 1537 2145 D CompatibilityInfo: applicationDensity - 240
03-09 05:02:37.915 1537 2145 D CompatibilityInfo: applicationScale - 1.0
03-09 05:02:37.915 821 3058 D vendor.qti.bluetooth@1.0-data_handler: operator(): Resetting Rx thread stuck prop
03-09 05:02:37.916 1537 1653 I UsageStatsService: User[0] Rollover scheduled @ 2023-03-10 05:02:37(1678395757158)
03-09 05:02:37.917 1537 1653 I UsageStatsService: Time changed in by 1678309343 seconds
03-09 05:02:37.917 1537 2145 D CompatibilityInfo: mCompatibilityFlags - 4
03-09 05:02:37.917 1537 2145 D CompatibilityInfo: applicationDensity - 240
03-09 05:02:37.917 1537 2145 D CompatibilityInfo: applicationScale - 1.0
03-09 05:02:37.918 3016 3016 D CompatibilityChangeReporter: Compat change id reported: 171979766; UID 10091; state: DISABLED
03-09 05:02:37.920 2977 2977 W omm.location.X: ClassLoaderContext shared library size mismatch. Expected=0, found=1 (PCL[] | PCL[]{PCL[/system/system_ext/framework/izat.xt.srv.jar*844606969]})
01-01 08:00:14.130 0 0 I : Adding 4194300k swap on /dev/block/zram0. Priority:32758 extents:1 across:4194300k SS
01-01 08:00:14.134 0 0 I devfreq-qcom-fw 18590000.qcom,devfreq-l3: qcom,cdsp-cdsp-l3-lat: Successfully started CDSP L3 governor
01-01 08:00:14.139 0 0 I binder : 3027:3027 ioctl 40046210 7ff4f779d4 returned -22
03-09 05:02:37.911 3051 3051 I init.qti.dcvs.s: type=1400 audit(0.0:1028): avc: denied { create } for name="governor" scontext=u:r:vendor_init-qti-dcvs-sh:s0 tcontext=u:object_r:vendor_sysfs_devfreq:s0 tclass=file permissive=1
03-09 05:02:37.924 2158 2177 I FgBoostPerfService: [GetGpuMode] isMode=0 isGame=false mGpuMode=0
03-09 05:02:37.926 2977 2977 I Perf : Connecting to perf service.
03-09 05:02:37.926 2158 2173 I FgBoostPerfService: [GetGpuDpiType] isMode=0 isGame=false mGpuDpiType=0
03-09 05:02:37.926 3027 3027 D ProcessState: Binder ioctl to enable oneway spam detection failed: Invalid argument
03-09 05:02:37.927 2158 2173 I FgBoostPerfService: [GetGpuDpiType] isMode=0 isGame=false mGpuStandardValue=0
03-09 05:02:37.927 507 507 I lowmemorykiller: lmkd data connection established
03-09 05:02:37.927 1537 1653 I UsageStatsService: User[0] Flushing usage stats to disk
03-09 05:02:37.927 2826 2866 I adbd : jdwp connection from 3027
03-09 05:02:37.927 821 3058 D vendor.qti.bluetooth@1.0-data_handler: operator(): Resetting Rx thread stuck prop completed
03-09 05:02:37.928 1148 1148 I modprobe: Loaded kernel module /vendor/lib/modules/qca_cld3_qca6390.ko
03-09 05:02:37.928 1148 1148 I modprobe: Loading module /vendor/lib/modules/qca_cld3_qca6490.ko with args ""
03-09 05:02:37.929 1537 1572 I thunderperf: Current app pkgName=com.thundercomm.tcsetupwizard bm:com.thundercomm.perf.BoostPerfManager@6dfa9b6 gpuMode=-1 gpuType=-1 gpuStandardVal=-1
03-09 05:02:37.929 1537 1572 I ThunderBoostPerfService: Resolution: Uid=1000 Pid=2980 gMode=-1 dType=-1 gpuStandardVal=-1
03-09 05:02:37.929 1537 1537 I NotificationHistory: Attempted to unlock gone/disabled user 0
01-01 08:00:14.140 0 0 D cnss : MHI status cb is called with reason MISSION_MODE(6)
01-01 08:00:14.140 0 0 D cnss : Completed event: REGISTER_DRIVER(7), state: 0x10, ret: 0/0
01-01 08:00:14.140 0 0 D cnss : PM relax, state: 0x10, count: 0
01-01 08:00:14.145 0 0 E register_client_adhoc: find path.src 1 dest 589
03-09 05:02:37.930 1537 1572 I thunderperf: PlatormCompat.setOverrides: Uid1=1000 Pid1=2980 Uid2=1000 Pid2=2980
03-09 05:02:37.930 1537 1572 I thunderperf: PlatormCompat.setOverrides: needCheck:false
03-09 05:02:37.930 1537 1572 I thunderperf: CompatConfig.addOverrideUnsafe: bef-state=0
03-09 05:02:37.930 1537 1572 I thunderperf: CompatConfig.addOverrideUnsafe: aft-state=0
03-09 05:02:37.931 1537 1537 V NotificationAssistants: disabling notification assistant for user 0: ComponentInfo{android.ext.services/android.ext.services.notification.Assistant}
03-09 05:02:37.931 1537 1537 D NotificationListeners: Removing active service ComponentInfo{android.ext.services/android.ext.services.notification.Assistant}
03-09 05:02:37.932 2977 2977 V GraphicsEnvironment: ANGLE Developer option for 'com.qualcomm.location.XT' set to: 'default'
03-09 05:02:37.932 1537 1537 V NotificationAssistants: enabling notification assistant for 0: ComponentInfo{android.ext.services/android.ext.services.notification.Assistant}
03-09 05:02:37.932 2977 2977 V GraphicsEnvironment: ANGLE GameManagerService for com.qualcomm.location.XT: false
03-09 05:02:37.933 1537 1572 I thunderperf: CompatConfig.addOverrideUnsafe: bef-state=0
03-09 05:02:37.933 1537 1572 I thunderperf: CompatConfig.addOverrideUnsafe: aft-state=0
03-09 05:02:37.933 509 3045 W libc : Unable to set property "ctl.interface_start" to "vendor.qti.hardware.iop@2.0::IIop/default": error code: 0x20
03-09 05:02:37.933 1537 1537 V NotificationAssistants: binding: Intent { act=android.service.notification.NotificationAssistantService cmp=android.ext.services/.notification.Assistant (has extras) }
03-09 05:02:37.933 509 3045 I hwservicemanager: Tried to start vendor.qti.hardware.iop@2.0::IIop/default as a lazy service, but was unable to. Usually this happens when a service is not installed, but if the service is intended to be used as a lazy service, then it may be configured incorrectly.
03-09 05:02:37.933 2977 2977 D NetworkSecurityConfig: No Network Security Config specified, using platform default
03-09 05:02:37.934 2977 2977 D NetworkSecurityConfig: No Network Security Config specified, using platform default
01-01 08:00:14.145 0 0 E register_client_adhoc: Failed to find path.src 1 dest 589
01-01 08:00:14.146 0 0 E : [drm:dp_display_init_aux_switch][msm-dp-err][1631]failed to register notifier (-22)
03-09 05:02:37.934 1537 1572 I thunderperf: CompatConfig.addOverrideUnsafe: bef-state=0
03-09 05:02:37.934 1537 1572 I thunderperf: CompatConfig.addOverrideUnsafe: aft-state=0
03-09 05:02:37.934 1537 2145 D CompatibilityChangeReporter: Compat change id reported: 168419799; UID 10032; state: DISABLED
03-09 05:02:37.934 1537 2145 D CompatibilityInfo: mCompatibilityFlags - 4
03-09 05:02:37.934 1537 2145 D CompatibilityInfo: applicationDensity - 240
03-09 05:02:37.934 1537 2145 D CompatibilityInfo: applicationScale - 1.0
03-09 05:02:37.935 1537 1572 I thunderperf: CompatConfig.addOverrideUnsafe: bef-state=0
03-09 05:02:37.935 1537 1572 I thunderperf: CompatConfig.addOverrideUnsafe: aft-state=0
03-09 05:02:37.935 1537 1572 I thunderperf: CompatConfig.addOverrideUnsafe: bef-state=0
03-09 05:02:37.935 1537 1572 I thunderperf: CompatConfig.addOverrideUnsafe: aft-state=0
03-09 05:02:37.935 1537 1572 I thunderperf: CompatConfig.addOverrideUnsafe: bef-state=0
03-09 05:02:37.935 1537 1572 I thunderperf: CompatConfig.addOverrideUnsafe: aft-state=0
03-09 05:02:37.936 1537 1572 I thunderperf: CompatConfig.addOverrideUnsafe: bef-state=0
03-09 05:02:37.936 1537 1572 I thunderperf: CompatConfig.addOverrideUnsafe: aft-state=0
03-09 05:02:37.936 1537 1572 I thunderperf: CompatConfig.addOverrideUnsafe: bef-state=0
03-09 05:02:37.936 1537 1572 I thunderperf: CompatConfig.addOverrideUnsafe: aft-state=0
03-09 05:02:37.936 1537 1572 I thunderperf: CompatConfig.addOverrideUnsafe: bef-state=0
03-09 05:02:37.936 1537 1572 I thunderperf: CompatConfig.addOverrideUnsafe: aft-state=0
03-09 05:02:37.936 1537 2145 D CompatibilityChangeReporter: Compat change id reported: 181136395; UID 1000; state: DISABLED
03-09 05:02:37.937 1537 1572 I thunderperf: CompatConfig.addOverrideUnsafe: bef-state=0
03-09 05:02:37.937 1537 1572 I thunderperf: CompatConfig.addOverrideUnsafe: aft-state=0
03-09 05:02:37.937 1537 1572 I thunderperf: CompatConfig.addOverrideUnsafe: bef-state=0
03-09 05:02:37.937 1537 1572 I thunderperf: CompatConfig.addOverrideUnsafe: aft-state=0
03-09 05:02:37.937 1537 1572 I thunderperf: CompatConfig.addOverrideUnsafe: bef-state=0
03-09 05:02:37.937 1537 1572 I thunderperf: CompatConfig.addOverrideUnsafe: aft-state=0
03-09 05:02:37.937 1537 2145 D CompatibilityChangeReporter: Compat change id reported: 174042936; UID 1000; state: DISABLED
03-09 05:02:37.937 1537 1572 I thunderperf: CompatConfig.addOverrideUnsafe: bef-state=0
03-09 05:02:37.937 1537 1572 I thunderperf: CompatConfig.addOverrideUnsafe: aft-state=0
03-09 05:02:37.937 3016 3016 I Perf : Connecting to perf service.
03-09 05:02:37.937 1537 1572 I thunderperf: CompatConfig.addOverrideUnsafe: bef-state=0
03-09 05:02:37.937 1537 1572 I thunderperf: CompatConfig.addOverrideUnsafe: aft-state=0
03-09 05:02:37.937 1537 2145 D CompatibilityChangeReporter: Compat change id reported: 174042980; UID 1000; state: DISABLED
03-09 05:02:37.940 1537 1572 I ThunderBoostPerfService: Disable downscaling com.thundercomm.tcsetupwizard to 2380x1020
03-09 05:02:37.940 1537 2145 D CompatibilityChangeReporter: Compat change id reported: 168419799; UID 10032; state: DISABLED
03-09 05:02:37.940 1537 2145 D CompatibilityInfo: mCompatibilityFlags - 4
03-09 05:02:37.940 1537 2145 D CompatibilityInfo: applicationDensity - 240
03-09 05:02:37.940 1537 2145 D CompatibilityInfo: applicationScale - 1.0
03-09 05:02:37.940 1537 1572 I ActivityTaskManager: START u0 {cmp=com.thundercomm.tcsetupwizard/.TcSetupStartActivity} from uid 1000
01-01 08:00:14.156 0 0 E swr-wcd rx_swr_ctrl: swrm_get_logical_dev_num: device 0xd01170224 is not ready
01-01 08:00:14.156 0 0 E swr_get_logical_dev_num: Error -22 to get logical addr for device d01170224
01-01 08:00:14.156 0 0 E swr-wcd rx_swr_ctrl: swrm_get_logical_dev_num: device 0xd01170224 is not ready
01-01 08:00:14.156 0 0 E swr_get_logical_dev_num: Error -22 to get logical addr for device d01170224
01-01 08:00:14.156 0 0 E swr-wcd rx_swr_ctrl: swrm_get_logical_dev_num: device 0xd01170224 is not ready
01-01 08:00:14.156 0 0 E swr_get_logical_dev_num: Error -22 to get logical addr for device d01170224
01-01 08:00:14.157 0 0 E swr-wcd rx_swr_ctrl: swrm_get_logical_dev_num: device 0xd01170224 is not ready
01-01 08:00:14.157 0 0 E swr_get_logical_dev_num: Error -22 to get logical addr for device d01170224
01-01 08:00:14.157 0 0 E swr-wcd rx_swr_ctrl: swrm_get_logical_dev_num: device 0xd01170224 is not ready
01-01 08:00:14.157 0 0 E swr_get_logical_dev_num: Error -22 to get logical addr for device d01170224
01-01 08:00:14.157 0 0 E wcd938x_codec wcd938x-codec: wcd938x_bind: Slave bind failed, ret = -517
01-01 08:00:14.157 0 0 E register_client_adhoc: find path.src 1 dest 589
01-01 08:00:14.157 0 0 E register_client_adhoc: Failed to find path.src 1 dest 589
01-01 08:00:14.157 0 0 E : [drm:dp_display_init_aux_switch][msm-dp-err][1631]failed to register notifier (-22)
03-09 05:02:37.942 3027 3027 D CompatibilityChangeReporter: Compat change id reported: 171979766; UID 10032; state: ENABLED
03-09 05:02:37.942 2826 2870 I adbd : USB event: FUNCTIONFS_BIND
03-09 05:02:37.947 3016 3016 V GraphicsEnvironment: ANGLE Developer option for 'com.android.providers.media.module' set to: 'default'
03-09 05:02:37.948 3016 3016 V GraphicsEnvironment: ANGLE GameManagerService for com.android.providers.media.module: false
03-09 05:02:37.948 509 509 I hwservicemanager: Since vendor.qti.hardware.iop@2.0::IIop/default is not registered, trying to start it as a lazy HAL.
03-09 05:02:37.948 1537 1572 D CompatibilityChangeReporter: Compat change id reported: 168419799; UID 1000; state: DISABLED
03-09 05:02:37.948 1224 1224 E ANDR-IOP: IIop:: Iop HAL Service is not available.
03-09 05:02:37.948 1537 1572 D CompatibilityInfo: mCompatibilityFlags - 4
03-09 05:02:37.948 1537 1572 D CompatibilityInfo: applicationDensity - 240
03-09 05:02:37.948 1537 1572 D CompatibilityInfo: applicationScale - 1.0
03-09 05:02:37.948 3016 3016 D NetworkSecurityConfig: No Network Security Config specified, using platform default
03-09 05:02:37.948 1537 1572 D ActivityTrigger: ActivityTrigger activityPauseTrigger
03-09 05:02:37.948 3016 3016 D NetworkSecurityConfig: No Network Security Config specified, using platform default
03-09 05:02:37.948 2034 3052 D bt_controller: start_up read local simple pairing options
03-09 05:02:37.950 1537 1537 D CompatibilityChangeReporter: Compat change id reported: 168419799; UID 10092; state: DISABLED
03-09 05:02:37.950 1537 1537 D CompatibilityInfo: mCompatibilityFlags - 4
03-09 05:02:37.950 1537 1537 D CompatibilityInfo: applicationDensity - 240
03-09 05:02:37.950 1537 1537 D CompatibilityInfo: applicationScale - 1.0
03-09 05:02:37.950 2034 3052 D bt_controller: start_up simple pairing options is 0x1
03-09 05:02:37.950 2034 3052 W bt_device_profile: rf_path_loss_values_fetch:profile 6
03-09 05:02:37.950 2034 3052 W bt_device_profile: rf_path_loss_values_fetch:RF_TX_PATH_COMPENSATION_VALUE found, tx value : 0
03-09 05:02:37.950 2034 3052 W bt_device_profile: rf_path_loss_values_fetch:profile 6
03-09 05:02:37.950 2034 3052 W bt_device_profile: rf_path_loss_values_fetch:RF_RX_PATH_COMPENSATION_VALUE found, rx value : 0
03-09 05:02:37.951 1537 1537 D GameModeIF_GameModeSettings: getUriFor setting_content_uri_root = content://com.thundercomm.gamemode.api/gamemode_settings , name = gamemode_enable
01-01 08:00:14.163 0 0 E swr-wcd rx_swr_ctrl: swrm_get_logical_dev_num: device 0xd01170224 is not ready
01-01 08:00:14.163 0 0 E swr_get_logical_dev_num: Error -22 to get logical addr for device d01170224
03-09 05:02:37.954 1537 1537 W Binder : Outgoing transactions from this process must be FLAG_ONEWAY
03-09 05:02:37.954 1537 1537 W Binder : java.lang.Throwable
03-09 05:02:37.954 1537 1537 W Binder : at android.os.BinderProxy.transact(BinderProxy.java:532)
03-09 05:02:37.954 1537 1537 W Binder : at android.content.ContentProviderProxy.query(ContentProviderNative.java:479)
03-09 05:02:37.954 1537 1537 W Binder : at android.content.ContentResolver.query(ContentResolver.java:1221)
03-09 05:02:37.954 1537 1537 W Binder : at android.content.ContentResolver.query(ContentResolver.java:1152)
03-09 05:02:37.954 1537 1537 W Binder : at android.content.ContentResolver.query(ContentResolver.java:1108)
03-09 05:02:37.954 1537 1537 W Binder : at com.thundercomm.gamemode.api.GameModeSettings$Settings.getInt(GameModeSettings.java:142)
03-09 05:02:37.954 1537 1537 W Binder : at com.thundercomm.gamemode.api.GameModeSettings$Settings.getBoolean(GameModeSettings.java:188)
03-09 05:02:37.954 1537 1537 W Binder : at com.android.server.notification.GameModeConfig.updateData(GameModeConfig.java:116)
03-09 05:02:37.954 1537 1537 W Binder : at com.android.server.notification.ZenModeHelper.onUserUnlocked(ZenModeHelper.java:265)
03-09 05:02:37.954 1537 1537 W Binder : at com.android.server.notification.NotificationManagerService$6.onReceive(NotificationManagerService.java:1856)
03-09 05:02:37.954 1537 1537 W Binder : at android.app.LoadedApk$ReceiverDispatcher$Args.lambda$getRunnable$0$LoadedApk$ReceiverDispatcher$Args(LoadedApk.java:1679)
03-09 05:02:37.954 1537 1537 W Binder : at android.app.LoadedApk$ReceiverDispatcher$Args$$ExternalSyntheticLambda0.run(Unknown Source:2)
03-09 05:02:37.954 1537 1537 W Binder : at android.os.Handler.handleCallback(Handler.java:938)
03-09 05:02:37.954 1537 1537 W Binder : at android.os.Handler.dispatchMessage(Handler.java:99)
03-09 05:02:37.954 1537 1537 W Binder : at android.os.Looper.loopOnce(Looper.java:201)
03-09 05:02:37.954 1537 1537 W Binder : at android.os.Looper.loop(Looper.java:288)
03-09 05:02:37.954 1537 1537 W Binder : at com.android.server.SystemServer.run(SystemServer.java:909)
03-09 05:02:37.954 1537 1537 W Binder : at com.android.server.SystemServer.main(SystemServer.java:616)
03-09 05:02:37.954 1537 1537 W Binder : at java.lang.reflect.Method.invoke(Native Method)
03-09 05:02:37.954 1537 1537 W Binder : at com.android.internal.os.RuntimeInit$MethodAndArgsCaller.run(RuntimeInit.java:548)
03-09 05:02:37.954 1537 1537 W Binder : at com.android.internal.os.ZygoteInit.main(ZygoteInit.java:987)
03-09 05:02:37.955 1537 1537 D GameModeIF_GameModeSettings: getUriFor setting_content_uri_root = content://com.thundercomm.gamemode.api/gamemode_settings , name = gamemode_dnd_notification
03-09 05:02:37.956 1537 1537 D GameModeIF_GameModeSettings: getUriFor setting_content_uri_root = content://com.thundercomm.gamemode.api/gamemode_settings , name = gamemode_isgaming
03-09 05:02:37.956 1537 1537 D GameModeIF_GameModeSettings: getUriFor setting_content_uri_root = content://com.thundercomm.gamemode.api/gamemode_settings , name = gamemode_dnd_voice
01-01 08:00:14.165 0 0 E swr-wcd rx_swr_ctrl: swrm_get_logical_dev_num: device 0xd01170224 is not ready
01-01 08:00:14.165 0 0 E swr_get_logical_dev_num: Error -22 to get logical addr for device d01170224
01-01 08:00:14.166 0 0 E swr-wcd rx_swr_ctrl: swrm_get_logical_dev_num: device 0xd01170224 is not ready
01-01 08:00:14.166 0 0 E swr_get_logical_dev_num: Error -22 to get logical addr for device d01170224
01-01 08:00:14.166 0 0 E swr-wcd rx_swr_ctrl: swrm_get_logical_dev_num: device 0xd01170224 is not ready
01-01 08:00:14.166 0 0 E swr_get_logical_dev_num: Error -22 to get logical addr for device d01170224
01-01 08:00:14.166 0 0 E swr-wcd rx_swr_ctrl: swrm_get_logical_dev_num: device 0xd01170224 is not ready
01-01 08:00:14.166 0 0 E swr_get_logical_dev_num: Error -22 to get logical addr for device d01170224
01-01 08:00:14.166 0 0 E wcd938x_codec wcd938x-codec: wcd938x_bind: Slave bind failed, ret = -517
03-09 05:02:37.958 507 507 I lowmemorykiller: Using psi monitors for memory pressure detection
03-09 05:02:37.958 507 507 I lowmemorykiller: Properties reinitilized
03-09 05:02:37.958 3046 3046 I lowmemorykiller: lmkd updated properties successfully
03-09 05:02:37.959 507 507 I lowmemorykiller: lmkd data connection dropped
03-09 05:02:37.959 507 507 I lowmemorykiller: closing lmkd data connection
03-09 05:02:37.959 2034 3052 D bt_controller: start_up HCI write RF compensation tx value : 0, rx value : 0
03-09 05:02:37.959 2034 3052 I bt_config_store: getHostAddOnFeatures
03-09 05:02:37.960 1537 1537 I AccountManagerService: User 0 is unlocked - opening CE database
03-09 05:02:37.961 821 821 D vendor.qti.bluetooth@1.0-data_handler: isProtocolInitialized:
03-09 05:02:37.961 821 821 I vendor.qti.bluetooth@1.0-data_handler: isProtocolInitialized: status:1
03-09 05:02:37.961 821 821 I vendor.qti.hardware.btconfigstore@2.0-BTConfigStore: getHostAddOnFeatures: 0x0
03-09 05:02:37.961 2034 3052 I bt_config_store: getHostAddOnFeatures:: halResult = 1
03-09 05:02:37.961 2034 3052 I bt_config_store: getControllerAddOnFeatures
03-09 05:02:37.962 821 821 D vendor.qti.bluetooth@1.0-data_handler: isProtocolInitialized:
03-09 05:02:37.962 821 821 I vendor.qti.bluetooth@1.0-data_handler: isProtocolInitialized: status:1
03-09 05:02:37.962 821 821 I vendor.qti.hardware.btconfigstore@2.0-BTConfigStore: getControllerAddOnFeatures: 0x6de3ae5510
03-09 05:02:37.962 2034 3052 I bt_config_store: getControllerAddOnFeatures:: halResult = 0
03-09 05:02:37.962 2034 3052 I bt_config_store: getControllerAddOnFeatures:: product_id = 16, version = 1, feat_mask_len = 5 features data: 0x1c 0xfd 0x7f 0xe 0x1
03-09 05:02:37.964 2977 3090 D LocIDLClientBase: try to get LOCAIDL service
03-09 05:02:37.965 1389 1408 D LOWI-9.0.0.87.a: [LOWINetlinkSocketReceiver] unpackRTMLinkMessage: RTM_NEWLINK - ifname vlan0, flags 0x1003 ([UP])
03-09 05:02:37.966 1537 1644 I EthernetTracker: interfaceLinkStateChanged, iface: vlan0, up: false
03-09 05:02:37.966 508 508 E servicemanager: Could not find vendor.qti.gnss.ILocAidlGnss/default in the VINTF manifest.
03-09 05:02:37.966 2034 3052 I bt_core_module: module_start_up Started module "controller_module"
03-09 05:02:37.967 2977 3090 D LocIDLClientBase: LOCAIDL service not available
03-09 05:02:37.967 2977 3090 D LocIDLClientBase: try to get 4.1 service
03-09 05:02:37.967 2034 3052 W bt_osi_thread: run_thread: thread id 3052, thread name module_wrapper exited
03-09 05:02:37.967 2034 3044 V bt_stack: [VERBOSE1:connection_manager.cc(198)] reset : after_reset1
03-09 05:02:37.967 2034 3044 W bt_btm : btm_decode_ext_features_page: feature page 1 ignored
03-09 05:02:37.967 2034 3044 W bt_btm : btm_decode_ext_features_page: feature page 2 ignored
03-09 05:02:37.967 2977 3090 D hw-ProcessState: Binder ioctl to enable oneway spam detection failed: Invalid argument
03-09 05:02:37.967 2034 3050 I bt_btm_sec: BTM_SecRegister p_cb_info->p_le_callback == 0x0x7197d922f0
03-09 05:02:37.967 2034 3050 I bt_btm_sec: BTM_SecRegister btm_cb.api.p_le_callback = 0x0x7197d922f0
03-09 05:02:37.968 2034 3050 V bt_stack: [VERBOSE1:bta_gattc_act.cc(210)] bta_gattc_register: state:0
03-09 05:02:37.968 2034 3050 V bt_stack: [VERBOSE1:bta_gattc_act.cc(132)] bta_gattc_enable
03-09 05:02:37.968 2034 3050 I bt_stack: [INFO:gatt_api.cc(1223)] GATT_Register 74cffc61-38e4-6e77-40e1-6a6728014eb6
03-09 05:02:37.968 2034 3050 I bt_stack: [INFO:gatt_api.cc(1244)] allocated gatt_if=3
03-09 05:02:37.968 2034 3050 V bt_stack: [VERBOSE1:gatt_api.cc(1369)] GATT_StartIf gatt_if=3
03-09 05:02:37.968 2034 3050 V bt_stack: [VERBOSE1:gatt_utils.cc(293)] gatt_find_the_connected_bda start_idx=0
03-09 05:02:37.968 2034 3050 V bt_stack: [VERBOSE1:gatt_utils.cc(305)] found=0 found_idx=5
03-09 05:02:37.968 509 509 I hwservicemanager: getTransport: Cannot find entry vendor.qti.gnss@4.1::ILocHidlGnss/gnss_vendor in either framework or device VINTF manifest.
03-09 05:02:37.968 2977 3090 D LocIDLClientBase: NoSuchElementException: java.util.NoSuchElementException
03-09 05:02:37.968 2977 3090 D LocIDLClientBase: try to get 4.0 service
01-01 08:00:14.180 0 0 I binder : 2977:3090 ioctl 40046210 71fee29944 returned -22
03-09 05:02:37.969 2977 3090 I android_os_HwBinder: HwBinder: Starting thread pool for getting: vendor.qti.gnss@4.0::ILocHidlGnss/gnss_vendor
03-09 05:02:37.971 508 508 E servicemanager: Could not find vendor.qti.gnss.ILocAidlGnss/default in the VINTF manifest.
03-09 05:02:37.972 3016 3016 V MediaProvider: Attached media from com.android.providers.media.module
03-09 05:02:37.974 2977 2977 I android_os_HwBinder: HwBinder: Starting thread pool for getting: vendor.qti.gnss@3.0::ILocHidlGnss/gnss_vendor
03-09 05:02:37.974 829 829 V LocSvc_HIDL_HidlGnss: [getExtensionLocHidlIzatConfig][495] [HS] <<<<= [HC]
03-09 05:02:37.974 829 829 V LocSvc_HIDL_HidlGnss: [getExtensionLocHidlXT][314] [HS] <<<<= [HC]
03-09 05:02:37.975 2977 2977 D XTSrv : Readconfig init...
03-09 05:02:37.975 829 829 V LocSvc_HIDL_IzatConfig: [init][47] [HS] <<<<= [HC]
03-09 05:02:37.975 829 829 V LocSvc_HIDL_IzatConfig: [readConfig][68] [HS] <<<<= [HC]
03-09 05:02:37.975 829 829 V LocSvc_HIDL_IzatConfig: [readConfig][85] [HS] =>>>> [HC]
03-09 05:02:37.976 829 829 V LocSvc_HIDL_XT: [init][22] [HS] <<<<= [HC]
03-09 05:02:37.976 829 829 E Xt_Adapter: XtAdapter instance exists !
