03-09 05:02:37.575 2742 2742 I crash_dump64: type=1400 audit(0.0:989): avc: denied { open } for path="/dev/__properties__/u:object_r:apk_verity_prop:s0" dev="tmpfs" ino=12821 scontext=u:r:crash_dump:s0 tcontext=u:object_r:apk_verity_prop:s0 tclass=file permissive=1
03-09 05:02:37.575 2742 2742 I crash_dump64: type=1400 audit(0.0:990): avc: denied { getattr } for path="/dev/__properties__/u:object_r:apk_verity_prop:s0" dev="tmpfs" ino=12821 scontext=u:r:crash_dump:s0 tcontext=u:object_r:apk_verity_prop:s0 tclass=file permissive=1
03-09 05:02:37.575 2742 2742 I crash_dump64: type=1400 audit(0.0:991): avc: denied { map } for path="/dev/__properties__/u:object_r:apk_verity_prop:s0" dev="tmpfs" ino=12821 scontext=u:r:crash_dump:s0 tcontext=u:object_r:apk_verity_prop:s0 tclass=file permissive=1
03-09 05:02:37.575 2742 2742 I crash_dump64: type=1400 audit(0.0:992): avc: denied { open } for path="/dev/__properties__/u:object_r:apexd_prop:s0" dev="tmpfs" ino=12820 scontext=u:r:crash_dump:s0 tcontext=u:object_r:apexd_prop:s0 tclass=file permissive=1
03-09 05:02:37.575 2742 2742 I crash_dump64: type=1400 audit(0.0:993): avc: denied { getattr } for path="/dev/__properties__/u:object_r:apexd_prop:s0" dev="tmpfs" ino=12820 scontext=u:r:crash_dump:s0 tcontext=u:object_r:apexd_prop:s0 tclass=file permissive=1
03-09 05:02:37.575 2742 2742 I crash_dump64: type=1400 audit(0.0:994): avc: denied { map } for path="/dev/__properties__/u:object_r:apexd_prop:s0" dev="tmpfs" ino=12820 scontext=u:r:crash_dump:s0 tcontext=u:object_r:apexd_prop:s0 tclass=file permissive=1
03-09 05:02:37.575 2742 2742 I crash_dump64: type=1400 audit(0.0:995): avc: denied { open } for path="/dev/__properties__/u:object_r:apexd_config_prop:s0" dev="tmpfs" ino=12819 scontext=u:r:crash_dump:s0 tcontext=u:object_r:apexd_config_prop:s0 tclass=file permissive=1
03-09 05:02:37.575 2742 2742 I crash_dump64: type=1400 audit(0.0:996): avc: denied { getattr } for path="/dev/__properties__/u:object_r:apexd_config_prop:s0" dev="tmpfs" ino=12819 scontext=u:r:crash_dump:s0 tcontext=u:object_r:apexd_config_prop:s0 tclass=file permissive=1
03-09 05:02:37.575 2742 2742 I crash_dump64: type=1400 audit(0.0:997): avc: denied { map } for path="/dev/__properties__/u:object_r:apexd_config_prop:s0" dev="tmpfs" ino=12819 scontext=u:r:crash_dump:s0 tcontext=u:object_r:apexd_config_prop:s0 tclass=file permissive=1
03-09 05:02:37.575 2742 2742 I crash_dump64: type=1400 audit(0.0:998): avc: denied { open } for path="/dev/__properties__/u:object_r:adbd_prop:s0" dev="tmpfs" ino=12818 scontext=u:r:crash_dump:s0 tcontext=u:object_r:adbd_prop:s0 tclass=file permissive=1
03-09 05:02:37.575 2742 2742 I crash_dump64: type=1400 audit(0.0:999): avc: denied { getattr } for path="/dev/__properties__/u:object_r:adbd_prop:s0" dev="tmpfs" ino=12818 scontext=u:r:crash_dump:s0 tcontext=u:object_r:adbd_prop:s0 tclass=file permissive=1
03-09 05:02:37.575 2742 2742 I crash_dump64: type=1400 audit(0.0:1000): avc: denied { map } for path="/dev/__properties__/u:object_r:adbd_prop:s0" dev="tmpfs" ino=12818 scontext=u:r:crash_dump:s0 tcontext=u:object_r:adbd_prop:s0 tclass=file permissive=1
03-09 05:02:37.575 2742 2742 I crash_dump64: type=1400 audit(0.0:1001): avc: denied { open } for path="/dev/__properties__/u:object_r:adbd_config_prop:s0" dev="tmpfs" ino=12817 scontext=u:r:crash_dump:s0 tcontext=u:object_r:adbd_config_prop:s0 tclass=file permissive=1
03-09 05:02:37.575 2742 2742 I crash_dump64: type=1400 audit(0.0:1002): avc: denied { getattr } for path="/dev/__properties__/u:object_r:adbd_config_prop:s0" dev="tmpfs" ino=12817 scontext=u:r:crash_dump:s0 tcontext=u:object_r:adbd_config_prop:s0 tclass=file permissive=1
03-09 05:02:37.575 2742 2742 I crash_dump64: type=1400 audit(0.0:1003): avc: denied { map } for path="/dev/__properties__/u:object_r:adbd_config_prop:s0" dev="tmpfs" ino=12817 scontext=u:r:crash_dump:s0 tcontext=u:object_r:adbd_config_prop:s0 tclass=file permissive=1
03-09 05:02:37.575 2742 2742 I crash_dump64: type=1400 audit(0.0:1004): avc: denied { open } for path="/dev/__properties__/u:object_r:ab_update_gki_prop:s0" dev="tmpfs" ino=12816 scontext=u:r:crash_dump:s0 tcontext=u:object_r:ab_update_gki_prop:s0 tclass=file permissive=1
03-09 05:02:37.575 2742 2742 I crash_dump64: type=1400 audit(0.0:1005): avc: denied { getattr } for path="/dev/__properties__/u:object_r:ab_update_gki_prop:s0" dev="tmpfs" ino=12816 scontext=u:r:crash_dump:s0 tcontext=u:object_r:ab_update_gki_prop:s0 tclass=file permissive=1
03-09 05:02:37.575 2742 2742 I crash_dump64: type=1400 audit(0.0:1006): avc: denied { map } for path="/dev/__properties__/u:object_r:ab_update_gki_prop:s0" dev="tmpfs" ino=12816 scontext=u:r:crash_dump:s0 tcontext=u:object_r:ab_update_gki_prop:s0 tclass=file permissive=1
03-09 05:02:37.586 2742 2742 F DEBUG : *** *** *** *** *** *** *** *** *** *** *** *** *** *** *** ***
03-09 05:02:37.587 2742 2742 F DEBUG : Build fingerprint: 'TC/figure_CN/figure:12/SKQ1.220201.001/2403:user/test-keys'
03-09 05:02:37.587 2742 2742 F DEBUG : Revision: '0'
03-09 05:02:37.587 2742 2742 F DEBUG : ABI: 'arm64'
03-09 05:02:37.587 2742 2742 F DEBUG : Timestamp: 2023-03-09 05:02:37.554048071+0800
03-09 05:02:37.587 2742 2742 F DEBUG : Process uptime: 0s
03-09 05:02:37.587 2742 2742 F DEBUG : Cmdline: /system/bin/init second_stage
03-09 05:02:37.587 2742 2742 F DEBUG : pid: 2733, tid: 2733, name: init >>> /system/bin/init <<<
03-09 05:02:37.587 2742 2742 F DEBUG : uid: 0
03-09 05:02:37.587 2742 2742 F DEBUG : signal 6 (SIGABRT), code -1 (SI_QUEUE), fault addr --------
03-09 05:02:37.587 2742 2742 F DEBUG : x0 0000000000000000 x1 0000000000000aad x2 0000000000000006 x3 0000007fdb58b9d0
03-09 05:02:37.587 2742 2742 F DEBUG : x4 000000000000000a x5 000000000000000a x6 000000000000000a x7 000000000000000a
03-09 05:02:37.587 2742 2742 F DEBUG : x8 00000000000000f0 x9 6916d3e4140e3251 x10 0000000000000000 x11 ffffff80ffffffdf
03-09 05:02:37.587 2742 2742 F DEBUG : x12 0000000000000001 x13 3a73747069726373 x14 0000000000000010 x15 0000000000000000
03-09 05:02:37.587 2742 2742 F DEBUG : x16 0000007fa2667060 x17 0000007fa2643560 x18 0000007fad20e000 x19 0000000000000aad
03-09 05:02:37.587 2742 2742 F DEBUG : x20 0000000000000aad x21 00000000ffffffff x22 0000007fad0ce000 x23 0000007fad0ce000
03-09 05:02:37.587 2742 2742 F DEBUG : x24 0000007fdb58bca0 x25 0000007fdb58bca0 x26 0000000000000000 x27 0000007fad0ce000
03-09 05:02:37.587 2742 2742 F DEBUG : x28 0000007fa25f7d20 x29 0000007fdb58ba50
03-09 05:02:37.587 2742 2742 F DEBUG : lr 0000007fa25f395c sp 0000007fdb58b9b0 pc 0000007fa25f3988 pst 0000000000001000
03-09 05:02:37.587 2742 2742 F DEBUG : backtrace:
03-09 05:02:37.587 2742 2742 F DEBUG : #00 pc 0000000000051988 /system/lib64/bootstrap/libc.so (abort+168) (BuildId: 369edc656806aeaf384cbeb8f7a347af)
03-09 05:02:37.587 2742 2742 F DEBUG : #01 pc 0000000000015038 /system/lib64/libbase.so (android::base::DefaultAborter(char const*)+16) (BuildId: 96895dcea0300fc102132e9762aef6bc)
03-09 05:02:37.587 2742 2742 F DEBUG : #02 pc 0000000000016bc4 /system/lib64/libbase.so (android::base::SetAborter(std::__1::function&&)::$_3::__invoke(char const*)+80) (BuildId: 96895dcea0300fc102132e9762aef6bc)
03-09 05:02:37.587 2742 2742 F DEBUG : #03 pc 0000000000016184 /system/lib64/libbase.so (android::base::LogMessage::~LogMessage()+368) (BuildId: 96895dcea0300fc102132e9762aef6bc)
03-09 05:02:37.587 2742 2742 F DEBUG : #04 pc 00000000000d8128 /system/bin/init (android::init::Service::SetProcessAttributesAndCaps()+716) (BuildId: 22e05086498bc9c9e3a5fc9a10a930c1)
03-09 05:02:37.587 2742 2742 F DEBUG : #05 pc 00000000000dac18 /system/bin/init (android::init::Service::Start()+7348) (BuildId: 22e05086498bc9c9e3a5fc9a10a930c1)
03-09 05:02:37.587 2742 2742 F DEBUG : #06 pc 00000000000cda20 /system/bin/init (android::init::do_start(android::init::BuiltinArguments const&)+316) (BuildId: 22e05086498bc9c9e3a5fc9a10a930c1)
03-09 05:02:37.587 2742 2742 F DEBUG : #07 pc 00000000000b16cc /system/bin/init (android::init::RunBuiltinFunction(std::__1::function (android::init::BuiltinArguments const&)> const&, std::__1::vector, std::__1::allocator >, std::__1::allocator, std::__1::allocator > > > const&, std::__1::basic_string, std::__1::allocator > const&)+476) (BuildId: 22e05086498bc9c9e3a5fc9a10a930c1)
03-09 05:02:37.587 2742 2742 F DEBUG : #08 pc 00000000000b1880 /system/bin/init (android::init::Command::InvokeFunc(android::init::Subcontext*) const+284) (BuildId: 22e05086498bc9c9e3a5fc9a10a930c1)
03-09 05:02:37.587 2742 2742 F DEBUG : #09 pc 00000000000b22e4 /system/bin/init (android::init::Action::ExecuteCommand(android::init::Command const&) const+80) (BuildId: 22e05086498bc9c9e3a5fc9a10a930c1)
03-09 05:02:37.587 2742 2742 F DEBUG : #10 pc 00000000000b21d8 /system/bin/init (android::init::Action::ExecuteOneCommand(unsigned long) const+336) (BuildId: 22e05086498bc9c9e3a5fc9a10a930c1)
03-09 05:02:37.587 2742 2742 F DEBUG : #11 pc 00000000000e2d74 /system/bin/init (android::init::ActionManager::ExecuteOneCommand()+188) (BuildId: 22e05086498bc9c9e3a5fc9a10a930c1)
03-09 05:02:37.587 2742 2742 F DEBUG : #12 pc 00000000000fa6dc /system/bin/init (android::init::SecondStageMain(int, char**)+7560) (BuildId: 22e05086498bc9c9e3a5fc9a10a930c1)
03-09 05:02:37.587 2742 2742 F DEBUG : #13 pc 00000000000ac19c /system/bin/init (main+308) (BuildId: 22e05086498bc9c9e3a5fc9a10a930c1)
03-09 05:02:37.587 2742 2742 F DEBUG : #14 pc 000000000004a084 /system/lib64/bootstrap/libc.so (__libc_init+100) (BuildId: 369edc656806aeaf384cbeb8f7a347af)
03-09 05:02:37.589 1537 2080 W NativeCrashListener: Couldn't find ProcessRecord for pid 2733
03-09 05:02:37.589 2742 2742 E crash_dump64: AM data write failed: Broken pipe
03-09 05:02:37.590 634 634 E tombstoned: Tombstone written to: tombstone_04
03-09 05:02:37.596 2738 2738 I Perf : Connecting to perf service.
03-09 05:02:37.598 2738 2738 V GraphicsEnvironment: ANGLE Developer option for 'com.qualcomm.location' set to: 'default'
03-09 05:02:37.599 2738 2738 V GraphicsEnvironment: ANGLE GameManagerService for com.qualcomm.location: false
03-09 05:02:37.599 2738 2738 D NetworkSecurityConfig: No Network Security Config specified, using platform default
03-09 05:02:37.599 2738 2738 D NetworkSecurityConfig: No Network Security Config specified, using platform default
03-09 05:02:37.600 1537 1710 E NativeTombstoneManager: Tombstone's UID (0) not an app, ignoring
03-09 05:02:37.600 1537 1710 I DropBoxManagerService: add tag=SYSTEM_TOMBSTONE_PROTO isTagEnabled=true flags=0x4
03-09 05:02:37.600 509 509 I hwservicemanager: Since vendor.qti.hardware.iop@2.0::IIop/default is not registered, trying to start it as a lazy HAL.
03-09 05:02:37.600 1224 1224 E ANDR-IOP: IIop:: Iop HAL Service is not available.
03-09 05:02:37.607 1537 2561 D CompatibilityInfo: mCompatibilityFlags - 4
03-09 05:02:37.607 1537 2561 D CompatibilityInfo: applicationDensity - 240
03-09 05:02:37.608 1537 2561 D CompatibilityInfo: applicationScale - 1.0
03-09 05:02:37.609 1389 1409 D LOWI-9.0.0.87.a: [MqClientIpcReciver] FROM: LOCATION-MQ
03-09 05:02:37.609 1389 1409 D LOWI-9.0.0.87.a: [MqClientIpcReciver] INFO: REGISTER-EVENT
03-09 05:02:37.609 1389 1409 D LOWI-9.0.0.87.a: [MqClientIpcReciver] TX-ID: 3
03-09 05:02:37.609 1389 1409 D LOWI-9.0.0.87.a: [MqClientIpcReciver] FROM: LOCATION-MQ
03-09 05:02:37.609 1389 1409 D LOWI-9.0.0.87.a: [MqClientIpcReciver] INFO: REGISTER-EVENT
03-09 05:02:37.609 1389 1409 D LOWI-9.0.0.87.a: [MqClientIpcReciver] TX-ID: 5
03-09 05:02:37.609 1389 1410 D LOWI-9.0.0.87.a: [LOWIEventReceiver] handleEvent:FROM:LOCATION-MQ, TO:LOWI-SERVER, REQ:NA, IREQ:NA, REQ_ID:0, RESP:NA, INFO:REGISTER-EVENT
03-09 05:02:37.609 1389 1410 D LOWI-9.0.0.87.a: [LOWIEventReceiver] Info to [REGISTER-EVENT]
03-09 05:02:37.609 1389 1410 D LOWI-9.0.0.87.a: [LOWIEventReceiver] handleEvent:FROM:LOCATION-MQ, TO:LOWI-SERVER, REQ:NA, IREQ:NA, REQ_ID:0, RESP:NA, INFO:REGISTER-EVENT
03-09 05:02:37.609 1389 1410 D LOWI-9.0.0.87.a: [LOWIEventReceiver] Info to [REGISTER-EVENT]
03-09 05:02:37.609 829 2767 E IPCMessagingProxy: Exiting with error _process line 159 "3"
03-09 05:02:37.609 829 2767 E IzatSvc_IzatManager: Exiting with error handleMsg line 569 "3"
03-09 05:02:37.609 829 917 E IzatSvc_QNP: Exiting with error getInstance line 284 2
03-09 05:02:37.609 829 917 W IzatSvc_ComboNetworkProvider: Failed to initialize to NLP_MODE_QNP_ONLY for Emergency mode
03-09 05:02:37.607 829 829 I Loc_hal_worker: type=1400 audit(0.0:1007): avc: denied { read } for name="u:object_r:vendor_pd_locater_dbg_prop:s0" dev="tmpfs" ino=13100 scontext=u:r:vendor_hal_gnss_qti:s0 tcontext=u:object_r:vendor_pd_locater_dbg_prop:s0 tclass=file permissive=1
03-09 05:02:37.607 829 829 I Loc_hal_worker: type=1400 audit(0.0:1008): avc: denied { open } for path="/dev/__properties__/u:object_r:vendor_pd_locater_dbg_prop:s0" dev="tmpfs" ino=13100 scontext=u:r:vendor_hal_gnss_qti:s0 tcontext=u:object_r:vendor_pd_locater_dbg_prop:s0 tclass=file permissive=1
03-09 05:02:37.609 1537 2561 D CompatibilityInfo: applicationDensity - 240
03-09 05:02:37.609 1537 2561 D CompatibilityInfo: applicationScale - 1.0
03-09 05:02:37.607 829 829 I Loc_hal_worker: type=1400 audit(0.0:1009): avc: denied { getattr } for path="/dev/__properties__/u:object_r:vendor_pd_locater_dbg_prop:s0" dev="tmpfs" ino=13100 scontext=u:r:vendor_hal_gnss_qti:s0 tcontext=u:object_r:vendor_pd_locater_dbg_prop:s0 tclass=file permissive=1
03-09 05:02:37.607 829 829 I Loc_hal_worker: type=1400 audit(0.0:1010): avc: denied { map } for path="/dev/__properties__/u:object_r:vendor_pd_locater_dbg_prop:s0" dev="tmpfs" ino=13100 scontext=u:r:vendor_hal_gnss_qti:s0 tcontext=u:object_r:vendor_pd_locater_dbg_prop:s0 tclass=file permissive=1
03-09 05:02:37.611 829 917 E LocSvc_LBSProxy: parseModemRegistryForGpsService:187] Error while getting num providers for gps/gps_service
03-09 05:02:37.611 1537 2561 D CompatibilityInfo: mCompatibilityFlags - 4
03-09 05:02:37.611 1537 2561 D CompatibilityInfo: applicationDensity - 240
03-09 05:02:37.611 1537 2561 D CompatibilityInfo: applicationScale - 1.0
03-09 05:02:37.612 2619 2619 I QCCAuthMgr: BootReceiver - onReceive
03-09 05:02:37.612 2619 2619 I QCCAuthMgr: android.intent.action.LOCKED_BOOT_COMPLETED intent received
03-09 05:02:37.613 897 947 E PerMgrSrv: No such peripheral
03-09 05:02:37.613 829 917 E PerMgrLib: registar fail
03-09 05:02:37.613 829 917 E PerMgrLib: GPS failed to register for
03-09 05:02:37.613 829 917 E LocSvc_LBSProxy: modemPowerVote:321]: Error: pm_client_register returned: -1
03-09 05:02:37.613 2619 2619 D QCCAuthMgr: SMQContentProvider query uri: content://com.qti.smq.Feedback.provider/smq_settings, selection: key=?, uri_matcher: 1
03-09 05:02:37.613 2619 2619 D QCCAuthMgr: SMQContentProvider query tableName: smq_settings
03-09 05:02:37.614 2619 2619 I QCCAuthMgr: BootReceiver - db is not initial
03-09 05:02:37.615 1537 2561 D CompatibilityInfo: mCompatibilityFlags - 4
03-09 05:02:37.615 1537 2561 D CompatibilityInfo: applicationDensity - 240
03-09 05:02:37.615 1537 2561 D CompatibilityInfo: applicationScale - 1.0
03-09 05:02:37.615 897 947 E PerMgrSrv: No such peripheral
03-09 05:02:37.615 829 917 E PerMgrLib: registar fail
03-09 05:02:37.615 829 917 E PerMgrLib: GPS failed to register for
03-09 05:02:37.615 829 917 E LocSvc_LBSProxy: modemPowerVote:321]: Error: pm_client_register returned: -1
03-09 05:02:37.615 829 917 E Subscription: sSubscriptionCb NULL !
03-09 05:02:37.615 829 917 E Subscription: sSubscriptionCb NULL !
03-09 05:02:37.615 829 917 E Subscription: sSubscriptionCb NULL !
03-09 05:02:37.615 829 917 E Subscription: sSubscriptionCb NULL !
03-09 05:02:37.616 1389 1409 D LOWI-9.0.0.87.a: [MqClientIpcReciver] FROM: LOCATION-MQ
03-09 05:02:37.616 1389 1409 D LOWI-9.0.0.87.a: [MqClientIpcReciver] INFO: REGISTER-EVENT
03-09 05:02:37.616 1389 1409 D LOWI-9.0.0.87.a: [MqClientIpcReciver] TX-ID: 7
03-09 05:02:37.616 1389 1409 D LOWI-9.0.0.87.a: [MqClientIpcReciver] FROM: LOCATION-MQ
03-09 05:02:37.616 1389 1409 D LOWI-9.0.0.87.a: [MqClientIpcReciver] INFO: REGISTER-EVENT
03-09 05:02:37.616 1389 1409 D LOWI-9.0.0.87.a: [MqClientIpcReciver] TX-ID: 9
03-09 05:02:37.616 1389 1410 D LOWI-9.0.0.87.a: [LOWIEventReceiver] handleEvent:FROM:LOCATION-MQ, TO:LOWI-SERVER, REQ:NA, IREQ:NA, REQ_ID:0, RESP:NA, INFO:REGISTER-EVENT
03-09 05:02:37.616 1389 1410 D LOWI-9.0.0.87.a: [LOWIEventReceiver] Info to [REGISTER-EVENT]
03-09 05:02:37.616 2456 2456 I QCC:QDMAEmbargoesList: checkEmbargoesListFile
03-09 05:02:37.616 1389 1410 D LOWI-9.0.0.87.a: [LOWIEventReceiver] handleEvent:FROM:LOCATION-MQ, TO:LOWI-SERVER, REQ:NA, IREQ:NA, REQ_ID:0, RESP:NA, INFO:REGISTER-EVENT
03-09 05:02:37.616 1389 1410 D LOWI-9.0.0.87.a: [LOWIEventReceiver] Info to [REGISTER-EVENT]
03-09 05:02:37.616 1389 1409 D LOWI-9.0.0.87.a: [MqClientIpcReciver] FROM: FreeWifiScanObserver
03-09 05:02:37.616 1389 1409 D LOWI-9.0.0.87.a: [MqClientIpcReciver] REQ: LOWI_ASYNC_DISCOVERY_SCAN_RESULTS
03-09 05:02:37.616 829 2767 E IzatSvc_IzatManager: Exiting with error handleMsg line 569 "3"
03-09 05:02:37.616 829 2767 E IzatSvc_IzatManager: Exiting with error handleMsg line 569 "3"
03-09 05:02:37.616 1389 1410 D LOWI-9.0.0.87.a: [LOWIEventReceiver] handleEvent:FROM:FreeWifiScanObserver, TO:LOWI-SERVER, REQ:LOWI_ASYNC_DISCOVERY_SCAN_RESULTS, IREQ:NA, REQ_ID:0, RESP:NA, INFO:NA
03-09 05:02:37.616 1389 1410 I LOWI-9.0.0.87.a: [LOWIUtils] inPostcardToRequest - FROM: FreeWifiScanObserver, TO: LOWI-SERVER, REQ: LOWI_ASYNC_DISCOVERY_SCAN_RESULTS
03-09 05:02:37.616 1389 1410 D LOWI-9.0.0.87.a: [LOWIUtils] inPostcardToRequest - Request id(0) REQ_TIMEOUT(14400)
03-09 05:02:37.616 1389 1410 D LOWI-9.0.0.87.a: [LOWIController] _process: Request FreeWifiScanObserver_0 received, type(ASYNC_DISCOVERY_SCAN_RESULTS)
03-09 05:02:37.616 1389 1410 I LOWI-9.0.0.87.a: [LOWIDiagLog] is Logging Enabled for LOWI log code? :0
03-09 05:02:37.616 1389 1410 D LOWI-9.0.0.87.a: [LOWIBackgroundScanMgr] isReqForBgScanMgr: ASYNC_DISCOVERY_SCAN_RESULTS - not handled
03-09 05:02:37.616 1389 1410 D LOWI-9.0.0.87.a: [LOWIScheduler] manageMsg: Request: ASYNC_DISCOVERY_SCAN_RESULTS -- not handled
03-09 05:02:37.616 1389 1410 D LOWI-9.0.0.87.a: [LOWIController] addRequestToAsyncScanRequestList: Add request FreeWifiScanObserver_0 timeout(ms) = 1678323757616
03-09 05:02:37.616 1389 1410 D LOWI-9.0.0.87.a: [LOWIController] processRequest: Request FreeWifiScanObserver_0 added to async scan list
03-09 05:02:37.617 2456 2456 I QCC:QDMAEmbargoesList: QDMAEmbargoesIsDeviceInRegulatedArea regulated:false
03-09 05:02:37.617 2456 2456 I QCC:OptInOutHandler: getAppStatusOptInOut
03-09 05:02:37.618 2619 2640 D QCCAuthMgr: SMQContentProvider query uri: content://com.qti.smq.Feedback.provider/smq_settings, selection: key=?, uri_matcher: 1
03-09 05:02:37.618 2619 2640 D QCCAuthMgr: SMQContentProvider query tableName: smq_settings
03-09 05:02:37.619 2456 2456 I QCC:OptInOutHandler: getAppStatusOptInOut, ret = false
03-09 05:02:37.619 2456 2456 I QCC:OperationMode: readOpMode operationMode: 1
03-09 05:02:37.620 2456 2456 E QCC:OperationMode: isQDMAUIInstalled - non exist: android.content.pm.PackageManager$NameNotFoundException: com.qualcomm.qti.smq
03-09 05:02:37.620 2456 2456 I QCC:OperationMode: isQDMAUIInstalled : false
03-09 05:02:37.620 2456 2456 I QCC:Collector: calling forceDisableQdmaStatsD
03-09 05:02:37.620 2456 2456 I QCC:Collector: calling forceDisabledAllCollectors
03-09 05:02:37.620 2456 2456 I QCC:Collector: deleteDir: /data/misc/qdma/down/1 already disabled
03-09 05:02:37.622 2738 2771 D LocIDLClientBase: try to get LOCAIDL service
03-09 05:02:37.615 2731 2731 I init.qcom.post_: type=1400 audit(0.0:1011): avc: denied { add_name } for name="min_cpus" scontext=u:r:vendor_qti_init_shell:s0 tcontext=u:object_r:sysfs_devices_system_cpu:s0 tclass=dir permissive=1
03-09 05:02:37.615 2731 2731 I init.qcom.post_: type=1400 audit(0.0:1012): avc: denied { create } for name="min_cpus" scontext=u:r:vendor_qti_init_shell:s0 tcontext=u:object_r:sysfs_devices_system_cpu:s0 tclass=file permissive=1
03-09 05:02:37.619 2731 2731 I init.qcom.post_: type=1400 audit(0.0:1013): avc: denied { add_name } for name="governor" scontext=u:r:vendor_qti_init_shell:s0 tcontext=u:object_r:vendor_sysfs_devfreq:s0 tclass=dir permissive=1
03-09 05:02:37.622 508 508 E servicemanager: Could not find vendor.qti.gnss.ILocAidlGnss/default in the VINTF manifest.
03-09 05:02:37.619 2731 2731 I init.qcom.post_: type=1400 audit(0.0:1014): avc: denied { create } for name="governor" scontext=u:r:vendor_qti_init_shell:s0 tcontext=u:object_r:vendor_sysfs_devfreq:s0 tclass=file permissive=1
03-09 05:02:37.623 2738 2771 D LocIDLClientBase: LOCAIDL service not available
03-09 05:02:37.623 2456 2456 I QCC:OmaDMNative: qcc_hidl_update_vendor_dropbox(), path=/data/misc/qdma/down/1 isEnabled=0
03-09 05:02:37.623 2738 2771 D LocIDLClientBase: try to get 4.1 service
03-09 05:02:37.623 849 849 D QCC:qccvndhal: /data/vendor/qdma/down/1 is null
03-09 05:02:37.623 2456 2456 I QCC:OmaDMNative: qcc_hidl_update_vendor_dropbox() res=0
03-09 05:02:37.623 2456 2456 I QCC:Collector: deleteDir: /data/misc/qdma/down/3 already disabled
03-09 05:02:37.624 2456 2456 I QCC:OmaDMNative: qcc_hidl_update_vendor_dropbox(), path=/data/misc/qdma/down/3 isEnabled=0
03-09 05:02:37.619 2731 2731 I init.qcom.post_: type=1400 audit(0.0:1015): avc: denied { add_name } for name="pwr" scontext=u:r:vendor_qti_init_shell:s0 tcontext=u:object_r:sysfs:s0 tclass=dir permissive=1
03-09 05:02:37.619 2731 2731 I init.qcom.post_: type=1400 audit(0.0:1016): avc: denied { create } for name="pwr" scontext=u:r:vendor_qti_init_shell:s0 tcontext=u:object_r:sysfs:s0 tclass=file permissive=1
03-09 05:02:37.625 849 849 D QCC:qccvndhal: /data/vendor/qdma/down/3 is null
03-09 05:02:37.625 2456 2456 I QCC:OmaDMNative: qcc_hidl_update_vendor_dropbox() res=0
03-09 05:02:37.625 2456 2456 I QCC:Collector: deleteDir: /data/misc/qdma/down/1500 already disabled
03-09 05:02:37.625 2738 2771 D hw-ProcessState: Binder ioctl to enable oneway spam detection failed: Invalid argument
03-09 05:02:37.626 2456 2456 I QCC:OmaDMNative: qcc_hidl_update_vendor_dropbox(), path=/data/misc/qdma/down/1500 isEnabled=0
03-09 05:02:37.626 509 509 I hwservicemanager: getTransport: Cannot find entry vendor.qti.gnss@4.1::ILocHidlGnss/gnss_vendor in either framework or device VINTF manifest.
03-09 05:02:37.626 849 849 D QCC:qccvndhal: /data/vendor/qdma/down/1500 is null
03-09 05:02:37.626 2456 2456 I QCC:OmaDMNative: qcc_hidl_update_vendor_dropbox() res=0
03-09 05:02:37.626 2456 2456 I QCC:Collector: deleteDir: /data/misc/qdma/down/1504 already disabled
03-09 05:02:37.626 2738 2771 D LocIDLClientBase: NoSuchElementException: java.util.NoSuchElementException
03-09 05:02:37.626 2738 2771 D LocIDLClientBase: try to get 4.0 service
03-09 05:02:37.627 2738 2771 I android_os_HwBinder: HwBinder: Starting thread pool for getting: vendor.qti.gnss@4.0::ILocHidlGnss/gnss_vendor
03-09 05:02:37.628 2456 2456 I QCC:OmaDMNative: qcc_hidl_update_vendor_dropbox(), path=/data/misc/qdma/down/1504 isEnabled=0
03-09 05:02:37.628 849 849 D QCC:qccvndhal: /data/vendor/qdma/down/1504 is null
03-09 05:02:37.628 2456 2456 I QCC:OmaDMNative: qcc_hidl_update_vendor_dropbox() res=0
03-09 05:02:37.628 2456 2456 I QCC:Collector: deleteDir: /data/misc/qdma/down/6 already disabled
03-09 05:02:37.629 2456 2456 I QCC:OmaDMNative: qcc_hidl_update_vendor_dropbox(), path=/data/misc/qdma/down/6 isEnabled=0
03-09 05:02:37.629 849 849 D QCC:qccvndhal: /data/vendor/qdma/down/6 is null
01-01 08:00:13.838 0 0 I binder : 2738:2771 ioctl 40046210 71f9b16934 returned -22
03-09 05:02:37.629 2456 2456 I QCC:OmaDMNative: qcc_hidl_update_vendor_dropbox() res=0
03-09 05:02:37.629 2456 2456 I QCC:Collector: deleteDir: /data/misc/qdma/down/51 already disabled
03-09 05:02:37.629 2738 2738 E RilInfoMonitorAidlClient: ILocAidlGnss handle is null
03-09 05:02:37.630 2456 2456 I QCC:OmaDMNative: qcc_hidl_update_vendor_dropbox(), path=/data/misc/qdma/down/51 isEnabled=0
03-09 05:02:37.630 849 849 D QCC:qccvndhal: /data/vendor/qdma/down/51 is null
03-09 05:02:37.630 2456 2456 I QCC:OmaDMNative: qcc_hidl_update_vendor_dropbox() res=0
03-09 05:02:37.630 2456 2456 I QCC:Collector: deleteDir: /data/misc/qdma/down/102 already disabled
03-09 05:02:37.630 2456 2456 I QCC:Collector: deleteDir: /data/misc/qdma/down/104 already disabled
03-09 05:02:37.630 2456 2456 I QCC:Collector: deleteDir: /data/misc/qdma/down/1501 already disabled
03-09 05:02:37.630 2738 2738 D RilInfoMonitor: ILocHidlGnss.getService(), service = vendor.qti.gnss@4.0::ILocHidlGnss@Proxy
03-09 05:02:37.630 829 829 V LocSvc_HIDL_HidlGnss: [getExtensionLocHidlIzatSubscription_1_1][395] [HS] <<<<= [HC]
03-09 05:02:37.631 2456 2456 I QCC:OmaDMNative: qcc_hidl_update_vendor_dropbox(), path=/data/misc/qdma/down/1501 isEnabled=0
03-09 05:02:37.631 849 849 D QCC:qccvndhal: /data/vendor/qdma/down/1501 is null
03-09 05:02:37.631 2456 2456 I QCC:OmaDMNative: qcc_hidl_update_vendor_dropbox() res=0
03-09 05:02:37.631 2456 2456 I QCC:Collector: deleteDir: /data/misc/qdma/down/1502 already disabled
03-09 05:02:37.631 829 829 V LocSvc_HIDL_HidlGnss: [getExtensionLocHidlRilInfoMonitor][306] [HS] <<<<= [HC]
03-09 05:02:37.631 2456 2456 I QCC:OmaDMNative: qcc_hidl_update_vendor_dropbox(), path=/data/misc/qdma/down/1502 isEnabled=0
03-09 05:02:37.632 849 849 D QCC:qccvndhal: /data/vendor/qdma/down/1502 is null
03-09 05:02:37.632 2456 2456 I QCC:OmaDMNative: qcc_hidl_update_vendor_dropbox() res=0
03-09 05:02:37.632 2456 2456 I QCC:Collector: deleteDir: /data/misc/qdma/down/1503 already disabled
03-09 05:02:37.632 2738 2738 D RilInfoMonitor: getRilInfoMonitorIface, mRilInfoMonitor=vendor.qti.gnss@1.1::ILocHidlRilInfoMonitor@Proxy
03-09 05:02:37.633 2456 2456 I QCC:OmaDMNative: qcc_hidl_update_vendor_dropbox(), path=/data/misc/qdma/down/1503 isEnabled=0
03-09 05:02:37.633 829 829 V LocSvc_HIDL_IzatSubscription: [init][171] [HS] <<<<= [HC]
03-09 05:02:37.633 849 849 D QCC:qccvndhal: /data/vendor/qdma/down/1503 is null
03-09 05:02:37.633 829 829 V LocSvc_HIDL_IzatSubscription: [updateSubscribe][58] [HS] =>>>> [HC]
03-09 05:02:37.633 2456 2456 I QCC:OmaDMNative: qcc_hidl_update_vendor_dropbox() res=0
03-09 05:02:37.633 2456 2456 I QCC:OperationMode: bQDMAUIEnabled : false
03-09 05:02:37.637 2456 2456 I QCC:OperationMode: prepareProvisioned nProvisioned = 0
03-09 05:02:37.637 2738 2769 D OsAgent : [updateSubscribe][2914] [HC] <<= [HS]
03-09 05:02:37.638 2456 2456 I QCC:OperationMode: readOpMode operationMode: 1
03-09 05:02:37.638 829 829 V LocSvc_HIDL_IzatSubscription: [requestData][88] [HS] =>>>> [HC]
03-09 05:02:37.638 2456 2456 I QCC:OperationMode: DEVICE_PROVISIONED done or need to opmode as 3
03-09 05:02:37.638 886 1082 E ion : ioctl c0044901 failed with code -1: Inappropriate ioctl for device
03-09 05:02:37.638 2738 2769 D OsAgent : [requestData][2904] [HC] <<= [HS]
03-09 05:02:37.639 829 829 V LocSvc_HIDL_IzatSubscription: [updateSubscribe][58] [HS] =>>>> [HC]
03-09 05:02:37.639 886 1082 I sscrpcd : vendor/qcom/proprietary/adsprpc/src/mod_table.c:687: open_mod_table_open_from_static: reverse module apps_std opened with handle 0xa1cd39e8 (idx 0)
03-09 05:02:37.640 2456 2456 W ContextImpl: Calling a method in the system process without a qualified user: android.app.ContextImpl.startService:1816 android.content.ContextWrapper.startService:774 android.content.ContextWrapper.startService:774 com.qualcomm.qti.qdma.app.BootReceiver.onBootReceived:115 com.qualcomm.qti.innodme.InnoBootReceiver.onReceive:22
03-09 05:02:37.640 2738 2769 D OsAgent : [updateSubscribe][2914] [HC] <<= [HS]
03-09 05:02:37.640 829 829 V LocSvc_HIDL_RilInfoMonitor: [init][18] [HS] <<<<= [HC]
03-09 05:02:37.641 2738 2738 D RilInfoMonitor: RilInfoMonitorHidlClient hidl init
03-09 05:02:37.641 886 1082 W sscrpcd : vendor/qcom/proprietary/adsprpc/src/apps_std_imp.c:881: Warning: apps_std_fopen_with_env failed with 0x2 for .//lowi//lowi_lp.conf (No such file or directory)
03-09 05:02:37.642 1537 2561 D CompatibilityInfo: mCompatibilityFlags - 4
03-09 05:02:37.642 1537 2561 D CompatibilityInfo: applicationDensity - 240
03-09 05:02:37.642 1537 2561 D CompatibilityInfo: applicationScale - 1.0
03-09 05:02:37.644 2456 2788 I QCC:ActiveCareService: onStartCommand :Intent: Intent { act=com.qualcomm.qti.qdma.DEVICE_BOOTED cmp=com.qualcomm.qti.qdma/.app.ActiveCareService }
03-09 05:02:37.644 2456 2788 I QCC:ApplicationManager: isItDMSessionRecovery, Invoked.?
03-09 05:02:37.644 2456 2788 I QCC:ApplicationManager: isItDMSessionRecovery, return false.
03-09 05:02:37.644 2456 2788 I QCC:PeriodicCI: PeriodicCI.start()
03-09 05:02:37.644 2456 2788 I QCC:PeriodicCI: sw_ver is changed
03-09 05:02:37.645 2456 2788 I QCC:PeriodicCI: PeriodicCI.run() invoked, status=0, use wifi=false
03-09 05:02:37.645 2456 2788 I QCC:PeriodicCI: Starting Registration session...
03-09 05:02:37.645 2456 2788 W ContextImpl: Calling a method in the system process without a qualified user: android.app.ContextImpl.startService:1816 android.content.ContextWrapper.startService:774 com.qualcomm.qti.qdma.util.PeriodicCI.run:477 com.qualcomm.qti.qdma.util.PeriodicCI.start:390 com.qualcomm.qti.qdma.app.ActiveCareService$ProcessSessionRequest.run:457
03-09 05:02:37.645 1537 2561 D CompatibilityInfo: mCompatibilityFlags - 4
03-09 05:02:37.645 1537 2561 D CompatibilityInfo: applicationDensity - 240
03-09 05:02:37.645 1537 2561 D CompatibilityInfo: applicationScale - 1.0
03-09 05:02:37.646 2456 2790 I QCC:ActiveCareService: onStartCommand :Intent: Intent { act=com.qualcomm.qti.qdma.PERIODIC_CLIENT_INITIATED_REGISTRATION cmp=com.qualcomm.qti.qdma/.app.ActiveCareService }
03-09 05:02:37.647 2456 2790 I QCC:QDMAEmbargoesList: updateEmbargoesRequest
03-09 05:02:37.647 2456 2790 I QCC:QDMAEmbargoesList: makeRequest
03-09 05:02:37.648 2456 2790 I QCC:QDMAEmbargoesList: existEmbargoesReq
03-09 05:02:37.648 2456 2790 I QCC:QDMAEmbargoesList: existEmbargoesReq entryFile: /data/misc/qdma/down/100/100-1.0-EmbargoesList.key.0.req
03-09 05:02:37.648 2456 2790 I QCC:QDMAEmbargoesList: existEmbargoesReq existed request: /data/misc/qdma/down/100/100-1.0-EmbargoesList.key.0.req
03-09 05:02:37.648 2456 2790 I QCC:QDMAEmbargoesList: existEmbargoesReq ret: true
03-09 05:02:37.649 2456 2790 I QCC:UploaderPolicy: updateUploadPolicyRequest
03-09 05:02:37.649 2224 2224 D RCSService BC-Receiver: Boot Complete Event Received. Is IMS RCS Single Reg enabled0
03-09 05:02:37.649 2224 2224 D RCSService BC-Receiver: START RCS SERVICE ON BOOTUP
03-09 05:02:37.650 2456 2790 E QCC:OperationMode: isQDMAUIInstalled - non exist: android.content.pm.PackageManager$NameNotFoundException: com.qualcomm.qti.smq
03-09 05:02:37.650 2456 2790 I QCC:OperationMode: isQDMAUIInstalled : false
03-09 05:02:37.650 2456 2790 I QCC:Collector: calling forceDisableQdmaStatsD
03-09 05:02:37.650 2456 2790 I QCC:Collector: calling forceDisabledAllCollectors
03-09 05:02:37.650 2456 2790 I QCC:Collector: deleteDir: /data/misc/qdma/down/1 already disabled
03-09 05:02:37.650 2738 2769 D CompatibilityChangeReporter: Compat change id reported: 147600208; UID 10072; state: ENABLED
03-09 05:02:37.651 1537 2204 D CompatibilityInfo: mCompatibilityFlags - 4
03-09 05:02:37.651 1537 2204 D CompatibilityInfo: applicationDensity - 240
03-09 05:02:37.651 1537 2204 D CompatibilityInfo: applicationScale - 1.0
03-09 05:02:37.651 1537 1646 I IorapForwardingService: Connected to iorapd native service.
03-09 05:02:37.651 1537 2193 I LocationAccessPolicy: com.qualcomm.location is aware of fine but the app-ops permission is specifically denied.
03-09 05:02:37.653 2224 2224 I QRCSService: onCreate: Attempt to start service
03-09 05:02:37.653 2456 2790 I QCC:OmaDMNative: qcc_hidl_update_vendor_dropbox(), path=/data/misc/qdma/down/1 isEnabled=0
03-09 05:02:37.653 849 849 D QCC:qccvndhal: /data/vendor/qdma/down/1 is null
03-09 05:02:37.653 2456 2790 I QCC:OmaDMNative: qcc_hidl_update_vendor_dropbox() res=0
03-09 05:02:37.653 1537 2193 D CompatibilityChangeReporter: Compat change id reported: 135634846; UID 10085; state: DISABLED
03-09 05:02:37.653 2456 2790 I QCC:Collector: deleteDir: /data/misc/qdma/down/3 already disabled
03-09 05:02:37.654 1537 2193 D CompatibilityChangeReporter: Compat change id reported: 177438394; UID 10085; state: DISABLED
03-09 05:02:37.654 1537 2193 D CompatibilityChangeReporter: Compat change id reported: 135772972; UID 10085; state: DISABLED
03-09 05:02:37.654 1537 2193 D CompatibilityChangeReporter: Compat change id reported: 135754954; UID 10085; state: ENABLED
03-09 05:02:37.654 1537 1655 D CompatibilityChangeReporter: Compat change id reported: 143937733; UID 10085; state: ENABLED
03-09 05:02:37.655 2456 2790 I QCC:OmaDMNative: qcc_hidl_update_vendor_dropbox(), path=/data/misc/qdma/down/3 isEnabled=0
03-09 05:02:37.655 849 849 D QCC:qccvndhal: /data/vendor/qdma/down/3 is null
03-09 05:02:37.655 2456 2790 I QCC:OmaDMNative: qcc_hidl_update_vendor_dropbox() res=0
03-09 05:02:37.655 2456 2790 I QCC:Collector: deleteDir: /data/misc/qdma/down/1500 already disabled
03-09 05:02:37.656 2456 2790 I QCC:OmaDMNative: qcc_hidl_update_vendor_dropbox(), path=/data/misc/qdma/down/1500 isEnabled=0
03-09 05:02:37.656 849 849 D QCC:qccvndhal: /data/vendor/qdma/down/1500 is null
03-09 05:02:37.656 2456 2790 I QCC:OmaDMNative: qcc_hidl_update_vendor_dropbox() res=0
03-09 05:02:37.656 2456 2790 I QCC:Collector: deleteDir: /data/misc/qdma/down/1504 already disabled
03-09 05:02:37.657 2224 2224 D CompatibilityChangeReporter: Compat change id reported: 147600208; UID 1001; state: ENABLED
03-09 05:02:37.657 2456 2790 I QCC:OmaDMNative: qcc_hidl_update_vendor_dropbox(), path=/data/misc/qdma/down/1504 isEnabled=0
03-09 05:02:37.657 849 849 D QCC:qccvndhal: /data/vendor/qdma/down/1504 is null
03-09 05:02:37.657 2456 2790 I QCC:OmaDMNative: qcc_hidl_update_vendor_dropbox() res=0
03-09 05:02:37.657 2456 2790 I QCC:Collector: deleteDir: /data/misc/qdma/down/6 already disabled
03-09 05:02:37.658 1537 2561 D CompatibilityChangeReporter: Compat change id reported: 182478738; UID 1001; state: DISABLED
03-09 05:02:37.658 2456 2790 I QCC:OmaDMNative: qcc_hidl_update_vendor_dropbox(), path=/data/misc/qdma/down/6 isEnabled=0
03-09 05:02:37.658 849 849 D QCC:qccvndhal: /data/vendor/qdma/down/6 is null
03-09 05:02:37.658 2456 2790 I QCC:OmaDMNative: qcc_hidl_update_vendor_dropbox() res=0
03-09 05:02:37.658 2456 2790 I QCC:Collector: deleteDir: /data/misc/qdma/down/51 already disabled
03-09 05:02:37.659 2738 2769 D OsAgent : [string_dataitem_update][2980] [HC] =>> [HS]
03-09 05:02:37.659 829 829 V LocSvc_HIDL_IzatSubscription: [stringDataItemUpdate][283] [HS] <<<<= [HC]
03-09 05:02:37.659 2224 2224 I QRCSService: onCreate: isSimInserted[false]
03-09 05:02:37.660 2224 2224 I QRCSService: onStartCommand- Call
03-09 05:02:37.660 2456 2790 I QCC:OmaDMNative: qcc_hidl_update_vendor_dropbox(), path=/data/misc/qdma/down/51 isEnabled=0
03-09 05:02:37.660 849 849 D QCC:qccvndhal: /data/vendor/qdma/down/51 is null
03-09 05:02:37.660 1537 1644 V PackageManager: reconcileAppsData finished 135 packages
03-09 05:02:37.660 1537 1644 I ActivityManager: User 0 state changed from RUNNING_LOCKED to RUNNING_UNLOCKING
03-09 05:02:37.660 2456 2790 I QCC:OmaDMNative: qcc_hidl_update_vendor_dropbox() res=0
03-09 05:02:37.660 2224 2795 I QRCSService: start service isHidlServiceUp[false], isSimInserted[false], mHidlService is [false]
03-09 05:02:37.660 2224 2795 I QRCSService: Attempting to get HIDL-IUceService
03-09 05:02:37.660 2224 2795 D Aidl-shim UceServiceStub: getService start
03-09 05:02:37.660 2456 2790 I QCC:Collector: deleteDir: /data/misc/qdma/down/102 already disabled
03-09 05:02:37.660 1537 1644 D ActivityManager: Unlocking user 0 progress 20
03-09 05:02:37.660 2224 2795 D Aidl-shim UceServiceStub: Hal_2_3 bindToHal
03-09 05:02:37.660 2456 2790 I QCC:Collector: deleteDir: /data/misc/qdma/down/104 already disabled
03-09 05:02:37.660 1537 1644 W Looper : Slow dispatch took 133ms android.fg h=android.os.Handler c=com.android.server.am.UserController$$ExternalSyntheticLambda3@336b4ba m=0
03-09 05:02:37.660 2456 2790 I QCC:Collector: deleteDir: /data/misc/qdma/down/1501 already disabled
03-09 05:02:37.661 1537 1654 I SystemServerTimingAsync: ssm.UnlockingUser-0
03-09 05:02:37.659 2731 2731 I init.qcom.post_: type=1400 audit(0.0:1017): avc: denied { add_name } for name="sleep_disabled" scontext=u:r:vendor_qti_init_shell:s0 tcontext=u:object_r:vendor_sysfs_msm_power:s0 tclass=dir permissive=1
03-09 05:02:37.659 2731 2731 I init.qcom.post_: type=1400 audit(0.0:1018): avc: denied { create } for name="sleep_disabled" scontext=u:r:vendor_qti_init_shell:s0 tcontext=u:object_r:vendor_sysfs_msm_power:s0 tclass=file permissive=1
03-09 05:02:37.661 1537 1654 I SystemServiceManager: Calling onUnlockingUser 0
03-09 05:02:37.661 1537 1654 I SystemServerTimingAsync: ssm.onUnlockingUser-0_com.android.server.security.FileIntegrityService
03-09 05:02:37.661 1537 1654 I SystemServerTimingAsync: ssm.onUnlockingUser-0_com.android.server.pm.Installer
03-09 05:02:37.661 1537 1654 I SystemServerTimingAsync: ssm.onUnlockingUser-0_com.android.server.os.DeviceIdentifiersPolicyService
03-09 05:02:37.661 1537 1654 I SystemServerTimingAsync: ssm.onUnlockingUser-0_com.android.server.uri.UriGrantsManagerService$Lifecycle
03-09 05:02:37.661 1537 1654 I SystemServerTimingAsync: ssm.onUnlockingUser-0_com.android.server.powerstats.PowerStatsService
03-09 05:02:37.661 1537 1654 I SystemServerTimingAsync: ssm.onUnlockingUser-0_com.android.server.wm.ActivityTaskManagerService$Lifecycle
03-09 05:02:37.661 1537 1654 I SystemServerTimingAsync: ssm.onUnlockingUser-0_com.android.server.am.ActivityManagerService$Lifecycle
03-09 05:02:37.661 1537 1654 I SystemServerTimingAsync: ssm.onUnlockingUser-0_com.android.server.pm.DataLoaderManagerService
03-09 05:02:37.661 1537 1654 I SystemServerTimingAsync: ssm.onUnlockingUser-0_com.android.server.power.PowerManagerService
03-09 05:02:37.661 1537 1654 I SystemServerTimingAsync: ssm.onUnlockingUser-0_com.android.server.power.ThermalManagerService
03-09 05:02:37.661 1537 1654 I SystemServerTimingAsync: ssm.onUnlockingUser-0_com.android.server.power.hint.HintManagerService
03-09 05:02:37.661 1537 1654 I SystemServerTimingAsync: ssm.onUnlockingUser-0_com.android.server.recoverysystem.RecoverySystemService$Lifecycle
01-01 08:00:13.883 0 0 I binder : 2797:2797 ioctl 40046210 7ff4f779d4 returned -22
03-09 05:02:37.661 1537 1654 I SystemServerTimingAsync: ssm.onUnlockingUser-0_com.android.server.lights.LightsService
03-09 05:02:37.661 1537 1654 I SystemServerTimingAsync: ssm.onUnlockingUser-0_com.android.server.display.DisplayManagerService
03-09 05:02:37.661 1537 1655 I ActivityManager: Start proc 2797:com.qualcomm.qtil.aptxui/u0a85 for broadcast {com.qualcomm.qtil.aptxui/com.qualcomm.qtil.aptxui.aptxuiBootReceiver}
03-09 05:02:37.661 1537 1654 I SystemServerTimingAsync: ssm.onUnlockingUser-0_com.android.server.pm.verify.domain.DomainVerificationService
03-09 05:02:37.661 1537 1654 I SystemServerTimingAsync: ssm.onUnlockingUser-0_com.android.server.pm.PackageInstallerService$Lifecycle
03-09 05:02:37.661 1537 1654 I SystemServerTimingAsync: ssm.onUnlockingUser-0_com.android.server.pm.UserManagerService$LifeCycle
03-09 05:02:37.661 1537 1654 I SystemServerTimingAsync: ssm.onUnlockingUser-0_com.android.server.om.OverlayManagerService
03-09 05:02:37.661 1537 1654 I SystemServerTimingAsync: ssm.onUnlockingUser-0_com.android.server.SensorPrivacyService
03-09 05:02:37.661 1537 1654 I SystemServerTimingAsync: ssm.onUnlockingUser-0_com.android.server.thunderperf.ThunderBoostPerfService
03-09 05:02:37.662 1537 1654 I SystemServerTimingAsync: ssm.onUnlockingUser-0_com.android.server.sensors.SensorService
03-09 05:02:37.662 1537 1654 I SystemServerTimingAsync: ssm.onUnlockingUser-0_com.android.server.SystemConfigService
03-09 05:02:37.662 1537 1654 I SystemServerTimingAsync: ssm.onUnlockingUser-0_com.android.server.BatteryService
03-09 05:02:37.662 1537 1654 I SystemServerTimingAsync: ssm.onUnlockingUser-0_com.android.server.usage.UsageStatsService
03-09 05:02:37.662 1537 1654 I SystemServerTimingAsync: ssm.onUnlockingUser-0_com.android.server.webkit.WebViewUpdateService
03-09 05:02:37.662 1537 1654 I SystemServerTimingAsync: ssm.onUnlockingUser-0_com.android.server.CachedDeviceStateService
03-09 05:02:37.662 1537 1654 I SystemServerTimingAsync: ssm.onUnlockingUser-0_com.android.server.BinderCallsStatsService$LifeCycle
03-09 05:02:37.662 1537 1654 I SystemServerTimingAsync: ssm.onUnlockingUser-0_com.android.server.LooperStatsService$Lifecycle
03-09 05:02:37.662 1537 1654 I SystemServerTimingAsync: ssm.onUnlockingUser-0_com.android.server.rollback.RollbackManagerService
03-09 05:02:37.662 2456 2790 I QCC:OmaDMNative: qcc_hidl_update_vendor_dropbox(), path=/data/misc/qdma/down/1501 isEnabled=0
03-09 05:02:37.663 849 849 D QCC:qccvndhal: /data/vendor/qdma/down/1501 is null
03-09 05:02:37.663 2456 2790 I QCC:OmaDMNative: qcc_hidl_update_vendor_dropbox() res=0
03-09 05:02:37.663 2456 2790 I QCC:Collector: deleteDir: /data/misc/qdma/down/1502 already disabled
03-09 05:02:37.664 2224 2795 I android_os_HwBinder: HwBinder: Starting thread pool for getting: com.qualcomm.qti.uceservice@2.3::IUceService/com.qualcomm.qti.uceservice
03-09 05:02:37.664 2797 2797 I Zygote : seccomp disabled by setenforce 0
03-09 05:02:37.664 2224 2795 I QRCSService: Received HIDL-UCEService :VERSION_2_3
03-09 05:02:37.664 2224 2795 D Aidl-shim UceServiceStub: RCSStartRCSService setHidlUceService
03-09 05:02:37.665 2456 2786 I DrmHal : found instance=clearkey version=android.hardware.drm@1.3::IDrmFactory
03-09 05:02:37.665 2456 2786 I DrmHal : found instance=wfdhdcp version=android.hardware.drm@1.3::IDrmFactory
03-09 05:02:37.665 1226 1398 D HDCPManagerAdapter: getHDCPFactory get new Instance
03-09 05:02:37.665 1537 1654 I SystemServerTimingAsync: ssm.onUnlockingUser-0_com.android.server.os.NativeTombstoneManagerService
03-09 05:02:37.665 1537 1654 I SystemServerTimingAsync: ssm.onUnlockingUser-0_com.android.server.os.BugreportManagerService
03-09 05:02:37.665 1537 1654 I SystemServerTimingAsync: ssm.onUnlockingUser-0_com.android.server.gpu.GpuService
03-09 05:02:37.665 1537 1654 I SystemServerTimingAsync: ssm.onUnlockingUser-0_com.android.server.security.KeyChainSystemService
03-09 05:02:37.665 1537 1654 I SystemServerTimingAsync: ssm.onUnlockingUser-0_com.android.server.telecom.TelecomLoaderService
03-09 05:02:37.665 1537 1654 I SystemServerTimingAsync: ssm.onUnlockingUser-0_com.android.server.accounts.AccountManagerService$Lifecycle
03-09 05:02:37.666 1537 1654 I SystemServerTimingAsync: ssm.onUnlockingUser-0_com.android.server.content.ContentService$Lifecycle
03-09 05:02:37.666 1537 1654 I SystemServerTimingAsync: ssm.onUnlockingUser-0_com.android.server.DropBoxManagerService
03-09 05:02:37.666 1537 1654 I SystemServerTimingAsync: ssm.onUnlockingUser-0_com.android.role.RoleService
03-09 05:02:37.666 1537 1654 I SystemServerTimingAsync: ssm.onUnlockingUser-0_com.android.server.vibrator.VibratorManagerService$Lifecycle
03-09 05:02:37.666 1537 1654 I SystemServerTimingAsync: ssm.onUnlockingUser-0_com.android.server.alarm.AlarmManagerService
03-09 05:02:37.666 1537 1654 I SystemServerTimingAsync: ssm.onUnlockingUser-0_com.android.server.devicestate.DeviceStateManagerService
03-09 05:02:37.666 1537 1654 I SystemServerTimingAsync: ssm.onUnlockingUser-0_com.android.server.camera.CameraServiceProxy
03-09 05:02:37.666 1537 1654 I SystemServerTimingAsync: ssm.onUnlockingUser-0_com.android.server.BluetoothService
03-09 05:02:37.666 1537 1654 D BluetoothManagerService: User 0 unlocked
03-09 05:02:37.666 1537 1654 I SystemServerTimingAsync: ssm.onUnlockingUser-0_com.android.server.connectivity.IpConnectivityMetrics
03-09 05:02:37.666 1537 1654 I SystemServerTimingAsync: ssm.onUnlockingUser-0_com.android.server.net.watchlist.NetworkWatchlistService$Lifecycle
03-09 05:02:37.666 1537 1654 I SystemServerTimingAsync: ssm.onUnlockingUser-0_com.android.server.PinnerService
03-09 05:02:37.666 1537 1654 I SystemServerTimingAsync: ssm.onUnlockingUser-0_com.google.android.startop.iorap.IorapForwardingService
03-09 05:02:37.666 1537 1654 I SystemServerTimingAsync: ssm.onUnlockingUser-0_com.android.server.ActivityTriggerService
03-09 05:02:37.666 1537 1654 I SystemServerTimingAsync: ssm.onUnlockingUser-0_com.android.server.integrity.AppIntegrityManagerService
03-09 05:02:37.666 1537 1654 I SystemServerTimingAsync: ssm.onUnlockingUser-0_com.android.server.inputmethod.InputMethodManagerService$Lifecycle
03-09 05:02:37.666 1537 1654 I SystemServerTimingAsync: ssm.onUnlockingUser-0_com.android.server.accessibility.AccessibilityManagerService$Lifecycle
03-09 05:02:37.666 2456 2790 I QCC:OmaDMNative: qcc_hidl_update_vendor_dropbox(), path=/data/misc/qdma/down/1502 isEnabled=0
03-09 05:02:37.666 1537 1654 I SystemServerTimingAsync: ssm.onUnlockingUser-0_com.android.server.StorageManagerService$Lifecycle
03-09 05:02:37.666 849 849 D QCC:qccvndhal: /data/vendor/qdma/down/1502 is null
03-09 05:02:37.666 1537 1654 D StorageManagerService: onUnlockUser 0
03-09 05:02:37.666 2456 2790 I QCC:OmaDMNative: qcc_hidl_update_vendor_dropbox() res=0
03-09 05:02:37.666 1537 1654 I StorageSessionController: On user unlock 0
03-09 05:02:37.667 1537 1654 I StorageSessionController: Initialialising...
03-09 05:02:37.667 2456 2790 I QCC:Collector: deleteDir: /data/misc/qdma/down/1503 already disabled
03-09 05:02:37.667 1537 1646 D BluetoothManagerService: MESSAGE_USER_UNLOCKED
03-09 05:02:37.667 550 550 I vold : onUserStarted: 0
03-09 05:02:37.667 1226 1398 D HDCPManagerAdapter: getHDCPFactory got new Instance
03-09 05:02:37.667 1226 1398 W HDCPManagerAdapter: HDCPManagerAdapter::isHDCPAvailable 0
03-09 05:02:37.668 1226 1398 W HDCPManagerAdapter: HDCPManagerAdapter::isHDCPAvailable 0
03-09 05:02:37.668 1226 1398 W HDCPManagerAdapter: HDCPManagerAdapter::isHDCPAvailable 0
03-09 05:02:37.668 1226 1398 W HDCPManagerAdapter: HDCPManagerAdapter::isHDCPAvailable 0
03-09 05:02:37.668 2456 2786 E DrmHal : uuid=[edef8ba979d64ace a3c827dcd51d21ed] No supported hal instance found
03-09 05:02:37.668 2456 2790 I QCC:OmaDMNative: qcc_hidl_update_vendor_dropbox(), path=/data/misc/qdma/down/1503 isEnabled=0
03-09 05:02:37.668 2456 2786 E WidevineCollector: android.media.UnsupportedSchemeException: Failed to instantiate drm object: NO_INIT
03-09 05:02:37.668 2456 2786 E WidevineCollector: ============================== Beginning of DRM Plugin Log ==============================
03-09 05:02:37.668 2456 2786 E WidevineCollector:
03-09 05:02:37.665 I found instance=clearkey version=android.hardware.drm@1.3::IDrmFactory
03-09 05:02:37.668 2456 2786 E WidevineCollector:
03-09 05:02:37.665 I found instance=wfdhdcp version=android.hardware.drm@1.3::IDrmFactory
03-09 05:02:37.668 2456 2786 E WidevineCollector:
03-09 05:02:37.668 E uuid=[edef8ba979d64ace a3c827dcd51d21ed] No supported hal instance found
03-09 05:02:37.668 2456 2786 E WidevineCollector: ============================== End of DRM Plugin Log ==============================
03-09 05:02:37.668 2456 2786 E WidevineCollector: android.media.UnsupportedSchemeException: Failed to instantiate drm object: NO_INIT
03-09 05:02:37.668 2456 2786 E WidevineCollector: ============================== Beginning of DRM Plugin Log ==============================
03-09 05:02:37.668 2456 2786 E WidevineCollector:
03-09 05:02:37.665 I found instance=clearkey version=android.hardware.drm@1.3::IDrmFactory
03-09 05:02:37.668 2456 2786 E WidevineCollector:
03-09 05:02:37.665 I found instance=wfdhdcp version=android.hardware.drm@1.3::IDrmFactory
03-09 05:02:37.668 2456 2786 E WidevineCollector:
03-09 05:02:37.668 E uuid=[edef8ba979d64ace a3c827dcd51d21ed] No supported hal instance found
03-09 05:02:37.668 2456 2786 E WidevineCollector: ============================== End of DRM Plugin Log ==============================
03-09 05:02:37.668 2456 2786 E WidevineCollector: at android.media.MediaDrm.native_setup(Native Method)
03-09 05:02:37.668 2456 2786 E WidevineCollector: at android.media.MediaDrm.(MediaDrm.java:293)
03-09 05:02:37.668 2456 2786 E WidevineCollector: at com.qualcomm.qti.qdma.collector.WidevineCollector$1.run(WidevineCollector.java:81)
03-09 05:02:37.668 2456 2786 E WidevineCollector: at java.util.TimerThread.mainLoop(Timer.java:562)
03-09 05:02:37.668 2456 2786 E WidevineCollector: at java.util.TimerThread.run(Timer.java:512)
03-09 05:02:37.669 1537 1654 I SystemServerTimingAsync: ssm.onUnlockingUser-0_com.android.server.usage.StorageStatsService$Lifecycle
03-09 05:02:37.669 1537 1654 I SystemServerTimingAsync: ssm.onUnlockingUser-0_com.android.server.UiModeManagerService
03-09 05:02:37.669 1537 1654 I SystemServerTimingAsync: ssm.onUnlockingUser-0_com.android.server.locksettings.LockSettingsService$Lifecycle
03-09 05:02:37.669 1537 2145 V StorageManagerService: Found primary storage at VolumeInfo{emulated;0}:
03-09 05:02:37.669 1537 2145 V StorageManagerService: type=EMULATED diskId=null partGuid= mountFlags=0 mountUserId=0
03-09 05:02:37.669 1537 2145 V StorageManagerService: state=UNMOUNTED
03-09 05:02:37.669 1537 2145 V StorageManagerService: fsType=null fsUuid=null fsLabel=null
03-09 05:02:37.669 1537 2145 V StorageManagerService: path=null internalPath=null
03-09 05:02:37.669 1537 1934 I StorageManagerService: Mounting volume VolumeInfo{emulated;0}:
03-09 05:02:37.669 1537 1934 I StorageManagerService: type=EMULATED diskId=null partGuid= mountFlags=PRIMARY|VISIBLE
03-09 05:02:37.669 1537 1934 I StorageManagerService: mountUserId=0 state=UNMOUNTED
03-09 05:02:37.669 1537 1934 I StorageManagerService: fsType=null fsUuid=null fsLabel=null
03-09 05:02:37.669 1537 1934 I StorageManagerService: path=null internalPath=null
03-09 05:02:37.670 550 550 I vold : Executing sdcardfs
03-09 05:02:37.670 550 550 D vold : Waiting for sdcardfs to spin up...
