03-09 05:02:37.705 1219 1248 E tlogd : [StorageChecker](listDirFile) FileName is /data/tlog/persist/788_persist_00514_230309_050236.log
03-09 05:02:37.705 1219 1248 E tlogd : [StorageChecker](listDirFile) regular file
03-09 05:02:37.705 1219 1248 E tlogd : [StorageChecker](listDirFile) FileName is /data/tlog/persist/789_persist_00522_700101_080010.log
03-09 05:02:37.705 1219 1248 E tlogd : [StorageChecker](listDirFile) regular file
03-09 05:02:37.705 1219 1248 E tlogd : [StorageChecker](listDirFile) FileName is /data/tlog/persist/790_persist_00538_700101_080009.log
03-09 05:02:37.705 1219 1248 E tlogd : [StorageChecker](listDirFile) regular file
03-09 05:02:37.705 1219 1248 E tlogd : [StorageChecker](listDirFile) FileName is /data/tlog/persist/789_persist_00523_700101_080010.log
03-09 05:02:37.705 1219 1248 E tlogd : [StorageChecker](listDirFile) regular file
03-09 05:02:37.705 1219 1248 E tlogd : [StorageChecker](listDirFile) FileName is /data/tlog/persist/789_persist_00530_230309_050237.log
03-09 05:02:37.705 1219 1248 E tlogd : [StorageChecker](listDirFile) regular file
03-09 05:02:37.705 1219 1248 E tlogd : [StorageChecker](listDirFile) FileName is /data/tlog/persist/766_persist_00204_700101_080009.log
03-09 05:02:37.705 1219 1248 E tlogd : [StorageChecker](listDirFile) regular file
03-09 05:02:37.705 1219 1248 E tlogd : [StorageChecker](listDirFile) FileName is /data/tlog/persist/766_persist_00211_230309_050237.log
03-09 05:02:37.705 1219 1248 E tlogd : [StorageChecker](listDirFile) regular file
03-09 05:02:37.705 1219 1248 E tlogd : [StorageChecker](listDirFile) FileName is /data/tlog/persist/767_persist_00215_700101_080009.log
03-09 05:02:37.705 1219 1248 E tlogd : [StorageChecker](listDirFile) regular file
03-09 05:02:37.705 1219 1248 E tlogd : [StorageChecker](listDirFile) FileName is /data/tlog/persist/767_persist_00216_700101_080009.log
03-09 05:02:37.705 1219 1248 E tlogd : [StorageChecker](listDirFile) regular file
03-09 05:02:37.705 1219 1248 E tlogd : [StorageChecker](listDirFile) FileName is /data/tlog/persist/767_persist_00220_700101_080010.log
03-09 05:02:37.705 1219 1248 E tlogd : [StorageChecker](listDirFile) regular file
03-09 05:02:37.705 1219 1248 E tlogd : [StorageChecker](listDirFile) FileName is /data/tlog/persist/767_persist_00226_230309_050237.log
03-09 05:02:37.705 1219 1248 E tlogd : [StorageChecker](listDirFile) regular file
03-09 05:02:37.705 1219 1248 E tlogd : [StorageChecker](listDirFile) FileName is /data/tlog/persist/767_persist_00221_230309_050235.log
03-09 05:02:37.705 1219 1248 E tlogd : [StorageChecker](listDirFile) regular file
03-09 05:02:37.705 1219 1248 E tlogd : [StorageChecker](listDirFile) FileName is /data/tlog/persist/767_persist_00224_230309_050237.log
03-09 05:02:37.705 1219 1248 E tlogd : [StorageChecker](listDirFile) regular file
03-09 05:02:37.705 1219 1248 E tlogd : [StorageChecker](listDirFile) FileName is /data/tlog/persist/767_persist_00225_230309_050237.log
03-09 05:02:37.705 1219 1248 E tlogd : [StorageChecker](listDirFile) regular file
03-09 05:02:37.705 1219 1248 E tlogd : [StorageChecker](listDirFile) FileName is /data/tlog/persist/768_persist_00228_700101_080009.log
03-09 05:02:37.705 1219 1248 E tlogd : [StorageChecker](listDirFile) regular file
03-09 05:02:37.705 1219 1248 E tlogd : [StorageChecker](listDirFile) FileName is /data/tlog/persist/768_persist_00232_700101_080009.log
03-09 05:02:37.705 1219 1248 E tlogd : [StorageChecker](listDirFile) regular file
03-09 05:02:37.705 1219 1248 E tlogd : [StorageChecker](listDirFile) FileName is /data/tlog/persist/768_persist_00234_700101_080009.log
03-09 05:02:37.705 1219 1248 E tlogd : [StorageChecker](listDirFile) regular file
03-09 05:02:37.705 1219 1248 E tlogd : [StorageChecker](listDirFile) FileName is /data/tlog/persist/768_persist_00236_230309_050235.log
03-09 05:02:37.705 1219 1248 E tlogd : [StorageChecker](listDirFile) regular file
03-09 05:02:37.705 1219 1248 E tlogd : [StorageChecker](listDirFile) FileName is /data/tlog/persist/768_persist_00240_230309_050237.log
03-09 05:02:37.705 1219 1248 E tlogd : [StorageChecker](listDirFile) regular file
03-09 05:02:37.705 1219 1248 E tlogd : [StorageChecker](listDirFile) FileName is /data/tlog/persist/769_persist_00243_700101_080009.log
03-09 05:02:37.705 1219 1248 E tlogd : [StorageChecker](listDirFile) regular file
03-09 05:02:37.705 1219 1248 E tlogd : [StorageChecker](listDirFile) FileName is /data/tlog/persist/769_persist_00244_700101_080009.log
03-09 05:02:37.705 821 2594 D vendor.qti.bluetooth@1.0-patch_dl_manager: ReadHciEvent: Expected CC
03-09 05:02:37.705 1219 1248 E tlogd : [StorageChecker](listDirFile) regular file
03-09 05:02:37.705 1219 1248 E tlogd : [StorageChecker](listDirFile) FileName is /data/tlog/persist/769_persist_00248_700101_080009.log
03-09 05:02:37.705 1219 1248 E tlogd : [StorageChecker](listDirFile) regular file
03-09 05:02:37.705 1219 1248 E tlogd : [StorageChecker](listDirFile) FileName is /data/tlog/persist/769_persist_00250_230309_050235.log
03-09 05:02:37.705 1219 1248 E tlogd : [StorageChecker](listDirFile) regular file
03-09 05:02:37.705 1219 1248 E tlogd : [StorageChecker](listDirFile) FileName is /data/tlog/persist/769_persist_00254_230309_050237.log
03-09 05:02:37.705 1219 1248 E tlogd : [StorageChecker](listDirFile) regular file
03-09 05:02:37.705 1219 1248 E tlogd : [StorageChecker](listDirFile) FileName is /data/tlog/persist/771_persist_00275_700101_080009.log
03-09 05:02:37.705 1219 1248 E tlogd : [StorageChecker](listDirFile) regular file
03-09 05:02:37.705 1219 1248 E tlogd : [StorageChecker](listDirFile) FileName is /data/tlog/persist/771_persist_00278_230309_050235.log
03-09 05:02:37.705 1219 1248 E tlogd : [StorageChecker](listDirFile) regular file
03-09 05:02:37.705 1219 1248 E tlogd : [StorageChecker](listDirFile) FileName is /data/tlog/persist/771_persist_00279_230309_050236.log
03-09 05:02:37.705 1219 1248 E tlogd : [StorageChecker](listDirFile) regular file
03-09 05:02:37.705 1219 1248 E tlogd : [StorageChecker](listDirFile) FileName is /data/tlog/persist/772_persist_00287_700101_080009.log
03-09 05:02:37.705 1219 1248 E tlogd : [StorageChecker](listDirFile) regular file
03-09 05:02:37.705 1219 1248 E tlogd : [StorageChecker](listDirFile) FileName is /data/tlog/persist/771_persist_00282_230309_050237.log
03-09 05:02:37.705 1219 1248 E tlogd : [StorageChecker](listDirFile) regular file
03-09 05:02:37.705 1219 1248 E tlogd : [StorageChecker](listDirFile) FileName is /data/tlog/persist/772_persist_00284_700101_080009.log
03-09 05:02:37.705 1219 1248 E tlogd : [StorageChecker](listDirFile) regular file
03-09 05:02:37.705 1219 1248 E tlogd : [StorageChecker](listDirFile) FileName is /data/tlog/persist/772_persist_00289_700101_080009.log
03-09 05:02:37.705 1219 1248 E tlogd : [StorageChecker](listDirFile) regular file
03-09 05:02:37.705 1219 1248 E tlogd : [StorageChecker](listDirFile) FileName is /data/tlog/persist/772_persist_00288_700101_080009.log
03-09 05:02:37.705 1219 1248 E tlogd : [StorageChecker](listDirFile) regular file
03-09 05:02:37.705 1219 1248 E tlogd : [StorageChecker](listDirFile) FileName is /data/tlog/persist/772_persist_00290_700101_080010.log
03-09 05:02:37.705 1219 1248 E tlogd : [StorageChecker](listDirFile) regular file
03-09 05:02:37.705 1219 1248 E tlogd : [StorageChecker](listDirFile) FileName is /data/tlog/persist/772_persist_00293_230309_050236.log
03-09 05:02:37.705 1219 1248 E tlogd : [StorageChecker](listDirFile) regular file
03-09 05:02:37.705 1219 1248 E tlogd : [StorageChecker](listDirFile) FileName is /data/tlog/persist/772_persist_00295_230309_050238.log
03-09 05:02:37.705 1219 1248 E tlogd : [StorageChecker](listDirFile) regular file
03-09 05:02:37.705 1219 1248 E tlogd : [StorageChecker](listDirFile) FileName is /data/tlog/persist/774_persist_00318_230309_050235.log
03-09 05:02:37.705 1219 1248 E tlogd : [StorageChecker](listDirFile) regular file
03-09 05:02:37.705 1219 1248 E tlogd : [StorageChecker](listDirFile) FileName is /data/tlog/persist/774_persist_00319_230309_050235.log
03-09 05:02:37.705 1219 1248 E tlogd : [StorageChecker](listDirFile) regular file
03-09 05:02:37.705 1219 1248 E tlogd : [StorageChecker](listDirFile) FileName is /data/tlog/persist/774_persist_00321_230309_050236.log
03-09 05:02:37.705 1219 1248 E tlogd : [StorageChecker](listDirFile) regular file
03-09 05:02:37.705 1219 1248 E tlogd : [StorageChecker](listDirFile) FileName is /data/tlog/persist/774_persist_00323_230309_050237.log
03-09 05:02:37.705 1219 1248 E tlogd : [StorageChecker](listDirFile) regular file
03-09 05:02:37.705 1219 1248 E tlogd : [StorageChecker](listDirFile) FileName is /data/tlog/persist/775_persist_00326_700101_080009.log
03-09 05:02:37.705 1219 1248 E tlogd : [StorageChecker](listDirFile) regular file
03-09 05:02:37.705 1219 1248 E tlogd : [StorageChecker](listDirFile) FileName is /data/tlog/persist/775_persist_00330_700101_080009.log
03-09 05:02:37.705 1219 1248 E tlogd : [StorageChecker](listDirFile) regular file
03-09 05:02:37.705 1219 1248 E tlogd : [StorageChecker](listDirFile) FileName is /data/tlog/persist/775_persist_00329_700101_080009.log
03-09 05:02:37.706 1537 2001 E BackupPasswordManager: Unable to read backup pw version
03-09 05:02:37.706 821 2594 D vendor.qti.bluetooth@1.0-patch_dl_manager: ReadHciEvent: Expected CC
03-09 05:02:37.706 1537 2001 E BackupPasswordManager: Unable to read saved backup pw hash
03-09 05:02:37.707 821 2594 D vendor.qti.bluetooth@1.0-patch_dl_manager: ReadHciEvent: Expected CC
03-09 05:02:37.708 2823 2823 W om.hht.lebocas: Using default instruction set features for ARM CPU variant (cortex-a9) using conservative defaults
03-09 05:02:37.708 821 2594 D vendor.qti.bluetooth@1.0-patch_dl_manager: ReadHciEvent: Expected CC
03-09 05:02:37.708 509 509 I hwservicemanager: Since vendor.qti.hardware.iop@2.0::IIop/default is not registered, trying to start it as a lazy HAL.
03-09 05:02:37.709 1537 2819 E TaskPersister: File error accessing recents directory (directory doesn't exist?).
03-09 05:02:37.709 1537 2819 E TaskPersister: File error accessing recents directory (directory doesn't exist?).
03-09 05:02:37.709 1219 1248 E tlogd : [StorageChecker](listDirFile) regular file
03-09 05:02:37.709 1219 1248 E tlogd : [StorageChecker](listDirFile) FileName is /data/tlog/persist/982_persist_00001_700101_080009.log
03-09 05:02:37.709 1219 1248 E tlogd : [StorageChecker](listDirFile) regular file
03-09 05:02:37.709 1219 1248 E tlogd : [StorageChecker](listDirFile) FileName is /data/tlog/persist/787_persist_00496_700101_080010.log
01-01 08:00:13.925 0 0 I binder : 2823:2823 ioctl 40046210 ffb0d048 returned -22
03-09 05:02:37.710 821 2594 D vendor.qti.bluetooth@1.0-patch_dl_manager: ReadHciEvent: Expected CC
03-09 05:02:37.710 677 677 D Zygote : Forked child process 2834
03-09 05:02:37.711 821 2594 D vendor.qti.bluetooth@1.0-patch_dl_manager: ReadHciEvent: Expected CC
03-09 05:02:37.711 548 560 D DrmLibTime: got the req here! ret=0
03-09 05:02:37.711 548 560 D DrmLibTime: command id, time_cmd_id = 770
03-09 05:02:37.711 548 560 D DrmLibTime: time_getutcsec starts!
03-09 05:02:37.711 548 560 D DrmLibTime: QSEE Time Listener: time_getutcsec
03-09 05:02:37.711 548 560 D DrmLibTime: QSEE Time Listener: get_utc_seconds
03-09 05:02:37.711 548 560 D DrmLibTime: QSEE Time Listener: time_get_modem_time
03-09 05:02:37.711 548 560 D DrmLibTime: QSEE Time Listener: Checking if ATS_MODEM is set or not.
03-09 05:02:37.711 548 560 D QC-time-services: Lib:time_genoff_operation: pargs->base = 13
03-09 05:02:37.711 548 560 D QC-time-services: Lib:time_genoff_operation: pargs->operation = 2
03-09 05:02:37.711 548 560 D QC-time-services: Lib:time_genoff_operation: pargs->ts_val = 0
03-09 05:02:37.711 548 560 D QC-time-services: Lib:time_genoff_operation: Send to server passed!!
03-09 05:02:37.711 1537 2561 D CompatibilityChangeReporter: Compat change id reported: 168419799; UID 1000; state: DISABLED
03-09 05:02:37.711 651 896 D QC-time-services: Daemon: Connection accepted:time_genoff
03-09 05:02:37.711 1537 2561 D CompatibilityInfo: mCompatibilityFlags - 4
03-09 05:02:37.711 1537 2561 D CompatibilityInfo: applicationDensity - 240
03-09 05:02:37.711 1537 2561 D CompatibilityInfo: applicationScale - 1.0
03-09 05:02:37.712 1537 2561 I ActivityTaskManager: FOREGROUND_APPLICATION_CHANGED to com.android.provision.DefaultActivity
03-09 05:02:37.712 821 2594 D vendor.qti.bluetooth@1.0-patch_dl_manager: ReadHciEvent: Expected CC
03-09 05:02:37.712 2823 2823 D ProcessState: Binder ioctl to enable oneway spam detection failed: Invalid argument
03-09 05:02:37.713 821 2594 D vendor.qti.bluetooth@1.0-patch_dl_manager: ReadHciEvent: Expected CC
03-09 05:02:37.713 2834 2834 I Zygote : seccomp disabled by setenforce 0
03-09 05:02:37.714 2456 2790 I QCC:PeriodicCI: >> startConnectionChangeListener()
03-09 05:02:37.714 1537 1644 D CompatibilityInfo: mCompatibilityFlags - 4
03-09 05:02:37.714 1537 1644 D CompatibilityInfo: applicationDensity - 240
03-09 05:02:37.714 1537 1644 D CompatibilityInfo: applicationScale - 1.0
03-09 05:02:37.714 509 2832 W libc : Unable to set property "ctl.interface_start" to "vendor.qti.hardware.iop@2.0::IIop/default": error code: 0x20
03-09 05:02:37.714 509 2832 I hwservicemanager: Tried to start vendor.qti.hardware.iop@2.0::IIop/default as a lazy service, but was unable to. Usually this happens when a service is not installed, but if the service is intended to be used as a lazy service, then it may be configured incorrectly.
03-09 05:02:37.714 651 2837 D QC-time-services: Daemon:Received base = 13, unit = 1, operation = 2,value = 0
03-09 05:02:37.714 651 2837 D QC-time-services: Daemon:genoff_opr: Base = 13, val = 0, operation = 2
03-09 05:02:37.714 651 2837 D QC-time-services: offset is: 0 for base: 13
03-09 05:02:37.714 548 560 E QC-time-services: Receive Passed == base = 13, unit = 1, operation = 2, result = 0
03-09 05:02:37.714 548 560 D DrmLibTime: QSEE Time Listener: ATS_MODEM is not set. Fallback to Android system time.
03-09 05:02:37.714 548 560 D DrmLibTime: QSEE Time Listener: Retrieved Android system time: 1678309357
03-09 05:02:37.714 548 560 D DrmLibTime: time_getutcsec returns 0, sec = 1678309357; nsec = 0
03-09 05:02:37.714 548 560 D DrmLibTime: time_getutcsec finished!
03-09 05:02:37.714 548 560 D DrmLibTime: iotcl_continue_command finished! and return 0
03-09 05:02:37.714 548 560 D DrmLibTime: before calling ioctl to read the next time_cmd
03-09 05:02:37.714 821 2594 D vendor.qti.bluetooth@1.0-patch_dl_manager: ReadHciEvent: Expected CC
03-09 05:02:37.715 2738 2738 D IzatProvider: getNetworkProvider
03-09 05:02:37.715 821 2594 D vendor.qti.bluetooth@1.0-patch_dl_manager: ReadHciEvent: Expected CC
03-09 05:02:37.715 2738 2738 D IzatProvider: getNetworkProvider finish
03-09 05:02:37.716 2738 2738 D IzatProvider_network: location provider loaded
03-09 05:02:37.716 651 896 E QC-time-services: Daemon: Time-services: Waiting to acceptconnection
03-09 05:02:37.716 829 829 V LocSvc_HIDL_HidlGnss: [getExtensionLocHidlIzatNetworkProvider][266] [HS] <<<<= [HC]
03-09 05:02:37.717 829 829 V LocSvc_HIDL_IzatProvider: [init][138] [HS] <<<<= [HC]
03-09 05:02:37.717 821 2594 D vendor.qti.bluetooth@1.0-patch_dl_manager: ReadHciEvent: Expected CC
03-09 05:02:37.717 821 2594 D vendor.qti.bluetooth@1.0-patch_dl_manager: TlvDnldReq: Updating seg len to 236 as last segment
03-09 05:02:37.717 1537 1655 I ActivityManager: Start proc 2834:ts.car.uart/u0a56 for added application ts.car.uart
03-09 05:02:37.718 2738 2769 D XTProxy : XTProxy ctor
03-09 05:02:37.718 2738 2769 E XTProxy : XTProxy binderDied
01-01 08:00:13.933 0 0 I binder : 2834:2834 ioctl 40046210 7ff4f779d4 returned -22
01-01 08:00:13.935 0 0 I : read descriptors
01-01 08:00:13.935 0 0 I : read strings
03-09 05:02:37.719 1537 1644 I ServiceWatcher: [fused] disconnected from 1000/com.android.location.fused/.FusedLocationService@0
03-09 05:02:37.720 550 550 I vold : Mounting emulated fuse volume
03-09 05:02:37.721 2834 2834 D ProcessState: Binder ioctl to enable oneway spam detection failed: Invalid argument
03-09 05:02:37.721 2826 2826 I adbd : persist.adb.watchdog set to ''
03-09 05:02:37.721 2826 2826 I adbd : persist.sys.test_harness set to ''
03-09 05:02:37.721 2826 2826 I adbd : adb watchdog timeout set to 600 seconds
03-09 05:02:37.722 2826 2826 I adbd : Setup mdns on port= 5555
03-09 05:02:37.722 2826 2826 I adbd : adbd listening on tcp:5555
03-09 05:02:37.722 1537 1647 D CompatibilityInfo: mCompatibilityFlags - 4
03-09 05:02:37.722 1537 1647 D CompatibilityInfo: applicationDensity - 240
03-09 05:02:37.722 2826 2826 I adbd : adbd listening on vsock:5555
03-09 05:02:37.722 1537 1647 D CompatibilityInfo: applicationScale - 1.0
03-09 05:02:37.722 2826 2826 I adbd : adbd started
03-09 05:02:37.722 2826 2862 I adbd : opening control endpoint /dev/usb-ffs/adb/ep0
03-09 05:02:37.722 2826 2860 I adbd : Waiting for persist.adb.tls_server.enable=1
03-09 05:02:37.726 677 677 D Zygote : Forked child process 2868
03-09 05:02:37.728 2826 2862 I adbd : UsbFfsConnection constructed
03-09 05:02:37.729 2826 2870 I adbd : UsbFfs-monitor thread spawned
03-09 05:02:37.729 550 550 I vold : Bind mounting /mnt/runtime/full/emulated to /mnt/pass_through/0/emulated
03-09 05:02:37.730 1537 1934 I StorageSessionController: On volume mount VolumeInfo{emulated;0}:
03-09 05:02:37.730 1537 1934 I StorageSessionController: type=EMULATED diskId=null partGuid= mountFlags=PRIMARY|VISIBLE
03-09 05:02:37.730 1537 1934 I StorageSessionController: mountUserId=0 state=CHECKING
03-09 05:02:37.730 1537 1934 I StorageSessionController: fsType=null fsUuid=null fsLabel=null
03-09 05:02:37.730 1537 1934 I StorageSessionController: path=/storage/emulated internalPath=/data/media
03-09 05:02:37.730 2868 2868 I Zygote : seccomp disabled by setenforce 0
03-09 05:02:37.730 1537 1644 D CompatibilityInfo: mCompatibilityFlags - 4
03-09 05:02:37.730 1537 1644 D CompatibilityInfo: applicationDensity - 240
03-09 05:02:37.730 1537 1644 D CompatibilityInfo: applicationScale - 1.0
03-09 05:02:37.730 1537 1934 I StorageSessionController: Creating connection for user: 0
03-09 05:02:37.731 1537 1934 I StorageSessionController: Creating and starting session with id: emulated;0
03-09 05:02:37.731 2456 2790 I QCC:PeriodicCI: -- Waiting for WiFi for up to 172800seconds
03-09 05:02:37.731 1537 1934 I StorageUserConnection: Binding to the ExternalStorageService for user 0
03-09 05:02:37.734 1537 2561 D CompatibilityChangeReporter: Compat change id reported: 135634846; UID 10074; state: DISABLED
03-09 05:02:37.734 1537 2561 D CompatibilityChangeReporter: Compat change id reported: 177438394; UID 10074; state: DISABLED
03-09 05:02:37.734 1537 2561 D CompatibilityChangeReporter: Compat change id reported: 135772972; UID 10074; state: DISABLED
03-09 05:02:37.734 1537 2561 D CompatibilityChangeReporter: Compat change id reported: 135754954; UID 10074; state: ENABLED
01-01 08:00:13.948 0 0 I init : qssi copy & sync /metadata/vold/metadata_encryption/key/encrypted_key to /persist/key/encrypted_key_bak: No such file or directory
03-09 05:02:37.734 2738 2769 D XTProxy : setNppLoaded
03-09 05:02:37.734 911 911 I BpBinder: onLastStrongRef automatically unlinking death recipients:
03-09 05:02:37.736 1537 1990 D CompatibilityChangeReporter: Compat change id reported: 168419799; UID 10084; state: DISABLED
03-09 05:02:37.736 1537 1990 D CompatibilityInfo: mCompatibilityFlags - 4
03-09 05:02:37.736 1537 1990 D CompatibilityInfo: applicationDensity - 240
03-09 05:02:37.736 1537 1990 D CompatibilityInfo: applicationScale - 1.0
03-09 05:02:37.739 2868 2868 D ProcessState: Binder ioctl to enable oneway spam detection failed: Invalid argument
03-09 05:02:37.741 2826 2866 I adbd : jdwp connection from 2868
03-09 05:02:37.741 2797 2797 I Perf : Connecting to perf service.
01-01 08:00:13.952 0 0 I binder : 2868:2868 ioctl 40046210 7ff4f779d4 returned -22
03-09 05:02:37.742 1537 2001 V BackupManagerService: [UserID:0] No ancestral data
03-09 05:02:37.742 1537 1990 D CompatibilityChangeReporter: Compat change id reported: 181136395; UID 1000; state: DISABLED
03-09 05:02:37.743 1537 1990 D CompatibilityChangeReporter: Compat change id reported: 174042936; UID 1000; state: DISABLED
03-09 05:02:37.739 548 548 I qseecomd: type=1400 audit(0.0:1019): avc: denied { open } for path="/" dev="dm-5" ino=2 scontext=u:r:tee:s0 tcontext=u:object_r:rootfs:s0 tclass=dir permissive=1
01-01 08:00:13.959 0 0 I init : qssi copy & sync /metadata/vold/metadata_encryption/key/keymaster_key_blob to /persist/key/keymaster_key_blob_bak: No such file or directory
03-09 05:02:37.744 1537 1644 I ServiceWatcher: [network] connected to {com.qualcomm.location/com.qualcomm.location.izatprovider.NetworkLocationService}
03-09 05:02:37.744 1537 1655 W ActivityManager: Slow operation: 62ms so far, now at startProcess: done updating battery stats
03-09 05:02:37.745 1537 1655 W ActivityManager: Slow operation: 62ms so far, now at startProcess: building log message
03-09 05:02:37.745 1537 1655 I ActivityManager: Start proc 2868:com.hryt.hiphishowfsecontrol/1000 for added application com.hryt.hiphishowfsecontrol
03-09 05:02:37.745 1537 1655 W ActivityManager: Slow operation: 62ms so far, now at startProcess: starting to update pids map
03-09 05:02:37.745 1537 1655 W ActivityManager: Slow operation: 62ms so far, now at startProcess: done updating pids map
03-09 05:02:37.745 1537 1655 W ActivityManager: Slow operation: 62ms so far, now at startProcess: asking zygote to start proc
03-09 05:02:37.745 1537 1655 D CompatibilityChangeReporter: Compat change id reported: 143937733; UID 10057; state: ENABLED
03-09 05:02:37.745 2738 2738 D IzatProvider: getFusedProvider
03-09 05:02:37.745 2823 2823 D CompatibilityChangeReporter: Compat change id reported: 171979766; UID 10084; state: ENABLED
03-09 05:02:37.745 2738 2738 D IzatProvider: getFusedProvider finish
03-09 05:02:37.745 2738 2738 D IzatProvider_fused: location provider loaded
03-09 05:02:37.751 1537 1934 D CompatibilityChangeReporter: Compat change id reported: 135634846; UID 10091; state: DISABLED
03-09 05:02:37.751 1537 1934 D CompatibilityChangeReporter: Compat change id reported: 177438394; UID 10091; state: DISABLED
03-09 05:02:37.751 1537 1934 D CompatibilityChangeReporter: Compat change id reported: 135772972; UID 10091; state: DISABLED
03-09 05:02:37.751 1537 1934 D CompatibilityChangeReporter: Compat change id reported: 135754954; UID 10091; state: ENABLED
03-09 05:02:37.751 1537 1934 I StorageUserConnection: Bound to the ExternalStorageService for user 0
03-09 05:02:37.747 2731 2731 I init.qcom.post_: type=1400 audit(0.0:1020): avc: denied { add_name } for name="min_score_adj" scontext=u:r:vendor_qti_init_shell:s0 tcontext=u:object_r:vendor_sysfs_process_reclaim:s0 tclass=dir permissive=1
03-09 05:02:37.747 2731 2731 I init.qcom.post_: type=1400 audit(0.0:1021): avc: denied { create } for name="min_score_adj" scontext=u:r:vendor_qti_init_shell:s0 tcontext=u:object_r:vendor_sysfs_process_reclaim:s0 tclass=file permissive=1
01-01 08:00:13.966 0 0 I init : qssi copy & sync /metadata/vold/metadata_encryption/key/secdiscardable to /persist/key/secdiscardable_bak: No such file or directory
03-09 05:02:37.752 2738 2769 D IzatProvider_network: [onEnableProvider][671] [HC] =>> [HS]
03-09 05:02:37.752 829 829 V LocSvc_HIDL_IzatProvider: [onEnable][169] [HS] <<<<= [HC]
03-09 05:02:37.753 1537 2872 D CompatibilityInfo: mCompatibilityFlags - 4
03-09 05:02:37.753 1537 2872 D CompatibilityInfo: applicationDensity - 240
03-09 05:02:37.753 1537 2872 D CompatibilityInfo: applicationScale - 1.0
03-09 05:02:37.753 829 829 V LocSvc_HIDL_HidlGnss: [getExtensionLocHidlFlpService_4_0][512] [HS] <<<<= [HC]
03-09 05:02:37.754 829 829 V LocSvc_HIDL_HidlGnss: [getExtensionLocHidlFlpService_4_0][512] [HS] <<<<= [HC]
03-09 05:02:37.754 2797 2797 V GraphicsEnvironment: ANGLE Developer option for 'com.qualcomm.qtil.aptxui' set to: 'default'
03-09 05:02:37.754 829 829 V LocSvc_HIDL_FlpService: [init_4_0][122] [HS] <<<<= [HC]
03-09 05:02:37.755 2797 2797 V GraphicsEnvironment: ANGLE GameManagerService for com.qualcomm.qtil.aptxui: false
03-09 05:02:37.756 2797 2797 D NetworkSecurityConfig: No Network Security Config specified, using platform default
03-09 05:02:37.756 2868 2868 D CompatibilityChangeReporter: Compat change id reported: 171979766; UID 1000; state: ENABLED
03-09 05:02:37.756 2797 2797 D NetworkSecurityConfig: No Network Security Config specified, using platform default
03-09 05:02:37.758 677 677 D Zygote : Forked child process 2895
03-09 05:02:37.758 1537 1655 W ActivityManager: Slow operation: 76ms so far, now at startProcess: returned from zygote!
03-09 05:02:37.759 1537 2816 V BackupManagerConstants: getKeyValueBackupIntervalMilliseconds(...) returns 14400000
03-09 05:02:37.759 1537 2816 V BackupManagerConstants: getKeyValueBackupFuzzMilliseconds(...) returns 600000
03-09 05:02:37.759 1537 2816 V BackupManagerConstants: getKeyValueBackupRequiredNetworkType(...) returns 1
03-09 05:02:37.759 1537 2816 V BackupManagerConstants: getKeyValueBackupRequireCharging(...) returns true
03-09 05:02:37.759 1537 2816 V KeyValueBackupJob: Scheduling k/v pass in 243 minutes
03-09 05:02:37.759 1537 2816 D ConnectivityService: requestNetwork for uid/pid:1000/1537 activeRequest: null callbackRequest: 26 [NetworkRequest [ REQUEST id=27, [ Capabilities: INTERNET&NOT_RESTRICTED&TRUSTED&NOT_VCN_MANAGED Uid: 1000 RequestorUid: 1000 RequestorPkg: android] ]] callback flags: 0 priority: 2147483647
03-09 05:02:37.760 1537 1978 D ConnectivityService: NetReassign [no changes]
03-09 05:02:37.760 1537 2018 D Ethernet: got request NetworkRequest [ REQUEST id=27, [ Capabilities: INTERNET&NOT_RESTRICTED&TRUSTED&NOT_VCN_MANAGED Uid: 1000 RequestorUid: 1000 RequestorPkg: android] ]
03-09 05:02:37.760 1537 2018 D EthernetNetworkFactory: acceptRequest, request: NetworkRequest [ REQUEST id=27, [ Capabilities: INTERNET&NOT_RESTRICTED&TRUSTED&NOT_VCN_MANAGED Uid: 1000 RequestorUid: 1000 RequestorPkg: android] ]
03-09 05:02:37.760 1537 2018 I EthernetNetworkFactory: networkForRequest, request: NetworkRequest [ REQUEST id=27, [ Capabilities: INTERNET&NOT_RESTRICTED&TRUSTED&NOT_VCN_MANAGED Uid: 1000 RequestorUid: 1000 RequestorPkg: android] ], network: null
03-09 05:02:37.760 2797 2797 I aptxuiApplication: mQssEnabled: false
03-09 05:02:37.760 2797 2797 I aptxuiApplication: aptxui (aptX UI app) Version Name: 4.0.6
03-09 05:02:37.760 2797 2797 I aptxuiApplication: aptxui (aptX UI app) Package Name: com.qualcomm.qtil.aptxui
03-09 05:02:37.760 2738 2769 D EsStatusReceiver: LOCHIDL version is lower than 4.1, or use LOCAIDL, initialize AFW client
03-09 05:02:37.760 2797 2797 D aptxuiApplication: creation complete
03-09 05:02:37.761 1537 2145 D CompatibilityChangeReporter: Compat change id reported: 168419799; UID 10056; state: DISABLED
03-09 05:02:37.761 1537 2145 D CompatibilityInfo: mCompatibilityFlags - 4
03-09 05:02:37.761 1537 2145 D CompatibilityInfo: applicationDensity - 240
03-09 05:02:37.761 1537 2145 D CompatibilityInfo: applicationScale - 1.0
03-09 05:02:37.765 2895 2895 I Zygote : seccomp disabled by setenforce 0
03-09 05:02:37.767 2834 2834 D CompatibilityChangeReporter: Compat change id reported: 171979766; UID 10056; state: DISABLED
03-09 05:02:37.767 1537 1655 W ActivityManager: Slow operation: 85ms so far, now at startProcess: done updating battery stats
03-09 05:02:37.767 1537 1655 W ActivityManager: Slow operation: 85ms so far, now at startProcess: building log message
03-09 05:02:37.767 1537 1655 I ActivityManager: Start proc 2895:.pasr/u0a57 for added application .pasr
03-09 05:02:37.767 1537 1655 W ActivityManager: Slow operation: 85ms so far, now at startProcess: starting to update pids map
03-09 05:02:37.768 1537 1644 I ServiceWatcher: [fused] connected to {com.qualcomm.location/com.qualcomm.location.izatprovider.FusedLocationService}
03-09 05:02:37.768 1537 1655 W ActivityManager: Slow operation: 86ms so far, now at startProcess: done updating pids map
03-09 05:02:37.768 1537 1655 W ActivityManager: Slow operation: 85ms so far, now at startProcess: asking zygote to start proc
03-09 05:02:37.768 1537 1655 D CompatibilityChangeReporter: Compat change id reported: 143937733; UID 10070; state: DISABLED
03-09 05:02:37.769 1537 1573 D CompatibilityChangeReporter: Compat change id reported: 157233955; UID 10072; state: DISABLED
03-09 05:02:37.773 1537 2189 D ConnectivityService: requestNetwork for uid/pid:1000/2456 activeRequest: null callbackRequest: 28 [NetworkRequest [ REQUEST id=29, [ Capabilities: INTERNET&NOT_RESTRICTED&TRUSTED&NOT_VCN_MANAGED Uid: 1000 RequestorUid: 1000 RequestorPkg: com.qualcomm.qti.qdma] ]] callback flags: 0 priority: 2147483647
03-09 05:02:37.773 1537 2193 D CompatibilityInfo: mCompatibilityFlags - 4
03-09 05:02:37.774 1537 2193 D CompatibilityInfo: applicationDensity - 240
03-09 05:02:37.774 1537 1978 D ConnectivityService: NetReassign [no changes]
03-09 05:02:37.774 1537 2193 D CompatibilityInfo: applicationScale - 1.0
03-09 05:02:37.774 1537 2018 D Ethernet: got request NetworkRequest [ REQUEST id=29, [ Capabilities: INTERNET&NOT_RESTRICTED&TRUSTED&NOT_VCN_MANAGED Uid: 1000 RequestorUid: 1000 RequestorPkg: com.qualcomm.qti.qdma] ]
03-09 05:02:37.774 1537 2018 D EthernetNetworkFactory: acceptRequest, request: NetworkRequest [ REQUEST id=29, [ Capabilities: INTERNET&NOT_RESTRICTED&TRUSTED&NOT_VCN_MANAGED Uid: 1000 RequestorUid: 1000 RequestorPkg: com.qualcomm.qti.qdma] ]
03-09 05:02:37.774 1537 2018 I EthernetNetworkFactory: networkForRequest, request: NetworkRequest [ REQUEST id=29, [ Capabilities: INTERNET&NOT_RESTRICTED&TRUSTED&NOT_VCN_MANAGED Uid: 1000 RequestorUid: 1000 RequestorPkg: com.qualcomm.qti.qdma] ], network: null
03-09 05:02:37.774 677 677 D Zygote : Forked child process 2900
03-09 05:02:37.775 1537 1655 W ActivityManager: Slow operation: 91ms so far, now at startProcess: returned from zygote!
01-01 08:00:13.987 0 0 I init : qssi copy & sync /metadata/vold/metadata_encryption/key/stretching to /persist/key/stretching_bak: No such file or directory
03-09 05:02:37.775 2834 2834 D nativeloader: classloader namespace configured for unbundled vendor apk. library_path=/vendor/app/TsUartService/lib/arm64:/vendor/lib64
03-09 05:02:37.778 2456 2456 I QCC:ActiveCareService: ActiveCareService onDestroy
03-09 05:02:37.779 1537 1655 W ActivityManager: Slow operation: 96ms so far, now at startProcess: done updating battery stats
03-09 05:02:37.779 1537 1655 W ActivityManager: Slow operation: 96ms so far, now at startProcess: building log message
03-09 05:02:37.779 1537 1655 I ActivityManager: Start proc 2900:com.qualcomm.qti.services.systemhelper:systemhelper_service/u0a70 for added application com.qualcomm.qti.services.systemhelper:systemhelper_service
03-09 05:02:37.779 1537 1655 W ActivityManager: Slow operation: 96ms so far, now at startProcess: starting to update pids map
03-09 05:02:37.779 1537 1655 W ActivityManager: Slow operation: 96ms so far, now at startProcess: done updating pids map
03-09 05:02:37.779 1537 1655 W ActivityManager: Slow operation: 96ms so far, now at startProcess: asking zygote to start proc
03-09 05:02:37.780 1537 1655 D CompatibilityChangeReporter: Compat change id reported: 143937733; UID 10079; state: ENABLED
03-09 05:02:37.780 509 509 I hwservicemanager: Since vendor.qti.hardware.iop@2.0::IIop/default is not registered, trying to start it as a lazy HAL.
03-09 05:02:37.780 1224 1224 E ANDR-IOP: IIop:: Iop HAL Service is not available.
03-09 05:02:37.780 2900 2900 I Zygote : seccomp disabled by setenforce 0
01-01 08:00:14.000 0 0 I binder : 2895:2895 ioctl 40046210 7ff4f779d4 returned -22
03-09 05:02:37.780 2900 2900 I libc : SetHeapTaggingLevel: tag level set to 0
03-09 05:02:37.783 2797 2797 I aptxuiService: onBind: Intent { act=com.qualcomm.qtil.aptxui.aptxuiService cmp=com.qualcomm.qtil.aptxui/.aptxuiService }
03-09 05:02:37.787 677 677 D Zygote : Forked child process 2922
03-09 05:02:37.787 1537 1655 W ActivityManager: Slow operation: 103ms so far, now at startProcess: returned from zygote!
03-09 05:02:37.787 2895 2895 D ProcessState: Binder ioctl to enable oneway spam detection failed: Invalid argument
03-09 05:02:37.789 2738 2769 D FlpServiceProvider: location mode change: true
03-09 05:02:37.790 2826 2866 I adbd : jdwp connection from 2895
03-09 05:02:37.790 2738 2769 D FlpServiceProvider: MSG_UPDATE_HIGHPOWER_MONITOR
03-09 05:02:37.792 1537 1573 D CompatibilityChangeReporter: Compat change id reported: 168419799; UID 10054; state: DISABLED
03-09 05:02:37.792 509 2906 W libc : Unable to set property "ctl.interface_start" to "vendor.qti.hardware.iop@2.0::IIop/default": error code: 0x20
03-09 05:02:37.792 1537 1573 D CompatibilityInfo: mCompatibilityFlags - 4
03-09 05:02:37.792 1537 1573 D CompatibilityInfo: applicationDensity - 240
03-09 05:02:37.792 1537 1573 D CompatibilityInfo: applicationScale - 1.0
03-09 05:02:37.792 509 2906 I hwservicemanager: Tried to start vendor.qti.hardware.iop@2.0::IIop/default as a lazy service, but was unable to. Usually this happens when a service is not installed, but if the service is intended to be used as a lazy service, then it may be configured incorrectly.
03-09 05:02:37.793 2922 2922 I Zygote : seccomp disabled by setenforce 0
03-09 05:02:37.793 2797 2797 I aptxuiApplication: onServiceConnected: ComponentInfo{com.qualcomm.qtil.aptxui/com.qualcomm.qtil.aptxui.aptxuiService}
03-09 05:02:37.794 2834 2834 I Perf : Connecting to perf service.
03-09 05:02:37.795 1537 1572 D CompatibilityInfo: mCompatibilityFlags - 4
03-09 05:02:37.795 1537 1572 D CompatibilityInfo: applicationDensity - 240
03-09 05:02:37.795 1537 1572 D CompatibilityInfo: applicationScale - 1.0
03-09 05:02:37.796 1537 1655 W ActivityManager: Slow operation: 112ms so far, now at startProcess: done updating battery stats
03-09 05:02:37.796 1537 1655 W ActivityManager: Slow operation: 112ms so far, now at startProcess: building log message
03-09 05:02:37.796 1537 1655 I ActivityManager: Start proc 2922:com.qualcomm.qti.qccnetstat/u0a79 for added application com.qualcomm.qti.qccnetstat
03-09 05:02:37.796 1537 1655 W ActivityManager: Slow operation: 113ms so far, now at startProcess: starting to update pids map
03-09 05:02:37.796 1537 1655 W ActivityManager: Slow operation: 113ms so far, now at startProcess: done updating pids map
03-09 05:02:37.796 1537 1655 W ActivityManager: Slow operation: 112ms so far, now at startProcess: asking zygote to start proc
03-09 05:02:37.796 2237 2237 D hw-ProcessState: Binder ioctl to enable oneway spam detection failed: Invalid argument
01-01 08:00:14.004 0 0 I init : qssi copy & sync /metadata/vold/metadata_encryption/key/version to /persist/key/version_bak: No such file or directory
01-01 08:00:14.009 0 0 I binder : 2237:2237 ioctl 40046210 7ff4f77364 returned -22
01-01 08:00:14.016 0 0 I binder : 2922:2922 ioctl 40046210 7ff4f779d4 returned -22
01-01 08:00:14.021 0 0 I binder : 2900:2900 ioctl 40046210 7ff4f779d4 returned -22
01-01 08:00:14.027 0 0 I binder : 2834:2834 ioctl 40046210 7ff4f768c4 returned -22
03-09 05:02:37.797 1537 1655 D CompatibilityChangeReporter: Compat change id reported: 143937733; UID 10082; state: ENABLED
03-09 05:02:37.797 1537 2193 E ActivityManager: Sending non-protected broadcast android.location.HIGH_POWER_REQUEST_CHANGE from system 2738:com.qualcomm.location/u0a72 pkg com.qualcomm.location
03-09 05:02:37.797 1537 2193 E ActivityManager: java.lang.Throwable
03-09 05:02:37.797 1537 2193 E ActivityManager: at com.android.server.am.ActivityManagerService.checkBroadcastFromSystem(ActivityManagerService.java:12877)
03-09 05:02:37.797 1537 2193 E ActivityManager: at com.android.server.am.ActivityManagerService.broadcastIntentLocked(ActivityManagerService.java:13572)
03-09 05:02:37.797 1537 2193 E ActivityManager: at com.android.server.am.ActivityManagerService.broadcastIntentLocked(ActivityManagerService.java:12894)
03-09 05:02:37.797 1537 2193 E ActivityManager: at com.android.server.am.ActivityManagerService.broadcastIntentWithFeature(ActivityManagerService.java:13729)
03-09 05:02:37.797 1537 2193 E ActivityManager: at android.app.IActivityManager$Stub.onTransact(IActivityManager.java:2326)
03-09 05:02:37.797 1537 2193 E ActivityManager: at com.android.server.am.ActivityManagerService.onTransact(ActivityManagerService.java:2528)
03-09 05:02:37.797 1537 2193 E ActivityManager: at android.os.Binder.execTransactInternal(Binder.java:1179)
03-09 05:02:37.797 1537 2193 E ActivityManager: at android.os.Binder.execTransact(Binder.java:1143)
03-09 05:02:37.798 1537 1654 I DropBoxManagerService: add tag=system_server_wtf isTagEnabled=true flags=0x2
03-09 05:02:37.802 2826 2866 I adbd : jdwp connection from 2922
03-09 05:02:37.803 2922 2922 D ProcessState: Binder ioctl to enable oneway spam detection failed: Invalid argument
03-09 05:02:37.803 2823 2823 I Perf : Connecting to perf service.
03-09 05:02:37.805 2868 2868 I Perf : Connecting to perf service.
03-09 05:02:37.807 2834 2834 V GraphicsEnvironment: ANGLE Developer option for 'ts.car.uart' set to: 'default'
03-09 05:02:37.807 2237 2237 I HidlServiceManagement: Registered vendor.qti.hardware.cacert@1.0::IService/default
03-09 05:02:37.807 2237 2237 I android_os_HwBinder: HwBinder: Starting thread pool for default
03-09 05:02:37.808 2834 2834 V GraphicsEnvironment: ANGLE GameManagerService for ts.car.uart: false
03-09 05:02:37.808 677 677 D Zygote : Forked child process 2947
03-09 05:02:37.808 1537 1655 W ActivityManager: Slow operation: 124ms so far, now at startProcess: returned from zygote!
03-09 05:02:37.809 1537 1572 D CompatibilityChangeReporter: Compat change id reported: 168419799; UID 1000; state: DISABLED
03-09 05:02:37.809 1537 1572 D CompatibilityInfo: mCompatibilityFlags - 4
03-09 05:02:37.809 1537 1572 D CompatibilityInfo: applicationDensity - 240
03-09 05:02:37.809 1537 1572 D CompatibilityInfo: applicationScale - 1.0
03-09 05:02:37.809 2900 2900 D ProcessState: Binder ioctl to enable oneway spam detection failed: Invalid argument
03-09 05:02:37.810 2323 2323 W ContextImpl: Calling a method in the system process without a qualified user: android.app.ContextImpl.startService:1816 android.content.ContextWrapper.startService:774 android.content.ContextWrapper.startService:774 vendor.qti.qesdk.sysservice.QesdkSysReceiver.onReceive:42 android.app.ActivityThread.handleReceiver:4309
03-09 05:02:37.811 2823 2823 V GraphicsEnvironment: ANGLE Developer option for 'com.hht.lebocast' set to: 'default'
03-09 05:02:37.812 2823 2823 V GraphicsEnvironment: ANGLE GameManagerService for com.hht.lebocast: false
03-09 05:02:37.812 2826 2866 I adbd : jdwp connection from 2900
03-09 05:02:37.812 2823 2823 D NetworkSecurityConfig: No Network Security Config specified, using platform default
03-09 05:02:37.813 2823 2823 D NetworkSecurityConfig: No Network Security Config specified, using platform default
03-09 05:02:37.813 2834 2834 D NetworkSecurityConfig: No Network Security Config specified, using platform default
03-09 05:02:37.814 2834 2834 D NetworkSecurityConfig: No Network Security Config specified, using platform default
03-09 05:02:37.814 2834 2834 E mpu_uart_fws: onCreate
03-09 05:02:37.814 2834 2834 E mpu_uart_fws: onCreate:try get hal service
03-09 05:02:37.814 2834 2834 I mpu_uart_fws: Try get hal sevice:
03-09 05:02:37.815 2834 2834 D hw-ProcessState: Binder ioctl to enable oneway spam detection failed: Invalid argument
03-09 05:02:37.816 1537 2189 D CompatibilityChangeReporter: Compat change id reported: 168419799; UID 10057; state: DISABLED
03-09 05:02:37.816 1537 2189 D CompatibilityInfo: mCompatibilityFlags - 4
03-09 05:02:37.816 1537 2189 D CompatibilityInfo: applicationDensity - 240
03-09 05:02:37.816 1537 2189 D CompatibilityInfo: applicationScale - 1.0
03-09 05:02:37.817 509 509 I hwservicemanager: Since vendor.qti.hardware.iop@2.0::IIop/default is not registered, trying to start it as a lazy HAL.
03-09 05:02:37.817 1224 1224 E ANDR-IOP: IIop:: Iop HAL Service is not available.
03-09 05:02:37.817 2834 2834 I android_os_HwBinder: HwBinder: Starting thread pool for getting: vendor.ts.uart@1.0::IUartServer/vendor.ts.uart
03-09 05:02:37.819 2834 2834 I mpu_uart_fws: hal sevice get success
01-01 08:00:14.041 0 0 I binder : 2947:2947 ioctl 40046210 7ff4f779d4 returned -22
03-09 05:02:37.821 1537 1655 W ActivityManager: Slow operation: 136ms so far, now at startProcess: done updating battery stats
03-09 05:02:37.821 1537 1655 W ActivityManager: Slow operation: 136ms so far, now at startProcess: building log message
03-09 05:02:37.821 1537 1655 I ActivityManager: Start proc 2947:com.qualcomm.qti.workloadclassifier/u0a82 for added application com.qualcomm.qti.workloadclassifier
03-09 05:02:37.821 1537 1655 W ActivityManager: Slow operation: 137ms so far, now at startProcess: starting to update pids map
03-09 05:02:37.821 1537 1655 W ActivityManager: Slow operation: 137ms so far, now at startProcess: done updating pids map
03-09 05:02:37.821 1537 1655 W ActivityManager: Slow operation: 88ms so far, now at startProcess: asking zygote to start proc
03-09 05:02:37.821 1537 1655 D CompatibilityChangeReporter: Compat change id reported: 143937733; UID 10074; state: ENABLED
03-09 05:02:37.822 2868 2868 V GraphicsEnvironment: ANGLE Developer option for 'com.hryt.hiphishowfsecontrol' set to: 'default'
03-09 05:02:37.822 2926 2926 I bootstat: Service started: /system/bin/bootstat --record_boot_complete --record_boot_reason --record_time_since_factory_reset -l
03-09 05:02:37.822 2926 2926 E bootstat: Failed to read /data/misc/bootstat/post_decrypt_time_elapsed: No such file or directory
03-09 05:02:37.822 2926 2926 E bootstat: Failed to parse boot time record: /data/misc/bootstat/post_decrypt_time_elapsed
03-09 05:02:37.822 2868 2868 V GraphicsEnvironment: ANGLE GameManagerService for com.hryt.hiphishowfsecontrol: false
03-09 05:02:37.822 2947 2947 I Zygote : seccomp disabled by setenforce 0
03-09 05:02:37.822 2895 2895 D CompatibilityChangeReporter: Compat change id reported: 171979766; UID 10057; state: DISABLED
03-09 05:02:37.824 821 2594 D vendor.qti.bluetooth@1.0-patch_dl_manager: ReadHciEvent: Expected CC
03-09 05:02:37.824 821 2594 I vendor.qti.bluetooth@1.0-patch_dl_manager: SocInit: Download TLV file successfully
03-09 05:02:37.824 2926 2926 W bootstat: LogBootEvents, atomInfo not defined for events:last_boot_time_utc,build_date,ro.boottime.init.cold_boot_wait,boot_reason,system_boot_reason,time_since_last_boot
03-09 05:02:37.824 821 2594 D vendor.qti.bluetooth@1.0-patch_dl_manager: ReadHciEvent: Expected CC
03-09 05:02:37.824 821 2594 I vendor.qti.bluetooth@1.0-patch_dl_manager: HandleEdlCmdResEvt: BT SoC FW SU Build info: BTFM.HST.2.0.0.c3-00477-QCACHROMZ-1, 35
03-09 05:02:37.824 821 2594 D vendor.qti.bluetooth@1.0-patch_dl_manager: GetAddOnFeatureList: Sending HCI_VS_GET_ADDON_FEATURES_SUPPORT
03-09 05:02:37.824 821 2594 D vendor.qti.bluetooth@1.0-patch_dl_manager: HCI-CMD: 0x1 0x1d 0xfc 0x0
03-09 05:02:37.828 2826 2866 I adbd : jdwp connection from 2947
03-09 05:02:37.828 1537 2204 D CompatibilityChangeReporter: Compat change id reported: 168419799; UID 10079; state: DISABLED
03-09 05:02:37.828 1537 2204 D CompatibilityInfo: mCompatibilityFlags - 4
03-09 05:02:37.828 1537 2204 D CompatibilityInfo: applicationDensity - 240
03-09 05:02:37.828 1537 2204 D CompatibilityInfo: applicationScale - 1.0
03-09 05:02:37.828 2947 2947 D ProcessState: Binder ioctl to enable oneway spam detection failed: Invalid argument
03-09 05:02:37.828 2895 2895 D nativeloader: classloader namespace configured for unbundled vendor apk. library_path=/vendor/app/pasrservice/lib/arm64:/vendor/lib64
03-09 05:02:37.830 2868 2868 D NetworkSecurityConfig: Using Network Security Config from resource network_config debugBuild: false
03-09 05:02:37.831 509 2957 W libc : Unable to set property "ctl.interface_start" to "vendor.qti.hardware.iop@2.0::IIop/default": error code: 0x20
03-09 05:02:37.831 509 2957 I hwservicemanager: Tried to start vendor.qti.hardware.iop@2.0::IIop/default as a lazy service, but was unable to. Usually this happens when a service is not installed, but if the service is intended to be used as a lazy service, then it may be configured incorrectly.
03-09 05:02:37.833 1537 2193 D CompatibilityInfo: mCompatibilityFlags - 4
03-09 05:02:37.833 1537 2193 D CompatibilityInfo: applicationDensity - 240
03-09 05:02:37.833 1537 2193 D CompatibilityInfo: applicationScale - 1.0
03-09 05:02:37.833 2895 2895 I Perf : Connecting to perf service.
03-09 05:02:37.833 2922 2922 D CompatibilityChangeReporter: Compat change id reported: 171979766; UID 10079; state: ENABLED
03-09 05:02:37.834 2868 2868 D NetworkSecurityConfig: Using Network Security Config from resource network_config debugBuild: false
03-09 05:02:37.835 508 508 I servicemanager: Found vendor.qti.qesdsys.IQesdSys/default in framework VINTF manifest.
03-09 05:02:37.836 677 677 D Zygote : Forked child process 2977
03-09 05:02:37.836 1537 2189 D CompatibilityChangeReporter: Compat change id reported: 168419799; UID 10070; state: DISABLED
03-09 05:02:37.836 1537 1655 W ActivityManager: Slow operation: 102ms so far, now at startProcess: returned from zygote!
03-09 05:02:37.836 1537 2189 D CompatibilityInfo: mCompatibilityFlags - 4
03-09 05:02:37.836 1537 2189 D CompatibilityInfo: applicationDensity - 240
03-09 05:02:37.836 1537 2189 D CompatibilityInfo: applicationScale - 1.0
03-09 05:02:37.840 2900 2900 D CompatibilityChangeReporter: Compat change id reported: 171979766; UID 10070; state: DISABLED
03-09 05:02:37.840 1537 2001 I BackupManagerService: isBackupEnabled() => false due to absent settings file
03-09 05:02:37.840 1537 2001 D BackupManagerService: user:0 readBackupEnableState enabled:false
03-09 05:02:37.840 1537 2001 I BackupManagerService: [UserID:0] Backup enabled => false
03-09 05:02:37.841 2895 2895 V GraphicsEnvironment: ANGLE Developer option for 'com.qti.pasrservice' set to: 'default'
03-09 05:02:37.841 1537 2193 D CompatibilityChangeReporter: Compat change id reported: 168419799; UID 10082; state: DISABLED
03-09 05:02:37.841 2895 2895 V GraphicsEnvironment: ANGLE GameManagerService for com.qti.pasrservice: false
03-09 05:02:37.841 1537 2193 D CompatibilityInfo: mCompatibilityFlags - 4
03-09 05:02:37.841 1537 2193 D CompatibilityInfo: applicationDensity - 240
03-09 05:02:37.841 1537 2193 D CompatibilityInfo: applicationScale - 1.0
03-09 05:02:37.841 2646 2646 D CompatibilityChangeReporter: Compat change id reported: 160794467; UID 10076; state: ENABLED
03-09 05:02:37.842 2895 2895 D NetworkSecurityConfig: No Network Security Config specified, using platform default
03-09 05:02:37.842 2895 2895 D NetworkSecurityConfig: No Network Security Config specified, using platform default
03-09 05:02:37.843 509 509 I hwservicemanager: Since vendor.qti.hardware.iop@2.0::IIop/default is not registered, trying to start it as a lazy HAL.
03-09 05:02:37.843 1224 1224 E ANDR-IOP: IIop:: Iop HAL Service is not available.
03-09 05:02:37.843 2900 2900 D ApplicationLoaders: Returning zygote-cached class loader: /system/framework/android.test.base.jar
03-09 05:02:37.844 2947 2947 D CompatibilityChangeReporter: Compat change id reported: 171979766; UID 10082; state: ENABLED
03-09 05:02:37.846 1537 2145 D CompatibilityInfo: mCompatibilityFlags - 4
03-09 05:02:37.846 1537 2145 D CompatibilityInfo: applicationDensity - 240
03-09 05:02:37.846 1537 2145 D CompatibilityInfo: applicationScale - 1.0
03-09 05:02:37.847 1537 1655 W ActivityManager: Slow operation: 114ms so far, now at startProcess: done updating battery stats
03-09 05:02:37.847 1537 1655 W ActivityManager: Slow operation: 114ms so far, now at startProcess: building log message
03-09 05:02:37.847 1537 1655 I ActivityManager: Start proc 2977:com.qualcomm.location.XT/u0a74 for service {com.qualcomm.location.XT/com.qualcomm.location.XT.XTSrv}
03-09 05:02:37.847 1537 1655 W ActivityManager: Slow operation: 114ms so far, now at startProcess: starting to update pids map
03-09 05:02:37.847 1537 1655 W ActivityManager: Slow operation: 114ms so far, now at startProcess: done updating pids map
03-09 05:02:37.847 1537 1655 W ActivityManager: Slow operation: 104ms so far, now at startProcess: asking zygote to start proc
03-09 05:02:37.849 1537 1573 D CompatibilityChangeReporter: Compat change id reported: 135634846; UID 10032; state: DISABLED
03-09 05:02:37.849 1537 1573 D CompatibilityChangeReporter: Compat change id reported: 177438394; UID 10032; state: DISABLED
03-09 05:02:37.849 1301 2735 E QFP : qfpCommand: error from send_command_to_tz: 0, QFP result -11 on (0 0)
03-09 05:02:37.849 1301 2735 I QFP : close: close, usecase 3 options 0
03-09 05:02:37.849 1301 2735 I QFP : closeHandle: closeHandle (0 0)
03-09 05:02:37.849 1537 1573 D CompatibilityChangeReporter: Compat change id reported: 135772972; UID 10032; state: DISABLED
03-09 05:02:37.850 1537 1573 D CompatibilityChangeReporter: Compat change id reported: 135754954; UID 10032; state: ENABLED
03-09 05:02:37.855 677 677 D Zygote : Forked child process 2980
03-09 05:02:37.856 1537 1655 W ActivityManager: Slow operation: 112ms so far, now at startProcess: returned from zygote!
03-09 05:02:37.856 509 509 I hwservicemanager: Since vendor.qti.hardware.iop@2.0::IIop/default is not registered, trying to start it as a lazy HAL.
03-09 05:02:37.856 1537 1655 W ActivityManager: Slow operation: 112ms so far, now at startProcess: done updating battery stats
03-09 05:02:37.856 1537 1655 W ActivityManager: Slow operation: 112ms so far, now at startProcess: building log message
03-09 05:02:37.856 1537 1655 I ActivityManager: Start proc 2980:com.android.provision/1000 for top-activity {com.android.provision/com.android.provision.DefaultActivity}
