01-01 08:00:10.404 1537 1537 W android.permission.PermissionManager: Missing ActivityManager; assuming 1000 holds android.permission.SET_PREFERRED_APPLICATIONS
01-01 08:00:10.404 1537 1537 W android.permission.PermissionManager: Missing ActivityManager; assuming 1000 holds android.permission.SET_PREFERRED_APPLICATIONS
01-01 08:00:10.404 1537 1537 W android.permission.PermissionManager: Missing ActivityManager; assuming 1000 holds android.permission.SET_PREFERRED_APPLICATIONS
01-01 08:00:10.404 1537 1537 W android.permission.PermissionManager: Missing ActivityManager; assuming 1000 holds android.permission.SET_PREFERRED_APPLICATIONS
01-01 08:00:10.404 1537 1537 W android.permission.PermissionManager: Missing ActivityManager; assuming 1000 holds android.permission.SET_PREFERRED_APPLICATIONS
01-01 08:00:10.404 1537 1537 W android.permission.PermissionManager: Missing ActivityManager; assuming 1000 holds android.permission.SET_PREFERRED_APPLICATIONS
01-01 08:00:10.404 1537 1537 W android.permission.PermissionManager: Missing ActivityManager; assuming 1000 holds android.permission.SET_PREFERRED_APPLICATIONS
01-01 08:00:10.404 1537 1537 W android.permission.PermissionManager: Missing ActivityManager; assuming 1000 holds android.permission.SET_PREFERRED_APPLICATIONS
01-01 08:00:10.405 1537 1537 W android.permission.PermissionManager: Missing ActivityManager; assuming 1000 holds android.permission.SET_PREFERRED_APPLICATIONS
01-01 08:00:10.405 1537 1537 W android.permission.PermissionManager: Missing ActivityManager; assuming 1000 holds android.permission.SET_PREFERRED_APPLICATIONS
01-01 08:00:10.405 1537 1537 W android.permission.PermissionManager: Missing ActivityManager; assuming 1000 holds android.permission.SET_PREFERRED_APPLICATIONS
01-01 08:00:10.405 1537 1537 W android.permission.PermissionManager: Missing ActivityManager; assuming 1000 holds android.permission.SET_PREFERRED_APPLICATIONS
01-01 08:00:10.405 1537 1537 W android.permission.PermissionManager: Missing ActivityManager; assuming 1000 holds android.permission.SET_PREFERRED_APPLICATIONS
01-01 08:00:10.405 1537 1537 W android.permission.PermissionManager: Missing ActivityManager; assuming 1000 holds android.permission.SET_PREFERRED_APPLICATIONS
01-01 08:00:10.405 1537 1537 W android.permission.PermissionManager: Missing ActivityManager; assuming 1000 holds android.permission.SET_PREFERRED_APPLICATIONS
01-01 08:00:10.405 1537 1537 W android.permission.PermissionManager: Missing ActivityManager; assuming 1000 holds android.permission.SET_PREFERRED_APPLICATIONS
01-01 08:00:10.405 1537 1537 W android.permission.PermissionManager: Missing ActivityManager; assuming 1000 holds android.permission.SET_PREFERRED_APPLICATIONS
01-01 08:00:10.405 1537 1537 W android.permission.PermissionManager: Missing ActivityManager; assuming 1000 holds android.permission.SET_PREFERRED_APPLICATIONS
01-01 08:00:10.405 1537 1537 W android.permission.PermissionManager: Missing ActivityManager; assuming 1000 holds android.permission.SET_PREFERRED_APPLICATIONS
01-01 08:00:10.405 1537 1537 W android.permission.PermissionManager: Missing ActivityManager; assuming 1000 holds android.permission.SET_PREFERRED_APPLICATIONS
01-01 08:00:10.406 1537 1537 W android.permission.PermissionManager: Missing ActivityManager; assuming 1000 holds android.permission.SET_PREFERRED_APPLICATIONS
01-01 08:00:10.406 1537 1537 W android.permission.PermissionManager: Missing ActivityManager; assuming 1000 holds android.permission.SET_PREFERRED_APPLICATIONS
01-01 08:00:10.406 1537 1537 W android.permission.PermissionManager: Missing ActivityManager; assuming 1000 holds android.permission.SET_PREFERRED_APPLICATIONS
01-01 08:00:10.406 1537 1537 W android.permission.PermissionManager: Missing ActivityManager; assuming 1000 holds android.permission.SET_PREFERRED_APPLICATIONS
01-01 08:00:10.406 1537 1537 W android.permission.PermissionManager: Missing ActivityManager; assuming 1000 holds android.permission.SET_PREFERRED_APPLICATIONS
01-01 08:00:10.406 1537 1537 W android.permission.PermissionManager: Missing ActivityManager; assuming 1000 holds android.permission.SET_PREFERRED_APPLICATIONS
01-01 08:00:10.406 1537 1537 W android.permission.PermissionManager: Missing ActivityManager; assuming 1000 holds android.permission.SET_PREFERRED_APPLICATIONS
01-01 08:00:10.406 1537 1537 W android.permission.PermissionManager: Missing ActivityManager; assuming 1000 holds android.permission.SET_PREFERRED_APPLICATIONS
01-01 08:00:10.406 1537 1537 W android.permission.PermissionManager: Missing ActivityManager; assuming 1000 holds android.permission.SET_PREFERRED_APPLICATIONS
01-01 08:00:10.406 1537 1537 W android.permission.PermissionManager: Missing ActivityManager; assuming 1000 holds android.permission.SET_PREFERRED_APPLICATIONS
01-01 08:00:10.406 1537 1537 W android.permission.PermissionManager: Missing ActivityManager; assuming 1000 holds android.permission.SET_PREFERRED_APPLICATIONS
01-01 08:00:10.406 1537 1537 W android.permission.PermissionManager: Missing ActivityManager; assuming 1000 holds android.permission.SET_PREFERRED_APPLICATIONS
01-01 08:00:10.407 1537 1537 W android.permission.PermissionManager: Missing ActivityManager; assuming 1000 holds android.permission.SET_PREFERRED_APPLICATIONS
01-01 08:00:10.407 1537 1537 W android.permission.PermissionManager: Missing ActivityManager; assuming 1000 holds android.permission.SET_PREFERRED_APPLICATIONS
01-01 08:00:10.407 1537 1537 W android.permission.PermissionManager: Missing ActivityManager; assuming 1000 holds android.permission.SET_PREFERRED_APPLICATIONS
01-01 08:00:10.407 1537 1537 W android.permission.PermissionManager: Missing ActivityManager; assuming 1000 holds android.permission.SET_PREFERRED_APPLICATIONS
01-01 08:00:10.407 1537 1537 W android.permission.PermissionManager: Missing ActivityManager; assuming 1000 holds android.permission.SET_PREFERRED_APPLICATIONS
01-01 08:00:10.407 1537 1537 W android.permission.PermissionManager: Missing ActivityManager; assuming 1000 holds android.permission.SET_PREFERRED_APPLICATIONS
01-01 08:00:10.407 1537 1537 W android.permission.PermissionManager: Missing ActivityManager; assuming 1000 holds android.permission.SET_PREFERRED_APPLICATIONS
01-01 08:00:10.407 1537 1537 W android.permission.PermissionManager: Missing ActivityManager; assuming 1000 holds android.permission.SET_PREFERRED_APPLICATIONS
01-01 08:00:10.407 1537 1537 W android.permission.PermissionManager: Missing ActivityManager; assuming 1000 holds android.permission.SET_PREFERRED_APPLICATIONS
01-01 08:00:10.407 1537 1537 W android.permission.PermissionManager: Missing ActivityManager; assuming 1000 holds android.permission.SET_PREFERRED_APPLICATIONS
01-01 08:00:10.407 1537 1537 W android.permission.PermissionManager: Missing ActivityManager; assuming 1000 holds android.permission.SET_PREFERRED_APPLICATIONS
01-01 08:00:10.407 1537 1537 W android.permission.PermissionManager: Missing ActivityManager; assuming 1000 holds android.permission.SET_PREFERRED_APPLICATIONS
01-01 08:00:10.407 1537 1537 W android.permission.PermissionManager: Missing ActivityManager; assuming 1000 holds android.permission.SET_PREFERRED_APPLICATIONS
01-01 08:00:10.408 1537 1537 W android.permission.PermissionManager: Missing ActivityManager; assuming 1000 holds android.permission.SET_PREFERRED_APPLICATIONS
01-01 08:00:10.408 1537 1537 W android.permission.PermissionManager: Missing ActivityManager; assuming 1000 holds android.permission.SET_PREFERRED_APPLICATIONS
01-01 08:00:10.408 1537 1537 W android.permission.PermissionManager: Missing ActivityManager; assuming 1000 holds android.permission.SET_PREFERRED_APPLICATIONS
01-01 08:00:10.408 1537 1537 W android.permission.PermissionManager: Missing ActivityManager; assuming 1000 holds android.permission.SET_PREFERRED_APPLICATIONS
01-01 08:00:10.408 1537 1537 W android.permission.PermissionManager: Missing ActivityManager; assuming 1000 holds android.permission.SET_PREFERRED_APPLICATIONS
01-01 08:00:10.408 1537 1537 W android.permission.PermissionManager: Missing ActivityManager; assuming 1000 holds android.permission.SET_PREFERRED_APPLICATIONS
01-01 08:00:10.408 1537 1537 W android.permission.PermissionManager: Missing ActivityManager; assuming 1000 holds android.permission.SET_PREFERRED_APPLICATIONS
01-01 08:00:10.408 1537 1537 W android.permission.PermissionManager: Missing ActivityManager; assuming 1000 holds android.permission.SET_PREFERRED_APPLICATIONS
01-01 08:00:10.408 1537 1537 W android.permission.PermissionManager: Missing ActivityManager; assuming 1000 holds android.permission.SET_PREFERRED_APPLICATIONS
01-01 08:00:10.408 1537 1537 W android.permission.PermissionManager: Missing ActivityManager; assuming 1000 holds android.permission.SET_PREFERRED_APPLICATIONS
01-01 08:00:10.408 1537 1537 W android.permission.PermissionManager: Missing ActivityManager; assuming 1000 holds android.permission.SET_PREFERRED_APPLICATIONS
01-01 08:00:10.408 1537 1537 W android.permission.PermissionManager: Missing ActivityManager; assuming 1000 holds android.permission.SET_PREFERRED_APPLICATIONS
01-01 08:00:10.408 1537 1537 W android.permission.PermissionManager: Missing ActivityManager; assuming 1000 holds android.permission.SET_PREFERRED_APPLICATIONS
01-01 08:00:10.408 1537 1537 W android.permission.PermissionManager: Missing ActivityManager; assuming 1000 holds android.permission.SET_PREFERRED_APPLICATIONS
01-01 08:00:10.409 1537 1537 W android.permission.PermissionManager: Missing ActivityManager; assuming 1000 holds android.permission.SET_PREFERRED_APPLICATIONS
01-01 08:00:10.409 1537 1537 W android.permission.PermissionManager: Missing ActivityManager; assuming 1000 holds android.permission.SET_PREFERRED_APPLICATIONS
01-01 08:00:10.409 1537 1537 W android.permission.PermissionManager: Missing ActivityManager; assuming 1000 holds android.permission.SET_PREFERRED_APPLICATIONS
01-01 08:00:10.409 1537 1537 W android.permission.PermissionManager: Missing ActivityManager; assuming 1000 holds android.permission.SET_PREFERRED_APPLICATIONS
01-01 08:00:10.409 1537 1537 W android.permission.PermissionManager: Missing ActivityManager; assuming 1000 holds android.permission.SET_PREFERRED_APPLICATIONS
01-01 08:00:10.409 1537 1537 W android.permission.PermissionManager: Missing ActivityManager; assuming 1000 holds android.permission.SET_PREFERRED_APPLICATIONS
01-01 08:00:10.409 1537 1537 W android.permission.PermissionManager: Missing ActivityManager; assuming 1000 holds android.permission.SET_PREFERRED_APPLICATIONS
01-01 08:00:10.409 1537 1537 W android.permission.PermissionManager: Missing ActivityManager; assuming 1000 holds android.permission.SET_PREFERRED_APPLICATIONS
01-01 08:00:10.409 1537 1537 W android.permission.PermissionManager: Missing ActivityManager; assuming 1000 holds android.permission.SET_PREFERRED_APPLICATIONS
01-01 08:00:10.409 1537 1537 W android.permission.PermissionManager: Missing ActivityManager; assuming 1000 holds android.permission.SET_PREFERRED_APPLICATIONS
01-01 08:00:10.409 1537 1537 W android.permission.PermissionManager: Missing ActivityManager; assuming 1000 holds android.permission.SET_PREFERRED_APPLICATIONS
01-01 08:00:10.409 1537 1537 W android.permission.PermissionManager: Missing ActivityManager; assuming 1000 holds android.permission.SET_PREFERRED_APPLICATIONS
01-01 08:00:10.409 1537 1537 W android.permission.PermissionManager: Missing ActivityManager; assuming 1000 holds android.permission.SET_PREFERRED_APPLICATIONS
01-01 08:00:10.409 1537 1537 W android.permission.PermissionManager: Missing ActivityManager; assuming 1000 holds android.permission.SET_PREFERRED_APPLICATIONS
01-01 08:00:10.410 1537 1537 W android.permission.PermissionManager: Missing ActivityManager; assuming 1000 holds android.permission.SET_PREFERRED_APPLICATIONS
01-01 08:00:10.410 1537 1537 W android.permission.PermissionManager: Missing ActivityManager; assuming 1000 holds android.permission.SET_PREFERRED_APPLICATIONS
01-01 08:00:10.410 1537 1537 W android.permission.PermissionManager: Missing ActivityManager; assuming 1000 holds android.permission.SET_PREFERRED_APPLICATIONS
01-01 08:00:10.410 1537 1537 W android.permission.PermissionManager: Missing ActivityManager; assuming 1000 holds android.permission.SET_PREFERRED_APPLICATIONS
01-01 08:00:10.410 1537 1537 W android.permission.PermissionManager: Missing ActivityManager; assuming 1000 holds android.permission.SET_PREFERRED_APPLICATIONS
01-01 08:00:10.410 1537 1537 W android.permission.PermissionManager: Missing ActivityManager; assuming 1000 holds android.permission.SET_PREFERRED_APPLICATIONS
01-01 08:00:10.410 1537 1537 W android.permission.PermissionManager: Missing ActivityManager; assuming 1000 holds android.permission.SET_PREFERRED_APPLICATIONS
01-01 08:00:10.410 1537 1537 W android.permission.PermissionManager: Missing ActivityManager; assuming 1000 holds android.permission.SET_PREFERRED_APPLICATIONS
01-01 08:00:10.410 1537 1537 W android.permission.PermissionManager: Missing ActivityManager; assuming 1000 holds android.permission.SET_PREFERRED_APPLICATIONS
01-01 08:00:10.410 1537 1537 W android.permission.PermissionManager: Missing ActivityManager; assuming 1000 holds android.permission.SET_PREFERRED_APPLICATIONS
01-01 08:00:10.410 1537 1537 W android.permission.PermissionManager: Missing ActivityManager; assuming 1000 holds android.permission.SET_PREFERRED_APPLICATIONS
01-01 08:00:10.410 1537 1537 W android.permission.PermissionManager: Missing ActivityManager; assuming 1000 holds android.permission.SET_PREFERRED_APPLICATIONS
01-01 08:00:10.410 1537 1537 W android.permission.PermissionManager: Missing ActivityManager; assuming 1000 holds android.permission.SET_PREFERRED_APPLICATIONS
01-01 08:00:10.410 1537 1537 W android.permission.PermissionManager: Missing ActivityManager; assuming 1000 holds android.permission.SET_PREFERRED_APPLICATIONS
01-01 08:00:10.411 1537 1537 W android.permission.PermissionManager: Missing ActivityManager; assuming 1000 holds android.permission.SET_PREFERRED_APPLICATIONS
01-01 08:00:10.411 1537 1537 W android.permission.PermissionManager: Missing ActivityManager; assuming 1000 holds android.permission.SET_PREFERRED_APPLICATIONS
01-01 08:00:10.411 1537 1537 W android.permission.PermissionManager: Missing ActivityManager; assuming 1000 holds android.permission.SET_PREFERRED_APPLICATIONS
01-01 08:00:10.411 1537 1537 W android.permission.PermissionManager: Missing ActivityManager; assuming 1000 holds android.permission.SET_PREFERRED_APPLICATIONS
01-01 08:00:10.411 1537 1537 W android.permission.PermissionManager: Missing ActivityManager; assuming 1000 holds android.permission.SET_PREFERRED_APPLICATIONS
01-01 08:00:10.411 1537 1537 W android.permission.PermissionManager: Missing ActivityManager; assuming 1000 holds android.permission.SET_PREFERRED_APPLICATIONS
01-01 08:00:10.411 1537 1537 W android.permission.PermissionManager: Missing ActivityManager; assuming 1000 holds android.permission.SET_PREFERRED_APPLICATIONS
01-01 08:00:10.411 1537 1537 W android.permission.PermissionManager: Missing ActivityManager; assuming 1000 holds android.permission.SET_PREFERRED_APPLICATIONS
01-01 08:00:10.411 1537 1537 W android.permission.PermissionManager: Missing ActivityManager; assuming 1000 holds android.permission.SET_PREFERRED_APPLICATIONS
01-01 08:00:10.411 1537 1537 W android.permission.PermissionManager: Missing ActivityManager; assuming 1000 holds android.permission.SET_PREFERRED_APPLICATIONS
01-01 08:00:10.411 1537 1537 W android.permission.PermissionManager: Missing ActivityManager; assuming 1000 holds android.permission.SET_PREFERRED_APPLICATIONS
01-01 08:00:10.411 1537 1537 W android.permission.PermissionManager: Missing ActivityManager; assuming 1000 holds android.permission.SET_PREFERRED_APPLICATIONS
01-01 08:00:10.411 1537 1537 W android.permission.PermissionManager: Missing ActivityManager; assuming 1000 holds android.permission.SET_PREFERRED_APPLICATIONS
01-01 08:00:10.411 1537 1537 W android.permission.PermissionManager: Missing ActivityManager; assuming 1000 holds android.permission.SET_PREFERRED_APPLICATIONS
01-01 08:00:10.412 1537 1537 W android.permission.PermissionManager: Missing ActivityManager; assuming 1000 holds android.permission.SET_PREFERRED_APPLICATIONS
01-01 08:00:10.412 1537 1537 W android.permission.PermissionManager: Missing ActivityManager; assuming 1000 holds android.permission.SET_PREFERRED_APPLICATIONS
01-01 08:00:10.412 1537 1537 W android.permission.PermissionManager: Missing ActivityManager; assuming 1000 holds android.permission.SET_PREFERRED_APPLICATIONS
01-01 08:00:10.412 1537 1537 W android.permission.PermissionManager: Missing ActivityManager; assuming 1000 holds android.permission.SET_PREFERRED_APPLICATIONS
01-01 08:00:10.419 1537 1537 W PackageSettings: Missing permission state for package: android.frameworkres.overlay
01-01 08:00:10.419 1537 1537 W PackageSettings: Missing permission state for package: com.android.cts.priv.ctsshim
01-01 08:00:10.419 1537 1537 W PackageSettings: Missing permission state for package: com.thundercomm.gamemode.provider
01-01 08:00:10.419 1537 1537 W PackageSettings: Missing permission state for package: com.android.internal.systemui.navbar.gestural_wide_back
01-01 08:00:10.419 1537 1537 W PackageSettings: Missing permission state for package: com.qualcomm.qti.gpudrivers.kona.api30
01-01 08:00:10.419 1537 1537 W PackageSettings: Missing permission state for package: com.android.htmlviewer
01-01 08:00:10.419 1537 1537 W PackageSettings: Missing permission state for package: com.android.internal.systemui.onehanded.gestural
01-01 08:00:10.419 1537 1537 W PackageSettings: Missing permission state for package: android.qvaoverlay.common
01-01 08:00:10.419 1537 1537 W PackageSettings: Missing permission state for package: android.overlay.common
01-01 08:00:10.419 1537 1537 W PackageSettings: Missing permission state for package: com.android.connectivity.resources
01-01 08:00:10.419 1537 1537 W PackageSettings: Missing permission state for package: com.android.modulemetadata
01-01 08:00:10.419 1537 1537 W PackageSettings: Missing permission state for package: android.overlay.target
01-01 08:00:10.419 1537 1537 W PackageSettings: Missing permission state for package: com.android.internal.systemui.navbar.gestural_extra_wide_back
01-01 08:00:10.419 1537 1537 W PackageSettings: Missing permission state for package: com.android.wifi.resources.overlay.common
01-01 08:00:10.419 1537 1537 W PackageSettings: Missing permission state for package: com.android.dreams.basic
01-01 08:00:10.419 1537 1537 W PackageSettings: Missing permission state for package: com.android.settings.overlay.common
01-01 08:00:10.419 1537 1537 W PackageSettings: Missing permission state for package: android.ext.shared
01-01 08:00:10.419 1537 1537 W PackageSettings: Missing permission state for package: com.android.wifi.resources.overlay.target
01-01 08:00:10.419 1537 1537 W PackageSettings: Missing permission state for package: com.android.wifi.resources
01-01 08:00:10.419 1537 1537 W PackageSettings: Missing permission state for package: com.android.systemui.overlay.common
01-01 08:00:10.419 1537 1537 W PackageSettings: Missing permission state for package: com.android.cameraextensions
01-01 08:00:10.419 1537 1537 W PackageSettings: Missing permission state for package: com.android.theme.font.notoserifsource
01-01 08:00:10.419 1537 1537 W PackageSettings: Missing permission state for package: com.android.internal.display.cutout.emulation.waterfall
01-01 08:00:10.419 1537 1537 W PackageSettings: Missing permission state for package: com.android.providers.settings.overlay
01-01 08:00:10.419 1537 1537 W PackageSettings: Missing permission state for package: com.android.bookmarkprovider
01-01 08:00:10.419 1537 1537 W PackageSettings: Missing permission state for package: com.android.cts.ctsshim
01-01 08:00:10.420 1537 1537 W PackageSettings: Missing permission state for package: com.qualcomm.qti.xrcb
01-01 08:00:10.420 1537 1537 W PackageSettings: Missing permission state for package: com.android.internal.systemui.navbar.gestural
01-01 08:00:10.420 1537 1537 W PackageSettings: Missing permission state for package: com.android.internal.systemui.navbar.gestural_narrow_back
01-01 08:00:10.420 1537 1537 W PackageSettings: Missing permission state for package: com.android.cellbroadcastreceiver.overlay.common
01-01 08:00:10.420 1537 1537 W PackageSettings: Missing permission state for shared user: android.uid.log
01-01 08:00:10.420 1537 1537 W PackageSettings: Missing permission state for shared user: android.uid.uwb
01-01 08:00:10.434 1537 1537 D PackageManager: Keeping known cache 4da58d14465182cefecf162c65eb587118d67889
01-01 08:00:10.435 1537 1537 W android.permission.PermissionManager: Missing ActivityManager; assuming 1000 holds android.permission.WATCH_APPOPS
01-01 08:00:10.435 1537 1537 W android.permission.PermissionManager: Missing ActivityManager; assuming 1000 holds android.permission.WATCH_APPOPS
01-01 08:00:10.439 1537 1537 D CompatibilityChangeReporter: Compat change id reported: 143539591; UID -1; state: ENABLED
01-01 08:00:10.461 1537 1537 D CompatibilityChangeReporter: Compat change id reported: 143539591; UID -1; state: DISABLED
01-01 08:00:10.461 1537 1537 D CompatibilityChangeReporter: Compat change id reported: 168782947; UID -1; state: ENABLED
01-01 08:00:10.462 1537 1537 W PackageManager: Failed to parse /system/framework/arm64: Missing base APK in /system/framework/arm64
01-01 08:00:10.462 1537 1537 W PackageManager: Failed to parse /system/framework/oat: Missing base APK in /system/framework/oat
01-01 08:00:10.465 1537 1537 W PackageManager: Failed to parse /system/framework/arm: Missing base APK in /system/framework/arm
01-01 08:00:10.493 1537 1682 W PackageParsing: No actions in intent-filter at /system/priv-app/BuiltInPrintService/BuiltInPrintService.apk Binary XML file line #53
01-01 08:00:10.506 1537 1537 D CompatibilityChangeReporter: Compat change id reported: 168782947; UID -1; state: DISABLED
01-01 08:00:10.528 1537 1681 D CompatibilityChangeReporter: Compat change id reported: 150232615; UID -1; state: DISABLED
01-01 08:00:10.552 1537 1682 W PackageParsing: No actions in intent-filter at /system/priv-app/baidu_ime-mainLine-release/baidu_ime-mainLine-release.apk Binary XML file line #1529
01-01 08:00:10.572 1537 1683 W PackageParsing: Ignoring duplicate uses-permissions/uses-permissions-sdk-m: android.permission.ACCESS_WIFI_STATE in package: com.microsoft.emmx at: Binary XML file line #105
01-01 08:00:10.607 1537 1682 W PackageParsing: No actions in intent-filter at /system/app/Bluetooth/Bluetooth.apk Binary XML file line #186
01-01 08:00:10.607 1537 1682 W PackageParsing: No actions in intent-filter at /system/app/Bluetooth/Bluetooth.apk Binary XML file line #210
01-01 08:00:10.608 1537 1682 W PackageParsing: No actions in intent-filter at /system/app/Bluetooth/Bluetooth.apk Binary XML file line #284
01-01 08:00:10.638 1537 1537 W PackageManager: Failed to parse /vendor/app/CneApp: Missing base APK in /vendor/app/CneApp/lib/arm64
01-01 08:00:10.732 1537 1682 W PackageParsing: Ignoring duplicate uses-permissions/uses-permissions-sdk-m: android.permission.CONFIGURE_WIFI_DISPLAY in package: com.android.systemui at: Binary XML file line #160
01-01 08:00:10.797 0 0 E : msm_qti_pp_get_rms_value_control, back not active to query rms be_idx:3
01-01 08:00:10.805 0 0 I core_get_license_status: cmdrsp_license_result.result = 0x15 for module 0x131ff
01-01 08:00:10.806 0 0 E msm_ext_disp_update_audio_ops: Display not found (EXT_DISPLAY_TYPE_DP) ctld (0) stream (0)
01-01 08:00:10.806 0 0 E msm_ext_disp_update_audio_ops: Display not found (EXT_DISPLAY_TYPE_HDMI) ctld (0) stream (0)
01-01 08:00:10.806 0 0 E msm_ext_disp_update_audio_ops: Display not found (EXT_DISPLAY_TYPE_DP) ctld (0) stream (0)
01-01 08:00:10.806 0 0 E msm_ext_disp_update_audio_ops: Display not found (EXT_DISPLAY_TYPE_DP) ctld (0) stream (0)
01-01 08:00:10.806 0 0 E msm_ext_disp_update_audio_ops: Display not found (EXT_DISPLAY_TYPE_DP) ctld (0) stream (0)
01-01 08:00:10.806 0 0 E msm-ext-disp-audio-codec-rx soc: qcom,msm-ext-disp:qcom,msm-ext-disp-audio-codec-rx: msm_ext_disp_audio_type_get: get_audio_edid_blk() or get_intf_id is NULL
01-01 08:00:10.807 0 0 E msm_ext_disp_update_audio_ops: Display not found (EXT_DISPLAY_TYPE_DP) ctld (0) stream (0)
01-01 08:00:10.807 0 0 E msm-ext-disp-audio-codec-rx soc: qcom,msm-ext-disp:qcom,msm-ext-disp-audio-codec-rx: msm_ext_disp_audio_type_get: get_audio_edid_blk() or get_intf_id is NULL
01-01 08:00:10.807 0 0 E msm_ext_disp_update_audio_ops: Display not found (EXT_DISPLAY_TYPE_DP) ctld (0) stream (0)
01-01 08:00:10.807 0 0 E msm-ext-disp-audio-codec-rx soc: qcom,msm-ext-disp:qcom,msm-ext-disp-audio-codec-rx: msm_ext_disp_audio_type_get: get_audio_edid_blk() or get_intf_id is NULL
01-01 08:00:10.808 0 0 E msm-ext-disp-audio-codec-rx soc: qcom,msm-ext-disp:qcom,msm-ext-disp-audio-codec-rx: msm_ext_disp_audio_device_get: invalid dai id: 4
01-01 08:00:10.843 0 0 E : msm_pcm_volume_ctl_get substream not found
01-01 08:00:10.899 1537 1680 I PackageParsing: Parse times for '/system_ext/priv-app/Settings': parse=200ms, update_cache=2 ms
01-01 08:00:10.899 1537 1537 I PackageManager: /system_ext/priv-app/Settings changed; collecting certs
01-01 08:00:10.935 1537 1680 W PackageParsing: Ignoring duplicate uses-permissions/uses-permissions-sdk-m: android.permission.INTERACT_ACROSS_USERS in package: com.thundercomm.microsettings at: Binary XML file line #13
01-01 08:00:10.935 1537 1680 W PackageParsing: Ignoring duplicate uses-permissions/uses-permissions-sdk-m: android.permission.SET_TIME_ZONE in package: com.thundercomm.microsettings at: Binary XML file line #31
01-01 08:00:10.935 1537 1680 W PackageParsing: Ignoring duplicate uses-permissions/uses-permissions-sdk-m: android.permission.WRITE_EXTERNAL_STORAGE in package: com.thundercomm.microsettings at: Binary XML file line #37
01-01 08:00:10.944 1537 1681 W PackageParsing: No actions in intent-filter at /system_ext/app/SnapdragonMusic/SnapdragonMusic.apk Binary XML file line #83
01-01 08:00:10.944 1537 1681 W PackageParsing: No actions in intent-filter at /system_ext/app/SnapdragonMusic/SnapdragonMusic.apk Binary XML file line #206
01-01 08:00:10.983 1537 1537 W PackageManager: Skipping provider name com.android.permissioncontroller (in package com.android.permissioncontroller): name already used by com.android.settings
01-01 08:00:10.983 1537 1537 W PackageManager: Skipping provider name com.android.permissioncontroller.role (in package com.android.permissioncontroller): name already used by com.android.settings
01-01 08:00:11.000 1537 1537 I PackageManager: Finished scanning system apps. Time: 567 ms, packageCount: 135 , timePerPackage: 4 , cached: 0
01-01 08:00:11.000 1537 1537 I PackageManager: Finished scanning non-system apps. Time: 0 ms, packageCount: 0 , timePerPackage: 0 , cached: 0
01-01 08:00:11.001 1537 1537 E PackageManager: updateAllSharedLibrariesLPw failed: Package com.qualcomm.embms requires unavailable shared library com.qualcomm.qcrilhook; failing!
01-01 08:00:11.001 1537 1537 E PackageManager: updateAllSharedLibrariesLPw failed: Package com.android.systemui requires unavailable shared library com.qti.extphone.extphonelib; failing!
01-01 08:00:11.001 1537 1537 E PackageManager: updateAllSharedLibrariesLPw failed: Package com.android.settings requires unavailable shared library com.qti.extphone.extphonelib; failing!
01-01 08:00:11.002 1537 1537 E PackageManager: updateAllSharedLibrariesLPw failed: Package com.qualcomm.qti.devicestatisticsservice requires unavailable shared library qti-telephony-hidl-wrapper-prd; failing!
01-01 08:00:11.002 1537 1537 E PackageManager: updateAllSharedLibrariesLPw failed: Package com.qti.snapdragon.qdcm_ff requires unavailable shared library vendor.display.color.V1_0.IDisplayColor; failing!
01-01 08:00:11.002 1537 1537 E PackageManager: updateAllSharedLibrariesLPw failed: Package com.qti.pasrservice requires unavailable shared library vendor.qti.power.pasrmanager.V1_0.IPasrManager; failing!
01-01 08:00:11.002 1537 1537 E PackageManager: updateAllSharedLibrariesLPw failed: Package com.qualcomm.wfd.service requires unavailable shared library .WfdService; failing!
01-01 08:00:11.003 1537 1537 I PackageManager: Time to scan packages: 0.57 seconds
01-01 08:00:11.003 1537 1537 I PackageManager: Permission ownership changed. Updating all permissions.
01-01 08:00:11.012 1537 1537 V PackageManager: reconcileAppsData for null u0 0x1 migrateAppData=true
01-01 08:00:11.047 1537 1537 V PackageManager: reconcileAppsData finished 27 packages
01-01 08:00:11.047 1537 1537 I PackageManagerTiming: write settings
01-01 08:00:11.047 1537 1690 I SystemServerTimingAsync: InitThreadPoolExec:prepareAppData
01-01 08:00:11.047 1537 1690 D SystemServerInitThreadPool: Started executing prepareAppData
01-01 08:00:11.065 1537 1537 W PackageManager: Intent filter verifier not found
01-01 08:00:11.065 1537 1537 W PackageManager: Domain verification agent not found
01-01 08:00:11.066 1537 1537 D PackageManager: Ephemeral resolver NOT found; no matching intent filters
01-01 08:00:11.066 1537 1537 D PackageManager: Instant App installer not found with android.intent.action.INSTALL_INSTANT_APP_PACKAGE
01-01 08:00:11.066 1537 1537 D PackageManager: Clear ephemeral installer activity
01-01 08:00:11.067 1537 1537 I PackageManagerTiming: GC
01-01 08:00:11.067 1537 1537 I PackageManager: Fix for b/169414761 is applied
01-01 08:00:11.067 1537 1537 V UserManagerService: Checking that all system packages are whitelisted.
01-01 08:00:11.069 1537 1537 W UserManagerService: checkWhitelistedSystemPackages(mode=ENFORCE|IMPLICIT_WHITELIST|IMPLICIT_WHITELIST_SYSTEM) has 68 warnings:
01-01 08:00:11.069 1537 1537 W UserManagerService: com.android.internal.display.cutout.emulation.corner is allowlisted but not present.
01-01 08:00:11.069 1537 1537 W UserManagerService: com.android.internal.display.cutout.emulation.double is allowlisted but not present.
01-01 08:00:11.069 1537 1537 W UserManagerService: com.android.theme.color.amethyst is allowlisted but not present.
01-01 08:00:11.069 1537 1537 W UserManagerService: com.android.theme.icon.pebble is allowlisted but not present.
01-01 08:00:11.069 1537 1537 W UserManagerService: com.android.theme.color.sand is allowlisted but not present.
01-01 08:00:11.069 1537 1537 W UserManagerService: com.android.theme.icon.vessel is allowlisted but not present.
01-01 08:00:11.069 1537 1537 W UserManagerService: com.android.theme.color.cinnamon is allowlisted but not present.
01-01 08:00:11.069 1537 1537 W UserManagerService: com.android.theme.icon_pack.victor.settings is allowlisted but not present.
01-01 08:00:11.069 1537 1537 W UserManagerService: com.android.theme.icon_pack.rounded.systemui is allowlisted but not present.
01-01 08:00:11.069 1537 1537 W UserManagerService: com.android.theme.icon.taperedrect is allowlisted but not present.
01-01 08:00:11.069 1537 1537 W UserManagerService: com.android.theme.icon_pack.rounded.android is allowlisted but not present.
01-01 08:00:11.069 1537 1537 W UserManagerService: com.qualcomm.qti.euiccresource is allowlisted but not present.
01-01 08:00:11.069 1537 1537 W UserManagerService: com.qualcomm.qti.telephonyservice is allowlisted but not present.
01-01 08:00:11.069 1537 1537 W UserManagerService: com.android.theme.icon_pack.victor.systemui is allowlisted but not present.
01-01 08:00:11.069 1537 1537 W UserManagerService: com.android.theme.icon_pack.circular.themepicker is allowlisted but not present.
01-01 08:00:11.069 1537 1537 W UserManagerService: com.android.theme.color.tangerine is allowlisted but not present.
01-01 08:00:11.069 1537 1537 W UserManagerService: com.android.theme.color.aquamarine is allowlisted but not present.
01-01 08:00:11.069 1537 1537 W UserManagerService: com.android.internal.display.cutout.emulation.hole is allowlisted but not present.
01-01 08:00:11.069 1537 1537 W UserManagerService: com.android.internal.display.cutout.emulation.tall is allowlisted but not present.
01-01 08:00:11.069 1537 1537 W UserManagerService: com.android.theme.color.black is allowlisted but not present.
01-01 08:00:11.069 1537 1537 W UserManagerService: com.android.theme.color.green is allowlisted but not present.
01-01 08:00:11.069 1537 1537 W UserManagerService: com.android.theme.color.ocean is allowlisted but not present.
01-01 08:00:11.069 1537 1537 W UserManagerService: com.android.theme.color.space is allowlisted but not present.
01-01 08:00:11.069 1537 1537 W UserManagerService: com.android.internal.systemui.navbar.threebutton is allowlisted but not present.
01-01 08:00:11.069 1537 1537 W UserManagerService: com.qti.qualcomm.datastatusnotification is allowlisted but not present.
01-01 08:00:11.069 1537 1537 W UserManagerService: com.qualcomm.qti.callfeaturessetting is allowlisted but not present.
01-01 08:00:11.069 1537 1537 W UserManagerService: com.android.theme.icon_pack.rounded.launcher is allowlisted but not present.
01-01 08:00:11.069 1537 1537 W UserManagerService: com.qti.qualcomm.deviceinfo is allowlisted but not present.
01-01 08:00:11.069 1537 1537 W UserManagerService: com.android.theme.icon_pack.kai.settings is allowlisted but not present.
01-01 08:00:11.069 1537 1537 W UserManagerService: com.android.internal.systemui.navbar.twobutton is allowlisted but not present.
01-01 08:00:11.069 1537 1537 W UserManagerService: org.codeaurora.ims is allowlisted but not present.
01-01 08:00:11.069 1537 1537 W UserManagerService: com.android.theme.icon_pack.sam.settings is allowlisted but not present.
01-01 08:00:11.069 1537 1537 W UserManagerService: com.android.theme.icon_pack.kai.themepicker is allowlisted but not present.
01-01 08:00:11.069 1537 1537 W UserManagerService: com.qualcomm.qcrilmsgtunnel is allowlisted but not present.
01-01 08:00:11.069 1537 1537 W UserManagerService: com.android.theme.icon_pack.victor.launcher is allowlisted but not present.
01-01 08:00:11.069 1537 1537 W UserManagerService: com.android.theme.icon_pack.filled.settings is allowlisted but not present.
01-01 08:00:11.069 1537 1537 W UserManagerService: com.android.theme.icon_pack.kai.systemui is allowlisted but not present.
01-01 08:00:11.069 1537 1537 W UserManagerService: com.android.theme.icon_pack.circular.settings is allowlisted but not present.
01-01 08:00:11.069 1537 1537 W UserManagerService: com.qti.xdivert is allowlisted but not present.
01-01 08:00:11.069 1537 1537 W UserManagerService: com.android.theme.icon_pack.sam.systemui is allowlisted but not present.
01-01 08:00:11.069 1537 1537 W UserManagerService: com.android.theme.icon.teardrop is allowlisted but not present.
01-01 08:00:11.069 1537 1537 W UserManagerService: com.android.theme.icon_pack.rounded.themepicker is allowlisted but not present.
01-01 08:00:11.069 1537 1537 W UserManagerService: com.android.theme.icon_pack.filled.systemui is allowlisted but not present.
01-01 08:00:11.069 1537 1537 W UserManagerService: com.qualcomm.qti.imsiprivacy.tests is allowlisted but not present.
01-01 08:00:11.069 1537 1537 W UserManagerService: com.android.theme.icon_pack.sam.android is allowlisted but not present.
01-01 08:00:11.069 1537 1537 W UserManagerService: com.android.theme.icon_pack.filled.android is allowlisted but not present.
01-01 08:00:11.069 1537 1537 W UserManagerService: com.android.theme.icon_pack.circular.systemui is allowlisted but not present.
01-01 08:00:11.069 1537 1537 W UserManagerService: com.android.theme.icon_pack.kai.android is allowlisted but not present.
01-01 08:00:11.069 1537 1537 W UserManagerService: com.android.theme.icon_pack.kai.launcher is allowlisted but not present.
01-01 08:00:11.069 1537 1537 W UserManagerService: com.qualcomm.qti.sam.service is allowlisted but not present.
01-01 08:00:11.069 1537 1537 W UserManagerService: com.android.theme.icon_pack.sam.launcher is allowlisted but not present.
01-01 08:00:11.069 1537 1537 W UserManagerService: com.android.theme.icon.squircle is allowlisted but not present.
01-01 08:00:11.069 1537 1537 W UserManagerService: com.android.theme.icon_pack.victor.android is allowlisted but not present.
01-01 08:00:11.069 1537 1537 W UserManagerService: com.android.theme.color.palette is allowlisted but not present.
01-01 08:00:11.069 1537 1537 W UserManagerService: com.android.theme.icon_pack.filled.launcher is allowlisted but not present.
01-01 08:00:11.069 1537 1537 W UserManagerService: com.android.theme.color.carbon is allowlisted but not present.
01-01 08:00:11.069 1537 1537 W UserManagerService: com.android.theme.icon_pack.circular.launcher is allowlisted but not present.
01-01 08:00:11.069 1537 1537 W UserManagerService: com.android.theme.icon_pack.filled.themepicker is allowlisted but not present.
01-01 08:00:11.069 1537 1537 W UserManagerService: com.android.theme.icon_pack.victor.themepicker is allowlisted but not present.
01-01 08:00:11.069 1537 1537 W UserManagerService: com.android.theme.color.orchid is allowlisted but not present.
01-01 08:00:11.069 1537 1537 W UserManagerService: com.android.theme.color.purple is allowlisted but not present.
01-01 08:00:11.069 1537 1537 W UserManagerService: com.qualcomm.qti.confdialer is allowlisted but not present.
01-01 08:00:11.069 1537 1537 W UserManagerService: com.android.theme.icon_pack.sam.themepicker is allowlisted but not present.
01-01 08:00:11.069 1537 1537 W UserManagerService: com.qualcomm.atfwd is allowlisted but not present.
01-01 08:00:11.069 1537 1537 W UserManagerService: com.android.theme.icon.roundedrect is allowlisted but not present.
01-01 08:00:11.069 1537 1537 W UserManagerService: com.android.theme.icon_pack.rounded.settings is allowlisted but not present.
01-01 08:00:11.069 1537 1537 W UserManagerService: org.codeaurora.qti.nrNetworkSettingApp is allowlisted but not present.
01-01 08:00:11.069 1537 1537 W UserManagerService: com.android.theme.icon_pack.circular.android is allowlisted but not present.
01-01 08:00:11.070 1537 1537 I Watchdog: Resuming HandlerChecker: main thread for reason: packagemanagermain. Pause count: 0
01-01 08:00:11.070 1537 1537 I SystemServerDexLoadReporter: Configuring system server dex reporter
01-01 08:00:11.072 1537 1537 I SystemServerTiming: StartOtaDexOptService
01-01 08:00:11.072 1537 1537 I Watchdog: Pausing HandlerChecker: main thread for reason: moveab. Pause count: 1
01-01 08:00:11.073 1537 1537 D OTADexopt: No upgrade, skipping A/B artifacts check.
01-01 08:00:11.073 1537 1537 I Watchdog: Resuming HandlerChecker: main thread for reason: moveab. Pause count: 0
01-01 08:00:11.073 1537 1537 I SystemServerTiming: StartUserManagerService
01-01 08:00:11.073 1537 1537 I SystemServiceManager: Starting com.android.server.pm.UserManagerService$LifeCycle
01-01 08:00:11.073 1537 1537 I SystemServerTiming: InitAttributerCache
01-01 08:00:11.073 1537 1537 I SystemServerTiming: SetSystemProcess
01-01 08:00:11.080 1537 1656 I ActivityManager: Connection with lmkd established
01-01 08:00:11.080 1537 1537 I SystemServerTiming: InitWatchdog
01-01 08:00:11.081 1537 1537 I SystemServerTiming: StartOverlayManagerService
01-01 08:00:11.084 0 0 I init : Control message: Processed ctl.start for 'idmap2d' from pid: 1537 (system_server)
01-01 08:00:11.092 1537 1573 V HistoricalRegistry: Interaction before persistence initialized
01-01 08:00:11.111 1537 1644 W ActivityTaskManager: Skip updateConfiguration because mWindowManager isn't set
01-01 08:00:11.112 1537 1537 I SystemServerTiming: StartSensorPrivacyService
01-01 08:00:11.114 1537 1537 I SystemServerTiming: StartThunderBoostPerfService
01-01 08:00:11.114 1537 1537 I SystemServerTiming: StartSensorService
01-01 08:00:11.114 1537 1537 I SystemServiceManager: Starting com.android.server.sensors.SensorService
01-01 08:00:11.114 1537 1537 I SystemServerTiming: startCoreServices
01-01 08:00:11.114 1537 1537 I SystemServerTiming: StartSystemConfigService
01-01 08:00:11.114 1537 1537 I SystemServiceManager: Starting com.android.server.SystemConfigService
01-01 08:00:11.115 1537 1697 I SystemServerTimingAsync: InitThreadPoolExec:StartNativeSensorService
01-01 08:00:11.115 1537 1697 D SystemServerInitThreadPool: Started executing StartNativeSensorService
01-01 08:00:11.115 1537 1697 I SystemServerTimingAsync: StartNativeSensorService
01-01 08:00:11.115 1537 1537 I SystemServerTiming: StartBatteryService
01-01 08:00:11.115 1537 1537 I SystemServiceManager: Starting com.android.server.BatteryService
01-01 08:00:11.117 0 0 E HL6111R : is_dc_online: DC psy unavailable
01-01 08:00:11.118 0 0 E init : Control message: Could not find 'android.hardware.sensors@2.0::ISensors/default' for ctl.interface_start from pid: 509 (/system/bin/hwservicemanager)
01-01 08:00:11.118 0 0 E : msm_qti_pp_get_rms_value_control, back not active to query rms be_idx:3
01-01 08:00:11.118 0 0 E HL6111R : is_dc_online: DC psy unavailable
01-01 08:00:11.118 0 0 W healthd : battery none chg=
01-01 08:00:11.118 0 0 E HL6111R : is_dc_online: DC psy unavailable
01-01 08:00:11.119 1537 1537 I HealthServiceWrapper: health: HealthServiceWrapper listening to instance default
01-01 08:00:11.120 0 0 E init : Control message: Could not find 'android.hardware.sensors@2.0::ISensors/default' for ctl.interface_start from pid: 509 (/system/bin/hwservicemanager)
01-01 08:00:11.121 0 0 E HL6111R : is_dc_online: DC psy unavailable
01-01 08:00:11.126 1537 1537 I BatteryService: health: Waited 7ms and received the update.
01-01 08:00:11.127 1537 1537 I SystemServerTiming: StartUsageService
01-01 08:00:11.127 1537 1537 I SystemServiceManager: Starting com.android.server.usage.UsageStatsService
01-01 08:00:11.130 1537 1537 I SystemServerTiming: StartWebViewUpdateService
01-01 08:00:11.130 1537 1537 I SystemServiceManager: Starting com.android.server.webkit.WebViewUpdateService
01-01 08:00:11.131 1537 1537 I SystemServerTiming: StartCachedDeviceStateService
01-01 08:00:11.131 1537 1537 I SystemServiceManager: Starting com.android.server.CachedDeviceStateService
01-01 08:00:11.131 1537 1537 I SystemServerTiming: StartBinderCallsStatsService
01-01 08:00:11.131 1537 1537 I SystemServiceManager: Starting com.android.server.BinderCallsStatsService$LifeCycle
01-01 08:00:11.127 0 0 I core_get_license_status: cmdrsp_license_result.result = 0x15 for module 0x131ff
01-01 08:00:11.127 0 0 E msm_ext_disp_update_audio_ops: Display not found (EXT_DISPLAY_TYPE_DP) ctld (0) stream (0)
01-01 08:00:11.127 0 0 E msm_ext_disp_update_audio_ops: Display not found (EXT_DISPLAY_TYPE_HDMI) ctld (0) stream (0)
01-01 08:00:11.127 0 0 E msm_ext_disp_update_audio_ops: Display not found (EXT_DISPLAY_TYPE_DP) ctld (0) stream (0)
01-01 08:00:11.127 0 0 E msm_ext_disp_update_audio_ops: Display not found (EXT_DISPLAY_TYPE_DP) ctld (0) stream (0)
01-01 08:00:11.128 0 0 E msm_ext_disp_update_audio_ops: Display not found (EXT_DISPLAY_TYPE_DP) ctld (0) stream (0)
01-01 08:00:11.128 0 0 E msm-ext-disp-audio-codec-rx soc: qcom,msm-ext-disp:qcom,msm-ext-disp-audio-codec-rx: msm_ext_disp_audio_type_get: get_audio_edid_blk() or get_intf_id is NULL
01-01 08:00:11.128 0 0 E msm_ext_disp_update_audio_ops: Display not found (EXT_DISPLAY_TYPE_DP) ctld (0) stream (0)
01-01 08:00:11.128 0 0 E msm-ext-disp-audio-codec-rx soc: qcom,msm-ext-disp:qcom,msm-ext-disp-audio-codec-rx: msm_ext_disp_audio_type_get: get_audio_edid_blk() or get_intf_id is NULL
01-01 08:00:11.128 0 0 E msm_ext_disp_update_audio_ops: Display not found (EXT_DISPLAY_TYPE_DP) ctld (0) stream (0)
01-01 08:00:11.128 0 0 E msm-ext-disp-audio-codec-rx soc: qcom,msm-ext-disp:qcom,msm-ext-disp-audio-codec-rx: msm_ext_disp_audio_type_get: get_audio_edid_blk() or get_intf_id is NULL
01-01 08:00:11.129 0 0 E HL6111R : is_dc_online: DC psy unavailable
01-01 08:00:11.129 0 0 E msm-ext-disp-audio-codec-rx soc: qcom,msm-ext-disp:qcom,msm-ext-disp-audio-codec-rx: msm_ext_disp_audio_device_get: invalid dai id: 4
01-01 08:00:11.134 1537 1537 I SystemServerTiming: StartLooperStatsService
01-01 08:00:11.134 1537 1537 I SystemServiceManager: Starting com.android.server.LooperStatsService$Lifecycle
01-01 08:00:11.134 1537 1537 I SystemServerTiming: StartRollbackManagerService
01-01 08:00:11.134 1537 1537 I SystemServiceManager: Starting com.android.server.rollback.RollbackManagerService
01-01 08:00:11.136 1537 1537 I PackageWatchdog: Syncing state, reason: added new observer
01-01 08:00:11.136 1537 1537 I PackageWatchdog: Not pruning observers, elapsed time: 0ms
01-01 08:00:11.136 1537 1537 I PackageWatchdog: Cancelling state sync, nothing to sync
01-01 08:00:11.136 1537 1653 I PackageWatchdog: Saving observer state to file
01-01 08:00:11.137 1537 1537 I SystemServerTiming: StartNativeTombstoneManagerService
01-01 08:00:11.137 1537 1537 I SystemServiceManager: Starting com.android.server.os.NativeTombstoneManagerService
01-01 08:00:11.137 1218 1706 I storaged: storaged: Start
01-01 08:00:11.138 1537 1537 I SystemServerTiming: StartBugreportManagerService
01-01 08:00:11.138 1537 1537 I SystemServiceManager: Starting com.android.server.os.BugreportManagerService
01-01 08:00:11.138 1537 1537 I SystemServerTiming: GpuService
01-01 08:00:11.138 1537 1537 I SystemServiceManager: Starting com.android.server.gpu.GpuService
01-01 08:00:11.139 1537 1537 I SystemServerTiming: startOtherServices
01-01 08:00:11.139 1537 1537 I SystemServerTiming: StartKeyAttestationApplicationIdProviderService
01-01 08:00:11.139 1537 1711 I SystemServerTimingAsync: InitThreadPoolExec:SecondaryZygotePreload
01-01 08:00:11.139 1537 1711 D SystemServerInitThreadPool: Started executing SecondaryZygotePreload
01-01 08:00:11.139 1537 1537 I SystemServerTiming: StartKeyChainSystemService
01-01 08:00:11.139 1537 1537 I SystemServiceManager: Starting com.android.server.security.KeyChainSystemService
01-01 08:00:11.139 1537 1711 I SystemServer: SecondaryZygotePreload
01-01 08:00:11.139 1537 1711 I SystemServerTimingAsync: SecondaryZygotePreload
01-01 08:00:11.139 1537 1537 I SystemServerTiming: StartSchedulingPolicyService
01-01 08:00:11.139 1537 1712 I SystemServerTimingAsync: InitThreadPoolExec:SchedulingPolicyService.
01-01 08:00:11.139 1537 1712 D SystemServerInitThreadPool: Started executing SchedulingPolicyService.
01-01 08:00:11.139 1537 1537 I SystemServerTiming: StartTelecomLoaderService
01-01 08:00:11.139 1537 1537 I SystemServiceManager: Starting com.android.server.telecom.TelecomLoaderService
01-01 08:00:11.140 1537 1537 I SystemServerTiming: StartTelephonyRegistry
01-01 08:00:11.140 1537 1537 I SystemServerTiming: StartEntropyMixer
01-01 08:00:11.141 1537 1537 I EntropyMixer: Writing entropy...
01-01 08:00:11.141 1537 1537 I SystemServerTiming: StartAccountManagerService
01-01 08:00:11.141 1537 1537 I SystemServiceManager: Starting com.android.server.accounts.AccountManagerService$Lifecycle
01-01 08:00:11.146 1537 1537 I SystemServerTiming: StartContentService
01-01 08:00:11.146 1537 1537 I SystemServiceManager: Starting com.android.server.content.ContentService$Lifecycle
01-01 08:00:11.147 1537 1537 I SystemServerTiming: InstallSystemProviders
01-01 08:00:11.148 1537 1712 D SystemServerInitThreadPool: Finished executing SchedulingPolicyService.
01-01 08:00:11.161 0 0 E : msm_pcm_volume_ctl_get substream not found
01-01 08:00:11.198 1537 1654 D ActivityManager: Freezer enabled
01-01 08:00:11.198 1537 1654 D ActivityManager: freezer override set to false
01-01 08:00:11.200 1537 1537 I SystemServerTiming: StartDropBoxManager
01-01 08:00:11.200 1537 1537 I SystemServiceManager: Starting com.android.server.DropBoxManagerService
01-01 08:00:11.200 1537 1537 I SystemServerTiming: StartRoleManagerService
01-01 08:00:11.200 1537 1537 I SystemServiceManager: Starting com.android.role.RoleService
01-01 08:00:11.202 1537 1537 I SystemServerTiming: StartVibratorManagerService
01-01 08:00:11.202 1537 1537 I SystemServiceManager: Starting com.android.server.vibrator.VibratorManagerService$Lifecycle
01-01 08:00:11.206 1537 1537 I SystemServerTiming: StartDynamicSystemService
01-01 08:00:11.206 1537 1537 I SystemServerTiming: StartConsumerIrService
01-01 08:00:11.207 1537 1537 I SystemServerTiming: StartAlarmManagerService
01-01 08:00:11.207 1537 1537 I SystemServiceManager: Starting com.android.server.alarm.AlarmManagerService
01-01 08:00:11.212 1537 1537 I AlarmManager: Current time only 11212, advancing to build time 1678309355000
03-09 05:02:35.001 1537 1537 I SystemServerTiming: StartInputManagerService
03-09 05:02:35.001 1537 1537 I InputManager: Initializing input manager, mUseDevInputEventForAudioJack=true
03-09 05:02:35.006 1537 1537 I SystemServerTiming: DeviceStateManagerService
03-09 05:02:35.006 1537 1537 I SystemServiceManager: Starting com.android.server.devicestate.DeviceStateManagerService
03-09 05:02:35.018 1537 1690 I PackageManager: Deferred reconcileAppsData finished 108 packages
03-09 05:02:35.018 1537 1690 D SystemServerInitThreadPool: Finished executing prepareAppData
01-01 08:00:11.527 0 0 E init : Control message: Could not find 'android.frameworks.sensorservice@1.0::ISensorManager/default' for ctl.interface_start from pid: 509 (/system/bin/hwservicemanager)
01-01 08:00:11.536 0 0 E init : Control message: Could not find 'android.frameworks.sensorservice@1.0::ISensorManager/default' for ctl.interface_start from pid: 509 (/system/bin/hwservicemanager)
03-09 05:02:35.330 1537 1573 V HistoricalRegistry: Interaction before persistence initialized
01-01 08:00:11.565 0 0 I msm_cvp : warn: DBLP Set: status 0 0
01-01 08:00:11.646 0 0 I msm_vidc: high: 00000001: ....e: Opening video instance: 0000000000000000, 0
01-01 08:00:11.646 0 0 I msm_vidc: err : 00000001: ....e: Failed to create debugfs for msm_vidc
01-01 08:00:11.650 0 0 I msm_vidc: high: 00000001: h265e: Closed video instance: 0000000000000000
