03-09 05:02:36.020 1537 1537 I SystemServerTiming: OnBootPhase_480_com.android.server.lights.LightsService
03-09 05:02:36.020 1537 1537 I SystemServerTiming: OnBootPhase_480_com.android.server.display.DisplayManagerService
03-09 05:02:36.020 1537 1537 I SystemServerTiming: OnBootPhase_480_com.android.server.pm.verify.domain.DomainVerificationService
03-09 05:02:36.020 1537 1537 I SystemServerTiming: OnBootPhase_480_com.android.server.pm.PackageInstallerService$Lifecycle
03-09 05:02:36.020 1537 1537 I SystemServerTiming: OnBootPhase_480_com.android.server.pm.UserManagerService$LifeCycle
03-09 05:02:36.020 1537 1537 I SystemServerTiming: OnBootPhase_480_com.android.server.om.OverlayManagerService
03-09 05:02:36.020 1537 1537 I SystemServerTiming: OnBootPhase_480_com.android.server.SensorPrivacyService
03-09 05:02:36.020 1537 1537 I SystemServerTiming: OnBootPhase_480_com.android.server.thunderperf.ThunderBoostPerfService
03-09 05:02:36.020 1537 1537 I SystemServerTiming: OnBootPhase_480_com.android.server.sensors.SensorService
03-09 05:02:36.020 1537 1537 I SystemServerTiming: OnBootPhase_480_com.android.server.SystemConfigService
03-09 05:02:36.020 1537 1537 I SystemServerTiming: OnBootPhase_480_com.android.server.BatteryService
03-09 05:02:36.020 1537 1537 I SystemServerTiming: OnBootPhase_480_com.android.server.usage.UsageStatsService
03-09 05:02:36.020 1537 1537 I SystemServerTiming: OnBootPhase_480_com.android.server.webkit.WebViewUpdateService
03-09 05:02:36.020 1537 1537 I SystemServerTiming: OnBootPhase_480_com.android.server.CachedDeviceStateService
03-09 05:02:36.020 1537 1537 I SystemServerTiming: OnBootPhase_480_com.android.server.BinderCallsStatsService$LifeCycle
03-09 05:02:36.020 1537 1537 I SystemServerTiming: OnBootPhase_480_com.android.server.LooperStatsService$Lifecycle
03-09 05:02:36.020 1537 1537 I SystemServerTiming: OnBootPhase_480_com.android.server.rollback.RollbackManagerService
03-09 05:02:36.020 1537 1537 I SystemServerTiming: OnBootPhase_480_com.android.server.os.NativeTombstoneManagerService
03-09 05:02:36.020 1537 1537 I SystemServerTiming: OnBootPhase_480_com.android.server.os.BugreportManagerService
03-09 05:02:36.020 1537 1537 I SystemServerTiming: OnBootPhase_480_com.android.server.gpu.GpuService
03-09 05:02:36.020 1537 1537 I SystemServerTiming: OnBootPhase_480_com.android.server.security.KeyChainSystemService
03-09 05:02:36.020 1537 1537 I SystemServerTiming: OnBootPhase_480_com.android.server.telecom.TelecomLoaderService
03-09 05:02:36.020 1537 1537 I SystemServerTiming: OnBootPhase_480_com.android.server.accounts.AccountManagerService$Lifecycle
03-09 05:02:36.020 1537 1537 I SystemServerTiming: OnBootPhase_480_com.android.server.content.ContentService$Lifecycle
03-09 05:02:36.020 1537 1537 I SystemServerTiming: OnBootPhase_480_com.android.server.DropBoxManagerService
03-09 05:02:36.020 1537 1537 I SystemServerTiming: OnBootPhase_480_com.android.role.RoleService
03-09 05:02:36.020 1537 1537 I SystemServerTiming: OnBootPhase_480_com.android.server.vibrator.VibratorManagerService$Lifecycle
03-09 05:02:36.020 1537 1537 I SystemServerTiming: OnBootPhase_480_com.android.server.alarm.AlarmManagerService
03-09 05:02:36.020 1537 1537 I SystemServerTiming: OnBootPhase_480_com.android.server.devicestate.DeviceStateManagerService
03-09 05:02:36.020 1537 1537 I SystemServerTiming: OnBootPhase_480_com.android.server.camera.CameraServiceProxy
03-09 05:02:36.020 1537 1537 I SystemServerTiming: OnBootPhase_480_com.android.server.BluetoothService
03-09 05:02:36.020 1537 1537 I SystemServerTiming: OnBootPhase_480_com.android.server.connectivity.IpConnectivityMetrics
03-09 05:02:36.020 1537 1537 I SystemServerTiming: OnBootPhase_480_com.android.server.net.watchlist.NetworkWatchlistService$Lifecycle
03-09 05:02:36.020 1537 1537 I SystemServerTiming: OnBootPhase_480_com.android.server.PinnerService
03-09 05:02:36.020 1537 1537 I SystemServerTiming: OnBootPhase_480_com.google.android.startop.iorap.IorapForwardingService
03-09 05:02:36.020 1537 1537 I SystemServerTiming: OnBootPhase_480_com.android.server.ActivityTriggerService
03-09 05:02:36.020 1537 1537 I SystemServerTiming: OnBootPhase_480_com.android.server.integrity.AppIntegrityManagerService
03-09 05:02:36.020 1537 1537 I SystemServerTiming: OnBootPhase_480_com.android.server.inputmethod.InputMethodManagerService$Lifecycle
03-09 05:02:36.020 1537 1537 I SystemServerTiming: OnBootPhase_480_com.android.server.accessibility.AccessibilityManagerService$Lifecycle
03-09 05:02:36.020 1537 1537 I SystemServerTiming: OnBootPhase_480_com.android.server.StorageManagerService$Lifecycle
03-09 05:02:36.020 1537 1537 I SystemServerTiming: OnBootPhase_480_com.android.server.usage.StorageStatsService$Lifecycle
03-09 05:02:36.020 1537 1537 I SystemServerTiming: OnBootPhase_480_com.android.server.UiModeManagerService
03-09 05:02:36.020 1537 1537 I SystemServerTiming: OnBootPhase_480_com.android.server.locksettings.LockSettingsService$Lifecycle
03-09 05:02:36.020 1537 1537 I SystemServerTiming: OnBootPhase_480_com.android.server.PersistentDataBlockService
03-09 05:02:36.020 1537 1537 I SystemServerTiming: OnBootPhase_480_com.android.server.testharness.TestHarnessModeService
03-09 05:02:36.020 1537 1537 I SystemServerTiming: OnBootPhase_480_com.android.server.oemlock.OemLockService
03-09 05:02:36.020 1537 1537 I SystemServerTiming: OnBootPhase_480_com.android.server.DeviceIdleController
03-09 05:02:36.020 1537 1537 I SystemServerTiming: OnBootPhase_480_com.android.server.devicepolicy.DevicePolicyManagerService$Lifecycle
03-09 05:02:36.021 1537 1537 I DevicePolicyManager: Current version 2, latest version 2, not upgrading.
03-09 05:02:36.023 1537 1537 I SystemServerTiming: OnBootPhase_480_com.android.server.texttospeech.TextToSpeechManagerService
03-09 05:02:36.023 1537 1712 I SystemServerTimingAsync: InitThreadPoolExec:DevicePolicyManager
03-09 05:02:36.023 1537 1537 I SystemServerTiming: OnBootPhase_480_com.android.server.speech.SpeechRecognitionManagerService
03-09 05:02:36.023 1537 1712 D SystemServerInitThreadPool: Started executing DevicePolicyManager
03-09 05:02:36.023 1537 1537 I SystemServerTiming: OnBootPhase_480_com.android.server.searchui.SearchUiManagerService
03-09 05:02:36.023 1537 1537 I SystemServerTiming: OnBootPhase_480_com.android.server.smartspace.SmartspaceManagerService
03-09 05:02:36.023 1537 1537 I SystemServerTiming: OnBootPhase_480_com.android.server.graphics.fonts.FontManagerService$Lifecycle
03-09 05:02:36.023 1537 1537 I SystemServerTiming: OnBootPhase_480_com.android.server.textservices.TextServicesManagerService$Lifecycle
03-09 05:02:36.023 1537 1537 I SystemServerTiming: OnBootPhase_480_com.android.server.textclassifier.TextClassificationManagerService$Lifecycle
03-09 05:02:36.023 1537 1537 I SystemServerTiming: OnBootPhase_480_com.android.server.NetworkScoreService$Lifecycle
03-09 05:02:36.023 1537 1537 I SystemServerTiming: OnBootPhase_480_com.android.server.wifi.WifiService
03-09 05:02:36.023 1537 1537 I SystemServerTiming: OnBootPhase_480_com.android.server.wifi.scanner.WifiScanningService
03-09 05:02:36.023 1537 1537 I SystemServerTiming: OnBootPhase_480_com.android.server.wifi.rtt.RttService
03-09 05:02:36.023 1537 1537 I SystemServerTiming: OnBootPhase_480_com.android.server.wifi.aware.WifiAwareService
03-09 05:02:36.023 1537 1537 I SystemServerTiming: OnBootPhase_480_com.android.server.wifi.p2p.WifiP2pService
03-09 05:02:36.023 1537 1537 I SystemServerTiming: OnBootPhase_480_com.android.server.ethernet.EthernetService
03-09 05:02:36.023 1537 1537 I SystemServerTiming: OnBootPhase_480_com.android.server.ConnectivityServiceInitializer
03-09 05:02:36.023 1537 1537 I SystemServerTiming: OnBootPhase_480_com.android.server.notification.NotificationManagerService
03-09 05:02:36.023 1537 1537 I SystemServerTiming: OnBootPhase_480_com.android.server.storage.DeviceStorageMonitorService
03-09 05:02:36.023 1537 1537 I SystemServerTiming: OnBootPhase_480_com.android.server.location.LocationManagerService$Lifecycle
03-09 05:02:36.023 1537 1537 I SystemServerTiming: OnBootPhase_480_com.android.server.timedetector.TimeDetectorService$Lifecycle
03-09 05:02:36.023 1537 1712 D SystemServerInitThreadPool: Finished executing DevicePolicyManager
03-09 05:02:36.023 1537 1537 I SystemServerTiming: OnBootPhase_480_com.android.server.timezonedetector.TimeZoneDetectorService$Lifecycle
03-09 05:02:36.023 1537 1537 I SystemServerTiming: OnBootPhase_480_com.android.server.timezonedetector.location.LocationTimeZoneManagerService$Lifecycle
03-09 05:02:36.023 1537 1537 I SystemServerTiming: OnBootPhase_480_com.android.server.search.SearchManagerService$Lifecycle
03-09 05:02:36.023 1537 1537 I SystemServerTiming: OnBootPhase_480_com.android.server.wallpaper.WallpaperManagerService$Lifecycle
03-09 05:02:36.023 1537 1537 I SystemServerTiming: OnBootPhase_480_com.android.server.audio.AudioService$Lifecycle
03-09 05:02:36.023 1537 1537 I SystemServerTiming: OnBootPhase_480_com.android.server.soundtrigger_middleware.SoundTriggerMiddlewareService$Lifecycle
03-09 05:02:36.023 1537 1537 I SystemServerTiming: OnBootPhase_480_com.android.server.DockObserver
03-09 05:02:36.023 1537 1537 I SystemServerTiming: OnBootPhase_480_com.android.server.midi.MidiService$Lifecycle
03-09 05:02:36.023 1537 1537 I SystemServerTiming: OnBootPhase_480_com.android.server.adb.AdbService$Lifecycle
03-09 05:02:36.023 1537 1537 I SystemServerTiming: OnBootPhase_480_com.android.server.usb.UsbService$Lifecycle
03-09 05:02:36.023 1537 1537 I SystemServerTiming: OnBootPhase_480_com.android.server.twilight.TwilightService
03-09 05:02:36.023 1537 1537 I SystemServerTiming: OnBootPhase_480_com.android.server.display.color.ColorDisplayService
03-09 05:02:36.023 1537 1537 I SystemServerTiming: OnBootPhase_480_com.android.server.job.JobSchedulerService
03-09 05:02:36.023 1537 1537 I SystemServerTiming: OnBootPhase_480_com.android.server.soundtrigger.SoundTriggerService
03-09 05:02:36.024 1537 1537 D SoundTriggerService: onBootPhase: 480 : false
03-09 05:02:36.024 1537 1537 I SystemServerTiming: OnBootPhase_480_com.android.server.trust.TrustManagerService
03-09 05:02:36.024 1537 1537 I SystemServerTiming: OnBootPhase_480_com.android.server.backup.BackupManagerService$Lifecycle
03-09 05:02:36.024 1537 1537 I SystemServerTiming: OnBootPhase_480_com.android.server.appwidget.AppWidgetService
03-09 05:02:36.024 1537 1537 I SystemServerTiming: OnBootPhase_480_com.android.server.voiceinteraction.VoiceInteractionManagerService
03-09 05:02:36.024 1537 1537 I SystemServerTiming: OnBootPhase_480_com.android.server.apphibernation.AppHibernationService
03-09 05:02:36.024 1537 1537 I SystemServerTiming: OnBootPhase_480_com.android.server.SensorNotificationService
03-09 05:02:36.024 1537 1537 I SystemServerTiming: OnBootPhase_480_com.android.server.emergency.EmergencyAffordanceService
03-09 05:02:36.024 1537 1537 I SystemServerTiming: OnBootPhase_480_com.android.server.blob.BlobStoreManagerService
03-09 05:02:36.024 1537 1537 I SystemServerTiming: OnBootPhase_480_com.android.server.dreams.DreamManagerService
03-09 05:02:36.024 1537 1537 I SystemServerTiming: OnBootPhase_480_com.android.server.companion.CompanionDeviceManagerService
03-09 05:02:36.024 1537 1537 I SystemServerTiming: OnBootPhase_480_com.android.server.restrictions.RestrictionsManagerService
03-09 05:02:36.024 1537 1537 I SystemServerTiming: OnBootPhase_480_com.android.server.media.MediaSessionService
03-09 05:02:36.024 1537 1537 I SystemServerTiming: OnBootPhase_480_com.android.server.media.MediaResourceMonitorService
03-09 05:02:36.024 1537 1537 I SystemServerTiming: OnBootPhase_480_com.android.server.biometrics.sensors.fingerprint.FingerprintService
03-09 05:02:36.024 1537 1537 I SystemServerTiming: OnBootPhase_480_com.android.server.biometrics.BiometricService
03-09 05:02:36.024 1537 1537 I SystemServerTiming: OnBootPhase_480_com.android.server.biometrics.AuthService
03-09 05:02:36.024 1537 1537 I SystemServerTiming: OnBootPhase_480_com.android.server.pm.ShortcutService$Lifecycle
03-09 05:02:36.025 1537 1537 I SystemServerTiming: OnBootPhase_480_com.android.server.pm.LauncherAppsService
03-09 05:02:36.025 1537 1537 I SystemServerTiming: OnBootPhase_480_com.android.server.pm.CrossProfileAppsService
03-09 05:02:36.025 1537 1537 I SystemServerTiming: OnBootPhase_480_com.android.server.people.PeopleService
03-09 05:02:36.025 1537 1537 I SystemServerTiming: OnBootPhase_480_com.android.server.media.metrics.MediaMetricsManagerService
03-09 05:02:36.025 1537 1537 I SystemServerTiming: OnBootPhase_480_com.android.server.media.projection.MediaProjectionManagerService
03-09 05:02:36.025 1537 1537 I SystemServerTiming: OnBootPhase_480_com.android.server.slice.SliceManagerService$Lifecycle
03-09 05:02:36.025 1537 1537 I SystemServerTiming: OnBootPhase_480_com.android.server.stats.StatsCompanion$Lifecycle
03-09 05:02:36.025 1537 1537 I SystemServerTiming: OnBootPhase_480_com.android.server.scheduling.RebootReadinessManagerService$Lifecycle
03-09 05:02:36.025 1537 1537 I SystemServerTiming: OnBootPhase_480_com.android.server.stats.pull.StatsPullAtomService
03-09 05:02:36.025 1537 1537 I SystemServerTiming: OnBootPhase_480_com.android.server.incident.IncidentCompanionService
03-09 05:02:36.025 1537 1537 I SystemServerTiming: OnBootPhase_480_com.android.server.MmsServiceBroker
03-09 05:02:36.025 1537 1537 I SystemServerTiming: OnBootPhase_480_com.android.server.autofill.AutofillManagerService
03-09 05:02:36.025 1537 1537 I SystemServerTiming: OnBootPhase_480_com.android.server.clipboard.ClipboardService
03-09 05:02:36.025 1537 1537 I SystemServerTiming: OnBootPhase_480_com.android.server.appbinding.AppBindingService$Lifecycle
03-09 05:02:36.025 1537 1537 I SystemServerTiming: OnBootPhase_480_com.android.server.tracing.TracingServiceProxy
03-09 05:02:36.025 1537 1537 I SystemServerTiming: StartBootPhaseSystemServicesReady
03-09 05:02:36.025 1537 1537 I SystemServiceManager: Starting phase 500
03-09 05:02:36.025 1537 1537 I SystemServerTiming: OnBootPhase_500
03-09 05:02:36.025 1537 1537 I SystemServerTiming: OnBootPhase_500_com.android.server.security.FileIntegrityService
03-09 05:02:36.025 1537 1537 I SystemServerTiming: OnBootPhase_500_com.android.server.pm.Installer
03-09 05:02:36.025 1537 1537 I SystemServerTiming: OnBootPhase_500_com.android.server.os.DeviceIdentifiersPolicyService
03-09 05:02:36.025 1537 1537 I SystemServerTiming: OnBootPhase_500_com.android.server.uri.UriGrantsManagerService$Lifecycle
03-09 05:02:36.025 1537 1537 I SystemServerTiming: OnBootPhase_500_com.android.server.powerstats.PowerStatsService
03-09 05:02:36.025 1537 1537 E StatsPullAtomCallbackImpl: Failed to start PowerStatsService statsd pullers
03-09 05:02:36.025 1537 1537 I SystemServerTiming: OnBootPhase_500_com.android.server.wm.ActivityTaskManagerService$Lifecycle
03-09 05:02:36.025 1537 1537 I SystemServerTiming: OnBootPhase_500_com.android.server.am.ActivityManagerService$Lifecycle
03-09 05:02:36.026 1537 1537 E BatteryStatsService: Could not register PowerStatsInternal
03-09 05:02:36.027 1537 1537 I SystemServerTiming: OnBootPhase_500_com.android.server.pm.DataLoaderManagerService
03-09 05:02:36.027 1537 1537 I SystemServerTiming: OnBootPhase_500_com.android.server.power.PowerManagerService
03-09 05:02:36.027 1537 1537 I SystemServerTiming: OnBootPhase_500_com.android.server.power.ThermalManagerService
03-09 05:02:36.027 1537 1537 I SystemServerTiming: OnBootPhase_500_com.android.server.power.hint.HintManagerService
03-09 05:02:36.027 1537 1537 V HintManagerService: Initializing HintManager service...
03-09 05:02:36.027 1537 1537 V HistoricalRegistry: Interaction before persistence initialized
03-09 05:02:36.027 1537 1537 I SystemServerTiming: OnBootPhase_500_com.android.server.recoverysystem.RecoverySystemService$Lifecycle
03-09 05:02:36.027 1537 1537 I SystemServerTiming: OnBootPhase_500_com.android.server.lights.LightsService
03-09 05:02:36.027 1537 1537 I SystemServerTiming: OnBootPhase_500_com.android.server.display.DisplayManagerService
03-09 05:02:36.027 1537 1537 I SystemServerTiming: OnBootPhase_500_com.android.server.pm.verify.domain.DomainVerificationService
03-09 05:02:36.027 1537 1537 I SystemServerTiming: OnBootPhase_500_com.android.server.pm.PackageInstallerService$Lifecycle
03-09 05:02:36.027 1537 1537 I SystemServerTiming: OnBootPhase_500_com.android.server.pm.UserManagerService$LifeCycle
03-09 05:02:36.027 1537 1537 I SystemServerTiming: OnBootPhase_500_com.android.server.om.OverlayManagerService
03-09 05:02:36.027 1537 1537 I SystemServerTiming: OnBootPhase_500_com.android.server.SensorPrivacyService
03-09 05:02:36.028 1537 1537 I SystemServerTiming: OnBootPhase_500_com.android.server.thunderperf.ThunderBoostPerfService
03-09 05:02:36.028 1537 1537 I SystemServerTiming: OnBootPhase_500_com.android.server.sensors.SensorService
03-09 05:02:36.028 1537 1537 I SystemServerTiming: OnBootPhase_500_com.android.server.SystemConfigService
03-09 05:02:36.028 1537 1537 I SystemServerTiming: OnBootPhase_500_com.android.server.BatteryService
03-09 05:02:36.028 1537 1537 I SystemServerTiming: OnBootPhase_500_com.android.server.usage.UsageStatsService
03-09 05:02:36.028 1537 1537 D AppStandbyController: Setting app idle enabled state
03-09 05:02:36.029 1537 1537 V HistoricalRegistry: Interaction before persistence initialized
03-09 05:02:36.029 1537 1537 I SystemServerTiming: OnBootPhase_500_com.android.server.webkit.WebViewUpdateService
03-09 05:02:36.029 1537 1537 I SystemServerTiming: OnBootPhase_500_com.android.server.CachedDeviceStateService
03-09 05:02:36.029 1537 1537 I SystemServerTiming: OnBootPhase_500_com.android.server.BinderCallsStatsService$LifeCycle
03-09 05:02:36.031 1537 1537 I SystemServerTiming: OnBootPhase_500_com.android.server.LooperStatsService$Lifecycle
03-09 05:02:36.031 1537 1537 I SystemServerTiming: OnBootPhase_500_com.android.server.rollback.RollbackManagerService
03-09 05:02:36.031 1537 1537 I SystemServerTiming: OnBootPhase_500_com.android.server.os.NativeTombstoneManagerService
03-09 05:02:36.031 1537 1537 I SystemServerTiming: OnBootPhase_500_com.android.server.os.BugreportManagerService
03-09 05:02:36.031 1537 1537 I SystemServerTiming: OnBootPhase_500_com.android.server.gpu.GpuService
03-09 05:02:36.031 1537 1537 I SystemServerTiming: OnBootPhase_500_com.android.server.security.KeyChainSystemService
03-09 05:02:36.031 1537 1537 I SystemServerTiming: OnBootPhase_500_com.android.server.telecom.TelecomLoaderService
03-09 05:02:36.031 1537 1537 I SystemServerTiming: OnBootPhase_500_com.android.server.accounts.AccountManagerService$Lifecycle
03-09 05:02:36.031 1537 1537 I SystemServerTiming: OnBootPhase_500_com.android.server.content.ContentService$Lifecycle
03-09 05:02:36.031 1537 1537 I SystemServerTiming: OnBootPhase_500_com.android.server.DropBoxManagerService
03-09 05:02:36.031 1537 1537 I SystemServerTiming: OnBootPhase_500_com.android.role.RoleService
03-09 05:02:36.031 1537 1537 I SystemServerTiming: OnBootPhase_500_com.android.server.vibrator.VibratorManagerService$Lifecycle
03-09 05:02:36.031 1537 1537 V VibratorManagerService: Initializing VibratorManager service...
03-09 05:02:36.031 1537 1537 V HistoricalRegistry: Interaction before persistence initialized
03-09 05:02:36.032 1537 1537 V VibratorManagerService: VibratorManager service initialized
03-09 05:02:36.032 1537 1537 I SystemServerTiming: OnBootPhase_500_com.android.server.alarm.AlarmManagerService
03-09 05:02:36.032 1537 1537 E LazyAlarmStore: Removed TIME_TICK alarm
03-09 05:02:36.032 1537 1654 I DropBoxManagerService: add tag=system_server_wtf isTagEnabled=true flags=0x2
03-09 05:02:36.033 1537 1537 I SystemServerTiming: OnBootPhase_500_com.android.server.devicestate.DeviceStateManagerService
03-09 05:02:36.033 1537 1537 I SystemServerTiming: OnBootPhase_500_com.android.server.camera.CameraServiceProxy
03-09 05:02:36.033 1537 1537 I SystemServerTiming: OnBootPhase_500_com.android.server.BluetoothService
03-09 05:02:36.033 1537 1537 I SystemServerTiming: OnBootPhase_500_com.android.server.connectivity.IpConnectivityMetrics
03-09 05:02:36.034 1537 1537 I SystemServerTiming: OnBootPhase_500_com.android.server.net.watchlist.NetworkWatchlistService$Lifecycle
03-09 05:02:36.034 1537 1537 I SystemServerTiming: OnBootPhase_500_com.android.server.PinnerService
03-09 05:02:36.034 1537 1537 I SystemServerTiming: OnBootPhase_500_com.google.android.startop.iorap.IorapForwardingService
03-09 05:02:36.034 1537 1537 I SystemServerTiming: OnBootPhase_500_com.android.server.ActivityTriggerService
03-09 05:02:36.034 1537 1537 I SystemServerTiming: OnBootPhase_500_com.android.server.integrity.AppIntegrityManagerService
03-09 05:02:36.034 1537 1537 I SystemServerTiming: OnBootPhase_500_com.android.server.inputmethod.InputMethodManagerService$Lifecycle
03-09 05:02:36.034 1537 1537 I SystemServerTiming: OnBootPhase_500_com.android.server.accessibility.AccessibilityManagerService$Lifecycle
03-09 05:02:36.034 1537 1537 I SystemServerTiming: OnBootPhase_500_com.android.server.StorageManagerService$Lifecycle
03-09 05:02:36.035 1537 1537 I SystemServerTiming: OnBootPhase_500_com.android.server.usage.StorageStatsService$Lifecycle
03-09 05:02:36.035 1537 1537 I SystemServerTiming: OnBootPhase_500_com.android.server.UiModeManagerService
03-09 05:02:36.035 1537 1537 I ActivityTaskManager: Config changes=200 {1.0 ?mcc?mnc [zh_CN] ldltr sw680dp w1586dp h588dp 240dpi lrg long land finger -keyb/v/h -nav/h winConfig={ mBounds=Rect(0, 0 - 2380, 1020) mAppBounds=Rect(0, 0 - 2380, 954) mMaxBounds=Rect(0, 0 - 2380, 1020) mWindowingMode=fullscreen mDisplayWindowingMode=fullscreen mActivityType=undefined mAlwaysOnTop=undefined mRotation=ROTATION_0} s.6 ?fontWeightAdjustment}
03-09 05:02:36.036 1537 1537 I WindowManager: Override config changes=200 {1.0 ?mcc?mnc [zh_CN] ldltr sw680dp w1586dp h588dp 240dpi lrg long land finger -keyb/v/h -nav/h winConfig={ mBounds=Rect(0, 0 - 2380, 1020) mAppBounds=Rect(0, 0 - 2380, 954) mMaxBounds=Rect(0, 0 - 2380, 1020) mWindowingMode=fullscreen mDisplayWindowingMode=fullscreen mActivityType=undefined mAlwaysOnTop=undefined mRotation=ROTATION_0} s.6 ?fontWeightAdjustment} for displayId=0
03-09 05:02:36.036 1537 1537 I SystemServerTiming: OnBootPhase_500_com.android.server.locksettings.LockSettingsService$Lifecycle
03-09 05:02:36.036 1537 1537 I SystemServerTiming: OnBootPhase_500_com.android.server.PersistentDataBlockService
03-09 05:02:36.036 1537 1537 I SystemServerTiming: OnBootPhase_500_com.android.server.testharness.TestHarnessModeService
03-09 05:02:36.036 1537 1537 D TestHarnessModeService: Setting up test harness mode
03-09 05:02:36.036 1537 1537 D TestHarnessModeService: Getting PersistentDataBlockManagerInternal from LocalServices
03-09 05:02:36.057 1537 1537 I SystemServerTiming: OnBootPhase_500_com.android.server.oemlock.OemLockService
03-09 05:02:36.058 1537 1537 I SystemServerTiming: OnBootPhase_500_com.android.server.DeviceIdleController
03-09 05:02:36.058 1537 1537 V HistoricalRegistry: Interaction before persistence initialized
03-09 05:02:36.058 1537 1537 I SystemServerTiming: OnBootPhase_500_com.android.server.devicepolicy.DevicePolicyManagerService$Lifecycle
03-09 05:02:36.058 1537 1537 I SystemServerTiming: OnBootPhase_500_com.android.server.texttospeech.TextToSpeechManagerService
03-09 05:02:36.058 1537 1537 I SystemServerTiming: OnBootPhase_500_com.android.server.speech.SpeechRecognitionManagerService
03-09 05:02:36.059 1537 1537 I SystemServerTiming: OnBootPhase_500_com.android.server.searchui.SearchUiManagerService
03-09 05:02:36.059 1537 1537 I SystemServerTiming: OnBootPhase_500_com.android.server.smartspace.SmartspaceManagerService
03-09 05:02:36.059 1537 1537 I SystemServerTiming: OnBootPhase_500_com.android.server.graphics.fonts.FontManagerService$Lifecycle
03-09 05:02:36.059 1537 1537 I SystemServerTiming: OnBootPhase_500_com.android.server.textservices.TextServicesManagerService$Lifecycle
03-09 05:02:36.059 1537 1537 I SystemServerTiming: OnBootPhase_500_com.android.server.textclassifier.TextClassificationManagerService$Lifecycle
03-09 05:02:36.059 1537 1537 I SystemServerTiming: OnBootPhase_500_com.android.server.NetworkScoreService$Lifecycle
03-09 05:02:36.059 1537 1537 I SystemServerTiming: OnBootPhase_500_com.android.server.wifi.WifiService
03-09 05:02:36.059 1537 1537 I SystemServerTiming: OnBootPhase_500_com.android.server.wifi.scanner.WifiScanningService
03-09 05:02:36.059 1537 1537 I SystemServerTiming: OnBootPhase_500_com.android.server.wifi.rtt.RttService
03-09 05:02:36.060 1537 1537 I SystemServerTiming: OnBootPhase_500_com.android.server.wifi.aware.WifiAwareService
03-09 05:02:36.065 1537 1537 I SystemServerTiming: OnBootPhase_500_com.android.server.wifi.p2p.WifiP2pService
03-09 05:02:36.065 1537 1537 I SystemServerTiming: OnBootPhase_500_com.android.server.ethernet.EthernetService
03-09 05:02:36.073 1537 1537 I SystemServerTiming: OnBootPhase_500_com.android.server.ConnectivityServiceInitializer
03-09 05:02:36.073 1537 1537 I SystemServerTiming: OnBootPhase_500_com.android.server.notification.NotificationManagerService
03-09 05:02:36.074 1537 1537 I GameModeConfig: isGameModeOn = false
03-09 05:02:36.074 1537 1537 I SystemServerTiming: OnBootPhase_500_com.android.server.storage.DeviceStorageMonitorService
03-09 05:02:36.074 1537 1537 I SystemServerTiming: OnBootPhase_500_com.android.server.location.LocationManagerService$Lifecycle
03-09 05:02:36.075 1537 1537 V HistoricalRegistry: Interaction before persistence initialized
03-09 05:02:36.075 1537 1537 I SystemServerTiming: OnBootPhase_500_com.android.server.timedetector.TimeDetectorService$Lifecycle
03-09 05:02:36.075 1537 1537 I SystemServerTiming: OnBootPhase_500_com.android.server.timezonedetector.TimeZoneDetectorService$Lifecycle
03-09 05:02:36.075 1537 1537 I SystemServerTiming: OnBootPhase_500_com.android.server.timezonedetector.location.LocationTimeZoneManagerService$Lifecycle
03-09 05:02:36.075 1537 1537 I SystemServerTiming: OnBootPhase_500_com.android.server.search.SearchManagerService$Lifecycle
03-09 05:02:36.075 1537 1537 I SystemServerTiming: OnBootPhase_500_com.android.server.wallpaper.WallpaperManagerService$Lifecycle
03-09 05:02:36.075 1537 1537 I SystemServerTiming: OnBootPhase_500_com.android.server.audio.AudioService$Lifecycle
03-09 05:02:36.075 1537 1537 I SystemServerTiming: OnBootPhase_500_com.android.server.soundtrigger_middleware.SoundTriggerMiddlewareService$Lifecycle
03-09 05:02:36.075 1537 1537 I SystemServerTiming: OnBootPhase_500_com.android.server.DockObserver
03-09 05:02:36.075 1537 1537 I SystemServerTiming: OnBootPhase_500_com.android.server.midi.MidiService$Lifecycle
03-09 05:02:36.075 1537 1537 I SystemServerTiming: OnBootPhase_500_com.android.server.adb.AdbService$Lifecycle
03-09 05:02:36.075 1537 1537 I SystemServerTiming: OnBootPhase_500_com.android.server.usb.UsbService$Lifecycle
03-09 05:02:36.075 1537 1537 I SystemServerTiming: OnBootPhase_500_com.android.server.twilight.TwilightService
03-09 05:02:36.075 1537 1537 I SystemServerTiming: OnBootPhase_500_com.android.server.display.color.ColorDisplayService
03-09 05:02:36.075 1537 1537 I SystemServerTiming: OnBootPhase_500_com.android.server.job.JobSchedulerService
03-09 05:02:36.077 1537 1537 V HistoricalRegistry: Interaction before persistence initialized
03-09 05:02:36.078 1537 1537 I SystemServerTiming: OnBootPhase_500_com.android.server.soundtrigger.SoundTriggerService
03-09 05:02:36.078 1537 1537 D SoundTriggerService: onBootPhase: 500 : false
03-09 05:02:36.078 1537 1537 I SystemServerTiming: OnBootPhase_500_com.android.server.trust.TrustManagerService
03-09 05:02:36.078 1537 1537 I SystemServerTiming: OnBootPhase_500_com.android.server.backup.BackupManagerService$Lifecycle
03-09 05:02:36.078 1537 1537 I SystemServerTiming: OnBootPhase_500_com.android.server.appwidget.AppWidgetService
03-09 05:02:36.078 1537 1537 I SystemServerTiming: OnBootPhase_500_com.android.server.voiceinteraction.VoiceInteractionManagerService
03-09 05:02:36.078 1537 1537 I SystemServerTiming: OnBootPhase_500_com.android.server.apphibernation.AppHibernationService
03-09 05:02:36.078 1537 1537 I SystemServerTiming: OnBootPhase_500_com.android.server.SensorNotificationService
03-09 05:02:36.078 1537 1537 I SystemServerTiming: OnBootPhase_500_com.android.server.emergency.EmergencyAffordanceService
03-09 05:02:36.078 1537 1537 I SystemServerTiming: OnBootPhase_500_com.android.server.blob.BlobStoreManagerService
03-09 05:02:36.078 1537 1537 I SystemServerTiming: OnBootPhase_500_com.android.server.dreams.DreamManagerService
03-09 05:02:36.078 1537 1537 I SystemServerTiming: OnBootPhase_500_com.android.server.companion.CompanionDeviceManagerService
03-09 05:02:36.079 1537 1537 I CompanionDeviceManagerService: initBleScanning()
03-09 05:02:36.079 1537 1537 I SystemServerTiming: OnBootPhase_500_com.android.server.restrictions.RestrictionsManagerService
03-09 05:02:36.079 1537 1537 I SystemServerTiming: OnBootPhase_500_com.android.server.media.MediaSessionService
03-09 05:02:36.079 1537 1537 I SystemServerTiming: OnBootPhase_500_com.android.server.media.MediaResourceMonitorService
03-09 05:02:36.079 1537 1537 I SystemServerTiming: OnBootPhase_500_com.android.server.biometrics.sensors.fingerprint.FingerprintService
03-09 05:02:36.079 1537 1537 I SystemServerTiming: OnBootPhase_500_com.android.server.biometrics.BiometricService
03-09 05:02:36.079 1537 1537 I SystemServerTiming: OnBootPhase_500_com.android.server.biometrics.AuthService
03-09 05:02:36.079 1537 1537 I SystemServerTiming: OnBootPhase_500_com.android.server.pm.ShortcutService$Lifecycle
03-09 05:02:36.079 1537 1537 I SystemServerTiming: OnBootPhase_500_com.android.server.pm.LauncherAppsService
03-09 05:02:36.079 1537 1537 I SystemServerTiming: OnBootPhase_500_com.android.server.pm.CrossProfileAppsService
03-09 05:02:36.079 1537 1537 I SystemServerTiming: OnBootPhase_500_com.android.server.people.PeopleService
03-09 05:02:36.079 1537 1537 I SystemServerTiming: OnBootPhase_500_com.android.server.media.metrics.MediaMetricsManagerService
03-09 05:02:36.079 1537 1537 I SystemServerTiming: OnBootPhase_500_com.android.server.media.projection.MediaProjectionManagerService
03-09 05:02:36.079 1537 1537 I SystemServerTiming: OnBootPhase_500_com.android.server.slice.SliceManagerService$Lifecycle
03-09 05:02:36.079 1537 1537 I SystemServerTiming: OnBootPhase_500_com.android.server.stats.StatsCompanion$Lifecycle
03-09 05:02:36.079 1537 1537 I SystemServerTiming: OnBootPhase_500_com.android.server.scheduling.RebootReadinessManagerService$Lifecycle
03-09 05:02:36.079 1537 1537 I SystemServerTiming: OnBootPhase_500_com.android.server.stats.pull.StatsPullAtomService
03-09 05:02:36.079 1537 1537 I SystemServerTiming: OnBootPhase_500_com.android.server.incident.IncidentCompanionService
03-09 05:02:36.079 1537 1537 I SystemServerTiming: OnBootPhase_500_com.android.server.MmsServiceBroker
03-09 05:02:36.079 1537 1537 I SystemServerTiming: OnBootPhase_500_com.android.server.autofill.AutofillManagerService
03-09 05:02:36.079 1537 1537 I SystemServerTiming: OnBootPhase_500_com.android.server.clipboard.ClipboardService
03-09 05:02:36.079 1537 1537 I SystemServerTiming: OnBootPhase_500_com.android.server.appbinding.AppBindingService$Lifecycle
03-09 05:02:36.079 1537 1537 I SystemServerTiming: OnBootPhase_500_com.android.server.tracing.TracingServiceProxy
03-09 05:02:36.079 1537 1537 I SystemServerTiming: MakeWindowManagerServiceReady
01-01 08:00:12.290 0 0 I : Wifi Turning On from UI
03-09 05:02:36.080 1537 1537 I SystemServerTiming: MakePowerManagerServiceReady
03-09 05:02:36.080 1537 1537 I AttentionDetector: readValuesFromDeviceConfig():
03-09 05:02:36.080 1537 1537 I AttentionDetector: mMaximumExtensionMillis=900000
03-09 05:02:36.080 1537 1537 I AttentionDetector: mPreDimCheckDurationMillis=2000
03-09 05:02:36.080 1537 1537 I AttentionDetector: mRequestedPostDimTimeoutMillis=0
03-09 05:02:36.082 1537 1537 E DisplayPowerController[0]: failed to set up display white-balance: java.lang.IllegalStateException: cannot find light sensor
03-09 05:02:36.082 1537 1537 W DisplayPowerController[0]: Screen brightness nits configuration is unavailable; falling back
03-09 05:02:36.086 1537 1537 I FaceDownDetector: readValuesFromDeviceConfig():
03-09 05:02:36.086 1537 1537 I FaceDownDetector: mAccelerationThreshold=0.2
03-09 05:02:36.086 1537 1537 I FaceDownDetector: mZAccelerationThreshold=-9.5
03-09 05:02:36.086 1537 1537 I FaceDownDetector: mTimeThreshold=PT1S
03-09 05:02:36.086 1537 1537 I FaceDownDetector: mIsEnabled=true
03-09 05:02:36.086 1537 1537 I ScreenUndimDetector: readValuesFromDeviceConfig():
03-09 05:02:36.086 1537 1537 I ScreenUndimDetector: mKeepScreenOnForMillis=600000
03-09 05:02:36.086 1537 1537 I ScreenUndimDetector: mKeepScreenOnNotificationEnabled=false
03-09 05:02:36.086 1537 1537 I ScreenUndimDetector: mUndimsRequired=2
03-09 05:02:36.086 1537 1670 W KeyguardServiceDelegate: onScreenTurningOn(): no keyguard service!
03-09 05:02:36.086 1537 1670 V DisplayPowerController[0]: Brightness [1.0] reason changing to: 'override', previous reason: '0'.
03-09 05:02:36.088 1537 1537 I SystemServerTiming: StartPermissionPolicyService
03-09 05:02:36.088 1537 1662 E KernelCpuSpeedReader: Failed to read cpu-freq: /sys/devices/system/cpu/cpu4/cpufreq/stats/time_in_state: open failed: ENOENT (No such file or directory)
03-09 05:02:36.088 1537 1537 I SystemServiceManager: Starting com.android.server.policy.PermissionPolicyService
03-09 05:02:36.088 1537 1662 E KernelCpuSpeedReader: Failed to read cpu-freq: /sys/devices/system/cpu/cpu0/cpufreq/stats/time_in_state: open failed: ENOENT (No such file or directory)
03-09 05:02:36.089 1537 1573 E ActivityManager: Attempt to launch receivers of broadcast intent Intent { act=android.app.action.STATSD_STARTED flg=0x1000000 } before boot completion
03-09 05:02:36.089 1537 1537 I SystemServerTiming: MakePackageManagerServiceReady
03-09 05:02:36.092 1537 1653 I HealthServiceWrapper: health: HealthServiceWrapper listening to instance default
03-09 05:02:36.093 1537 1537 V UserDataPreparer: Found /data/user_de/0 with serial number 0
03-09 05:02:36.093 1537 1537 V UserDataPreparer: Found /data/user/0 with serial number 0
03-09 05:02:36.093 1537 1537 V UserDataPreparer: Found /data/system_de/0 with serial number 0
03-09 05:02:36.093 1537 1537 V UserDataPreparer: Found /data/system_ce/0 with serial number 0
03-09 05:02:36.093 1537 1537 V UserDataPreparer: Found /data/misc_ce/0 with serial number 0
03-09 05:02:36.096 1537 1537 I PackageManager: Permission ownership changed. Updating all permissions.
03-09 05:02:36.107 1537 1653 D StatsPullAtomService: Registering pullers with statsd
03-09 05:02:36.111 1537 1653 I StatsPullAtomService: register thermal listener successfully
03-09 05:02:36.121 1537 1537 I SystemServerTiming: MakeDisplayManagerServiceReady
03-09 05:02:36.122 1537 1647 E DisplayModeDirector: Asked about unknown display, returning empty display mode specs!(id=0)
03-09 05:02:36.122 1537 1647 E DisplayModeDirector: Asked about unknown display, returning empty display mode specs!(id=0)
03-09 05:02:36.123 1537 1677 E DefaultPermGrantPolicy: Package not found: com.qualcomm.qti.cne
03-09 05:02:36.123 1537 1537 I SystemServerTiming: StartDeviceSpecificServices
03-09 05:02:36.123 1537 1537 I SystemServerTiming: GameManagerService
03-09 05:02:36.123 1537 1537 I SystemServiceManager: Starting com.android.server.app.GameManagerService$Lifecycle
03-09 05:02:36.124 1537 1537 I SystemServerTiming: StartBootPhaseDeviceSpecificServicesReady
03-09 05:02:36.124 1537 1537 I SystemServiceManager: Starting phase 520
03-09 05:02:36.124 1537 1537 I SystemServerTiming: OnBootPhase_520
03-09 05:02:36.124 1537 1537 I SystemServerTiming: OnBootPhase_520_com.android.server.security.FileIntegrityService
03-09 05:02:36.124 1537 1537 I SystemServerTiming: OnBootPhase_520_com.android.server.pm.Installer
03-09 05:02:36.124 1537 1537 I SystemServerTiming: OnBootPhase_520_com.android.server.os.DeviceIdentifiersPolicyService
03-09 05:02:36.124 1537 1537 I SystemServerTiming: OnBootPhase_520_com.android.server.uri.UriGrantsManagerService$Lifecycle
03-09 05:02:36.124 1537 1537 I SystemServerTiming: OnBootPhase_520_com.android.server.powerstats.PowerStatsService
03-09 05:02:36.124 1537 1537 I SystemServerTiming: OnBootPhase_520_com.android.server.wm.ActivityTaskManagerService$Lifecycle
03-09 05:02:36.124 1537 1537 I SystemServerTiming: OnBootPhase_520_com.android.server.am.ActivityManagerService$Lifecycle
03-09 05:02:36.124 1537 1537 I SystemServerTiming: OnBootPhase_520_com.android.server.pm.DataLoaderManagerService
03-09 05:02:36.124 1537 1537 I SystemServerTiming: OnBootPhase_520_com.android.server.power.PowerManagerService
03-09 05:02:36.124 1537 1537 I SystemServerTiming: OnBootPhase_520_com.android.server.power.ThermalManagerService
03-09 05:02:36.124 1537 1537 I SystemServerTiming: OnBootPhase_520_com.android.server.power.hint.HintManagerService
03-09 05:02:36.124 1537 1537 I SystemServerTiming: OnBootPhase_520_com.android.server.recoverysystem.RecoverySystemService$Lifecycle
03-09 05:02:36.124 1537 1537 I SystemServerTiming: OnBootPhase_520_com.android.server.lights.LightsService
03-09 05:02:36.124 1537 1537 I SystemServerTiming: OnBootPhase_520_com.android.server.display.DisplayManagerService
03-09 05:02:36.124 1537 1537 I SystemServerTiming: OnBootPhase_520_com.android.server.pm.verify.domain.DomainVerificationService
03-09 05:02:36.124 1537 1537 I SystemServerTiming: OnBootPhase_520_com.android.server.pm.PackageInstallerService$Lifecycle
03-09 05:02:36.124 1537 1537 I SystemServerTiming: OnBootPhase_520_com.android.server.pm.UserManagerService$LifeCycle
03-09 05:02:36.124 1537 1537 I SystemServerTiming: OnBootPhase_520_com.android.server.om.OverlayManagerService
03-09 05:02:36.124 1537 1537 I SystemServerTiming: OnBootPhase_520_com.android.server.SensorPrivacyService
03-09 05:02:36.124 1537 1537 I SystemServerTiming: OnBootPhase_520_com.android.server.thunderperf.ThunderBoostPerfService
03-09 05:02:36.124 1537 1537 I SystemServerTiming: OnBootPhase_520_com.android.server.sensors.SensorService
03-09 05:02:36.124 1537 1537 I SystemServerTiming: OnBootPhase_520_com.android.server.SystemConfigService
03-09 05:02:36.124 1537 1537 I SystemServerTiming: OnBootPhase_520_com.android.server.BatteryService
03-09 05:02:36.124 1537 1537 I SystemServerTiming: OnBootPhase_520_com.android.server.usage.UsageStatsService
03-09 05:02:36.124 1537 1537 I SystemServerTiming: OnBootPhase_520_com.android.server.webkit.WebViewUpdateService
03-09 05:02:36.124 1537 1537 I SystemServerTiming: OnBootPhase_520_com.android.server.CachedDeviceStateService
03-09 05:02:36.124 1537 1537 I SystemServerTiming: OnBootPhase_520_com.android.server.BinderCallsStatsService$LifeCycle
03-09 05:02:36.124 1537 1537 I SystemServerTiming: OnBootPhase_520_com.android.server.LooperStatsService$Lifecycle
03-09 05:02:36.124 1537 1537 I SystemServerTiming: OnBootPhase_520_com.android.server.rollback.RollbackManagerService
03-09 05:02:36.124 1537 1537 I SystemServerTiming: OnBootPhase_520_com.android.server.os.NativeTombstoneManagerService
03-09 05:02:36.124 1537 1537 I SystemServerTiming: OnBootPhase_520_com.android.server.os.BugreportManagerService
03-09 05:02:36.124 1537 1537 I SystemServerTiming: OnBootPhase_520_com.android.server.gpu.GpuService
03-09 05:02:36.124 1537 1537 I SystemServerTiming: OnBootPhase_520_com.android.server.security.KeyChainSystemService
03-09 05:02:36.124 1537 1537 I SystemServerTiming: OnBootPhase_520_com.android.server.telecom.TelecomLoaderService
03-09 05:02:36.124 1537 1537 I SystemServerTiming: OnBootPhase_520_com.android.server.accounts.AccountManagerService$Lifecycle
03-09 05:02:36.124 1537 1537 I SystemServerTiming: OnBootPhase_520_com.android.server.content.ContentService$Lifecycle
03-09 05:02:36.125 1537 1537 I SystemServerTiming: OnBootPhase_520_com.android.server.DropBoxManagerService
03-09 05:02:36.125 1537 1537 I SystemServerTiming: OnBootPhase_520_com.android.role.RoleService
03-09 05:02:36.125 1537 1537 I SystemServerTiming: OnBootPhase_520_com.android.server.vibrator.VibratorManagerService$Lifecycle
03-09 05:02:36.125 1537 1537 I SystemServerTiming: OnBootPhase_520_com.android.server.alarm.AlarmManagerService
03-09 05:02:36.125 1537 1537 I SystemServerTiming: OnBootPhase_520_com.android.server.devicestate.DeviceStateManagerService
03-09 05:02:36.125 1537 1537 I SystemServerTiming: OnBootPhase_520_com.android.server.camera.CameraServiceProxy
03-09 05:02:36.125 1537 1537 I SystemServerTiming: OnBootPhase_520_com.android.server.BluetoothService
03-09 05:02:36.125 1537 1537 I SystemServerTiming: OnBootPhase_520_com.android.server.connectivity.IpConnectivityMetrics
03-09 05:02:36.125 1537 1537 I SystemServerTiming: OnBootPhase_520_com.android.server.net.watchlist.NetworkWatchlistService$Lifecycle
03-09 05:02:36.125 1537 1537 I SystemServerTiming: OnBootPhase_520_com.android.server.PinnerService
03-09 05:02:36.125 1537 1537 I SystemServerTiming: OnBootPhase_520_com.google.android.startop.iorap.IorapForwardingService
03-09 05:02:36.125 1537 1537 I SystemServerTiming: OnBootPhase_520_com.android.server.ActivityTriggerService
03-09 05:02:36.125 1537 1537 I SystemServerTiming: OnBootPhase_520_com.android.server.integrity.AppIntegrityManagerService
03-09 05:02:36.125 1537 1537 I SystemServerTiming: OnBootPhase_520_com.android.server.inputmethod.InputMethodManagerService$Lifecycle
03-09 05:02:36.125 1537 1537 I SystemServerTiming: OnBootPhase_520_com.android.server.accessibility.AccessibilityManagerService$Lifecycle
03-09 05:02:36.125 1537 1537 I SystemServerTiming: OnBootPhase_520_com.android.server.StorageManagerService$Lifecycle
03-09 05:02:36.125 1537 1537 I SystemServerTiming: OnBootPhase_520_com.android.server.usage.StorageStatsService$Lifecycle
03-09 05:02:36.125 1537 1537 I SystemServerTiming: OnBootPhase_520_com.android.server.UiModeManagerService
03-09 05:02:36.125 1537 1537 I SystemServerTiming: OnBootPhase_520_com.android.server.locksettings.LockSettingsService$Lifecycle
03-09 05:02:36.125 1537 1537 I SystemServerTiming: OnBootPhase_520_com.android.server.PersistentDataBlockService
03-09 05:02:36.125 1537 1537 I SystemServerTiming: OnBootPhase_520_com.android.server.testharness.TestHarnessModeService
03-09 05:02:36.125 1537 1537 I SystemServerTiming: OnBootPhase_520_com.android.server.oemlock.OemLockService
03-09 05:02:36.125 1537 1537 I SystemServerTiming: OnBootPhase_520_com.android.server.DeviceIdleController
03-09 05:02:36.125 1537 1537 I SystemServerTiming: OnBootPhase_520_com.android.server.devicepolicy.DevicePolicyManagerService$Lifecycle
03-09 05:02:36.125 1537 1537 I SystemServerTiming: OnBootPhase_520_com.android.server.texttospeech.TextToSpeechManagerService
03-09 05:02:36.125 1537 1537 I SystemServerTiming: OnBootPhase_520_com.android.server.speech.SpeechRecognitionManagerService
03-09 05:02:36.125 1537 1537 I SystemServerTiming: OnBootPhase_520_com.android.server.searchui.SearchUiManagerService
03-09 05:02:36.125 1537 1537 I SystemServerTiming: OnBootPhase_520_com.android.server.smartspace.SmartspaceManagerService
03-09 05:02:36.125 1537 1537 I SystemServerTiming: OnBootPhase_520_com.android.server.graphics.fonts.FontManagerService$Lifecycle
03-09 05:02:36.125 1537 1537 I SystemServerTiming: OnBootPhase_520_com.android.server.textservices.TextServicesManagerService$Lifecycle
03-09 05:02:36.125 1537 1537 I SystemServerTiming: OnBootPhase_520_com.android.server.textclassifier.TextClassificationManagerService$Lifecycle
03-09 05:02:36.125 1537 1537 I SystemServerTiming: OnBootPhase_520_com.android.server.NetworkScoreService$Lifecycle
03-09 05:02:36.125 1537 1537 I SystemServerTiming: OnBootPhase_520_com.android.server.wifi.WifiService
03-09 05:02:36.125 1537 1537 I SystemServerTiming: OnBootPhase_520_com.android.server.wifi.scanner.WifiScanningService
03-09 05:02:36.125 1537 1537 I SystemServerTiming: OnBootPhase_520_com.android.server.wifi.rtt.RttService
03-09 05:02:36.125 1537 1537 I SystemServerTiming: OnBootPhase_520_com.android.server.wifi.aware.WifiAwareService
03-09 05:02:36.125 1537 1537 I SystemServerTiming: OnBootPhase_520_com.android.server.wifi.p2p.WifiP2pService
03-09 05:02:36.125 1537 1537 I SystemServerTiming: OnBootPhase_520_com.android.server.ethernet.EthernetService
03-09 05:02:36.125 1537 1537 I SystemServerTiming: OnBootPhase_520_com.android.server.ConnectivityServiceInitializer
03-09 05:02:36.125 1537 1537 I SystemServerTiming: OnBootPhase_520_com.android.server.notification.NotificationManagerService
03-09 05:02:36.125 1537 1537 I SystemServerTiming: OnBootPhase_520_com.android.server.storage.DeviceStorageMonitorService
03-09 05:02:36.125 1537 1537 I SystemServerTiming: OnBootPhase_520_com.android.server.location.LocationManagerService$Lifecycle
03-09 05:02:36.125 1537 1537 I SystemServerTiming: OnBootPhase_520_com.android.server.timedetector.TimeDetectorService$Lifecycle
03-09 05:02:36.125 1537 1537 I SystemServerTiming: OnBootPhase_520_com.android.server.timezonedetector.TimeZoneDetectorService$Lifecycle
03-09 05:02:36.125 1537 1537 I SystemServerTiming: OnBootPhase_520_com.android.server.timezonedetector.location.LocationTimeZoneManagerService$Lifecycle
03-09 05:02:36.125 1537 1537 I SystemServerTiming: OnBootPhase_520_com.android.server.search.SearchManagerService$Lifecycle
03-09 05:02:36.125 1537 1537 I SystemServerTiming: OnBootPhase_520_com.android.server.wallpaper.WallpaperManagerService$Lifecycle
03-09 05:02:36.125 1537 1537 I SystemServerTiming: OnBootPhase_520_com.android.server.audio.AudioService$Lifecycle
03-09 05:02:36.125 1537 1537 I SystemServerTiming: OnBootPhase_520_com.android.server.soundtrigger_middleware.SoundTriggerMiddlewareService$Lifecycle
03-09 05:02:36.125 1537 1537 I SystemServerTiming: OnBootPhase_520_com.android.server.DockObserver
03-09 05:02:36.125 1537 1537 I SystemServerTiming: OnBootPhase_520_com.android.server.midi.MidiService$Lifecycle
03-09 05:02:36.125 1537 1537 I SystemServerTiming: OnBootPhase_520_com.android.server.adb.AdbService$Lifecycle
03-09 05:02:36.125 1537 1537 I SystemServerTiming: OnBootPhase_520_com.android.server.usb.UsbService$Lifecycle
03-09 05:02:36.125 1537 1537 I SystemServerTiming: OnBootPhase_520_com.android.server.twilight.TwilightService
03-09 05:02:36.125 1537 1537 I SystemServerTiming: OnBootPhase_520_com.android.server.display.color.ColorDisplayService
03-09 05:02:36.125 1537 1537 I SystemServerTiming: OnBootPhase_520_com.android.server.job.JobSchedulerService
03-09 05:02:36.125 1537 1537 I SystemServerTiming: OnBootPhase_520_com.android.server.soundtrigger.SoundTriggerService
03-09 05:02:36.125 1537 1537 D SoundTriggerService: onBootPhase: 520 : false
03-09 05:02:36.125 1537 1537 I SystemServerTiming: OnBootPhase_520_com.android.server.trust.TrustManagerService
03-09 05:02:36.125 1537 1537 I SystemServerTiming: OnBootPhase_520_com.android.server.backup.BackupManagerService$Lifecycle
03-09 05:02:36.125 1537 1537 I SystemServerTiming: OnBootPhase_520_com.android.server.appwidget.AppWidgetService
03-09 05:02:36.125 1537 1537 I SystemServerTiming: OnBootPhase_520_com.android.server.voiceinteraction.VoiceInteractionManagerService
03-09 05:02:36.125 1537 1537 I SystemServerTiming: OnBootPhase_520_com.android.server.apphibernation.AppHibernationService
03-09 05:02:36.125 1537 1537 I SystemServerTiming: OnBootPhase_520_com.android.server.SensorNotificationService
03-09 05:02:36.125 1537 1537 I SystemServerTiming: OnBootPhase_520_com.android.server.emergency.EmergencyAffordanceService
03-09 05:02:36.125 1537 1537 I SystemServerTiming: OnBootPhase_520_com.android.server.blob.BlobStoreManagerService
03-09 05:02:36.125 1537 1537 I SystemServerTiming: OnBootPhase_520_com.android.server.dreams.DreamManagerService
03-09 05:02:36.125 1537 1537 I SystemServerTiming: OnBootPhase_520_com.android.server.companion.CompanionDeviceManagerService
03-09 05:02:36.125 1537 1537 I SystemServerTiming: OnBootPhase_520_com.android.server.restrictions.RestrictionsManagerService
03-09 05:02:36.125 1537 1537 I SystemServerTiming: OnBootPhase_520_com.android.server.media.MediaSessionService
03-09 05:02:36.125 1537 1537 I SystemServerTiming: OnBootPhase_520_com.android.server.media.MediaResourceMonitorService
03-09 05:02:36.125 1537 1537 I SystemServerTiming: OnBootPhase_520_com.android.server.biometrics.sensors.fingerprint.FingerprintService
03-09 05:02:36.125 1537 1537 I SystemServerTiming: OnBootPhase_520_com.android.server.biometrics.BiometricService
03-09 05:02:36.125 1537 1537 I SystemServerTiming: OnBootPhase_520_com.android.server.biometrics.AuthService
03-09 05:02:36.125 1537 1537 I SystemServerTiming: OnBootPhase_520_com.android.server.pm.ShortcutService$Lifecycle
03-09 05:02:36.125 1537 1537 I SystemServerTiming: OnBootPhase_520_com.android.server.pm.LauncherAppsService
03-09 05:02:36.125 1537 1537 I SystemServerTiming: OnBootPhase_520_com.android.server.pm.CrossProfileAppsService
03-09 05:02:36.125 1537 1537 I SystemServerTiming: OnBootPhase_520_com.android.server.people.PeopleService
03-09 05:02:36.125 1537 1537 I SystemServerTiming: OnBootPhase_520_com.android.server.media.metrics.MediaMetricsManagerService
03-09 05:02:36.125 1537 1537 I SystemServerTiming: OnBootPhase_520_com.android.server.media.projection.MediaProjectionManagerService
03-09 05:02:36.125 1537 1537 I SystemServerTiming: OnBootPhase_520_com.android.server.slice.SliceManagerService$Lifecycle
03-09 05:02:36.125 1537 1537 I SystemServerTiming: OnBootPhase_520_com.android.server.stats.StatsCompanion$Lifecycle
03-09 05:02:36.125 1537 1537 I SystemServerTiming: OnBootPhase_520_com.android.server.scheduling.RebootReadinessManagerService$Lifecycle
03-09 05:02:36.125 1537 1537 I SystemServerTiming: OnBootPhase_520_com.android.server.stats.pull.StatsPullAtomService
