01-01 08:00:11.659 0 0 I msm_vidc: high: 00000001: ....d: Opening video instance: 0000000000000000, 1
01-01 08:00:11.659 0 0 I msm_vidc: err : 00000001: ....d: Failed to create debugfs for msm_vidc
01-01 08:00:11.662 0 0 I msm_vidc: high: 00000001: h264d: Closed video instance: 0000000000000000
01-01 08:00:11.666 0 0 I msm_vidc: high: 00000001: ....d: Opening video instance: 0000000000000000, 1
01-01 08:00:11.666 0 0 I msm_vidc: err : 00000001: ....d: Failed to create debugfs for msm_vidc
01-01 08:00:11.669 0 0 I msm_vidc: high: 00000001: h264d: Closed video instance: 0000000000000000
01-01 08:00:11.691 0 0 I msm_vidc: high: 00000001: ....d: Opening video instance: 0000000000000000, 1
01-01 08:00:11.691 0 0 I msm_vidc: err : 00000001: ....d: Failed to create debugfs for msm_vidc
01-01 08:00:11.693 0 0 I msm_vidc: high: 00000001: h265d: Closed video instance: 0000000000000000
01-01 08:00:11.697 0 0 I msm_vidc: high: 00000001: ....d: Opening video instance: 0000000000000000, 1
01-01 08:00:11.698 0 0 I msm_vidc: err : 00000001: ....d: Failed to create debugfs for msm_vidc
01-01 08:00:11.701 0 0 I msm_vidc: high: 00000001: h265d: Closed video instance: 0000000000000000
01-01 08:00:11.712 0 0 I msm_vidc: high: 00000001: ....d: Opening video instance: 0000000000000000, 1
01-01 08:00:11.712 0 0 I msm_vidc: err : 00000001: ....d: Failed to create debugfs for msm_vidc
01-01 08:00:11.714 0 0 I msm_vidc: high: 00000001: mpg2d: Closed video instance: 0000000000000000
01-01 08:00:11.719 0 0 I msm_vidc: high: 00000001: ....d: Opening video instance: 0000000000000000, 1
01-01 08:00:11.719 0 0 I msm_vidc: err : 00000001: ....d: Failed to create debugfs for msm_vidc
01-01 08:00:11.721 0 0 I msm_vidc: high: 00000001: mpg2d: Closed video instance: 0000000000000000
01-01 08:00:11.733 0 0 I msm_vidc: high: 00000001: ....d: Opening video instance: 0000000000000000, 1
01-01 08:00:11.733 0 0 I msm_vidc: err : 00000001: ....d: Failed to create debugfs for msm_vidc
01-01 08:00:11.735 0 0 I msm_vidc: high: 00000001: vp8d: Closed video instance: 0000000000000000
03-09 05:02:35.515 1537 1697 D SystemServerInitThreadPool: Finished executing StartNativeSensorService
03-09 05:02:35.532 1537 1711 D SystemServerInitThreadPool: Finished executing SecondaryZygotePreload
01-01 08:00:11.746 0 0 I msm_vidc: high: 00000001: ....d: Opening video instance: 0000000000000000, 1
01-01 08:00:11.746 0 0 I msm_vidc: err : 00000001: ....d: Failed to create debugfs for msm_vidc
01-01 08:00:11.753 0 0 I msm_vidc: high: 00000001: vp9d: Closed video instance: 0000000000000000
01-01 08:00:11.756 0 0 I msm_vidc: high: 00000001: ....d: Opening video instance: 0000000000000000, 1
01-01 08:00:11.756 0 0 I msm_vidc: err : 00000001: ....d: Failed to create debugfs for msm_vidc
01-01 08:00:11.758 0 0 I msm_vidc: high: 00000001: vp9d: Closed video instance: 0000000000000000
01-01 08:00:11.765 0 0 I msm_vidc: high: 00000001: ....e: Opening video instance: 0000000000000000, 0
01-01 08:00:11.765 0 0 I msm_vidc: err : 00000001: ....e: Failed to create debugfs for msm_vidc
01-01 08:00:11.768 0 0 I msm_vidc: high: 00000001: h264e: Closed video instance: 0000000000000000
01-01 08:00:11.793 0 0 I msm_vidc: high: 00000001: ....e: Opening video instance: 0000000000000000, 0
01-01 08:00:11.793 0 0 I msm_vidc: err : 00000001: ....e: Failed to create debugfs for msm_vidc
01-01 08:00:11.795 0 0 I msm_vidc: high: 00000001: h265e: Closed video instance: 0000000000000000
01-01 08:00:11.801 0 0 I msm_vidc: high: 00000001: ....e: Opening video instance: 0000000000000000, 0
01-01 08:00:11.802 0 0 I msm_vidc: err : 00000001: ....e: Failed to create debugfs for msm_vidc
01-01 08:00:11.804 0 0 I msm_vidc: high: 00000001: h265e: Closed video instance: 0000000000000000
01-01 08:00:11.820 0 0 I msm_vidc: high: 00000001: ....e: Opening video instance: 0000000000000000, 0
01-01 08:00:11.820 0 0 I msm_vidc: err : 00000001: ....e: Failed to create debugfs for msm_vidc
01-01 08:00:11.820 0 0 I msm_vidc: err : 00000001: ....e: msm_vidc_comm_update_ctrl: failed: control name Ltr Count, min 0, max 0, step 0, default_value 0
03-09 05:02:35.610 1537 1537 I SystemServerTiming: StartCameraServiceProxy
03-09 05:02:35.610 1537 1537 I SystemServiceManager: Starting com.android.server.camera.CameraServiceProxy
03-09 05:02:35.611 1537 1537 I SystemServerTiming: StartWindowManagerService
03-09 05:02:35.611 1537 1537 I SystemServiceManager: Starting phase 200
03-09 05:02:35.611 1537 1537 I SystemServerTiming: OnBootPhase_200
03-09 05:02:35.611 1537 1537 I SystemServerTiming: OnBootPhase_200_com.android.server.security.FileIntegrityService
03-09 05:02:35.611 1537 1537 I SystemServerTiming: OnBootPhase_200_com.android.server.pm.Installer
03-09 05:02:35.611 1537 1537 I SystemServerTiming: OnBootPhase_200_com.android.server.os.DeviceIdentifiersPolicyService
03-09 05:02:35.611 1537 1537 I SystemServerTiming: OnBootPhase_200_com.android.server.uri.UriGrantsManagerService$Lifecycle
03-09 05:02:35.611 1537 1537 I SystemServerTiming: OnBootPhase_200_com.android.server.powerstats.PowerStatsService
03-09 05:02:35.611 1537 1537 I SystemServerTiming: OnBootPhase_200_com.android.server.wm.ActivityTaskManagerService$Lifecycle
03-09 05:02:35.611 1537 1537 I SystemServerTiming: OnBootPhase_200_com.android.server.am.ActivityManagerService$Lifecycle
03-09 05:02:35.611 1537 1537 I SystemServerTiming: OnBootPhase_200_com.android.server.pm.DataLoaderManagerService
03-09 05:02:35.611 1537 1537 I SystemServerTiming: OnBootPhase_200_com.android.server.power.PowerManagerService
03-09 05:02:35.611 1537 1537 I SystemServerTiming: OnBootPhase_200_com.android.server.power.ThermalManagerService
03-09 05:02:35.611 1537 1537 I SystemServerTiming: OnBootPhase_200_com.android.server.power.hint.HintManagerService
03-09 05:02:35.611 1537 1537 I SystemServerTiming: OnBootPhase_200_com.android.server.recoverysystem.RecoverySystemService$Lifecycle
03-09 05:02:35.611 1537 1537 I SystemServerTiming: OnBootPhase_200_com.android.server.lights.LightsService
03-09 05:02:35.611 1537 1537 I SystemServerTiming: OnBootPhase_200_com.android.server.display.DisplayManagerService
03-09 05:02:35.611 1537 1537 I SystemServerTiming: OnBootPhase_200_com.android.server.pm.verify.domain.DomainVerificationService
03-09 05:02:35.611 1537 1537 I SystemServerTiming: OnBootPhase_200_com.android.server.pm.PackageInstallerService$Lifecycle
03-09 05:02:35.611 1537 1537 I SystemServerTiming: OnBootPhase_200_com.android.server.pm.UserManagerService$LifeCycle
03-09 05:02:35.611 1537 1537 I SystemServerTiming: OnBootPhase_200_com.android.server.om.OverlayManagerService
03-09 05:02:35.611 1537 1537 I SystemServerTiming: OnBootPhase_200_com.android.server.SensorPrivacyService
03-09 05:02:35.611 1537 1537 I SystemServerTiming: OnBootPhase_200_com.android.server.thunderperf.ThunderBoostPerfService
03-09 05:02:35.611 1537 1537 I SystemServerTiming: OnBootPhase_200_com.android.server.sensors.SensorService
03-09 05:02:35.611 1537 1537 I SystemServerTiming: OnBootPhase_200_com.android.server.SystemConfigService
03-09 05:02:35.611 1537 1537 I SystemServerTiming: OnBootPhase_200_com.android.server.BatteryService
03-09 05:02:35.611 1537 1537 I SystemServerTiming: OnBootPhase_200_com.android.server.usage.UsageStatsService
03-09 05:02:35.611 1537 1537 I SystemServerTiming: OnBootPhase_200_com.android.server.webkit.WebViewUpdateService
03-09 05:02:35.611 1537 1537 I SystemServerTiming: OnBootPhase_200_com.android.server.CachedDeviceStateService
03-09 05:02:35.611 1537 1537 I SystemServerTiming: OnBootPhase_200_com.android.server.BinderCallsStatsService$LifeCycle
03-09 05:02:35.611 1537 1537 I SystemServerTiming: OnBootPhase_200_com.android.server.LooperStatsService$Lifecycle
03-09 05:02:35.611 1537 1537 I SystemServerTiming: OnBootPhase_200_com.android.server.rollback.RollbackManagerService
03-09 05:02:35.611 1537 1537 I SystemServerTiming: OnBootPhase_200_com.android.server.os.NativeTombstoneManagerService
03-09 05:02:35.611 1537 1537 I SystemServerTiming: OnBootPhase_200_com.android.server.os.BugreportManagerService
03-09 05:02:35.611 1537 1537 I SystemServerTiming: OnBootPhase_200_com.android.server.gpu.GpuService
03-09 05:02:35.611 1537 1537 I SystemServerTiming: OnBootPhase_200_com.android.server.security.KeyChainSystemService
03-09 05:02:35.611 1537 1537 I SystemServerTiming: OnBootPhase_200_com.android.server.telecom.TelecomLoaderService
03-09 05:02:35.611 1537 1537 I SystemServerTiming: OnBootPhase_200_com.android.server.accounts.AccountManagerService$Lifecycle
03-09 05:02:35.611 1537 1537 I SystemServerTiming: OnBootPhase_200_com.android.server.content.ContentService$Lifecycle
03-09 05:02:35.611 1537 1537 I SystemServerTiming: OnBootPhase_200_com.android.server.DropBoxManagerService
03-09 05:02:35.611 1537 1537 I SystemServerTiming: OnBootPhase_200_com.android.role.RoleService
03-09 05:02:35.611 1537 1537 I SystemServerTiming: OnBootPhase_200_com.android.server.vibrator.VibratorManagerService$Lifecycle
03-09 05:02:35.611 1537 1537 I SystemServerTiming: OnBootPhase_200_com.android.server.alarm.AlarmManagerService
03-09 05:02:35.611 1537 1537 I SystemServerTiming: OnBootPhase_200_com.android.server.devicestate.DeviceStateManagerService
03-09 05:02:35.611 1537 1537 I SystemServerTiming: OnBootPhase_200_com.android.server.camera.CameraServiceProxy
03-09 05:02:35.612 1537 1537 I WindowManager: No existing display settings, starting empty
03-09 05:02:35.612 1537 1537 I WindowManager: No existing display settings, starting empty
01-01 08:00:11.822 0 0 I msm_vidc: high: 00000001: vp8e: Closed video instance: 0000000000000000
03-09 05:02:35.619 1537 1537 I SystemServerTiming: SetWindowManagerService
03-09 05:02:35.631 1537 1537 I ActivityTaskManager: Loaded persisted task ids for user 0
03-09 05:02:35.632 1537 1537 I SystemServerTiming: WindowManagerServiceOnInitReady
03-09 05:02:35.637 1537 1537 I SystemServerTiming: StartInputManager
03-09 05:02:35.637 1537 1537 I InputManager: Starting input manager
03-09 05:02:35.637 1537 1920 I SystemServerTimingAsync: InitThreadPoolExec:StartHidlServices
03-09 05:02:35.637 1537 1920 D SystemServerInitThreadPool: Started executing StartHidlServices
03-09 05:02:35.637 1537 1920 I SystemServerTimingAsync: StartHidlServices
03-09 05:02:35.639 1537 1537 I SystemServerTiming: DisplayManagerWindowManagerAndInputReady
03-09 05:02:35.639 1537 1537 I SystemServerTiming: StartBluetoothService
03-09 05:02:35.639 1537 1647 I LogicalDisplayMapper: Requesting Transition to state: 0
03-09 05:02:35.639 1537 1647 I LogicalDisplayMapper: Applying layout: [{addr: {port=129, model=0x40446d3026322d}, dispId: 0(ON)}], Previous layout: [{addr: {port=129, model=0x40446d3026322d}, dispId: 0(ON)}]
03-09 05:02:35.639 1537 1537 I SystemServiceManager: Starting com.android.server.BluetoothService
03-09 05:02:35.640 1537 1537 D BluetoothManagerService: Loading stored name and address
03-09 05:02:35.640 1537 1537 D BluetoothManagerService: Stored bluetooth Name=高合娱乐副屏,Address=22:22:24:94:12:B8
03-09 05:02:35.640 1537 1537 D BluetoothManagerService: Bluetooth persisted state: 1
03-09 05:02:35.641 1537 1537 D BluetoothManagerService: Startup: Bluetooth persisted state is ON.
03-09 05:02:35.641 1537 1537 D BluetoothManagerService: Detected SystemUiUid: 10078
03-09 05:02:35.641 1537 1537 I SystemServerTiming: IpConnectivityMetrics
03-09 05:02:35.641 1537 1537 I SystemServiceManager: Starting com.android.server.connectivity.IpConnectivityMetrics
03-09 05:02:35.641 1537 1537 I SystemServerTiming: NetworkWatchlistService
03-09 05:02:35.641 1537 1537 I SystemServiceManager: Starting com.android.server.net.watchlist.NetworkWatchlistService$Lifecycle
03-09 05:02:35.641 1537 1920 D SystemServerInitThreadPool: Finished executing StartHidlServices
03-09 05:02:35.646 1537 1537 I WatchlistSettings: Reload watchlist settings done
03-09 05:02:35.647 1537 1537 I SystemServerTiming: PinnerService
03-09 05:02:35.647 1537 1537 I SystemServiceManager: Starting com.android.server.PinnerService
03-09 05:02:35.647 1537 1537 V HistoricalRegistry: Interaction before persistence initialized
03-09 05:02:35.648 1537 1929 I WatchlistLoggingHandler: No need to aggregate record yet.
03-09 05:02:35.648 1537 1929 I WatchlistLoggingHandler: Milliseconds spent on tryAggregateRecords(): 0
03-09 05:02:35.648 1537 1537 I SystemServerTiming: IorapForwardingService
03-09 05:02:35.648 1537 1537 I SystemServiceManager: Starting com.google.android.startop.iorap.IorapForwardingService
03-09 05:02:35.648 1537 1537 I SystemServiceManager: Starting com.android.server.ActivityTriggerService
03-09 05:02:35.648 1537 1537 I ActivityTriggerService: Starting ActivityTriggerService
03-09 05:02:35.648 1537 1537 I SystemServerTiming: SignedConfigService
03-09 05:02:35.648 1537 1537 I SystemServerTiming: AppIntegrityService
03-09 05:02:35.648 1537 1537 I SystemServiceManager: Starting com.android.server.integrity.AppIntegrityManagerService
03-09 05:02:35.649 1537 1653 D PinnerService: pinRangeStream: null
03-09 05:02:35.649 1537 1537 E IntegrityFileManager: Error creating staging and rules directory
03-09 05:02:35.650 1537 1653 D PinnerService: pinRangeStream: null
03-09 05:02:35.650 1537 1653 D PinnerService: pinRangeStream: null
03-09 05:02:35.650 1537 1653 D PinnerService: pinRangeStream: null
03-09 05:02:35.652 1537 1537 I WindowManager: SAFE MODE not enabled
03-09 05:02:35.652 1537 1537 I SystemServerTiming: StartInputMethodManagerLifecycle
03-09 05:02:35.652 1537 1537 I SystemServiceManager: Starting com.android.server.inputmethod.InputMethodManagerService$Lifecycle
03-09 05:02:35.655 1537 1537 I SystemServerTiming: StartAccessibilityManagerService
03-09 05:02:35.655 1537 1537 I SystemServiceManager: Starting com.android.server.accessibility.AccessibilityManagerService$Lifecycle
03-09 05:02:35.658 1537 1537 I SystemServerTiming: MakeDisplayReady
03-09 05:02:35.659 1537 1537 I ActivityTaskManager: Config changes=20005df8 {1.0 ?mcc?mnc [zh_CN] ldltr sw680dp w1586dp h588dp 240dpi lrg long land ?uimode ?night -touch -keyb/v/h -nav/h winConfig={ mBounds=Rect(0, 0 - 2380, 1020) mAppBounds=Rect(0, 0 - 2380, 954) mMaxBounds=Rect(0, 0 - 2380, 1020) mWindowingMode=fullscreen mDisplayWindowingMode=fullscreen mActivityType=undefined mAlwaysOnTop=undefined mRotation=ROTATION_0} s.2 ?fontWeightAdjustment}
03-09 05:02:35.660 1537 1537 I WindowManager: Override config changes=60007dfc {1.0 ?mcc?mnc [zh_CN] ldltr sw680dp w1586dp h588dp 240dpi lrg long land ?uimode ?night -touch -keyb/v/h -nav/h winConfig={ mBounds=Rect(0, 0 - 2380, 1020) mAppBounds=Rect(0, 0 - 2380, 954) mMaxBounds=Rect(0, 0 - 2380, 1020) mWindowingMode=fullscreen mDisplayWindowingMode=fullscreen mActivityType=undefined mAlwaysOnTop=undefined mRotation=ROTATION_0} s.2 ?fontWeightAdjustment} for displayId=0
03-09 05:02:35.663 1537 1537 I ActivityTaskManager: Config changes=8 {1.0 ?mcc?mnc [zh_CN] ldltr sw680dp w1586dp h588dp 240dpi lrg long land ?uimode ?night finger -keyb/v/h -nav/h winConfig={ mBounds=Rect(0, 0 - 2380, 1020) mAppBounds=Rect(0, 0 - 2380, 954) mMaxBounds=Rect(0, 0 - 2380, 1020) mWindowingMode=fullscreen mDisplayWindowingMode=fullscreen mActivityType=undefined mAlwaysOnTop=undefined mRotation=ROTATION_0} s.4 ?fontWeightAdjustment}
03-09 05:02:35.664 1537 1537 I WindowManager: Override config changes=8 {1.0 ?mcc?mnc [zh_CN] ldltr sw680dp w1586dp h588dp 240dpi lrg long land ?uimode ?night finger -keyb/v/h -nav/h winConfig={ mBounds=Rect(0, 0 - 2380, 1020) mAppBounds=Rect(0, 0 - 2380, 954) mMaxBounds=Rect(0, 0 - 2380, 1020) mWindowingMode=fullscreen mDisplayWindowingMode=fullscreen mActivityType=undefined mAlwaysOnTop=undefined mRotation=ROTATION_0} s.4 ?fontWeightAdjustment} for displayId=0
01-01 08:00:11.875 0 0 I init : processing action (sys.sysctl.extra_free_kbytes=*) from (/system/etc/init/hw/init.rc:1172)
03-09 05:02:35.664 1537 1537 I SystemServerTiming: StartStorageManagerService
03-09 05:02:35.664 1537 1537 I SystemServiceManager: Starting com.android.server.StorageManagerService$Lifecycle
03-09 05:02:35.665 1537 1653 D PinnerService: pinRangeStream: null
03-09 05:02:35.666 1537 1653 D PinnerService: pinRangeStream: null
03-09 05:02:35.666 1537 1653 D PinnerService: pinRangeStream: null
03-09 05:02:35.668 1537 1934 D StorageManagerService: Thinking about init, mBootCompleted=false, mDaemonConnected=true
03-09 05:02:35.668 1537 1934 D StorageManagerService: Thinking about reset, mBootCompleted=false, mDaemonConnected=true
03-09 05:02:35.669 1537 1934 D StorageManagerService: Thinking about init, mBootCompleted=false, mDaemonConnected=true
03-09 05:02:35.669 1537 1934 D StorageManagerService: Thinking about reset, mBootCompleted=false, mDaemonConnected=true
03-09 05:02:35.669 1537 1537 I SystemServerTiming: StartStorageStatsService
03-09 05:02:35.669 1537 1537 I SystemServiceManager: Starting com.android.server.usage.StorageStatsService$Lifecycle
03-09 05:02:35.671 1537 1537 I SystemServerTiming: StartUiModeManager
03-09 05:02:35.671 1537 1653 D PinnerService: pinRangeStream: null
03-09 05:02:35.671 1537 1537 I SystemServiceManager: Starting com.android.server.UiModeManagerService
03-09 05:02:35.674 1537 1537 I SystemServerTiming: UpdatePackagesIfNeeded
03-09 05:02:35.674 1537 1537 I Watchdog: Pausing HandlerChecker: main thread for reason: dexopt. Pause count: 1
03-09 05:02:35.674 1537 1537 I Watchdog: Resuming HandlerChecker: main thread for reason: dexopt. Pause count: 0
03-09 05:02:35.674 1537 1537 I SystemServerTiming: PerformFstrimIfNeeded
03-09 05:02:35.674 1537 1537 I SystemServerTiming: StartLockSettingsService
03-09 05:02:35.674 1537 1537 I SystemServiceManager: Starting com.android.server.locksettings.LockSettingsService$Lifecycle
03-09 05:02:35.678 1537 1935 I SystemServerTimingAsync: InitThreadPoolExec:UiModeManager.onStart
03-09 05:02:35.678 1537 1935 D SystemServerInitThreadPool: Started executing UiModeManager.onStart
03-09 05:02:35.683 1537 1653 D PinnerService: pinRangeStream: null
03-09 05:02:35.683 1537 1653 D PinnerService: pinRangeStream: null
03-09 05:02:35.684 1537 1935 D SystemServerInitThreadPool: Finished executing UiModeManager.onStart
03-09 05:02:35.684 1537 1653 D PinnerService: pinRangeStream: null
03-09 05:02:35.684 1537 1653 D PinnerService: pinRangeStream: null
03-09 05:02:35.684 1537 1653 E PinnerService: Could not pin file /system/lib64/libsurfaceflinger.so
03-09 05:02:35.684 1537 1653 E PinnerService: android.system.ErrnoException: open failed: ENOENT (No such file or directory)
03-09 05:02:35.684 1537 1653 E PinnerService: at libcore.io.Linux.open(Native Method)
03-09 05:02:35.684 1537 1653 E PinnerService: at libcore.io.ForwardingOs.open(ForwardingOs.java:567)
03-09 05:02:35.684 1537 1653 E PinnerService: at libcore.io.BlockGuardOs.open(BlockGuardOs.java:273)
03-09 05:02:35.684 1537 1653 E PinnerService: at android.system.Os.open(Os.java:501)
03-09 05:02:35.684 1537 1653 E PinnerService: at com.android.server.PinnerService.pinFileRanges(PinnerService.java:939)
03-09 05:02:35.684 1537 1653 E PinnerService: at com.android.server.PinnerService.pinFile(PinnerService.java:814)
03-09 05:02:35.684 1537 1653 E PinnerService: at com.android.server.PinnerService.handlePinOnStart(PinnerService.java:273)
03-09 05:02:35.684 1537 1653 E PinnerService: at com.android.server.PinnerService.access$1600(PinnerService.java:91)
03-09 05:02:35.684 1537 1653 E PinnerService: at com.android.server.PinnerService$PinnerHandler.handleMessage(PinnerService.java:1183)
03-09 05:02:35.684 1537 1653 E PinnerService: at android.os.Handler.dispatchMessage(Handler.java:106)
03-09 05:02:35.684 1537 1653 E PinnerService: at android.os.Looper.loopOnce(Looper.java:201)
03-09 05:02:35.684 1537 1653 E PinnerService: at android.os.Looper.loop(Looper.java:288)
03-09 05:02:35.684 1537 1653 E PinnerService: at android.os.HandlerThread.run(HandlerThread.java:67)
03-09 05:02:35.684 1537 1653 E PinnerService: Failed to pin file = /system/lib64/libsurfaceflinger.so
03-09 05:02:35.686 1537 1537 I SystemServerTiming: StartPersistentDataBlock
03-09 05:02:35.686 1537 1537 I SystemServiceManager: Starting com.android.server.PersistentDataBlockService
03-09 05:02:35.686 1537 1537 I SystemServerTiming: StartTestHarnessMode
03-09 05:02:35.686 1537 1537 I SystemServiceManager: Starting com.android.server.testharness.TestHarnessModeService
03-09 05:02:35.687 1537 1937 I SystemServerTimingAsync: InitThreadPoolExec:PersistentDataBlockService.onStart
03-09 05:02:35.687 1537 1937 D SystemServerInitThreadPool: Started executing PersistentDataBlockService.onStart
03-09 05:02:35.687 1537 1537 I SystemServerTiming: StartOemLockService
03-09 05:02:35.687 1537 1537 I SystemServiceManager: Starting com.android.server.oemlock.OemLockService
03-09 05:02:35.688 1537 1537 I OemLock : OemLock HAL not present on device
03-09 05:02:35.688 1537 1537 I OemLock : Using persistent data block based lock
03-09 05:02:35.688 1537 1537 I SystemServerTiming: StartDeviceIdleController
03-09 05:02:35.688 1537 1537 I SystemServiceManager: Starting com.android.server.DeviceIdleController
03-09 05:02:35.690 1537 1537 I SystemServerTiming: StartDevicePolicyManager
03-09 05:02:35.690 1537 1537 I SystemServiceManager: Starting com.android.server.devicepolicy.DevicePolicyManagerService$Lifecycle
03-09 05:02:35.690 1537 1937 E PersistentDataBlockService: not able to find package com.google.android.gms
03-09 05:02:35.690 1537 1937 E PersistentDataBlockService: android.content.pm.PackageManager$NameNotFoundException: com.google.android.gms
03-09 05:02:35.690 1537 1937 E PersistentDataBlockService: at android.app.ApplicationPackageManager.getPackageUidAsUser(ApplicationPackageManager.java:364)
03-09 05:02:35.690 1537 1937 E PersistentDataBlockService: at com.android.server.PersistentDataBlockService.getAllowedUid(PersistentDataBlockService.java:162)
03-09 05:02:35.690 1537 1937 E PersistentDataBlockService: at com.android.server.PersistentDataBlockService.lambda$onStart$0$PersistentDataBlockService(PersistentDataBlockService.java:176)
03-09 05:02:35.690 1537 1937 E PersistentDataBlockService: at com.android.server.PersistentDataBlockService$$ExternalSyntheticLambda0.run(Unknown Source:2)
03-09 05:02:35.690 1537 1937 E PersistentDataBlockService: at com.android.server.SystemServerInitThreadPool.lambda$submitTask$0$SystemServerInitThreadPool(SystemServerInitThreadPool.java:105)
03-09 05:02:35.690 1537 1937 E PersistentDataBlockService: at com.android.server.SystemServerInitThreadPool$$ExternalSyntheticLambda0.run(Unknown Source:6)
03-09 05:02:35.690 1537 1937 E PersistentDataBlockService: at java.util.concurrent.Executors$RunnableAdapter.call(Executors.java:462)
03-09 05:02:35.690 1537 1937 E PersistentDataBlockService: at java.util.concurrent.FutureTask.run(FutureTask.java:266)
03-09 05:02:35.690 1537 1937 E PersistentDataBlockService: at java.util.concurrent.ThreadPoolExecutor.runWorker(ThreadPoolExecutor.java:1167)
03-09 05:02:35.690 1537 1937 E PersistentDataBlockService: at java.util.concurrent.ThreadPoolExecutor$Worker.run(ThreadPoolExecutor.java:641)
03-09 05:02:35.690 1537 1937 E PersistentDataBlockService: at com.android.internal.util.ConcurrentUtils$1$1.run(ConcurrentUtils.java:65)
03-09 05:02:35.692 1537 1537 I SystemServerTiming: StartStatusBarManagerService
03-09 05:02:35.692 1537 1537 D SystemServer: MusicRecognitionManagerService not defined by OEM or disabled by flag
03-09 05:02:35.692 1537 1537 D SystemServer: ContentCaptureService disabled because resource is not overlaid
03-09 05:02:35.692 1537 1537 D SystemServer: AttentionService is not configured on this device
03-09 05:02:35.693 1537 1537 D SystemServer: RotationResolverService is not configured on this device
03-09 05:02:35.693 1537 1537 D SystemServer: SystemCaptionsManagerService disabled because resource is not overlaid
03-09 05:02:35.693 1537 1537 I SystemServerTiming: StartTextToSpeechManagerService
03-09 05:02:35.693 1537 1537 I SystemServiceManager: Starting com.android.server.texttospeech.TextToSpeechManagerService
03-09 05:02:35.693 1537 1537 I SystemServerTiming: StartSpeechRecognitionManagerService
03-09 05:02:35.693 1537 1537 I SystemServiceManager: Starting com.android.server.speech.SpeechRecognitionManagerService
03-09 05:02:35.693 1537 1537 D SystemServer: AppPredictionService not defined by OEM
03-09 05:02:35.693 1537 1537 D SystemServer: ContentSuggestionsService not defined by OEM
03-09 05:02:35.693 1537 1537 I SystemServerTiming: StartSearchUiService
03-09 05:02:35.693 1537 1537 I SystemServiceManager: Starting com.android.server.searchui.SearchUiManagerService
03-09 05:02:35.694 1537 1537 I SystemServerTiming: StartSmartspaceService
03-09 05:02:35.694 1537 1537 I SystemServiceManager: Starting com.android.server.smartspace.SmartspaceManagerService
03-09 05:02:35.695 1537 1537 I SystemServerTiming: InitConnectivityModuleConnector
03-09 05:02:35.695 1537 1537 D ConnectivityModuleConnector: Network stack init
03-09 05:02:35.696 1537 1537 I SystemServerTiming: InitNetworkStackClient
03-09 05:02:35.696 1537 1537 I SystemServerTiming: StartNetworkManagementService
03-09 05:02:35.698 1537 1537 I SystemServerTiming: StartIpSecService
03-09 05:02:35.699 1537 1537 I SystemServerTiming: StartFontManagerService
03-09 05:02:35.700 1537 1937 D SystemServerInitThreadPool: Finished executing PersistentDataBlockService.onStart
03-09 05:02:35.762 1537 1537 I SystemServerTiming: StartTextServicesManager
03-09 05:02:35.762 1537 1537 I SystemServiceManager: Starting com.android.server.textservices.TextServicesManagerService$Lifecycle
03-09 05:02:35.763 1537 1537 I SystemServerTiming: StartTextClassificationManagerService
03-09 05:02:35.763 1537 1537 I SystemServiceManager: Starting com.android.server.textclassifier.TextClassificationManagerService$Lifecycle
03-09 05:02:35.763 1537 1537 I SystemServerTiming: StartNetworkScoreService
03-09 05:02:35.763 1537 1537 I SystemServiceManager: Starting com.android.server.NetworkScoreService$Lifecycle
03-09 05:02:35.765 1537 1537 I SystemServerTiming: StartNetworkStatsService
01-01 08:00:11.979 0 0 I msm_vidc: high: 00000001: ....d: Opening video instance: 0000000000000000, 1
01-01 08:00:11.979 0 0 I msm_vidc: err : 00000001: ....d: Failed to create debugfs for msm_vidc
03-09 05:02:35.770 1537 1537 I SystemServerTiming: StartNetworkPolicyManagerService
03-09 05:02:35.771 1537 1537 I SystemServerTiming: StartWifi
03-09 05:02:35.795 1537 1537 I SystemServiceManager: Starting com.android.server.wifi.WifiService
01-01 08:00:12.055 0 0 I : [MAX975X:max96755x_drm_notifier_callback] *INFO* receives EARLY_BLANK:UNBLANK
01-01 08:00:12.055 0 0 I cyttsp7_i2c_adapter 0-0024: FB event:2,blank:0
01-01 08:00:12.055 0 0 I cyttsp7_i2c_adapter 0-0024: suspend: event = 2, blank = 0, not care
01-01 08:00:12.055 0 0 I [drm:dsi_display_set_mode] [msm-dsi-info]: mdp_transfer_time_us=0 us
01-01 08:00:12.055 0 0 I [drm:dsi_display_set_mode] [msm-dsi-info]: hactive= 2380,vactive= 1020,fps=60
01-01 08:00:12.055 0 0 I [drm:dsi_ctrl_isr_configure] [msm-dsi-info]: dsi-ctrl-0: IRQ 402 registered
03-09 05:02:35.871 1221 1221 I wificond: New wificond event callback registered
03-09 05:02:35.875 1537 1537 V HistoricalRegistry: Interaction before persistence initialized
03-09 05:02:35.879 1537 1537 I SystemServerTiming: StartWifiScanning
03-09 05:02:35.879 1537 1537 I SystemServiceManager: Starting com.android.server.wifi.scanner.WifiScanningService
03-09 05:02:35.881 1537 1537 I SystemServerTiming: StartRttService
03-09 05:02:35.881 1537 1537 I SystemServiceManager: Starting com.android.server.wifi.rtt.RttService
03-09 05:02:35.882 1537 1537 I SystemServerTiming: StartWifiAware
03-09 05:02:35.882 1537 1537 I SystemServiceManager: Starting com.android.server.wifi.aware.WifiAwareService
03-09 05:02:35.882 1537 1537 I SystemServerTiming: StartWifiP2P
03-09 05:02:35.882 1537 1537 I SystemServiceManager: Starting com.android.server.wifi.p2p.WifiP2pService
03-09 05:02:35.887 1537 1537 I SystemServerTiming: StartEthernet
03-09 05:02:35.888 1537 1537 I SystemServiceManager: Starting com.android.server.ethernet.EthernetService
03-09 05:02:35.888 1537 1537 I SystemServerTiming: StartPacProxyService
03-09 05:02:35.888 1537 1537 I SystemServerTiming: StartConnectivityService
03-09 05:02:35.895 1165 1165 W iorapd : Readahead disabled by system property
03-09 05:02:35.896 1165 1165 W iorapd : Reconnect to package manager service: 1 times
01-01 08:00:12.108 0 0 I : [MAX975X:max96755x_drm_notifier_callback] *INFO* receives BLANK:UNBLANK
01-01 08:00:12.108 0 0 I cyttsp7_i2c_adapter 0-0024: FB event:1,blank:0
01-01 08:00:12.108 0 0 I cyttsp7_i2c_adapter 0-0024: drm_notifier_callback: UNBLANK! Resume by drm notifier.
03-09 05:02:35.902 1537 1537 I SystemServiceManager: Starting com.android.server.ConnectivityServiceInitializer
03-09 05:02:35.904 1973 1973 D iorap.prefetcherd: Installing minijail
03-09 05:02:35.904 1973 1973 W iorap.prefetcherd: No seccomp filter defined for this architecture.
03-09 05:02:35.927 1537 1537 D CompatibilityChangeReporter: Compat change id reported: 182478738; UID 1000; state: ENABLED
03-09 05:02:35.930 1537 1537 I SystemServerTiming: StartVpnManagerService
03-09 05:02:35.931 1537 1537 I SystemServerTiming: StartVcnManagementService
03-09 05:02:35.932 1537 1537 I SystemServerTiming: StartNsdService
03-09 05:02:35.932 1537 1537 D NsdService: Network service discovery is enabled
03-09 05:02:35.933 1537 1537 I SystemServerTiming: StartSystemUpdateManagerService
03-09 05:02:35.934 1537 1537 I SystemUpdateManagerService: No existing info file /data/system/system-update-info.xml
03-09 05:02:35.934 1537 1537 I SystemServerTiming: StartUpdateLockService
03-09 05:02:35.934 1537 1537 I SystemServerTiming: StartNotificationManager
03-09 05:02:35.934 1537 1537 I SystemServiceManager: Starting com.android.server.notification.NotificationManagerService
03-09 05:02:35.937 1537 1537 D ConditionProviders.SCP: new ScheduleConditionProvider()
03-09 05:02:35.941 1537 1537 I NotificationAssistants: Read notification assistant permissions from xml
03-09 05:02:35.941 1537 1537 I ConditionProviders: Read condition provider permissions from xml
03-09 05:02:35.941 1537 1537 I ConditionProviders: Read condition provider permissions from xml
03-09 05:02:35.941 1537 1537 D NotificationAssistants: Approving default notification assistant for user 0
03-09 05:02:35.941 1537 1537 I ConditionProviders: Allowing condition provider android.ext.services/android.ext.services.notification.Assistant (userSet: true)
03-09 05:02:35.942 1537 1537 I GameModeConfig: isGameModeOn cache is null
03-09 05:02:35.942 1537 1537 I GameModeConfig: isGameModeOn = false
03-09 05:02:35.943 1537 1537 D CompatibilityChangeReporter: Compat change id reported: 157233955; UID 1000; state: ENABLED
03-09 05:02:35.945 1537 1537 I SystemServerTiming: StartDeviceMonitor
03-09 05:02:35.945 1537 1537 I SystemServiceManager: Starting com.android.server.storage.DeviceStorageMonitorService
03-09 05:02:35.946 1537 1537 I SystemServerTiming: StartLocationManagerService
03-09 05:02:35.946 1537 1537 I SystemServiceManager: Starting com.android.server.location.LocationManagerService$Lifecycle
03-09 05:02:35.947 1537 1537 I SystemServerTiming: StartCountryDetectorService
03-09 05:02:35.947 1537 1537 I SystemServerTiming: StartTimeDetectorService
03-09 05:02:35.947 1537 1537 I SystemServiceManager: Starting com.android.server.timedetector.TimeDetectorService$Lifecycle
03-09 05:02:35.948 1537 1537 I SystemServerTiming: StartTimeZoneDetectorService
03-09 05:02:35.948 1537 1537 I SystemServiceManager: Starting com.android.server.timezonedetector.TimeZoneDetectorService$Lifecycle
03-09 05:02:35.948 1537 1537 I SystemServerTiming: StartLocationTimeZoneManagerService
03-09 05:02:35.948 1537 1537 I SystemServiceManager: Starting com.android.server.timezonedetector.location.LocationTimeZoneManagerService$Lifecycle
03-09 05:02:35.949 1537 1537 I SystemServerTiming: StartSearchManagerService
03-09 05:02:35.949 1537 1537 I SystemServiceManager: Starting com.android.server.search.SearchManagerService$Lifecycle
03-09 05:02:35.949 1537 1537 I SystemServerTiming: StartWallpaperManagerService
03-09 05:02:35.949 1537 1537 I SystemServiceManager: Starting com.android.server.wallpaper.WallpaperManagerService$Lifecycle
03-09 05:02:35.949 1537 1537 I SystemServerTiming: StartAudioService
03-09 05:02:35.949 1537 1537 I SystemServiceManager: Starting com.android.server.audio.AudioService$Lifecycle
03-09 05:02:35.963 1537 1537 D MicroServiceManager: bindMicroService: called already get service
03-09 05:02:35.963 1537 1537 I MicroServiceManager: cleanAllAddedListeners
03-09 05:02:35.963 1537 1537 I MicroServiceManager: addCommonCallbackListener add listener
03-09 05:02:35.963 1537 1537 I MicroServiceManager: addConnectChangedListener add listener
03-09 05:02:35.964 1537 1537 I SystemServerTiming: StartSoundTriggerMiddlewareService
03-09 05:02:35.964 1537 1537 I SystemServiceManager: Starting com.android.server.soundtrigger_middleware.SoundTriggerMiddlewareService$Lifecycle
03-09 05:02:35.966 1537 1537 I SystemServerTiming: StartDockObserver
03-09 05:02:35.966 1537 1537 I SystemServiceManager: Starting com.android.server.DockObserver
03-09 05:02:35.967 1537 1537 W DockObserver: This kernel does not have dock station support
03-09 05:02:35.967 1537 1537 I SystemServerTiming: StartWiredAccessoryManager
03-09 05:02:35.967 1537 1537 W WiredAccessoryManager: This kernel does not have usb audio support
03-09 05:02:35.967 1537 1537 W WiredAccessoryManager: This kernel does not have HDMI audio support
03-09 05:02:35.968 1537 1537 E WiredAccessoryManager: file /sys/devices/platform/soc/soc:qcom,msm-ext-disp/extcon/extcon3/name not found
03-09 05:02:35.968 1537 1537 W WiredAccessoryManager: Conn soc:qcom,msm-ext-disp/3/0 does not have DP audio support
03-09 05:02:35.968 1537 1537 E WiredAccessoryManager: file /sys/devices/platform/soc/soc:qcom,msm-ext-disp/extcon/extcon2/name not found
03-09 05:02:35.968 1537 1537 W WiredAccessoryManager: Conn soc:qcom,msm-ext-disp/2/0 does not have DP audio support
03-09 05:02:35.968 1537 1537 E WiredAccessoryManager: set dev_index 1
03-09 05:02:35.968 1537 1537 W WiredAccessoryManager: checkCableIndex set cable 0
03-09 05:02:35.968 1537 1537 E WiredAccessoryManager: set dev_index 0
03-09 05:02:35.968 1537 1537 W WiredAccessoryManager: checkCableIndex set cable 0
03-09 05:02:35.968 1537 1537 I SystemServerTiming: StartMidiManager
03-09 05:02:35.968 1537 1537 I SystemServiceManager: Starting com.android.server.midi.MidiService$Lifecycle
03-09 05:02:35.969 1537 1537 I SystemServerTiming: StartAdbService
03-09 05:02:35.969 1537 1537 I SystemServiceManager: Starting com.android.server.adb.AdbService$Lifecycle
03-09 05:02:35.969 1537 1537 I SystemServerTiming: StartUsbService
03-09 05:02:35.969 1537 1537 I SystemServiceManager: Starting com.android.server.usb.UsbService$Lifecycle
03-09 05:02:35.969 1537 1537 I SystemServerTiming: StartSerialService
03-09 05:02:35.969 1537 1651 I SystemServerTimingAsync: InitThreadPoolExec:UsbService$Lifecycle#onStart
03-09 05:02:35.969 1537 1651 D SystemServerInitThreadPool: Started executing UsbService$Lifecycle#onStart
03-09 05:02:35.970 1537 1537 I SystemServerTiming: StartHardwarePropertiesManagerService
03-09 05:02:35.970 1537 1651 E UsbDeviceManager: failed to write to /sys/class/android_usb/android0/f_rndis/ethaddr
03-09 05:02:35.970 1537 1651 I UsbDeviceManager: USB GADGET HAL not present in the device
03-09 05:02:35.970 1537 1651 I UsbDeviceManager: java.util.NoSuchElementException
03-09 05:02:35.970 1537 1651 I UsbDeviceManager: at android.os.HwBinder.getService(Native Method)
03-09 05:02:35.970 1537 1651 I UsbDeviceManager: at android.hardware.usb.gadget.V1_0.IUsbGadget.getService(IUsbGadget.java:57)
03-09 05:02:35.970 1537 1651 I UsbDeviceManager: at android.hardware.usb.gadget.V1_0.IUsbGadget.getService(IUsbGadget.java:64)
03-09 05:02:35.970 1537 1651 I UsbDeviceManager: at com.android.server.usb.UsbDeviceManager.(UsbDeviceManager.java:293)
03-09 05:02:35.970 1537 1651 I UsbDeviceManager: at com.android.server.usb.UsbService.(UsbService.java:178)
03-09 05:02:35.970 1537 1651 I UsbDeviceManager: at com.android.server.usb.UsbService$Lifecycle.lambda$onStart$0$UsbService$Lifecycle(UsbService.java:92)
03-09 05:02:35.970 1537 1651 I UsbDeviceManager: at com.android.server.usb.UsbService$Lifecycle$$ExternalSyntheticLambda1.run(Unknown Source:2)
03-09 05:02:35.970 1537 1651 I UsbDeviceManager: at com.android.server.SystemServerInitThreadPool.lambda$submitTask$0$SystemServerInitThreadPool(SystemServerInitThreadPool.java:105)
03-09 05:02:35.970 1537 1651 I UsbDeviceManager: at com.android.server.SystemServerInitThreadPool$$ExternalSyntheticLambda0.run(Unknown Source:6)
03-09 05:02:35.970 1537 1651 I UsbDeviceManager: at java.util.concurrent.Executors$RunnableAdapter.call(Executors.java:462)
03-09 05:02:35.970 1537 1651 I UsbDeviceManager: at java.util.concurrent.FutureTask.run(FutureTask.java:266)
03-09 05:02:35.970 1537 1651 I UsbDeviceManager: at java.util.concurrent.ThreadPoolExecutor.runWorker(ThreadPoolExecutor.java:1167)
03-09 05:02:35.970 1537 1651 I UsbDeviceManager: at java.util.concurrent.ThreadPoolExecutor$Worker.run(ThreadPoolExecutor.java:641)
03-09 05:02:35.970 1537 1651 I UsbDeviceManager: at com.android.internal.util.ConcurrentUtils$1$1.run(ConcurrentUtils.java:65)
03-09 05:02:35.970 1537 1651 E UsbDeviceManager: Failed to open control for mtp
03-09 05:02:35.970 1537 1651 E UsbDeviceManager: Failed to open control for ptp
01-01 08:00:12.185 0 0 I : acc_open
01-01 08:00:12.185 0 0 I : acc_release
03-09 05:02:35.971 1537 1651 W StorageManagerService: No primary storage defined yet; hacking together a stub
03-09 05:02:35.973 1537 1537 I SystemServerTiming: StartTwilightService
03-09 05:02:35.973 1537 1537 I SystemServiceManager: Starting com.android.server.twilight.TwilightService
03-09 05:02:35.973 1537 1537 I SystemServerTiming: StartColorDisplay
03-09 05:02:35.973 1537 1537 I SystemServiceManager: Starting com.android.server.display.color.ColorDisplayService
03-09 05:02:35.973 1537 1924 I UsbPortManager: Usb hal service started android.hardware.usb@1.0::IUsb default
03-09 05:02:35.973 1537 1537 I SystemServerTiming: StartJobScheduler
03-09 05:02:35.973 1537 1537 I SystemServiceManager: Starting com.android.server.job.JobSchedulerService
03-09 05:02:35.975 1537 1651 I UsbPortManager: USB HAL version: 12
03-09 05:02:35.976 1537 1651 D SystemServerInitThreadPool: Finished executing UsbService$Lifecycle#onStart
03-09 05:02:35.976 1537 1537 D JobStore: Start tag: job-info
03-09 05:02:35.976 1537 1537 W JobStore: Periodic job for uid='10090' persisted run-time is too big [360:00:23, 720:00:23]. Clamping to [360:00:09,720:00:09]
03-09 05:02:35.977 1537 1537 W JobStore: Periodic job for uid='1000' persisted run-time is too big [24:00:20, 48:00:20]. Clamping to [24:00:09,48:00:09]
03-09 05:02:35.977 1537 1537 W JobStore: Periodic job for uid='1000' persisted run-time is too big [360:00:23, 720:00:23]. Clamping to [360:00:09,720:00:09]
03-09 05:02:35.977 1537 1537 I JobStore: Read 6 jobs
03-09 05:02:35.979 1537 1537 V HistoricalRegistry: Interaction before persistence initialized
03-09 05:02:35.979 1537 1537 V HistoricalRegistry: Interaction before persistence initialized
03-09 05:02:35.979 1537 1537 W JobScheduler: !!! RTC not yet good; tracking time updates for job scheduling
03-09 05:02:35.980 1537 1537 I SystemServerTiming: StartSoundTrigger
03-09 05:02:35.980 1537 1537 I SystemServiceManager: Starting com.android.server.soundtrigger.SoundTriggerService
03-09 05:02:35.980 1537 1537 I SystemServerTiming: StartTrustManager
03-09 05:02:35.980 1537 1537 I SystemServiceManager: Starting com.android.server.trust.TrustManagerService
03-09 05:02:35.981 1537 1537 I SystemServerTiming: StartBackupManager
03-09 05:02:35.981 1537 1537 I SystemServiceManager: Starting com.android.server.backup.BackupManagerService$Lifecycle
03-09 05:02:35.981 1537 1537 I SystemServerTiming: StartAppWidgetService
03-09 05:02:35.981 1537 1537 I SystemServiceManager: Starting com.android.server.appwidget.AppWidgetService
03-09 05:02:35.982 1537 1537 I SystemServerTiming: StartVoiceRecognitionManager
03-09 05:02:35.982 1537 1537 I SystemServiceManager: Starting com.android.server.voiceinteraction.VoiceInteractionManagerService
03-09 05:02:35.985 1537 1537 I SystemServerTiming: StartAppHibernationService
03-09 05:02:35.985 1537 1537 I SystemServiceManager: Starting com.android.server.apphibernation.AppHibernationService
03-09 05:02:35.986 1537 1537 I SystemServerTiming: StartSensorNotification
03-09 05:02:35.986 1537 1537 I SystemServiceManager: Starting com.android.server.SensorNotificationService
03-09 05:02:35.986 1537 1537 I SystemServerTiming: StartDiskStatsService
03-09 05:02:35.987 1537 1537 I SystemServerTiming: RuntimeService
03-09 05:02:35.987 1537 1537 I SystemServerTiming: StartNetworkTimeUpdateService
03-09 05:02:35.989 1537 1537 I SystemServerTiming: CertBlacklister
03-09 05:02:35.989 1537 1537 I SystemServerTiming: StartEmergencyAffordanceService
03-09 05:02:35.989 1537 1537 I SystemServiceManager: Starting com.android.server.emergency.EmergencyAffordanceService
03-09 05:02:35.989 1537 1537 I SystemServerTiming: startBlobStoreManagerService
03-09 05:02:35.989 1537 1537 I SystemServiceManager: Starting com.android.server.blob.BlobStoreManagerService
03-09 05:02:35.990 1537 1537 I SystemServerTiming: StartDreamManager
03-09 05:02:35.990 1537 1537 I SystemServiceManager: Starting com.android.server.dreams.DreamManagerService
03-09 05:02:35.990 1537 1537 I SystemServerTiming: AddGraphicsStatsService
03-09 05:02:35.993 1537 1537 I SystemServerTiming: StartCompanionDeviceManager
03-09 05:02:35.993 1537 1537 I SystemServiceManager: Starting com.android.server.companion.CompanionDeviceManagerService
03-09 05:02:35.994 1537 1537 I SystemServerTiming: StartRestrictionManager
03-09 05:02:35.994 1537 1537 I SystemServiceManager: Starting com.android.server.restrictions.RestrictionsManagerService
03-09 05:02:35.994 1537 1537 I SystemServerTiming: StartMediaSessionService
03-09 05:02:35.994 1537 1537 I SystemServiceManager: Starting com.android.server.media.MediaSessionService
03-09 05:02:35.995 1537 1537 I SystemServerTiming: StartMediaResourceMonitor
03-09 05:02:35.995 1537 1537 I SystemServiceManager: Starting com.android.server.media.MediaResourceMonitorService
03-09 05:02:35.995 1537 1537 I SystemServerTiming: StartMediaRouterService
03-09 05:02:35.995 1537 1537 V HistoricalRegistry: Interaction before persistence initialized
03-09 05:02:35.995 1537 1537 I SystemServerTiming: StartFingerprintSensor
03-09 05:02:35.995 1537 1537 I SystemServiceManager: Starting com.android.server.biometrics.sensors.fingerprint.FingerprintService
03-09 05:02:35.996 1537 1537 I SystemServerTiming: StartBiometricService
03-09 05:02:35.996 1537 1537 I SystemServiceManager: Starting com.android.server.biometrics.BiometricService
03-09 05:02:35.997 1537 1537 I SystemServerTiming: StartAuthService
03-09 05:02:35.997 1537 1537 I SystemServiceManager: Starting com.android.server.biometrics.AuthService
03-09 05:02:35.997 1537 1537 D AuthService: Registering HIDL ID: 0 Modality: 2 Strength: 15
03-09 05:02:35.997 1537 1537 D AuthService: Registering HIDL ID: 1 Modality: 8 Strength: 15
03-09 05:02:35.998 1537 1537 E AuthService: HIDL face configuration exists, but FaceService is null.
03-09 05:02:35.998 1537 1537 I SystemServerTiming: StartBackgroundDexOptService
03-09 05:02:35.998 1537 1537 W BackgroundDexOptService: SysProp pm.dexopt.downgrade_after_inactive_days not set
03-09 05:02:35.999 1537 1537 I SystemServerTiming: StartDynamicCodeLoggingService
03-09 05:02:35.999 1537 2007 D BiometricService: Registering ID: 0 Modality: 2 Strength: 15
03-09 05:02:35.999 1537 2007 D BiometricStrengthController: updateStrengths: revert sensorId=0 to oemStrength=15
03-09 05:02:35.999 1537 1537 I SystemServerTiming: StartPruneInstantAppsJobService
03-09 05:02:35.999 1537 2007 D BiometricService/Sensor: updateStrength: Before(ID(0), oemStrength: 15, updatedStrength: 15, modality 2, state: 0, cookie: 0, props: ID: 0, Strength: 2, Type: 1) After(ID(0), oemStrength: 15, updatedStrength: 15, modality 2, state: 0, cookie: 0, props: ID: 0, Strength: 2, Type: 1)
03-09 05:02:35.999 1537 1537 I SystemServerTiming: StartShortcutServiceLifecycle
03-09 05:02:35.999 1537 1537 I SystemServiceManager: Starting com.android.server.pm.ShortcutService$Lifecycle
03-09 05:02:36.000 1537 1537 V HistoricalRegistry: Interaction before persistence initialized
03-09 05:02:36.000 1537 1537 I SystemServerTiming: StartLauncherAppsService
03-09 05:02:36.000 1537 1537 I SystemServiceManager: Starting com.android.server.pm.LauncherAppsService
03-09 05:02:36.000 1537 1537 I SystemServerTiming: StartCrossProfileAppsService
03-09 05:02:36.000 1537 1537 I SystemServiceManager: Starting com.android.server.pm.CrossProfileAppsService
03-09 05:02:36.001 1537 1537 I SystemServerTiming: StartPeopleService
03-09 05:02:36.001 1537 1537 I SystemServiceManager: Starting com.android.server.people.PeopleService
03-09 05:02:36.001 1537 1537 I SystemServerTiming: StartMediaMetricsManager
03-09 05:02:36.001 1537 1537 I SystemServiceManager: Starting com.android.server.media.metrics.MediaMetricsManagerService
03-09 05:02:36.002 1537 1537 I SystemServerTiming: StartMediaProjectionManager
03-09 05:02:36.002 1537 1537 I SystemServiceManager: Starting com.android.server.media.projection.MediaProjectionManagerService
03-09 05:02:36.003 1537 1537 I SystemServerTiming: StartSliceManagerService
03-09 05:02:36.003 1537 1537 I SystemServiceManager: Starting com.android.server.slice.SliceManagerService$Lifecycle
03-09 05:02:36.003 1537 1537 I SystemServerTiming: StartStatsCompanion
03-09 05:02:36.006 1537 1537 I SystemServiceManager: Starting com.android.server.stats.StatsCompanion$Lifecycle
03-09 05:02:36.008 1537 1537 I SystemServerTiming: StartRebootReadinessManagerService
03-09 05:02:36.011 1537 1537 I SystemServiceManager: Starting com.android.server.scheduling.RebootReadinessManagerService$Lifecycle
03-09 05:02:36.013 1537 1537 I SystemServerTiming: StartStatsPullAtomService
03-09 05:02:36.013 1537 1537 I SystemServiceManager: Starting com.android.server.stats.pull.StatsPullAtomService
03-09 05:02:36.013 1537 1537 I SystemServerTiming: StartIncidentCompanionService
03-09 05:02:36.013 1537 1537 I SystemServiceManager: Starting com.android.server.incident.IncidentCompanionService
03-09 05:02:36.013 1537 1537 I SystemServerTiming: StartMmsService
03-09 05:02:36.013 1537 1537 I SystemServiceManager: Starting com.android.server.MmsServiceBroker
03-09 05:02:36.014 1537 1537 I SystemServerTiming: StartAutoFillService
03-09 05:02:36.014 1537 1537 I SystemServiceManager: Starting com.android.server.autofill.AutofillManagerService
03-09 05:02:36.014 1537 1537 D AutofillManagerService: setLogLevelFromSettings(): level=2, debug=true, verbose=false
03-09 05:02:36.014 1537 1537 D AutofillManagerService: setMaxPartitionsFromSettings(): 10
03-09 05:02:36.014 1537 1537 D AutofillManagerService: setMaxVisibleDatasetsFromSettings(): 0
03-09 05:02:36.014 1537 1537 D AutofillManagerServiceImpl: Reset component for user 0:
03-09 05:02:36.014 1537 1645 D AutofillUI: destroySaveUiUiThread(): already destroyed
03-09 05:02:36.015 1537 1537 D SystemServer: TranslationService not defined by OEM
03-09 05:02:36.015 1537 1537 I SystemServerTiming: StartClipboardService
03-09 05:02:36.015 1537 1537 I SystemServiceManager: Starting com.android.server.clipboard.ClipboardService
03-09 05:02:36.016 1537 1537 I SystemServerTiming: AppServiceManager
03-09 05:02:36.016 1537 1537 I SystemServiceManager: Starting com.android.server.appbinding.AppBindingService$Lifecycle
03-09 05:02:36.016 1537 1537 I SystemServerTiming: startTracingServiceProxy
03-09 05:02:36.016 1537 1537 I SystemServiceManager: Starting com.android.server.tracing.TracingServiceProxy
03-09 05:02:36.016 1537 1537 I SystemServerTiming: MakeLockSettingsServiceReady
03-09 05:02:36.019 1537 1537 I SyntheticPasswordManager: Device does not support weaver
03-09 05:02:36.019 1537 1537 I LockSettingsService: Device doesn't implement AuthSecret HAL
03-09 05:02:36.020 1537 1537 I SystemServerTiming: StartBootPhaseLockSettingsReady
03-09 05:02:36.020 1537 1537 I SystemServiceManager: Starting phase 480
03-09 05:02:36.020 1537 1537 I SystemServerTiming: OnBootPhase_480
03-09 05:02:36.020 1537 1537 I SystemServerTiming: OnBootPhase_480_com.android.server.security.FileIntegrityService
03-09 05:02:36.020 1537 1537 I SystemServerTiming: OnBootPhase_480_com.android.server.pm.Installer
03-09 05:02:36.020 1537 1537 I SystemServerTiming: OnBootPhase_480_com.android.server.os.DeviceIdentifiersPolicyService
03-09 05:02:36.020 1537 1537 I SystemServerTiming: OnBootPhase_480_com.android.server.uri.UriGrantsManagerService$Lifecycle
03-09 05:02:36.020 1537 1537 I SystemServerTiming: OnBootPhase_480_com.android.server.powerstats.PowerStatsService
03-09 05:02:36.020 1537 1537 I SystemServerTiming: OnBootPhase_480_com.android.server.wm.ActivityTaskManagerService$Lifecycle
03-09 05:02:36.020 1537 1537 I SystemServerTiming: OnBootPhase_480_com.android.server.am.ActivityManagerService$Lifecycle
03-09 05:02:36.020 1537 1537 I SystemServerTiming: OnBootPhase_480_com.android.server.pm.DataLoaderManagerService
03-09 05:02:36.020 1537 1537 I SystemServerTiming: OnBootPhase_480_com.android.server.power.PowerManagerService
03-09 05:02:36.020 1537 1537 I SystemServerTiming: OnBootPhase_480_com.android.server.power.ThermalManagerService
03-09 05:02:36.020 1537 1537 I SystemServerTiming: OnBootPhase_480_com.android.server.power.hint.HintManagerService
03-09 05:02:36.020 1537 1537 I SystemServerTiming: OnBootPhase_480_com.android.server.recoverysystem.RecoverySystemService$Lifecycle
