03-09 05:02:36.812 1219 1248 E tlogd : [StorageChecker](listDirFile) FileName is /data/tlog/persist/kernel/913_kernel_00323_700101_080011.log.ing
03-09 05:02:36.812 1219 1248 E tlogd : [StorageChecker](listDirFile) regular file
03-09 05:02:36.812 1219 1248 E tlogd : [StorageChecker](listDirFile) FileName is /data/tlog/persist/kernel/912_kernel_00320_700101_080009.log
03-09 05:02:36.813 1219 1248 E tlogd : [StorageChecker](listDirFile) regular file
03-09 05:02:36.813 1219 1248 E tlogd : [StorageChecker](listDirFile) FileName is /data/tlog/persist/kernel/914_kernel_00325_700101_080010.log.ing
03-09 05:02:36.813 1219 1248 E tlogd : [StorageChecker](listDirFile) regular file
03-09 05:02:36.813 1219 1248 E tlogd : [StorageChecker](listDirFile) FileName is /data/tlog/persist/kernel/919_kernel_00335_700101_080010.log.ing
03-09 05:02:36.813 1219 1248 E tlogd : [StorageChecker](listDirFile) regular file
03-09 05:02:36.813 1219 1248 E tlogd : [StorageChecker](listDirFile) FileName is /data/tlog/persist/kernel/920_kernel_00337_700101_080010.log.ing
03-09 05:02:36.813 1219 1248 E tlogd : [StorageChecker](listDirFile) regular file
03-09 05:02:36.813 1219 1248 E tlogd : [StorageChecker](listDirFile) FileName is /data/tlog/persist/kernel/921_kernel_00338_700101_080009.log
03-09 05:02:36.813 1219 1248 E tlogd : [StorageChecker](listDirFile) regular file
03-09 05:02:36.813 1219 1248 E tlogd : [StorageChecker](listDirFile) FileName is /data/tlog/persist/kernel/922_kernel_00341_700101_080010.log.ing
03-09 05:02:36.813 1219 1248 E tlogd : [StorageChecker](listDirFile) regular file
03-09 05:02:36.813 1219 1248 E tlogd : [StorageChecker](listDirFile) FileName is /data/tlog/persist/kernel/922_kernel_00340_700101_080009.log
03-09 05:02:36.813 1219 1248 E tlogd : [StorageChecker](listDirFile) regular file
03-09 05:02:36.813 1219 1248 E tlogd : [StorageChecker](listDirFile) FileName is /data/tlog/persist/kernel/927_kernel_00350_700101_080009.log
03-09 05:02:36.813 1219 1248 E tlogd : [StorageChecker](listDirFile) regular file
03-09 05:02:36.813 1219 1248 E tlogd : [StorageChecker](listDirFile) FileName is /data/tlog/persist/kernel/927_kernel_00351_700101_080010.log.ing
03-09 05:02:36.813 1219 1248 E tlogd : [StorageChecker](listDirFile) regular file
03-09 05:02:36.813 1219 1248 E tlogd : [StorageChecker](listDirFile) FileName is /data/tlog/persist/kernel/929_kernel_00355_700101_080010.log.ing
03-09 05:02:36.813 1219 1248 E tlogd : [StorageChecker](listDirFile) regular file
03-09 05:02:36.813 1219 1248 E tlogd : [StorageChecker](listDirFile) FileName is /data/tlog/persist/kernel/930_kernel_00356_700101_080009.log
03-09 05:02:36.813 1219 1248 E tlogd : [StorageChecker](listDirFile) regular file
03-09 05:02:36.813 1219 1248 E tlogd : [StorageChecker](listDirFile) FileName is /data/tlog/persist/kernel/933_kernel_00363_700101_080010.log.ing
03-09 05:02:36.813 1219 1248 E tlogd : [StorageChecker](listDirFile) regular file
03-09 05:02:36.813 1219 1248 E tlogd : [StorageChecker](listDirFile) FileName is /data/tlog/persist/kernel/936_kernel_00368_700101_080009.log
03-09 05:02:36.813 1219 1248 E tlogd : [StorageChecker](listDirFile) regular file
03-09 05:02:36.813 1219 1248 E tlogd : [StorageChecker](listDirFile) FileName is /data/tlog/persist/kernel/939_kernel_00374_700101_080009.log
03-09 05:02:36.813 1219 1248 E tlogd : [StorageChecker](listDirFile) regular file
03-09 05:02:36.813 1219 1248 E tlogd : [StorageChecker](listDirFile) FileName is /data/tlog/persist/kernel/944_kernel_00384_700101_080009.log
03-09 05:02:36.813 1219 1248 E tlogd : [StorageChecker](listDirFile) regular file
03-09 05:02:36.813 1219 1248 E tlogd : [StorageChecker](listDirFile) FileName is /data/tlog/persist/kernel/945_kernel_00386_700101_080009.log
03-09 05:02:36.813 1219 1248 E tlogd : [StorageChecker](listDirFile) regular file
03-09 05:02:36.813 1219 1248 E tlogd : [StorageChecker](listDirFile) FileName is /data/tlog/persist/kernel/948_kernel_00392_700101_080009.log
03-09 05:02:36.813 1219 1248 E tlogd : [StorageChecker](listDirFile) regular file
03-09 05:02:36.813 1219 1248 E tlogd : [StorageChecker](listDirFile) FileName is /data/tlog/persist/kernel/949_kernel_00395_700101_080010.log.ing
03-09 05:02:36.813 1219 1248 E tlogd : [StorageChecker](listDirFile) regular file
03-09 05:02:36.813 821 2594 D vendor.qti.bluetooth@1.0-wake_lock: Acquire wakelock is acquired
03-09 05:02:36.813 1219 1248 E tlogd : [StorageChecker](listDirFile) FileName is /data/tlog/persist/kernel/950_kernel_00396_700101_080009.log
03-09 05:02:36.813 1219 1248 E tlogd : [StorageChecker](listDirFile) regular file
03-09 05:02:36.813 1219 1248 E tlogd : [StorageChecker](listDirFile) FileName is /data/tlog/persist/kernel/954_kernel_00405_700101_080010.log.ing
03-09 05:02:36.813 1219 1248 E tlogd : [StorageChecker](listDirFile) regular file
03-09 05:02:36.813 1219 1248 E tlogd : [StorageChecker](listDirFile) FileName is /data/tlog/persist/kernel/954_kernel_00404_700101_080009.log
03-09 05:02:36.813 1219 1248 E tlogd : [StorageChecker](listDirFile) regular file
03-09 05:02:36.813 1219 1248 E tlogd : [StorageChecker](listDirFile) FileName is /data/tlog/persist/kernel/955_kernel_00406_700101_080009.log
03-09 05:02:36.813 1219 1248 E tlogd : [StorageChecker](listDirFile) regular file
03-09 05:02:36.813 1219 1248 E tlogd : [StorageChecker](listDirFile) FileName is /data/tlog/persist/kernel/956_kernel_00408_700101_080009.log
03-09 05:02:36.813 1219 1248 E tlogd : [StorageChecker](listDirFile) regular file
03-09 05:02:36.813 1219 1248 E tlogd : [StorageChecker](listDirFile) FileName is /data/tlog/persist/kernel/956_kernel_00409_700101_080010.log.ing
03-09 05:02:36.813 1219 1248 E tlogd : [StorageChecker](listDirFile) regular file
03-09 05:02:36.813 1219 1248 E tlogd : [StorageChecker](listDirFile) FileName is /data/tlog/persist/kernel/957_kernel_00411_700101_080010.log.ing
03-09 05:02:36.813 1219 1248 E tlogd : [StorageChecker](listDirFile) regular file
03-09 05:02:36.813 1219 1248 E tlogd : [StorageChecker](listDirFile) FileName is /data/tlog/persist/kernel/958_kernel_00413_700101_080010.log.ing
03-09 05:02:36.813 821 2594 D vendor.qti.bluetooth@1.0-uart_transport: Init:> soc_type: 4, need_reload: 1
03-09 05:02:36.813 1219 1248 E tlogd : [StorageChecker](listDirFile) regular file
03-09 05:02:36.813 1219 1248 E tlogd : [StorageChecker](listDirFile) FileName is /data/tlog/persist/kernel/960_kernel_00416_700101_080009.log
03-09 05:02:36.813 1219 1248 E tlogd : [StorageChecker](listDirFile) regular file
03-09 05:02:36.813 1219 1248 E tlogd : [StorageChecker](listDirFile) FileName is /data/tlog/persist/kernel/961_kernel_00419_700101_080010.log.ing
03-09 05:02:36.813 1219 1248 E tlogd : [StorageChecker](listDirFile) regular file
03-09 05:02:36.813 1219 1248 E tlogd : [StorageChecker](listDirFile) FileName is /data/tlog/persist/kernel/966_kernel_00428_700101_080009.log
03-09 05:02:36.813 1219 1248 E tlogd : [StorageChecker](listDirFile) regular file
03-09 05:02:36.813 1219 1248 E tlogd : [StorageChecker](listDirFile) FileName is /data/tlog/persist/kernel/967_kernel_00430_700101_080009.log
03-09 05:02:36.813 1219 1248 E tlogd : [StorageChecker](listDirFile) regular file
03-09 05:02:36.814 1537 2193 D CompatibilityChangeReporter: Compat change id reported: 135634846; UID 10076; state: DISABLED
03-09 05:02:36.814 1219 1248 E tlogd : [StorageChecker](listDirFile) FileName is /data/tlog/persist/kernel/974_kernel_00444_700101_080009.log
03-09 05:02:36.814 1219 1248 E tlogd : [StorageChecker](listDirFile) regular file
03-09 05:02:36.814 1537 2193 D CompatibilityChangeReporter: Compat change id reported: 177438394; UID 10076; state: DISABLED
03-09 05:02:36.814 1219 1248 E tlogd : [StorageChecker](listDirFile) FileName is /data/tlog/persist/kernel/974_kernel_00445_700101_080010.log.ing
03-09 05:02:36.814 1219 1248 E tlogd : [StorageChecker](listDirFile) regular file
03-09 05:02:36.814 1537 2193 D CompatibilityChangeReporter: Compat change id reported: 135772972; UID 10076; state: DISABLED
03-09 05:02:36.814 1219 1248 E tlogd : [StorageChecker](listDirFile) FileName is /data/tlog/persist/kernel/977_kernel_00451_700101_080010.log.ing
03-09 05:02:36.814 1219 1248 E tlogd : [StorageChecker](listDirFile) regular file
03-09 05:02:36.814 1219 1248 E tlogd : [StorageChecker](listDirFile) FileName is /data/tlog/persist/kernel/977_kernel_00450_700101_080009.log
03-09 05:02:36.814 1537 2193 D CompatibilityChangeReporter: Compat change id reported: 135754954; UID 10076; state: ENABLED
03-09 05:02:36.814 1219 1248 E tlogd : [StorageChecker](listDirFile) regular file
03-09 05:02:36.814 1219 1248 E tlogd : [StorageChecker](listDirFile) FileName is /data/tlog/persist/kernel/979_kernel_00455_700101_080010.log.ing
03-09 05:02:36.814 1537 1568 W System : A resource failed to call close.
03-09 05:02:36.814 1219 1248 E tlogd : [StorageChecker](listDirFile) regular file
03-09 05:02:36.814 1219 1248 E tlogd : [StorageChecker](listDirFile) FileName is /data/tlog/persist/kernel/980_kernel_00456_700101_080009.log
03-09 05:02:36.814 1219 1248 E tlogd : [StorageChecker](listDirFile) regular file
03-09 05:02:36.814 821 2594 D vendor.qti.bluetooth@1.0-uart_transport: ConfigUart: fd: 8, p_cfg: 0x6de29ca7e4
03-09 05:02:36.814 821 2594 D vendor.qti.bluetooth@1.0-uart_transport: ConfigUart: baud {0x0, 0x1002}, fmt: 0x8209
03-09 05:02:36.814 1219 1248 E tlogd : [StorageChecker](listDirFile) FileName is /data/tlog/persist/kernel/022_kernel_00496_700101_080009.log
03-09 05:02:36.814 821 2594 D vendor.qti.bluetooth@1.0-uart_transport: ConfigUart: data_bits: 0x30, parity: 0x0, stop_bits: 0x0
03-09 05:02:36.814 821 2594 I vendor.qti.bluetooth@1.0-uart_transport: ConfigUart: HW flow control enabled
03-09 05:02:36.814 1219 1248 E tlogd : [StorageChecker](listDirFile) regular file
03-09 05:02:36.814 1219 1248 E tlogd : [StorageChecker](listDirFile) FileName is /data/tlog/persist/kernel/027_kernel_00496_700101_080009.log
03-09 05:02:36.814 1219 1248 E tlogd : [StorageChecker](listDirFile) regular file
03-09 05:02:36.814 1219 1248 E tlogd : [StorageChecker](listDirFile) FileName is /data/tlog/persist/kernel/031_kernel_00496_700101_080010.log.ing
03-09 05:02:36.814 1219 1248 E tlogd : [StorageChecker](listDirFile) regular file
03-09 05:02:36.814 1219 1248 E tlogd : [StorageChecker](listDirFile) FileName is /data/tlog/persist/kernel/033_kernel_00496_700101_080009.log
03-09 05:02:36.814 1219 1248 E tlogd : [StorageChecker](listDirFile) regular file
03-09 05:02:36.814 1219 1248 E tlogd : [StorageChecker](listDirFile) FileName is /data/tlog/persist/kernel/040_kernel_00496_700101_080010.log.ing
03-09 05:02:36.814 1219 1248 E tlogd : [StorageChecker](listDirFile) regular file
03-09 05:02:36.814 1219 1248 E tlogd : [StorageChecker](listDirFile) FileName is /data/tlog/persist/kernel/052_kernel_00496_700101_080010.log.ing
03-09 05:02:36.814 1219 1248 E tlogd : [StorageChecker](listDirFile) regular file
03-09 05:02:36.814 1219 1248 E tlogd : [StorageChecker](listDirFile) FileName is /data/tlog/persist/kernel/054_kernel_00496_700101_080009.log
03-09 05:02:36.814 1219 1248 E tlogd : [StorageChecker](listDirFile) regular file
03-09 05:02:36.814 1219 1248 E tlogd : [StorageChecker](listDirFile) FileName is /data/tlog/persist/kernel/061_kernel_00496_700101_080009.log
03-09 05:02:36.814 1219 1248 E tlogd : [StorageChecker](listDirFile) regular file
03-09 05:02:36.814 1219 1248 E tlogd : [StorageChecker](listDirFile) FileName is /data/tlog/persist/kernel/065_kernel_00496_700101_080009.log.ing
03-09 05:02:36.814 509 509 I hwservicemanager: getTransport: Cannot find entry android.hardware.graphics.mapper@4.0::IMapper/default in either framework or device VINTF manifest.
03-09 05:02:36.814 1219 1248 E tlogd : [StorageChecker](listDirFile) regular file
03-09 05:02:36.814 1537 1655 D CompatibilityChangeReporter: Compat change id reported: 143937733; UID 10076; state: ENABLED
03-09 05:02:36.814 2464 2607 I Gralloc4: mapper 4.x is not supported
03-09 05:02:36.814 1537 1568 W System : A resource failed to call close.
03-09 05:02:36.815 1537 1537 I Telecom : MissedCallNotifierImpl: reloadFromDatabase: Boot not yet complete -- call log db may not be available. Deferring loading until boot complete for user 0: TS.init@AAA
03-09 05:02:36.816 509 509 I hwservicemanager: getTransport: Cannot find entry android.hardware.graphics.allocator@4.0::IAllocator/default in either framework or device VINTF manifest.
03-09 05:02:36.816 2051 2641 D CCodec : allocate(c2.android.vorbis.decoder)
03-09 05:02:36.817 2464 2607 W Gralloc4: allocator 4.x is not supported
03-09 05:02:36.817 2051 2641 D hw-ProcessState: Binder ioctl to enable oneway spam detection failed: Invalid argument
03-09 05:02:36.819 1537 1537 I Telecom : Class: TelecomSystem.INSTANCE being set
03-09 05:02:36.819 2051 2629 V MediaRouter: Selecting route: RouteInfo{ name=平板电脑, description=null, status=null, category=RouteCategory{ name=系统 types=ROUTE_TYPE_LIVE_AUDIO ROUTE_TYPE_LIVE_VIDEO groupable=false }, supportedTypes=ROUTE_TYPE_LIVE_AUDIO ROUTE_TYPE_LIVE_VIDEO , presentationDisplay=null }
03-09 05:02:36.819 2051 2629 I MediaRouter: Skip setBluetoothA2dpOn(): types=8388615, isPlaybackActive()=false, BT route=null
03-09 05:02:36.819 677 677 D Zygote : Forked child process 2646
03-09 05:02:36.820 1537 1655 I ActivityManager: Start proc 2646:com.android.launcher3/u0a76 for service {com.android.launcher3/com.android.quickstep.TouchInteractionService}
03-09 05:02:36.820 1537 1537 W Looper : Slow dispatch took 203ms main h=android.app.ActivityThread$H c=android.app.LoadedApk$ServiceDispatcher$RunConnection@8e3d90c m=0
03-09 05:02:36.821 1537 1537 D CompatibilityChangeReporter: Compat change id reported: 150939131; UID 1000; state: ENABLED
03-09 05:02:36.821 1537 1710 E NativeTombstoneManager: Tombstone's UID (0) not an app, ignoring
03-09 05:02:36.821 1537 1537 D AutofillManagerService: Restriction did not change for user 0
03-09 05:02:36.823 2051 2641 I Codec2Client: Available Codec2 services: "default" "software"
03-09 05:02:36.823 1537 1710 I DropBoxManagerService: add tag=SYSTEM_TOMBSTONE_PROTO isTagEnabled=true flags=0x4
03-09 05:02:36.823 1537 1537 D ActivityNotifier: onServiceConnected called
03-09 05:02:36.825 2051 2641 I CCodec : setting up 'default' as default (vendor) store
03-09 05:02:36.826 2051 2051 I vol.Events: writeEvent collection_started
03-09 05:02:36.826 1219 1248 E tlogd : [StorageChecker](listDirFile) regular file
03-09 05:02:36.826 1219 1248 E tlogd : [StorageChecker](listDirFile) FileName is /data/tlog/persist/763_persist_00159_700101_080009.log
03-09 05:02:36.826 1219 1248 E tlogd : [StorageChecker](listDirFile) regular file
03-09 05:02:36.826 1219 1248 E tlogd : [StorageChecker](listDirFile) FileName is /data/tlog/persist/763_persist_00166_230309_050235.log
03-09 05:02:36.826 1219 1248 E tlogd : [StorageChecker](listDirFile) regular file
03-09 05:02:36.826 1219 1248 E tlogd : [StorageChecker](listDirFile) FileName is /data/tlog/persist/763_persist_00161_700101_080009.log
03-09 05:02:36.826 1219 1248 E tlogd : [StorageChecker](listDirFile) regular file
03-09 05:02:36.826 1219 1248 E tlogd : [StorageChecker](listDirFile) FileName is /data/tlog/persist/763_persist_00172_230309_050240.log.ing
03-09 05:02:36.826 1219 1248 E tlogd : [StorageChecker](listDirFile) regular file
03-09 05:02:36.826 1219 1248 E tlogd : [StorageChecker](listDirFile) FileName is /data/tlog/persist/763_persist_00168_230309_050236.log
03-09 05:02:36.826 1219 1248 E tlogd : [StorageChecker](listDirFile) regular file
03-09 05:02:36.826 1219 1248 E tlogd : [StorageChecker](listDirFile) FileName is /data/tlog/persist/763_persist_00170_230309_050237.log
03-09 05:02:36.826 1219 1248 E tlogd : [StorageChecker](listDirFile) regular file
03-09 05:02:36.827 1219 1248 E tlogd : [StorageChecker](listDirFile) FileName is /data/tlog/persist/764_persist_00176_700101_080009.log
03-09 05:02:36.827 1219 1248 E tlogd : [StorageChecker](listDirFile) regular file
03-09 05:02:36.827 1219 1248 E tlogd : [StorageChecker](listDirFile) FileName is /data/tlog/persist/764_persist_00175_700101_080009.log
03-09 05:02:36.827 1219 1248 E tlogd : [StorageChecker](listDirFile) regular file
03-09 05:02:36.827 1219 1248 E tlogd : [StorageChecker](listDirFile) FileName is /data/tlog/persist/764_persist_00179_700101_080009.log
03-09 05:02:36.827 1219 1248 E tlogd : [StorageChecker](listDirFile) regular file
03-09 05:02:36.827 1219 1248 E tlogd : [StorageChecker](listDirFile) FileName is /data/tlog/persist/764_persist_00181_230309_050235.log
03-09 05:02:36.827 1219 1248 E tlogd : [StorageChecker](listDirFile) regular file
03-09 05:02:36.827 1219 1248 E tlogd : [StorageChecker](listDirFile) FileName is /data/tlog/persist/764_persist_00186_230309_050239.log.ing
03-09 05:02:36.827 1219 1248 E tlogd : [StorageChecker](listDirFile) regular file
03-09 05:02:36.827 1219 1248 E tlogd : [StorageChecker](listDirFile) FileName is /data/tlog/persist/764_persist_00182_230309_050236.log
03-09 05:02:36.827 1219 1248 E tlogd : [StorageChecker](listDirFile) regular file
03-09 05:02:36.827 1219 1248 E tlogd : [StorageChecker](listDirFile) FileName is /data/tlog/persist/764_persist_00183_230309_050237.log
03-09 05:02:36.827 1219 1248 E tlogd : [StorageChecker](listDirFile) regular file
03-09 05:02:36.827 1219 1248 E tlogd : [StorageChecker](listDirFile) FileName is /data/tlog/persist/764_persist_00184_230309_050237.log
03-09 05:02:36.827 1219 1248 E tlogd : [StorageChecker](listDirFile) regular file
03-09 05:02:36.827 1219 1248 E tlogd : [StorageChecker](listDirFile) FileName is /data/tlog/persist/765_persist_00191_700101_080009.log
03-09 05:02:36.827 1219 1248 E tlogd : [StorageChecker](listDirFile) regular file
03-09 05:02:36.827 1219 1248 E tlogd : [StorageChecker](listDirFile) FileName is /data/tlog/persist/765_persist_00189_700101_080009.log
03-09 05:02:36.827 1219 1248 E tlogd : [StorageChecker](listDirFile) regular file
03-09 05:02:36.827 1219 1248 E tlogd : [StorageChecker](listDirFile) FileName is /data/tlog/persist/765_persist_00197_230309_050237.log
03-09 05:02:36.827 1219 1248 E tlogd : [StorageChecker](listDirFile) regular file
03-09 05:02:36.827 1219 1248 E tlogd : [StorageChecker](listDirFile) FileName is /data/tlog/persist/765_persist_00195_230309_050235.log
03-09 05:02:36.827 1219 1248 E tlogd : [StorageChecker](listDirFile) regular file
03-09 05:02:36.827 1219 1248 E tlogd : [StorageChecker](listDirFile) FileName is /data/tlog/persist/765_persist_00196_230309_050236.log
03-09 05:02:36.827 1219 1248 E tlogd : [StorageChecker](listDirFile) regular file
03-09 05:02:36.827 1219 1248 E tlogd : [StorageChecker](listDirFile) FileName is /data/tlog/persist/765_persist_00198_230309_050237.log
03-09 05:02:36.827 1219 1248 E tlogd : [StorageChecker](listDirFile) regular file
03-09 05:02:36.827 1219 1248 E tlogd : [StorageChecker](listDirFile) FileName is /data/tlog/persist/766_persist_00201_700101_080009.log
03-09 05:02:36.827 1219 1248 E tlogd : [StorageChecker](listDirFile) regular file
03-09 05:02:36.827 1219 1248 E tlogd : [StorageChecker](listDirFile) FileName is /data/tlog/persist/766_persist_00202_700101_080009.log
03-09 05:02:36.827 1219 1248 E tlogd : [StorageChecker](listDirFile) regular file
03-09 05:02:36.827 1219 1248 E tlogd : [StorageChecker](listDirFile) FileName is /data/tlog/persist/756_persist_00069_230309_050235.log
03-09 05:02:36.827 1219 1248 E tlogd : [StorageChecker](listDirFile) regular file
03-09 05:02:36.827 1219 1248 E tlogd : [StorageChecker](listDirFile) FileName is /data/tlog/persist/756_persist_00072_230309_050237.log
03-09 05:02:36.827 1219 1248 E tlogd : [StorageChecker](listDirFile) regular file
03-09 05:02:36.827 1219 1248 E tlogd : [StorageChecker](listDirFile) FileName is /data/tlog/persist/756_persist_00073_230309_050237.log
03-09 05:02:36.827 1219 1248 E tlogd : [StorageChecker](listDirFile) regular file
03-09 05:02:36.827 1219 1248 E tlogd : [StorageChecker](listDirFile) FileName is /data/tlog/persist/756_persist_00074_230309_050237.log
03-09 05:02:36.827 1219 1248 E tlogd : [StorageChecker](listDirFile) regular file
03-09 05:02:36.827 1219 1248 E tlogd : [StorageChecker](listDirFile) FileName is /data/tlog/persist/757_persist_00076_700101_080009.log
03-09 05:02:36.827 1219 1248 E tlogd : [StorageChecker](listDirFile) regular file
03-09 05:02:36.827 1219 1248 E tlogd : [StorageChecker](listDirFile) FileName is /data/tlog/persist/757_persist_00090_230309_050240.log.ing
03-09 05:02:36.827 1219 1248 E tlogd : [StorageChecker](listDirFile) regular file
03-09 05:02:36.827 1219 1248 E tlogd : [StorageChecker](listDirFile) FileName is /data/tlog/persist/757_persist_00077_700101_080009.log
03-09 05:02:36.827 1219 1248 E tlogd : [StorageChecker](listDirFile) regular file
03-09 05:02:36.827 1219 1248 E tlogd : [StorageChecker](listDirFile) FileName is /data/tlog/persist/757_persist_00079_700101_080009.log
03-09 05:02:36.827 1219 1248 E tlogd : [StorageChecker](listDirFile) regular file
03-09 05:02:36.827 1219 1248 E tlogd : [StorageChecker](listDirFile) FileName is /data/tlog/persist/757_persist_00081_700101_080009.log
03-09 05:02:36.827 1219 1248 E tlogd : [StorageChecker](listDirFile) regular file
03-09 05:02:36.827 1219 1248 E tlogd : [StorageChecker](listDirFile) FileName is /data/tlog/persist/757_persist_00082_700101_080009.log
03-09 05:02:36.827 1219 1248 E tlogd : [StorageChecker](listDirFile) regular file
03-09 05:02:36.827 1219 1248 E tlogd : [StorageChecker](listDirFile) FileName is /data/tlog/persist/757_persist_00083_700101_080010.log
03-09 05:02:36.827 1219 1248 E tlogd : [StorageChecker](listDirFile) regular file
03-09 05:02:36.827 1219 1248 E tlogd : [StorageChecker](listDirFile) FileName is /data/tlog/persist/757_persist_00085_230309_050236.log
03-09 05:02:36.827 1219 1248 E tlogd : [StorageChecker](listDirFile) regular file
03-09 05:02:36.827 1219 1248 E tlogd : [StorageChecker](listDirFile) FileName is /data/tlog/persist/758_persist_00094_700101_080009.log
03-09 05:02:36.827 1219 1248 E tlogd : [StorageChecker](listDirFile) regular file
03-09 05:02:36.827 1219 1248 E tlogd : [StorageChecker](listDirFile) FileName is /data/tlog/persist/758_persist_00092_700101_080009.log
03-09 05:02:36.827 1219 1248 E tlogd : [StorageChecker](listDirFile) regular file
03-09 05:02:36.827 1219 1248 E tlogd : [StorageChecker](listDirFile) FileName is /data/tlog/persist/758_persist_00096_700101_080009.log
03-09 05:02:36.827 1219 1248 E tlogd : [StorageChecker](listDirFile) regular file
03-09 05:02:36.827 1219 1248 E tlogd : [StorageChecker](listDirFile) FileName is /data/tlog/persist/758_persist_00102_230309_050237.log
03-09 05:02:36.828 1219 1248 E tlogd : [StorageChecker](listDirFile) regular file
03-09 05:02:36.828 1219 1248 E tlogd : [StorageChecker](listDirFile) FileName is /data/tlog/persist/758_persist_00097_700101_080010.log
03-09 05:02:36.831 821 821 I bluetooth@1.0-s: type=1400 audit(0.0:701): avc: denied { search } for name="bluetooth" dev="sda2" ino=23 scontext=u:r:hal_bluetooth_default:s0 tcontext=u:object_r:mnt_product_file:s0 tclass=dir permissive=1
03-09 05:02:36.828 1219 1248 E tlogd : [StorageChecker](listDirFile) FileName is /data/tlog/persist/758_persist_00098_230309_050235.log
03-09 05:02:36.828 1219 1248 E tlogd : [StorageChecker](listDirFile) regular file
03-09 05:02:36.828 1219 1248 E tlogd : [StorageChecker](listDirFile) FileName is /data/tlog/persist/758_persist_00101_230309_050237.log
03-09 05:02:36.828 1219 1248 E tlogd : [StorageChecker](listDirFile) regular file
03-09 05:02:36.828 1219 1248 E tlogd : [StorageChecker](listDirFile) FileName is /data/tlog/persist/759_persist_00108_700101_080010.log
03-09 05:02:36.828 1219 1248 E tlogd : [StorageChecker](listDirFile) regular file
03-09 05:02:36.828 1219 1248 E tlogd : [StorageChecker](listDirFile) FileName is /data/tlog/persist/759_persist_00106_700101_080010.log
03-09 05:02:36.828 1219 1248 E tlogd : [StorageChecker](listDirFile) regular file
03-09 05:02:36.828 1219 1248 E tlogd : [StorageChecker](listDirFile) FileName is /data/tlog/persist/759_persist_00107_700101_080010.log
03-09 05:02:36.828 1219 1248 E tlogd : [StorageChecker](listDirFile) regular file
03-09 05:02:36.828 1219 1248 E tlogd : [StorageChecker](listDirFile) FileName is /data/tlog/persist/759_persist_00110_700101_080010.log
03-09 05:02:36.828 1219 1248 E tlogd : [StorageChecker](listDirFile) regular file
03-09 05:02:36.828 1219 1248 E tlogd : [StorageChecker](listDirFile) FileName is /data/tlog/persist/759_persist_00113_230309_050236.log
03-09 05:02:36.828 1219 1248 E tlogd : [StorageChecker](listDirFile) regular file
03-09 05:02:36.828 1219 1248 E tlogd : [StorageChecker](listDirFile) FileName is /data/tlog/persist/759_persist_00112_230309_050235.log
03-09 05:02:36.828 1219 1248 E tlogd : [StorageChecker](listDirFile) regular file
03-09 05:02:36.828 1219 1248 E tlogd : [StorageChecker](listDirFile) FileName is /data/tlog/persist/759_persist_00116_230309_050237.log
03-09 05:02:36.828 1219 1248 E tlogd : [StorageChecker](listDirFile) regular file
03-09 05:02:36.828 1219 1248 E tlogd : [StorageChecker](listDirFile) FileName is /data/tlog/persist/760_persist_00118_700101_080009.log
03-09 05:02:36.828 1219 1248 E tlogd : [StorageChecker](listDirFile) regular file
03-09 05:02:36.828 1219 1248 E tlogd : [StorageChecker](listDirFile) FileName is /data/tlog/persist/760_persist_00125_230309_050235.log
03-09 05:02:36.828 1219 1248 E tlogd : [StorageChecker](listDirFile) regular file
03-09 05:02:36.828 1219 1248 E tlogd : [StorageChecker](listDirFile) FileName is /data/tlog/persist/760_persist_00120_700101_080009.log
03-09 05:02:36.828 1219 1248 E tlogd : [StorageChecker](listDirFile) regular file
03-09 05:02:36.828 1219 1248 E tlogd : [StorageChecker](listDirFile) FileName is /data/tlog/persist/760_persist_00128_230309_050237.log
03-09 05:02:36.828 1219 1248 E tlogd : [StorageChecker](listDirFile) regular file
03-09 05:02:36.828 1219 1248 E tlogd : [StorageChecker](listDirFile) FileName is /data/tlog/persist/761_persist_00133_700101_080009.log
03-09 05:02:36.828 1219 1248 E tlogd : [StorageChecker](listDirFile) regular file
03-09 05:02:36.828 1219 1248 E tlogd : [StorageChecker](listDirFile) FileName is /data/tlog/persist/760_persist_00129_230309_050237.log
03-09 05:02:36.828 1219 1248 E tlogd : [StorageChecker](listDirFile) regular file
03-09 05:02:36.828 1219 1248 E tlogd : [StorageChecker](listDirFile) FileName is /data/tlog/persist/760_persist_00130_230309_050238.log
03-09 05:02:36.828 1219 1248 E tlogd : [StorageChecker](listDirFile) regular file
03-09 05:02:36.828 1219 1248 E tlogd : [StorageChecker](listDirFile) FileName is /data/tlog/persist/761_persist_00134_700101_080009.log
03-09 05:02:36.828 1219 1248 E tlogd : [StorageChecker](listDirFile) regular file
03-09 05:02:36.828 1219 1248 E tlogd : [StorageChecker](listDirFile) FileName is /data/tlog/persist/761_persist_00145_230309_050239.log.ing
03-09 05:02:36.828 1219 1248 E tlogd : [StorageChecker](listDirFile) regular file
03-09 05:02:36.828 1219 1248 E tlogd : [StorageChecker](listDirFile) FileName is /data/tlog/persist/761_persist_00135_700101_080009.log
03-09 05:02:36.828 1219 1248 E tlogd : [StorageChecker](listDirFile) regular file
03-09 05:02:36.828 1219 1248 E tlogd : [StorageChecker](listDirFile) FileName is /data/tlog/persist/761_persist_00140_230309_050235.log
03-09 05:02:36.828 1219 1248 E tlogd : [StorageChecker](listDirFile) regular file
03-09 05:02:36.828 1219 1248 E tlogd : [StorageChecker](listDirFile) FileName is /data/tlog/persist/761_persist_00141_230309_050236.log
03-09 05:02:36.828 1219 1248 E tlogd : [StorageChecker](listDirFile) regular file
03-09 05:02:36.828 1219 1248 E tlogd : [StorageChecker](listDirFile) FileName is /data/tlog/persist/762_persist_00149_700101_080010.log
03-09 05:02:36.828 1219 1248 E tlogd : [StorageChecker](listDirFile) regular file
03-09 05:02:36.828 1219 1248 E tlogd : [StorageChecker](listDirFile) FileName is /data/tlog/persist/762_persist_00154_230309_050235.log
03-09 05:02:36.828 1258 1943 V C2Store : in init
03-09 05:02:36.828 1258 1943 V C2Store : loading dll
03-09 05:02:36.828 1219 1248 E tlogd : [StorageChecker](listDirFile) regular file
03-09 05:02:36.828 1219 1248 E tlogd : [StorageChecker](listDirFile) FileName is /data/tlog/persist/762_persist_00153_230309_050235.log
03-09 05:02:36.828 1193 2089 I MMParserExtractor: Created(0xb400007bdd55d230)
03-09 05:02:36.828 1219 1248 E tlogd : [StorageChecker](listDirFile) regular file
03-09 05:02:36.828 1219 1248 E tlogd : [StorageChecker](listDirFile) FileName is /data/tlog/persist/762_persist_00157_230309_050237.log
03-09 05:02:36.828 1219 1248 E tlogd : [StorageChecker](listDirFile) regular file
03-09 05:02:36.828 1219 1248 E tlogd : [StorageChecker](listDirFile) FileName is /data/tlog/persist/763_persist_00169_230309_050237.log
03-09 05:02:36.829 1219 1248 E tlogd : [StorageChecker](listDirFile) regular file
03-09 05:02:36.829 1219 1248 E tlogd : [StorageChecker](listDirFile) FileName is /data/tlog/persist/763_persist_00162_700101_080009.log
03-09 05:02:36.829 1219 1248 E tlogd : [StorageChecker](listDirFile) regular file
03-09 05:02:36.829 1219 1248 E tlogd : [StorageChecker](listDirFile) FileName is /data/tlog/persist/763_persist_00163_700101_080009.log
03-09 05:02:36.829 1219 1248 E tlogd : [StorageChecker](listDirFile) regular file
03-09 05:02:36.829 1219 1248 E tlogd : [StorageChecker](listDirFile) FileName is /data/tlog/persist/763_persist_00164_700101_080009.log
03-09 05:02:36.829 1219 1248 E tlogd : [StorageChecker](listDirFile) regular file
03-09 05:02:36.829 1219 1248 E tlogd : [StorageChecker](listDirFile) FileName is /data/tlog/persist/763_persist_00165_700101_080010.log
03-09 05:02:36.829 1219 1248 E tlogd : [StorageChecker](listDirFile) regular file
03-09 05:02:36.829 1219 1248 E tlogd : [StorageChecker](listDirFile) FileName is /data/tlog/persist/763_persist_00167_230309_050235.log
03-09 05:02:36.829 2051 2641 I CCodec : Created component [c2.android.vorbis.decoder]
03-09 05:02:36.830 2051 2641 D CCodecConfig: read media type: audio/vorbis
03-09 05:02:36.830 2051 2639 D MediaCodecList: codecHandlesFormat: no format, so no extra checks
03-09 05:02:36.830 2051 2639 D MediaCodecList: codecHandlesFormat: no format, so no extra checks
03-09 05:02:36.831 2051 2641 D ReflectedParamUpdater: extent() != 1 for single value type: algo.buffers.max-count.values
03-09 05:02:36.831 2051 2641 D ReflectedParamUpdater: extent() != 1 for single value type: output.subscribed-indices.values
03-09 05:02:36.831 2051 2641 D ReflectedParamUpdater: extent() != 1 for single value type: input.buffers.allocator-ids.values
03-09 05:02:36.831 2051 2641 D ReflectedParamUpdater: extent() != 1 for single value type: output.buffers.allocator-ids.values
03-09 05:02:36.831 2051 2641 D ReflectedParamUpdater: extent() != 1 for single value type: algo.buffers.allocator-ids.values
03-09 05:02:36.831 2051 2641 D ReflectedParamUpdater: extent() != 1 for single value type: output.buffers.pool-ids.values
03-09 05:02:36.831 2051 2641 D ReflectedParamUpdater: extent() != 1 for single value type: algo.buffers.pool-ids.values
03-09 05:02:36.832 1219 1248 E tlogd : [StorageChecker](listDirFile) FileName is /data/tlog/persist/777_persist_00365_230309_050238.log
03-09 05:02:36.832 1219 1248 E tlogd : [StorageChecker](listDirFile) regular file
03-09 05:02:36.832 1219 1248 E tlogd : [StorageChecker](listDirFile) FileName is /data/tlog/persist/778_persist_00374_700101_080010.log
03-09 05:02:36.832 1219 1248 E tlogd : [StorageChecker](listDirFile) regular file
03-09 05:02:36.832 1219 1248 E tlogd : [StorageChecker](listDirFile) FileName is /data/tlog/persist/778_persist_00380_230309_050238.log.ing
03-09 05:02:36.832 1219 1248 E tlogd : [StorageChecker](listDirFile) regular file
03-09 05:02:36.832 1219 1248 E tlogd : [StorageChecker](listDirFile) FileName is /data/tlog/persist/778_persist_00376_230309_050235.log
03-09 05:02:36.832 1219 1248 E tlogd : [StorageChecker](listDirFile) regular file
03-09 05:02:36.832 1219 1248 E tlogd : [StorageChecker](listDirFile) FileName is /data/tlog/persist/779_persist_00382_700101_080009.log
03-09 05:02:36.832 1219 1248 E tlogd : [StorageChecker](listDirFile) regular file
03-09 05:02:36.832 1219 1248 E tlogd : [StorageChecker](listDirFile) FileName is /data/tlog/persist/779_persist_00385_700101_080009.log
03-09 05:02:36.832 1219 1248 E tlogd : [StorageChecker](listDirFile) regular file
03-09 05:02:36.832 2051 2641 I CCodecConfig: query failed after returning 7 values (BAD_INDEX)
03-09 05:02:36.832 1219 1248 E tlogd : [StorageChecker](listDirFile) FileName is /data/tlog/persist/779_persist_00391_230309_050237.log
03-09 05:02:36.832 1219 1248 E tlogd : [StorageChecker](listDirFile) regular file
03-09 05:02:36.832 1219 1248 E tlogd : [StorageChecker](listDirFile) FileName is /data/tlog/persist/779_persist_00393_230309_050237.log
03-09 05:02:36.832 2051 2641 D CCodecConfig: c2 config diff is Dict {
03-09 05:02:36.832 2051 2641 D CCodecConfig: c2::u32 coded.bitrate.value = 64000
03-09 05:02:36.832 2051 2641 D CCodecConfig: c2::u32 input.buffers.max-size.value = 32768
03-09 05:02:36.832 2051 2641 D CCodecConfig: c2::u32 input.delay.value = 0
03-09 05:02:36.832 2051 2641 D CCodecConfig: string input.media-type.value = "audio/vorbis"
03-09 05:02:36.832 2051 2641 D CCodecConfig: string output.media-type.value = "audio/raw"
03-09 05:02:36.832 2051 2641 D CCodecConfig: c2::u32 raw.channel-count.value = 1
03-09 05:02:36.832 2051 2641 D CCodecConfig: c2::u32 raw.sample-rate.value = 48000
03-09 05:02:36.832 2051 2641 D CCodecConfig: }
03-09 05:02:36.832 1219 1248 E tlogd : [StorageChecker](listDirFile) regular file
03-09 05:02:36.832 1219 1248 E tlogd : [StorageChecker](listDirFile) FileName is /data/tlog/persist/780_persist_00398_700101_080009.log
03-09 05:02:36.832 1219 1248 E tlogd : [StorageChecker](listDirFile) regular file
03-09 05:02:36.832 1219 1248 E tlogd : [StorageChecker](listDirFile) FileName is /data/tlog/persist/781_persist_00408_700101_080009.log
03-09 05:02:36.832 1219 1248 E tlogd : [StorageChecker](listDirFile) regular file
03-09 05:02:36.832 1219 1248 E tlogd : [StorageChecker](listDirFile) FileName is /data/tlog/persist/780_persist_00404_230309_050236.log
03-09 05:02:36.832 1219 1248 E tlogd : [StorageChecker](listDirFile) regular file
03-09 05:02:36.832 1219 1248 E tlogd : [StorageChecker](listDirFile) FileName is /data/tlog/persist/781_persist_00413_700101_080009.log
03-09 05:02:36.832 1219 1248 E tlogd : [StorageChecker](listDirFile) regular file
03-09 05:02:36.832 1219 1248 E tlogd : [StorageChecker](listDirFile) FileName is /data/tlog/persist/781_persist_00409_700101_080009.log
03-09 05:02:36.832 1219 1248 E tlogd : [StorageChecker](listDirFile) regular file
03-09 05:02:36.832 1219 1248 E tlogd : [StorageChecker](listDirFile) FileName is /data/tlog/persist/781_persist_00414_700101_080010.log
03-09 05:02:36.832 1219 1248 E tlogd : [StorageChecker](listDirFile) regular file
03-09 05:02:36.832 1219 1248 E tlogd : [StorageChecker](listDirFile) FileName is /data/tlog/persist/781_persist_00421_230309_050240.log.ing
03-09 05:02:36.832 1219 1248 E tlogd : [StorageChecker](listDirFile) regular file
03-09 05:02:36.832 1219 1248 E tlogd : [StorageChecker](listDirFile) FileName is /data/tlog/persist/781_persist_00419_230309_050237.log
03-09 05:02:36.832 1219 1248 E tlogd : [StorageChecker](listDirFile) regular file
03-09 05:02:36.832 1219 1248 E tlogd : [StorageChecker](listDirFile) FileName is /data/tlog/persist/782_persist_00435_230309_050240.log.ing
03-09 05:02:36.832 1219 1248 E tlogd : [StorageChecker](listDirFile) regular file
03-09 05:02:36.832 1219 1248 E tlogd : [StorageChecker](listDirFile) FileName is /data/tlog/persist/782_persist_00422_700101_080009.log
03-09 05:02:36.832 1219 1248 E tlogd : [StorageChecker](listDirFile) regular file
03-09 05:02:36.832 2051 2641 D CCodec : [c2.android.vorbis.decoder] buffers are bound to CCodec for this session
03-09 05:02:36.832 2051 2641 D CCodecConfig: no c2 equivalents for durationUs
03-09 05:02:36.832 2051 2641 D CCodecConfig: no c2 equivalents for track-id
03-09 05:02:36.832 2051 2641 D CCodecConfig: no c2 equivalents for csd-1
03-09 05:02:36.832 2051 2641 D CCodecConfig: no c2 equivalents for language
03-09 05:02:36.832 2051 2641 D CCodecConfig: no c2 equivalents for file-format
03-09 05:02:36.832 2051 2641 D CCodecConfig: no c2 equivalents for flags
03-09 05:02:36.832 1219 1248 E tlogd : [StorageChecker](listDirFile) FileName is /data/tlog/persist/782_persist_00428_700101_080010.log
03-09 05:02:36.832 1219 1248 E tlogd : [StorageChecker](listDirFile) regular file
03-09 05:02:36.832 1219 1248 E tlogd : [StorageChecker](listDirFile) FileName is /data/tlog/persist/783_persist_00436_700101_080009.log
03-09 05:02:36.832 1219 1248 E tlogd : [StorageChecker](listDirFile) regular file
03-09 05:02:36.832 1219 1248 E tlogd : [StorageChecker](listDirFile) FileName is /data/tlog/persist/783_persist_00438_700101_080009.log
03-09 05:02:36.832 1537 1537 I ConnectivityModuleConnector: Networking module service connected
03-09 05:02:36.832 1537 1537 I ConnectivityModuleConnector: Networking module service connected
03-09 05:02:36.832 1537 1537 I NetworkStackClient: Network stack service connected
03-09 05:02:36.832 1219 1248 E tlogd : [StorageChecker](listDirFile) regular file
03-09 05:02:36.832 1219 1248 E tlogd : [StorageChecker](listDirFile) FileName is /data/tlog/persist/783_persist_00448_230309_050237.log
03-09 05:02:36.833 1219 1248 E tlogd : [StorageChecker](listDirFile) regular file
03-09 05:02:36.833 1219 1248 E tlogd : [StorageChecker](listDirFile) FileName is /data/tlog/persist/783_persist_00449_230309_050239.log.ing
03-09 05:02:36.833 1219 1248 E tlogd : [StorageChecker](listDirFile) regular file
03-09 05:02:36.833 1219 1248 E tlogd : [StorageChecker](listDirFile) FileName is /data/tlog/persist/784_persist_00451_700101_080009.log
03-09 05:02:36.833 1219 1248 E tlogd : [StorageChecker](listDirFile) regular file
03-09 05:02:36.833 1219 1248 E tlogd : [StorageChecker](listDirFile) FileName is /data/tlog/persist/784_persist_00453_700101_080009.log
03-09 05:02:36.833 1219 1248 E tlogd : [StorageChecker](listDirFile) regular file
03-09 05:02:36.833 1219 1248 E tlogd : [StorageChecker](listDirFile) FileName is /data/tlog/persist/784_persist_00454_700101_080009.log
03-09 05:02:36.833 1219 1248 E tlogd : [StorageChecker](listDirFile) regular file
03-09 05:02:36.833 1219 1248 E tlogd : [StorageChecker](listDirFile) FileName is /data/tlog/persist/785_persist_00465_700101_080009.log
03-09 05:02:36.833 1219 1248 E tlogd : [StorageChecker](listDirFile) regular file
03-09 05:02:36.833 1219 1248 E tlogd : [StorageChecker](listDirFile) FileName is /data/tlog/persist/768_persist_00233_700101_080009.log
03-09 05:02:36.833 1219 1248 E tlogd : [StorageChecker](listDirFile) regular file
03-09 05:02:36.833 1219 1248 E tlogd : [StorageChecker](listDirFile) FileName is /data/tlog/persist/768_persist_00231_700101_080009.log
03-09 05:02:36.833 1219 1248 E tlogd : [StorageChecker](listDirFile) regular file
03-09 05:02:36.833 1219 1248 E tlogd : [StorageChecker](listDirFile) FileName is /data/tlog/persist/768_persist_00237_230309_050236.log
03-09 05:02:36.833 1219 1248 E tlogd : [StorageChecker](listDirFile) regular file
03-09 05:02:36.833 2051 2641 D CCodecConfig: config failed => CORRUPTED
03-09 05:02:36.833 1219 1248 E tlogd : [StorageChecker](listDirFile) FileName is /data/tlog/persist/770_persist_00258_700101_080009.log
03-09 05:02:36.833 1219 1248 E tlogd : [StorageChecker](listDirFile) regular file
03-09 05:02:36.833 1219 1248 E tlogd : [StorageChecker](listDirFile) FileName is /data/tlog/persist/769_persist_00242_700101_080009.log
03-09 05:02:36.833 1219 1248 E tlogd : [StorageChecker](listDirFile) regular file
03-09 05:02:36.833 1219 1248 E tlogd : [StorageChecker](listDirFile) FileName is /data/tlog/persist/769_persist_00246_700101_080009.log
03-09 05:02:36.833 2051 2641 D CCodecConfig: c2 config diff is c2::u32 coded.bitrate.value = 160000
03-09 05:02:36.833 2051 2641 D CCodecConfig: c2::u32 raw.channel-count.value = 2
03-09 05:02:36.833 2051 2641 D CCodecConfig: c2::u32 raw.sample-rate.value = 44100
03-09 05:02:36.833 1219 1248 E tlogd : [StorageChecker](listDirFile) regular file
03-09 05:02:36.833 1219 1248 E tlogd : [StorageChecker](listDirFile) FileName is /data/tlog/persist/770_persist_00256_700101_080009.log
03-09 05:02:36.833 1219 1248 E tlogd : [StorageChecker](listDirFile) regular file
03-09 05:02:36.833 1219 1248 E tlogd : [StorageChecker](listDirFile) FileName is /data/tlog/persist/770_persist_00259_700101_080009.log
03-09 05:02:36.833 1219 1248 E tlogd : [StorageChecker](listDirFile) regular file
03-09 05:02:36.833 1219 1248 E tlogd : [StorageChecker](listDirFile) FileName is /data/tlog/persist/770_persist_00265_230309_050236.log
03-09 05:02:36.833 1219 1248 E tlogd : [StorageChecker](listDirFile) regular file
03-09 05:02:36.833 1219 1248 E tlogd : [StorageChecker](listDirFile) FileName is /data/tlog/persist/770_persist_00269_230309_050239.log.ing
03-09 05:02:36.833 2051 2641 W Codec2Client: query -- param skipped: index = 1107298332.
03-09 05:02:36.833 1219 1248 E tlogd : [StorageChecker](listDirFile) regular file
03-09 05:02:36.833 1219 1248 E tlogd : [StorageChecker](listDirFile) FileName is /data/tlog/persist/770_persist_00267_230309_050237.log
03-09 05:02:36.833 2051 2641 D CCodec : setup formats input: AMessage(what = 0x00000000) = {
03-09 05:02:36.833 2051 2641 D CCodec : int32_t bitrate = 160000
03-09 05:02:36.833 2051 2641 D CCodec : int32_t channel-count = 2
03-09 05:02:36.833 2051 2641 D CCodec : int32_t max-input-size = 65307
03-09 05:02:36.833 2051 2641 D CCodec : string mime = "audio/vorbis"
03-09 05:02:36.833 2051 2641 D CCodec : int32_t sample-rate = 44100
03-09 05:02:36.833 2051 2641 D CCodec : }
03-09 05:02:36.833 2051 2641 D CCodec : setup formats output: AMessage(what = 0x00000000) = {
03-09 05:02:36.833 2051 2641 D CCodec : int32_t channel-count = 2
03-09 05:02:36.833 2051 2641 D CCodec : string mime = "audio/raw"
03-09 05:02:36.833 2051 2641 D CCodec : int32_t sample-rate = 44100
03-09 05:02:36.833 2051 2641 D CCodec : int32_t android._config-pcm-encoding = 2
03-09 05:02:36.833 2051 2641 D CCodec : }
03-09 05:02:36.833 1219 1248 E tlogd : [StorageChecker](listDirFile) regular file
03-09 05:02:36.833 1219 1248 E tlogd : [StorageChecker](listDirFile) FileName is /data/tlog/persist/771_persist_00277_230309_050235.log
03-09 05:02:36.833 1219 1248 E tlogd : [StorageChecker](listDirFile) regular file
03-09 05:02:36.833 1219 1248 E tlogd : [StorageChecker](listDirFile) FileName is /data/tlog/persist/772_persist_00286_700101_080009.log
03-09 05:02:36.833 2051 2641 I CCodecConfig: query failed after returning 7 values (BAD_INDEX)
03-09 05:02:36.833 1219 1248 E tlogd : [StorageChecker](listDirFile) regular file
03-09 05:02:36.833 1219 1248 E tlogd : [StorageChecker](listDirFile) FileName is /data/tlog/persist/771_persist_00280_230309_050237.log
03-09 05:02:36.833 1219 1248 E tlogd : [StorageChecker](listDirFile) regular file
03-09 05:02:36.833 1219 1248 E tlogd : [StorageChecker](listDirFile) FileName is /data/tlog/persist/772_persist_00296_230309_050239.log.ing
03-09 05:02:36.833 1219 1248 E tlogd : [StorageChecker](listDirFile) regular file
03-09 05:02:36.833 1219 1248 E tlogd : [StorageChecker](listDirFile) FileName is /data/tlog/persist/772_persist_00294_230309_050237.log
03-09 05:02:36.833 1219 1248 E tlogd : [StorageChecker](listDirFile) regular file
03-09 05:02:36.833 1219 1248 E tlogd : [StorageChecker](listDirFile) FileName is /data/tlog/persist/773_persist_00299_700101_080009.log
03-09 05:02:36.833 1219 1248 E tlogd : [StorageChecker](listDirFile) regular file
03-09 05:02:36.833 1219 1248 E tlogd : [StorageChecker](listDirFile) FileName is /data/tlog/persist/773_persist_00300_700101_080009.log
03-09 05:02:36.833 1219 1248 E tlogd : [StorageChecker](listDirFile) regular file
03-09 05:02:36.833 1219 1248 E tlogd : [StorageChecker](listDirFile) FileName is /data/tlog/persist/774_persist_00312_700101_080009.log
03-09 05:02:36.833 1219 1248 E tlogd : [StorageChecker](listDirFile) regular file
03-09 05:02:36.833 1219 1248 E tlogd : [StorageChecker](listDirFile) FileName is /data/tlog/persist/773_persist_00308_230309_050237.log
03-09 05:02:36.833 1219 1248 E tlogd : [StorageChecker](listDirFile) regular file
03-09 05:02:36.833 1219 1248 E tlogd : [StorageChecker](listDirFile) FileName is /data/tlog/persist/774_persist_00322_230309_050237.log
03-09 05:02:36.833 1219 1248 E tlogd : [StorageChecker](listDirFile) regular file
03-09 05:02:36.833 1219 1248 E tlogd : [StorageChecker](listDirFile) FileName is /data/tlog/persist/774_persist_00313_700101_080009.log
03-09 05:02:36.833 1219 1248 E tlogd : [StorageChecker](listDirFile) regular file
03-09 05:02:36.833 1219 1248 E tlogd : [StorageChecker](listDirFile) FileName is /data/tlog/persist/774_persist_00317_700101_080010.log
03-09 05:02:36.833 1219 1248 E tlogd : [StorageChecker](listDirFile) regular file
03-09 05:02:36.833 1219 1248 E tlogd : [StorageChecker](listDirFile) FileName is /data/tlog/persist/775_persist_00333_230309_050235.log
03-09 05:02:36.833 1219 1248 E tlogd : [StorageChecker](listDirFile) regular file
03-09 05:02:36.833 1219 1248 E tlogd : [StorageChecker](listDirFile) FileName is /data/tlog/persist/775_persist_00325_700101_080009.log
03-09 05:02:36.833 1219 1248 E tlogd : [StorageChecker](listDirFile) regular file
03-09 05:02:36.833 2619 2619 I Perf : Connecting to perf service.
03-09 05:02:36.834 1219 1248 E tlogd : [StorageChecker](listDirFile) FileName is /data/tlog/persist/775_persist_00337_230309_050237.log
03-09 05:02:36.834 1219 1248 E tlogd : [StorageChecker](listDirFile) regular file
03-09 05:02:36.834 1219 1248 E tlogd : [StorageChecker](listDirFile) FileName is /data/tlog/persist/775_persist_00336_230309_050237.log
03-09 05:02:36.834 1219 1248 E tlogd : [StorageChecker](listDirFile) regular file
03-09 05:02:36.834 1219 1248 E tlogd : [StorageChecker](listDirFile) FileName is /data/tlog/persist/777_persist_00353_700101_080009.log
03-09 05:02:36.834 1219 1248 E tlogd : [StorageChecker](listDirFile) regular file
03-09 05:02:36.834 1219 1248 E tlogd : [StorageChecker](listDirFile) FileName is /data/tlog/persist/778_persist_00367_700101_080009.log
03-09 05:02:36.834 1219 1248 E tlogd : [StorageChecker](listDirFile) regular file
03-09 05:02:36.834 1219 1248 E tlogd : [StorageChecker](listDirFile) FileName is /data/tlog/persist/778_persist_00371_700101_080009.log
03-09 05:02:36.834 1219 1248 E tlogd : [StorageChecker](listDirFile) regular file
03-09 05:02:36.834 1219 1248 E tlogd : [StorageChecker](listDirFile) FileName is /data/tlog/persist/778_persist_00369_700101_080009.log
03-09 05:02:36.834 1219 1248 E tlogd : [StorageChecker](listDirFile) regular file
03-09 05:02:36.834 1219 1248 E tlogd : [StorageChecker](listDirFile) FileName is /data/tlog/persist/778_persist_00377_230309_050236.log
03-09 05:02:36.834 1219 1248 E tlogd : [StorageChecker](listDirFile) regular file
03-09 05:02:36.834 1219 1248 E tlogd : [StorageChecker](listDirFile) FileName is /data/tlog/persist/778_persist_00379_230309_050237.log
03-09 05:02:36.834 1219 1248 E tlogd : [StorageChecker](listDirFile) regular file
03-09 05:02:36.834 1219 1248 E tlogd : [StorageChecker](listDirFile) FileName is /data/tlog/persist/780_persist_00401_700101_080010.log
03-09 05:02:36.834 1219 1248 E tlogd : [StorageChecker](listDirFile) regular file
03-09 05:02:36.834 2051 2654 D CCodec : allocate(c2.android.vorbis.decoder)
03-09 05:02:36.834 1219 1248 E tlogd : [StorageChecker](listDirFile) FileName is /data/tlog/persist/779_persist_00383_700101_080009.log
03-09 05:02:36.834 1219 1248 E tlogd : [StorageChecker](listDirFile) regular file
03-09 05:02:36.834 1219 1248 E tlogd : [StorageChecker](listDirFile) FileName is /data/tlog/persist/780_persist_00407_230309_050238.log.ing
03-09 05:02:36.834 1219 1248 E tlogd : [StorageChecker](listDirFile) regular file
03-09 05:02:36.834 1219 1248 E tlogd : [StorageChecker](listDirFile) FileName is /data/tlog/persist/780_persist_00402_230309_050235.log
03-09 05:02:36.834 1219 1248 E tlogd : [StorageChecker](listDirFile) regular file
03-09 05:02:36.834 1219 1248 E tlogd : [StorageChecker](listDirFile) FileName is /data/tlog/persist/781_persist_00416_230309_050235.log
03-09 05:02:36.834 1219 1248 E tlogd : [StorageChecker](listDirFile) regular file
03-09 05:02:36.834 1219 1248 E tlogd : [StorageChecker](listDirFile) FileName is /data/tlog/persist/781_persist_00418_230309_050237.log
03-09 05:02:36.834 1219 1248 E tlogd : [StorageChecker](listDirFile) regular file
03-09 05:02:36.834 1219 1248 E tlogd : [StorageChecker](listDirFile) FileName is /data/tlog/persist/782_persist_00426_700101_080009.log
03-09 05:02:36.834 1219 1248 E tlogd : [StorageChecker](listDirFile) regular file
03-09 05:02:36.834 1219 1248 E tlogd : [StorageChecker](listDirFile) FileName is /data/tlog/persist/782_persist_00423_700101_080009.log
03-09 05:02:36.834 1219 1248 E tlogd : [StorageChecker](listDirFile) regular file
03-09 05:02:36.834 1219 1248 E tlogd : [StorageChecker](listDirFile) FileName is /data/tlog/persist/783_persist_00439_700101_080009.log
03-09 05:02:36.834 1219 1248 E tlogd : [StorageChecker](listDirFile) regular file
03-09 05:02:36.834 1219 1248 E tlogd : [StorageChecker](listDirFile) FileName is /data/tlog/persist/782_persist_00431_230309_050236.log
03-09 05:02:36.834 1219 1248 E tlogd : [StorageChecker](listDirFile) regular file
03-09 05:02:36.834 1219 1248 E tlogd : [StorageChecker](listDirFile) FileName is /data/tlog/persist/783_persist_00440_700101_080009.log
03-09 05:02:36.834 1219 1248 E tlogd : [StorageChecker](listDirFile) regular file
