03-09 05:02:36.851 1219 1248 E tlogd : [StorageChecker](listDirFile) regular file
03-09 05:02:36.851 1219 1248 E tlogd : [StorageChecker](listDirFile) FileName is /data/tlog/persist/795_persist_00605_700101_080009.log
03-09 05:02:36.851 1219 1248 E tlogd : [StorageChecker](listDirFile) regular file
03-09 05:02:36.851 1219 1248 E tlogd : [StorageChecker](listDirFile) FileName is /data/tlog/persist/795_persist_00606_700101_080009.log
03-09 05:02:36.851 1219 1248 E tlogd : [StorageChecker](listDirFile) regular file
03-09 05:02:36.851 1219 1248 E tlogd : [StorageChecker](listDirFile) FileName is /data/tlog/persist/795_persist_00613_230309_050236.log
03-09 05:02:36.851 1219 1248 E tlogd : [StorageChecker](listDirFile) regular file
03-09 05:02:36.851 1219 1248 E tlogd : [StorageChecker](listDirFile) FileName is /data/tlog/persist/795_persist_00614_230309_050237.log
03-09 05:02:36.851 1219 1248 E tlogd : [StorageChecker](listDirFile) regular file
03-09 05:02:36.851 1219 1248 E tlogd : [StorageChecker](listDirFile) FileName is /data/tlog/persist/796_persist_00626_230309_050235.log
03-09 05:02:36.851 1219 1248 E tlogd : [StorageChecker](listDirFile) regular file
03-09 05:02:36.851 1219 1248 E tlogd : [StorageChecker](listDirFile) FileName is /data/tlog/persist/796_persist_00627_230309_050236.log
03-09 05:02:36.851 1219 1248 E tlogd : [StorageChecker](listDirFile) regular file
03-09 05:02:36.851 1219 1248 E tlogd : [StorageChecker](listDirFile) FileName is /data/tlog/persist/796_persist_00628_230309_050237.log
03-09 05:02:36.851 1219 1248 E tlogd : [StorageChecker](listDirFile) regular file
03-09 05:02:36.851 1219 1248 E tlogd : [StorageChecker](listDirFile) FileName is /data/tlog/persist/796_persist_00629_230309_050237.log
03-09 05:02:36.851 1219 1248 E tlogd : [StorageChecker](listDirFile) regular file
03-09 05:02:36.851 1219 1248 E tlogd : [StorageChecker](listDirFile) FileName is /data/tlog/persist/797_persist_00639_230309_050235.log
03-09 05:02:36.851 1219 1248 E tlogd : [StorageChecker](listDirFile) regular file
03-09 05:02:36.851 1219 1248 E tlogd : [StorageChecker](listDirFile) FileName is /data/tlog/persist/797_persist_00644_230309_050240.log.ing
03-09 05:02:36.851 1219 1248 E tlogd : [StorageChecker](listDirFile) regular file
03-09 05:02:36.851 1219 1248 E tlogd : [StorageChecker](listDirFile) FileName is /data/tlog/persist/798_persist_00650_700101_080009.log
03-09 05:02:36.851 1219 1248 E tlogd : [StorageChecker](listDirFile) regular file
03-09 05:02:36.851 1219 1248 E tlogd : [StorageChecker](listDirFile) FileName is /data/tlog/persist/798_persist_00645_700101_080009.log
03-09 05:02:36.851 1219 1248 E tlogd : [StorageChecker](listDirFile) regular file
03-09 05:02:36.851 1219 1248 E tlogd : [StorageChecker](listDirFile) FileName is /data/tlog/persist/798_persist_00653_230309_050235.log
03-09 05:02:36.851 1219 1248 E tlogd : [StorageChecker](listDirFile) regular file
03-09 05:02:36.851 1219 1248 E tlogd : [StorageChecker](listDirFile) FileName is /data/tlog/persist/801_persist_00694_700101_080010.log
03-09 05:02:36.851 1219 1248 E tlogd : [StorageChecker](listDirFile) regular file
03-09 05:02:36.851 1219 1248 E tlogd : [StorageChecker](listDirFile) FileName is /data/tlog/persist/800_persist_00681_230309_050235.log
03-09 05:02:36.852 1219 1248 E tlogd : [StorageChecker](listDirFile) regular file
03-09 05:02:36.852 1219 1248 E tlogd : [StorageChecker](listDirFile) FileName is /data/tlog/persist/801_persist_00691_700101_080009.log
03-09 05:02:36.852 1219 1248 E tlogd : [StorageChecker](listDirFile) regular file
03-09 05:02:36.852 1219 1248 E tlogd : [StorageChecker](listDirFile) FileName is /data/tlog/persist/802_persist_00715_230309_050239.log.ing
03-09 05:02:36.852 1219 1248 E tlogd : [StorageChecker](listDirFile) regular file
03-09 05:02:36.852 1219 1248 E tlogd : [StorageChecker](listDirFile) FileName is /data/tlog/persist/803_persist_00717_700101_080010.log
03-09 05:02:36.852 1219 1248 E tlogd : [StorageChecker](listDirFile) regular file
03-09 05:02:36.852 1219 1248 E tlogd : [StorageChecker](listDirFile) FileName is /data/tlog/persist/803_persist_00720_700101_080010.log
03-09 05:02:36.852 1219 1248 E tlogd : [StorageChecker](listDirFile) regular file
03-09 05:02:36.852 1219 1248 E tlogd : [StorageChecker](listDirFile) FileName is /data/tlog/persist/803_persist_00722_700101_080010.log
03-09 05:02:36.852 1219 1248 E tlogd : [StorageChecker](listDirFile) regular file
03-09 05:02:36.852 1219 1248 E tlogd : [StorageChecker](listDirFile) FileName is /data/tlog/persist/803_persist_00724_230309_050235.log
03-09 05:02:36.852 1219 1248 E tlogd : [StorageChecker](listDirFile) regular file
03-09 05:02:36.851 1160 1170 I adbd : jdwp connection from 2646
03-09 05:02:36.852 1219 1248 E tlogd : [StorageChecker](listDirFile) FileName is /data/tlog/persist/805_persist_00756_230309_050237.log
03-09 05:02:36.852 1219 1248 E tlogd : [StorageChecker](listDirFile) regular file
03-09 05:02:36.852 1219 1248 E tlogd : [StorageChecker](listDirFile) FileName is /data/tlog/persist/808_persist_00791_700101_080009.log
03-09 05:02:36.852 1219 1248 E tlogd : [StorageChecker](listDirFile) regular file
03-09 05:02:36.852 1219 1248 E tlogd : [StorageChecker](listDirFile) FileName is /data/tlog/persist/807_persist_00778_700101_080010.log
03-09 05:02:36.852 1219 1248 E tlogd : [StorageChecker](listDirFile) regular file
03-09 05:02:36.852 1219 1248 E tlogd : [StorageChecker](listDirFile) FileName is /data/tlog/persist/809_persist_00809_230309_050236.log
03-09 05:02:36.852 1219 1248 E tlogd : [StorageChecker](listDirFile) regular file
03-09 05:02:36.852 1219 1248 E tlogd : [StorageChecker](listDirFile) FileName is /data/tlog/persist/808_persist_00796_230309_050237.log
03-09 05:02:36.852 1219 1248 E tlogd : [StorageChecker](listDirFile) regular file
03-09 05:02:36.852 1219 1248 E tlogd : [StorageChecker](listDirFile) FileName is /data/tlog/persist/810_persist_00817_700101_080010.log
03-09 05:02:36.852 1219 1248 E tlogd : [StorageChecker](listDirFile) regular file
03-09 05:02:36.852 1219 1248 E tlogd : [StorageChecker](listDirFile) FileName is /data/tlog/persist/810_persist_00827_230309_050240.log.ing
03-09 05:02:36.852 1219 1248 E tlogd : [StorageChecker](listDirFile) regular file
03-09 05:02:36.852 1219 1248 E tlogd : [StorageChecker](listDirFile) FileName is /data/tlog/persist/810_persist_00819_700101_080010.log
03-09 05:02:36.852 1219 1248 E tlogd : [StorageChecker](listDirFile) regular file
03-09 05:02:36.852 1219 1248 E tlogd : [StorageChecker](listDirFile) FileName is /data/tlog/persist/811_persist_00832_700101_080009.log
03-09 05:02:36.852 1219 1248 E tlogd : [StorageChecker](listDirFile) regular file
03-09 05:02:36.852 1219 1248 E tlogd : [StorageChecker](listDirFile) FileName is /data/tlog/persist/811_persist_00838_230309_050237.log
03-09 05:02:36.852 1219 1248 E tlogd : [StorageChecker](listDirFile) regular file
03-09 05:02:36.852 1219 1248 E tlogd : [StorageChecker](listDirFile) FileName is /data/tlog/persist/811_persist_00837_230309_050236.log
03-09 05:02:36.852 1219 1248 E tlogd : [StorageChecker](listDirFile) regular file
03-09 05:02:36.852 1219 1248 E tlogd : [StorageChecker](listDirFile) FileName is /data/tlog/persist/812_persist_00848_700101_080010.log
03-09 05:02:36.852 1219 1248 E tlogd : [StorageChecker](listDirFile) regular file
03-09 05:02:36.852 1219 1248 E tlogd : [StorageChecker](listDirFile) FileName is /data/tlog/persist/813_persist_00862_700101_080010.log
03-09 05:02:36.852 1219 1248 E tlogd : [StorageChecker](listDirFile) regular file
03-09 05:02:36.852 1219 1248 E tlogd : [StorageChecker](listDirFile) FileName is /data/tlog/persist/813_persist_00864_230309_050235.log
03-09 05:02:36.852 1537 1572 D CompatibilityChangeReporter: Compat change id reported: 168419799; UID 10076; state: DISABLED
03-09 05:02:36.852 1537 1572 D CompatibilityInfo: mCompatibilityFlags - 4
03-09 05:02:36.852 1537 1572 D CompatibilityInfo: applicationDensity - 240
03-09 05:02:36.852 1537 1572 D CompatibilityInfo: applicationScale - 1.0
03-09 05:02:36.852 1219 1248 E tlogd : [StorageChecker](listDirFile) regular file
03-09 05:02:36.852 1219 1248 E tlogd : [StorageChecker](listDirFile) FileName is /data/tlog/persist/814_persist_00871_700101_080009.log
03-09 05:02:36.852 1219 1248 E tlogd : [StorageChecker](listDirFile) regular file
03-09 05:02:36.852 1219 1248 E tlogd : [StorageChecker](listDirFile) FileName is /data/tlog/persist/814_persist_00882_230309_050238.log.ing
03-09 05:02:36.852 1537 1710 E NativeTombstoneManager: Tombstone's UID (0) not an app, ignoring
03-09 05:02:36.852 1219 1248 E tlogd : [StorageChecker](listDirFile) regular file
03-09 05:02:36.852 1219 1248 E tlogd : [StorageChecker](listDirFile) FileName is /data/tlog/persist/815_persist_00886_700101_080009.log
03-09 05:02:36.852 1219 1248 E tlogd : [StorageChecker](listDirFile) regular file
03-09 05:02:36.852 1219 1248 E tlogd : [StorageChecker](listDirFile) FileName is /data/tlog/persist/816_persist_00902_700101_080009.log
03-09 05:02:36.852 1219 1248 E tlogd : [StorageChecker](listDirFile) regular file
03-09 05:02:36.852 1219 1248 E tlogd : [StorageChecker](listDirFile) FileName is /data/tlog/persist/817_persist_00915_700101_080009.log
03-09 05:02:36.852 1219 1248 E tlogd : [StorageChecker](listDirFile) regular file
03-09 05:02:36.852 1219 1248 E tlogd : [StorageChecker](listDirFile) FileName is /data/tlog/persist/817_persist_00917_230309_050235.log
03-09 05:02:36.853 1219 1248 E tlogd : [StorageChecker](listDirFile) regular file
03-09 05:02:36.853 1219 1248 E tlogd : [StorageChecker](listDirFile) FileName is /data/tlog/persist/817_persist_00918_230309_050236.log
03-09 05:02:36.853 1219 1248 E tlogd : [StorageChecker](listDirFile) regular file
03-09 05:02:36.853 1219 1248 E tlogd : [StorageChecker](listDirFile) FileName is /data/tlog/persist/818_persist_00924_700101_080009.log
03-09 05:02:36.853 1219 1248 E tlogd : [StorageChecker](listDirFile) regular file
03-09 05:02:36.853 1219 1248 E tlogd : [StorageChecker](listDirFile) FileName is /data/tlog/persist/818_persist_00926_700101_080009.log
03-09 05:02:36.853 1219 1248 E tlogd : [StorageChecker](listDirFile) regular file
03-09 05:02:36.853 1219 1248 E tlogd : [StorageChecker](listDirFile) FileName is /data/tlog/persist/818_persist_00928_700101_080009.log
03-09 05:02:36.853 1219 1248 E tlogd : [StorageChecker](listDirFile) regular file
03-09 05:02:36.853 1219 1248 E tlogd : [StorageChecker](listDirFile) FileName is /data/tlog/persist/818_persist_00935_230309_050238.log
03-09 05:02:36.853 1219 1248 E tlogd : [StorageChecker](listDirFile) regular file
03-09 05:02:36.853 1219 1248 E tlogd : [StorageChecker](listDirFile) FileName is /data/tlog/persist/819_persist_00945_230309_050235.log
03-09 05:02:36.853 1219 1248 E tlogd : [StorageChecker](listDirFile) regular file
03-09 05:02:36.853 1219 1248 E tlogd : [StorageChecker](listDirFile) FileName is /data/tlog/persist/819_persist_00946_230309_050236.log
03-09 05:02:36.853 1537 1710 I DropBoxManagerService: add tag=SYSTEM_TOMBSTONE_PROTO isTagEnabled=true flags=0x4
03-09 05:02:36.853 1219 1248 E tlogd : [StorageChecker](listDirFile) regular file
03-09 05:02:36.853 1219 1248 E tlogd : [StorageChecker](listDirFile) FileName is /data/tlog/persist/820_persist_00952_700101_080009.log
03-09 05:02:36.853 1219 1248 E tlogd : [StorageChecker](listDirFile) regular file
03-09 05:02:36.853 1219 1248 E tlogd : [StorageChecker](listDirFile) FileName is /data/tlog/persist/791_persist_00546_700101_080009.log
03-09 05:02:36.853 1219 1248 E tlogd : [StorageChecker](listDirFile) regular file
03-09 05:02:36.853 1219 1248 E tlogd : [StorageChecker](listDirFile) FileName is /data/tlog/persist/792_persist_00563_700101_080009.log
03-09 05:02:36.853 1219 1248 E tlogd : [StorageChecker](listDirFile) regular file
03-09 05:02:36.853 1219 1248 E tlogd : [StorageChecker](listDirFile) FileName is /data/tlog/persist/791_persist_00555_230309_050236.log
03-09 05:02:36.853 1219 1248 E tlogd : [StorageChecker](listDirFile) regular file
03-09 05:02:36.853 1219 1248 E tlogd : [StorageChecker](listDirFile) FileName is /data/tlog/persist/794_persist_00597_230309_050235.log
03-09 05:02:36.853 1219 1248 E tlogd : [StorageChecker](listDirFile) regular file
03-09 05:02:36.853 1219 1248 E tlogd : [StorageChecker](listDirFile) FileName is /data/tlog/persist/793_persist_00581_700101_080010.log
03-09 05:02:36.853 1219 1248 E tlogd : [StorageChecker](listDirFile) regular file
03-09 05:02:36.853 1219 1248 E tlogd : [StorageChecker](listDirFile) FileName is /data/tlog/persist/795_persist_00611_230309_050235.log
03-09 05:02:36.853 1219 1248 E tlogd : [StorageChecker](listDirFile) regular file
03-09 05:02:36.853 1219 1248 E tlogd : [StorageChecker](listDirFile) FileName is /data/tlog/persist/795_persist_00616_230309_050238.log
03-09 05:02:36.853 1219 1248 E tlogd : [StorageChecker](listDirFile) regular file
03-09 05:02:36.853 1219 1248 E tlogd : [StorageChecker](listDirFile) FileName is /data/tlog/persist/797_persist_00632_700101_080009.log
03-09 05:02:36.853 1219 1248 E tlogd : [StorageChecker](listDirFile) regular file
03-09 05:02:36.853 1219 1248 E tlogd : [StorageChecker](listDirFile) FileName is /data/tlog/persist/797_persist_00640_230309_050236.log
03-09 05:02:36.853 1219 1248 E tlogd : [StorageChecker](listDirFile) regular file
03-09 05:02:36.853 1219 1248 E tlogd : [StorageChecker](listDirFile) FileName is /data/tlog/persist/797_persist_00643_230309_050238.log
03-09 05:02:36.853 1219 1248 E tlogd : [StorageChecker](listDirFile) regular file
03-09 05:02:36.853 1219 1248 E tlogd : [StorageChecker](listDirFile) FileName is /data/tlog/persist/798_persist_00646_700101_080009.log
03-09 05:02:36.853 1219 1248 E tlogd : [StorageChecker](listDirFile) regular file
03-09 05:02:36.853 1219 1248 E tlogd : [StorageChecker](listDirFile) FileName is /data/tlog/persist/798_persist_00658_230309_050240.log.ing
03-09 05:02:36.853 1219 1248 E tlogd : [StorageChecker](listDirFile) regular file
03-09 05:02:36.853 1219 1248 E tlogd : [StorageChecker](listDirFile) FileName is /data/tlog/persist/799_persist_00669_230309_050236.log
03-09 05:02:36.853 1219 1248 E tlogd : [StorageChecker](listDirFile) regular file
03-09 05:02:36.853 1219 1248 E tlogd : [StorageChecker](listDirFile) FileName is /data/tlog/persist/800_persist_00680_230309_050235.log
03-09 05:02:36.853 1219 1248 E tlogd : [StorageChecker](listDirFile) regular file
03-09 05:02:36.853 1219 1248 E tlogd : [StorageChecker](listDirFile) FileName is /data/tlog/persist/800_persist_00678_700101_080009.log
03-09 05:02:36.853 1219 1248 E tlogd : [StorageChecker](listDirFile) regular file
03-09 05:02:36.853 1219 1248 E tlogd : [StorageChecker](listDirFile) FileName is /data/tlog/persist/800_persist_00683_230309_050237.log
03-09 05:02:36.853 1219 1248 E tlogd : [StorageChecker](listDirFile) regular file
03-09 05:02:36.853 1219 1248 E tlogd : [StorageChecker](listDirFile) FileName is /data/tlog/persist/801_persist_00692_700101_080009.log
03-09 05:02:36.853 1219 1248 E tlogd : [StorageChecker](listDirFile) regular file
03-09 05:02:36.853 1219 1248 E tlogd : [StorageChecker](listDirFile) FileName is /data/tlog/persist/802_persist_00706_700101_080010.log
03-09 05:02:36.853 1219 1248 E tlogd : [StorageChecker](listDirFile) regular file
03-09 05:02:36.853 1219 1248 E tlogd : [StorageChecker](listDirFile) FileName is /data/tlog/persist/802_persist_00707_700101_080010.log
03-09 05:02:36.853 1219 1248 E tlogd : [StorageChecker](listDirFile) regular file
03-09 05:02:36.853 1219 1248 E tlogd : [StorageChecker](listDirFile) FileName is /data/tlog/persist/803_persist_00718_700101_080010.log
03-09 05:02:36.853 1219 1248 E tlogd : [StorageChecker](listDirFile) regular file
03-09 05:02:36.853 1219 1248 E tlogd : [StorageChecker](listDirFile) FileName is /data/tlog/persist/804_persist_00735_700101_080009.log
03-09 05:02:36.853 1219 1248 E tlogd : [StorageChecker](listDirFile) regular file
03-09 05:02:36.853 1219 1248 E tlogd : [StorageChecker](listDirFile) FileName is /data/tlog/persist/804_persist_00736_700101_080010.log
03-09 05:02:36.853 1219 1248 E tlogd : [StorageChecker](listDirFile) regular file
03-09 05:02:36.853 1219 1248 E tlogd : [StorageChecker](listDirFile) FileName is /data/tlog/persist/805_persist_00750_700101_080009.log
03-09 05:02:36.853 1219 1248 E tlogd : [StorageChecker](listDirFile) regular file
03-09 05:02:36.854 1219 1248 E tlogd : [StorageChecker](listDirFile) FileName is /data/tlog/persist/805_persist_00751_230309_050235.log
03-09 05:02:36.854 1219 1248 E tlogd : [StorageChecker](listDirFile) regular file
03-09 05:02:36.854 1219 1248 E tlogd : [StorageChecker](listDirFile) FileName is /data/tlog/persist/806_persist_00769_230309_050237.log
03-09 05:02:36.854 1219 1248 E tlogd : [StorageChecker](listDirFile) regular file
03-09 05:02:36.854 1219 1248 E tlogd : [StorageChecker](listDirFile) FileName is /data/tlog/persist/806_persist_00759_700101_080009.log
03-09 05:02:36.854 1537 1572 D CompatibilityInfo: mCompatibilityFlags - 4
03-09 05:02:36.854 1537 1572 D CompatibilityInfo: applicationDensity - 240
03-09 05:02:36.854 1219 1248 E tlogd : [StorageChecker](listDirFile) regular file
03-09 05:02:36.854 1537 1572 D CompatibilityInfo: applicationScale - 1.0
03-09 05:02:36.854 1219 1248 E tlogd : [StorageChecker](listDirFile) FileName is /data/tlog/persist/807_persist_00772_700101_080009.log
03-09 05:02:36.854 1219 1248 E tlogd : [StorageChecker](listDirFile) regular file
03-09 05:02:36.854 509 2674 W libc : Unable to set property "ctl.interface_start" to "vendor.qti.hardware.iop@2.0::IIop/default": error code: 0x20
03-09 05:02:36.854 1219 1248 E tlogd : [StorageChecker](listDirFile) FileName is /data/tlog/persist/807_persist_00777_700101_080010.log
03-09 05:02:36.854 1219 1248 E tlogd : [StorageChecker](listDirFile) regular file
03-09 05:02:36.854 1219 1248 E tlogd : [StorageChecker](listDirFile) FileName is /data/tlog/persist/807_persist_00780_230309_050235.log
03-09 05:02:36.854 509 2674 I hwservicemanager: Tried to start vendor.qti.hardware.iop@2.0::IIop/default as a lazy service, but was unable to. Usually this happens when a service is not installed, but if the service is intended to be used as a lazy service, then it may be configured incorrectly.
03-09 05:02:36.854 1219 1248 E tlogd : [StorageChecker](listDirFile) regular file
03-09 05:02:36.854 1219 1248 E tlogd : [StorageChecker](listDirFile) FileName is /data/tlog/persist/808_persist_00797_230309_050237.log
03-09 05:02:36.854 1219 1248 E tlogd : [StorageChecker](listDirFile) regular file
03-09 05:02:36.854 1219 1248 E tlogd : [StorageChecker](listDirFile) FileName is /data/tlog/persist/808_persist_00794_230309_050235.log
03-09 05:02:36.854 1219 1248 E tlogd : [StorageChecker](listDirFile) regular file
03-09 05:02:36.854 1219 1248 E tlogd : [StorageChecker](listDirFile) FileName is /data/tlog/persist/809_persist_00805_700101_080009.log
03-09 05:02:36.854 1219 1248 E tlogd : [StorageChecker](listDirFile) regular file
03-09 05:02:36.854 1219 1248 E tlogd : [StorageChecker](listDirFile) FileName is /data/tlog/persist/810_persist_00815_700101_080010.log
03-09 05:02:36.854 1219 1248 E tlogd : [StorageChecker](listDirFile) regular file
03-09 05:02:36.854 1219 1248 E tlogd : [StorageChecker](listDirFile) FileName is /data/tlog/persist/810_persist_00823_230309_050236.log
03-09 05:02:36.854 1219 1248 E tlogd : [StorageChecker](listDirFile) regular file
03-09 05:02:36.854 1219 1248 E tlogd : [StorageChecker](listDirFile) FileName is /data/tlog/persist/811_persist_00829_700101_080009.log
03-09 05:02:36.854 1219 1248 E tlogd : [StorageChecker](listDirFile) regular file
03-09 05:02:36.854 1219 1248 E tlogd : [StorageChecker](listDirFile) FileName is /data/tlog/persist/810_persist_00825_230309_050237.log
03-09 05:02:36.854 1219 1248 E tlogd : [StorageChecker](listDirFile) regular file
03-09 05:02:36.854 1219 1248 E tlogd : [StorageChecker](listDirFile) FileName is /data/tlog/persist/813_persist_00859_700101_080009.log
03-09 05:02:36.854 1219 1248 E tlogd : [StorageChecker](listDirFile) regular file
03-09 05:02:36.854 1219 1248 E tlogd : [StorageChecker](listDirFile) FileName is /data/tlog/persist/812_persist_00850_230309_050235.log
03-09 05:02:36.854 1219 1248 E tlogd : [StorageChecker](listDirFile) regular file
03-09 05:02:36.854 1219 1248 E tlogd : [StorageChecker](listDirFile) FileName is /data/tlog/persist/813_persist_00863_230309_050235.log
03-09 05:02:36.854 1219 1248 E tlogd : [StorageChecker](listDirFile) regular file
03-09 05:02:36.854 1219 1248 E tlogd : [StorageChecker](listDirFile) FileName is /data/tlog/persist/813_persist_00866_230309_050237.log
03-09 05:02:36.854 1219 1248 E tlogd : [StorageChecker](listDirFile) regular file
03-09 05:02:36.854 1219 1248 E tlogd : [StorageChecker](listDirFile) FileName is /data/tlog/persist/815_persist_00891_230309_050236.log
03-09 05:02:36.854 1219 1248 E tlogd : [StorageChecker](listDirFile) regular file
03-09 05:02:36.854 1219 1248 E tlogd : [StorageChecker](listDirFile) FileName is /data/tlog/persist/815_persist_00895_230309_050238.log.ing
03-09 05:02:36.854 1219 1248 E tlogd : [StorageChecker](listDirFile) regular file
03-09 05:02:36.854 1219 1248 E tlogd : [StorageChecker](listDirFile) FileName is /data/tlog/persist/816_persist_00907_230309_050237.log
03-09 05:02:36.854 1219 1248 E tlogd : [StorageChecker](listDirFile) regular file
03-09 05:02:36.854 1219 1248 E tlogd : [StorageChecker](listDirFile) FileName is /data/tlog/persist/816_persist_00900_700101_080009.log
03-09 05:02:36.854 1219 1248 E tlogd : [StorageChecker](listDirFile) regular file
03-09 05:02:36.854 1219 1248 E tlogd : [StorageChecker](listDirFile) FileName is /data/tlog/persist/816_persist_00908_230309_050238.log.ing
03-09 05:02:36.854 1219 1248 E tlogd : [StorageChecker](listDirFile) regular file
03-09 05:02:36.854 1219 1248 E tlogd : [StorageChecker](listDirFile) FileName is /data/tlog/persist/818_persist_00925_700101_080009.log
03-09 05:02:36.854 1219 1248 E tlogd : [StorageChecker](listDirFile) regular file
03-09 05:02:36.854 1219 1248 E tlogd : [StorageChecker](listDirFile) FileName is /data/tlog/persist/818_persist_00931_230309_050235.log
03-09 05:02:36.854 1219 1248 E tlogd : [StorageChecker](listDirFile) regular file
03-09 05:02:36.854 1219 1248 E tlogd : [StorageChecker](listDirFile) FileName is /data/tlog/persist/818_persist_00933_230309_050237.log
03-09 05:02:36.854 1219 1248 E tlogd : [StorageChecker](listDirFile) regular file
03-09 05:02:36.854 1219 1248 E tlogd : [StorageChecker](listDirFile) FileName is /data/tlog/persist/819_persist_00942_700101_080009.log
03-09 05:02:36.854 1219 1248 E tlogd : [StorageChecker](listDirFile) regular file
03-09 05:02:36.854 1219 1248 E tlogd : [StorageChecker](listDirFile) FileName is /data/tlog/persist/819_persist_00943_700101_080009.log
03-09 05:02:36.854 1219 1248 E tlogd : [StorageChecker](listDirFile) regular file
03-09 05:02:36.854 1219 1248 E tlogd : [StorageChecker](listDirFile) FileName is /data/tlog/persist/820_persist_00955_700101_080009.log
03-09 05:02:36.854 1219 1248 E tlogd : [StorageChecker](listDirFile) regular file
03-09 05:02:36.854 1219 1248 E tlogd : [StorageChecker](listDirFile) FileName is /data/tlog/persist/822_persist_00979_700101_080009.log
03-09 05:02:36.854 1219 1248 E tlogd : [StorageChecker](listDirFile) regular file
03-09 05:02:36.854 1219 1248 E tlogd : [StorageChecker](listDirFile) FileName is /data/tlog/persist/976_persist_00001_230309_050235.log
03-09 05:02:36.854 1219 1248 E tlogd : [StorageChecker](listDirFile) regular file
03-09 05:02:36.854 1219 1248 E tlogd : [StorageChecker](listDirFile) FileName is /data/tlog/persist/822_persist_00985_700101_080009.log
03-09 05:02:36.854 1219 1248 E tlogd : [StorageChecker](listDirFile) regular file
03-09 05:02:36.854 1219 1248 E tlogd : [StorageChecker](listDirFile) FileName is /data/tlog/persist/978_persist_00001_230309_050238.log
03-09 05:02:36.854 1219 1248 E tlogd : [StorageChecker](listDirFile) regular file
03-09 05:02:36.855 1219 1248 E tlogd : [StorageChecker](listDirFile) FileName is /data/tlog/persist/065_persist_00003_230309_050240.log.ing
03-09 05:02:36.855 1219 1248 E tlogd : [StorageChecker](listDirFile) regular file
03-09 05:02:36.855 1219 1248 E tlogd : [StorageChecker](listDirFile) FileName is /data/tlog/persist/980_persist_00001_230309_050238.log
03-09 05:02:36.855 1219 1248 E tlogd : [StorageChecker](listDirFile) regular file
03-09 05:02:36.855 1219 1248 E tlogd : [StorageChecker](listDirFile) FileName is /data/tlog/persist/982_persist_00001_700101_080009.log
03-09 05:02:36.855 1219 1248 E tlogd : [StorageChecker](listDirFile) regular file
03-09 05:02:36.855 1219 1248 E tlogd : [StorageChecker](listDirFile) FileName is /data/tlog/persist/982_persist_00001_230309_050235.log
03-09 05:02:36.855 1219 1248 E tlogd : [StorageChecker](listDirFile) regular file
03-09 05:02:36.855 1219 1248 E tlogd : [StorageChecker](listDirFile) FileName is /data/tlog/persist/983_persist_00001_230309_050240.log
03-09 05:02:36.855 1219 1248 E tlogd : [StorageChecker](listDirFile) regular file
03-09 05:02:36.855 1219 1248 E tlogd : [StorageChecker](listDirFile) FileName is /data/tlog/persist/986_persist_00001_230309_050236.log
03-09 05:02:36.855 1219 1248 E tlogd : [StorageChecker](listDirFile) regular file
03-09 05:02:36.855 1219 1248 E tlogd : [StorageChecker](listDirFile) FileName is /data/tlog/persist/985_persist_00001_700101_080011.log
03-09 05:02:36.855 1219 1248 E tlogd : [StorageChecker](listDirFile) regular file
03-09 05:02:36.855 2646 2646 D CompatibilityChangeReporter: Compat change id reported: 171979766; UID 10076; state: ENABLED
03-09 05:02:36.855 1219 1248 E tlogd : [StorageChecker](listDirFile) FileName is /data/tlog/persist/987_persist_00001_230309_050240.log.ing
03-09 05:02:36.855 1219 1248 E tlogd : [StorageChecker](listDirFile) regular file
03-09 05:02:36.855 1219 1248 E tlogd : [StorageChecker](listDirFile) FileName is /data/tlog/persist/988_persist_00001_700101_080010.log
03-09 05:02:36.855 1219 1248 E tlogd : [StorageChecker](listDirFile) regular file
03-09 05:02:36.855 1219 1248 E tlogd : [StorageChecker](listDirFile) FileName is /data/tlog/persist/988_persist_00001_230309_050235.log
03-09 05:02:36.855 1219 1248 E tlogd : [StorageChecker](listDirFile) regular file
03-09 05:02:36.855 1219 1248 E tlogd : [StorageChecker](listDirFile) FileName is /data/tlog/persist/990_persist_00001_230309_050240.log
03-09 05:02:36.855 1219 1248 E tlogd : [StorageChecker](listDirFile) regular file
03-09 05:02:36.855 1219 1248 E tlogd : [StorageChecker](listDirFile) FileName is /data/tlog/persist/990_persist_00001_230309_050241.log.ing
03-09 05:02:36.855 1219 1248 E tlogd : [StorageChecker](listDirFile) regular file
03-09 05:02:36.855 1219 1248 E tlogd : [StorageChecker](listDirFile) FileName is /data/tlog/persist/992_persist_00001_230309_050235.log
03-09 05:02:36.855 1219 1248 E tlogd : [StorageChecker](listDirFile) regular file
03-09 05:02:36.855 1219 1248 E tlogd : [StorageChecker](listDirFile) FileName is /data/tlog/persist/993_persist_00001_230309_050240.log.ing
03-09 05:02:36.855 1219 1248 E tlogd : [StorageChecker](listDirFile) regular file
03-09 05:02:36.855 1219 1248 E tlogd : [StorageChecker](listDirFile) FileName is /data/tlog/persist/994_persist_00002_230309_050238.log
03-09 05:02:36.855 1219 1248 E tlogd : [StorageChecker](listDirFile) regular file
03-09 05:02:36.855 1219 1248 E tlogd : [StorageChecker](listDirFile) FileName is /data/tlog/persist/783_persist_00444_230309_050235.log
03-09 05:02:36.855 1219 1248 E tlogd : [StorageChecker](listDirFile) regular file
03-09 05:02:36.855 1219 1248 E tlogd : [StorageChecker](listDirFile) FileName is /data/tlog/persist/784_persist_00452_700101_080009.log
03-09 05:02:36.855 1219 1248 E tlogd : [StorageChecker](listDirFile) regular file
03-09 05:02:36.855 1219 1248 E tlogd : [StorageChecker](listDirFile) FileName is /data/tlog/persist/785_persist_00467_700101_080009.log
03-09 05:02:36.855 1219 1248 E tlogd : [StorageChecker](listDirFile) regular file
03-09 05:02:36.855 1219 1248 E tlogd : [StorageChecker](listDirFile) FileName is /data/tlog/persist/786_persist_00482_700101_080009.log
03-09 05:02:36.855 1219 1248 E tlogd : [StorageChecker](listDirFile) regular file
03-09 05:02:36.855 1219 1248 E tlogd : [StorageChecker](listDirFile) FileName is /data/tlog/persist/787_persist_00496_700101_080010.log
03-09 05:02:36.855 1219 1248 E tlogd : [StorageChecker](listDirFile) regular file
03-09 05:02:36.855 1219 1248 E tlogd : [StorageChecker](listDirFile) FileName is /data/tlog/persist/787_persist_00504_230309_050239.log.ing
03-09 05:02:36.855 1219 1248 E tlogd : [StorageChecker](listDirFile) regular file
03-09 05:02:36.855 1219 1248 E tlogd : [StorageChecker](listDirFile) FileName is /data/tlog/persist/788_persist_00518_230309_050239.log.ing
03-09 05:02:36.855 1219 1248 E tlogd : [StorageChecker](listDirFile) regular file
03-09 05:02:36.855 1219 1248 E tlogd : [StorageChecker](listDirFile) FileName is /data/tlog/persist/789_persist_00531_230309_050238.log.ing
03-09 05:02:36.855 1219 1248 E tlogd : [StorageChecker](listDirFile) regular file
03-09 05:02:36.855 1219 1248 E tlogd : [StorageChecker](listDirFile) FileName is /data/tlog/persist/789_persist_00527_230309_050235.log
03-09 05:02:36.855 1219 1248 E tlogd : [StorageChecker](listDirFile) regular file
03-09 05:02:36.855 1219 1248 E tlogd : [StorageChecker](listDirFile) FileName is /data/tlog/persist/791_persist_00547_700101_080009.log
03-09 05:02:36.855 1219 1248 E tlogd : [StorageChecker](listDirFile) regular file
03-09 05:02:36.855 1219 1248 E tlogd : [StorageChecker](listDirFile) FileName is /data/tlog/persist/792_persist_00568_230309_050236.log
03-09 05:02:36.855 1219 1248 E tlogd : [StorageChecker](listDirFile) regular file
03-09 05:02:36.855 1219 1248 E tlogd : [StorageChecker](listDirFile) FileName is /data/tlog/persist/793_persist_00577_700101_080009.log
03-09 05:02:36.855 1219 1248 E tlogd : [StorageChecker](listDirFile) regular file
03-09 05:02:36.855 1219 1248 E tlogd : [StorageChecker](listDirFile) FileName is /data/tlog/persist/794_persist_00589_700101_080009.log
03-09 05:02:36.855 1219 1248 E tlogd : [StorageChecker](listDirFile) regular file
03-09 05:02:36.855 1219 1248 E tlogd : [StorageChecker](listDirFile) FileName is /data/tlog/persist/794_persist_00596_700101_080010.log
03-09 05:02:36.855 1219 1248 E tlogd : [StorageChecker](listDirFile) regular file
03-09 05:02:36.855 1219 1248 E tlogd : [StorageChecker](listDirFile) FileName is /data/tlog/persist/794_persist_00600_230309_050237.log
03-09 05:02:36.855 1219 1248 E tlogd : [StorageChecker](listDirFile) regular file
03-09 05:02:36.855 1219 1248 E tlogd : [StorageChecker](listDirFile) FileName is /data/tlog/persist/794_persist_00598_230309_050236.log
03-09 05:02:36.855 1219 1248 E tlogd : [StorageChecker](listDirFile) regular file
03-09 05:02:36.855 1219 1248 E tlogd : [StorageChecker](listDirFile) FileName is /data/tlog/persist/796_persist_00619_700101_080009.log
03-09 05:02:36.855 1219 1248 E tlogd : [StorageChecker](listDirFile) regular file
03-09 05:02:36.855 1219 1248 E tlogd : [StorageChecker](listDirFile) FileName is /data/tlog/persist/797_persist_00641_230309_050237.log
03-09 05:02:36.856 1219 1248 E tlogd : [StorageChecker](listDirFile) regular file
03-09 05:02:36.856 1219 1248 E tlogd : [StorageChecker](listDirFile) FileName is /data/tlog/persist/798_persist_00648_700101_080009.log
03-09 05:02:36.856 1219 1248 E tlogd : [StorageChecker](listDirFile) regular file
03-09 05:02:36.856 1219 1248 E tlogd : [StorageChecker](listDirFile) FileName is /data/tlog/persist/799_persist_00659_700101_080009.log
03-09 05:02:36.856 1219 1248 E tlogd : [StorageChecker](listDirFile) regular file
03-09 05:02:36.856 1219 1248 E tlogd : [StorageChecker](listDirFile) FileName is /data/tlog/persist/799_persist_00660_700101_080009.log
03-09 05:02:36.856 1219 1248 E tlogd : [StorageChecker](listDirFile) regular file
03-09 05:02:36.856 1219 1248 E tlogd : [StorageChecker](listDirFile) FileName is /data/tlog/persist/799_persist_00662_700101_080009.log
03-09 05:02:36.856 1219 1248 E tlogd : [StorageChecker](listDirFile) regular file
03-09 05:02:36.856 1219 1248 E tlogd : [StorageChecker](listDirFile) FileName is /data/tlog/persist/799_persist_00672_230309_050238.log.ing
03-09 05:02:36.856 1219 1248 E tlogd : [StorageChecker](listDirFile) regular file
03-09 05:02:36.856 1219 1248 E tlogd : [StorageChecker](listDirFile) FileName is /data/tlog/persist/801_persist_00689_700101_080009.log
03-09 05:02:36.856 1219 1248 E tlogd : [StorageChecker](listDirFile) regular file
03-09 05:02:36.856 1219 1248 E tlogd : [StorageChecker](listDirFile) FileName is /data/tlog/persist/801_persist_00695_230309_050235.log
03-09 05:02:36.856 1219 1248 E tlogd : [StorageChecker](listDirFile) regular file
03-09 05:02:36.856 1219 1248 E tlogd : [StorageChecker](listDirFile) FileName is /data/tlog/persist/802_persist_00708_700101_080010.log
03-09 05:02:36.856 1219 1248 E tlogd : [StorageChecker](listDirFile) regular file
03-09 05:02:36.856 1219 1248 E tlogd : [StorageChecker](listDirFile) FileName is /data/tlog/persist/802_persist_00709_700101_080011.log
03-09 05:02:36.856 1219 1248 E tlogd : [StorageChecker](listDirFile) regular file
03-09 05:02:36.856 1219 1248 E tlogd : [StorageChecker](listDirFile) FileName is /data/tlog/persist/802_persist_00712_230309_050236.log
03-09 05:02:36.856 1219 1248 E tlogd : [StorageChecker](listDirFile) regular file
03-09 05:02:36.856 1219 1248 E tlogd : [StorageChecker](listDirFile) FileName is /data/tlog/persist/805_persist_00749_700101_080009.log
03-09 05:02:36.856 1219 1248 E tlogd : [StorageChecker](listDirFile) regular file
03-09 05:02:36.856 1219 1248 E tlogd : [StorageChecker](listDirFile) FileName is /data/tlog/persist/805_persist_00752_230309_050235.log
03-09 05:02:36.856 1219 1248 E tlogd : [StorageChecker](listDirFile) regular file
03-09 05:02:36.856 1219 1248 E tlogd : [StorageChecker](listDirFile) FileName is /data/tlog/persist/806_persist_00760_700101_080009.log
03-09 05:02:36.856 1219 1248 E tlogd : [StorageChecker](listDirFile) regular file
03-09 05:02:36.856 1219 1248 E tlogd : [StorageChecker](listDirFile) FileName is /data/tlog/persist/806_persist_00767_230309_050236.log
03-09 05:02:36.856 1219 1248 E tlogd : [StorageChecker](listDirFile) regular file
03-09 05:02:36.856 1219 1248 E tlogd : [StorageChecker](listDirFile) FileName is /data/tlog/persist/806_persist_00770_230309_050238.log
03-09 05:02:36.856 1219 1248 E tlogd : [StorageChecker](listDirFile) regular file
03-09 05:02:36.856 1219 1248 E tlogd : [StorageChecker](listDirFile) FileName is /data/tlog/persist/809_persist_00804_700101_080009.log
03-09 05:02:36.856 1219 1248 E tlogd : [StorageChecker](listDirFile) regular file
03-09 05:02:36.856 1219 1248 E tlogd : [StorageChecker](listDirFile) FileName is /data/tlog/persist/809_persist_00803_700101_080009.log
03-09 05:02:36.856 1219 1248 E tlogd : [StorageChecker](listDirFile) regular file
03-09 05:02:36.856 1219 1248 E tlogd : [StorageChecker](listDirFile) FileName is /data/tlog/persist/810_persist_00822_230309_050235.log
03-09 05:02:36.856 1219 1248 E tlogd : [StorageChecker](listDirFile) regular file
03-09 05:02:36.856 1219 1248 E tlogd : [StorageChecker](listDirFile) FileName is /data/tlog/persist/810_persist_00826_230309_050238.log
03-09 05:02:36.856 1219 1248 E tlogd : [StorageChecker](listDirFile) regular file
03-09 05:02:36.856 1219 1248 E tlogd : [StorageChecker](listDirFile) FileName is /data/tlog/persist/811_persist_00831_700101_080009.log
03-09 05:02:36.856 1219 1248 E tlogd : [StorageChecker](listDirFile) regular file
03-09 05:02:36.856 1219 1248 E tlogd : [StorageChecker](listDirFile) FileName is /data/tlog/persist/811_persist_00836_230309_050235.log
03-09 05:02:36.856 1219 1248 E tlogd : [StorageChecker](listDirFile) regular file
03-09 05:02:36.856 1219 1248 E tlogd : [StorageChecker](listDirFile) FileName is /data/tlog/persist/811_persist_00841_230309_050239.log.ing
03-09 05:02:36.856 1219 1248 E tlogd : [StorageChecker](listDirFile) regular file
03-09 05:02:36.856 1219 1248 E tlogd : [StorageChecker](listDirFile) FileName is /data/tlog/persist/812_persist_00851_230309_050236.log
03-09 05:02:36.856 1219 1248 E tlogd : [StorageChecker](listDirFile) regular file
03-09 05:02:36.856 1219 1248 E tlogd : [StorageChecker](listDirFile) FileName is /data/tlog/persist/813_persist_00857_700101_080009.log
03-09 05:02:36.856 1219 1248 E tlogd : [StorageChecker](listDirFile) regular file
03-09 05:02:36.856 1219 1248 E tlogd : [StorageChecker](listDirFile) FileName is /data/tlog/persist/813_persist_00860_700101_080009.log
03-09 05:02:36.856 1219 1248 E tlogd : [StorageChecker](listDirFile) regular file
03-09 05:02:36.856 1219 1248 E tlogd : [StorageChecker](listDirFile) FileName is /data/tlog/persist/814_persist_00870_700101_080009.log
03-09 05:02:36.856 1219 1248 E tlogd : [StorageChecker](listDirFile) regular file
03-09 05:02:36.856 1219 1248 E tlogd : [StorageChecker](listDirFile) FileName is /data/tlog/persist/814_persist_00880_230309_050237.log
03-09 05:02:36.856 1219 1248 E tlogd : [StorageChecker](listDirFile) regular file
03-09 05:02:36.856 1219 1248 E tlogd : [StorageChecker](listDirFile) FileName is /data/tlog/persist/815_persist_00885_700101_080009.log
03-09 05:02:36.856 1219 1248 E tlogd : [StorageChecker](listDirFile) regular file
03-09 05:02:36.856 1219 1248 E tlogd : [StorageChecker](listDirFile) FileName is /data/tlog/persist/815_persist_00889_700101_080010.log
03-09 05:02:36.856 1219 1248 E tlogd : [StorageChecker](listDirFile) regular file
03-09 05:02:36.857 1219 1248 E tlogd : [StorageChecker](listDirFile) FileName is /data/tlog/persist/815_persist_00890_230309_050235.log
03-09 05:02:36.857 1219 1248 E tlogd : [StorageChecker](listDirFile) regular file
03-09 05:02:36.857 1219 1248 E tlogd : [StorageChecker](listDirFile) FileName is /data/tlog/persist/815_persist_00894_230309_050237.log
03-09 05:02:36.857 1219 1248 E tlogd : [StorageChecker](listDirFile) regular file
03-09 05:02:36.857 1219 1248 E tlogd : [StorageChecker](listDirFile) FileName is /data/tlog/persist/816_persist_00896_700101_080009.log
03-09 05:02:36.857 1219 1248 E tlogd : [StorageChecker](listDirFile) regular file
03-09 05:02:36.857 1219 1248 E tlogd : [StorageChecker](listDirFile) FileName is /data/tlog/persist/817_persist_00912_700101_080009.log
03-09 05:02:36.857 1219 1248 E tlogd : [StorageChecker](listDirFile) regular file
03-09 05:02:36.857 1219 1248 E tlogd : [StorageChecker](listDirFile) FileName is /data/tlog/persist/816_persist_00905_230309_050236.log
03-09 05:02:36.857 1219 1248 E tlogd : [StorageChecker](listDirFile) regular file
03-09 05:02:36.857 1219 1248 E tlogd : [StorageChecker](listDirFile) FileName is /data/tlog/persist/817_persist_00920_230309_050237.log
03-09 05:02:36.857 1219 1248 E tlogd : [StorageChecker](listDirFile) regular file
03-09 05:02:36.857 1219 1248 E tlogd : [StorageChecker](listDirFile) FileName is /data/tlog/persist/819_persist_00937_700101_080009.log
03-09 05:02:36.857 1219 1248 E tlogd : [StorageChecker](listDirFile) regular file
03-09 05:02:36.857 1219 1248 E tlogd : [StorageChecker](listDirFile) FileName is /data/tlog/persist/820_persist_00953_700101_080009.log
03-09 05:02:36.857 1219 1248 E tlogd : [StorageChecker](listDirFile) regular file
03-09 05:02:36.857 1219 1248 E tlogd : [StorageChecker](listDirFile) FileName is /data/tlog/persist/820_persist_00956_700101_080009.log
03-09 05:02:36.857 1219 1248 E tlogd : [StorageChecker](listDirFile) regular file
03-09 05:02:36.857 1219 1248 E tlogd : [StorageChecker](listDirFile) FileName is /data/tlog/persist/820_persist_00957_700101_080010.log
03-09 05:02:36.857 1219 1248 E tlogd : [StorageChecker](listDirFile) regular file
03-09 05:02:36.857 1219 1248 E tlogd : [StorageChecker](listDirFile) FileName is /data/tlog/persist/820_persist_00961_230309_050237.log
03-09 05:02:36.857 1219 1248 E tlogd : [StorageChecker](listDirFile) regular file
03-09 05:02:36.857 1219 1248 E tlogd : [StorageChecker](listDirFile) FileName is /data/tlog/persist/820_persist_00964_230309_050239.log.ing
03-09 05:02:36.857 1219 1248 E tlogd : [StorageChecker](listDirFile) regular file
03-09 05:02:36.857 1219 1248 E tlogd : [StorageChecker](listDirFile) FileName is /data/tlog/persist/821_persist_00966_700101_080009.log
03-09 05:02:36.857 1219 1248 E tlogd : [StorageChecker](listDirFile) regular file
03-09 05:02:36.857 1219 1248 E tlogd : [StorageChecker](listDirFile) FileName is /data/tlog/persist/821_persist_00973_230309_050235.log
03-09 05:02:36.857 1219 1248 E tlogd : [StorageChecker](listDirFile) regular file
03-09 05:02:36.857 1219 1248 E tlogd : [StorageChecker](listDirFile) FileName is /data/tlog/persist/822_persist_00992_230309_050239.log.ing
03-09 05:02:36.857 1219 1248 E tlogd : [StorageChecker](listDirFile) regular file
03-09 05:02:36.857 1219 1248 E tlogd : [StorageChecker](listDirFile) FileName is /data/tlog/persist/055_persist_00003_230309_050235.log
03-09 05:02:36.857 1219 1248 E tlogd : [StorageChecker](listDirFile) regular file
03-09 05:02:36.857 1219 1248 E tlogd : [StorageChecker](listDirFile) FileName is /data/tlog/persist/823_persist_00000_230309_050235.log
03-09 05:02:36.857 1219 1248 E tlogd : [StorageChecker](listDirFile) regular file
03-09 05:02:36.857 1219 1248 E tlogd : [StorageChecker](listDirFile) FileName is /data/tlog/persist/071_persist_00003_700101_080010.log
03-09 05:02:36.857 1219 1248 E tlogd : [StorageChecker](listDirFile) regular file
03-09 05:02:36.857 1219 1248 E tlogd : [StorageChecker](listDirFile) FileName is /data/tlog/persist/060_persist_00003_700101_080009.log
03-09 05:02:36.857 1219 1248 E tlogd : [StorageChecker](listDirFile) regular file
03-09 05:02:36.857 1219 1248 E tlogd : [StorageChecker](listDirFile) FileName is /data/tlog/persist/061_persist_00003_230309_050236.log
03-09 05:02:36.857 1219 1248 E tlogd : [StorageChecker](listDirFile) regular file
03-09 05:02:36.857 1219 1248 E tlogd : [StorageChecker](listDirFile) FileName is /data/tlog/persist/064_persist_00003_230309_050237.log
03-09 05:02:36.858 1219 1248 E tlogd : [StorageChecker](listDirFile) regular file
03-09 05:02:36.858 1219 1248 E tlogd : [StorageChecker](listDirFile) FileName is /data/tlog/persist/982_persist_00001_230309_050237.log
03-09 05:02:36.858 1219 1248 E tlogd : [StorageChecker](listDirFile) regular file
03-09 05:02:36.858 1219 1248 E tlogd : [StorageChecker](listDirFile) FileName is /data/tlog/persist/983_persist_00001_230309_050240.log.ing
03-09 05:02:36.858 1219 1248 E tlogd : [StorageChecker](listDirFile) regular file
03-09 05:02:36.858 1219 1248 E tlogd : [StorageChecker](listDirFile) FileName is /data/tlog/persist/788_persist_00505_700101_080009.log
03-09 05:02:36.858 1219 1248 E tlogd : [StorageChecker](listDirFile) regular file
03-09 05:02:36.858 1219 1248 E tlogd : [StorageChecker](listDirFile) FileName is /data/tlog/persist/788_persist_00512_230309_050235.log
03-09 05:02:36.858 1219 1248 E tlogd : [StorageChecker](listDirFile) regular file
03-09 05:02:36.858 1219 1248 E tlogd : [StorageChecker](listDirFile) FileName is /data/tlog/persist/789_persist_00529_230309_050237.log
03-09 05:02:36.858 1219 1248 E tlogd : [StorageChecker](listDirFile) regular file
03-09 05:02:36.858 1219 1248 E tlogd : [StorageChecker](listDirFile) FileName is /data/tlog/persist/074_persist_00003_700101_080009.log
03-09 05:02:36.858 1219 1248 E tlogd : [StorageChecker](listDirFile) regular file
03-09 05:02:36.858 1219 1248 E tlogd : [StorageChecker](listDirFile) FileName is /data/tlog/persist/985_persist_00001_230309_050240.log.ing
03-09 05:02:36.858 1219 1248 E tlogd : [StorageChecker](listDirFile) regular file
03-09 05:02:36.858 1219 1248 E tlogd : [StorageChecker](listDirFile) FileName is /data/tlog/persist/991_persist_00001_230309_050240.log.ing
03-09 05:02:36.858 1219 1248 E tlogd : [StorageChecker](listDirFile) regular file
03-09 05:02:36.858 1219 1248 E tlogd : [StorageChecker](listDirFile) FileName is /data/tlog/persist/068_persist_00003_230309_050241.log.ing
03-09 05:02:36.858 1219 1248 E tlogd : [StorageChecker](listDirFile) regular file
03-09 05:02:36.858 1219 1248 E tlogd : [StorageChecker](listDirFile) FileName is /data/tlog/persist/076_persist_00003_230309_050236.log
03-09 05:02:36.858 1219 1248 E tlogd : [StorageChecker](listDirFile) regular file
03-09 05:02:36.858 1219 1248 E tlogd : [StorageChecker](listDirFile) FileName is /data/tlog/persist/999_persist_00002_230309_050241.log.ing
03-09 05:02:36.858 1219 1248 E tlogd : [StorageChecker](listDirFile) regular file
03-09 05:02:36.858 1219 1248 E tlogd : [StorageChecker](listDirFile) FileName is /data/tlog/persist/057_persist_00003_230309_050240.log.ing
03-09 05:02:36.858 1219 1248 E tlogd : [StorageChecker](listDirFile) regular file
03-09 05:02:36.858 1219 1248 E tlogd : [StorageChecker](listDirFile) FileName is /data/tlog/persist/076_persist_00003_230309_050235.log
03-09 05:02:36.858 1219 1248 E tlogd : [StorageChecker](listDirFile) regular file
03-09 05:02:36.858 1219 1248 E tlogd : [StorageChecker](listDirFile) FileName is /data/tlog/persist/067_persist_00003_230309_050241.log.ing
03-09 05:02:36.858 1219 1248 E tlogd : [StorageChecker](listDirFile) regular file
03-09 05:02:36.858 1219 1248 E tlogd : [StorageChecker](listDirFile) FileName is /data/tlog/persist/989_persist_00001_230309_050240.log.ing
03-09 05:02:36.858 1219 1248 E tlogd : [StorageChecker](listDirFile) regular file
03-09 05:02:36.858 1219 1248 E tlogd : [StorageChecker](listDirFile) FileName is /data/tlog/persist/076_persist_00003_230309_050236.log.ing
03-09 05:02:36.858 1219 1248 E tlogd : [StorageChecker](listDirFile) regular file
03-09 05:02:36.858 1219 1248 E tlogd : [StorageChecker](listDirFile) FileName is /data/tlog/persist/062_persist_00003_230309_050241.log.ing
03-09 05:02:36.858 1219 1248 E tlogd : [StorageChecker](listDirFile) regular file
03-09 05:02:36.858 1219 1248 E tlogd : [StorageChecker](listDirFile) FileName is /data/tlog/persist/992_persist_00001_230309_050240.log.ing
03-09 05:02:36.858 1219 1248 E tlogd : [StorageChecker](listDirFile) regular file
03-09 05:02:36.859 2619 2640 D QCCAuthMgr: SMQContentProvider query tableName: smq_settings
03-09 05:02:36.859 1537 1710 E NativeTombstoneManager: Tombstone's UID (0) not an app, ignoring
03-09 05:02:36.859 1537 1710 I DropBoxManagerService: add tag=SYSTEM_TOMBSTONE_PROTO isTagEnabled=true flags=0x4
03-09 05:02:36.859 2456 2456 I QCC:OptInOutHandler: getTypeOptInOut, ret = 3
03-09 05:02:36.860 2456 2456 I QCC:OperationMode: dbHandler.getTypeOptInOut optMode : 3
03-09 05:02:36.860 2456 2456 D CompatibilityChangeReporter: Compat change id reported: 160794467; UID 1000; state: ENABLED
03-09 05:02:36.861 2456 2456 I QCC:UploaderReceiver: stopUploaderSchedule - senderPi is not null -- try to cancel the alarm
03-09 05:02:36.864 821 2594 I vendor.qti.bluetooth@1.0-uart_transport: ## userial_vendor_set_baud: 17
03-09 05:02:36.864 2051 2641 D CCodecBufferChannel: [c2.android.vorbis.decoder#641] MediaCodec discarded an unknown buffer
03-09 05:02:36.865 2051 2651 I vol.Events: writeEvent level_changed STREAM_VOICE_CALL 2
03-09 05:02:36.866 2051 2641 I hw-BpHwBinder: onLastStrongRef automatically unlinking death recipients
03-09 05:02:36.867 2051 2651 I vol.Events: writeEvent level_changed STREAM_SYSTEM 2
03-09 05:02:36.869 2051 2651 I vol.Events: writeEvent level_changed STREAM_RING 2
03-09 05:02:36.870 2051 2651 I vol.Events: writeEvent level_changed STREAM_MUSIC 13
03-09 05:02:36.871 2051 2651 I vol.Events: writeEvent level_changed STREAM_ALARM 3
03-09 05:02:36.871 1193 2089 I MMParserExtractor: Created(0xb400007bdd55bef0)
03-09 05:02:36.871 2051 2651 I vol.Events: writeEvent level_changed STREAM_BLUETOOTH_SCO 7
03-09 05:02:36.873 2051 2638 D MediaCodecList: codecHandlesFormat: no format, so no extra checks
03-09 05:02:36.873 2051 2638 D MediaCodecList: codecHandlesFormat: no format, so no extra checks
03-09 05:02:36.874 2051 2651 I vol.Events: writeEvent external_ringer_mode_changed unknown
03-09 05:02:36.874 821 2594 I vendor.qti.bluetooth@1.0-uart_transport: SetBaudRate: in BOTHER
03-09 05:02:36.874 821 2594 I vendor.qti.bluetooth@1.0-uart_transport: GetBaudRate: Current Baudrate = 3200000 bps
03-09 05:02:36.874 821 2594 I vendor.qti.bluetooth@1.0-uart_transport: ## userial_vendor_ioctl: UART Flow On
03-09 05:02:36.874 821 2594 D vendor.qti.bluetooth@1.0-patch_dl_manager: ReadHciEvent: Expected CC
03-09 05:02:36.874 821 2594 I vendor.qti.bluetooth@1.0-patch_dl_manager: SocInit: Baud rate changed successfully
03-09 05:02:36.874 821 2594 E vendor.qti.bluetooth@1.0-patch_dl_manager: /bt_firmware/image/htbtfw20.tlv File Open Fail No such file or directory (2)
03-09 05:02:36.874 2051 2651 I vol.Events: writeEvent zen_mode_config_changed [disallowAlarms=false disallowMedia=false disallowSystem=true disallowRinger=false]
03-09 05:02:36.874 821 2594 I vendor.qti.bluetooth@1.0-patch_dl_manager: File open /vendor/bt_firmware/image/htbtfw20.tlv succeeded
03-09 05:02:36.874 2051 2679 D CCodec : allocate(c2.android.vorbis.decoder)
03-09 05:02:36.875 821 2594 I vendor.qti.bluetooth@1.0-patch_dl_manager: ====================================================
03-09 05:02:36.875 821 2594 I vendor.qti.bluetooth@1.0-patch_dl_manager: TLV Type : 0x1
03-09 05:02:36.875 821 2594 I vendor.qti.bluetooth@1.0-patch_dl_manager: Length : 205716 bytes
03-09 05:02:36.875 821 2594 I vendor.qti.bluetooth@1.0-patch_dl_manager: Total Length : 205684 bytes
03-09 05:02:36.875 821 2594 I vendor.qti.bluetooth@1.0-patch_dl_manager: Patch Data Length : 205648 bytes
03-09 05:02:36.875 821 2594 I vendor.qti.bluetooth@1.0-patch_dl_manager: Signing Format Version : 0x1
03-09 05:02:36.875 821 2594 I vendor.qti.bluetooth@1.0-patch_dl_manager: Signature Algorithm : 0x0
