03-09 05:02:36.834 1219 1248 E tlogd : [StorageChecker](listDirFile) FileName is /data/tlog/persist/783_persist_00443_230309_050235.log
03-09 05:02:36.834 1219 1248 E tlogd : [StorageChecker](listDirFile) regular file
03-09 05:02:36.834 1219 1248 E tlogd : [StorageChecker](listDirFile) FileName is /data/tlog/persist/783_persist_00441_700101_080009.log
03-09 05:02:36.834 1219 1248 E tlogd : [StorageChecker](listDirFile) regular file
03-09 05:02:36.834 1219 1248 E tlogd : [StorageChecker](listDirFile) FileName is /data/tlog/persist/783_persist_00445_230309_050236.log
03-09 05:02:36.834 1219 1248 E tlogd : [StorageChecker](listDirFile) regular file
03-09 05:02:36.834 1219 1248 E tlogd : [StorageChecker](listDirFile) FileName is /data/tlog/persist/783_persist_00446_230309_050237.log
03-09 05:02:36.834 1219 1248 E tlogd : [StorageChecker](listDirFile) regular file
03-09 05:02:36.835 1219 1248 E tlogd : [StorageChecker](listDirFile) FileName is /data/tlog/persist/783_persist_00447_230309_050237.log
03-09 05:02:36.835 1219 1248 E tlogd : [StorageChecker](listDirFile) regular file
03-09 05:02:36.835 1219 1248 E tlogd : [StorageChecker](listDirFile) FileName is /data/tlog/persist/785_persist_00468_700101_080009.log
03-09 05:02:36.835 1219 1248 E tlogd : [StorageChecker](listDirFile) regular file
03-09 05:02:36.835 1219 1248 E tlogd : [StorageChecker](listDirFile) FileName is /data/tlog/persist/784_persist_00450_700101_080009.log
03-09 05:02:36.835 1219 1248 E tlogd : [StorageChecker](listDirFile) regular file
03-09 05:02:36.835 1219 1248 E tlogd : [StorageChecker](listDirFile) FileName is /data/tlog/persist/784_persist_00462_230309_050237.log
03-09 05:02:36.835 1219 1248 E tlogd : [StorageChecker](listDirFile) regular file
03-09 05:02:36.835 1219 1248 E tlogd : [StorageChecker](listDirFile) FileName is /data/tlog/persist/785_persist_00470_700101_080010.log
03-09 05:02:36.835 1219 1248 E tlogd : [StorageChecker](listDirFile) regular file
03-09 05:02:36.835 1219 1248 E tlogd : [StorageChecker](listDirFile) FileName is /data/tlog/persist/785_persist_00473_230309_050236.log
03-09 05:02:36.835 1537 1537 D CompanionDeviceManagerService: Received BT state transition broadcast: OFF -> BLE_TURNING_ON
03-09 05:02:36.835 1219 1248 E tlogd : [StorageChecker](listDirFile) regular file
03-09 05:02:36.835 1219 1248 E tlogd : [StorageChecker](listDirFile) FileName is /data/tlog/persist/785_persist_00476_230309_050238.log.ing
03-09 05:02:36.835 1219 1248 E tlogd : [StorageChecker](listDirFile) regular file
03-09 05:02:36.835 1219 1248 E tlogd : [StorageChecker](listDirFile) FileName is /data/tlog/persist/787_persist_00493_700101_080010.log
03-09 05:02:36.835 1219 1248 E tlogd : [StorageChecker](listDirFile) regular file
03-09 05:02:36.835 1219 1248 E tlogd : [StorageChecker](listDirFile) FileName is /data/tlog/persist/786_persist_00481_700101_080009.log
03-09 05:02:36.835 1219 1248 E tlogd : [StorageChecker](listDirFile) regular file
03-09 05:02:36.835 1219 1248 E tlogd : [StorageChecker](listDirFile) FileName is /data/tlog/persist/786_persist_00483_700101_080009.log
03-09 05:02:36.835 1219 1248 E tlogd : [StorageChecker](listDirFile) regular file
03-09 05:02:36.835 1219 1248 E tlogd : [StorageChecker](listDirFile) FileName is /data/tlog/persist/787_persist_00497_700101_080010.log
03-09 05:02:36.835 1219 1248 E tlogd : [StorageChecker](listDirFile) regular file
03-09 05:02:36.835 1219 1248 E tlogd : [StorageChecker](listDirFile) FileName is /data/tlog/persist/787_persist_00499_230309_050235.log
03-09 05:02:36.835 1219 1248 E tlogd : [StorageChecker](listDirFile) regular file
03-09 05:02:36.835 1219 1248 E tlogd : [StorageChecker](listDirFile) FileName is /data/tlog/persist/787_persist_00500_230309_050236.log
03-09 05:02:36.835 1219 1248 E tlogd : [StorageChecker](listDirFile) regular file
03-09 05:02:36.835 1219 1248 E tlogd : [StorageChecker](listDirFile) FileName is /data/tlog/persist/788_persist_00511_700101_080009.log
03-09 05:02:36.835 1219 1248 E tlogd : [StorageChecker](listDirFile) regular file
03-09 05:02:36.835 1219 1248 E tlogd : [StorageChecker](listDirFile) FileName is /data/tlog/persist/787_persist_00502_230309_050237.log
03-09 05:02:36.835 1219 1248 E tlogd : [StorageChecker](listDirFile) regular file
03-09 05:02:36.835 1219 1248 E tlogd : [StorageChecker](listDirFile) FileName is /data/tlog/persist/788_persist_00508_700101_080009.log
03-09 05:02:36.835 1219 1248 E tlogd : [StorageChecker](listDirFile) regular file
03-09 05:02:36.835 1219 1248 E tlogd : [StorageChecker](listDirFile) FileName is /data/tlog/persist/788_persist_00509_700101_080009.log
03-09 05:02:36.835 1219 1248 E tlogd : [StorageChecker](listDirFile) regular file
03-09 05:02:36.835 1537 1537 I Telecom : WiredHeadsetManager: ACTION_HEADSET_PLUG event, plugged in: false, : WHC.oADA@AAI
03-09 05:02:36.835 1219 1248 E tlogd : [StorageChecker](listDirFile) FileName is /data/tlog/persist/788_persist_00514_230309_050236.log
03-09 05:02:36.835 1219 1248 E tlogd : [StorageChecker](listDirFile) regular file
03-09 05:02:36.835 1219 1248 E tlogd : [StorageChecker](listDirFile) FileName is /data/tlog/persist/789_persist_00522_700101_080010.log
03-09 05:02:36.835 1219 1248 E tlogd : [StorageChecker](listDirFile) regular file
03-09 05:02:36.835 1219 1248 E tlogd : [StorageChecker](listDirFile) FileName is /data/tlog/persist/790_persist_00538_700101_080009.log
03-09 05:02:36.835 1219 1248 E tlogd : [StorageChecker](listDirFile) regular file
03-09 05:02:36.835 1219 1248 E tlogd : [StorageChecker](listDirFile) FileName is /data/tlog/persist/789_persist_00523_700101_080010.log
03-09 05:02:36.835 1537 1537 I ConnectivityModuleConnector: Networking module service connected
03-09 05:02:36.835 1219 1248 E tlogd : [StorageChecker](listDirFile) regular file
03-09 05:02:36.835 1219 1248 E tlogd : [StorageChecker](listDirFile) FileName is /data/tlog/persist/789_persist_00530_230309_050237.log
03-09 05:02:36.835 1537 1537 I ConnectivityModuleConnector: Networking module service connected
03-09 05:02:36.835 1219 1248 E tlogd : [StorageChecker](listDirFile) regular file
03-09 05:02:36.835 1219 1248 E tlogd : [StorageChecker](listDirFile) FileName is /data/tlog/persist/766_persist_00204_700101_080009.log
03-09 05:02:36.835 1219 1248 E tlogd : [StorageChecker](listDirFile) regular file
03-09 05:02:36.835 1219 1248 E tlogd : [StorageChecker](listDirFile) FileName is /data/tlog/persist/766_persist_00211_230309_050237.log
03-09 05:02:36.835 1219 1248 E tlogd : [StorageChecker](listDirFile) regular file
03-09 05:02:36.835 1219 1248 E tlogd : [StorageChecker](listDirFile) FileName is /data/tlog/persist/767_persist_00215_700101_080009.log
03-09 05:02:36.835 1219 1248 E tlogd : [StorageChecker](listDirFile) regular file
03-09 05:02:36.835 1219 1248 E tlogd : [StorageChecker](listDirFile) FileName is /data/tlog/persist/767_persist_00216_700101_080009.log
03-09 05:02:36.835 2051 2654 I CCodec : setting up 'default' as default (vendor) store
03-09 05:02:36.835 1219 1248 E tlogd : [StorageChecker](listDirFile) regular file
03-09 05:02:36.835 1219 1248 E tlogd : [StorageChecker](listDirFile) FileName is /data/tlog/persist/767_persist_00220_700101_080010.log
03-09 05:02:36.835 1219 1248 E tlogd : [StorageChecker](listDirFile) regular file
03-09 05:02:36.835 1219 1248 E tlogd : [StorageChecker](listDirFile) FileName is /data/tlog/persist/767_persist_00226_230309_050237.log
03-09 05:02:36.835 1219 1248 E tlogd : [StorageChecker](listDirFile) regular file
03-09 05:02:36.835 1219 1248 E tlogd : [StorageChecker](listDirFile) FileName is /data/tlog/persist/767_persist_00221_230309_050235.log
03-09 05:02:36.835 821 2594 D vendor.qti.bluetooth@1.0-uart_transport: OpenUart: succeed to open /dev/ttyHS0, fd: 8
03-09 05:02:36.835 1219 1248 E tlogd : [StorageChecker](listDirFile) regular file
03-09 05:02:36.835 821 2594 D vendor.qti.bluetooth@1.0-uart_transport: InitTransport: soc_type(4), opening '/dev/ttyHS0' return fd=8
03-09 05:02:36.835 1219 1248 E tlogd : [StorageChecker](listDirFile) FileName is /data/tlog/persist/767_persist_00224_230309_050237.log
03-09 05:02:36.835 1219 1248 E tlogd : [StorageChecker](listDirFile) regular file
03-09 05:02:36.835 1219 1248 E tlogd : [StorageChecker](listDirFile) FileName is /data/tlog/persist/767_persist_00225_230309_050237.log
03-09 05:02:36.835 821 2594 D vendor.qti.bluetooth@1.0-patch_dl_manager: PatchDLManager
03-09 05:02:36.836 1219 1248 E tlogd : [StorageChecker](listDirFile) regular file
03-09 05:02:36.836 1219 1248 E tlogd : [StorageChecker](listDirFile) FileName is /data/tlog/persist/768_persist_00228_700101_080009.log
03-09 05:02:36.836 1219 1248 E tlogd : [StorageChecker](listDirFile) regular file
03-09 05:02:36.836 1219 1248 E tlogd : [StorageChecker](listDirFile) FileName is /data/tlog/persist/768_persist_00232_700101_080009.log
03-09 05:02:36.836 821 2594 D vendor.qti.bluetooth@1.0-ibs_handler: IsEnabled: Reading sibs property
03-09 05:02:36.836 1219 1248 E tlogd : [StorageChecker](listDirFile) regular file
03-09 05:02:36.836 821 2594 D vendor.qti.bluetooth@1.0-ibs_handler: IsEnabled: Done reading sibs property
03-09 05:02:36.836 821 2594 D vendor.qti.bluetooth@1.0-ibs_handler: IsEnabled: SIBS enabled: true
03-09 05:02:36.836 821 2594 D vendor.qti.bluetooth@1.0-ibs_handler: IbsHandler
03-09 05:02:36.836 821 2594 D vendor.qti.bluetooth@1.0-ibs_handler: InitInt: tty_fd = 8
03-09 05:02:36.836 1537 1647 I ActivityManagerTiming: FinishBooting
03-09 05:02:36.836 821 2594 D vendor.qti.bluetooth@1.0-bluetooth_address: GetLocalAddress
03-09 05:02:36.836 2051 2654 I CCodec : Created component [c2.android.vorbis.decoder]
03-09 05:02:36.836 2051 2654 D CCodecConfig: read media type: audio/vorbis
03-09 05:02:36.836 2646 2646 I Zygote : seccomp disabled by setenforce 0
03-09 05:02:36.837 1537 1647 W KeyguardServiceDelegate: onScreenTurningOn(): no keyguard service!
03-09 05:02:36.837 2051 2654 D ReflectedParamUpdater: extent() != 1 for single value type: algo.buffers.max-count.values
03-09 05:02:36.837 821 2594 E vendor.qti.bluetooth@1.0-bluetooth_address: CMD result: 1
03-09 05:02:36.837 821 2594 I vendor.qti.bluetooth@1.0-uart_transport: ## userial_vendor_ioctl: UART Flow On
03-09 05:02:36.837 821 2594 I vendor.qti.bluetooth@1.0-patch_dl_manager: Wipower not enabled
03-09 05:02:36.837 821 2594 I vendor.qti.bluetooth@1.0-patch_dl_manager: SocInit
03-09 05:02:36.837 821 2594 D vendor.qti.bluetooth@1.0-patch_dl_manager: PatchVerReq: Sending Get Version CMD to SOC
03-09 05:02:36.837 821 2594 D vendor.qti.bluetooth@1.0-patch_dl_manager: HciSendVsCmd: Get Version Cmd sent to SOC
03-09 05:02:36.837 1537 1537 D MediaSessionService: Global priority session is changed from null to com.android.server.telecom/HeadsetMediaButton (userId=0)
03-09 05:02:36.837 1537 1537 I ExplicitHealthCheckController: Explicit health check service is connected ComponentInfo{android.ext.services/android.ext.services.watchdog.ExplicitHealthCheckServiceImpl}
03-09 05:02:36.838 1537 1537 I ExplicitHealthCheckController: Service initialized, syncing requests
03-09 05:02:36.838 1537 1537 V NotificationAssistants: 0 notification assistant service connected: ComponentInfo{android.ext.services/android.ext.services.notification.Assistant}
03-09 05:02:36.838 2051 2654 D ReflectedParamUpdater: extent() != 1 for single value type: output.subscribed-indices.values
03-09 05:02:36.838 2051 2654 D ReflectedParamUpdater: extent() != 1 for single value type: input.buffers.allocator-ids.values
03-09 05:02:36.838 2051 2654 D ReflectedParamUpdater: extent() != 1 for single value type: output.buffers.allocator-ids.values
03-09 05:02:36.838 2051 2654 D ReflectedParamUpdater: extent() != 1 for single value type: algo.buffers.allocator-ids.values
03-09 05:02:36.838 2051 2654 D ReflectedParamUpdater: extent() != 1 for single value type: output.buffers.pool-ids.values
03-09 05:02:36.838 1219 1248 E tlogd : [StorageChecker](listDirFile) regular file
03-09 05:02:36.838 2051 2654 D ReflectedParamUpdater: extent() != 1 for single value type: algo.buffers.pool-ids.values
03-09 05:02:36.838 1219 1248 E tlogd : [StorageChecker](listDirFile) FileName is /data/tlog/persist/783_persist_00442_700101_080009.log
03-09 05:02:36.838 1219 1248 E tlogd : [StorageChecker](listDirFile) regular file
03-09 05:02:36.838 1219 1248 E tlogd : [StorageChecker](listDirFile) FileName is /data/tlog/persist/768_persist_00229_700101_080009.log
03-09 05:02:36.838 1219 1248 E tlogd : [StorageChecker](listDirFile) regular file
03-09 05:02:36.838 1219 1248 E tlogd : [StorageChecker](listDirFile) FileName is /data/tlog/persist/768_persist_00230_700101_080009.log
03-09 05:02:36.838 1219 1248 E tlogd : [StorageChecker](listDirFile) regular file
03-09 05:02:36.838 2051 2641 W Codec2Client: query -- param skipped: index = 1342179345.
03-09 05:02:36.838 1219 1248 E tlogd : [StorageChecker](listDirFile) FileName is /data/tlog/persist/768_persist_00238_230309_050236.log
03-09 05:02:36.838 2051 2641 W Codec2Client: query -- param skipped: index = 2415921170.
03-09 05:02:36.838 1219 1248 E tlogd : [StorageChecker](listDirFile) regular file
03-09 05:02:36.838 1219 1248 E tlogd : [StorageChecker](listDirFile) FileName is /data/tlog/persist/768_persist_00241_230309_050238.log.ing
03-09 05:02:36.838 1219 1248 E tlogd : [StorageChecker](listDirFile) regular file
03-09 05:02:36.838 1219 1248 E tlogd : [StorageChecker](listDirFile) FileName is /data/tlog/persist/768_persist_00239_230309_050237.log
03-09 05:02:36.838 1219 1248 E tlogd : [StorageChecker](listDirFile) regular file
03-09 05:02:36.838 1219 1248 E tlogd : [StorageChecker](listDirFile) FileName is /data/tlog/persist/769_persist_00247_700101_080009.log
03-09 05:02:36.838 1219 1248 E tlogd : [StorageChecker](listDirFile) regular file
03-09 05:02:36.838 1219 1248 E tlogd : [StorageChecker](listDirFile) FileName is /data/tlog/persist/770_persist_00257_700101_080009.log
03-09 05:02:36.838 1219 1248 E tlogd : [StorageChecker](listDirFile) regular file
03-09 05:02:36.838 1219 1248 E tlogd : [StorageChecker](listDirFile) FileName is /data/tlog/persist/770_persist_00261_700101_080009.log
03-09 05:02:36.838 1219 1248 E tlogd : [StorageChecker](listDirFile) regular file
03-09 05:02:36.838 2051 2641 D C2Store : Using ION
03-09 05:02:36.838 1219 1248 E tlogd : [StorageChecker](listDirFile) FileName is /data/tlog/persist/770_persist_00264_230309_050235.log
03-09 05:02:36.838 1219 1248 E tlogd : [StorageChecker](listDirFile) regular file
03-09 05:02:36.838 1219 1248 E tlogd : [StorageChecker](listDirFile) FileName is /data/tlog/persist/770_persist_00266_230309_050237.log
03-09 05:02:36.838 1219 1248 E tlogd : [StorageChecker](listDirFile) regular file
03-09 05:02:36.838 1219 1248 E tlogd : [StorageChecker](listDirFile) FileName is /data/tlog/persist/771_persist_00274_700101_080009.log
03-09 05:02:36.838 1219 1248 E tlogd : [StorageChecker](listDirFile) regular file
03-09 05:02:36.838 2051 2654 I CCodecConfig: query failed after returning 7 values (BAD_INDEX)
03-09 05:02:36.838 1219 1248 E tlogd : [StorageChecker](listDirFile) FileName is /data/tlog/persist/771_persist_00270_700101_080009.log
03-09 05:02:36.838 1219 1248 E tlogd : [StorageChecker](listDirFile) regular file
03-09 05:02:36.838 2051 2654 D CCodecConfig: c2 config diff is Dict {
03-09 05:02:36.838 2051 2654 D CCodecConfig: c2::u32 coded.bitrate.value = 64000
03-09 05:02:36.838 2051 2654 D CCodecConfig: c2::u32 input.buffers.max-size.value = 32768
03-09 05:02:36.838 2051 2654 D CCodecConfig: c2::u32 input.delay.value = 0
03-09 05:02:36.838 2051 2654 D CCodecConfig: string input.media-type.value = "audio/vorbis"
03-09 05:02:36.838 2051 2654 D CCodecConfig: string output.media-type.value = "audio/raw"
03-09 05:02:36.838 2051 2654 D CCodecConfig: c2::u32 raw.channel-count.value = 1
03-09 05:02:36.838 2051 2654 D CCodecConfig: c2::u32 raw.sample-rate.value = 48000
03-09 05:02:36.838 2051 2654 D CCodecConfig: }
03-09 05:02:36.838 1219 1248 E tlogd : [StorageChecker](listDirFile) FileName is /data/tlog/persist/771_persist_00272_700101_080009.log
03-09 05:02:36.838 1219 1248 E tlogd : [StorageChecker](listDirFile) regular file
03-09 05:02:36.838 1219 1248 E tlogd : [StorageChecker](listDirFile) FileName is /data/tlog/persist/771_persist_00276_700101_080010.log
03-09 05:02:36.838 1219 1248 E tlogd : [StorageChecker](listDirFile) regular file
03-09 05:02:36.838 1219 1248 E tlogd : [StorageChecker](listDirFile) FileName is /data/tlog/persist/773_persist_00297_700101_080009.log
03-09 05:02:36.838 1219 1248 E tlogd : [StorageChecker](listDirFile) regular file
03-09 05:02:36.838 1219 1248 E tlogd : [StorageChecker](listDirFile) FileName is /data/tlog/persist/773_persist_00306_230309_050236.log
03-09 05:02:36.839 1219 1248 E tlogd : [StorageChecker](listDirFile) regular file
03-09 05:02:36.839 1219 1248 E tlogd : [StorageChecker](listDirFile) FileName is /data/tlog/persist/773_persist_00301_700101_080009.log
03-09 05:02:36.839 1219 1248 E tlogd : [StorageChecker](listDirFile) regular file
03-09 05:02:36.839 1219 1248 E tlogd : [StorageChecker](listDirFile) FileName is /data/tlog/persist/773_persist_00305_230309_050236.log
03-09 05:02:36.839 1219 1248 E tlogd : [StorageChecker](listDirFile) regular file
03-09 05:02:36.839 1219 1248 E tlogd : [StorageChecker](listDirFile) FileName is /data/tlog/persist/773_persist_00307_230309_050237.log
03-09 05:02:36.839 1219 1248 E tlogd : [StorageChecker](listDirFile) regular file
03-09 05:02:36.839 1219 1248 E tlogd : [StorageChecker](listDirFile) FileName is /data/tlog/persist/773_persist_00309_230309_050238.log
03-09 05:02:36.839 1219 1248 E tlogd : [StorageChecker](listDirFile) regular file
03-09 05:02:36.839 1219 1248 E tlogd : [StorageChecker](listDirFile) FileName is /data/tlog/persist/773_persist_00310_230309_050240.log.ing
03-09 05:02:36.839 1219 1248 E tlogd : [StorageChecker](listDirFile) regular file
03-09 05:02:36.839 1219 1248 E tlogd : [StorageChecker](listDirFile) FileName is /data/tlog/persist/774_persist_00320_230309_050236.log
03-09 05:02:36.839 1219 1248 E tlogd : [StorageChecker](listDirFile) regular file
03-09 05:02:36.839 1219 1248 E tlogd : [StorageChecker](listDirFile) FileName is /data/tlog/persist/774_persist_00316_700101_080009.log
03-09 05:02:36.839 1219 1248 E tlogd : [StorageChecker](listDirFile) regular file
03-09 05:02:36.839 1219 1248 E tlogd : [StorageChecker](listDirFile) FileName is /data/tlog/persist/774_persist_00324_230309_050239.log.ing
03-09 05:02:36.839 1219 1248 E tlogd : [StorageChecker](listDirFile) regular file
03-09 05:02:36.839 1219 1248 E tlogd : [StorageChecker](listDirFile) FileName is /data/tlog/persist/775_persist_00328_700101_080009.log
03-09 05:02:36.839 1219 1248 E tlogd : [StorageChecker](listDirFile) regular file
03-09 05:02:36.839 1219 1248 E tlogd : [StorageChecker](listDirFile) FileName is /data/tlog/persist/776_persist_00339_700101_080009.log
03-09 05:02:36.839 1219 1248 E tlogd : [StorageChecker](listDirFile) regular file
03-09 05:02:36.839 1219 1248 E tlogd : [StorageChecker](listDirFile) FileName is /data/tlog/persist/776_persist_00341_700101_080009.log
03-09 05:02:36.839 1219 1248 E tlogd : [StorageChecker](listDirFile) regular file
03-09 05:02:36.839 1219 1248 E tlogd : [StorageChecker](listDirFile) FileName is /data/tlog/persist/776_persist_00343_700101_080009.log
03-09 05:02:36.839 1219 1248 E tlogd : [StorageChecker](listDirFile) regular file
03-09 05:02:36.839 1219 1248 E tlogd : [StorageChecker](listDirFile) FileName is /data/tlog/persist/777_persist_00363_230309_050237.log
03-09 05:02:36.839 1219 1248 E tlogd : [StorageChecker](listDirFile) regular file
03-09 05:02:36.839 1219 1248 E tlogd : [StorageChecker](listDirFile) FileName is /data/tlog/persist/778_persist_00368_700101_080009.log
03-09 05:02:36.839 1219 1248 E tlogd : [StorageChecker](listDirFile) regular file
03-09 05:02:36.839 1219 1248 E tlogd : [StorageChecker](listDirFile) FileName is /data/tlog/persist/778_persist_00373_700101_080009.log
03-09 05:02:36.839 1219 1248 E tlogd : [StorageChecker](listDirFile) regular file
03-09 05:02:36.839 1219 1248 E tlogd : [StorageChecker](listDirFile) FileName is /data/tlog/persist/779_persist_00386_700101_080009.log
03-09 05:02:36.839 1219 1248 E tlogd : [StorageChecker](listDirFile) regular file
03-09 05:02:36.839 1219 1248 E tlogd : [StorageChecker](listDirFile) FileName is /data/tlog/persist/778_persist_00378_230309_050237.log
03-09 05:02:36.839 1219 1248 E tlogd : [StorageChecker](listDirFile) regular file
03-09 05:02:36.839 1219 1248 E tlogd : [StorageChecker](listDirFile) FileName is /data/tlog/persist/779_persist_00384_700101_080009.log
03-09 05:02:36.839 1219 1248 E tlogd : [StorageChecker](listDirFile) regular file
03-09 05:02:36.839 1219 1248 E tlogd : [StorageChecker](listDirFile) FileName is /data/tlog/persist/779_persist_00390_230309_050236.log
03-09 05:02:36.839 1219 1248 E tlogd : [StorageChecker](listDirFile) regular file
03-09 05:02:36.839 2051 2641 D CCodecBufferChannel: [c2.android.vorbis.decoder#641] Created input block pool with allocatorID 16 => poolID 17 - OK (0)
03-09 05:02:36.839 1219 1248 E tlogd : [StorageChecker](listDirFile) FileName is /data/tlog/persist/780_persist_00395_700101_080009.log
03-09 05:02:36.839 1219 1248 E tlogd : [StorageChecker](listDirFile) regular file
03-09 05:02:36.839 1219 1248 E tlogd : [StorageChecker](listDirFile) FileName is /data/tlog/persist/780_persist_00403_230309_050235.log
03-09 05:02:36.839 1219 1248 E tlogd : [StorageChecker](listDirFile) regular file
03-09 05:02:36.839 1219 1248 E tlogd : [StorageChecker](listDirFile) FileName is /data/tlog/persist/780_persist_00399_700101_080009.log
03-09 05:02:36.839 1219 1248 E tlogd : [StorageChecker](listDirFile) regular file
03-09 05:02:36.839 1219 1248 E tlogd : [StorageChecker](listDirFile) FileName is /data/tlog/persist/780_persist_00400_700101_080009.log
03-09 05:02:36.839 1219 1248 E tlogd : [StorageChecker](listDirFile) regular file
03-09 05:02:36.839 1219 1248 E tlogd : [StorageChecker](listDirFile) FileName is /data/tlog/persist/780_persist_00406_230309_050237.log
03-09 05:02:36.840 1219 1248 E tlogd : [StorageChecker](listDirFile) regular file
03-09 05:02:36.840 1219 1248 E tlogd : [StorageChecker](listDirFile) FileName is /data/tlog/persist/781_persist_00410_700101_080009.log
03-09 05:02:36.840 1219 1248 E tlogd : [StorageChecker](listDirFile) regular file
03-09 05:02:36.840 1219 1248 E tlogd : [StorageChecker](listDirFile) FileName is /data/tlog/persist/781_persist_00415_230309_050235.log
03-09 05:02:36.840 1219 1248 E tlogd : [StorageChecker](listDirFile) regular file
03-09 05:02:36.840 1219 1248 E tlogd : [StorageChecker](listDirFile) FileName is /data/tlog/persist/781_persist_00420_230309_050237.log
03-09 05:02:36.840 1219 1248 E tlogd : [StorageChecker](listDirFile) regular file
03-09 05:02:36.840 1219 1248 E tlogd : [StorageChecker](listDirFile) FileName is /data/tlog/persist/782_persist_00424_700101_080009.log
03-09 05:02:36.840 1219 1248 E tlogd : [StorageChecker](listDirFile) regular file
03-09 05:02:36.840 1219 1248 E tlogd : [StorageChecker](listDirFile) FileName is /data/tlog/persist/782_persist_00425_700101_080009.log
03-09 05:02:36.840 1219 1248 E tlogd : [StorageChecker](listDirFile) regular file
03-09 05:02:36.840 1219 1248 E tlogd : [StorageChecker](listDirFile) FileName is /data/tlog/persist/782_persist_00432_230309_050237.log
03-09 05:02:36.840 1219 1248 E tlogd : [StorageChecker](listDirFile) regular file
03-09 05:02:36.840 1219 1248 E tlogd : [StorageChecker](listDirFile) FileName is /data/tlog/persist/782_persist_00433_230309_050237.log
03-09 05:02:36.840 1219 1248 E tlogd : [StorageChecker](listDirFile) regular file
03-09 05:02:36.840 1219 1248 E tlogd : [StorageChecker](listDirFile) FileName is /data/tlog/persist/784_persist_00456_700101_080009.log
03-09 05:02:36.840 1219 1248 E tlogd : [StorageChecker](listDirFile) regular file
03-09 05:02:36.840 1219 1248 E tlogd : [StorageChecker](listDirFile) FileName is /data/tlog/persist/782_persist_00434_230309_050238.log
03-09 05:02:36.840 2051 2654 D CCodec : [c2.android.vorbis.decoder] buffers are bound to CCodec for this session
03-09 05:02:36.840 1219 1248 E tlogd : [StorageChecker](listDirFile) regular file
03-09 05:02:36.840 1219 1248 E tlogd : [StorageChecker](listDirFile) FileName is /data/tlog/persist/784_persist_00458_230309_050235.log
03-09 05:02:36.840 2051 2654 D CCodecConfig: no c2 equivalents for durationUs
03-09 05:02:36.840 1219 1248 E tlogd : [StorageChecker](listDirFile) regular file
03-09 05:02:36.840 2051 2654 D CCodecConfig: no c2 equivalents for track-id
03-09 05:02:36.840 2051 2654 D CCodecConfig: no c2 equivalents for csd-1
03-09 05:02:36.840 1219 1248 E tlogd : [StorageChecker](listDirFile) FileName is /data/tlog/persist/784_persist_00459_230309_050235.log
03-09 05:02:36.840 2051 2654 D CCodecConfig: no c2 equivalents for language
03-09 05:02:36.840 1219 1248 E tlogd : [StorageChecker](listDirFile) regular file
03-09 05:02:36.840 2051 2654 D CCodecConfig: no c2 equivalents for file-format
03-09 05:02:36.840 2051 2654 D CCodecConfig: no c2 equivalents for flags
03-09 05:02:36.840 1219 1248 E tlogd : [StorageChecker](listDirFile) FileName is /data/tlog/persist/785_persist_00466_700101_080009.log
03-09 05:02:36.840 2051 2641 I CCodecBufferChannel: [c2.android.vorbis.decoder#641] Created output block pool with allocatorID 16 => poolID 23 - OK
03-09 05:02:36.840 1219 1248 E tlogd : [StorageChecker](listDirFile) regular file
03-09 05:02:36.840 1219 1248 E tlogd : [StorageChecker](listDirFile) FileName is /data/tlog/persist/785_persist_00464_700101_080009.log
03-09 05:02:36.840 1219 1248 E tlogd : [StorageChecker](listDirFile) regular file
03-09 05:02:36.840 1219 1248 E tlogd : [StorageChecker](listDirFile) FileName is /data/tlog/persist/785_persist_00474_230309_050237.log
03-09 05:02:36.840 1219 1248 E tlogd : [StorageChecker](listDirFile) regular file
03-09 05:02:36.840 2051 2641 D CCodecBufferChannel: [c2.android.vorbis.decoder#641] Configured output block pool ids 23 => OK
03-09 05:02:36.840 1219 1248 E tlogd : [StorageChecker](listDirFile) FileName is /data/tlog/persist/785_persist_00471_230309_050235.log
03-09 05:02:36.840 1219 1248 E tlogd : [StorageChecker](listDirFile) regular file
03-09 05:02:36.840 1219 1248 E tlogd : [StorageChecker](listDirFile) FileName is /data/tlog/persist/785_persist_00472_230309_050236.log
03-09 05:02:36.840 1219 1248 E tlogd : [StorageChecker](listDirFile) regular file
03-09 05:02:36.840 1219 1248 E tlogd : [StorageChecker](listDirFile) FileName is /data/tlog/persist/785_persist_00475_230309_050238.log
03-09 05:02:36.840 1219 1248 E tlogd : [StorageChecker](listDirFile) regular file
03-09 05:02:36.840 1219 1248 E tlogd : [StorageChecker](listDirFile) FileName is /data/tlog/persist/786_persist_00478_700101_080009.log
03-09 05:02:36.840 2051 2641 D CCodecBufferChannel: [c2.android.vorbis.decoder#641] start: updating output delay 0
03-09 05:02:36.840 1219 1248 E tlogd : [StorageChecker](listDirFile) regular file
03-09 05:02:36.840 1219 1248 E tlogd : [StorageChecker](listDirFile) FileName is /data/tlog/persist/786_persist_00485_230309_050235.log
03-09 05:02:36.840 1219 1248 E tlogd : [StorageChecker](listDirFile) regular file
03-09 05:02:36.840 1219 1248 E tlogd : [StorageChecker](listDirFile) FileName is /data/tlog/persist/786_persist_00484_230309_050235.log
03-09 05:02:36.840 2051 2654 D CCodecConfig: config failed => CORRUPTED
03-09 05:02:36.840 1219 1248 E tlogd : [StorageChecker](listDirFile) regular file
03-09 05:02:36.840 1219 1248 E tlogd : [StorageChecker](listDirFile) FileName is /data/tlog/persist/786_persist_00486_230309_050236.log
03-09 05:02:36.840 1219 1248 E tlogd : [StorageChecker](listDirFile) regular file
03-09 05:02:36.840 1219 1248 E tlogd : [StorageChecker](listDirFile) FileName is /data/tlog/persist/786_persist_00488_230309_050237.log
03-09 05:02:36.840 2051 2654 D CCodecConfig: c2 config diff is c2::u32 coded.bitrate.value = 160000
03-09 05:02:36.840 2051 2654 D CCodecConfig: c2::u32 raw.channel-count.value = 2
03-09 05:02:36.840 2051 2654 D CCodecConfig: c2::u32 raw.sample-rate.value = 44100
03-09 05:02:36.840 1219 1248 E tlogd : [StorageChecker](listDirFile) regular file
03-09 05:02:36.840 1219 1248 E tlogd : [StorageChecker](listDirFile) FileName is /data/tlog/persist/786_persist_00489_230309_050237.log
03-09 05:02:36.840 2051 2641 E ion : ioctl c0044901 failed with code -1: Inappropriate ioctl for device
03-09 05:02:36.840 1219 1248 E tlogd : [StorageChecker](listDirFile) regular file
03-09 05:02:36.840 1219 1248 E tlogd : [StorageChecker](listDirFile) FileName is /data/tlog/persist/787_persist_00491_700101_080009.log
03-09 05:02:36.840 1219 1248 E tlogd : [StorageChecker](listDirFile) regular file
03-09 05:02:36.840 1219 1248 E tlogd : [StorageChecker](listDirFile) FileName is /data/tlog/persist/784_persist_00460_230309_050236.log
03-09 05:02:36.840 1219 1248 E tlogd : [StorageChecker](listDirFile) regular file
03-09 05:02:36.840 1219 1248 E tlogd : [StorageChecker](listDirFile) FileName is /data/tlog/persist/787_persist_00498_230309_050235.log
03-09 05:02:36.840 1219 1248 E tlogd : [StorageChecker](listDirFile) regular file
03-09 05:02:36.840 1219 1248 E tlogd : [StorageChecker](listDirFile) FileName is /data/tlog/persist/786_persist_00480_700101_080009.log
03-09 05:02:36.840 1219 1248 E tlogd : [StorageChecker](listDirFile) regular file
03-09 05:02:36.840 1219 1248 E tlogd : [StorageChecker](listDirFile) FileName is /data/tlog/persist/787_persist_00494_700101_080010.log
03-09 05:02:36.840 1219 1248 E tlogd : [StorageChecker](listDirFile) regular file
03-09 05:02:36.840 1219 1248 E tlogd : [StorageChecker](listDirFile) FileName is /data/tlog/persist/787_persist_00501_230309_050237.log
03-09 05:02:36.841 1219 1248 E tlogd : [StorageChecker](listDirFile) regular file
03-09 05:02:36.841 1219 1248 E tlogd : [StorageChecker](listDirFile) FileName is /data/tlog/persist/788_persist_00510_700101_080009.log
03-09 05:02:36.841 1219 1248 E tlogd : [StorageChecker](listDirFile) regular file
03-09 05:02:36.841 1219 1248 E tlogd : [StorageChecker](listDirFile) FileName is /data/tlog/persist/788_persist_00513_230309_050235.log
03-09 05:02:36.841 1219 1248 E tlogd : [StorageChecker](listDirFile) regular file
03-09 05:02:36.841 1219 1248 E tlogd : [StorageChecker](listDirFile) FileName is /data/tlog/persist/789_persist_00526_230309_050235.log
03-09 05:02:36.841 1219 1248 E tlogd : [StorageChecker](listDirFile) regular file
03-09 05:02:36.841 1219 1248 E tlogd : [StorageChecker](listDirFile) FileName is /data/tlog/persist/790_persist_00534_700101_080009.log
03-09 05:02:36.841 1219 1248 E tlogd : [StorageChecker](listDirFile) regular file
03-09 05:02:36.841 1219 1248 E tlogd : [StorageChecker](listDirFile) FileName is /data/tlog/persist/790_persist_00541_230309_050236.log
03-09 05:02:36.841 1219 1248 E tlogd : [StorageChecker](listDirFile) regular file
03-09 05:02:36.841 1219 1248 E tlogd : [StorageChecker](listDirFile) FileName is /data/tlog/persist/790_persist_00537_700101_080009.log
03-09 05:02:36.841 1219 1248 E tlogd : [StorageChecker](listDirFile) regular file
03-09 05:02:36.841 1219 1248 E tlogd : [StorageChecker](listDirFile) FileName is /data/tlog/persist/791_persist_00551_700101_080009.log
03-09 05:02:36.841 2051 2641 I CCodecBufferChannel: pipelineRoom(3) is <= numClientBuffers(3). Not signalling any more buffers to client
03-09 05:02:36.841 2051 2654 W Codec2Client: query -- param skipped: index = 1107298332.
03-09 05:02:36.841 2051 2629 D KeyguardViewMediator: updateActivityLockScreenState(false, false)
03-09 05:02:36.841 2051 2654 D CCodec : setup formats input: AMessage(what = 0x00000000) = {
03-09 05:02:36.841 2051 2654 D CCodec : int32_t bitrate = 160000
03-09 05:02:36.841 2051 2654 D CCodec : int32_t channel-count = 2
03-09 05:02:36.841 2051 2654 D CCodec : int32_t max-input-size = 65307
03-09 05:02:36.841 2051 2654 D CCodec : string mime = "audio/vorbis"
03-09 05:02:36.841 2051 2654 D CCodec : int32_t sample-rate = 44100
03-09 05:02:36.841 2051 2654 D CCodec : }
03-09 05:02:36.841 2051 2654 D CCodec : setup formats output: AMessage(what = 0x00000000) = {
03-09 05:02:36.841 2051 2654 D CCodec : int32_t channel-count = 2
03-09 05:02:36.841 2051 2654 D CCodec : string mime = "audio/raw"
03-09 05:02:36.841 2051 2654 D CCodec : int32_t sample-rate = 44100
03-09 05:02:36.841 2051 2654 D CCodec : int32_t android._config-pcm-encoding = 2
03-09 05:02:36.841 2051 2654 D CCodec : }
03-09 05:02:36.841 1219 1248 E tlogd : [StorageChecker](listDirFile) regular file
03-09 05:02:36.841 1219 1248 E tlogd : [StorageChecker](listDirFile) FileName is /data/tlog/persist/791_persist_00554_230309_050235.log
03-09 05:02:36.841 1219 1248 E tlogd : [StorageChecker](listDirFile) regular file
03-09 05:02:36.841 1219 1248 E tlogd : [StorageChecker](listDirFile) FileName is /data/tlog/persist/791_persist_00557_230309_050237.log
03-09 05:02:36.841 1219 1248 E tlogd : [StorageChecker](listDirFile) regular file
03-09 05:02:36.841 1219 1248 E tlogd : [StorageChecker](listDirFile) FileName is /data/tlog/persist/791_persist_00559_230309_050240.log.ing
03-09 05:02:36.841 1219 1248 E tlogd : [StorageChecker](listDirFile) regular file
03-09 05:02:36.841 1219 1248 E tlogd : [StorageChecker](listDirFile) FileName is /data/tlog/persist/792_persist_00573_230309_050239.log.ing
03-09 05:02:36.841 1219 1248 E tlogd : [StorageChecker](listDirFile) regular file
03-09 05:02:36.841 1219 1248 E tlogd : [StorageChecker](listDirFile) FileName is /data/tlog/persist/793_persist_00574_700101_080009.log
03-09 05:02:36.841 1219 1248 E tlogd : [StorageChecker](listDirFile) regular file
03-09 05:02:36.841 1219 1248 E tlogd : [StorageChecker](listDirFile) FileName is /data/tlog/persist/793_persist_00578_700101_080009.log
03-09 05:02:36.841 1219 1248 E tlogd : [StorageChecker](listDirFile) regular file
03-09 05:02:36.841 2051 2654 I CCodecConfig: query failed after returning 7 values (BAD_INDEX)
03-09 05:02:36.841 1537 1537 I GameModeConfig: isGameModeOn = false
03-09 05:02:36.841 1219 1248 E tlogd : [StorageChecker](listDirFile) regular file
03-09 05:02:36.841 1219 1248 E tlogd : [StorageChecker](listDirFile) FileName is /data/tlog/persist/798_persist_00647_700101_080009.log
03-09 05:02:36.841 1219 1248 E tlogd : [StorageChecker](listDirFile) regular file
03-09 05:02:36.841 1193 2089 D MediaBufferGroup: creating MemoryDealer
03-09 05:02:36.841 1219 1248 E tlogd : [StorageChecker](listDirFile) FileName is /data/tlog/persist/799_persist_00661_700101_080009.log
03-09 05:02:36.841 1219 1248 E tlogd : [StorageChecker](listDirFile) regular file
03-09 05:02:36.841 1219 1248 E tlogd : [StorageChecker](listDirFile) FileName is /data/tlog/persist/799_persist_00670_230309_050237.log
03-09 05:02:36.841 1219 1248 E tlogd : [StorageChecker](listDirFile) regular file
03-09 05:02:36.841 1219 1248 E tlogd : [StorageChecker](listDirFile) FileName is /data/tlog/persist/801_persist_00701_230309_050240.log.ing
03-09 05:02:36.841 1219 1248 E tlogd : [StorageChecker](listDirFile) regular file
03-09 05:02:36.841 2051 2641 I CCodecBufferChannel: pipelineRoom(2) is <= numClientBuffers(2). Not signalling any more buffers to client
03-09 05:02:36.841 1219 1248 E tlogd : [StorageChecker](listDirFile) FileName is /data/tlog/persist/800_persist_00674_700101_080009.log
03-09 05:02:36.841 1219 1248 E tlogd : [StorageChecker](listDirFile) regular file
03-09 05:02:36.842 1219 1248 E tlogd : [StorageChecker](listDirFile) FileName is /data/tlog/persist/803_persist_00728_230309_050237.log
03-09 05:02:36.842 1219 1248 E tlogd : [StorageChecker](listDirFile) regular file
03-09 05:02:36.842 1219 1248 E tlogd : [StorageChecker](listDirFile) FileName is /data/tlog/persist/804_persist_00740_230309_050237.log
03-09 05:02:36.842 1219 1248 E tlogd : [StorageChecker](listDirFile) regular file
03-09 05:02:36.842 2051 2641 I CCodecBufferChannel: pipelineRoom(1) is <= numClientBuffers(1). Not signalling any more buffers to client
03-09 05:02:36.842 1219 1248 E tlogd : [StorageChecker](listDirFile) FileName is /data/tlog/persist/805_persist_00748_700101_080009.log
03-09 05:02:36.842 1219 1248 E tlogd : [StorageChecker](listDirFile) regular file
03-09 05:02:36.842 1219 1248 E tlogd : [StorageChecker](listDirFile) FileName is /data/tlog/persist/806_persist_00758_700101_080009.log
03-09 05:02:36.842 1219 1248 E tlogd : [StorageChecker](listDirFile) regular file
03-09 05:02:36.842 1219 1248 E tlogd : [StorageChecker](listDirFile) FileName is /data/tlog/persist/806_persist_00762_700101_080009.log
03-09 05:02:36.842 1219 1248 E tlogd : [StorageChecker](listDirFile) regular file
03-09 05:02:36.842 1219 1248 E tlogd : [StorageChecker](listDirFile) FileName is /data/tlog/persist/806_persist_00763_700101_080009.log
03-09 05:02:36.842 1219 1248 E tlogd : [StorageChecker](listDirFile) regular file
03-09 05:02:36.842 1219 1248 E tlogd : [StorageChecker](listDirFile) FileName is /data/tlog/persist/807_persist_00776_700101_080010.log
03-09 05:02:36.842 2619 2619 V GraphicsEnvironment: ANGLE Developer option for 'com.qualcomm.qti.qccauthmgr' set to: 'default'
03-09 05:02:36.842 1219 1248 E tlogd : [StorageChecker](listDirFile) regular file
03-09 05:02:36.842 1219 1248 E tlogd : [StorageChecker](listDirFile) FileName is /data/tlog/persist/808_persist_00786_700101_080009.log
03-09 05:02:36.842 1219 1248 E tlogd : [StorageChecker](listDirFile) regular file
03-09 05:02:36.842 1219 1248 E tlogd : [StorageChecker](listDirFile) FileName is /data/tlog/persist/808_persist_00787_700101_080009.log
03-09 05:02:36.842 1219 1248 E tlogd : [StorageChecker](listDirFile) regular file
03-09 05:02:36.842 1219 1248 E tlogd : [StorageChecker](listDirFile) FileName is /data/tlog/persist/809_persist_00810_230309_050237.log
03-09 05:02:36.842 1219 1248 E tlogd : [StorageChecker](listDirFile) regular file
03-09 05:02:36.842 1219 1248 E tlogd : [StorageChecker](listDirFile) FileName is /data/tlog/persist/808_persist_00795_230309_050236.log
03-09 05:02:36.842 1219 1248 E tlogd : [StorageChecker](listDirFile) regular file
03-09 05:02:36.842 1219 1248 E tlogd : [StorageChecker](listDirFile) FileName is /data/tlog/persist/809_persist_00813_230309_050239.log.ing
03-09 05:02:36.842 1537 1537 W NotificationHistory: Attempted to add notif for locked/gone/disabled user 0
03-09 05:02:36.842 1219 1248 E tlogd : [StorageChecker](listDirFile) regular file
03-09 05:02:36.842 1219 1248 E tlogd : [StorageChecker](listDirFile) FileName is /data/tlog/persist/811_persist_00830_700101_080009.log
03-09 05:02:36.842 1219 1248 E tlogd : [StorageChecker](listDirFile) regular file
03-09 05:02:36.842 1219 1248 E tlogd : [StorageChecker](listDirFile) FileName is /data/tlog/persist/811_persist_00834_700101_080010.log
03-09 05:02:36.842 1219 1248 E tlogd : [StorageChecker](listDirFile) regular file
03-09 05:02:36.842 821 2594 I vendor.qti.bluetooth@1.0-patch_dl_manager: ReadVsHciEvent: Expected CC
03-09 05:02:36.842 1219 1248 E tlogd : [StorageChecker](listDirFile) FileName is /data/tlog/persist/811_persist_00835_230309_050235.log
03-09 05:02:36.842 821 2594 I vendor.qti.bluetooth@1.0-patch_dl_manager: HCI Unified command interface supported
03-09 05:02:36.842 1219 1248 E tlogd : [StorageChecker](listDirFile) regular file
03-09 05:02:36.842 821 2594 I vendor.qti.bluetooth@1.0-patch_dl_manager: unified Current Product ID : 0x00000010
03-09 05:02:36.842 1219 1248 E tlogd : [StorageChecker](listDirFile) FileName is /data/tlog/persist/811_persist_00839_230309_050237.log
03-09 05:02:36.842 821 2594 I vendor.qti.bluetooth@1.0-patch_dl_manager: unified Current Patch Version : 0x0d2b
03-09 05:02:36.842 821 2594 I vendor.qti.bluetooth@1.0-patch_dl_manager: unified Current ROM Build Version : 0x0200
03-09 05:02:36.842 1219 1248 E tlogd : [StorageChecker](listDirFile) regular file
03-09 05:02:36.842 821 2594 I vendor.qti.bluetooth@1.0-patch_dl_manager: unified Current SOC Version : 0x400a0200
03-09 05:02:36.842 1537 1537 W Looper : Drained
03-09 05:02:36.842 1219 1248 E tlogd : [StorageChecker](listDirFile) FileName is /data/tlog/persist/814_persist_00875_700101_080009.log
03-09 05:02:36.842 821 2594 E vendor.qti.bluetooth@1.0-power_manager:
03-09 05:02:36.842 821 2594 E vendor.qti.bluetooth@1.0-power_manager: bt soc version (1074397696)
03-09 05:02:36.842 1219 1248 E tlogd : [StorageChecker](listDirFile) regular file
03-09 05:02:36.842 2619 2619 V GraphicsEnvironment: ANGLE GameManagerService for com.qualcomm.qti.qccauthmgr: false
03-09 05:02:36.842 1219 1248 E tlogd : [StorageChecker](listDirFile) FileName is /data/tlog/persist/812_persist_00852_230309_050237.log
03-09 05:02:36.842 1219 1248 E tlogd : [StorageChecker](listDirFile) regular file
03-09 05:02:36.842 1219 1248 E tlogd : [StorageChecker](listDirFile) FileName is /data/tlog/persist/814_persist_00879_230309_050236.log
03-09 05:02:36.842 1219 1248 E tlogd : [StorageChecker](listDirFile) regular file
03-09 05:02:36.842 821 2594 E vendor.qti.bluetooth@1.0-patch_dl_manager: PatchVerReq: rsp[CMD_RSP_OFFSET] = 1 , rsp[RSP_TYPE_OFFSET] = 0
03-09 05:02:36.842 1219 1248 E tlogd : [StorageChecker](listDirFile) FileName is /data/tlog/persist/815_persist_00884_700101_080009.log
03-09 05:02:36.842 821 2594 I vendor.qti.bluetooth@1.0-patch_dl_manager: SocInit: Chipset Version (0x400a020000100200)
03-09 05:02:36.842 1219 1248 E tlogd : [StorageChecker](listDirFile) regular file
03-09 05:02:36.842 821 2594 I vendor.qti.bluetooth@1.0-patch_dl_manager: FormRegularPaths: Getting value of persist.vendor.bluetooth.alt_path_for_fw
03-09 05:02:36.842 1219 1248 E tlogd : [StorageChecker](listDirFile) FileName is /data/tlog/persist/815_persist_00887_700101_080009.log
03-09 05:02:36.842 1537 1537 I PackageWatchdog: Syncing health check requests for packages: {}
03-09 05:02:36.842 821 2594 I vendor.qti.bluetooth@1.0-patch_dl_manager: FormRegularPaths: persist.vendor.bluetooth.alt_path_for_fw not set!
03-09 05:02:36.842 1219 1248 E tlogd : [StorageChecker](listDirFile) regular file
03-09 05:02:36.842 1537 1537 D ExplicitHealthCheckController: Getting health check supported packages
03-09 05:02:36.842 821 2594 D vendor.qti.bluetooth@1.0-patch_dl_manager: FormRegularPaths: Checking and Setting proper Rampatch and NVM path
03-09 05:02:36.842 1219 1248 E tlogd : [StorageChecker](listDirFile) FileName is /data/tlog/persist/816_persist_00903_230309_050235.log
03-09 05:02:36.842 1219 1248 E tlogd : [StorageChecker](listDirFile) regular file
03-09 05:02:36.842 1219 1248 E tlogd : [StorageChecker](listDirFile) FileName is /data/tlog/persist/816_persist_00906_230309_050237.log
03-09 05:02:36.842 1219 1248 E tlogd : [StorageChecker](listDirFile) regular file
03-09 05:02:36.842 1219 1248 E tlogd : [StorageChecker](listDirFile) FileName is /data/tlog/persist/818_persist_00932_230309_050236.log
03-09 05:02:36.842 1219 1248 E tlogd : [StorageChecker](listDirFile) regular file
03-09 05:02:36.842 1219 1248 E tlogd : [StorageChecker](listDirFile) FileName is /data/tlog/persist/818_persist_00936_230309_050240.log.ing
03-09 05:02:36.842 1219 1248 E tlogd : [StorageChecker](listDirFile) regular file
03-09 05:02:36.842 1219 1248 E tlogd : [StorageChecker](listDirFile) FileName is /data/tlog/persist/820_persist_00954_700101_080009.log
03-09 05:02:36.842 1219 1248 E tlogd : [StorageChecker](listDirFile) regular file
03-09 05:02:36.842 1219 1248 E tlogd : [StorageChecker](listDirFile) FileName is /data/tlog/persist/819_persist_00949_230309_050238.log
03-09 05:02:36.842 1219 1248 E tlogd : [StorageChecker](listDirFile) regular file
03-09 05:02:36.842 1219 1248 E tlogd : [StorageChecker](listDirFile) FileName is /data/tlog/persist/821_persist_00965_700101_080009.log
03-09 05:02:36.842 1219 1248 E tlogd : [StorageChecker](listDirFile) regular file
03-09 05:02:36.843 1219 1248 E tlogd : [StorageChecker](listDirFile) FileName is /data/tlog/persist/821_persist_00968_700101_080009.log
03-09 05:02:36.843 1219 1248 E tlogd : [StorageChecker](listDirFile) regular file
03-09 05:02:36.843 1219 1248 E tlogd : [StorageChecker](listDirFile) FileName is /data/tlog/persist/821_persist_00970_700101_080009.log
03-09 05:02:36.843 1219 1248 E tlogd : [StorageChecker](listDirFile) regular file
03-09 05:02:36.843 1219 1248 E tlogd : [StorageChecker](listDirFile) FileName is /data/tlog/persist/821_persist_00975_230309_050237.log
03-09 05:02:36.843 1219 1248 E tlogd : [StorageChecker](listDirFile) regular file
03-09 05:02:36.843 1258 2653 D SimpleC2Component: Using output block pool with poolID 23 => got 23 - 0
03-09 05:02:36.843 1219 1248 E tlogd : [StorageChecker](listDirFile) FileName is /data/tlog/persist/821_persist_00976_230309_050237.log
03-09 05:02:36.843 1219 1248 E tlogd : [StorageChecker](listDirFile) regular file
03-09 05:02:36.843 1219 1248 E tlogd : [StorageChecker](listDirFile) FileName is /data/tlog/persist/822_persist_00980_700101_080009.log
03-09 05:02:36.843 1219 1248 E tlogd : [StorageChecker](listDirFile) regular file
03-09 05:02:36.843 2051 2654 W Codec2Client: query -- param skipped: index = 1342179345.
03-09 05:02:36.843 2051 2654 W Codec2Client: query -- param skipped: index = 2415921170.
03-09 05:02:36.843 1219 1248 E tlogd : [StorageChecker](listDirFile) FileName is /data/tlog/persist/822_persist_00984_700101_080009.log
03-09 05:02:36.843 1219 1248 E tlogd : [StorageChecker](listDirFile) regular file
03-09 05:02:36.843 1219 1248 E tlogd : [StorageChecker](listDirFile) FileName is /data/tlog/persist/822_persist_00989_230309_050237.log
03-09 05:02:36.843 1219 1248 E tlogd : [StorageChecker](listDirFile) regular file
03-09 05:02:36.843 1219 1248 E tlogd : [StorageChecker](listDirFile) FileName is /data/tlog/persist/822_persist_00990_230309_050237.log
03-09 05:02:36.843 1219 1248 E tlogd : [StorageChecker](listDirFile) regular file
03-09 05:02:36.843 1219 1248 E tlogd : [StorageChecker](listDirFile) FileName is /data/tlog/persist/978_persist_00001_700101_080010.log
03-09 05:02:36.843 1219 1248 E tlogd : [StorageChecker](listDirFile) regular file
03-09 05:02:36.843 1219 1248 E tlogd : [StorageChecker](listDirFile) FileName is /data/tlog/persist/999_persist_00002_230309_050235.log
03-09 05:02:36.843 1219 1248 E tlogd : [StorageChecker](listDirFile) regular file
03-09 05:02:36.843 1219 1248 E tlogd : [StorageChecker](listDirFile) FileName is /data/tlog/persist/790_persist_00542_230309_050236.log
03-09 05:02:36.843 1219 1248 E tlogd : [StorageChecker](listDirFile) regular file
03-09 05:02:36.843 1219 1248 E tlogd : [StorageChecker](listDirFile) FileName is /data/tlog/persist/791_persist_00552_700101_080010.log
03-09 05:02:36.843 1219 1248 E tlogd : [StorageChecker](listDirFile) regular file
03-09 05:02:36.843 1219 1248 E tlogd : [StorageChecker](listDirFile) FileName is /data/tlog/persist/792_persist_00561_700101_080009.log
03-09 05:02:36.843 1219 1248 E tlogd : [StorageChecker](listDirFile) regular file
03-09 05:02:36.843 1219 1248 E tlogd : [StorageChecker](listDirFile) FileName is /data/tlog/persist/792_persist_00565_700101_080009.log
03-09 05:02:36.843 1219 1248 E tlogd : [StorageChecker](listDirFile) regular file
03-09 05:02:36.843 2051 2654 D CCodecBufferChannel: [c2.android.vorbis.decoder#685] Created input block pool with allocatorID 16 => poolID 18 - OK (0)
03-09 05:02:36.843 1219 1248 E tlogd : [StorageChecker](listDirFile) FileName is /data/tlog/persist/792_persist_00569_230309_050236.log
03-09 05:02:36.843 1219 1248 E tlogd : [StorageChecker](listDirFile) regular file
03-09 05:02:36.843 1219 1248 E tlogd : [StorageChecker](listDirFile) FileName is /data/tlog/persist/793_persist_00576_700101_080009.log
03-09 05:02:36.843 1219 1248 E tlogd : [StorageChecker](listDirFile) regular file
03-09 05:02:36.843 1219 1248 E tlogd : [StorageChecker](listDirFile) FileName is /data/tlog/persist/794_persist_00591_700101_080009.log
03-09 05:02:36.843 1219 1248 E tlogd : [StorageChecker](listDirFile) regular file
03-09 05:02:36.843 1219 1248 E tlogd : [StorageChecker](listDirFile) FileName is /data/tlog/persist/794_persist_00594_700101_080009.log
03-09 05:02:36.843 1219 1248 E tlogd : [StorageChecker](listDirFile) regular file
03-09 05:02:36.843 1219 1248 E tlogd : [StorageChecker](listDirFile) FileName is /data/tlog/persist/797_persist_00631_700101_080009.log
03-09 05:02:36.843 1219 1248 E tlogd : [StorageChecker](listDirFile) regular file
03-09 05:02:36.843 1219 1248 E tlogd : [StorageChecker](listDirFile) FileName is /data/tlog/persist/795_persist_00607_700101_080009.log
03-09 05:02:36.843 2051 2654 I CCodecBufferChannel: [c2.android.vorbis.decoder#685] Created output block pool with allocatorID 16 => poolID 24 - OK
03-09 05:02:36.843 2619 2619 D NetworkSecurityConfig: No Network Security Config specified, using platform default
03-09 05:02:36.843 1219 1248 E tlogd : [StorageChecker](listDirFile) regular file
01-01 08:00:13.055 0 0 E bt_ioctl: unified Current SOC Version : 400a0200
03-09 05:02:36.843 1219 1248 E tlogd : [StorageChecker](listDirFile) FileName is /data/tlog/persist/798_persist_00649_700101_080009.log
03-09 05:02:36.843 1219 1248 E tlogd : [StorageChecker](listDirFile) regular file
03-09 05:02:36.843 2051 2654 D CCodecBufferChannel: [c2.android.vorbis.decoder#685] Configured output block pool ids 24 => OK
03-09 05:02:36.843 1219 1248 E tlogd : [StorageChecker](listDirFile) FileName is /data/tlog/persist/797_persist_00634_700101_080009.log
03-09 05:02:36.843 1219 1248 E tlogd : [StorageChecker](listDirFile) regular file
03-09 05:02:36.843 2619 2619 D NetworkSecurityConfig: No Network Security Config specified, using platform default
03-09 05:02:36.843 1219 1248 E tlogd : [StorageChecker](listDirFile) FileName is /data/tlog/persist/798_persist_00651_700101_080010.log
03-09 05:02:36.843 1219 1248 E tlogd : [StorageChecker](listDirFile) regular file
