11-11 00:08:45.736 1496 2830 I wm_restart_activity: [0,254301258,35,com.tencent.android.qqdownloader/com.tencent.pangu.activity.TranslucentAppDemoActivity]
11-11 00:08:45.737 1496 2830 I wm_set_resumed_activity: [0,com.tencent.android.qqdownloader/com.tencent.pangu.activity.TranslucentAppDemoActivity,minimalResumeActivityLocked]
11-11 00:08:45.741 1496 1614 I sysui_multi_action: [757,803,799,window_time_0,802,1]
11-11 00:08:45.784 1496 5343 I ActivityTaskManager: Activity requesting to dismiss Keyguard: ActivityRecord{f28544a u0 com.tencent.android.qqdownloader/com.tencent.pangu.activity.TranslucentAppDemoActivity t35}
11-11 00:08:45.797 6411 6411 I wm_on_create_called: [254301258,com.tencent.pangu.activity.TranslucentAppDemoActivity,performCreate]
11-11 00:08:45.798 6411 6411 I wm_on_start_called: [254301258,com.tencent.pangu.activity.TranslucentAppDemoActivity,handleStartActivity]
11-11 00:08:45.800 6411 6411 I wm_on_resume_called: [254301258,com.tencent.pangu.activity.TranslucentAppDemoActivity,RESUME_ACTIVITY]
11-11 00:08:45.802 6411 6411 I wm_on_top_resumed_gained_called: [254301258,com.tencent.pangu.activity.TranslucentAppDemoActivity,topStateChangedWhenResumed]
11-11 00:08:45.822 1496 1615 I input_focus: [Focus request 94c71d9 com.tencent.android.qqdownloader/com.tencent.pangu.activity.TranslucentAppDemoActivity,reason=UpdateInputWindows]
11-11 00:08:45.833 1496 1611 I wm_activity_launch_time: [0,254301258,com.tencent.android.qqdownloader/com.tencent.pangu.activity.TranslucentAppDemoActivity,548]
11-11 00:08:45.843 1496 2830 W FreeFormWindowHelper: Current Display FreeFormTask is null
11-11 00:08:45.848 1496 1742 I input_focus: [Focus entering 94c71d9 com.tencent.android.qqdownloader/com.tencent.pangu.activity.TranslucentAppDemoActivity (server),reason=Window became focusable. Previous reason: NOT_VISIBLE]
11-11 00:08:46.459 2717 2717 I auditd : type=1400 audit(0.0:139034369): avc: denied { read } for comm="event_loop" lport=13400 scontext=u:r:hht_ota_mgr:s0 tcontext=u:r:hht_ota_mgr:s0 tclass=udp_socket permissive=0
11-11 00:08:46.459 2717 2717 I auditd : type=1400 audit(0.0:139034370): avc: denied { read } for comm="event_loop" lport=13400 scontext=u:r:hht_ota_mgr:s0 tcontext=u:r:hht_ota_mgr:s0 tclass=udp_socket permissive=0
11-11 00:08:46.459 2717 2717 I auditd : type=1400 audit(0.0:139034371): avc: denied { read } for comm="event_loop" lport=13400 scontext=u:r:hht_ota_mgr:s0 tcontext=u:r:hht_ota_mgr:s0 tclass=udp_socket permissive=0
11-11 00:08:46.459 2717 2717 I auditd : type=1400 audit(0.0:139034372): avc: denied { read } for comm="event_loop" lport=13400 scontext=u:r:hht_ota_mgr:s0 tcontext=u:r:hht_ota_mgr:s0 tclass=udp_socket permissive=0
11-11 00:08:46.459 2717 2717 I auditd : type=1400 audit(0.0:139034373): avc: denied { read } for comm="event_loop" lport=13400 scontext=u:r:hht_ota_mgr:s0 tcontext=u:r:hht_ota_mgr:s0 tclass=udp_socket permissive=0
01-01 08:09:50.667 0 0 W audit : audit_lost=139031484 audit_rate_limit=5 audit_backlog_limit=64
01-01 08:09:50.667 0 0 E audit : rate limit exceeded
11-11 00:08:47.228 1496 2142 D CompatibilityChangeReporter: Compat change id reported: 135634846; UID 10093; state: DISABLED
11-11 00:08:47.228 1496 1622 D CompatibilityChangeReporter: Compat change id reported: 143937733; UID 10093; state: DISABLED
11-11 00:08:47.233 1496 1622 I am_proc_start: [0,6992,10093,com.tencent.android.qqdownloader:cloud,service,{com.tencent.android.qqdownloader/com.live.watermelon.service.SentryAlphaService}]
11-11 00:08:47.233 1496 1622 I ActivityManager: Start proc 6992:com.tencent.android.qqdownloader:cloud/u0a93 for service {com.tencent.android.qqdownloader/com.live.watermelon.service.SentryAlphaService}
01-01 08:09:51.448 0 0 I binder : 6992:6992 ioctl 40046210 ffe66c38 returned -22
11-11 00:08:47.243 1496 2142 I am_proc_bound: [0,6992,com.tencent.android.qqdownloader:cloud]
01-01 08:09:51.458 0 0 I binder : 7008:7008 ioctl 40046210 ffdb9f50 returned -22
11-11 00:08:47.283 1496 2142 I ActivityManager: PendingStartActivityUids startActivity to updateOomAdj delay:1995ms, uid:10093
01-01 08:09:51.517 0 0 I binder : 7033:7033 ioctl 40046210 ffc03880 returned -22
11-11 00:08:47.349 1496 1817 I netstats_mobile_sample: [0,0,0,0,0,0,0,0,0,0,0,0,1668096527349]
11-11 00:08:47.350 1496 1817 I netstats_wifi_sample: [45905689,36751,3745425,22420,45905689,36751,3745425,22420,46824049,43115,2498983,19259,1668096527349]
11-11 00:08:47.459 2717 2717 I auditd : type=1400 audit(0.0:139260629): avc: denied { read } for comm="event_loop" lport=13400 scontext=u:r:hht_ota_mgr:s0 tcontext=u:r:hht_ota_mgr:s0 tclass=udp_socket permissive=0
11-11 00:08:47.463 2717 2717 I auditd : type=1400 audit(0.0:139260630): avc: denied { read } for comm="event_loop" lport=13400 scontext=u:r:hht_ota_mgr:s0 tcontext=u:r:hht_ota_mgr:s0 tclass=udp_socket permissive=0
11-11 00:08:47.463 2717 2717 I auditd : type=1400 audit(0.0:139260631): avc: denied { read } for comm="event_loop" lport=13400 scontext=u:r:hht_ota_mgr:s0 tcontext=u:r:hht_ota_mgr:s0 tclass=udp_socket permissive=0
11-11 00:08:47.463 2717 2717 I auditd : type=1400 audit(0.0:139260632): avc: denied { read } for comm="event_loop" lport=13400 scontext=u:r:hht_ota_mgr:s0 tcontext=u:r:hht_ota_mgr:s0 tclass=udp_socket permissive=0
11-11 00:08:47.463 2717 2717 I auditd : type=1400 audit(0.0:139260633): avc: denied { read } for comm="event_loop" lport=13400 scontext=u:r:hht_ota_mgr:s0 tcontext=u:r:hht_ota_mgr:s0 tclass=udp_socket permissive=0
01-01 08:09:51.671 0 0 W audit : audit_lost=139257739 audit_rate_limit=5 audit_backlog_limit=64
01-01 08:09:51.671 0 0 E audit : rate limit exceeded
11-11 00:08:47.556 1496 1742 I input_interaction: Interaction with: 94c71d9 com.tencent.android.qqdownloader/com.tencent.pangu.activity.TranslucentAppDemoActivity (server), edge-swipe (server), swipe-up (server), PointerEventDispatcher0 (server),
11-11 00:08:47.672 1496 1907 I wm_finish_activity: [0,254301258,35,com.tencent.android.qqdownloader/com.tencent.pangu.activity.TranslucentAppDemoActivity,app-request]
11-11 00:08:47.684 1496 1907 I wm_pause_activity: [0,254301258,com.tencent.android.qqdownloader/com.tencent.pangu.activity.TranslucentAppDemoActivity,userLeaving=false,finish]
11-11 00:08:47.692 6411 6411 I wm_on_top_resumed_lost_called: [254301258,com.tencent.pangu.activity.TranslucentAppDemoActivity,topStateChangedWhenResumed]
11-11 00:08:47.694 6411 6411 I wm_on_paused_called: [254301258,com.tencent.pangu.activity.TranslucentAppDemoActivity,performPause]
11-11 00:08:47.695 1496 1907 I ActivityTaskManager: FOREGROUND_APPLICATION_CHANGED to com.tencent.assistantv2.activity.MainActivity
11-11 00:08:47.696 1496 1907 I wm_set_resumed_activity: [0,com.tencent.android.qqdownloader/com.tencent.assistantv2.activity.MainActivity,resumeTopActivityInnerLocked]
11-11 00:08:47.697 1496 1907 I wm_resume_activity: [0,76948477,35,com.tencent.android.qqdownloader/com.tencent.assistantv2.activity.MainActivity]
11-11 00:08:47.701 1496 1615 I input_focus: [Focus request 2857c97 com.tencent.android.qqdownloader/com.tencent.assistantv2.activity.MainActivity,reason=UpdateInputWindows]
11-11 00:08:47.701 1496 1614 I sysui_multi_action: [757,803,799,window_time_0,802,2]
11-11 00:08:47.701 1496 1614 I wm_destroy_activity: [0,254301258,35,com.tencent.android.qqdownloader/com.tencent.pangu.activity.TranslucentAppDemoActivity,finish-transit]
11-11 00:08:47.705 1496 1742 I input_focus: [Focus leaving 94c71d9 com.tencent.android.qqdownloader/com.tencent.pangu.activity.TranslucentAppDemoActivity (server),reason=NO_WINDOW]
11-11 00:08:47.721 1496 1742 I input_focus: [Focus entering 2857c97 com.tencent.android.qqdownloader/com.tencent.assistantv2.activity.MainActivity (server),reason=setFocusedWindow]
11-11 00:08:47.733 6411 6411 I wm_on_resume_called: [76948477,com.tencent.assistantv2.activity.MainActivity,RESUME_ACTIVITY]
11-11 00:08:47.749 6411 6411 I wm_on_top_resumed_gained_called: [76948477,com.tencent.assistantv2.activity.MainActivity,topWhenResuming]
11-11 00:08:47.754 6411 6411 I wm_on_stop_called: [254301258,com.tencent.pangu.activity.TranslucentAppDemoActivity,LIFECYCLER_STOP_ACTIVITY]
11-11 00:08:47.759 6411 6411 I wm_on_destroy_called: [254301258,com.tencent.pangu.activity.TranslucentAppDemoActivity,performDestroy]
11-11 00:08:47.799 1496 5343 W FreeFormWindowHelper: Current Display FreeFormTask is null
11-11 00:08:48.113 1496 1742 I input_interaction: Interaction with: 2857c97 com.tencent.android.qqdownloader/com.tencent.assistantv2.activity.MainActivity (server), edge-swipe (server), swipe-up (server), PointerEventDispatcher0 (server),
11-11 00:08:48.224 1496 2142 I thunderperf: PlatormCompat.setOverrides: Uid1=10093 Pid1=6411 Uid2=10093 Pid2=6411
11-11 00:08:48.224 1496 2142 I thunderperf: PlatormCompat.setOverrides: needCheck:false
11-11 00:08:48.224 1496 2142 W PackageManager: MATCH_ANY_USER flag requires INTERACT_ACROSS_USERS permission: UID 10093 requires android.permission.INTERACT_ACROSS_USERS_FULL or android.permission.INTERACT_ACROSS_USERS to access user 0.
11-11 00:08:48.225 1496 2142 I ActivityTaskManager: START u0 {cmp=com.tencent.android.qqdownloader/com.tencent.nucleus.search.SearchActivity (has extras)} from uid 10093
11-11 00:08:48.229 1496 2142 I wm_task_moved: [35,1,7]
11-11 00:08:48.229 1496 2142 I wm_set_resumed_activity: [0,com.tencent.android.qqdownloader/com.tencent.assistantv2.activity.MainActivity,positionChildAt]
11-11 00:08:48.229 1496 2142 I wm_create_activity: [0,204613226,35,com.tencent.android.qqdownloader/com.tencent.nucleus.search.SearchActivity,NULL,NULL,NULL,0]
11-11 00:08:48.229 1496 2142 I wm_pause_activity: [0,76948477,com.tencent.android.qqdownloader/com.tencent.assistantv2.activity.MainActivity,userLeaving=true,resumeTopActivityInnerLocked]
11-11 00:08:48.234 6411 6411 I wm_on_top_resumed_lost_called: [76948477,com.tencent.assistantv2.activity.MainActivity,topStateChangedWhenResumed]
11-11 00:08:48.242 6411 6411 I wm_on_paused_called: [76948477,com.tencent.assistantv2.activity.MainActivity,performPause]
11-11 00:08:48.242 1496 1907 I ActivityTaskManager: FOREGROUND_APPLICATION_CHANGED to com.tencent.nucleus.search.SearchActivity
11-11 00:08:48.243 1496 1907 I ActivityTaskManager: The Process com.tencent.android.qqdownloader Already Exists in BG. So sending its PID: 6411
11-11 00:08:48.243 1496 1907 W ActivityTaskManager: Tried to set launchTime (0) < mLastActivityLaunchTime (587420)
11-11 00:08:48.243 1496 1907 I wm_restart_activity: [0,204613226,35,com.tencent.android.qqdownloader/com.tencent.nucleus.search.SearchActivity]
11-11 00:08:48.244 1496 1907 I wm_set_resumed_activity: [0,com.tencent.android.qqdownloader/com.tencent.nucleus.search.SearchActivity,minimalResumeActivityLocked]
11-11 00:08:48.247 1496 1614 I sysui_multi_action: [757,803,799,window_time_0,802,0]
11-11 00:08:48.258 1496 2142 I ActivityTaskManager: Activity requesting to dismiss Keyguard: ActivityRecord{c32266a u0 com.tencent.android.qqdownloader/com.tencent.nucleus.search.SearchActivity t35}
11-11 00:08:48.279 6411 6411 I wm_on_create_called: [204613226,com.tencent.nucleus.search.SearchActivity,performCreate]
11-11 00:08:48.280 6411 6411 I wm_on_start_called: [204613226,com.tencent.nucleus.search.SearchActivity,handleStartActivity]
11-11 00:08:48.285 6411 6411 I wm_on_resume_called: [204613226,com.tencent.nucleus.search.SearchActivity,RESUME_ACTIVITY]
11-11 00:08:48.289 6411 6411 I wm_on_top_resumed_gained_called: [204613226,com.tencent.nucleus.search.SearchActivity,topStateChangedWhenResumed]
11-11 00:08:48.305 1496 1615 I input_focus: [Focus request b63f210 com.tencent.android.qqdownloader/com.tencent.nucleus.search.SearchActivity,reason=UpdateInputWindows]
11-11 00:08:48.320 1496 1742 I input_focus: [Focus leaving 2857c97 com.tencent.android.qqdownloader/com.tencent.assistantv2.activity.MainActivity (server),reason=NOT_FOCUSABLE]
11-11 00:08:48.331 1496 1611 I wm_activity_launch_time: [0,204613226,com.tencent.android.qqdownloader/com.tencent.nucleus.search.SearchActivity,104]
11-11 00:08:48.338 1496 1742 I input_focus: [Focus entering b63f210 com.tencent.android.qqdownloader/com.tencent.nucleus.search.SearchActivity (server),reason=Window became focusable. Previous reason: NOT_VISIBLE]
11-11 00:08:48.347 1496 1907 W FreeFormWindowHelper: Current Display FreeFormTask is null
01-01 08:09:52.675 0 0 W audit : audit_lost=139516120 audit_rate_limit=5 audit_backlog_limit=64
01-01 08:09:52.675 0 0 E audit : rate limit exceeded
11-11 00:08:48.463 2717 2717 I auditd : type=1400 audit(0.0:139519015): avc: denied { read } for comm="event_loop" lport=13400 scontext=u:r:hht_ota_mgr:s0 tcontext=u:r:hht_ota_mgr:s0 tclass=udp_socket permissive=0
11-11 00:08:48.467 2717 2717 I auditd : type=1400 audit(0.0:139519016): avc: denied { read } for comm="event_loop" lport=13400 scontext=u:r:hht_ota_mgr:s0 tcontext=u:r:hht_ota_mgr:s0 tclass=udp_socket permissive=0
11-11 00:08:48.467 2717 2717 I auditd : type=1400 audit(0.0:139519017): avc: denied { read } for comm="event_loop" lport=13400 scontext=u:r:hht_ota_mgr:s0 tcontext=u:r:hht_ota_mgr:s0 tclass=udp_socket permissive=0
11-11 00:08:48.467 2717 2717 I auditd : type=1400 audit(0.0:139519018): avc: denied { read } for comm="event_loop" lport=13400 scontext=u:r:hht_ota_mgr:s0 tcontext=u:r:hht_ota_mgr:s0 tclass=udp_socket permissive=0
11-11 00:08:48.467 2717 2717 I auditd : type=1400 audit(0.0:139519019): avc: denied { read } for comm="event_loop" lport=13400 scontext=u:r:hht_ota_mgr:s0 tcontext=u:r:hht_ota_mgr:s0 tclass=udp_socket permissive=0
11-11 00:08:48.591 6411 6628 I liblog : 10
11-11 00:08:48.591 6411 6628 I liblog : 4
11-11 00:08:48.591 6411 6567 I liblog : 2
11-11 00:08:48.593 6411 6568 I liblog : 43
11-11 00:08:48.593 6411 6568 I liblog : 3
11-11 00:08:48.999 1496 1907 I wm_add_to_stopping: [0,103024268,com.tencent.android.qqdownloader/com.tencent.assistant.activity.SplashImplActivity,makeInvisible]
11-11 00:08:49.004 1496 1907 I wm_add_to_stopping: [0,14757938,com.android.launcher3/.uioverrides.QuickstepLauncher,makeInvisible]
11-11 00:08:49.006 1496 2142 I wm_stop_activity: [0,14757938,com.android.launcher3/.uioverrides.QuickstepLauncher]
11-11 00:08:49.007 1496 2142 I wm_stop_activity: [0,103024268,com.tencent.android.qqdownloader/com.tencent.assistant.activity.SplashImplActivity]
11-11 00:08:49.007 1496 5343 I wm_finish_activity: [0,103024268,35,com.tencent.android.qqdownloader/com.tencent.assistant.activity.SplashImplActivity,app-request]
11-11 00:08:49.007 1496 5343 I wm_destroy_activity: [0,103024268,35,com.tencent.android.qqdownloader/com.tencent.assistant.activity.SplashImplActivity,finish-imm:finishIfPossible]
11-11 00:08:49.015 6411 6411 I wm_on_stop_called: [103024268,com.tencent.assistant.activity.SplashImplActivity,STOP_ACTIVITY_ITEM]
11-11 00:08:49.019 6411 6411 I wm_on_destroy_called: [103024268,com.tencent.assistant.activity.SplashImplActivity,performDestroy]
11-11 00:08:49.038 2575 2575 I wm_on_stop_called: [14757938,com.android.launcher3.uioverrides.QuickstepLauncher,STOP_ACTIVITY_ITEM]
01-01 08:09:53.331 0 0 W perfetto: disabled ftrace
01-01 08:09:53.331 0 0 I binder : 4088:4166 ioctl 40046210 6d40d9e1f4 returned -22
11-11 00:08:49.133 1496 2142 D CompatibilityChangeReporter: Compat change id reported: 168419799; UID 10024; state: DISABLED
11-11 00:08:49.149 1162 6374 I iorapd : Perfetto TraceBuffer saved to file: /data/misc/iorapd/com.tencent.android.qqdownloader/7862130/com.tencent.pangu.link.SplashActivity/raw_traces/1668096529138907831.perfetto_trace.pb
11-11 00:08:49.176 1496 1621 W BroadcastQueue: Permission Denial: broadcasting Intent { act=android.net.conn.CONNECTIVITY_CHANGE flg=0x4200010 (has extras) } from null (pid=-1, uid=-1) requires com.baidu.input.permission.REGISTERRECEIVE due to registered receiver BroadcastFilter{18f4b46 10024/u0 ReceiverList{9424d2b 4088 com.baidu.input/10024/u0 remote:e89917a}}
11-11 00:08:49.245 1496 5343 D CompatibilityChangeReporter: Compat change id reported: 171306433; UID 10093; state: DISABLED
11-11 00:08:49.471 2717 2717 I auditd : type=1400 audit(0.0:139771586): avc: denied { read } for comm="event_loop" lport=13400 scontext=u:r:hht_ota_mgr:s0 tcontext=u:r:hht_ota_mgr:s0 tclass=udp_socket permissive=0
11-11 00:08:49.471 2717 2717 I auditd : type=1400 audit(0.0:139771587): avc: denied { read } for comm="event_loop" lport=13400 scontext=u:r:hht_ota_mgr:s0 tcontext=u:r:hht_ota_mgr:s0 tclass=udp_socket permissive=0
11-11 00:08:49.471 2717 2717 I auditd : type=1400 audit(0.0:139771588): avc: denied { read } for comm="event_loop" lport=13400 scontext=u:r:hht_ota_mgr:s0 tcontext=u:r:hht_ota_mgr:s0 tclass=udp_socket permissive=0
11-11 00:08:49.471 2717 2717 I auditd : type=1400 audit(0.0:139771589): avc: denied { read } for comm="event_loop" lport=13400 scontext=u:r:hht_ota_mgr:s0 tcontext=u:r:hht_ota_mgr:s0 tclass=udp_socket permissive=0
11-11 00:08:49.471 2717 2717 I auditd : type=1400 audit(0.0:139771590): avc: denied { read } for comm="event_loop" lport=13400 scontext=u:r:hht_ota_mgr:s0 tcontext=u:r:hht_ota_mgr:s0 tclass=udp_socket permissive=0
01-01 08:09:53.679 0 0 W audit : audit_lost=139768686 audit_rate_limit=5 audit_backlog_limit=64
01-01 08:09:53.679 0 0 E audit : rate limit exceeded
11-11 00:08:49.954 1496 2142 W ActivityManager: Unable to start service Intent { act=com.tencent.soter.soterserver.ISoterService pkg=com.tencent.soter.soterserver } U=0: not found
11-11 00:08:49.960 1496 2142 W ActivityManager: Unable to start service Intent { act=com.tencent.soter.soterserver.ISoterService pkg=com.tencent.soter.soterserver } U=0: not found
11-11 00:08:50.475 2717 2717 I auditd : type=1400 audit(0.0:140034025): avc: denied { read } for comm="event_loop" lport=13400 scontext=u:r:hht_ota_mgr:s0 tcontext=u:r:hht_ota_mgr:s0 tclass=udp_socket permissive=0
11-11 00:08:50.475 2717 2717 I auditd : type=1400 audit(0.0:140034026): avc: denied { read } for comm="event_loop" lport=13400 scontext=u:r:hht_ota_mgr:s0 tcontext=u:r:hht_ota_mgr:s0 tclass=udp_socket permissive=0
11-11 00:08:50.475 2717 2717 I auditd : type=1400 audit(0.0:140034027): avc: denied { read } for comm="event_loop" lport=13400 scontext=u:r:hht_ota_mgr:s0 tcontext=u:r:hht_ota_mgr:s0 tclass=udp_socket permissive=0
11-11 00:08:50.475 2717 2717 I auditd : type=1400 audit(0.0:140034028): avc: denied { read } for comm="event_loop" lport=13400 scontext=u:r:hht_ota_mgr:s0 tcontext=u:r:hht_ota_mgr:s0 tclass=udp_socket permissive=0
11-11 00:08:50.475 2717 2717 I auditd : type=1400 audit(0.0:140034029): avc: denied { read } for comm="event_loop" lport=13400 scontext=u:r:hht_ota_mgr:s0 tcontext=u:r:hht_ota_mgr:s0 tclass=udp_socket permissive=0
01-01 08:09:54.683 0 0 W audit : audit_lost=140031120 audit_rate_limit=5 audit_backlog_limit=64
01-01 08:09:54.683 0 0 E audit : rate limit exceeded
11-11 00:08:50.600 1496 1742 I input_interaction: Interaction with: 4f43ab3 PopupWindow:8214a5f (server), edge-swipe (server), swipe-up (server), PointerEventDispatcher0 (server),
11-11 00:08:50.849 1496 1817 I netstats_mobile_sample: [0,0,0,0,0,0,0,0,0,0,0,0,1668096530849]
11-11 00:08:50.850 1496 1817 I netstats_wifi_sample: [51326080,41436,4110303,24596,51326080,41436,4110303,24596,52258817,47824,2858037,21422,1668096530849]
11-11 00:08:51.479 2717 2717 I auditd : type=1400 audit(0.0:140303392): avc: denied { read } for comm="event_loop" lport=13400 scontext=u:r:hht_ota_mgr:s0 tcontext=u:r:hht_ota_mgr:s0 tclass=udp_socket permissive=0
01-01 08:09:55.687 0 0 W audit : audit_lost=140300482 audit_rate_limit=5 audit_backlog_limit=64
01-01 08:09:55.687 0 0 E audit : rate limit exceeded
11-11 00:08:51.479 2717 2717 I auditd : type=1400 audit(0.0:140303393): avc: denied { read } for comm="event_loop" lport=13400 scontext=u:r:hht_ota_mgr:s0 tcontext=u:r:hht_ota_mgr:s0 tclass=udp_socket permissive=0
11-11 00:08:51.479 2717 2717 I auditd : type=1400 audit(0.0:140303394): avc: denied { read } for comm="event_loop" lport=13400 scontext=u:r:hht_ota_mgr:s0 tcontext=u:r:hht_ota_mgr:s0 tclass=udp_socket permissive=0
11-11 00:08:51.479 2717 2717 I auditd : type=1400 audit(0.0:140303395): avc: denied { read } for comm="event_loop" lport=13400 scontext=u:r:hht_ota_mgr:s0 tcontext=u:r:hht_ota_mgr:s0 tclass=udp_socket permissive=0
11-11 00:08:51.479 2717 2717 I auditd : type=1400 audit(0.0:140303396): avc: denied { read } for comm="event_loop" lport=13400 scontext=u:r:hht_ota_mgr:s0 tcontext=u:r:hht_ota_mgr:s0 tclass=udp_socket permissive=0
11-11 00:08:51.592 1496 2831 W ActivityManager: Unable to start service Intent { act=action.com.heytap.openid.OPEN_ID_SERVICE cmp=com.heytap.openid/.IdentifyService } U=0: not found
11-11 00:08:52.138 1496 2831 W ActivityManager: Unable to start service Intent { act=action.com.heytap.openid.OPEN_ID_SERVICE cmp=com.heytap.openid/.IdentifyService } U=0: not found
11-11 00:08:52.483 2717 2717 I auditd : type=1400 audit(0.0:140569745): avc: denied { read } for comm="event_loop" lport=13400 scontext=u:r:hht_ota_mgr:s0 tcontext=u:r:hht_ota_mgr:s0 tclass=udp_socket permissive=0
11-11 00:08:52.483 2717 2717 I auditd : type=1400 audit(0.0:140569746): avc: denied { read } for comm="event_loop" lport=13400 scontext=u:r:hht_ota_mgr:s0 tcontext=u:r:hht_ota_mgr:s0 tclass=udp_socket permissive=0
11-11 00:08:52.483 2717 2717 I auditd : type=1400 audit(0.0:140569747): avc: denied { read } for comm="event_loop" lport=13400 scontext=u:r:hht_ota_mgr:s0 tcontext=u:r:hht_ota_mgr:s0 tclass=udp_socket permissive=0
11-11 00:08:52.483 2717 2717 I auditd : type=1400 audit(0.0:140569748): avc: denied { read } for comm="event_loop" lport=13400 scontext=u:r:hht_ota_mgr:s0 tcontext=u:r:hht_ota_mgr:s0 tclass=udp_socket permissive=0
11-11 00:08:52.483 2717 2717 I auditd : type=1400 audit(0.0:140569749): avc: denied { read } for comm="event_loop" lport=13400 scontext=u:r:hht_ota_mgr:s0 tcontext=u:r:hht_ota_mgr:s0 tclass=udp_socket permissive=0
01-01 08:09:56.691 0 0 W audit : audit_lost=140566830 audit_rate_limit=5 audit_backlog_limit=64
01-01 08:09:56.691 0 0 E audit : rate limit exceeded
01-01 08:09:57.042 0 0 I binder : 6379:6469 transaction failed 29201/-28, size 1200484-8 line 3240
01-01 08:09:57.043 0 0 I binder : 6379:6469 transaction failed 29201/-28, size 1200484-8 line 3240
11-11 00:08:53.483 2717 2717 I auditd : type=1400 audit(0.0:140823342): avc: denied { read } for comm="event_loop" lport=13400 scontext=u:r:hht_ota_mgr:s0 tcontext=u:r:hht_ota_mgr:s0 tclass=udp_socket permissive=0
11-11 00:08:53.487 2717 2717 I auditd : type=1400 audit(0.0:140823343): avc: denied { read } for comm="event_loop" lport=13400 scontext=u:r:hht_ota_mgr:s0 tcontext=u:r:hht_ota_mgr:s0 tclass=udp_socket permissive=0
11-11 00:08:53.487 2717 2717 I auditd : type=1400 audit(0.0:140823344): avc: denied { read } for comm="event_loop" lport=13400 scontext=u:r:hht_ota_mgr:s0 tcontext=u:r:hht_ota_mgr:s0 tclass=udp_socket permissive=0
11-11 00:08:53.487 2717 2717 I auditd : type=1400 audit(0.0:140823345): avc: denied { read } for comm="event_loop" lport=13400 scontext=u:r:hht_ota_mgr:s0 tcontext=u:r:hht_ota_mgr:s0 tclass=udp_socket permissive=0
11-11 00:08:53.487 2717 2717 I auditd : type=1400 audit(0.0:140823346): avc: denied { read } for comm="event_loop" lport=13400 scontext=u:r:hht_ota_mgr:s0 tcontext=u:r:hht_ota_mgr:s0 tclass=udp_socket permissive=0
01-01 08:09:57.695 0 0 W audit : audit_lost=140820422 audit_rate_limit=5 audit_backlog_limit=64
01-01 08:09:57.695 0 0 E audit : rate limit exceeded
11-11 00:08:54.250 1496 2831 W ActivityManager: Receiver with filter android.content.IntentFilter@5650757 already registered for pid 6379, callerPackage is com.tencent.android.qqdownloader
11-11 00:08:54.316 1496 1620 I am_pss : [6411,10093,com.tencent.android.qqdownloader,181049344,155836416,0,309526528,0,2,12]
11-11 00:08:54.491 2717 2717 I auditd : type=1400 audit(0.0:141091078): avc: denied { read } for comm="event_loop" lport=13400 scontext=u:r:hht_ota_mgr:s0 tcontext=u:r:hht_ota_mgr:s0 tclass=udp_socket permissive=0
11-11 00:08:54.491 2717 2717 I auditd : type=1400 audit(0.0:141091079): avc: denied { read } for comm="event_loop" lport=13400 scontext=u:r:hht_ota_mgr:s0 tcontext=u:r:hht_ota_mgr:s0 tclass=udp_socket permissive=0
11-11 00:08:54.491 2717 2717 I auditd : type=1400 audit(0.0:141091080): avc: denied { read } for comm="event_loop" lport=13400 scontext=u:r:hht_ota_mgr:s0 tcontext=u:r:hht_ota_mgr:s0 tclass=udp_socket permissive=0
11-11 00:08:54.491 2717 2717 I auditd : type=1400 audit(0.0:141091081): avc: denied { read } for comm="event_loop" lport=13400 scontext=u:r:hht_ota_mgr:s0 tcontext=u:r:hht_ota_mgr:s0 tclass=udp_socket permissive=0
11-11 00:08:54.491 2717 2717 I auditd : type=1400 audit(0.0:141091082): avc: denied { read } for comm="event_loop" lport=13400 scontext=u:r:hht_ota_mgr:s0 tcontext=u:r:hht_ota_mgr:s0 tclass=udp_socket permissive=0
01-01 08:09:58.699 0 0 W audit : audit_lost=141088153 audit_rate_limit=5 audit_backlog_limit=64
01-01 08:09:58.699 0 0 E audit : rate limit exceeded
11-11 00:08:54.778 1496 1496 I notification_enqueue: [10093,6379,com.tencent.android.qqdownloader,127,NULL,0,Notification(channel=channel_id_default_silent shortcut=null contentView=com.tencent.android.qqdownloader/0x7f0a01c2 vibrate=null sound=null defaults=0x0 flags=0x2a0 color=0x00000000 groupKey=com.tencent.android.qqdownloader vis=PRIVATE),0]
11-11 00:08:54.780 1496 1496 I sysui_multi_action: [757,128,758,5,759,8,793,2,794,0,795,2,796,127,806,com.tencent.android.qqdownloader,857,channel_id_default_silent,858,3,946,com.tencent.android.qqdownloader,947,1,1500,2]
11-11 00:08:54.781 1496 1496 I notification_canceled: [0|com.tencent.android.qqdownloader|127|null|10093,8,2,2,0,-1,-1,NULL]
11-11 00:08:54.979 1496 1496 I NotificationService: Cannot find enqueued record for key: 0|com.tencent.android.qqdownloader|127|null|10093
11-11 00:08:55.495 2717 2717 I auditd : type=1400 audit(0.0:141359955): avc: denied { read } for comm="event_loop" lport=13400 scontext=u:r:hht_ota_mgr:s0 tcontext=u:r:hht_ota_mgr:s0 tclass=udp_socket permissive=0
11-11 00:08:55.495 2717 2717 I auditd : type=1400 audit(0.0:141359956): avc: denied { read } for comm="event_loop" lport=13400 scontext=u:r:hht_ota_mgr:s0 tcontext=u:r:hht_ota_mgr:s0 tclass=udp_socket permissive=0
11-11 00:08:55.495 2717 2717 I auditd : type=1400 audit(0.0:141359957): avc: denied { read } for comm="event_loop" lport=13400 scontext=u:r:hht_ota_mgr:s0 tcontext=u:r:hht_ota_mgr:s0 tclass=udp_socket permissive=0
11-11 00:08:55.495 2717 2717 I auditd : type=1400 audit(0.0:141359958): avc: denied { read } for comm="event_loop" lport=13400 scontext=u:r:hht_ota_mgr:s0 tcontext=u:r:hht_ota_mgr:s0 tclass=udp_socket permissive=0
11-11 00:08:55.495 2717 2717 I auditd : type=1400 audit(0.0:141359959): avc: denied { read } for comm="event_loop" lport=13400 scontext=u:r:hht_ota_mgr:s0 tcontext=u:r:hht_ota_mgr:s0 tclass=udp_socket permissive=0
01-01 08:09:59.703 0 0 W audit : audit_lost=141357025 audit_rate_limit=5 audit_backlog_limit=64
01-01 08:09:59.703 0 0 E audit : rate limit exceeded
11-11 00:08:55.784 1496 1496 I notification_enqueue: [10093,6379,com.tencent.android.qqdownloader,127,NULL,0,Notification(channel=channel_id_default_silent shortcut=null contentView=com.tencent.android.qqdownloader/0x7f0a01c2 vibrate=null sound=null defaults=0x0 flags=0x2a0 color=0x00000000 groupKey=com.tencent.android.qqdownloader vis=PRIVATE),0]
11-11 00:08:55.984 1496 1496 I GameModeConfig: isGameModeOn = false
11-11 00:08:56.007 1496 1817 I netstats_mobile_sample: [0,0,0,0,0,0,0,0,0,0,0,0,1668096536007]
11-11 00:08:56.008 1496 1817 I netstats_wifi_sample: [53220969,43241,4608793,26081,53220969,43241,4608793,26081,54157110,49641,3345113,22881,1668096536007]
11-11 00:08:56.499 2717 2717 I auditd : type=1400 audit(0.0:141629198): avc: denied { read } for comm="event_loop" lport=13400 scontext=u:r:hht_ota_mgr:s0 tcontext=u:r:hht_ota_mgr:s0 tclass=udp_socket permissive=0
11-11 00:08:56.499 2717 2717 I auditd : type=1400 audit(0.0:141629199): avc: denied { read } for comm="event_loop" lport=13400 scontext=u:r:hht_ota_mgr:s0 tcontext=u:r:hht_ota_mgr:s0 tclass=udp_socket permissive=0
11-11 00:08:56.499 2717 2717 I auditd : type=1400 audit(0.0:141629200): avc: denied { read } for comm="event_loop" lport=13400 scontext=u:r:hht_ota_mgr:s0 tcontext=u:r:hht_ota_mgr:s0 tclass=udp_socket permissive=0
11-11 00:08:56.499 2717 2717 I auditd : type=1400 audit(0.0:141629201): avc: denied { read } for comm="event_loop" lport=13400 scontext=u:r:hht_ota_mgr:s0 tcontext=u:r:hht_ota_mgr:s0 tclass=udp_socket permissive=0
11-11 00:08:56.499 2717 2717 I auditd : type=1400 audit(0.0:141629202): avc: denied { read } for comm="event_loop" lport=13400 scontext=u:r:hht_ota_mgr:s0 tcontext=u:r:hht_ota_mgr:s0 tclass=udp_socket permissive=0
01-01 08:10:00.707 0 0 W audit : audit_lost=141626263 audit_rate_limit=5 audit_backlog_limit=64
01-01 08:10:00.707 0 0 E audit : rate limit exceeded
11-11 00:08:56.789 1496 1496 I notification_enqueue: [10093,6379,com.tencent.android.qqdownloader,127,NULL,0,Notification(channel=channel_id_default_silent shortcut=null contentView=com.tencent.android.qqdownloader/0x7f0a01c2 vibrate=null sound=null defaults=0x0 flags=0x2a0 color=0x00000000 groupKey=com.tencent.android.qqdownloader vis=PRIVATE),1]
11-11 00:08:56.990 1496 1496 I GameModeConfig: isGameModeOn = false
11-11 00:08:57.503 2717 2717 I auditd : type=1400 audit(0.0:141896858): avc: denied { read } for comm="event_loop" lport=13400 scontext=u:r:hht_ota_mgr:s0 tcontext=u:r:hht_ota_mgr:s0 tclass=udp_socket permissive=0
01-01 08:10:01.711 0 0 W audit : audit_lost=141893918 audit_rate_limit=5 audit_backlog_limit=64
01-01 08:10:01.711 0 0 E audit : rate limit exceeded
11-11 00:08:57.503 2717 2717 I auditd : type=1400 audit(0.0:141896859): avc: denied { read } for comm="event_loop" lport=13400 scontext=u:r:hht_ota_mgr:s0 tcontext=u:r:hht_ota_mgr:s0 tclass=udp_socket permissive=0
11-11 00:08:57.503 2717 2717 I auditd : type=1400 audit(0.0:141896860): avc: denied { read } for comm="event_loop" lport=13400 scontext=u:r:hht_ota_mgr:s0 tcontext=u:r:hht_ota_mgr:s0 tclass=udp_socket permissive=0
11-11 00:08:57.503 2717 2717 I auditd : type=1400 audit(0.0:141896861): avc: denied { read } for comm="event_loop" lport=13400 scontext=u:r:hht_ota_mgr:s0 tcontext=u:r:hht_ota_mgr:s0 tclass=udp_socket permissive=0
11-11 00:08:57.503 2717 2717 I auditd : type=1400 audit(0.0:141896862): avc: denied { read } for comm="event_loop" lport=13400 scontext=u:r:hht_ota_mgr:s0 tcontext=u:r:hht_ota_mgr:s0 tclass=udp_socket permissive=0
11-11 00:08:57.795 1496 1496 I notification_enqueue: [10093,6379,com.tencent.android.qqdownloader,127,NULL,0,Notification(channel=channel_id_default_silent shortcut=null contentView=com.tencent.android.qqdownloader/0x7f0a01c2 vibrate=null sound=null defaults=0x0 flags=0x2a0 color=0x00000000 groupKey=com.tencent.android.qqdownloader vis=PRIVATE),1]
11-11 00:08:57.999 1496 1496 I GameModeConfig: isGameModeOn = false
11-11 00:08:58.507 2717 2717 I auditd : type=1400 audit(0.0:142165642): avc: denied { read } for comm="event_loop" lport=13400 scontext=u:r:hht_ota_mgr:s0 tcontext=u:r:hht_ota_mgr:s0 tclass=udp_socket permissive=0
11-11 00:08:58.507 2717 2717 I auditd : type=1400 audit(0.0:142165643): avc: denied { read } for comm="event_loop" lport=13400 scontext=u:r:hht_ota_mgr:s0 tcontext=u:r:hht_ota_mgr:s0 tclass=udp_socket permissive=0
11-11 00:08:58.507 2717 2717 I auditd : type=1400 audit(0.0:142165644): avc: denied { read } for comm="event_loop" lport=13400 scontext=u:r:hht_ota_mgr:s0 tcontext=u:r:hht_ota_mgr:s0 tclass=udp_socket permissive=0
11-11 00:08:58.507 2717 2717 I auditd : type=1400 audit(0.0:142165645): avc: denied { read } for comm="event_loop" lport=13400 scontext=u:r:hht_ota_mgr:s0 tcontext=u:r:hht_ota_mgr:s0 tclass=udp_socket permissive=0
11-11 00:08:58.507 2717 2717 I auditd : type=1400 audit(0.0:142165646): avc: denied { read } for comm="event_loop" lport=13400 scontext=u:r:hht_ota_mgr:s0 tcontext=u:r:hht_ota_mgr:s0 tclass=udp_socket permissive=0
01-01 08:10:02.715 0 0 W audit : audit_lost=142162697 audit_rate_limit=5 audit_backlog_limit=64
01-01 08:10:02.715 0 0 E audit : rate limit exceeded
11-11 00:08:59.511 2717 2717 I auditd : type=1400 audit(0.0:142433769): avc: denied { read } for comm="event_loop" lport=13400 scontext=u:r:hht_ota_mgr:s0 tcontext=u:r:hht_ota_mgr:s0 tclass=udp_socket permissive=0
01-01 08:10:03.719 0 0 W audit : audit_lost=142430819 audit_rate_limit=5 audit_backlog_limit=64
01-01 08:10:03.719 0 0 E audit : rate limit exceeded
11-11 00:08:59.511 2717 2717 I auditd : type=1400 audit(0.0:142433770): avc: denied { read } for comm="event_loop" lport=13400 scontext=u:r:hht_ota_mgr:s0 tcontext=u:r:hht_ota_mgr:s0 tclass=udp_socket permissive=0
11-11 00:08:59.511 2717 2717 I auditd : type=1400 audit(0.0:142433771): avc: denied { read } for comm="event_loop" lport=13400 scontext=u:r:hht_ota_mgr:s0 tcontext=u:r:hht_ota_mgr:s0 tclass=udp_socket permissive=0
11-11 00:08:59.511 2717 2717 I auditd : type=1400 audit(0.0:142433772): avc: denied { read } for comm="event_loop" lport=13400 scontext=u:r:hht_ota_mgr:s0 tcontext=u:r:hht_ota_mgr:s0 tclass=udp_socket permissive=0
11-11 00:08:59.511 2717 2717 I auditd : type=1400 audit(0.0:142433773): avc: denied { read } for comm="event_loop" lport=13400 scontext=u:r:hht_ota_mgr:s0 tcontext=u:r:hht_ota_mgr:s0 tclass=udp_socket permissive=0
01-01 08:10:04.723 0 0 W audit : audit_lost=142698719 audit_rate_limit=5 audit_backlog_limit=64
11-11 00:09:00.511 2717 2717 I auditd : type=1400 audit(0.0:142701674): avc: denied { read } for comm="event_loop" lport=13400 scontext=u:r:hht_ota_mgr:s0 tcontext=u:r:hht_ota_mgr:s0 tclass=udp_socket permissive=0
01-01 08:10:04.723 0 0 E audit : rate limit exceeded
11-11 00:09:00.515 2717 2717 I auditd : type=1400 audit(0.0:142701675): avc: denied { read } for comm="event_loop" lport=13400 scontext=u:r:hht_ota_mgr:s0 tcontext=u:r:hht_ota_mgr:s0 tclass=udp_socket permissive=0
11-11 00:09:00.515 2717 2717 I auditd : type=1400 audit(0.0:142701676): avc: denied { read } for comm="event_loop" lport=13400 scontext=u:r:hht_ota_mgr:s0 tcontext=u:r:hht_ota_mgr:s0 tclass=udp_socket permissive=0
11-11 00:09:00.515 2717 2717 I auditd : type=1400 audit(0.0:142701677): avc: denied { read } for comm="event_loop" lport=13400 scontext=u:r:hht_ota_mgr:s0 tcontext=u:r:hht_ota_mgr:s0 tclass=udp_socket permissive=0
11-11 00:09:00.515 2717 2717 I auditd : type=1400 audit(0.0:142701678): avc: denied { read } for comm="event_loop" lport=13400 scontext=u:r:hht_ota_mgr:s0 tcontext=u:r:hht_ota_mgr:s0 tclass=udp_socket permissive=0
01-01 08:10:05.727 0 0 W audit : audit_lost=142966903 audit_rate_limit=5 audit_backlog_limit=64
01-01 08:10:05.727 0 0 E audit : rate limit exceeded
11-11 00:09:01.519 2717 2717 I auditd : type=1400 audit(0.0:142969863): avc: denied { read } for comm="event_loop" lport=13400 scontext=u:r:hht_ota_mgr:s0 tcontext=u:r:hht_ota_mgr:s0 tclass=udp_socket permissive=0
11-11 00:09:01.519 2717 2717 I auditd : type=1400 audit(0.0:142969864): avc: denied { read } for comm="event_loop" lport=13400 scontext=u:r:hht_ota_mgr:s0 tcontext=u:r:hht_ota_mgr:s0 tclass=udp_socket permissive=0
11-11 00:09:01.519 2717 2717 I auditd : type=1400 audit(0.0:142969865): avc: denied { read } for comm="event_loop" lport=13400 scontext=u:r:hht_ota_mgr:s0 tcontext=u:r:hht_ota_mgr:s0 tclass=udp_socket permissive=0
11-11 00:09:01.519 2717 2717 I auditd : type=1400 audit(0.0:142969866): avc: denied { read } for comm="event_loop" lport=13400 scontext=u:r:hht_ota_mgr:s0 tcontext=u:r:hht_ota_mgr:s0 tclass=udp_socket permissive=0
11-11 00:09:01.519 2717 2717 I auditd : type=1400 audit(0.0:142969867): avc: denied { read } for comm="event_loop" lport=13400 scontext=u:r:hht_ota_mgr:s0 tcontext=u:r:hht_ota_mgr:s0 tclass=udp_socket permissive=0
11-11 00:09:02.523 2717 2717 I auditd : type=1400 audit(0.0:143238105): avc: denied { read } for comm="event_loop" lport=13400 scontext=u:r:hht_ota_mgr:s0 tcontext=u:r:hht_ota_mgr:s0 tclass=udp_socket permissive=0
11-11 00:09:02.523 2717 2717 I auditd : type=1400 audit(0.0:143238106): avc: denied { read } for comm="event_loop" lport=13400 scontext=u:r:hht_ota_mgr:s0 tcontext=u:r:hht_ota_mgr:s0 tclass=udp_socket permissive=0
11-11 00:09:02.523 2717 2717 I auditd : type=1400 audit(0.0:143238107): avc: denied { read } for comm="event_loop" lport=13400 scontext=u:r:hht_ota_mgr:s0 tcontext=u:r:hht_ota_mgr:s0 tclass=udp_socket permissive=0
11-11 00:09:02.523 2717 2717 I auditd : type=1400 audit(0.0:143238108): avc: denied { read } for comm="event_loop" lport=13400 scontext=u:r:hht_ota_mgr:s0 tcontext=u:r:hht_ota_mgr:s0 tclass=udp_socket permissive=0
11-11 00:09:02.523 2717 2717 I auditd : type=1400 audit(0.0:143238109): avc: denied { read } for comm="event_loop" lport=13400 scontext=u:r:hht_ota_mgr:s0 tcontext=u:r:hht_ota_mgr:s0 tclass=udp_socket permissive=0
01-01 08:10:06.731 0 0 W audit : audit_lost=143235140 audit_rate_limit=5 audit_backlog_limit=64
01-01 08:10:06.731 0 0 E audit : rate limit exceeded
11-11 00:09:03.252 1496 1817 I netstats_mobile_sample: [0,0,0,0,0,0,0,0,0,0,0,0,1668096543251]
11-11 00:09:03.253 1496 1817 I netstats_wifi_sample: [55644732,45117,4705612,27090,55644732,45117,4705612,27090,56588349,51558,3430204,23862,1668096543251]
11-11 00:09:03.527 2717 2717 I auditd : type=1400 audit(0.0:143506785): avc: denied { read } for comm="event_loop" lport=13400 scontext=u:r:hht_ota_mgr:s0 tcontext=u:r:hht_ota_mgr:s0 tclass=udp_socket permissive=0
11-11 00:09:03.527 2717 2717 I auditd : type=1400 audit(0.0:143506786): avc: denied { read } for comm="event_loop" lport=13400 scontext=u:r:hht_ota_mgr:s0 tcontext=u:r:hht_ota_mgr:s0 tclass=udp_socket permissive=0
11-11 00:09:03.527 2717 2717 I auditd : type=1400 audit(0.0:143506787): avc: denied { read } for comm="event_loop" lport=13400 scontext=u:r:hht_ota_mgr:s0 tcontext=u:r:hht_ota_mgr:s0 tclass=udp_socket permissive=0
11-11 00:09:03.527 2717 2717 I auditd : type=1400 audit(0.0:143506788): avc: denied { read } for comm="event_loop" lport=13400 scontext=u:r:hht_ota_mgr:s0 tcontext=u:r:hht_ota_mgr:s0 tclass=udp_socket permissive=0
11-11 00:09:03.527 2717 2717 I auditd : type=1400 audit(0.0:143506789): avc: denied { read } for comm="event_loop" lport=13400 scontext=u:r:hht_ota_mgr:s0 tcontext=u:r:hht_ota_mgr:s0 tclass=udp_socket permissive=0
01-01 08:10:07.735 0 0 W audit : audit_lost=143503815 audit_rate_limit=5 audit_backlog_limit=64
01-01 08:10:07.735 0 0 E audit : rate limit exceeded
11-11 00:09:04.531 2717 2717 I auditd : type=1400 audit(0.0:143774710): avc: denied { read } for comm="event_loop" lport=13400 scontext=u:r:hht_ota_mgr:s0 tcontext=u:r:hht_ota_mgr:s0 tclass=udp_socket permissive=0
11-11 00:09:04.531 2717 2717 I auditd : type=1400 audit(0.0:143774711): avc: denied { read } for comm="event_loop" lport=13400 scontext=u:r:hht_ota_mgr:s0 tcontext=u:r:hht_ota_mgr:s0 tclass=udp_socket permissive=0
11-11 00:09:04.531 2717 2717 I auditd : type=1400 audit(0.0:143774712): avc: denied { read } for comm="event_loop" lport=13400 scontext=u:r:hht_ota_mgr:s0 tcontext=u:r:hht_ota_mgr:s0 tclass=udp_socket permissive=0
11-11 00:09:04.531 2717 2717 I auditd : type=1400 audit(0.0:143774713): avc: denied { read } for comm="event_loop" lport=13400 scontext=u:r:hht_ota_mgr:s0 tcontext=u:r:hht_ota_mgr:s0 tclass=udp_socket permissive=0
11-11 00:09:04.531 2717 2717 I auditd : type=1400 audit(0.0:143774714): avc: denied { read } for comm="event_loop" lport=13400 scontext=u:r:hht_ota_mgr:s0 tcontext=u:r:hht_ota_mgr:s0 tclass=udp_socket permissive=0
01-01 08:10:08.739 0 0 W audit : audit_lost=143771735 audit_rate_limit=5 audit_backlog_limit=64
01-01 08:10:08.739 0 0 E audit : rate limit exceeded
11-11 00:09:05.535 2717 2717 I auditd : type=1400 audit(0.0:144042437): avc: denied { read } for comm="event_loop" lport=13400 scontext=u:r:hht_ota_mgr:s0 tcontext=u:r:hht_ota_mgr:s0 tclass=udp_socket permissive=0
01-01 08:10:09.743 0 0 W audit : audit_lost=144039457 audit_rate_limit=5 audit_backlog_limit=64
11-11 00:09:05.535 2717 2717 I auditd : type=1400 audit(0.0:144042438): avc: denied { read } for comm="event_loop" lport=13400 scontext=u:r:hht_ota_mgr:s0 tcontext=u:r:hht_ota_mgr:s0 tclass=udp_socket permissive=0
01-01 08:10:09.743 0 0 E audit : rate limit exceeded
11-11 00:09:05.535 2717 2717 I auditd : type=1400 audit(0.0:144042439): avc: denied { read } for comm="event_loop" lport=13400 scontext=u:r:hht_ota_mgr:s0 tcontext=u:r:hht_ota_mgr:s0 tclass=udp_socket permissive=0
11-11 00:09:05.535 2717 2717 I auditd : type=1400 audit(0.0:144042440): avc: denied { read } for comm="event_loop" lport=13400 scontext=u:r:hht_ota_mgr:s0 tcontext=u:r:hht_ota_mgr:s0 tclass=udp_socket permissive=0
11-11 00:09:05.535 2717 2717 I auditd : type=1400 audit(0.0:144042441): avc: denied { read } for comm="event_loop" lport=13400 scontext=u:r:hht_ota_mgr:s0 tcontext=u:r:hht_ota_mgr:s0 tclass=udp_socket permissive=0
11-11 00:09:06.535 2717 2717 I auditd : type=1400 audit(0.0:144310649): avc: denied { read } for comm="event_loop" lport=13400 scontext=u:r:hht_ota_mgr:s0 tcontext=u:r:hht_ota_mgr:s0 tclass=udp_socket permissive=0
11-11 00:09:06.539 2717 2717 I auditd : type=1400 audit(0.0:144310650): avc: denied { read } for comm="event_loop" lport=13400 scontext=u:r:hht_ota_mgr:s0 tcontext=u:r:hht_ota_mgr:s0 tclass=udp_socket permissive=0
11-11 00:09:06.539 2717 2717 I auditd : type=1400 audit(0.0:144310651): avc: denied { read } for comm="event_loop" lport=13400 scontext=u:r:hht_ota_mgr:s0 tcontext=u:r:hht_ota_mgr:s0 tclass=udp_socket permissive=0
11-11 00:09:06.539 2717 2717 I auditd : type=1400 audit(0.0:144310652): avc: denied { read } for comm="event_loop" lport=13400 scontext=u:r:hht_ota_mgr:s0 tcontext=u:r:hht_ota_mgr:s0 tclass=udp_socket permissive=0
11-11 00:09:06.539 2717 2717 I auditd : type=1400 audit(0.0:144310653): avc: denied { read } for comm="event_loop" lport=13400 scontext=u:r:hht_ota_mgr:s0 tcontext=u:r:hht_ota_mgr:s0 tclass=udp_socket permissive=0
01-01 08:10:10.747 0 0 W audit : audit_lost=144307664 audit_rate_limit=5 audit_backlog_limit=64
01-01 08:10:10.747 0 0 E audit : rate limit exceeded
11-11 00:09:07.515 1496 2142 W BroadcastQueue: Background execution not allowed: receiving Intent { act=com.tencent.android.qqdownloader.action.SCHEDULE_JOB flg=0x14 (has extras) } to com.tencent.android.qqdownloader/com.tencent.assistant.module.timer.ScheduleJobReceiver
11-11 00:09:07.533 1496 1620 I am_pss : [6411,10093,com.tencent.android.qqdownloader,182529024,157175808,0,311517184,0,2,14]
11-11 00:09:07.539 2717 2717 I auditd : type=1400 audit(0.0:144576471): avc: denied { read } for comm="event_loop" lport=13400 scontext=u:r:hht_ota_mgr:s0 tcontext=u:r:hht_ota_mgr:s0 tclass=udp_socket permissive=0
11-11 00:09:07.543 2717 2717 I auditd : type=1400 audit(0.0:144576472): avc: denied { read } for comm="event_loop" lport=13400 scontext=u:r:hht_ota_mgr:s0 tcontext=u:r:hht_ota_mgr:s0 tclass=udp_socket permissive=0
11-11 00:09:07.543 2717 2717 I auditd : type=1400 audit(0.0:144576473): avc: denied { read } for comm="event_loop" lport=13400 scontext=u:r:hht_ota_mgr:s0 tcontext=u:r:hht_ota_mgr:s0 tclass=udp_socket permissive=0
11-11 00:09:07.543 2717 2717 I auditd : type=1400 audit(0.0:144576474): avc: denied { read } for comm="event_loop" lport=13400 scontext=u:r:hht_ota_mgr:s0 tcontext=u:r:hht_ota_mgr:s0 tclass=udp_socket permissive=0
11-11 00:09:07.543 2717 2717 I auditd : type=1400 audit(0.0:144576475): avc: denied { read } for comm="event_loop" lport=13400 scontext=u:r:hht_ota_mgr:s0 tcontext=u:r:hht_ota_mgr:s0 tclass=udp_socket permissive=0
11-11 00:09:07.545 1496 1620 I am_pss : [6379,10093,com.tencent.android.qqdownloader:daemon,98909184,79654912,0,211398656,0,3,11]
01-01 08:10:11.751 0 0 W audit : audit_lost=144573481 audit_rate_limit=5 audit_backlog_limit=64
01-01 08:10:11.751 0 0 E audit : rate limit exceeded
11-11 00:09:07.551 1496 1620 I am_pss : [6992,10093,com.tencent.android.qqdownloader:cloud,18827264,9637888,0,100872192,0,3,4]
11-11 00:09:08.543 2717 2717 I auditd : type=1400 audit(0.0:144843782): avc: denied { read } for comm="event_loop" lport=13400 scontext=u:r:hht_ota_mgr:s0 tcontext=u:r:hht_ota_mgr:s0 tclass=udp_socket permissive=0
11-11 00:09:08.547 2717 2717 I auditd : type=1400 audit(0.0:144843783): avc: denied { read } for comm="event_loop" lport=13400 scontext=u:r:hht_ota_mgr:s0 tcontext=u:r:hht_ota_mgr:s0 tclass=udp_socket permissive=0
11-11 00:09:08.547 2717 2717 I auditd : type=1400 audit(0.0:144843784): avc: denied { read } for comm="event_loop" lport=13400 scontext=u:r:hht_ota_mgr:s0 tcontext=u:r:hht_ota_mgr:s0 tclass=udp_socket permissive=0
11-11 00:09:08.547 2717 2717 I auditd : type=1400 audit(0.0:144843785): avc: denied { read } for comm="event_loop" lport=13400 scontext=u:r:hht_ota_mgr:s0 tcontext=u:r:hht_ota_mgr:s0 tclass=udp_socket permissive=0
11-11 00:09:08.547 2717 2717 I auditd : type=1400 audit(0.0:144843786): avc: denied { read } for comm="event_loop" lport=13400 scontext=u:r:hht_ota_mgr:s0 tcontext=u:r:hht_ota_mgr:s0 tclass=udp_socket permissive=0
01-01 08:10:12.755 0 0 W audit : audit_lost=144840787 audit_rate_limit=5 audit_backlog_limit=64
01-01 08:10:12.755 0 0 E audit : rate limit exceeded
11-11 00:09:08.875 1496 1742 I input_interaction: Interaction with: b63f210 com.tencent.android.qqdownloader/com.tencent.nucleus.search.SearchActivity (server), edge-swipe (server), swipe-up (server), PointerEventDispatcher0 (server),
11-11 00:09:09.077 1496 1621 I ActivityManager: Deferring FGS notification in legacy app com.tencent.android.qqdownloader/u0a93 : Notification(channel=channel_id_default_silent shortcut=null contentView=null vibrate=null sound=null tick defaults=0x0 flags=0x240 color=0x00000000 groupKey=com.tencent.android.qqdownloader vis=PRIVATE)
11-11 00:09:09.547 2717 2717 I auditd : type=1400 audit(0.0:145111237): avc: denied { read } for comm="event_loop" lport=13400 scontext=u:r:hht_ota_mgr:s0 tcontext=u:r:hht_ota_mgr:s0 tclass=udp_socket permissive=0
11-11 00:09:09.551 2717 2717 I auditd : type=1400 audit(0.0:145111238): avc: denied { read } for comm="event_loop" lport=13400 scontext=u:r:hht_ota_mgr:s0 tcontext=u:r:hht_ota_mgr:s0 tclass=udp_socket permissive=0
11-11 00:09:09.551 2717 2717 I auditd : type=1400 audit(0.0:145111239): avc: denied { read } for comm="event_loop" lport=13400 scontext=u:r:hht_ota_mgr:s0 tcontext=u:r:hht_ota_mgr:s0 tclass=udp_socket permissive=0
11-11 00:09:09.551 2717 2717 I auditd : type=1400 audit(0.0:145111240): avc: denied { read } for comm="event_loop" lport=13400 scontext=u:r:hht_ota_mgr:s0 tcontext=u:r:hht_ota_mgr:s0 tclass=udp_socket permissive=0
11-11 00:09:09.551 2717 2717 I auditd : type=1400 audit(0.0:145111241): avc: denied { read } for comm="event_loop" lport=13400 scontext=u:r:hht_ota_mgr:s0 tcontext=u:r:hht_ota_mgr:s0 tclass=udp_socket permissive=0
01-01 08:10:13.759 0 0 W audit : audit_lost=145108237 audit_rate_limit=5 audit_backlog_limit=64
01-01 08:10:13.759 0 0 E audit : rate limit exceeded
11-11 00:09:10.551 2717 2717 I auditd : type=1400 audit(0.0:145378814): avc: denied { read } for comm="event_loop" lport=13400 scontext=u:r:hht_ota_mgr:s0 tcontext=u:r:hht_ota_mgr:s0 tclass=udp_socket permissive=0
01-01 08:10:14.763 0 0 W audit : audit_lost=145375809 audit_rate_limit=5 audit_backlog_limit=64
01-01 08:10:14.763 0 0 E audit : rate limit exceeded
11-11 00:09:10.555 2717 2717 I auditd : type=1400 audit(0.0:145378815): avc: denied { read } for comm="event_loop" lport=13400 scontext=u:r:hht_ota_mgr:s0 tcontext=u:r:hht_ota_mgr:s0 tclass=udp_socket permissive=0
11-11 00:09:10.555 2717 2717 I auditd : type=1400 audit(0.0:145378816): avc: denied { read } for comm="event_loop" lport=13400 scontext=u:r:hht_ota_mgr:s0 tcontext=u:r:hht_ota_mgr:s0 tclass=udp_socket permissive=0
11-11 00:09:10.555 2717 2717 I auditd : type=1400 audit(0.0:145378817): avc: denied { read } for comm="event_loop" lport=13400 scontext=u:r:hht_ota_mgr:s0 tcontext=u:r:hht_ota_mgr:s0 tclass=udp_socket permissive=0
11-11 00:09:10.555 2717 2717 I auditd : type=1400 audit(0.0:145378818): avc: denied { read } for comm="event_loop" lport=13400 scontext=u:r:hht_ota_mgr:s0 tcontext=u:r:hht_ota_mgr:s0 tclass=udp_socket permissive=0
11-11 00:09:10.893 1496 1817 I netstats_mobile_sample: [0,0,0,0,0,0,0,0,0,0,0,0,1668096550893]
11-11 00:09:10.894 1496 1817 I netstats_wifi_sample: [61910316,50149,5080836,30236,61910316,50149,5080836,30236,62854987,56621,3788110,26967,1668096550893]
01-01 08:10:15.447 0 0 I binder : 1496:1726 ioctl 400c620e 6d42f7d5d8 returned -22
11-11 00:09:11.240 1496 1726 D ActivityManager: freezing 3028 com.android.traceur
11-11 00:09:11.240 1496 1726 E ActivityManager: Unable to freeze binder for 3028 com.android.traceur
11-11 00:09:11.241 1496 1726 D ActivityManager: froze 3028 com.android.traceur
11-11 00:09:11.241 1496 1726 I am_freeze: [3028,com.android.traceur]
11-11 00:09:11.241 1496 1726 E ActivityManager: Unable to freeze binder for 3028 com.android.traceur
11-11 00:09:11.243 1496 1726 I ActivityManager: Killing 3028:com.android.traceur/u0a20 (adj 975): Unable to freeze binder interface
11-11 00:09:11.243 1496 1726 I am_kill : [0,3028,com.android.traceur,975,Unable to freeze binder interface]
01-01 08:10:15.448 0 0 I binder : 1496:1726 ioctl c00c620f 6d42f7d5b8 returned -22
11-11 00:09:11.272 1496 2830 I am_proc_died: [0,3028,com.android.traceur,975,19]
11-11 00:09:11.273 1496 2830 I am_uid_stopped: 10020
11-11 00:09:11.283 1496 1620 I am_pss : [5468,10095,com.tencent.qqmusicpad:QQPlayerService,57832448,39534592,0,151003136,0,4,6]
11-11 00:09:11.290 1496 1620 I am_pss : [4887,10048,com.thundercomm.screensaver,37006336,31694848,0,150396928,0,19,6]
