01-01 08:00:11.559 1496 1496 D CompatConfig: Adding: com.android.server.compat.config.Change@ccfa86d
01-01 08:00:11.559 1496 1618 I SystemConfig: Reading permissions from /vendor/etc/permissions/android.hardware.wifi.direct.xml
01-01 08:00:11.559 1496 1496 D CompatConfig: Adding: com.android.server.compat.config.Change@f53bd33
01-01 08:00:11.559 1496 1496 D CompatConfig: Adding: com.android.server.compat.config.Change@2bf48f0
01-01 08:00:11.556 0 0 W : ------------[ cut here ]------------
01-01 08:00:11.556 0 0 W : Unbalanced enable for IRQ 401
01-01 08:00:11.556 0 0 W : WARNING: CPU: 1 PID: 81 at kernel/irq/manage.c:621 enable_irq+0x90/0xe8
01-01 08:00:11.556 0 0 W : Modules linked in: wlan(O+) tsnv(O) machine_dlkm(O) wcd938x_slave_dlkm(O) wcd938x_dlkm(O) wcd9xxx_dlkm(O) mbhc_dlkm(O) tx_macro_dlkm(O) rx_macro_dlkm(O) va_macro_dlkm(O) wsa_macro_dlkm(O) swr_ctrl_dlkm(O) bolero_cdc_dlkm(O) wsa881x_dlkm(O) wcd_core_dlkm(O) stub_dlkm(O) hdmi_dlkm(O) swr_dlkm(O) pinctrl_lpi_dlkm(O) pinctrl_wcd_dlkm(O) usf_dlkm(O) native_dlkm(O) platform_dlkm(O) q6_dlkm(O) adsp_loader_dlkm(O) apr_dlkm(O) snd_event_dlkm(O) q6_notifier_dlkm(O) q6_pdr_dlkm(O) msm_11ad_proxy
01-01 08:00:11.559 1496 1618 I SystemConfig: Reading permissions from /vendor/etc/permissions/android.hardware.sensor.relative_humidity.xml
01-01 08:00:11.556 0 0 W : CPU: 1 PID: 81 Comm: kworker/1:1 Tainted: G S O 4.19.157-perf+ #1
01-01 08:00:11.556 0 0 W Hardware name: Qualcomm Technologies, Inc. kona MTP-RmPM8150b. VX1(MCE) EVT2 (DT)
01-01 08:00:11.556 0 0 W Workqueue: pm pm_runtime_work
01-01 08:00:11.556 0 0 W pstate : 60c00085 (nZCv daIf +PAN +UAO)
01-01 08:00:11.556 0 0 W pc : enable_irq+0x90/0xe8
01-01 08:00:11.556 0 0 W lr : enable_irq+0x90/0xe8
01-01 08:00:11.556 0 0 W sp : ffffff800845bbb0
01-01 08:00:11.556 0 0 W : x29: ffffff800845bbc0 x28: 0000000000000002
01-01 08:00:11.556 0 0 W : x27: 0000000000000186 x26: 0000000000000000
01-01 08:00:11.556 0 0 W : x25: 0000000000000000 x24: ffffffdd07bbb37d
01-01 08:00:11.556 0 0 W : x23: ffffffdd07bb9ca1 x22: ffffffdd07bbb248
01-01 08:00:11.556 0 0 W : x21: ffffffdd0f6f3010 x20: 0000000000000191
01-01 08:00:11.556 0 0 W : x19: ffffffdcfff70400 x18: 0000000000000030
01-01 08:00:11.556 0 0 W : x17: ffffff9cdf220000 x16: 00000000fffc1034
01-01 08:00:11.556 0 0 W : x15: 00000000000c1034 x14: 0000000000000086
01-01 08:00:11.556 0 0 W : x13: 0000000000000030 x12: 0000000000000000
01-01 08:00:11.556 0 0 W : x11: 0000000000000000 x10: 0000000000000007
01-01 08:00:11.556 0 0 W : x9 : 80fae7cc2565d500 x8 : 80fae7cc2565d500
01-01 08:00:11.556 0 0 W : x7 : 0000000000000000 x6 : ffffffdd3987eff9
01-01 08:00:11.556 0 0 W : x5 : 0000000000000000 x4 : 0000000000000006
01-01 08:00:11.556 0 0 W : x3 : 0000000000000031 x2 : 0000000000000007
01-01 08:00:11.556 0 0 W : x1 : 0000000000000007 x0 : 000000000000001d
01-01 08:00:11.556 0 0 W Call trace:
01-01 08:00:11.556 0 0 W : enable_irq+0x90/0xe8
01-01 08:00:11.556 0 0 W : swrm_runtime_suspend+0x428/0x4d8 [swr_ctrl_dlkm]
01-01 08:00:11.556 0 0 W : pm_generic_runtime_suspend+0x24/0x38
01-01 08:00:11.556 0 0 W : __rpm_callback+0x124/0x228
01-01 08:00:11.556 0 0 W : rpm_suspend+0x464/0x818
01-01 08:00:11.556 0 0 W : pm_runtime_work+0x90/0xa0
01-01 08:00:11.556 0 0 W : process_one_work+0x278/0x440
01-01 08:00:11.556 0 0 W : worker_thread+0x260/0x4a8
01-01 08:00:11.556 0 0 W : kthread+0x140/0x150
01-01 08:00:11.556 0 0 W : ret_from_fork+0x10/0x18
01-01 08:00:11.556 0 0 W : ---[ end trace 447402d3507ac207 ]---
01-01 08:00:11.560 1496 1618 I SystemConfig: Reading permissions from /vendor/etc/permissions/android.hardware.opengles.aep.xml
01-01 08:00:11.560 1496 1496 D CompatConfig: Adding: com.android.server.compat.config.Change@f02f98f
01-01 08:00:11.560 1496 1496 D CompatConfig: Adding: com.android.server.compat.config.Change@fe8041c
01-01 08:00:11.560 1496 1496 D CompatConfig: Adding: com.android.server.compat.config.Change@b27825
01-01 08:00:11.560 1496 1618 I SystemConfig: Reading permissions from /vendor/etc/permissions/android.hardware.usb.host.xml
01-01 08:00:11.560 1496 1496 D CompatConfig: Adding: com.android.server.compat.config.Change@abf9fab
01-01 08:00:11.561 1496 1496 D CompatConfig: Adding: com.android.server.compat.config.Change@2b771a1
01-01 08:00:11.561 1496 1618 I SystemConfig: Reading permissions from /vendor/etc/permissions/android.hardware.sensor.ambient_temperature.xml
01-01 08:00:11.561 1496 1496 D CompatConfig: Adding: com.android.server.compat.config.Change@409fc6
01-01 08:00:11.561 1496 1496 D CompatConfig: Adding: com.android.server.compat.config.Change@5c6bab4
01-01 08:00:11.561 1496 1618 I SystemConfig: Reading permissions from /vendor/etc/permissions/android.hardware.se.omapi.ese.xml
01-01 08:00:11.561 1496 1496 D CompatConfig: Adding: com.android.server.compat.config.Change@db886dd
01-01 08:00:11.561 1496 1496 D CompatConfig: Adding: com.android.server.compat.config.Change@c96f252
01-01 08:00:11.562 1496 1618 I SystemConfig: Reading permissions from /vendor/etc/permissions/android.hardware.sensor.compass.xml
01-01 08:00:11.562 1496 1496 D CompatConfig: Adding: com.android.server.compat.config.Change@76ece20
01-01 08:00:11.562 1496 1496 D CompatConfig: Adding: com.android.server.compat.config.Change@9bbb3d9
01-01 08:00:11.562 1496 1618 I SystemConfig: Reading permissions from /vendor/etc/permissions/android.hardware.touchscreen.multitouch.jazzhand.xml
01-01 08:00:11.562 1496 1496 D CompatConfig: Found a config file: /system/etc/compatconfig/calendar-provider-compat-config.xml
01-01 08:00:11.562 1496 1618 I SystemConfig: Reading permissions from /vendor/etc/permissions/android.software.verified_boot.xml
01-01 08:00:11.563 1496 1496 D CompatConfig: Adding: com.android.server.compat.config.Change@f2ab495
01-01 08:00:11.563 1496 1618 I SystemConfig: Reading permissions from /vendor/etc/permissions/android.hardware.se.omapi.uicc.xml
01-01 08:00:11.563 1496 1496 D CompatConfig: Found a config file: /system/etc/compatconfig/documents-ui-compat-config.xml
01-01 08:00:11.563 1496 1496 D CompatConfig: Adding: com.android.server.compat.config.Change@94f0511
01-01 08:00:11.563 1496 1618 I SystemConfig: Reading permissions from /vendor/etc/permissions/android.hardware.vulkan.level-1.xml
01-01 08:00:11.564 1496 1618 I SystemConfig: Reading permissions from /vendor/etc/permissions/android.hardware.vulkan.version-1_1.xml
01-01 08:00:11.564 1496 1496 D CompatConfig: Found a config file: /system/system_ext/etc/compatconfig/settings-platform-compat-config.xml
01-01 08:00:11.564 1496 1618 I SystemConfig: Reading permissions from /vendor/etc/permissions/android.software.ipsec_tunnels.xml
01-01 08:00:11.564 1496 1496 D CompatConfig: Adding: com.android.server.compat.config.Change@48de14d
01-01 08:00:11.565 1496 1618 I SystemConfig: Reading permissions from /vendor/etc/permissions/android.hardware.usb.accessory.xml
01-01 08:00:11.565 1496 1618 I SystemConfig: Reading permissions from /vendor/etc/permissions/android.hardware.vulkan.compute-0.xml
01-01 08:00:11.565 1496 1496 D CompatConfig: No directory /apex/com.android.vndk.v30/etc/compatconfig, skipping
01-01 08:00:11.565 1496 1496 D CompatConfig: No directory /apex/com.android.wifi/etc/compatconfig, skipping
01-01 08:00:11.565 1496 1496 D CompatConfig: No directory /apex/com.android.vndk.v31/etc/compatconfig, skipping
01-01 08:00:11.565 1496 1496 D CompatConfig: No directory /apex/com.android.tzdata/etc/compatconfig, skipping
01-01 08:00:11.566 1496 1618 I SystemConfig: Reading permissions from /vendor/etc/permissions/android.hardware.wifi.xml
01-01 08:00:11.566 1496 1496 D CompatConfig: No directory /apex/com.android.tethering/etc/compatconfig, skipping
01-01 08:00:11.566 1496 1496 D CompatConfig: No directory /apex/com.android.sdkext/etc/compatconfig, skipping
01-01 08:00:11.566 1496 1496 D CompatConfig: No directory /apex/com.android.scheduling/etc/compatconfig, skipping
01-01 08:00:11.566 1496 1496 D CompatConfig: No directory /apex/com.android.runtime/etc/compatconfig, skipping
01-01 08:00:11.566 1496 1496 D CompatConfig: No directory /apex/com.android.resolv/etc/compatconfig, skipping
01-01 08:00:11.566 1496 1496 D CompatConfig: No directory /apex/com.android.permission/etc/compatconfig, skipping
01-01 08:00:11.566 1496 1618 I SystemConfig: Reading permissions from /vendor/etc/permissions/qti_fingerprint_interface.xml
01-01 08:00:11.566 1496 1496 D CompatConfig: No directory /apex/com.android.os.statsd/etc/compatconfig, skipping
01-01 08:00:11.566 1496 1496 D CompatConfig: No directory /apex/com.android.neuralnetworks/etc/compatconfig, skipping
01-01 08:00:11.566 1496 1618 I SystemConfig: Reading permissions from /vendor/etc/permissions/vendor-qti-hardware-sensorscalibrate.xml
01-01 08:00:11.566 1496 1496 D CompatConfig: Found a config file: /apex/com.android.mediaprovider/etc/compatconfig/media-provider-platform-compat-config.xml
01-01 08:00:11.567 1496 1618 I SystemConfig: Reading permissions from /vendor/etc/permissions/android.hardware.wifi.aware.xml
01-01 08:00:11.567 1496 1496 D CompatConfig: Adding: com.android.server.compat.config.Change@d22ed05
01-01 08:00:11.567 1496 1496 D CompatConfig: Adding: com.android.server.compat.config.Change@2f4a15a
01-01 08:00:11.567 1496 1496 D CompatConfig: Adding: com.android.server.compat.config.Change@ee4f8b
01-01 08:00:11.567 1496 1618 I SystemConfig: Reading permissions from /vendor/etc/permissions/android.hardware.wifi.rtt.xml
01-01 08:00:11.568 1496 1496 D CompatConfig: Adding: com.android.server.compat.config.Change@d6a5481
01-01 08:00:11.568 1496 1496 D CompatConfig: Adding: com.android.server.compat.config.Change@8cb7926
01-01 08:00:11.568 1496 1496 D CompatConfig: Adding: com.android.server.compat.config.Change@6f05967
01-01 08:00:11.568 1496 1618 I SystemConfig: Reading permissions from /vendor/etc/permissions/android.hardware.bluetooth_le.xml
01-01 08:00:11.568 1496 1496 D CompatConfig: Adding: com.android.server.compat.config.Change@366b7bd
01-01 08:00:11.568 1496 1496 D CompatConfig: No directory /apex/com.android.media.swcodec/etc/compatconfig, skipping
01-01 08:00:11.569 1496 1496 D CompatConfig: No directory /apex/com.android.media/etc/compatconfig, skipping
01-01 08:00:11.569 1496 1618 I SystemConfig: Reading permissions from /vendor/etc/permissions/android.hardware.light.xml
01-01 08:00:11.569 1496 1496 D CompatConfig: No directory /apex/com.android.ipsec/etc/compatconfig, skipping
01-01 08:00:11.569 1496 1496 D CompatConfig: No directory /apex/com.android.i18n/etc/compatconfig, skipping
01-01 08:00:11.569 1496 1496 D CompatConfig: No directory /apex/com.android.extservices/etc/compatconfig, skipping
01-01 08:00:11.569 1496 1496 D CompatConfig: No directory /apex/com.android.conscrypt/etc/compatconfig, skipping
01-01 08:00:11.569 1496 1618 I SystemConfig: Reading permissions from /vendor/etc/permissions/android.software.midi.xml
01-01 08:00:11.569 1496 1496 D CompatConfig: Found a config file: /apex/com.android.art/etc/compatconfig/libcore-platform-compat-config.xml
01-01 08:00:11.569 1496 1618 I SystemConfig: Reading permissions from /vendor/etc/permissions/android.software.device_id_attestation.xml
01-01 08:00:11.569 1496 1496 D CompatConfig: Adding: com.android.server.compat.config.Change@dae86fe
01-01 08:00:11.570 1496 1496 D CompatConfig: Adding: com.android.server.compat.config.Change@66240ac
01-01 08:00:11.570 1496 1618 I SystemConfig: Reading permissions from /vendor/etc/permissions/android.hardware.fingerprint.xml
01-01 08:00:11.570 1496 1496 D CompatConfig: Adding: com.android.server.compat.config.Change@8922175
01-01 08:00:11.570 1496 1618 I SystemConfig: Reading permissions from /vendor/etc/permissions/android.hardware.sensor.hifi_sensors.xml
01-01 08:00:11.570 1496 1496 D CompatConfig: Adding: com.android.server.compat.config.Change@5f6317b
01-01 08:00:11.570 1496 1496 D CompatConfig: Adding: com.android.server.compat.config.Change@d08bb98
01-01 08:00:11.571 1496 1618 I SystemConfig: Reading permissions from /vendor/etc/permissions/android.hardware.audio.low_latency.xml
01-01 08:00:11.571 1496 1496 D CompatConfig: No directory /apex/com.android.appsearch/etc/compatconfig, skipping
01-01 08:00:11.571 1496 1496 D CompatConfig: No directory /apex/com.android.adbd/etc/compatconfig, skipping
01-01 08:00:11.571 1496 1618 I SystemConfig: Reading permissions from /vendor/etc/permissions/android.hardware.bluetooth.xml
01-01 08:00:11.572 1496 1618 I SystemConfig: Reading permissions from /vendor/etc/permissions/vendor.qti.hardware.factory.xml
01-01 08:00:11.572 1496 1618 I SystemConfig: Reading permissions from /vendor/etc/permissions/android.hardware.wifi.passpoint.xml
01-01 08:00:11.572 1496 1618 I SystemConfig: Reading permissions from /vendor/etc/permissions/android.hardware.sensor.accelerometer.xml
01-01 08:00:11.573 1496 1618 I SystemConfig: Reading permissions from /vendor/etc/permissions/android.hardware.sensor.barometer.xml
01-01 08:00:11.573 1496 1618 I SystemConfig: Reading permissions from /vendor/etc/permissions/android.software.vulkan.deqp.level.xml
01-01 08:00:11.574 1496 1618 I SystemConfig: Reading permissions from /vendor/etc/permissions/android.hardware.audio.pro.xml
01-01 08:00:11.574 1496 1496 I SystemServerTiming: StartFileIntegrityService
01-01 08:00:11.574 1496 1496 I SystemServiceManager: Starting com.android.server.security.FileIntegrityService
01-01 08:00:11.574 1496 1618 I SystemConfig: Reading permissions from /vendor/etc/permissions/android.hardware.location.gps.xml
01-01 08:00:11.574 1496 1618 I SystemConfig: Reading permissions from /vendor/etc/permissions/android.hardware.sensor.gyroscope.xml
01-01 08:00:11.576 1496 1618 I SystemConfig: Reading permissions from /product/etc/sysconfig/preinstalled-packages-platform-overlays.xml
01-01 08:00:11.577 1496 1618 I SystemConfig: Reading permissions from /product/etc/sysconfig/preinstalled-packages-platform-handheld-product.xml
01-01 08:00:11.577 1496 1618 I SystemConfig: Reading permissions from /product/etc/permissions/ims_ext_common.xml
01-01 08:00:11.578 1496 1618 I SystemConfig: Reading permissions from /product/etc/permissions/UimService.xml
01-01 08:00:11.578 1496 1618 I SystemConfig: Reading permissions from /product/etc/permissions/telephony_product_privapp-permissions-qti.xml
01-01 08:00:11.579 1496 1618 I SystemConfig: Reading permissions from /product/etc/permissions/com.android.settings.intelligence.xml
01-01 08:00:11.579 1496 1618 I SystemConfig: Reading permissions from /product/etc/permissions/vendor.qti.hardware.data.connection-V1.0-java.xml
01-01 08:00:11.580 1496 1618 I SystemConfig: Reading permissions from /product/etc/permissions/com.qti.snapdragon.sdk.display.xml
01-01 08:00:11.580 1496 1496 I SystemServerTiming: StartInstaller
01-01 08:00:11.580 1496 1496 I SystemServiceManager: Starting com.android.server.pm.Installer
01-01 08:00:11.575 1194 1194 I auditd : type=1400 audit(0.0:165): avc: denied { read } for comm="Binder:1194_1" name="persist" dev="tmpfs" ino=11449 scontext=u:r:installd:s0 tcontext=u:object_r:tmpfs:s0 tclass=lnk_file permissive=0
01-01 08:00:11.575 1194 1194 I auditd : type=1400 audit(0.0:166): avc: denied { read } for comm="Binder:1194_1" name="persist" dev="tmpfs" ino=11449 scontext=u:r:installd:s0 tcontext=u:object_r:tmpfs:s0 tclass=lnk_file permissive=0
01-01 08:00:11.582 1496 1496 I SystemServerTiming: DeviceIdentifiersPolicyService
01-01 08:00:11.582 1496 1496 I SystemServiceManager: Starting com.android.server.os.DeviceIdentifiersPolicyService
01-01 08:00:11.582 1496 1496 I SystemServerTiming: UriGrantsManagerService
01-01 08:00:11.582 1496 1618 I SystemConfig: Reading permissions from /product/etc/permissions/vendor.qti.hardware.data.connection-V1.1-java.xml
01-01 08:00:11.582 1496 1496 I SystemServiceManager: Starting com.android.server.uri.UriGrantsManagerService$Lifecycle
01-01 08:00:11.583 1496 1496 I SystemServerTiming: StartPowerStatsService
01-01 08:00:11.583 1496 1496 I SystemServiceManager: Starting com.android.server.powerstats.PowerStatsService
01-01 08:00:11.583 1496 1618 I SystemConfig: Reading permissions from /system_ext/etc/sysconfig/qti_whitelist_system_ext.xml
01-01 08:00:11.584 1496 1618 I SystemConfig: Reading permissions from /system_ext/etc/sysconfig/qti_telephony_system_packages_config.xml
01-01 08:00:11.585 1496 1618 I SystemConfig: Reading permissions from /system_ext/etc/permissions/privapp-permissions-aptxals.xml
01-01 08:00:11.586 1496 1496 I SystemServerTiming: StartIStatsService
01-01 08:00:11.586 1496 1618 I SystemConfig: Reading permissions from /system_ext/etc/permissions/wfd-system-ext-privapp-permissions-qti.xml
01-01 08:00:11.586 1496 1618 I SystemConfig: Reading permissions from /system_ext/etc/permissions/embms-noship_product_privapp_permissions_qti.xml
01-01 08:00:11.587 1496 1618 I SystemConfig: Reading permissions from /system_ext/etc/permissions/com.qualcomm.qti.imscmservice-V2.0-java.xml
01-01 08:00:11.587 1496 1496 I SystemServerTiming: MemtrackProxyService
01-01 08:00:11.585 0 0 I binder : 1496:1496 ioctl 40046210 7fe20502e4 returned -22
01-01 08:00:11.587 1496 1618 I SystemConfig: Reading permissions from /system_ext/etc/permissions/com.qualcomm.location.xml
01-01 08:00:11.588 1496 1618 I SystemConfig: Reading permissions from /system_ext/etc/permissions/com.android.provision.xml
01-01 08:00:11.588 1496 1496 I SystemServerTiming: StartActivityManager
01-01 08:00:11.588 1496 1496 I SystemServiceManager: Starting com.android.server.wm.ActivityTaskManagerService$Lifecycle
01-01 08:00:11.589 1496 1618 I SystemConfig: Reading permissions from /system_ext/etc/permissions/com.qualcomm.qti.imscmservice-V2.1-java.xml
01-01 08:00:11.590 1496 1618 I SystemConfig: Reading permissions from /system_ext/etc/permissions/privapp-permissions-com.qualcomm.location.xml
01-01 08:00:11.590 1496 1618 I SystemConfig: Reading permissions from /system_ext/etc/permissions/embms.xml
01-01 08:00:11.591 1496 1618 I SystemConfig: Reading permissions from /system_ext/etc/permissions/vendor.qti.ims.rcsservice.xml
01-01 08:00:11.591 1496 1618 I SystemConfig: Reading permissions from /system_ext/etc/permissions/qti_libpermissions.xml
01-01 08:00:11.592 1496 1618 I SystemConfig: Reading permissions from /system_ext/etc/permissions/dpmapi.xml
01-01 08:00:11.592 1496 1618 I SystemConfig: Reading permissions from /system_ext/etc/permissions/com.qti.location.sdk.xml
01-01 08:00:11.593 1496 1618 I SystemConfig: Reading permissions from /system_ext/etc/permissions/android.software.verified_boot.xml
01-01 08:00:11.593 1496 1618 I SystemConfig: Reading permissions from /system_ext/etc/permissions/com.qualcomm.qmapbridge.xml
01-01 08:00:11.593 1496 1496 I SystemServiceManager: Starting com.android.server.am.ActivityManagerService$Lifecycle
01-01 08:00:11.593 1496 1618 I SystemConfig: Reading permissions from /system_ext/etc/permissions/qti_permissions.xml
01-01 08:00:11.594 1496 1618 I SystemConfig: Reading permissions from /system_ext/etc/permissions/com.hht.lebocast.xml
01-01 08:00:11.595 1496 1618 I SystemConfig: Reading permissions from /system_ext/etc/permissions/com.android.emergency.xml
01-01 08:00:11.595 1496 1618 I SystemConfig: Reading permissions from /system_ext/etc/permissions/com.android.storagemanager.xml
01-01 08:00:11.596 1496 1618 I SystemConfig: Reading permissions from /system_ext/etc/permissions/qti_supplicant_interface.xml
01-01 08:00:11.596 1496 1618 I SystemConfig: Reading permissions from /system_ext/etc/permissions/audiosphere.xml
01-01 08:00:11.597 1496 1618 I SystemConfig: Reading permissions from /system_ext/etc/permissions/com.android.systemui.xml
01-01 08:00:11.597 1496 1618 I SystemConfig: Reading permissions from /system_ext/etc/permissions/com.qualcomm.qti.imscmservice-V2.2-java.xml
01-01 08:00:11.598 1496 1618 I SystemConfig: Reading permissions from /system_ext/etc/permissions/com.android.launcher3.xml
01-01 08:00:11.598 1496 1618 I SystemConfig: Reading permissions from /system_ext/etc/permissions/com.android.settings.xml
01-01 08:00:11.599 1496 1496 I ActivityManager: Memory class: 512
01-01 08:00:11.599 1496 1618 I SystemConfig: Reading permissions from /system_ext/etc/permissions/telephony_system-ext_privapp-permissions-qti.xml
01-01 08:00:11.600 1496 1618 I SystemConfig: Reading permissions from /system_ext/etc/permissions/com.nxp.nfc.nq.xml
01-01 08:00:11.600 1496 1621 I Binder : Setting heavy hitter watcher config: false, 0, 0.0
01-01 08:00:11.600 1496 1618 I SystemConfig: Reading permissions from /system_ext/etc/permissions/com.qualcomm.qti.imscmservice.xml
01-01 08:00:11.601 1496 1618 I SystemConfig: Reading permissions from /system_ext/etc/permissions/com.qualcomm.qti.izattools.xml
01-01 08:00:11.602 1496 1618 I SystemConfig: Reading permissions from /system_ext/etc/permissions/izat.xt.srv.xml
01-01 08:00:11.602 1496 1618 I SystemConfig: Reading permissions from /system_ext/etc/permissions/com.thundercomm.microsettings.xml
01-01 08:00:11.603 1496 1618 I SystemConfig: Reading permissions from /system_ext/etc/permissions/com.qti.media.secureprocessor.xml
01-01 08:00:11.603 1496 1618 I SystemConfig: Reading permissions from /system_ext/etc/permissions/privapp-permissions-qti-system-ext.xml
01-01 08:00:11.603 1496 1618 I SystemConfig: Reading permissions from /system_ext/etc/permissions/com.qti.dpmframework.xml
01-01 08:00:11.605 1496 1618 I SystemConfig: Reading permissions from /apex/com.android.ipsec/etc/permissions/android.net.ipsec.ike.xml
01-01 08:00:11.624 1496 1496 D BatteryStatsImpl: Reading daily items from /data/system/batterystats-daily.xml
01-01 08:00:11.628 1496 1629 I KernelCpuUidFreqTimeReader: mPerClusterTimesAvailable=false
01-01 08:00:11.630 1496 1629 E KernelCpuSpeedReader: Failed to read cpu-freq: /sys/devices/system/cpu/cpu4/cpufreq/stats/time_in_state: open failed: ENOENT (No such file or directory)
01-01 08:00:11.630 1496 1629 E KernelCpuSpeedReader: Failed to read cpu-freq: /sys/devices/system/cpu/cpu0/cpufreq/stats/time_in_state: open failed: ENOENT (No such file or directory)
01-01 08:00:11.627 569 569 I auditd : type=1400 audit(0.0:167): avc: denied { read } for comm="Binder:569_2" name="wakeup58" dev="sysfs" ino=71872 scontext=u:r:system_suspend:s0 tcontext=u:object_r:sysfs:s0 tclass=dir permissive=0
01-01 08:00:11.627 569 569 I auditd : type=1400 audit(0.0:168): avc: denied { read } for comm="Binder:569_2" name="wakeup4" dev="sysfs" ino=47054 scontext=u:r:system_suspend:s0 tcontext=u:object_r:sysfs:s0 tclass=dir permissive=0
01-01 08:00:11.627 569 569 I auditd : type=1400 audit(0.0:169): avc: denied { read } for comm="Binder:569_2" name="wakeup76" dev="sysfs" ino=76669 scontext=u:r:system_suspend:s0 tcontext=u:object_r:sysfs:s0 tclass=dir permissive=0
01-01 08:00:11.627 569 569 I auditd : type=1400 audit(0.0:170): avc: denied { read } for comm="Binder:569_2" name="wakeup28" dev="sysfs" ino=53119 scontext=u:r:system_suspend:s0 tcontext=u:object_r:sysfs:s0 tclass=dir permissive=0
01-01 08:00:11.627 569 569 I auditd : type=1400 audit(0.0:171): avc: denied { read } for comm="Binder:569_2" name="wakeup56" dev="sysfs" ino=71800 scontext=u:r:system_suspend:s0 tcontext=u:object_r:sysfs:s0 tclass=dir permissive=0
01-01 08:00:11.627 569 569 I auditd : type=1400 audit(0.0:172): avc: denied { read } for comm="Binder:569_2" name="wakeup2" dev="sysfs" ino=46578 scontext=u:r:system_suspend:s0 tcontext=u:object_r:sysfs:s0 tclass=dir permissive=0
01-01 08:00:11.627 569 569 I auditd : type=1400 audit(0.0:173): avc: denied { read } for comm="Binder:569_2" name="wakeup36" dev="sysfs" ino=58632 scontext=u:r:system_suspend:s0 tcontext=u:object_r:sysfs:s0 tclass=dir permissive=0
01-01 08:00:11.627 569 569 I auditd : type=1400 audit(0.0:174): avc: denied { read } for comm="Binder:569_2" name="wakeup64" dev="sysfs" ino=72100 scontext=u:r:system_suspend:s0 tcontext=u:object_r:sysfs:s0 tclass=dir permissive=0
01-01 08:00:11.627 569 569 I auditd : type=1400 audit(0.0:175): avc: denied { read } for comm="Binder:569_2" name="wakeup54" dev="sysfs" ino=71728 scontext=u:r:system_suspend:s0 tcontext=u:object_r:sysfs:s0 tclass=dir permissive=0
01-01 08:00:11.627 569 569 I auditd : type=1400 audit(0.0:176): avc: denied { read } for comm="Binder:569_2" name="wakeup44" dev="sysfs" ino=66089 scontext=u:r:system_suspend:s0 tcontext=u:object_r:sysfs:s0 tclass=dir permissive=0
01-01 08:00:11.627 569 569 I auditd : type=1400 audit(0.0:177): avc: denied { read } for comm="Binder:569_2" name="wakeup0" dev="sysfs" ino=43786 scontext=u:r:system_suspend:s0 tcontext=u:object_r:sysfs:s0 tclass=dir permissive=0
01-01 08:00:11.627 569 569 I auditd : type=1400 audit(0.0:178): avc: denied { read } for comm="Binder:569_2" name="wakeup62" dev="sysfs" ino=72028 scontext=u:r:system_suspend:s0 tcontext=u:object_r:sysfs:s0 tclass=dir permissive=0
01-01 08:00:11.627 569 569 I auditd : type=1400 audit(0.0:179): avc: denied { read } for comm="Binder:569_2" name="wakeup52" dev="sysfs" ino=71656 scontext=u:r:system_suspend:s0 tcontext=u:object_r:sysfs:s0 tclass=dir permissive=0
01-01 08:00:11.627 569 569 I auditd : type=1400 audit(0.0:180): avc: denied { read } for comm="Binder:569_2" name="wakeup9" dev="sysfs" ino=52103 scontext=u:r:system_suspend:s0 tcontext=u:object_r:sysfs:s0 tclass=dir permissive=0
01-01 08:00:11.627 569 569 I auditd : type=1400 audit(0.0:181): avc: denied { read } for comm="Binder:569_2" name="wakeup42" dev="sysfs" ino=63608 scontext=u:r:system_suspend:s0 tcontext=u:object_r:sysfs:s0 tclass=dir permissive=0
01-01 08:00:11.627 569 569 I auditd : type=1400 audit(0.0:182): avc: denied { read } for comm="Binder:569_2" name="wakeup32" dev="sysfs" ino=53509 scontext=u:r:system_suspend:s0 tcontext=u:object_r:sysfs:s0 tclass=dir permissive=0
01-01 08:00:11.627 569 569 I auditd : type=1400 audit(0.0:183): avc: denied { read } for comm="Binder:569_2" name="wakeup60" dev="sysfs" ino=71956 scontext=u:r:system_suspend:s0 tcontext=u:object_r:sysfs:s0 tclass=dir permissive=0
01-01 08:00:11.627 569 569 I auditd : type=1400 audit(0.0:184): avc: denied { read } for comm="Binder:569_2" name="wakeup7" dev="sysfs" ino=52015 scontext=u:r:system_suspend:s0 tcontext=u:object_r:sysfs:s0 tclass=dir permissive=0
01-01 08:00:11.627 569 569 I auditd : type=1400 audit(0.0:185): avc: denied { read } for comm="Binder:569_2" name="wakeup40" dev="sysfs" ino=62906 scontext=u:r:system_suspend:s0 tcontext=u:object_r:sysfs:s0 tclass=dir permissive=0
01-01 08:00:11.627 569 569 I auditd : type=1400 audit(0.0:186): avc: denied { read } for comm="Binder:569_2" name="wakeup30" dev="sysfs" ino=53330 scontext=u:r:system_suspend:s0 tcontext=u:object_r:sysfs:s0 tclass=dir permissive=0
01-01 08:00:11.627 569 569 I auditd : type=1400 audit(0.0:187): avc: denied { read } for comm="Binder:569_2" name="wakeup59" dev="sysfs" ino=71908 scontext=u:r:system_suspend:s0 tcontext=u:object_r:sysfs:s0 tclass=dir permissive=0
01-01 08:00:11.627 569 569 I auditd : type=1400 audit(0.0:188): avc: denied { read } for comm="Binder:569_2" name="wakeup49" dev="sysfs" ino=67251 scontext=u:r:system_suspend:s0 tcontext=u:object_r:sysfs:s0 tclass=dir permissive=0
01-01 08:00:11.627 569 569 I auditd : type=1400 audit(0.0:189): avc: denied { read } for comm="Binder:569_2" name="wakeup5" dev="sysfs" ino=47086 scontext=u:r:system_suspend:s0 tcontext=u:object_r:sysfs:s0 tclass=dir permissive=0
01-01 08:00:11.627 569 569 I auditd : type=1400 audit(0.0:190): avc: denied { read } for comm="Binder:569_2" name="wakeup77" dev="sysfs" ino=76733 scontext=u:r:system_suspend:s0 tcontext=u:object_r:sysfs:s0 tclass=dir permissive=0
01-01 08:00:11.627 569 569 I auditd : type=1400 audit(0.0:191): avc: denied { read } for comm="Binder:569_2" name="wakeup39" dev="sysfs" ino=62870 scontext=u:r:system_suspend:s0 tcontext=u:object_r:sysfs:s0 tclass=dir permissive=0
01-01 08:00:11.627 569 569 I auditd : type=1400 audit(0.0:192): avc: denied { read } for comm="Binder:569_2" name="wakeup29" dev="sysfs" ino=53228 scontext=u:r:system_suspend:s0 tcontext=u:object_r:sysfs:s0 tclass=dir permissive=0
01-01 08:00:11.627 569 569 I auditd : type=1400 audit(0.0:193): avc: denied { read } for comm="Binder:569_2" name="wakeup57" dev="sysfs" ino=71836 scontext=u:r:system_suspend:s0 tcontext=u:object_r:sysfs:s0 tclass=dir permissive=0
01-01 08:00:11.631 569 569 I auditd : type=1400 audit(0.0:194): avc: denied { read } for comm="Binder:569_2" name="wakeup19" dev="sysfs" ino=52548 scontext=u:r:system_suspend:s0 tcontext=u:object_r:sysfs:s0 tclass=dir permissive=0
01-01 08:00:11.631 569 569 I auditd : type=1400 audit(0.0:195): avc: denied { read } for comm="Binder:569_2" name="wakeup37" dev="sysfs" ino=58668 scontext=u:r:system_suspend:s0 tcontext=u:object_r:sysfs:s0 tclass=dir permissive=0
01-01 08:00:11.631 569 569 I auditd : type=1400 audit(0.0:196): avc: denied { read } for comm="Binder:569_2" name="wakeup27" dev="sysfs" ino=53085 scontext=u:r:system_suspend:s0 tcontext=u:object_r:sysfs:s0 tclass=dir permissive=0
01-01 08:00:11.631 569 569 I auditd : type=1400 audit(0.0:197): avc: denied { read } for comm="Binder:569_2" name="wakeup55" dev="sysfs" ino=71764 scontext=u:r:system_suspend:s0 tcontext=u:object_r:sysfs:s0 tclass=dir permissive=0
01-01 08:00:11.631 569 569 I auditd : type=1400 audit(0.0:198): avc: denied { read } for comm="Binder:569_2" name="wakeup17" dev="sysfs" ino=52472 scontext=u:r:system_suspend:s0 tcontext=u:object_r:sysfs:s0 tclass=dir permissive=0
01-01 08:00:11.631 569 569 I auditd : type=1400 audit(0.0:199): avc: denied { read } for comm="Binder:569_2" name="wakeup45" dev="sysfs" ino=66107 scontext=u:r:system_suspend:s0 tcontext=u:object_r:sysfs:s0 tclass=dir permissive=0
01-01 08:00:11.631 569 569 I auditd : type=1400 audit(0.0:200): avc: denied { read } for comm="Binder:569_2" name="wakeup1" dev="sysfs" ino=43814 scontext=u:r:system_suspend:s0 tcontext=u:object_r:sysfs:s0 tclass=dir permissive=0
01-01 08:00:11.631 569 569 I auditd : type=1400 audit(0.0:201): avc: denied { read } for comm="Binder:569_2" name="wakeup63" dev="sysfs" ino=72064 scontext=u:r:system_suspend:s0 tcontext=u:object_r:sysfs:s0 tclass=dir permissive=0
01-01 08:00:11.631 569 569 I auditd : type=1400 audit(0.0:202): avc: denied { read } for comm="Binder:569_2" name="wakeup25" dev="sysfs" ino=52882 scontext=u:r:system_suspend:s0 tcontext=u:object_r:sysfs:s0 tclass=dir permissive=0
01-01 08:00:11.631 569 569 I auditd : type=1400 audit(0.0:203): avc: denied { read } for comm="Binder:569_2" name="wakeup53" dev="sysfs" ino=71692 scontext=u:r:system_suspend:s0 tcontext=u:object_r:sysfs:s0 tclass=dir permissive=0
01-01 08:00:11.631 569 569 I auditd : type=1400 audit(0.0:204): avc: denied { read } for comm="Binder:569_2" name="wakeup15" dev="sysfs" ino=52372 scontext=u:r:system_suspend:s0 tcontext=u:object_r:sysfs:s0 tclass=dir permissive=0
01-01 08:00:11.631 569 569 I auditd : type=1400 audit(0.0:205): avc: denied { read } for comm="Binder:569_2" name="wakeup33" dev="sysfs" ino=56988 scontext=u:r:system_suspend:s0 tcontext=u:object_r:sysfs:s0 tclass=dir permissive=0
01-01 08:00:11.631 569 569 I auditd : type=1400 audit(0.0:206): avc: denied { read } for comm="Binder:569_2" name="wakeup61" dev="sysfs" ino=71992 scontext=u:r:system_suspend:s0 tcontext=u:object_r:sysfs:s0 tclass=dir permissive=0
01-01 08:00:11.631 569 569 I auditd : type=1400 audit(0.0:207): avc: denied { read } for comm="Binder:569_2" name="wakeup23" dev="sysfs" ino=52783 scontext=u:r:system_suspend:s0 tcontext=u:object_r:sysfs:s0 tclass=dir permissive=0
01-01 08:00:11.631 569 569 I auditd : type=1400 audit(0.0:208): avc: denied { read } for comm="Binder:569_2" name="wakeup51" dev="sysfs" ino=71620 scontext=u:r:system_suspend:s0 tcontext=u:object_r:sysfs:s0 tclass=dir permissive=0
01-01 08:00:11.631 569 569 I auditd : type=1400 audit(0.0:209): avc: denied { read } for comm="Binder:569_2" name="wakeup8" dev="sysfs" ino=52041 scontext=u:r:system_suspend:s0 tcontext=u:object_r:sysfs:s0 tclass=dir permissive=0
01-01 08:00:11.631 569 569 I auditd : type=1400 audit(0.0:210): avc: denied { read } for comm="Binder:569_2" name="wakeup13" dev="sysfs" ino=52264 scontext=u:r:system_suspend:s0 tcontext=u:object_r:sysfs:s0 tclass=dir permissive=0
01-01 08:00:11.631 569 569 I auditd : type=1400 audit(0.0:211): avc: denied { read } for comm="Binder:569_2" name="wakeup41" dev="sysfs" ino=62970 scontext=u:r:system_suspend:s0 tcontext=u:object_r:sysfs:s0 tclass=dir permissive=0
01-01 08:00:11.631 569 569 I auditd : type=1400 audit(0.0:212): avc: denied { read } for comm="Binder:569_2" name="wakeup31" dev="sysfs" ino=53387 scontext=u:r:system_suspend:s0 tcontext=u:object_r:sysfs:s0 tclass=dir permissive=0
01-01 08:00:11.631 569 569 I auditd : type=1400 audit(0.0:213): avc: denied { read } for comm="Binder:569_2" name="wakeup21" dev="sysfs" ino=52623 scontext=u:r:system_suspend:s0 tcontext=u:object_r:sysfs:s0 tclass=dir permissive=0
01-01 08:00:11.631 569 569 I auditd : type=1400 audit(0.0:214): avc: denied { read } for comm="Binder:569_2" name="wakeup6" dev="sysfs" ino=51989 scontext=u:r:system_suspend:s0 tcontext=u:object_r:sysfs:s0 tclass=dir permissive=0
01-01 08:00:11.631 569 569 I auditd : type=1400 audit(0.0:215): avc: denied { read } for comm="Binder:569_2" name="wakeup78" dev="sysfs" ino=76784 scontext=u:r:system_suspend:s0 tcontext=u:object_r:sysfs:s0 tclass=dir permissive=0
01-01 08:00:11.631 569 569 I auditd : type=1400 audit(0.0:216): avc: denied { read } for comm="Binder:569_2" name="wakeup11" dev="sysfs" ino=52179 scontext=u:r:system_suspend:s0 tcontext=u:object_r:sysfs:s0 tclass=dir permissive=0
01-01 08:00:11.639 1496 1629 W KernelMemoryBandwidthStats: No kernel memory bandwidth stats available
01-01 08:00:11.641 1496 1620 I commit_sys_config_file: [batterystats,1]
01-01 08:00:11.641 1496 1620 I commit_sys_config_file: [batterystats,1]
01-01 08:00:11.684 1496 1496 I service_manager_stats: [100,8,9160]
01-01 08:00:11.687 990 990 I auditd : type=1400 audit(0.0:217): avc: denied { read write } for comm="sensors.qti" name="diag" dev="tmpfs" ino=11936 scontext=u:r:vendor_sensors_qti:s0 tcontext=u:object_r:vendor_diag_device:s0 tclass=chr_file permissive=0
01-01 08:00:11.698 1496 1496 I IntentFirewall: Read new rules (A:0 B:0 S:0)
01-01 08:00:11.703 1496 1496 D AppOps : AppOpsService published
01-01 08:00:11.703 1496 1496 I SystemServerTiming: StartDataLoaderManagerService
01-01 08:00:11.703 1496 1496 I SystemServiceManager: Starting com.android.server.pm.DataLoaderManagerService
01-01 08:00:11.704 1496 1496 I SystemServerTiming: StartIncrementalService
01-01 08:00:11.706 1496 1496 I SystemServerTiming: StartPowerManager
01-01 08:00:11.706 1496 1496 I SystemServiceManager: Starting com.android.server.power.PowerManagerService
01-01 08:00:11.715 1496 1496 I SystemServerTiming: StartThermalManager
01-01 08:00:11.715 1496 1496 I SystemServiceManager: Starting com.android.server.power.ThermalManagerService
01-01 08:00:11.715 1496 1496 I SystemServerTiming: StartHintManager
01-01 08:00:11.715 1496 1496 I SystemServiceManager: Starting com.android.server.power.hint.HintManagerService
01-01 08:00:11.716 1496 1496 I SystemServerTiming: InitPowerManagement
01-01 08:00:11.717 1496 1496 I SystemServerTiming: StartRecoverySystemService
01-01 08:00:11.717 1496 1496 I SystemServiceManager: Starting com.android.server.recoverysystem.RecoverySystemService$Lifecycle
01-01 08:00:11.718 1496 1496 I PackageWatchdog: Syncing state, reason: added new observer
01-01 08:00:11.718 1496 1496 I PackageWatchdog: Not pruning observers, elapsed time: 0ms
01-01 08:00:11.718 1496 1496 I PackageWatchdog: Cancelling state sync, nothing to sync
01-01 08:00:11.720 1496 1620 I PackageWatchdog: Saving observer state to file
01-01 08:00:11.723 1496 1496 I rescue_note: [0,1,9195]
01-01 08:00:11.723 1496 1496 I SystemServerTiming: StartLightsService
01-01 08:00:11.723 1496 1496 I SystemServiceManager: Starting com.android.server.lights.LightsService
01-01 08:00:11.727 1496 1496 I SystemServerTiming: StartSidekickService
01-01 08:00:11.728 1496 1496 I SystemServerTiming: StartDisplayManager
01-01 08:00:11.728 1496 1496 I SystemServiceManager: Starting com.android.server.display.DisplayManagerService
01-01 08:00:11.729 0 0 E init : Control message: Could not find 'android.frameworks.sensorservice@1.0::ISensorManager/default' for ctl.interface_start from pid: 508 (/system/bin/hwservicemanager)
01-01 08:00:11.732 0 0 E init : Control message: Could not find 'android.frameworks.sensorservice@1.0::ISensorManager/default' for ctl.interface_start from pid: 508 (/system/bin/hwservicemanager)
01-01 08:00:11.734 1496 1496 I SystemServerTiming: WaitForDisplay
01-01 08:00:11.734 1496 1496 I SystemServiceManager: Starting phase 100
01-01 08:00:11.734 1496 1496 I SystemServerTiming: OnBootPhase_100
01-01 08:00:11.734 1496 1496 I SystemServerTiming: OnBootPhase_100_com.android.server.security.FileIntegrityService
01-01 08:00:11.734 1496 1496 I SystemServerTiming: OnBootPhase_100_com.android.server.pm.Installer
01-01 08:00:11.734 1496 1496 I SystemServerTiming: OnBootPhase_100_com.android.server.os.DeviceIdentifiersPolicyService
01-01 08:00:11.734 1496 1496 I SystemServerTiming: OnBootPhase_100_com.android.server.uri.UriGrantsManagerService$Lifecycle
01-01 08:00:11.734 1496 1496 I SystemServerTiming: OnBootPhase_100_com.android.server.powerstats.PowerStatsService
01-01 08:00:11.734 1496 1496 I SystemServerTiming: OnBootPhase_100_com.android.server.wm.ActivityTaskManagerService$Lifecycle
01-01 08:00:11.734 1496 1496 I SystemServerTiming: OnBootPhase_100_com.android.server.am.ActivityManagerService$Lifecycle
01-01 08:00:11.734 1496 1496 I SystemServerTiming: OnBootPhase_100_com.android.server.pm.DataLoaderManagerService
01-01 08:00:11.734 1496 1496 I SystemServerTiming: OnBootPhase_100_com.android.server.power.PowerManagerService
01-01 08:00:11.734 1496 1496 I SystemServerTiming: OnBootPhase_100_com.android.server.power.ThermalManagerService
01-01 08:00:11.734 1496 1496 I SystemServerTiming: OnBootPhase_100_com.android.server.power.hint.HintManagerService
01-01 08:00:11.734 1496 1496 I SystemServerTiming: OnBootPhase_100_com.android.server.recoverysystem.RecoverySystemService$Lifecycle
01-01 08:00:11.734 1496 1496 I SystemServerTiming: OnBootPhase_100_com.android.server.lights.LightsService
01-01 08:00:11.734 1496 1496 I SystemServerTiming: OnBootPhase_100_com.android.server.display.DisplayManagerService
01-01 08:00:11.740 1496 1614 I DisplayDeviceRepository: Display device added: DisplayDeviceInfo{"内置屏幕": uniqueId="local:4630946370410392961", 2380 x 1020, modeId 1, defaultModeId 1, supportedModes [{id=1, width=2380, height=1020, fps=60.000004, alternativeRefreshRates=[30.000002, 45.0]}, {id=2, width=2380, height=1020, fps=45.0, alternativeRefreshRates=[30.000002, 60.000004]}, {id=3, width=2380, height=1020, fps=30.000002, alternativeRefreshRates=[45.0, 60.000004]}], colorMode 0, supportedColorModes [0], hdrCapabilities HdrCapabilities{mSupportedHdrTypes=[2, 3, 4], mMaxLuminance=500.0, mMaxAverageLuminance=500.0, mMinLuminance=0.0}, allmSupported false, gameContentTypeSupported false, density 240, 319.851 x 319.851 dpi, appVsyncOff 1000000, presDeadline 16666666, touch INTERNAL, rotation 0, type INTERNAL, address {port=129, model=0x40446d3026322d}, deviceProductInfo DeviceProductInfo{name=, manufacturerPnpId=QCM, productId=1, modelYear=null, manufactureDate=ManufactureDate{week=27, year=2006}, connectionToSinkType=0}, state UNKNOWN, frameRateOverride , brightnessMinimum 0.0, brightnessMaximum 1.0, brightnessDefault 1.0, FLAG_DEFAULT_DISPLAY, FLAG_ROTATES_WITH_CONTENT, FLAG_SECURE, FLAG_SUPPORTS_PROTECTED_BUFFERS}
01-01 08:00:11.740 1496 1614 I LogicalDisplayMapper: Applying layout: [{addr: {port=129, model=0x40446d3026322d}, dispId: 0(ON)}], Previous layout: null
01-01 08:00:11.742 1496 1614 I LogicalDisplayMapper: Adding new display: 0: DisplayInfo{"内置屏幕", displayId 0", displayGroupId -1, FLAG_SECURE, FLAG_SUPPORTS_PROTECTED_BUFFERS, FLAG_TRUSTED, real 2380 x 1020, largest app 2380 x 1020, smallest app 2380 x 1020, appVsyncOff 1000000, presDeadline 16666666, mode 1, defaultMode 1, modes [{id=1, width=2380, height=1020, fps=60.000004, alternativeRefreshRates=[30.000002, 45.0]}, {id=2, width=2380, height=1020, fps=45.0, alternativeRefreshRates=[30.000002, 60.000004]}, {id=3, width=2380, height=1020, fps=30.000002, alternativeRefreshRates=[45.0, 60.000004]}], hdrCapabilities HdrCapabilities{mSupportedHdrTypes=[2, 3, 4], mMaxLuminance=500.0, mMaxAverageLuminance=500.0, mMinLuminance=0.0}, userDisabledHdrTypes [], minimalPostProcessingSupported false, rotation 0, state UNKNOWN, type INTERNAL, uniqueId "local:4630946370410392961", app 2380 x 1020, density 240 (319.851 x 319.851) dpi, layerStack 0, colorMode 0, supportedColorModes [0], address {port=129, model=0x40446d3026322d}, deviceProductInfo DeviceProductInfo{name=, manufacturerPnpId=QCM, productId=1, modelYear=null, manufactureDate=ManufactureDate{week=27, year=2006}, connectionToSinkType=0}, removeMode 0, refreshRateOverride 0.0, brightnessMinimum 0.0, brightnessMaximum 1.0, brightnessDefault 1.0}
01-01 08:00:11.743 1496 1614 I LogicalDisplayMapper: Setting new display group 0 for display 0, from previous group: null
01-01 08:00:11.744 1496 1614 E DisplayDeviceConfig: requesting nits when no mapping exists.
01-01 08:00:11.750 1496 1614 I am_wtf : [0,1496,system_server,-1,DisplayDeviceConfig,requesting nits when no mapping exists.]
01-01 08:00:11.750 1496 1614 E DisplayDeviceConfig: requesting nits when no mapping exists.
01-01 08:00:11.751 1496 1614 I am_wtf : [0,1496,system_server,-1,DisplayDeviceConfig,requesting nits when no mapping exists.]
01-01 08:00:11.752 1496 1614 I DisplayDeviceRepository: Display device changed state: "内置屏幕", ON
01-01 08:00:11.753 1496 1496 I SystemServerTiming: StartDomainVerificationService
01-01 08:00:11.756 1496 1496 I SystemServerTiming: StartPackageManagerService
01-01 08:00:11.756 1496 1496 I Watchdog: Pausing HandlerChecker: main thread for reason: packagemanagermain. Pause count: 1
01-01 08:00:11.760 1496 1496 I PackageManagerTiming: create package manager
01-01 08:00:11.762 1496 1496 I boot_progress_pms_start: 9238
01-01 08:00:11.762 1496 1496 I PackageManagerTiming: readListOfPackagesToBeDisabled
01-01 08:00:11.762 1496 1496 D PackageManager: Disabling packages for wifi-only device, source: /vendor/etc/telephony_packages.xml
01-01 08:00:11.762 1496 1496 I PackageManagerTiming: createSubComponents
01-01 08:00:11.774 1496 1496 I PackageManagerTiming: addSharedUsers
01-01 08:00:11.775 1496 1496 I PackageManagerTiming: get system config
01-01 08:00:11.776 1496 1496 D PackageManager: Directories scanned as system partitions: [/system:0, /vendor:524288, /odm:4194304, /oem:262144, /product:1048576, /system_ext:2097152, /apex/com.android.vndk.v30:8388608, /apex/com.android.wifi:8388608, /apex/com.android.vndk.v31:8388608, /apex/com.android.tzdata:8388608, /apex/com.android.tethering:8388608, /apex/com.android.sdkext:8388608, /apex/com.android.scheduling:8388608, /apex/com.android.runtime:8388608, /apex/com.android.resolv:8388608, /apex/com.android.permission:8388608, /apex/com.android.os.statsd:8388608, /apex/com.android.neuralnetworks:8388608, /apex/com.android.mediaprovider:8388608, /apex/com.android.media.swcodec:8388608, /apex/com.android.media:8388608, /apex/com.android.ipsec:8388608, /apex/com.android.i18n:8388608, /apex/com.android.extservices:8388608, /apex/com.android.conscrypt:8388608, /apex/com.android.art:8388608, /apex/com.android.appsearch:8388608, /apex/com.android.adbd:8388608]
01-01 08:00:11.778 1496 1496 D SELinuxMMAC: Using policy file /system/etc/selinux/plat_mac_permissions.xml
01-01 08:00:11.779 1496 1496 D SELinuxMMAC: Using policy file /system_ext/etc/selinux/system_ext_mac_permissions.xml
01-01 08:00:11.781 1496 1496 D SELinuxMMAC: Using policy file /product/etc/selinux/product_mac_permissions.xml
01-01 08:00:11.781 1496 1496 D SELinuxMMAC: Using policy file /vendor/etc/selinux/vendor_mac_permissions.xml
01-01 08:00:11.782 1496 1496 D SELinuxMMAC: Using policy file /odm/etc/selinux/odm_mac_permissions.xml
01-01 08:00:11.782 1496 1496 I PackageManagerTiming: loadFallbacks
01-01 08:00:11.783 1496 1496 I PackageManagerTiming: read user settings
01-01 08:00:11.793 1496 1632 W ProcessCpuTracker: Failed to stat(/proc/1625): android.system.ErrnoException: stat failed: ENOENT (No such file or directory)
01-01 08:00:11.793 1496 1632 W ProcessCpuTracker: Skipping unknown process pid 1625
01-01 08:00:11.852 1496 1496 W android.permission.PermissionManager: Missing ActivityManager; assuming 1000 holds android.permission.SET_PREFERRED_APPLICATIONS
01-01 08:00:11.853 1496 1496 W android.permission.PermissionManager: Missing ActivityManager; assuming 1000 holds android.permission.SET_PREFERRED_APPLICATIONS
01-01 08:00:11.853 1496 1496 W android.permission.PermissionManager: Missing ActivityManager; assuming 1000 holds android.permission.SET_PREFERRED_APPLICATIONS
01-01 08:00:11.855 1496 1496 W android.permission.PermissionManager: Missing ActivityManager; assuming 1000 holds android.permission.SET_PREFERRED_APPLICATIONS
01-01 08:00:11.859 1496 1496 W android.permission.PermissionManager: Missing ActivityManager; assuming 1000 holds android.permission.SET_PREFERRED_APPLICATIONS
01-01 08:00:11.859 1496 1496 W android.permission.PermissionManager: Missing ActivityManager; assuming 1000 holds android.permission.SET_PREFERRED_APPLICATIONS
01-01 08:00:11.859 1496 1496 W android.permission.PermissionManager: Missing ActivityManager; assuming 1000 holds android.permission.SET_PREFERRED_APPLICATIONS
01-01 08:00:11.859 1496 1496 W android.permission.PermissionManager: Missing ActivityManager; assuming 1000 holds android.permission.SET_PREFERRED_APPLICATIONS
01-01 08:00:11.860 1496 1496 W android.permission.PermissionManager: Missing ActivityManager; assuming 1000 holds android.permission.SET_PREFERRED_APPLICATIONS
01-01 08:00:11.860 1496 1496 W android.permission.PermissionManager: Missing ActivityManager; assuming 1000 holds android.permission.SET_PREFERRED_APPLICATIONS
01-01 08:00:11.860 1496 1496 W android.permission.PermissionManager: Missing ActivityManager; assuming 1000 holds android.permission.SET_PREFERRED_APPLICATIONS
01-01 08:00:11.860 1496 1496 W android.permission.PermissionManager: Missing ActivityManager; assuming 1000 holds android.permission.SET_PREFERRED_APPLICATIONS
01-01 08:00:11.861 1496 1496 W android.permission.PermissionManager: Missing ActivityManager; assuming 1000 holds android.permission.SET_PREFERRED_APPLICATIONS
01-01 08:00:11.861 1496 1496 W android.permission.PermissionManager: Missing ActivityManager; assuming 1000 holds android.permission.SET_PREFERRED_APPLICATIONS
01-01 08:00:11.861 1496 1496 W android.permission.PermissionManager: Missing ActivityManager; assuming 1000 holds android.permission.SET_PREFERRED_APPLICATIONS
01-01 08:00:11.861 1496 1496 W android.permission.PermissionManager: Missing ActivityManager; assuming 1000 holds android.permission.SET_PREFERRED_APPLICATIONS
01-01 08:00:11.861 1496 1496 W android.permission.PermissionManager: Missing ActivityManager; assuming 1000 holds android.permission.SET_PREFERRED_APPLICATIONS
01-01 08:00:11.861 1496 1496 W android.permission.PermissionManager: Missing ActivityManager; assuming 1000 holds android.permission.SET_PREFERRED_APPLICATIONS
01-01 08:00:11.862 1496 1496 W android.permission.PermissionManager: Missing ActivityManager; assuming 1000 holds android.permission.SET_PREFERRED_APPLICATIONS
01-01 08:00:11.862 1496 1496 W android.permission.PermissionManager: Missing ActivityManager; assuming 1000 holds android.permission.SET_PREFERRED_APPLICATIONS
01-01 08:00:11.862 1496 1496 W android.permission.PermissionManager: Missing ActivityManager; assuming 1000 holds android.permission.SET_PREFERRED_APPLICATIONS
01-01 08:00:11.862 1496 1496 W android.permission.PermissionManager: Missing ActivityManager; assuming 1000 holds android.permission.SET_PREFERRED_APPLICATIONS
01-01 08:00:11.862 1496 1496 W android.permission.PermissionManager: Missing ActivityManager; assuming 1000 holds android.permission.SET_PREFERRED_APPLICATIONS
01-01 08:00:11.862 1496 1496 W android.permission.PermissionManager: Missing ActivityManager; assuming 1000 holds android.permission.SET_PREFERRED_APPLICATIONS
01-01 08:00:11.863 1496 1496 W android.permission.PermissionManager: Missing ActivityManager; assuming 1000 holds android.permission.SET_PREFERRED_APPLICATIONS
01-01 08:00:11.863 1496 1496 W android.permission.PermissionManager: Missing ActivityManager; assuming 1000 holds android.permission.SET_PREFERRED_APPLICATIONS
01-01 08:00:11.863 1496 1496 W android.permission.PermissionManager: Missing ActivityManager; assuming 1000 holds android.permission.SET_PREFERRED_APPLICATIONS
01-01 08:00:11.863 1496 1496 W android.permission.PermissionManager: Missing ActivityManager; assuming 1000 holds android.permission.SET_PREFERRED_APPLICATIONS
01-01 08:00:11.863 1496 1496 W android.permission.PermissionManager: Missing ActivityManager; assuming 1000 holds android.permission.SET_PREFERRED_APPLICATIONS
01-01 08:00:11.863 1496 1496 W android.permission.PermissionManager: Missing ActivityManager; assuming 1000 holds android.permission.SET_PREFERRED_APPLICATIONS
01-01 08:00:11.863 1496 1496 W android.permission.PermissionManager: Missing ActivityManager; assuming 1000 holds android.permission.SET_PREFERRED_APPLICATIONS
01-01 08:00:11.864 1496 1496 W android.permission.PermissionManager: Missing ActivityManager; assuming 1000 holds android.permission.SET_PREFERRED_APPLICATIONS
01-01 08:00:11.864 1496 1496 W android.permission.PermissionManager: Missing ActivityManager; assuming 1000 holds android.permission.SET_PREFERRED_APPLICATIONS
01-01 08:00:11.864 1496 1496 W android.permission.PermissionManager: Missing ActivityManager; assuming 1000 holds android.permission.SET_PREFERRED_APPLICATIONS
