11-11 00:03:47.267 2717 2717 I auditd : type=1400 audit(0.0:58504088): avc: denied { read } for comm="event_loop" lport=13400 scontext=u:r:hht_ota_mgr:s0 tcontext=u:r:hht_ota_mgr:s0 tclass=udp_socket permissive=0
11-11 00:03:47.267 2717 2717 I auditd : type=1400 audit(0.0:58504089): avc: denied { read } for comm="event_loop" lport=13400 scontext=u:r:hht_ota_mgr:s0 tcontext=u:r:hht_ota_mgr:s0 tclass=udp_socket permissive=0
01-01 08:04:51.475 0 0 W audit : audit_lost=58502690 audit_rate_limit=5 audit_backlog_limit=64
01-01 08:04:51.475 0 0 E audit : rate limit exceeded
11-11 00:03:47.278 1496 1981 E DisplayDeviceConfig: requesting nits when no mapping exists.
11-11 00:03:47.279 1496 1981 E DisplayDeviceConfig: requesting nits when no mapping exists.
11-11 00:03:47.279 1496 1621 I am_wtf : [0,1496,system_server,-1,DisplayDeviceConfig,requesting nits when no mapping exists.]
11-11 00:03:47.279 1496 1621 I am_wtf : [0,1496,system_server,-1,DisplayDeviceConfig,requesting nits when no mapping exists.]
11-11 00:03:47.295 1496 1981 E DisplayDeviceConfig: requesting nits when no mapping exists.
11-11 00:03:47.295 1496 1981 E DisplayDeviceConfig: requesting nits when no mapping exists.
11-11 00:03:47.295 1496 1621 I am_wtf : [0,1496,system_server,-1,DisplayDeviceConfig,requesting nits when no mapping exists.]
11-11 00:03:47.295 1496 1621 I am_wtf : [0,1496,system_server,-1,DisplayDeviceConfig,requesting nits when no mapping exists.]
11-11 00:03:48.271 2717 2717 I auditd : type=1400 audit(0.0:58775322): avc: denied { read } for comm="event_loop" lport=13400 scontext=u:r:hht_ota_mgr:s0 tcontext=u:r:hht_ota_mgr:s0 tclass=udp_socket permissive=0
11-11 00:03:48.271 2717 2717 I auditd : type=1400 audit(0.0:58775323): avc: denied { read } for comm="event_loop" lport=13400 scontext=u:r:hht_ota_mgr:s0 tcontext=u:r:hht_ota_mgr:s0 tclass=udp_socket permissive=0
11-11 00:03:48.271 2717 2717 I auditd : type=1400 audit(0.0:58775324): avc: denied { read } for comm="event_loop" lport=13400 scontext=u:r:hht_ota_mgr:s0 tcontext=u:r:hht_ota_mgr:s0 tclass=udp_socket permissive=0
11-11 00:03:48.271 2717 2717 I auditd : type=1400 audit(0.0:58775325): avc: denied { read } for comm="event_loop" lport=13400 scontext=u:r:hht_ota_mgr:s0 tcontext=u:r:hht_ota_mgr:s0 tclass=udp_socket permissive=0
11-11 00:03:48.271 2717 2717 I auditd : type=1400 audit(0.0:58775326): avc: denied { read } for comm="event_loop" lport=13400 scontext=u:r:hht_ota_mgr:s0 tcontext=u:r:hht_ota_mgr:s0 tclass=udp_socket permissive=0
01-01 08:04:52.479 0 0 W audit : audit_lost=58773922 audit_rate_limit=5 audit_backlog_limit=64
01-01 08:04:52.479 0 0 E audit : rate limit exceeded
01-01 08:04:53.483 0 0 W audit : audit_lost=59044341 audit_rate_limit=5 audit_backlog_limit=64
01-01 08:04:53.483 0 0 E audit : rate limit exceeded
11-11 00:03:49.275 2717 2717 I auditd : type=1400 audit(0.0:59045746): avc: denied { read } for comm="event_loop" lport=13400 scontext=u:r:hht_ota_mgr:s0 tcontext=u:r:hht_ota_mgr:s0 tclass=udp_socket permissive=0
11-11 00:03:49.275 2717 2717 I auditd : type=1400 audit(0.0:59045747): avc: denied { read } for comm="event_loop" lport=13400 scontext=u:r:hht_ota_mgr:s0 tcontext=u:r:hht_ota_mgr:s0 tclass=udp_socket permissive=0
11-11 00:03:49.275 2717 2717 I auditd : type=1400 audit(0.0:59045748): avc: denied { read } for comm="event_loop" lport=13400 scontext=u:r:hht_ota_mgr:s0 tcontext=u:r:hht_ota_mgr:s0 tclass=udp_socket permissive=0
11-11 00:03:49.275 2717 2717 I auditd : type=1400 audit(0.0:59045749): avc: denied { read } for comm="event_loop" lport=13400 scontext=u:r:hht_ota_mgr:s0 tcontext=u:r:hht_ota_mgr:s0 tclass=udp_socket permissive=0
11-11 00:03:49.275 2717 2717 I auditd : type=1400 audit(0.0:59045750): avc: denied { read } for comm="event_loop" lport=13400 scontext=u:r:hht_ota_mgr:s0 tcontext=u:r:hht_ota_mgr:s0 tclass=udp_socket permissive=0
11-11 00:03:50.279 2717 2717 I auditd : type=1400 audit(0.0:59316700): avc: denied { read } for comm="event_loop" lport=13400 scontext=u:r:hht_ota_mgr:s0 tcontext=u:r:hht_ota_mgr:s0 tclass=udp_socket permissive=0
11-11 00:03:50.279 2717 2717 I auditd : type=1400 audit(0.0:59316701): avc: denied { read } for comm="event_loop" lport=13400 scontext=u:r:hht_ota_mgr:s0 tcontext=u:r:hht_ota_mgr:s0 tclass=udp_socket permissive=0
11-11 00:03:50.279 2717 2717 I auditd : type=1400 audit(0.0:59316702): avc: denied { read } for comm="event_loop" lport=13400 scontext=u:r:hht_ota_mgr:s0 tcontext=u:r:hht_ota_mgr:s0 tclass=udp_socket permissive=0
11-11 00:03:50.279 2717 2717 I auditd : type=1400 audit(0.0:59316703): avc: denied { read } for comm="event_loop" lport=13400 scontext=u:r:hht_ota_mgr:s0 tcontext=u:r:hht_ota_mgr:s0 tclass=udp_socket permissive=0
11-11 00:03:50.279 2717 2717 I auditd : type=1400 audit(0.0:59316704): avc: denied { read } for comm="event_loop" lport=13400 scontext=u:r:hht_ota_mgr:s0 tcontext=u:r:hht_ota_mgr:s0 tclass=udp_socket permissive=0
01-01 08:04:54.487 0 0 W audit : audit_lost=59315290 audit_rate_limit=5 audit_backlog_limit=64
01-01 08:04:54.487 0 0 E audit : rate limit exceeded
01-01 08:04:55.491 0 0 W audit : audit_lost=59585863 audit_rate_limit=5 audit_backlog_limit=64
01-01 08:04:55.491 0 0 E audit : rate limit exceeded
11-11 00:03:51.283 2717 2717 I auditd : type=1400 audit(0.0:59587278): avc: denied { read } for comm="event_loop" lport=13400 scontext=u:r:hht_ota_mgr:s0 tcontext=u:r:hht_ota_mgr:s0 tclass=udp_socket permissive=0
11-11 00:03:51.283 2717 2717 I auditd : type=1400 audit(0.0:59587279): avc: denied { read } for comm="event_loop" lport=13400 scontext=u:r:hht_ota_mgr:s0 tcontext=u:r:hht_ota_mgr:s0 tclass=udp_socket permissive=0
11-11 00:03:51.283 2717 2717 I auditd : type=1400 audit(0.0:59587280): avc: denied { read } for comm="event_loop" lport=13400 scontext=u:r:hht_ota_mgr:s0 tcontext=u:r:hht_ota_mgr:s0 tclass=udp_socket permissive=0
11-11 00:03:51.283 2717 2717 I auditd : type=1400 audit(0.0:59587281): avc: denied { read } for comm="event_loop" lport=13400 scontext=u:r:hht_ota_mgr:s0 tcontext=u:r:hht_ota_mgr:s0 tclass=udp_socket permissive=0
11-11 00:03:51.283 2717 2717 I auditd : type=1400 audit(0.0:59587282): avc: denied { read } for comm="event_loop" lport=13400 scontext=u:r:hht_ota_mgr:s0 tcontext=u:r:hht_ota_mgr:s0 tclass=udp_socket permissive=0
11-11 00:03:52.287 2717 2717 I auditd : type=1400 audit(0.0:59856985): avc: denied { read } for comm="event_loop" lport=13400 scontext=u:r:hht_ota_mgr:s0 tcontext=u:r:hht_ota_mgr:s0 tclass=udp_socket permissive=0
11-11 00:03:52.287 2717 2717 I auditd : type=1400 audit(0.0:59856986): avc: denied { read } for comm="event_loop" lport=13400 scontext=u:r:hht_ota_mgr:s0 tcontext=u:r:hht_ota_mgr:s0 tclass=udp_socket permissive=0
11-11 00:03:52.287 2717 2717 I auditd : type=1400 audit(0.0:59856987): avc: denied { read } for comm="event_loop" lport=13400 scontext=u:r:hht_ota_mgr:s0 tcontext=u:r:hht_ota_mgr:s0 tclass=udp_socket permissive=0
11-11 00:03:52.287 2717 2717 I auditd : type=1400 audit(0.0:59856988): avc: denied { read } for comm="event_loop" lport=13400 scontext=u:r:hht_ota_mgr:s0 tcontext=u:r:hht_ota_mgr:s0 tclass=udp_socket permissive=0
11-11 00:03:52.287 2717 2717 I auditd : type=1400 audit(0.0:59856989): avc: denied { read } for comm="event_loop" lport=13400 scontext=u:r:hht_ota_mgr:s0 tcontext=u:r:hht_ota_mgr:s0 tclass=udp_socket permissive=0
01-01 08:04:56.495 0 0 W audit : audit_lost=59855565 audit_rate_limit=5 audit_backlog_limit=64
01-01 08:04:56.495 0 0 E audit : rate limit exceeded
01-01 08:04:57.499 0 0 W audit : audit_lost=60126077 audit_rate_limit=5 audit_backlog_limit=64
01-01 08:04:57.499 0 0 E audit : rate limit exceeded
11-11 00:03:53.291 2717 2717 I auditd : type=1400 audit(0.0:60127502): avc: denied { read } for comm="event_loop" lport=13400 scontext=u:r:hht_ota_mgr:s0 tcontext=u:r:hht_ota_mgr:s0 tclass=udp_socket permissive=0
11-11 00:03:53.291 2717 2717 I auditd : type=1400 audit(0.0:60127503): avc: denied { read } for comm="event_loop" lport=13400 scontext=u:r:hht_ota_mgr:s0 tcontext=u:r:hht_ota_mgr:s0 tclass=udp_socket permissive=0
11-11 00:03:53.291 2717 2717 I auditd : type=1400 audit(0.0:60127504): avc: denied { read } for comm="event_loop" lport=13400 scontext=u:r:hht_ota_mgr:s0 tcontext=u:r:hht_ota_mgr:s0 tclass=udp_socket permissive=0
11-11 00:03:53.291 2717 2717 I auditd : type=1400 audit(0.0:60127505): avc: denied { read } for comm="event_loop" lport=13400 scontext=u:r:hht_ota_mgr:s0 tcontext=u:r:hht_ota_mgr:s0 tclass=udp_socket permissive=0
11-11 00:03:53.291 2717 2717 I auditd : type=1400 audit(0.0:60127506): avc: denied { read } for comm="event_loop" lport=13400 scontext=u:r:hht_ota_mgr:s0 tcontext=u:r:hht_ota_mgr:s0 tclass=udp_socket permissive=0
11-11 00:03:54.291 2717 2717 I auditd : type=1400 audit(0.0:60396859): avc: denied { read } for comm="event_loop" lport=13400 scontext=u:r:hht_ota_mgr:s0 tcontext=u:r:hht_ota_mgr:s0 tclass=udp_socket permissive=0
11-11 00:03:54.295 2717 2717 I auditd : type=1400 audit(0.0:60396860): avc: denied { read } for comm="event_loop" lport=13400 scontext=u:r:hht_ota_mgr:s0 tcontext=u:r:hht_ota_mgr:s0 tclass=udp_socket permissive=0
11-11 00:03:54.295 2717 2717 I auditd : type=1400 audit(0.0:60396861): avc: denied { read } for comm="event_loop" lport=13400 scontext=u:r:hht_ota_mgr:s0 tcontext=u:r:hht_ota_mgr:s0 tclass=udp_socket permissive=0
11-11 00:03:54.295 2717 2717 I auditd : type=1400 audit(0.0:60396862): avc: denied { read } for comm="event_loop" lport=13400 scontext=u:r:hht_ota_mgr:s0 tcontext=u:r:hht_ota_mgr:s0 tclass=udp_socket permissive=0
11-11 00:03:54.295 2717 2717 I auditd : type=1400 audit(0.0:60396863): avc: denied { read } for comm="event_loop" lport=13400 scontext=u:r:hht_ota_mgr:s0 tcontext=u:r:hht_ota_mgr:s0 tclass=udp_socket permissive=0
01-01 08:04:58.503 0 0 W audit : audit_lost=60395429 audit_rate_limit=5 audit_backlog_limit=64
01-01 08:04:58.503 0 0 E audit : rate limit exceeded
01-01 08:04:59.507 0 0 W audit : audit_lost=60664739 audit_rate_limit=5 audit_backlog_limit=64
01-01 08:04:59.507 0 0 E audit : rate limit exceeded
11-11 00:03:55.299 2717 2717 I auditd : type=1400 audit(0.0:60666174): avc: denied { read } for comm="event_loop" lport=13400 scontext=u:r:hht_ota_mgr:s0 tcontext=u:r:hht_ota_mgr:s0 tclass=udp_socket permissive=0
11-11 00:03:55.299 2717 2717 I auditd : type=1400 audit(0.0:60666175): avc: denied { read } for comm="event_loop" lport=13400 scontext=u:r:hht_ota_mgr:s0 tcontext=u:r:hht_ota_mgr:s0 tclass=udp_socket permissive=0
11-11 00:03:55.299 2717 2717 I auditd : type=1400 audit(0.0:60666176): avc: denied { read } for comm="event_loop" lport=13400 scontext=u:r:hht_ota_mgr:s0 tcontext=u:r:hht_ota_mgr:s0 tclass=udp_socket permissive=0
11-11 00:03:55.299 2717 2717 I auditd : type=1400 audit(0.0:60666177): avc: denied { read } for comm="event_loop" lport=13400 scontext=u:r:hht_ota_mgr:s0 tcontext=u:r:hht_ota_mgr:s0 tclass=udp_socket permissive=0
11-11 00:03:55.299 2717 2717 I auditd : type=1400 audit(0.0:60666178): avc: denied { read } for comm="event_loop" lport=13400 scontext=u:r:hht_ota_mgr:s0 tcontext=u:r:hht_ota_mgr:s0 tclass=udp_socket permissive=0
11-11 00:03:56.303 2717 2717 I auditd : type=1400 audit(0.0:60936494): avc: denied { read } for comm="event_loop" lport=13400 scontext=u:r:hht_ota_mgr:s0 tcontext=u:r:hht_ota_mgr:s0 tclass=udp_socket permissive=0
11-11 00:03:56.303 2717 2717 I auditd : type=1400 audit(0.0:60936495): avc: denied { read } for comm="event_loop" lport=13400 scontext=u:r:hht_ota_mgr:s0 tcontext=u:r:hht_ota_mgr:s0 tclass=udp_socket permissive=0
11-11 00:03:56.303 2717 2717 I auditd : type=1400 audit(0.0:60936496): avc: denied { read } for comm="event_loop" lport=13400 scontext=u:r:hht_ota_mgr:s0 tcontext=u:r:hht_ota_mgr:s0 tclass=udp_socket permissive=0
11-11 00:03:56.303 2717 2717 I auditd : type=1400 audit(0.0:60936497): avc: denied { read } for comm="event_loop" lport=13400 scontext=u:r:hht_ota_mgr:s0 tcontext=u:r:hht_ota_mgr:s0 tclass=udp_socket permissive=0
11-11 00:03:56.303 2717 2717 I auditd : type=1400 audit(0.0:60936498): avc: denied { read } for comm="event_loop" lport=13400 scontext=u:r:hht_ota_mgr:s0 tcontext=u:r:hht_ota_mgr:s0 tclass=udp_socket permissive=0
01-01 08:05:00.511 0 0 W audit : audit_lost=60935054 audit_rate_limit=5 audit_backlog_limit=64
01-01 08:05:00.511 0 0 E audit : rate limit exceeded
01-01 08:05:01.515 0 0 W audit : audit_lost=61205244 audit_rate_limit=5 audit_backlog_limit=64
01-01 08:05:01.515 0 0 E audit : rate limit exceeded
11-11 00:03:57.307 2717 2717 I auditd : type=1400 audit(0.0:61206689): avc: denied { read } for comm="event_loop" lport=13400 scontext=u:r:hht_ota_mgr:s0 tcontext=u:r:hht_ota_mgr:s0 tclass=udp_socket permissive=0
11-11 00:03:57.307 2717 2717 I auditd : type=1400 audit(0.0:61206690): avc: denied { read } for comm="event_loop" lport=13400 scontext=u:r:hht_ota_mgr:s0 tcontext=u:r:hht_ota_mgr:s0 tclass=udp_socket permissive=0
11-11 00:03:57.307 2717 2717 I auditd : type=1400 audit(0.0:61206691): avc: denied { read } for comm="event_loop" lport=13400 scontext=u:r:hht_ota_mgr:s0 tcontext=u:r:hht_ota_mgr:s0 tclass=udp_socket permissive=0
11-11 00:03:57.307 2717 2717 I auditd : type=1400 audit(0.0:61206692): avc: denied { read } for comm="event_loop" lport=13400 scontext=u:r:hht_ota_mgr:s0 tcontext=u:r:hht_ota_mgr:s0 tclass=udp_socket permissive=0
11-11 00:03:57.307 2717 2717 I auditd : type=1400 audit(0.0:61206693): avc: denied { read } for comm="event_loop" lport=13400 scontext=u:r:hht_ota_mgr:s0 tcontext=u:r:hht_ota_mgr:s0 tclass=udp_socket permissive=0
11-11 00:03:58.311 2717 2717 I auditd : type=1400 audit(0.0:61476737): avc: denied { read } for comm="event_loop" lport=13400 scontext=u:r:hht_ota_mgr:s0 tcontext=u:r:hht_ota_mgr:s0 tclass=udp_socket permissive=0
11-11 00:03:58.311 2717 2717 I auditd : type=1400 audit(0.0:61476738): avc: denied { read } for comm="event_loop" lport=13400 scontext=u:r:hht_ota_mgr:s0 tcontext=u:r:hht_ota_mgr:s0 tclass=udp_socket permissive=0
11-11 00:03:58.311 2717 2717 I auditd : type=1400 audit(0.0:61476739): avc: denied { read } for comm="event_loop" lport=13400 scontext=u:r:hht_ota_mgr:s0 tcontext=u:r:hht_ota_mgr:s0 tclass=udp_socket permissive=0
11-11 00:03:58.311 2717 2717 I auditd : type=1400 audit(0.0:61476740): avc: denied { read } for comm="event_loop" lport=13400 scontext=u:r:hht_ota_mgr:s0 tcontext=u:r:hht_ota_mgr:s0 tclass=udp_socket permissive=0
11-11 00:03:58.311 2717 2717 I auditd : type=1400 audit(0.0:61476741): avc: denied { read } for comm="event_loop" lport=13400 scontext=u:r:hht_ota_mgr:s0 tcontext=u:r:hht_ota_mgr:s0 tclass=udp_socket permissive=0
01-01 08:05:02.519 0 0 W audit : audit_lost=61475287 audit_rate_limit=5 audit_backlog_limit=64
01-01 08:05:02.519 0 0 E audit : rate limit exceeded
01-01 08:05:03.523 0 0 W audit : audit_lost=61745833 audit_rate_limit=5 audit_backlog_limit=64
01-01 08:05:03.523 0 0 E audit : rate limit exceeded
11-11 00:03:59.311 2717 2717 I auditd : type=1400 audit(0.0:61747288): avc: denied { read } for comm="event_loop" lport=13400 scontext=u:r:hht_ota_mgr:s0 tcontext=u:r:hht_ota_mgr:s0 tclass=udp_socket permissive=0
11-11 00:03:59.315 2717 2717 I auditd : type=1400 audit(0.0:61747289): avc: denied { read } for comm="event_loop" lport=13400 scontext=u:r:hht_ota_mgr:s0 tcontext=u:r:hht_ota_mgr:s0 tclass=udp_socket permissive=0
11-11 00:03:59.315 2717 2717 I auditd : type=1400 audit(0.0:61747290): avc: denied { read } for comm="event_loop" lport=13400 scontext=u:r:hht_ota_mgr:s0 tcontext=u:r:hht_ota_mgr:s0 tclass=udp_socket permissive=0
11-11 00:03:59.315 2717 2717 I auditd : type=1400 audit(0.0:61747291): avc: denied { read } for comm="event_loop" lport=13400 scontext=u:r:hht_ota_mgr:s0 tcontext=u:r:hht_ota_mgr:s0 tclass=udp_socket permissive=0
11-11 00:03:59.315 2717 2717 I auditd : type=1400 audit(0.0:61747292): avc: denied { read } for comm="event_loop" lport=13400 scontext=u:r:hht_ota_mgr:s0 tcontext=u:r:hht_ota_mgr:s0 tclass=udp_socket permissive=0
11-11 00:04:00.319 2717 2717 I auditd : type=1400 audit(0.0:62017183): avc: denied { read } for comm="event_loop" lport=13400 scontext=u:r:hht_ota_mgr:s0 tcontext=u:r:hht_ota_mgr:s0 tclass=udp_socket permissive=0
11-11 00:04:00.319 2717 2717 I auditd : type=1400 audit(0.0:62017184): avc: denied { read } for comm="event_loop" lport=13400 scontext=u:r:hht_ota_mgr:s0 tcontext=u:r:hht_ota_mgr:s0 tclass=udp_socket permissive=0
11-11 00:04:00.319 2717 2717 I auditd : type=1400 audit(0.0:62017185): avc: denied { read } for comm="event_loop" lport=13400 scontext=u:r:hht_ota_mgr:s0 tcontext=u:r:hht_ota_mgr:s0 tclass=udp_socket permissive=0
11-11 00:04:00.319 2717 2717 I auditd : type=1400 audit(0.0:62017186): avc: denied { read } for comm="event_loop" lport=13400 scontext=u:r:hht_ota_mgr:s0 tcontext=u:r:hht_ota_mgr:s0 tclass=udp_socket permissive=0
11-11 00:04:00.319 2717 2717 I auditd : type=1400 audit(0.0:62017187): avc: denied { read } for comm="event_loop" lport=13400 scontext=u:r:hht_ota_mgr:s0 tcontext=u:r:hht_ota_mgr:s0 tclass=udp_socket permissive=0
01-01 08:05:04.527 0 0 W audit : audit_lost=62015723 audit_rate_limit=5 audit_backlog_limit=64
01-01 08:05:04.527 0 0 E audit : rate limit exceeded
01-01 08:05:05.531 0 0 W audit : audit_lost=62285860 audit_rate_limit=5 audit_backlog_limit=64
01-01 08:05:05.531 0 0 E audit : rate limit exceeded
11-11 00:04:01.319 2717 2717 I auditd : type=1400 audit(0.0:62287325): avc: denied { read } for comm="event_loop" lport=13400 scontext=u:r:hht_ota_mgr:s0 tcontext=u:r:hht_ota_mgr:s0 tclass=udp_socket permissive=0
11-11 00:04:01.323 2717 2717 I auditd : type=1400 audit(0.0:62287326): avc: denied { read } for comm="event_loop" lport=13400 scontext=u:r:hht_ota_mgr:s0 tcontext=u:r:hht_ota_mgr:s0 tclass=udp_socket permissive=0
11-11 00:04:01.323 2717 2717 I auditd : type=1400 audit(0.0:62287327): avc: denied { read } for comm="event_loop" lport=13400 scontext=u:r:hht_ota_mgr:s0 tcontext=u:r:hht_ota_mgr:s0 tclass=udp_socket permissive=0
11-11 00:04:01.323 2717 2717 I auditd : type=1400 audit(0.0:62287328): avc: denied { read } for comm="event_loop" lport=13400 scontext=u:r:hht_ota_mgr:s0 tcontext=u:r:hht_ota_mgr:s0 tclass=udp_socket permissive=0
11-11 00:04:01.323 2717 2717 I auditd : type=1400 audit(0.0:62287329): avc: denied { read } for comm="event_loop" lport=13400 scontext=u:r:hht_ota_mgr:s0 tcontext=u:r:hht_ota_mgr:s0 tclass=udp_socket permissive=0
01-01 08:05:06.535 0 0 W audit : audit_lost=62556057 audit_rate_limit=5 audit_backlog_limit=64
01-01 08:05:06.535 0 0 E audit : rate limit exceeded
11-11 00:04:02.323 2717 2717 I auditd : type=1400 audit(0.0:62557527): avc: denied { read } for comm="event_loop" lport=13400 scontext=u:r:hht_ota_mgr:s0 tcontext=u:r:hht_ota_mgr:s0 tclass=udp_socket permissive=0
11-11 00:04:02.327 2717 2717 I auditd : type=1400 audit(0.0:62557528): avc: denied { read } for comm="event_loop" lport=13400 scontext=u:r:hht_ota_mgr:s0 tcontext=u:r:hht_ota_mgr:s0 tclass=udp_socket permissive=0
11-11 00:04:02.327 2717 2717 I auditd : type=1400 audit(0.0:62557529): avc: denied { read } for comm="event_loop" lport=13400 scontext=u:r:hht_ota_mgr:s0 tcontext=u:r:hht_ota_mgr:s0 tclass=udp_socket permissive=0
11-11 00:04:02.327 2717 2717 I auditd : type=1400 audit(0.0:62557530): avc: denied { read } for comm="event_loop" lport=13400 scontext=u:r:hht_ota_mgr:s0 tcontext=u:r:hht_ota_mgr:s0 tclass=udp_socket permissive=0
11-11 00:04:02.327 2717 2717 I auditd : type=1400 audit(0.0:62557531): avc: denied { read } for comm="event_loop" lport=13400 scontext=u:r:hht_ota_mgr:s0 tcontext=u:r:hht_ota_mgr:s0 tclass=udp_socket permissive=0
11-11 00:04:03.331 2717 2717 I auditd : type=1400 audit(0.0:62826681): avc: denied { read } for comm="event_loop" lport=13400 scontext=u:r:hht_ota_mgr:s0 tcontext=u:r:hht_ota_mgr:s0 tclass=udp_socket permissive=0
11-11 00:04:03.331 2717 2717 I auditd : type=1400 audit(0.0:62826682): avc: denied { read } for comm="event_loop" lport=13400 scontext=u:r:hht_ota_mgr:s0 tcontext=u:r:hht_ota_mgr:s0 tclass=udp_socket permissive=0
11-11 00:04:03.331 2717 2717 I auditd : type=1400 audit(0.0:62826683): avc: denied { read } for comm="event_loop" lport=13400 scontext=u:r:hht_ota_mgr:s0 tcontext=u:r:hht_ota_mgr:s0 tclass=udp_socket permissive=0
11-11 00:04:03.331 2717 2717 I auditd : type=1400 audit(0.0:62826684): avc: denied { read } for comm="event_loop" lport=13400 scontext=u:r:hht_ota_mgr:s0 tcontext=u:r:hht_ota_mgr:s0 tclass=udp_socket permissive=0
11-11 00:04:03.331 2717 2717 I auditd : type=1400 audit(0.0:62826685): avc: denied { read } for comm="event_loop" lport=13400 scontext=u:r:hht_ota_mgr:s0 tcontext=u:r:hht_ota_mgr:s0 tclass=udp_socket permissive=0
01-01 08:05:07.539 0 0 W audit : audit_lost=62825206 audit_rate_limit=5 audit_backlog_limit=64
01-01 08:05:07.539 0 0 E audit : rate limit exceeded
01-01 08:05:08.543 0 0 W audit : audit_lost=63094556 audit_rate_limit=5 audit_backlog_limit=64
01-01 08:05:08.543 0 0 E audit : rate limit exceeded
11-11 00:04:04.335 2717 2717 I auditd : type=1400 audit(0.0:63096037): avc: denied { read } for comm="event_loop" lport=13400 scontext=u:r:hht_ota_mgr:s0 tcontext=u:r:hht_ota_mgr:s0 tclass=udp_socket permissive=0
11-11 00:04:04.335 2717 2717 I auditd : type=1400 audit(0.0:63096038): avc: denied { read } for comm="event_loop" lport=13400 scontext=u:r:hht_ota_mgr:s0 tcontext=u:r:hht_ota_mgr:s0 tclass=udp_socket permissive=0
11-11 00:04:04.335 2717 2717 I auditd : type=1400 audit(0.0:63096039): avc: denied { read } for comm="event_loop" lport=13400 scontext=u:r:hht_ota_mgr:s0 tcontext=u:r:hht_ota_mgr:s0 tclass=udp_socket permissive=0
11-11 00:04:04.335 2717 2717 I auditd : type=1400 audit(0.0:63096040): avc: denied { read } for comm="event_loop" lport=13400 scontext=u:r:hht_ota_mgr:s0 tcontext=u:r:hht_ota_mgr:s0 tclass=udp_socket permissive=0
11-11 00:04:04.335 2717 2717 I auditd : type=1400 audit(0.0:63096041): avc: denied { read } for comm="event_loop" lport=13400 scontext=u:r:hht_ota_mgr:s0 tcontext=u:r:hht_ota_mgr:s0 tclass=udp_socket permissive=0
11-11 00:04:05.339 2717 2717 I auditd : type=1400 audit(0.0:63366929): avc: denied { read } for comm="event_loop" lport=13400 scontext=u:r:hht_ota_mgr:s0 tcontext=u:r:hht_ota_mgr:s0 tclass=udp_socket permissive=0
11-11 00:04:05.339 2717 2717 I auditd : type=1400 audit(0.0:63366930): avc: denied { read } for comm="event_loop" lport=13400 scontext=u:r:hht_ota_mgr:s0 tcontext=u:r:hht_ota_mgr:s0 tclass=udp_socket permissive=0
11-11 00:04:05.339 2717 2717 I auditd : type=1400 audit(0.0:63366931): avc: denied { read } for comm="event_loop" lport=13400 scontext=u:r:hht_ota_mgr:s0 tcontext=u:r:hht_ota_mgr:s0 tclass=udp_socket permissive=0
11-11 00:04:05.339 2717 2717 I auditd : type=1400 audit(0.0:63366932): avc: denied { read } for comm="event_loop" lport=13400 scontext=u:r:hht_ota_mgr:s0 tcontext=u:r:hht_ota_mgr:s0 tclass=udp_socket permissive=0
11-11 00:04:05.339 2717 2717 I auditd : type=1400 audit(0.0:63366933): avc: denied { read } for comm="event_loop" lport=13400 scontext=u:r:hht_ota_mgr:s0 tcontext=u:r:hht_ota_mgr:s0 tclass=udp_socket permissive=0
01-01 08:05:09.547 0 0 W audit : audit_lost=63365444 audit_rate_limit=5 audit_backlog_limit=64
01-01 08:05:09.547 0 0 E audit : rate limit exceeded
01-01 08:05:10.551 0 0 W audit : audit_lost=63635349 audit_rate_limit=5 audit_backlog_limit=64
01-01 08:05:10.551 0 0 E audit : rate limit exceeded
11-11 00:04:06.343 2717 2717 I auditd : type=1400 audit(0.0:63636839): avc: denied { read } for comm="event_loop" lport=13400 scontext=u:r:hht_ota_mgr:s0 tcontext=u:r:hht_ota_mgr:s0 tclass=udp_socket permissive=0
11-11 00:04:06.343 2717 2717 I auditd : type=1400 audit(0.0:63636840): avc: denied { read } for comm="event_loop" lport=13400 scontext=u:r:hht_ota_mgr:s0 tcontext=u:r:hht_ota_mgr:s0 tclass=udp_socket permissive=0
11-11 00:04:06.343 2717 2717 I auditd : type=1400 audit(0.0:63636841): avc: denied { read } for comm="event_loop" lport=13400 scontext=u:r:hht_ota_mgr:s0 tcontext=u:r:hht_ota_mgr:s0 tclass=udp_socket permissive=0
11-11 00:04:06.343 2717 2717 I auditd : type=1400 audit(0.0:63636842): avc: denied { read } for comm="event_loop" lport=13400 scontext=u:r:hht_ota_mgr:s0 tcontext=u:r:hht_ota_mgr:s0 tclass=udp_socket permissive=0
11-11 00:04:06.343 2717 2717 I auditd : type=1400 audit(0.0:63636843): avc: denied { read } for comm="event_loop" lport=13400 scontext=u:r:hht_ota_mgr:s0 tcontext=u:r:hht_ota_mgr:s0 tclass=udp_socket permissive=0
11-11 00:04:07.343 2717 2717 I auditd : type=1400 audit(0.0:63906721): avc: denied { read } for comm="event_loop" lport=13400 scontext=u:r:hht_ota_mgr:s0 tcontext=u:r:hht_ota_mgr:s0 tclass=udp_socket permissive=0
11-11 00:04:07.347 2717 2717 I auditd : type=1400 audit(0.0:63906722): avc: denied { read } for comm="event_loop" lport=13400 scontext=u:r:hht_ota_mgr:s0 tcontext=u:r:hht_ota_mgr:s0 tclass=udp_socket permissive=0
11-11 00:04:07.347 2717 2717 I auditd : type=1400 audit(0.0:63906723): avc: denied { read } for comm="event_loop" lport=13400 scontext=u:r:hht_ota_mgr:s0 tcontext=u:r:hht_ota_mgr:s0 tclass=udp_socket permissive=0
11-11 00:04:07.347 2717 2717 I auditd : type=1400 audit(0.0:63906724): avc: denied { read } for comm="event_loop" lport=13400 scontext=u:r:hht_ota_mgr:s0 tcontext=u:r:hht_ota_mgr:s0 tclass=udp_socket permissive=0
11-11 00:04:07.347 2717 2717 I auditd : type=1400 audit(0.0:63906725): avc: denied { read } for comm="event_loop" lport=13400 scontext=u:r:hht_ota_mgr:s0 tcontext=u:r:hht_ota_mgr:s0 tclass=udp_socket permissive=0
01-01 08:05:11.555 0 0 W audit : audit_lost=63905226 audit_rate_limit=5 audit_backlog_limit=64
01-01 08:05:11.555 0 0 E audit : rate limit exceeded
01-01 08:05:12.559 0 0 W audit : audit_lost=64175306 audit_rate_limit=5 audit_backlog_limit=64
01-01 08:05:12.559 0 0 E audit : rate limit exceeded
11-11 00:04:08.351 2717 2717 I auditd : type=1400 audit(0.0:64176806): avc: denied { read } for comm="event_loop" lport=13400 scontext=u:r:hht_ota_mgr:s0 tcontext=u:r:hht_ota_mgr:s0 tclass=udp_socket permissive=0
11-11 00:04:08.351 2717 2717 I auditd : type=1400 audit(0.0:64176807): avc: denied { read } for comm="event_loop" lport=13400 scontext=u:r:hht_ota_mgr:s0 tcontext=u:r:hht_ota_mgr:s0 tclass=udp_socket permissive=0
11-11 00:04:08.351 2717 2717 I auditd : type=1400 audit(0.0:64176808): avc: denied { read } for comm="event_loop" lport=13400 scontext=u:r:hht_ota_mgr:s0 tcontext=u:r:hht_ota_mgr:s0 tclass=udp_socket permissive=0
11-11 00:04:08.351 2717 2717 I auditd : type=1400 audit(0.0:64176809): avc: denied { read } for comm="event_loop" lport=13400 scontext=u:r:hht_ota_mgr:s0 tcontext=u:r:hht_ota_mgr:s0 tclass=udp_socket permissive=0
11-11 00:04:08.351 2717 2717 I auditd : type=1400 audit(0.0:64176810): avc: denied { read } for comm="event_loop" lport=13400 scontext=u:r:hht_ota_mgr:s0 tcontext=u:r:hht_ota_mgr:s0 tclass=udp_socket permissive=0
11-11 00:04:09.355 2717 2717 I auditd : type=1400 audit(0.0:64446295): avc: denied { read } for comm="event_loop" lport=13400 scontext=u:r:hht_ota_mgr:s0 tcontext=u:r:hht_ota_mgr:s0 tclass=udp_socket permissive=0
11-11 00:04:09.355 2717 2717 I auditd : type=1400 audit(0.0:64446296): avc: denied { read } for comm="event_loop" lport=13400 scontext=u:r:hht_ota_mgr:s0 tcontext=u:r:hht_ota_mgr:s0 tclass=udp_socket permissive=0
11-11 00:04:09.355 2717 2717 I auditd : type=1400 audit(0.0:64446297): avc: denied { read } for comm="event_loop" lport=13400 scontext=u:r:hht_ota_mgr:s0 tcontext=u:r:hht_ota_mgr:s0 tclass=udp_socket permissive=0
11-11 00:04:09.355 2717 2717 I auditd : type=1400 audit(0.0:64446298): avc: denied { read } for comm="event_loop" lport=13400 scontext=u:r:hht_ota_mgr:s0 tcontext=u:r:hht_ota_mgr:s0 tclass=udp_socket permissive=0
11-11 00:04:09.355 2717 2717 I auditd : type=1400 audit(0.0:64446299): avc: denied { read } for comm="event_loop" lport=13400 scontext=u:r:hht_ota_mgr:s0 tcontext=u:r:hht_ota_mgr:s0 tclass=udp_socket permissive=0
01-01 08:05:13.563 0 0 W audit : audit_lost=64444790 audit_rate_limit=5 audit_backlog_limit=64
01-01 08:05:13.563 0 0 E audit : rate limit exceeded
01-01 08:05:14.567 0 0 W audit : audit_lost=64714609 audit_rate_limit=5 audit_backlog_limit=64
01-01 08:05:14.567 0 0 E audit : rate limit exceeded
11-11 00:04:10.359 2717 2717 I auditd : type=1400 audit(0.0:64716119): avc: denied { read } for comm="event_loop" lport=13400 scontext=u:r:hht_ota_mgr:s0 tcontext=u:r:hht_ota_mgr:s0 tclass=udp_socket permissive=0
11-11 00:04:10.359 2717 2717 I auditd : type=1400 audit(0.0:64716120): avc: denied { read } for comm="event_loop" lport=13400 scontext=u:r:hht_ota_mgr:s0 tcontext=u:r:hht_ota_mgr:s0 tclass=udp_socket permissive=0
11-11 00:04:10.359 2717 2717 I auditd : type=1400 audit(0.0:64716121): avc: denied { read } for comm="event_loop" lport=13400 scontext=u:r:hht_ota_mgr:s0 tcontext=u:r:hht_ota_mgr:s0 tclass=udp_socket permissive=0
11-11 00:04:10.359 2717 2717 I auditd : type=1400 audit(0.0:64716122): avc: denied { read } for comm="event_loop" lport=13400 scontext=u:r:hht_ota_mgr:s0 tcontext=u:r:hht_ota_mgr:s0 tclass=udp_socket permissive=0
11-11 00:04:10.359 2717 2717 I auditd : type=1400 audit(0.0:64716123): avc: denied { read } for comm="event_loop" lport=13400 scontext=u:r:hht_ota_mgr:s0 tcontext=u:r:hht_ota_mgr:s0 tclass=udp_socket permissive=0
11-11 00:04:11.363 2717 2717 I auditd : type=1400 audit(0.0:64986351): avc: denied { read } for comm="event_loop" lport=13400 scontext=u:r:hht_ota_mgr:s0 tcontext=u:r:hht_ota_mgr:s0 tclass=udp_socket permissive=0
11-11 00:04:11.363 2717 2717 I auditd : type=1400 audit(0.0:64986352): avc: denied { read } for comm="event_loop" lport=13400 scontext=u:r:hht_ota_mgr:s0 tcontext=u:r:hht_ota_mgr:s0 tclass=udp_socket permissive=0
11-11 00:04:11.363 2717 2717 I auditd : type=1400 audit(0.0:64986353): avc: denied { read } for comm="event_loop" lport=13400 scontext=u:r:hht_ota_mgr:s0 tcontext=u:r:hht_ota_mgr:s0 tclass=udp_socket permissive=0
11-11 00:04:11.363 2717 2717 I auditd : type=1400 audit(0.0:64986354): avc: denied { read } for comm="event_loop" lport=13400 scontext=u:r:hht_ota_mgr:s0 tcontext=u:r:hht_ota_mgr:s0 tclass=udp_socket permissive=0
11-11 00:04:11.363 2717 2717 I auditd : type=1400 audit(0.0:64986355): avc: denied { read } for comm="event_loop" lport=13400 scontext=u:r:hht_ota_mgr:s0 tcontext=u:r:hht_ota_mgr:s0 tclass=udp_socket permissive=0
01-01 08:05:15.571 0 0 W audit : audit_lost=64984836 audit_rate_limit=5 audit_backlog_limit=64
01-01 08:05:15.571 0 0 E audit : rate limit exceeded
01-01 08:05:16.575 0 0 W audit : audit_lost=65255365 audit_rate_limit=5 audit_backlog_limit=64
01-01 08:05:16.575 0 0 E audit : rate limit exceeded
11-11 00:04:12.367 2717 2717 I auditd : type=1400 audit(0.0:65256885): avc: denied { read } for comm="event_loop" lport=13400 scontext=u:r:hht_ota_mgr:s0 tcontext=u:r:hht_ota_mgr:s0 tclass=udp_socket permissive=0
11-11 00:04:12.367 2717 2717 I auditd : type=1400 audit(0.0:65256886): avc: denied { read } for comm="event_loop" lport=13400 scontext=u:r:hht_ota_mgr:s0 tcontext=u:r:hht_ota_mgr:s0 tclass=udp_socket permissive=0
11-11 00:04:12.367 2717 2717 I auditd : type=1400 audit(0.0:65256887): avc: denied { read } for comm="event_loop" lport=13400 scontext=u:r:hht_ota_mgr:s0 tcontext=u:r:hht_ota_mgr:s0 tclass=udp_socket permissive=0
11-11 00:04:12.367 2717 2717 I auditd : type=1400 audit(0.0:65256888): avc: denied { read } for comm="event_loop" lport=13400 scontext=u:r:hht_ota_mgr:s0 tcontext=u:r:hht_ota_mgr:s0 tclass=udp_socket permissive=0
11-11 00:04:12.367 2717 2717 I auditd : type=1400 audit(0.0:65256889): avc: denied { read } for comm="event_loop" lport=13400 scontext=u:r:hht_ota_mgr:s0 tcontext=u:r:hht_ota_mgr:s0 tclass=udp_socket permissive=0
11-11 00:04:13.371 2717 2717 I auditd : type=1400 audit(0.0:65528011): avc: denied { read } for comm="event_loop" lport=13400 scontext=u:r:hht_ota_mgr:s0 tcontext=u:r:hht_ota_mgr:s0 tclass=udp_socket permissive=0
11-11 00:04:13.371 2717 2717 I auditd : type=1400 audit(0.0:65528012): avc: denied { read } for comm="event_loop" lport=13400 scontext=u:r:hht_ota_mgr:s0 tcontext=u:r:hht_ota_mgr:s0 tclass=udp_socket permissive=0
11-11 00:04:13.371 2717 2717 I auditd : type=1400 audit(0.0:65528013): avc: denied { read } for comm="event_loop" lport=13400 scontext=u:r:hht_ota_mgr:s0 tcontext=u:r:hht_ota_mgr:s0 tclass=udp_socket permissive=0
11-11 00:04:13.371 2717 2717 I auditd : type=1400 audit(0.0:65528014): avc: denied { read } for comm="event_loop" lport=13400 scontext=u:r:hht_ota_mgr:s0 tcontext=u:r:hht_ota_mgr:s0 tclass=udp_socket permissive=0
11-11 00:04:13.371 2717 2717 I auditd : type=1400 audit(0.0:65528015): avc: denied { read } for comm="event_loop" lport=13400 scontext=u:r:hht_ota_mgr:s0 tcontext=u:r:hht_ota_mgr:s0 tclass=udp_socket permissive=0
01-01 08:05:17.579 0 0 W audit : audit_lost=65526486 audit_rate_limit=5 audit_backlog_limit=64
01-01 08:05:17.579 0 0 E audit : rate limit exceeded
01-01 08:05:18.583 0 0 W audit : audit_lost=65797513 audit_rate_limit=5 audit_backlog_limit=64
01-01 08:05:18.583 0 0 E audit : rate limit exceeded
11-11 00:04:14.371 2717 2717 I auditd : type=1400 audit(0.0:65799043): avc: denied { read } for comm="event_loop" lport=13400 scontext=u:r:hht_ota_mgr:s0 tcontext=u:r:hht_ota_mgr:s0 tclass=udp_socket permissive=0
11-11 00:04:14.375 2717 2717 I auditd : type=1400 audit(0.0:65799044): avc: denied { read } for comm="event_loop" lport=13400 scontext=u:r:hht_ota_mgr:s0 tcontext=u:r:hht_ota_mgr:s0 tclass=udp_socket permissive=0
11-11 00:04:14.375 2717 2717 I auditd : type=1400 audit(0.0:65799045): avc: denied { read } for comm="event_loop" lport=13400 scontext=u:r:hht_ota_mgr:s0 tcontext=u:r:hht_ota_mgr:s0 tclass=udp_socket permissive=0
11-11 00:04:14.375 2717 2717 I auditd : type=1400 audit(0.0:65799046): avc: denied { read } for comm="event_loop" lport=13400 scontext=u:r:hht_ota_mgr:s0 tcontext=u:r:hht_ota_mgr:s0 tclass=udp_socket permissive=0
11-11 00:04:14.375 2717 2717 I auditd : type=1400 audit(0.0:65799047): avc: denied { read } for comm="event_loop" lport=13400 scontext=u:r:hht_ota_mgr:s0 tcontext=u:r:hht_ota_mgr:s0 tclass=udp_socket permissive=0
11-11 00:04:14.701 568 568 E spcomlib: [spcom_wait_for_event] event [1] [nvm_ready] EVENT_STATUS_TIMEOUT
11-11 00:04:14.701 568 568 E spdaemon: spcom_wait_for_nvm_ready() failed. ret [-110] [Connection timed out].
11-11 00:04:14.701 568 568 E spdaemon: Initial SP initialization failed. ret [-110].
11-11 00:04:14.701 568 568 D spdaemon: going to sleep for a day.
01-01 08:05:18.908 0 0 E spss_utils [spss_wait_for_event]: wait for event [1] timeout [300] sec expired
11-11 00:04:15.379 2717 2717 I auditd : type=1400 audit(0.0:66069345): avc: denied { read } for comm="event_loop" lport=13400 scontext=u:r:hht_ota_mgr:s0 tcontext=u:r:hht_ota_mgr:s0 tclass=udp_socket permissive=0
11-11 00:04:15.379 2717 2717 I auditd : type=1400 audit(0.0:66069346): avc: denied { read } for comm="event_loop" lport=13400 scontext=u:r:hht_ota_mgr:s0 tcontext=u:r:hht_ota_mgr:s0 tclass=udp_socket permissive=0
11-11 00:04:15.379 2717 2717 I auditd : type=1400 audit(0.0:66069347): avc: denied { read } for comm="event_loop" lport=13400 scontext=u:r:hht_ota_mgr:s0 tcontext=u:r:hht_ota_mgr:s0 tclass=udp_socket permissive=0
11-11 00:04:15.379 2717 2717 I auditd : type=1400 audit(0.0:66069348): avc: denied { read } for comm="event_loop" lport=13400 scontext=u:r:hht_ota_mgr:s0 tcontext=u:r:hht_ota_mgr:s0 tclass=udp_socket permissive=0
11-11 00:04:15.379 2717 2717 I auditd : type=1400 audit(0.0:66069349): avc: denied { read } for comm="event_loop" lport=13400 scontext=u:r:hht_ota_mgr:s0 tcontext=u:r:hht_ota_mgr:s0 tclass=udp_socket permissive=0
01-01 08:05:19.587 0 0 W audit : audit_lost=66067810 audit_rate_limit=5 audit_backlog_limit=64
01-01 08:05:19.587 0 0 E audit : rate limit exceeded
01-01 08:05:20.591 0 0 W audit : audit_lost=66338585 audit_rate_limit=5 audit_backlog_limit=64
01-01 08:05:20.591 0 0 E audit : rate limit exceeded
11-11 00:04:16.379 2717 2717 I auditd : type=1400 audit(0.0:66340125): avc: denied { read } for comm="event_loop" lport=13400 scontext=u:r:hht_ota_mgr:s0 tcontext=u:r:hht_ota_mgr:s0 tclass=udp_socket permissive=0
11-11 00:04:16.383 2717 2717 I auditd : type=1400 audit(0.0:66340126): avc: denied { read } for comm="event_loop" lport=13400 scontext=u:r:hht_ota_mgr:s0 tcontext=u:r:hht_ota_mgr:s0 tclass=udp_socket permissive=0
11-11 00:04:16.383 2717 2717 I auditd : type=1400 audit(0.0:66340127): avc: denied { read } for comm="event_loop" lport=13400 scontext=u:r:hht_ota_mgr:s0 tcontext=u:r:hht_ota_mgr:s0 tclass=udp_socket permissive=0
11-11 00:04:16.383 2717 2717 I auditd : type=1400 audit(0.0:66340128): avc: denied { read } for comm="event_loop" lport=13400 scontext=u:r:hht_ota_mgr:s0 tcontext=u:r:hht_ota_mgr:s0 tclass=udp_socket permissive=0
11-11 00:04:16.383 2717 2717 I auditd : type=1400 audit(0.0:66340129): avc: denied { read } for comm="event_loop" lport=13400 scontext=u:r:hht_ota_mgr:s0 tcontext=u:r:hht_ota_mgr:s0 tclass=udp_socket permissive=0
11-11 00:04:17.383 2717 2717 I auditd : type=1400 audit(0.0:66610836): avc: denied { read } for comm="event_loop" lport=13400 scontext=u:r:hht_ota_mgr:s0 tcontext=u:r:hht_ota_mgr:s0 tclass=udp_socket permissive=0
11-11 00:04:17.387 2717 2717 I auditd : type=1400 audit(0.0:66610837): avc: denied { read } for comm="event_loop" lport=13400 scontext=u:r:hht_ota_mgr:s0 tcontext=u:r:hht_ota_mgr:s0 tclass=udp_socket permissive=0
11-11 00:04:17.387 2717 2717 I auditd : type=1400 audit(0.0:66610838): avc: denied { read } for comm="event_loop" lport=13400 scontext=u:r:hht_ota_mgr:s0 tcontext=u:r:hht_ota_mgr:s0 tclass=udp_socket permissive=0
11-11 00:04:17.387 2717 2717 I auditd : type=1400 audit(0.0:66610839): avc: denied { read } for comm="event_loop" lport=13400 scontext=u:r:hht_ota_mgr:s0 tcontext=u:r:hht_ota_mgr:s0 tclass=udp_socket permissive=0
11-11 00:04:17.387 2717 2717 I auditd : type=1400 audit(0.0:66610840): avc: denied { read } for comm="event_loop" lport=13400 scontext=u:r:hht_ota_mgr:s0 tcontext=u:r:hht_ota_mgr:s0 tclass=udp_socket permissive=0
01-01 08:05:21.595 0 0 W audit : audit_lost=66609291 audit_rate_limit=5 audit_backlog_limit=64
01-01 08:05:21.595 0 0 E audit : rate limit exceeded
01-01 08:05:22.599 0 0 W audit : audit_lost=66880078 audit_rate_limit=5 audit_backlog_limit=64
01-01 08:05:22.599 0 0 E audit : rate limit exceeded
11-11 00:04:18.387 2717 2717 I auditd : type=1400 audit(0.0:66881628): avc: denied { read } for comm="event_loop" lport=13400 scontext=u:r:hht_ota_mgr:s0 tcontext=u:r:hht_ota_mgr:s0 tclass=udp_socket permissive=0
11-11 00:04:18.391 2717 2717 I auditd : type=1400 audit(0.0:66881629): avc: denied { read } for comm="event_loop" lport=13400 scontext=u:r:hht_ota_mgr:s0 tcontext=u:r:hht_ota_mgr:s0 tclass=udp_socket permissive=0
11-11 00:04:18.391 2717 2717 I auditd : type=1400 audit(0.0:66881630): avc: denied { read } for comm="event_loop" lport=13400 scontext=u:r:hht_ota_mgr:s0 tcontext=u:r:hht_ota_mgr:s0 tclass=udp_socket permissive=0
11-11 00:04:18.391 2717 2717 I auditd : type=1400 audit(0.0:66881631): avc: denied { read } for comm="event_loop" lport=13400 scontext=u:r:hht_ota_mgr:s0 tcontext=u:r:hht_ota_mgr:s0 tclass=udp_socket permissive=0
11-11 00:04:18.391 2717 2717 I auditd : type=1400 audit(0.0:66881632): avc: denied { read } for comm="event_loop" lport=13400 scontext=u:r:hht_ota_mgr:s0 tcontext=u:r:hht_ota_mgr:s0 tclass=udp_socket permissive=0
11-11 00:04:19.391 2717 2717 I auditd : type=1400 audit(0.0:67153159): avc: denied { read } for comm="event_loop" lport=13400 scontext=u:r:hht_ota_mgr:s0 tcontext=u:r:hht_ota_mgr:s0 tclass=udp_socket permissive=0
11-11 00:04:19.395 2717 2717 I auditd : type=1400 audit(0.0:67153160): avc: denied { read } for comm="event_loop" lport=13400 scontext=u:r:hht_ota_mgr:s0 tcontext=u:r:hht_ota_mgr:s0 tclass=udp_socket permissive=0
11-11 00:04:19.395 2717 2717 I auditd : type=1400 audit(0.0:67153161): avc: denied { read } for comm="event_loop" lport=13400 scontext=u:r:hht_ota_mgr:s0 tcontext=u:r:hht_ota_mgr:s0 tclass=udp_socket permissive=0
11-11 00:04:19.395 2717 2717 I auditd : type=1400 audit(0.0:67153162): avc: denied { read } for comm="event_loop" lport=13400 scontext=u:r:hht_ota_mgr:s0 tcontext=u:r:hht_ota_mgr:s0 tclass=udp_socket permissive=0
11-11 00:04:19.395 2717 2717 I auditd : type=1400 audit(0.0:67153163): avc: denied { read } for comm="event_loop" lport=13400 scontext=u:r:hht_ota_mgr:s0 tcontext=u:r:hht_ota_mgr:s0 tclass=udp_socket permissive=0
01-01 08:05:23.603 0 0 W audit : audit_lost=67151604 audit_rate_limit=5 audit_backlog_limit=64
01-01 08:05:23.603 0 0 E audit : rate limit exceeded
01-01 08:05:24.607 0 0 W audit : audit_lost=67422113 audit_rate_limit=5 audit_backlog_limit=64
01-01 08:05:24.607 0 0 E audit : rate limit exceeded
11-11 00:04:20.399 2717 2717 I auditd : type=1400 audit(0.0:67423673): avc: denied { read } for comm="event_loop" lport=13400 scontext=u:r:hht_ota_mgr:s0 tcontext=u:r:hht_ota_mgr:s0 tclass=udp_socket permissive=0
11-11 00:04:20.399 2717 2717 I auditd : type=1400 audit(0.0:67423674): avc: denied { read } for comm="event_loop" lport=13400 scontext=u:r:hht_ota_mgr:s0 tcontext=u:r:hht_ota_mgr:s0 tclass=udp_socket permissive=0
11-11 00:04:20.399 2717 2717 I auditd : type=1400 audit(0.0:67423675): avc: denied { read } for comm="event_loop" lport=13400 scontext=u:r:hht_ota_mgr:s0 tcontext=u:r:hht_ota_mgr:s0 tclass=udp_socket permissive=0
11-11 00:04:20.399 2717 2717 I auditd : type=1400 audit(0.0:67423676): avc: denied { read } for comm="event_loop" lport=13400 scontext=u:r:hht_ota_mgr:s0 tcontext=u:r:hht_ota_mgr:s0 tclass=udp_socket permissive=0
11-11 00:04:20.399 2717 2717 I auditd : type=1400 audit(0.0:67423677): avc: denied { read } for comm="event_loop" lport=13400 scontext=u:r:hht_ota_mgr:s0 tcontext=u:r:hht_ota_mgr:s0 tclass=udp_socket permissive=0
11-11 00:04:21.403 2717 2717 I auditd : type=1400 audit(0.0:67693900): avc: denied { read } for comm="event_loop" lport=13400 scontext=u:r:hht_ota_mgr:s0 tcontext=u:r:hht_ota_mgr:s0 tclass=udp_socket permissive=0
11-11 00:04:21.403 2717 2717 I auditd : type=1400 audit(0.0:67693901): avc: denied { read } for comm="event_loop" lport=13400 scontext=u:r:hht_ota_mgr:s0 tcontext=u:r:hht_ota_mgr:s0 tclass=udp_socket permissive=0
11-11 00:04:21.403 2717 2717 I auditd : type=1400 audit(0.0:67693902): avc: denied { read } for comm="event_loop" lport=13400 scontext=u:r:hht_ota_mgr:s0 tcontext=u:r:hht_ota_mgr:s0 tclass=udp_socket permissive=0
11-11 00:04:21.403 2717 2717 I auditd : type=1400 audit(0.0:67693903): avc: denied { read } for comm="event_loop" lport=13400 scontext=u:r:hht_ota_mgr:s0 tcontext=u:r:hht_ota_mgr:s0 tclass=udp_socket permissive=0
11-11 00:04:21.403 2717 2717 I auditd : type=1400 audit(0.0:67693904): avc: denied { read } for comm="event_loop" lport=13400 scontext=u:r:hht_ota_mgr:s0 tcontext=u:r:hht_ota_mgr:s0 tclass=udp_socket permissive=0
01-01 08:05:25.611 0 0 W audit : audit_lost=67692335 audit_rate_limit=5 audit_backlog_limit=64
01-01 08:05:25.611 0 0 E audit : rate limit exceeded
11-11 00:04:22.407 2717 2717 I auditd : type=1400 audit(0.0:67964568): avc: denied { read } for comm="event_loop" lport=13400 scontext=u:r:hht_ota_mgr:s0 tcontext=u:r:hht_ota_mgr:s0 tclass=udp_socket permissive=0
11-11 00:04:22.407 2717 2717 I auditd : type=1400 audit(0.0:67964569): avc: denied { read } for comm="event_loop" lport=13400 scontext=u:r:hht_ota_mgr:s0 tcontext=u:r:hht_ota_mgr:s0 tclass=udp_socket permissive=0
11-11 00:04:22.407 2717 2717 I auditd : type=1400 audit(0.0:67964570): avc: denied { read } for comm="event_loop" lport=13400 scontext=u:r:hht_ota_mgr:s0 tcontext=u:r:hht_ota_mgr:s0 tclass=udp_socket permissive=0
11-11 00:04:22.407 2717 2717 I auditd : type=1400 audit(0.0:67964571): avc: denied { read } for comm="event_loop" lport=13400 scontext=u:r:hht_ota_mgr:s0 tcontext=u:r:hht_ota_mgr:s0 tclass=udp_socket permissive=0
11-11 00:04:22.407 2717 2717 I auditd : type=1400 audit(0.0:67964572): avc: denied { read } for comm="event_loop" lport=13400 scontext=u:r:hht_ota_mgr:s0 tcontext=u:r:hht_ota_mgr:s0 tclass=udp_socket permissive=0
01-01 08:05:26.615 0 0 W audit : audit_lost=67962998 audit_rate_limit=5 audit_backlog_limit=64
01-01 08:05:26.615 0 0 E audit : rate limit exceeded
01-01 08:05:27.619 0 0 W audit : audit_lost=68234331 audit_rate_limit=5 audit_backlog_limit=64
01-01 08:05:27.619 0 0 E audit : rate limit exceeded
11-11 00:04:23.407 2717 2717 I auditd : type=1400 audit(0.0:68235906): avc: denied { read } for comm="event_loop" lport=13400 scontext=u:r:hht_ota_mgr:s0 tcontext=u:r:hht_ota_mgr:s0 tclass=udp_socket permissive=0
11-11 00:04:23.411 2717 2717 I auditd : type=1400 audit(0.0:68235907): avc: denied { read } for comm="event_loop" lport=13400 scontext=u:r:hht_ota_mgr:s0 tcontext=u:r:hht_ota_mgr:s0 tclass=udp_socket permissive=0
11-11 00:04:23.411 2717 2717 I auditd : type=1400 audit(0.0:68235908): avc: denied { read } for comm="event_loop" lport=13400 scontext=u:r:hht_ota_mgr:s0 tcontext=u:r:hht_ota_mgr:s0 tclass=udp_socket permissive=0
11-11 00:04:23.411 2717 2717 I auditd : type=1400 audit(0.0:68235909): avc: denied { read } for comm="event_loop" lport=13400 scontext=u:r:hht_ota_mgr:s0 tcontext=u:r:hht_ota_mgr:s0 tclass=udp_socket permissive=0
11-11 00:04:23.411 2717 2717 I auditd : type=1400 audit(0.0:68235910): avc: denied { read } for comm="event_loop" lport=13400 scontext=u:r:hht_ota_mgr:s0 tcontext=u:r:hht_ota_mgr:s0 tclass=udp_socket permissive=0
11-11 00:04:24.411 2717 2717 I auditd : type=1400 audit(0.0:68506486): avc: denied { read } for comm="event_loop" lport=13400 scontext=u:r:hht_ota_mgr:s0 tcontext=u:r:hht_ota_mgr:s0 tclass=udp_socket permissive=0
11-11 00:04:24.415 2717 2717 I auditd : type=1400 audit(0.0:68506487): avc: denied { read } for comm="event_loop" lport=13400 scontext=u:r:hht_ota_mgr:s0 tcontext=u:r:hht_ota_mgr:s0 tclass=udp_socket permissive=0
11-11 00:04:24.415 2717 2717 I auditd : type=1400 audit(0.0:68506488): avc: denied { read } for comm="event_loop" lport=13400 scontext=u:r:hht_ota_mgr:s0 tcontext=u:r:hht_ota_mgr:s0 tclass=udp_socket permissive=0
11-11 00:04:24.415 2717 2717 I auditd : type=1400 audit(0.0:68506489): avc: denied { read } for comm="event_loop" lport=13400 scontext=u:r:hht_ota_mgr:s0 tcontext=u:r:hht_ota_mgr:s0 tclass=udp_socket permissive=0
11-11 00:04:24.415 2717 2717 I auditd : type=1400 audit(0.0:68506490): avc: denied { read } for comm="event_loop" lport=13400 scontext=u:r:hht_ota_mgr:s0 tcontext=u:r:hht_ota_mgr:s0 tclass=udp_socket permissive=0
01-01 08:05:28.623 0 0 W audit : audit_lost=68504906 audit_rate_limit=5 audit_backlog_limit=64
01-01 08:05:28.623 0 0 E audit : rate limit exceeded
01-01 08:05:29.627 0 0 W audit : audit_lost=68775586 audit_rate_limit=5 audit_backlog_limit=64
01-01 08:05:29.627 0 0 E audit : rate limit exceeded
11-11 00:04:25.415 2717 2717 I auditd : type=1400 audit(0.0:68777171): avc: denied { read } for comm="event_loop" lport=13400 scontext=u:r:hht_ota_mgr:s0 tcontext=u:r:hht_ota_mgr:s0 tclass=udp_socket permissive=0
11-11 00:04:25.419 2717 2717 I auditd : type=1400 audit(0.0:68777172): avc: denied { read } for comm="event_loop" lport=13400 scontext=u:r:hht_ota_mgr:s0 tcontext=u:r:hht_ota_mgr:s0 tclass=udp_socket permissive=0
11-11 00:04:25.419 2717 2717 I auditd : type=1400 audit(0.0:68777173): avc: denied { read } for comm="event_loop" lport=13400 scontext=u:r:hht_ota_mgr:s0 tcontext=u:r:hht_ota_mgr:s0 tclass=udp_socket permissive=0
11-11 00:04:25.419 2717 2717 I auditd : type=1400 audit(0.0:68777174): avc: denied { read } for comm="event_loop" lport=13400 scontext=u:r:hht_ota_mgr:s0 tcontext=u:r:hht_ota_mgr:s0 tclass=udp_socket permissive=0
11-11 00:04:25.419 2717 2717 I auditd : type=1400 audit(0.0:68777175): avc: denied { read } for comm="event_loop" lport=13400 scontext=u:r:hht_ota_mgr:s0 tcontext=u:r:hht_ota_mgr:s0 tclass=udp_socket permissive=0
11-11 00:04:26.423 2717 2717 I auditd : type=1400 audit(0.0:69048163): avc: denied { read } for comm="event_loop" lport=13400 scontext=u:r:hht_ota_mgr:s0 tcontext=u:r:hht_ota_mgr:s0 tclass=udp_socket permissive=0
11-11 00:04:26.423 2717 2717 I auditd : type=1400 audit(0.0:69048164): avc: denied { read } for comm="event_loop" lport=13400 scontext=u:r:hht_ota_mgr:s0 tcontext=u:r:hht_ota_mgr:s0 tclass=udp_socket permissive=0
11-11 00:04:26.423 2717 2717 I auditd : type=1400 audit(0.0:69048165): avc: denied { read } for comm="event_loop" lport=13400 scontext=u:r:hht_ota_mgr:s0 tcontext=u:r:hht_ota_mgr:s0 tclass=udp_socket permissive=0
11-11 00:04:26.423 2717 2717 I auditd : type=1400 audit(0.0:69048166): avc: denied { read } for comm="event_loop" lport=13400 scontext=u:r:hht_ota_mgr:s0 tcontext=u:r:hht_ota_mgr:s0 tclass=udp_socket permissive=0
11-11 00:04:26.423 2717 2717 I auditd : type=1400 audit(0.0:69048167): avc: denied { read } for comm="event_loop" lport=13400 scontext=u:r:hht_ota_mgr:s0 tcontext=u:r:hht_ota_mgr:s0 tclass=udp_socket permissive=0
01-01 08:05:30.631 0 0 W audit : audit_lost=69046573 audit_rate_limit=5 audit_backlog_limit=64
01-01 08:05:30.631 0 0 E audit : rate limit exceeded
01-01 08:05:31.635 0 0 W audit : audit_lost=69317581 audit_rate_limit=5 audit_backlog_limit=64
01-01 08:05:31.635 0 0 E audit : rate limit exceeded
11-11 00:04:27.423 2717 2717 I auditd : type=1400 audit(0.0:69319176): avc: denied { read } for comm="event_loop" lport=13400 scontext=u:r:hht_ota_mgr:s0 tcontext=u:r:hht_ota_mgr:s0 tclass=udp_socket permissive=0
11-11 00:04:27.427 2717 2717 I auditd : type=1400 audit(0.0:69319177): avc: denied { read } for comm="event_loop" lport=13400 scontext=u:r:hht_ota_mgr:s0 tcontext=u:r:hht_ota_mgr:s0 tclass=udp_socket permissive=0
