11-11 00:01:29.235 1496 2092 I notification_panel_revealed: 2
11-11 00:01:29.251 1496 1615 I input_focus: [Focus request de5343b NotificationShade,reason=UpdateInputWindows]
11-11 00:01:29.260 1496 2092 I sysui_multi_action: [757,128,758,1,793,-2051041111,794,0,795,-2051041111,796,26,798,0,806,android,857,DEVELOPER_IMPORTANT,858,4,947,0,1395,2,1500,-2051041589,1688,1]
11-11 00:01:29.260 1496 2092 I sysui_multi_action: [757,804,799,note_freshness,801,-2051041111,802,1]
11-11 00:01:29.260 1496 2092 I notification_visibility: [-1|android|26|null|1000,1,-2051041111,-2051041111,0,0]
11-11 00:01:29.260 1496 2092 I sysui_multi_action: [757,128,758,1,793,-2051040377,794,0,795,-2051040377,796,32,798,1,806,android,857,USB,858,1,947,0,1395,2,1500,-2051040656,1688,1]
11-11 00:01:29.261 1496 2092 I sysui_multi_action: [757,804,799,note_freshness,801,-2051040377,802,1]
11-11 00:01:29.261 1496 2092 I notification_visibility: [-1|android|32|null|1000,1,-2051040377,-2051040377,0,1]
11-11 00:01:29.266 1496 1742 I input_focus: [Focus leaving cfd09a1 com.android.music/com.android.music.MusicBrowserActivity (server),reason=setFocusedWindow]
11-11 00:01:29.266 1496 1742 I input_focus: [Focus entering de5343b NotificationShade (server),reason=setFocusedWindow]
11-11 00:01:29.382 2011 2011 I sysui_multi_action: [757,111,758,1]
11-11 00:01:29.382 2011 2011 I sysui_multi_action: [757,126,758,1,759,126,927,0,928,1,1593,0]
11-11 00:01:29.382 2011 2011 I sysui_multi_action: [757,113,758,1,759,113,927,1,928,1,1593,0]
11-11 00:01:29.382 2011 2011 I sysui_multi_action: [757,0,758,1,759,0,927,2,928,0,1593,0]
11-11 00:01:29.383 2011 2011 I sysui_multi_action: [757,0,758,1,759,0,927,3,928,0,1593,0]
11-11 00:01:29.383 2011 2011 I sysui_multi_action: [757,491,758,1,759,491,927,4,928,0,1311,-1,1593,0]
11-11 00:01:29.383 2011 2011 I sysui_multi_action: [757,0,758,1,759,0,927,5,928,0,1593,0]
11-11 00:01:29.383 2011 2011 I sysui_multi_action: [757,111,758,1]
11-11 00:01:29.384 2011 2011 I sysui_multi_action: [757,126,758,1,759,126,927,0,928,1,1593,0]
11-11 00:01:29.384 2011 2011 I sysui_multi_action: [757,113,758,1,759,113,927,1,928,1,1593,0]
11-11 00:01:29.384 2011 2011 I sysui_multi_action: [757,0,758,1,759,0,927,2,928,0,1593,0]
11-11 00:01:29.384 2011 2011 I sysui_multi_action: [757,0,758,1,759,0,927,3,928,0,1593,0]
01-01 08:02:33.927 0 0 W audit : audit_lost=21566858 audit_rate_limit=5 audit_backlog_limit=64
11-11 00:01:29.719 2717 2717 I auditd : type=1400 audit(0.0:21567568): avc: denied { read } for comm="event_loop" lport=13400 scontext=u:r:hht_ota_mgr:s0 tcontext=u:r:hht_ota_mgr:s0 tclass=udp_socket permissive=0
01-01 08:02:33.927 0 0 E audit : rate limit exceeded
11-11 00:01:29.719 2717 2717 I auditd : type=1400 audit(0.0:21567569): avc: denied { read } for comm="event_loop" lport=13400 scontext=u:r:hht_ota_mgr:s0 tcontext=u:r:hht_ota_mgr:s0 tclass=udp_socket permissive=0
11-11 00:01:29.719 2717 2717 I auditd : type=1400 audit(0.0:21567570): avc: denied { read } for comm="event_loop" lport=13400 scontext=u:r:hht_ota_mgr:s0 tcontext=u:r:hht_ota_mgr:s0 tclass=udp_socket permissive=0
11-11 00:01:29.719 2717 2717 I auditd : type=1400 audit(0.0:21567571): avc: denied { read } for comm="event_loop" lport=13400 scontext=u:r:hht_ota_mgr:s0 tcontext=u:r:hht_ota_mgr:s0 tclass=udp_socket permissive=0
11-11 00:01:29.719 2717 2717 I auditd : type=1400 audit(0.0:21567572): avc: denied { read } for comm="event_loop" lport=13400 scontext=u:r:hht_ota_mgr:s0 tcontext=u:r:hht_ota_mgr:s0 tclass=udp_socket permissive=0
11-11 00:01:30.673 1496 1742 I input_interaction: Interaction with: de5343b NotificationShade (server), edge-swipe (server), swipe-up (server), PointerEventDispatcher0 (server),
01-01 08:02:34.931 0 0 W audit : audit_lost=21838152 audit_rate_limit=5 audit_backlog_limit=64
11-11 00:01:30.719 2717 2717 I auditd : type=1400 audit(0.0:21838867): avc: denied { read } for comm="event_loop" lport=13400 scontext=u:r:hht_ota_mgr:s0 tcontext=u:r:hht_ota_mgr:s0 tclass=udp_socket permissive=0
01-01 08:02:34.931 0 0 E audit : rate limit exceeded
11-11 00:01:30.723 2717 2717 I auditd : type=1400 audit(0.0:21838868): avc: denied { read } for comm="event_loop" lport=13400 scontext=u:r:hht_ota_mgr:s0 tcontext=u:r:hht_ota_mgr:s0 tclass=udp_socket permissive=0
11-11 00:01:30.723 2717 2717 I auditd : type=1400 audit(0.0:21838869): avc: denied { read } for comm="event_loop" lport=13400 scontext=u:r:hht_ota_mgr:s0 tcontext=u:r:hht_ota_mgr:s0 tclass=udp_socket permissive=0
11-11 00:01:30.723 2717 2717 I auditd : type=1400 audit(0.0:21838870): avc: denied { read } for comm="event_loop" lport=13400 scontext=u:r:hht_ota_mgr:s0 tcontext=u:r:hht_ota_mgr:s0 tclass=udp_socket permissive=0
11-11 00:01:30.723 2717 2717 I auditd : type=1400 audit(0.0:21838871): avc: denied { read } for comm="event_loop" lport=13400 scontext=u:r:hht_ota_mgr:s0 tcontext=u:r:hht_ota_mgr:s0 tclass=udp_socket permissive=0
11-11 00:01:30.775 1496 1496 I service_manager_stats: [100,23,38549]
11-11 00:01:31.727 2717 2717 I auditd : type=1400 audit(0.0:22109707): avc: denied { read } for comm="event_loop" lport=13400 scontext=u:r:hht_ota_mgr:s0 tcontext=u:r:hht_ota_mgr:s0 tclass=udp_socket permissive=0
11-11 00:01:31.727 2717 2717 I auditd : type=1400 audit(0.0:22109708): avc: denied { read } for comm="event_loop" lport=13400 scontext=u:r:hht_ota_mgr:s0 tcontext=u:r:hht_ota_mgr:s0 tclass=udp_socket permissive=0
11-11 00:01:31.727 2717 2717 I auditd : type=1400 audit(0.0:22109709): avc: denied { read } for comm="event_loop" lport=13400 scontext=u:r:hht_ota_mgr:s0 tcontext=u:r:hht_ota_mgr:s0 tclass=udp_socket permissive=0
11-11 00:01:31.727 2717 2717 I auditd : type=1400 audit(0.0:22109710): avc: denied { read } for comm="event_loop" lport=13400 scontext=u:r:hht_ota_mgr:s0 tcontext=u:r:hht_ota_mgr:s0 tclass=udp_socket permissive=0
11-11 00:01:31.727 2717 2717 I auditd : type=1400 audit(0.0:22109711): avc: denied { read } for comm="event_loop" lport=13400 scontext=u:r:hht_ota_mgr:s0 tcontext=u:r:hht_ota_mgr:s0 tclass=udp_socket permissive=0
01-01 08:02:35.935 0 0 W audit : audit_lost=22108987 audit_rate_limit=5 audit_backlog_limit=64
01-01 08:02:35.935 0 0 E audit : rate limit exceeded
11-11 00:01:32.212 1496 2092 I MicroServiceManager: requestResult(setVolume) parameters is{"functionInfo":{"IDCM_VolumeValue_Media":"20"}}.
11-11 00:01:32.252 1496 2092 I volume_changed: [3,12,20,39,com.android.systemui]
11-11 00:01:32.731 2717 2717 I auditd : type=1400 audit(0.0:22380841): avc: denied { read } for comm="event_loop" lport=13400 scontext=u:r:hht_ota_mgr:s0 tcontext=u:r:hht_ota_mgr:s0 tclass=udp_socket permissive=0
11-11 00:01:32.731 2717 2717 I auditd : type=1400 audit(0.0:22380842): avc: denied { read } for comm="event_loop" lport=13400 scontext=u:r:hht_ota_mgr:s0 tcontext=u:r:hht_ota_mgr:s0 tclass=udp_socket permissive=0
11-11 00:01:32.731 2717 2717 I auditd : type=1400 audit(0.0:22380843): avc: denied { read } for comm="event_loop" lport=13400 scontext=u:r:hht_ota_mgr:s0 tcontext=u:r:hht_ota_mgr:s0 tclass=udp_socket permissive=0
11-11 00:01:32.731 2717 2717 I auditd : type=1400 audit(0.0:22380844): avc: denied { read } for comm="event_loop" lport=13400 scontext=u:r:hht_ota_mgr:s0 tcontext=u:r:hht_ota_mgr:s0 tclass=udp_socket permissive=0
11-11 00:01:32.731 2717 2717 I auditd : type=1400 audit(0.0:22380845): avc: denied { read } for comm="event_loop" lport=13400 scontext=u:r:hht_ota_mgr:s0 tcontext=u:r:hht_ota_mgr:s0 tclass=udp_socket permissive=0
01-01 08:02:36.939 0 0 W audit : audit_lost=22380116 audit_rate_limit=5 audit_backlog_limit=64
01-01 08:02:36.939 0 0 E audit : rate limit exceeded
11-11 00:01:32.972 1496 1715 I commit_sys_config_file: [settings-1-0,8]
11-11 00:01:33.588 1496 2092 I MicroServiceManager: requestResult(setVolume) parameters is{"functionInfo":{"IDCM_VolumeValue_Media":"22"}}.
11-11 00:01:33.619 1496 2092 I volume_changed: [3,20,22,39,com.android.systemui]
11-11 00:01:33.690 1496 1886 I GameModeConfig: isGameModeOn = false
11-11 00:01:33.731 2717 2717 I auditd : type=1400 audit(0.0:22651823): avc: denied { read } for comm="event_loop" lport=13400 scontext=u:r:hht_ota_mgr:s0 tcontext=u:r:hht_ota_mgr:s0 tclass=udp_socket permissive=0
01-01 08:02:37.943 0 0 W audit : audit_lost=22651093 audit_rate_limit=5 audit_backlog_limit=64
11-11 00:01:33.735 2717 2717 I auditd : type=1400 audit(0.0:22651824): avc: denied { read } for comm="event_loop" lport=13400 scontext=u:r:hht_ota_mgr:s0 tcontext=u:r:hht_ota_mgr:s0 tclass=udp_socket permissive=0
11-11 00:01:33.735 2717 2717 I auditd : type=1400 audit(0.0:22651825): avc: denied { read } for comm="event_loop" lport=13400 scontext=u:r:hht_ota_mgr:s0 tcontext=u:r:hht_ota_mgr:s0 tclass=udp_socket permissive=0
11-11 00:01:33.735 2717 2717 I auditd : type=1400 audit(0.0:22651826): avc: denied { read } for comm="event_loop" lport=13400 scontext=u:r:hht_ota_mgr:s0 tcontext=u:r:hht_ota_mgr:s0 tclass=udp_socket permissive=0
01-01 08:02:37.943 0 0 E audit : rate limit exceeded
11-11 00:01:33.735 2717 2717 I auditd : type=1400 audit(0.0:22651827): avc: denied { read } for comm="event_loop" lport=13400 scontext=u:r:hht_ota_mgr:s0 tcontext=u:r:hht_ota_mgr:s0 tclass=udp_socket permissive=0
11-11 00:01:34.334 1496 1715 I commit_sys_config_file: [settings-1-0,4]
11-11 00:01:34.739 2717 2717 I auditd : type=1400 audit(0.0:22923267): avc: denied { read } for comm="event_loop" lport=13400 scontext=u:r:hht_ota_mgr:s0 tcontext=u:r:hht_ota_mgr:s0 tclass=udp_socket permissive=0
11-11 00:01:34.739 2717 2717 I auditd : type=1400 audit(0.0:22923268): avc: denied { read } for comm="event_loop" lport=13400 scontext=u:r:hht_ota_mgr:s0 tcontext=u:r:hht_ota_mgr:s0 tclass=udp_socket permissive=0
11-11 00:01:34.739 2717 2717 I auditd : type=1400 audit(0.0:22923269): avc: denied { read } for comm="event_loop" lport=13400 scontext=u:r:hht_ota_mgr:s0 tcontext=u:r:hht_ota_mgr:s0 tclass=udp_socket permissive=0
11-11 00:01:34.739 2717 2717 I auditd : type=1400 audit(0.0:22923270): avc: denied { read } for comm="event_loop" lport=13400 scontext=u:r:hht_ota_mgr:s0 tcontext=u:r:hht_ota_mgr:s0 tclass=udp_socket permissive=0
11-11 00:01:34.739 2717 2717 I auditd : type=1400 audit(0.0:22923271): avc: denied { read } for comm="event_loop" lport=13400 scontext=u:r:hht_ota_mgr:s0 tcontext=u:r:hht_ota_mgr:s0 tclass=udp_socket permissive=0
01-01 08:02:38.947 0 0 W audit : audit_lost=22922532 audit_rate_limit=5 audit_backlog_limit=64
01-01 08:02:38.947 0 0 E audit : rate limit exceeded
11-11 00:01:34.904 1496 1548 I MicroServiceManager: requestResult(setVolume) parameters is{"functionInfo":{"IDCM_VolumeValue_Media":"25"}}.
11-11 00:01:34.935 1496 1548 I volume_changed: [3,22,25,39,com.android.systemui]
11-11 00:01:35.353 1496 1886 I GameModeConfig: isGameModeOn = false
11-11 00:01:35.650 1496 1715 I commit_sys_config_file: [settings-1-0,5]
01-01 08:02:39.951 0 0 W audit : audit_lost=23193515 audit_rate_limit=5 audit_backlog_limit=64
01-01 08:02:39.951 0 0 E audit : rate limit exceeded
11-11 00:01:35.739 2717 2717 I auditd : type=1400 audit(0.0:23194255): avc: denied { read } for comm="event_loop" lport=13400 scontext=u:r:hht_ota_mgr:s0 tcontext=u:r:hht_ota_mgr:s0 tclass=udp_socket permissive=0
11-11 00:01:35.743 2717 2717 I auditd : type=1400 audit(0.0:23194256): avc: denied { read } for comm="event_loop" lport=13400 scontext=u:r:hht_ota_mgr:s0 tcontext=u:r:hht_ota_mgr:s0 tclass=udp_socket permissive=0
11-11 00:01:35.743 2717 2717 I auditd : type=1400 audit(0.0:23194257): avc: denied { read } for comm="event_loop" lport=13400 scontext=u:r:hht_ota_mgr:s0 tcontext=u:r:hht_ota_mgr:s0 tclass=udp_socket permissive=0
11-11 00:01:35.743 2717 2717 I auditd : type=1400 audit(0.0:23194258): avc: denied { read } for comm="event_loop" lport=13400 scontext=u:r:hht_ota_mgr:s0 tcontext=u:r:hht_ota_mgr:s0 tclass=udp_socket permissive=0
11-11 00:01:35.743 2717 2717 I auditd : type=1400 audit(0.0:23194259): avc: denied { read } for comm="event_loop" lport=13400 scontext=u:r:hht_ota_mgr:s0 tcontext=u:r:hht_ota_mgr:s0 tclass=udp_socket permissive=0
01-01 08:02:40.955 0 0 W audit : audit_lost=23464890 audit_rate_limit=5 audit_backlog_limit=64
01-01 08:02:40.955 0 0 E audit : rate limit exceeded
11-11 00:01:36.747 2717 2717 I auditd : type=1400 audit(0.0:23465635): avc: denied { read } for comm="event_loop" lport=13400 scontext=u:r:hht_ota_mgr:s0 tcontext=u:r:hht_ota_mgr:s0 tclass=udp_socket permissive=0
11-11 00:01:36.747 2717 2717 I auditd : type=1400 audit(0.0:23465636): avc: denied { read } for comm="event_loop" lport=13400 scontext=u:r:hht_ota_mgr:s0 tcontext=u:r:hht_ota_mgr:s0 tclass=udp_socket permissive=0
11-11 00:01:36.747 2717 2717 I auditd : type=1400 audit(0.0:23465637): avc: denied { read } for comm="event_loop" lport=13400 scontext=u:r:hht_ota_mgr:s0 tcontext=u:r:hht_ota_mgr:s0 tclass=udp_socket permissive=0
11-11 00:01:36.747 2717 2717 I auditd : type=1400 audit(0.0:23465638): avc: denied { read } for comm="event_loop" lport=13400 scontext=u:r:hht_ota_mgr:s0 tcontext=u:r:hht_ota_mgr:s0 tclass=udp_socket permissive=0
11-11 00:01:36.747 2717 2717 I auditd : type=1400 audit(0.0:23465639): avc: denied { read } for comm="event_loop" lport=13400 scontext=u:r:hht_ota_mgr:s0 tcontext=u:r:hht_ota_mgr:s0 tclass=udp_socket permissive=0
11-11 00:01:37.001 1496 1886 I GameModeConfig: isGameModeOn = false
11-11 00:01:37.001 1496 1886 I GameModeConfig: isGameModeOn = false
11-11 00:01:37.001 1496 1886 I GameModeConfig: isGameModeOn = false
11-11 00:01:37.002 1496 1496 I notification_enqueue: [10078,2011,com.android.systemui,2048,NULL,0,Notification(channel=updateNotification shortcut=null contentView=null vibrate=null sound=null defaults=0x0 flags=0x0 color=0x00000000 vis=PRIVATE),0]
11-11 00:01:37.002 2011 2011 I sysui_multi_action: [757,111,758,2]
11-11 00:01:37.003 2011 2011 I sysui_multi_action: [757,111,758,2]
11-11 00:01:37.167 1496 1615 I input_focus: [Focus request cfd09a1 com.android.music/com.android.music.MusicBrowserActivity,reason=UpdateInputWindows]
11-11 00:01:37.172 1496 2837 I sysui_multi_action: [757,128,758,2,793,-2051033199,794,7912,795,-2051033199,796,26,798,0,806,android,857,DEVELOPER_IMPORTANT,858,4,947,0,1395,2,1500,-2051033677,1688,1]
11-11 00:01:37.172 1496 2837 I notification_visibility: [-1|android|26|null|1000,0,-2051033199,-2051033199,0,0]
11-11 00:01:37.173 1496 2837 I sysui_multi_action: [757,128,758,2,793,-2051032464,794,7913,795,-2051032464,796,32,798,1,806,android,857,USB,858,1,947,0,1395,2,1500,-2051032743,1688,1]
11-11 00:01:37.173 1496 2837 I notification_visibility: [-1|android|32|null|1000,0,-2051032464,-2051032464,0,1]
11-11 00:01:37.174 1496 2092 I sysui_multi_action: [757,127,758,2]
11-11 00:01:37.175 1496 2092 I notification_panel_hidden:
11-11 00:01:37.185 1496 1742 I input_focus: [Focus leaving de5343b NotificationShade (server),reason=NO_WINDOW]
11-11 00:01:37.185 1496 1742 I input_focus: [Focus entering cfd09a1 com.android.music/com.android.music.MusicBrowserActivity (server),reason=setFocusedWindow]
11-11 00:01:37.203 1496 1496 I sysui_multi_action: [757,1501,758,1,793,202,794,0,795,202,796,2048,806,com.android.systemui,857,updateNotification,858,3,947,0,1500,0,1688,1]
11-11 00:01:37.203 1496 1496 I sysui_multi_action: [757,804,799,note_interruptive,801,0,802,1]
11-11 00:01:37.204 1496 1496 I GameModeConfig: isGameModeOn = false
11-11 00:01:37.206 1496 1496 W NotificationHistory: Attempted to add notif for locked/gone/disabled user 0
11-11 00:01:37.681 1496 1742 I input_interaction: Interaction with: cfd09a1 com.android.music/com.android.music.MusicBrowserActivity (server), edge-swipe (server), swipe-up (server), PointerEventDispatcher0 (server),
11-11 00:01:37.697 1496 2837 W FreeFormWindowHelper: Current Display FreeFormTask is null
11-11 00:01:37.697 1496 2092 I wm_task_moved: [29,0,0]
11-11 00:01:37.697 1496 2092 I wm_task_moved: [29,0,5]
11-11 00:01:37.704 1496 2837 W FreeFormWindowHelper: Current Display FreeFormTask is null
11-11 00:01:37.713 2575 2575 I wm_on_restart_called: [14757938,com.android.launcher3.uioverrides.QuickstepLauncher,performRestartActivity]
11-11 00:01:37.714 1496 1548 W FreeFormWindowHelper: Current Display FreeFormTask is null
11-11 00:01:37.714 1496 2092 W FreeFormWindowHelper: Current Display FreeFormTask is null
11-11 00:01:37.738 2575 2575 I wm_on_start_called: [14757938,com.android.launcher3.uioverrides.QuickstepLauncher,handleStartActivity]
11-11 00:01:37.739 3484 3484 I view_enqueue_input_event: [Motion - Cancel,com.android.music/com.android.music.MusicBrowserActivity]
11-11 00:01:37.743 1496 2092 W FreeFormWindowHelper: Current Display FreeFormTask is null
11-11 00:01:37.744 1496 2837 W FreeFormWindowHelper: Current Display FreeFormTask is null
11-11 00:01:37.745 2575 2575 I sysui_latency: [1,65]
11-11 00:01:37.748 1496 1742 I input_interaction: Interaction with: edge-swipe (server), swipe-up (server), PointerEventDispatcher0 (server),
11-11 00:01:37.749 1496 2142 W FreeFormWindowHelper: Current Display FreeFormTask is null
11-11 00:01:37.751 1496 2142 W FreeFormWindowHelper: Current Display FreeFormTask is null
11-11 00:01:37.751 2717 2717 I auditd : type=1400 audit(0.0:23735523): avc: denied { read } for comm="event_loop" lport=13400 scontext=u:r:hht_ota_mgr:s0 tcontext=u:r:hht_ota_mgr:s0 tclass=udp_socket permissive=0
11-11 00:01:37.751 2717 2717 I auditd : type=1400 audit(0.0:23735524): avc: denied { read } for comm="event_loop" lport=13400 scontext=u:r:hht_ota_mgr:s0 tcontext=u:r:hht_ota_mgr:s0 tclass=udp_socket permissive=0
11-11 00:01:37.751 2717 2717 I auditd : type=1400 audit(0.0:23735525): avc: denied { read } for comm="event_loop" lport=13400 scontext=u:r:hht_ota_mgr:s0 tcontext=u:r:hht_ota_mgr:s0 tclass=udp_socket permissive=0
11-11 00:01:37.751 2717 2717 I auditd : type=1400 audit(0.0:23735526): avc: denied { read } for comm="event_loop" lport=13400 scontext=u:r:hht_ota_mgr:s0 tcontext=u:r:hht_ota_mgr:s0 tclass=udp_socket permissive=0
11-11 00:01:37.751 2717 2717 I auditd : type=1400 audit(0.0:23735527): avc: denied { read } for comm="event_loop" lport=13400 scontext=u:r:hht_ota_mgr:s0 tcontext=u:r:hht_ota_mgr:s0 tclass=udp_socket permissive=0
11-11 00:01:37.752 1496 2092 W FreeFormWindowHelper: Current Display FreeFormTask is null
11-11 00:01:37.753 1496 2092 W FreeFormWindowHelper: Current Display FreeFormTask is null
01-01 08:02:41.959 0 0 W audit : audit_lost=23734773 audit_rate_limit=5 audit_backlog_limit=64
01-01 08:02:41.959 0 0 E audit : rate limit exceeded
11-11 00:01:37.755 1496 1615 I input_focus: [Focus request recents_animation_input_consumer,reason=UpdateInputWindows]
11-11 00:01:37.761 1496 1611 I sysui_multi_action: [319,10,322,55,325,159,757,761,758,9,759,5,806,com.android.launcher3,871,com.android.launcher3.uioverrides.QuickstepLauncher,904,com.android.launcher3,905,0,1320,4,1321,1]
11-11 00:01:37.768 1496 1742 I input_focus: [Focus leaving cfd09a1 com.android.music/com.android.music.MusicBrowserActivity (server),reason=NOT_FOCUSABLE]
11-11 00:01:37.768 1496 2092 W FreeFormWindowHelper: Current Display FreeFormTask is null
11-11 00:01:37.768 1496 1742 I input_focus: [Focus entering recents_animation_input_consumer (server),reason=setFocusedWindow]
11-11 00:01:37.768 1496 2837 W FreeFormWindowHelper: Current Display FreeFormTask is null
11-11 00:01:37.785 1496 2837 W FreeFormWindowHelper: Current Display FreeFormTask is null
11-11 00:01:37.785 1496 2092 W FreeFormWindowHelper: Current Display FreeFormTask is null
11-11 00:01:37.819 1496 2837 W FreeFormWindowHelper: Current Display FreeFormTask is null
11-11 00:01:37.819 1496 1907 W FreeFormWindowHelper: Current Display FreeFormTask is null
11-11 00:01:37.835 1496 2837 W FreeFormWindowHelper: Current Display FreeFormTask is null
11-11 00:01:37.835 1496 2837 W FreeFormWindowHelper: Current Display FreeFormTask is null
11-11 00:01:37.841 1496 2142 W ActivityTaskManager: getTaskSnapshot: taskId=903 not found
11-11 00:01:37.855 1496 2837 W FreeFormWindowHelper: Current Display FreeFormTask is null
11-11 00:01:37.855 1496 2092 W FreeFormWindowHelper: Current Display FreeFormTask is null
11-11 00:01:37.869 1496 2837 W FreeFormWindowHelper: Current Display FreeFormTask is null
11-11 00:01:37.869 1496 2142 W FreeFormWindowHelper: Current Display FreeFormTask is null
11-11 00:01:37.939 1496 1715 I commit_sys_config_file: [settings-1-0,3]
11-11 00:01:38.024 1496 2837 W FreeFormWindowHelper: Current Display FreeFormTask is null
11-11 00:01:38.025 1496 2142 W FreeFormWindowHelper: Current Display FreeFormTask is null
11-11 00:01:38.025 1496 2142 W FreeFormWindowHelper: Current Display FreeFormTask is null
11-11 00:01:38.055 1496 1620 I sysui_latency: [8,67]
11-11 00:01:38.424 1496 2142 I wm_task_moved: [29,1,6]
11-11 00:01:38.427 1496 2142 I wm_focused_root_task: [0,0,29,31,RecentsAnimation.onAnimationFinished()]
11-11 00:01:38.428 3484 3484 I wm_on_top_resumed_lost_called: [6077811,com.android.music.MusicBrowserActivity,topStateChangedWhenResumed]
11-11 00:01:38.433 1496 2142 I wm_pause_activity: [0,6077811,com.android.music/.MusicBrowserActivity,userLeaving=false,pauseBackTasks]
11-11 00:01:38.435 1496 2142 I ActivityTaskManager: FOREGROUND_APPLICATION_CHANGED to com.android.launcher3.uioverrides.QuickstepLauncher
11-11 00:01:38.436 1496 2142 I wm_set_resumed_activity: [0,com.android.launcher3/.uioverrides.QuickstepLauncher,resumeTopActivityInnerLocked]
11-11 00:01:38.438 1496 2142 I wm_resume_activity: [0,14757938,30,com.android.launcher3/.uioverrides.QuickstepLauncher]
11-11 00:01:38.439 1496 2142 I wm_add_to_stopping: [0,6077811,com.android.music/.MusicBrowserActivity,makeInvisible]
11-11 00:01:38.440 2575 2575 I wm_on_resume_called: [14757938,com.android.launcher3.uioverrides.QuickstepLauncher,RESUME_ACTIVITY]
11-11 00:01:38.447 1496 1615 I input_focus: [Focus request 8156cee com.android.launcher3/com.android.launcher3.uioverrides.QuickstepLauncher,reason=UpdateInputWindows]
11-11 00:01:38.448 3484 3484 I wm_on_paused_called: [6077811,com.android.music.MusicBrowserActivity,performPause]
11-11 00:01:38.449 1496 1614 I sysui_multi_action: [757,803,799,window_time_0,802,15]
11-11 00:01:38.451 1496 2092 I wm_stop_activity: [0,6077811,com.android.music/.MusicBrowserActivity]
11-11 00:01:38.451 1496 2142 W FreeFormWindowHelper: Current Display FreeFormTask is null
11-11 00:01:38.451 1496 2142 W FreeFormWindowHelper: Current Display FreeFormTask is null
11-11 00:01:38.453 1496 2092 W FreeFormWindowHelper: Current Display FreeFormTask is null
11-11 00:01:38.454 1496 1742 I input_focus: [Focus leaving recents_animation_input_consumer (server),reason=NOT_VISIBLE]
11-11 00:01:38.454 1496 1742 I input_focus: [Focus entering 8156cee com.android.launcher3/com.android.launcher3.uioverrides.QuickstepLauncher (server),reason=setFocusedWindow]
11-11 00:01:38.461 1496 1614 I sysui_multi_action: [757,803,799,window_time_0,802,0]
11-11 00:01:38.461 3484 3484 I wm_on_stop_called: [6077811,com.android.music.MusicBrowserActivity,STOP_ACTIVITY_ITEM]
11-11 00:01:38.468 1496 1620 I am_pss : [3484,10086,com.android.music,38211584,29667328,0,166187008,0,4,6]
11-11 00:01:38.476 1496 1620 I am_pss : [4887,10048,com.thundercomm.screensaver,37004288,31485952,0,150192128,0,19,6]
11-11 00:01:38.487 2575 2575 I wm_on_top_resumed_gained_called: [14757938,com.android.launcher3.uioverrides.QuickstepLauncher,topStateChangedWhenResumed]
11-11 00:01:38.488 1496 2837 W FreeFormWindowHelper: Current Display FreeFormTask is null
11-11 00:01:38.488 1496 2837 W FreeFormWindowHelper: Current Display FreeFormTask is null
11-11 00:01:38.550 1496 1548 W FreeFormWindowHelper: Current Display FreeFormTask is null
11-11 00:01:38.685 1496 1715 I commit_sys_config_file: [settings-1-0,4]
01-01 08:02:42.963 0 0 W audit : audit_lost=24004687 audit_rate_limit=5 audit_backlog_limit=64
01-01 08:02:42.963 0 0 E audit : rate limit exceeded
11-11 00:01:38.755 2717 2717 I auditd : type=1400 audit(0.0:24005442): avc: denied { read } for comm="event_loop" lport=13400 scontext=u:r:hht_ota_mgr:s0 tcontext=u:r:hht_ota_mgr:s0 tclass=udp_socket permissive=0
11-11 00:01:38.755 2717 2717 I auditd : type=1400 audit(0.0:24005443): avc: denied { read } for comm="event_loop" lport=13400 scontext=u:r:hht_ota_mgr:s0 tcontext=u:r:hht_ota_mgr:s0 tclass=udp_socket permissive=0
11-11 00:01:38.755 2717 2717 I auditd : type=1400 audit(0.0:24005444): avc: denied { read } for comm="event_loop" lport=13400 scontext=u:r:hht_ota_mgr:s0 tcontext=u:r:hht_ota_mgr:s0 tclass=udp_socket permissive=0
11-11 00:01:38.755 2717 2717 I auditd : type=1400 audit(0.0:24005445): avc: denied { read } for comm="event_loop" lport=13400 scontext=u:r:hht_ota_mgr:s0 tcontext=u:r:hht_ota_mgr:s0 tclass=udp_socket permissive=0
11-11 00:01:38.755 2717 2717 I auditd : type=1400 audit(0.0:24005446): avc: denied { read } for comm="event_loop" lport=13400 scontext=u:r:hht_ota_mgr:s0 tcontext=u:r:hht_ota_mgr:s0 tclass=udp_socket permissive=0
11-11 00:01:39.423 1496 1742 I input_interaction: Interaction with: 8156cee com.android.launcher3/com.android.launcher3.uioverrides.QuickstepLauncher (server), 90347fa com.android.systemui.ImageWallpaper (server), edge-swipe (server), swipe-up (server), PointerEventDispatcher0 (server),
11-11 00:01:39.759 2717 2717 I auditd : type=1400 audit(0.0:24276051): avc: denied { read } for comm="event_loop" lport=13400 scontext=u:r:hht_ota_mgr:s0 tcontext=u:r:hht_ota_mgr:s0 tclass=udp_socket permissive=0
11-11 00:01:39.759 2717 2717 I auditd : type=1400 audit(0.0:24276052): avc: denied { read } for comm="event_loop" lport=13400 scontext=u:r:hht_ota_mgr:s0 tcontext=u:r:hht_ota_mgr:s0 tclass=udp_socket permissive=0
11-11 00:01:39.759 2717 2717 I auditd : type=1400 audit(0.0:24276053): avc: denied { read } for comm="event_loop" lport=13400 scontext=u:r:hht_ota_mgr:s0 tcontext=u:r:hht_ota_mgr:s0 tclass=udp_socket permissive=0
11-11 00:01:39.759 2717 2717 I auditd : type=1400 audit(0.0:24276054): avc: denied { read } for comm="event_loop" lport=13400 scontext=u:r:hht_ota_mgr:s0 tcontext=u:r:hht_ota_mgr:s0 tclass=udp_socket permissive=0
11-11 00:01:39.759 2717 2717 I auditd : type=1400 audit(0.0:24276055): avc: denied { read } for comm="event_loop" lport=13400 scontext=u:r:hht_ota_mgr:s0 tcontext=u:r:hht_ota_mgr:s0 tclass=udp_socket permissive=0
01-01 08:02:43.967 0 0 W audit : audit_lost=24275291 audit_rate_limit=5 audit_backlog_limit=64
01-01 08:02:43.967 0 0 E audit : rate limit exceeded
11-11 00:01:40.154 1496 2837 W FreeFormWindowHelper: Current Display FreeFormTask is null
11-11 00:01:40.154 1496 2837 W FreeFormWindowHelper: Current Display FreeFormTask is null
11-11 00:01:40.241 1496 2837 I wm_finish_activity: [0,6077811,31,com.android.music/.MusicBrowserActivity,remove-task]
11-11 00:01:40.243 1496 2837 I wm_destroy_activity: [0,6077811,31,com.android.music/.MusicBrowserActivity,finish-imm:finishIfPossible]
11-11 00:01:40.249 1496 1614 I ActivityManager: Killing 3484:com.android.music/u0a86 (adj 50): remove task
11-11 00:01:40.249 1496 1614 I am_kill : [0,3484,com.android.music,50,remove task]
11-11 00:01:40.250 1496 1614 I sysui_multi_action: [757,803,799,window_time_0,802,1]
11-11 00:01:40.254 1496 2837 W FreeFormWindowHelper: Current Display FreeFormTask is null
11-11 00:01:40.259 1496 2142 W ActivityTaskManager: getTaskSnapshot: taskId=406 not found
11-11 00:01:40.260 1496 2837 W FreeFormWindowHelper: Current Display FreeFormTask is null
11-11 00:01:40.260 1496 2142 W FreeFormWindowHelper: Current Display FreeFormTask is null
11-11 00:01:40.274 1496 2837 W FreeFormWindowHelper: Current Display FreeFormTask is null
11-11 00:01:40.274 1496 2837 W FreeFormWindowHelper: Current Display FreeFormTask is null
11-11 00:01:40.292 1496 2041 I WindowManager: WIN DEATH: Window{cfd09a1 u0 com.android.music/com.android.music.MusicBrowserActivity}
11-11 00:01:40.293 1496 2142 I am_proc_died: [0,3484,com.android.music,50,4]
11-11 00:01:40.296 1496 2142 W ActivityManager: Scheduling restart of crashed service com.android.music/.MediaPlaybackService in 1000ms for start-requested
11-11 00:01:40.296 1496 2142 I am_schedule_service_restart: [0,com.android.music/.MediaPlaybackService,1000]
11-11 00:01:40.297 1496 2142 I am_uid_stopped: 10086
11-11 00:01:40.297 1496 1496 I sysui_multi_action: [757,128,758,5,759,8,793,-2051063138,794,0,795,14936,796,1,806,com.android.music,857,Channel-music,858,2,947,0,1500,14936,1641,transport,1688,1,1745,1043716538]
11-11 00:01:40.297 1496 1496 I notification_canceled: [0|com.android.music|1|null|10086,8,-2051063138,14936,0,-1,-1,NULL]
11-11 00:01:40.298 1496 2142 I wm_task_removed: [31,removeChild:removeChild last r=ActivityRecord{5cbd73 u0 com.android.music/.MusicBrowserActivity t-1 f}} in t=Task{4db97c7 #31 type=standard A=10086:android.task.music U=0 visible=false mode=fullscreen translucent=true sz=0}]
11-11 00:01:40.298 1496 2142 I wm_task_removed: [31,removeChild]
11-11 00:01:40.300 1496 1614 W ActivityManager: setHasOverlayUi called on unknown pid: 3484
11-11 00:01:40.300 1496 1620 W UsageStatsService: Unexpected activity event reported! (com.android.music/com.android.music.MusicBrowserActivity event : 23 instanceId : 195241304)
11-11 00:01:40.300 1496 1615 W ActivityTaskManager: Can't find TaskDisplayArea to determine support for multi window. Task id=31 attached=false
11-11 00:01:40.300 1496 1615 W ActivityTaskManager: Can't find TaskDisplayArea to determine support for multi window. Task id=31 attached=false
11-11 00:01:40.329 1496 1886 I GameModeConfig: isGameModeOn = false
11-11 00:01:40.329 1496 1886 I GameModeConfig: isGameModeOn = false
11-11 00:01:40.329 1496 1886 I GameModeConfig: isGameModeOn = false
11-11 00:01:40.331 1496 1496 I notification_enqueue: [10078,2011,com.android.systemui,1,empty_media,0,Notification(channel=empty_media_style_id shortcut=null contentView=null vibrate=null sound=null defaults=0x0 flags=0x20 color=0x00000000 category=transport groupKey=empty_media actions=4 vis=PRIVATE),0]
11-11 00:01:40.347 1496 2141 W FreeFormWindowHelper: Current Display FreeFormTask is null
11-11 00:01:40.532 1496 1496 I sysui_multi_action: [757,1501,758,1,793,203,794,0,795,203,796,1,797,empty_media,806,com.android.systemui,857,empty_media_style_id,858,4,946,empty_media,947,0,1500,0,1641,transport,1688,1,1745,1043716538]
11-11 00:01:40.532 1496 1496 I sysui_multi_action: [757,804,799,note_interruptive,801,0,802,1]
11-11 00:01:40.532 1496 1496 I GameModeConfig: isGameModeOn = false
11-11 00:01:40.535 1496 1496 W NotificationHistory: Attempted to add notif for locked/gone/disabled user 0
01-01 08:02:44.791 0 0 I afe_close: port_id = 0x9000
01-01 08:02:44.971 0 0 W audit : audit_lost=24545072 audit_rate_limit=5 audit_backlog_limit=64
01-01 08:02:44.971 0 0 E audit : rate limit exceeded
11-11 00:01:40.759 2717 2717 I auditd : type=1400 audit(0.0:24545837): avc: denied { read } for comm="event_loop" lport=13400 scontext=u:r:hht_ota_mgr:s0 tcontext=u:r:hht_ota_mgr:s0 tclass=udp_socket permissive=0
11-11 00:01:40.763 2717 2717 I auditd : type=1400 audit(0.0:24545838): avc: denied { read } for comm="event_loop" lport=13400 scontext=u:r:hht_ota_mgr:s0 tcontext=u:r:hht_ota_mgr:s0 tclass=udp_socket permissive=0
11-11 00:01:40.763 2717 2717 I auditd : type=1400 audit(0.0:24545839): avc: denied { read } for comm="event_loop" lport=13400 scontext=u:r:hht_ota_mgr:s0 tcontext=u:r:hht_ota_mgr:s0 tclass=udp_socket permissive=0
11-11 00:01:40.763 2717 2717 I auditd : type=1400 audit(0.0:24545840): avc: denied { read } for comm="event_loop" lport=13400 scontext=u:r:hht_ota_mgr:s0 tcontext=u:r:hht_ota_mgr:s0 tclass=udp_socket permissive=0
11-11 00:01:40.763 2717 2717 I auditd : type=1400 audit(0.0:24545841): avc: denied { read } for comm="event_loop" lport=13400 scontext=u:r:hht_ota_mgr:s0 tcontext=u:r:hht_ota_mgr:s0 tclass=udp_socket permissive=0
11-11 00:01:40.798 1496 5343 I wm_task_moved: [29,1,6]
11-11 00:01:40.798 1496 5343 I wm_set_resumed_activity: [0,com.android.launcher3/.uioverrides.QuickstepLauncher,positionChildAt]
11-11 00:01:40.799 1496 5343 I ActivityTaskManager: START u0 {act=android.intent.action.MAIN cat=[android.intent.category.LAUNCHER] flg=0x10300000 cmp=com.tencent.qqmusicpad/.activity.AppStarterActivity} from uid 10074
11-11 00:01:40.805 1496 5343 D CompatibilityChangeReporter: Compat change id reported: 174042980; UID 10095; state: DISABLED
11-11 00:01:40.805 1496 5343 D CompatibilityChangeReporter: Compat change id reported: 184838306; UID 10095; state: DISABLED
11-11 00:01:40.805 1496 5343 D CompatibilityChangeReporter: Compat change id reported: 185004937; UID 10095; state: DISABLED
11-11 00:01:40.806 1496 5343 D CompatibilityChangeReporter: Compat change id reported: 181136395; UID 10095; state: DISABLED
11-11 00:01:40.806 1496 5343 D CompatibilityChangeReporter: Compat change id reported: 174042936; UID 10095; state: DISABLED
11-11 00:01:40.806 1496 5343 I wm_task_moved: [25,1,6]
11-11 00:01:40.806 1496 5343 I wm_task_to_front: [0,25]
11-11 00:01:40.806 1496 5343 I wm_focused_root_task: [0,0,25,29,reuseOrNewTask]
11-11 00:01:40.806 1496 5343 I wm_create_activity: [0,78778675,25,com.tencent.qqmusicpad/.activity.AppStarterActivity,android.intent.action.MAIN,NULL,NULL,271581184]
11-11 00:01:40.807 1496 5343 D CompatibilityChangeReporter: Compat change id reported: 168419799; UID 10095; state: DISABLED
11-11 00:01:40.808 1496 5343 I wm_pause_activity: [0,14757938,com.android.launcher3/.uioverrides.QuickstepLauncher,userLeaving=true,pauseBackTasks]
11-11 00:01:40.809 2575 2575 I wm_on_top_resumed_lost_called: [14757938,com.android.launcher3.uioverrides.QuickstepLauncher,topStateChangedWhenResumed]
11-11 00:01:40.810 2575 2575 I wm_on_paused_called: [14757938,com.android.launcher3.uioverrides.QuickstepLauncher,performPause]
11-11 00:01:40.810 1496 5343 I ActivityTaskManager: FOREGROUND_APPLICATION_CHANGED to com.tencent.qqmusicpad.activity.AppStarterActivity
11-11 00:01:40.811 1496 5343 I wm_add_to_stopping: [0,14757938,com.android.launcher3/.uioverrides.QuickstepLauncher,makeInvisible]
11-11 00:01:40.813 1496 1614 I am_uid_running: 10095
11-11 00:01:40.813 1496 1614 D CompatibilityChangeReporter: Compat change id reported: 135634846; UID 10095; state: DISABLED
11-11 00:01:40.814 1496 1622 D CompatibilityChangeReporter: Compat change id reported: 143937733; UID 10095; state: DISABLED
11-11 00:01:40.816 1496 1614 I sysui_multi_action: [757,803,799,window_time_0,802,1]
11-11 00:01:40.819 1496 1622 I am_proc_start: [0,5348,10095,com.tencent.qqmusicpad,pre-top-activity,{com.tencent.qqmusicpad/com.tencent.qqmusicpad.activity.AppStarterActivity}]
11-11 00:01:40.819 1496 1622 I ActivityManager: Start proc 5348:com.tencent.qqmusicpad/u0a95 for pre-top-activity {com.tencent.qqmusicpad/com.tencent.qqmusicpad.activity.AppStarterActivity}
11-11 00:01:40.828 1496 5349 W ContextImpl: Calling a method in the system process without a qualified user: android.app.ContextImpl.sendBroadcast:1173 com.qualcomm.qti.Performance$SendGameLaunchBroadcast.run:217 java.lang.Thread.run:920
01-01 08:02:45.036 0 0 I binder : 5348:5348 ioctl 40046210 ffe66c38 returned -22
11-11 00:01:40.831 1496 5343 I am_proc_bound: [0,5348,com.tencent.qqmusicpad]
11-11 00:01:40.837 1496 5343 I wm_restart_activity: [0,78778675,25,com.tencent.qqmusicpad/.activity.AppStarterActivity]
11-11 00:01:40.837 1496 5343 I wm_set_resumed_activity: [0,com.tencent.qqmusicpad/.activity.AppStarterActivity,minimalResumeActivityLocked]
11-11 00:01:40.838 1496 1614 I am_uid_active: 10095
11-11 00:01:40.843 1496 1742 I input_focus: [Focus leaving 8156cee com.android.launcher3/com.android.launcher3.uioverrides.QuickstepLauncher (server),reason=NO_WINDOW]
01-01 08:02:45.080 0 0 I binder : 1163:1163 ioctl 40046210 7fce3d89a4 returned -22
01-01 08:02:45.089 0 0 W perfetto: enabled ftrace
11-11 00:01:40.913 1496 2141 W FreeFormWindowHelper: Current Display FreeFormTask is null
11-11 00:01:41.067 1496 2142 D CompatibilityChangeReporter: Compat change id reported: 149924527; UID 10095; state: ENABLED
11-11 00:01:41.067 1496 2142 D CompatibilityChangeReporter: Compat change id reported: 132649864; UID 10095; state: DISABLED
11-11 00:01:41.193 1496 1548 W FreeFormWindowHelper: exitRecentTasks type=0
11-11 00:01:41.227 1496 1886 I GameModeConfig: isGameModeOn = false
11-11 00:01:41.227 1496 1886 I GameModeConfig: isGameModeOn = false
11-11 00:01:41.227 1496 1886 I GameModeConfig: isGameModeOn = false
11-11 00:01:41.227 1496 1886 I GameModeConfig: isGameModeOn = false
11-11 00:01:41.270 1496 2041 D CompatibilityChangeReporter: Compat change id reported: 135634846; UID 10095; state: DISABLED
11-11 00:01:41.270 1496 1622 D CompatibilityChangeReporter: Compat change id reported: 143937733; UID 10095; state: DISABLED
11-11 00:01:41.274 1496 1622 I am_proc_start: [0,5468,10095,com.tencent.qqmusicpad:QQPlayerService,service,{com.tencent.qqmusicpad/com.tencent.qqmusicplayerprocess.service.QQPlayerServiceNew}]
11-11 00:01:41.274 1496 1622 I ActivityManager: Start proc 5468:com.tencent.qqmusicpad:QQPlayerService/u0a95 for service {com.tencent.qqmusicpad/com.tencent.qqmusicplayerprocess.service.QQPlayerServiceNew}
11-11 00:01:41.283 1496 2041 I am_proc_bound: [0,5468,com.tencent.qqmusicpad:QQPlayerService]
01-01 08:02:45.488 0 0 I binder : 5468:5468 ioctl 40046210 ffe66c38 returned -22
11-11 00:01:41.296 1496 1621 I am_uid_running: 10086
11-11 00:01:41.297 1496 1621 D CompatibilityChangeReporter: Compat change id reported: 135634846; UID 10086; state: DISABLED
11-11 00:01:41.297 1496 1621 D CompatibilityChangeReporter: Compat change id reported: 177438394; UID 10086; state: DISABLED
11-11 00:01:41.297 1496 1621 D CompatibilityChangeReporter: Compat change id reported: 135772972; UID 10086; state: DISABLED
11-11 00:01:41.297 1496 1621 D CompatibilityChangeReporter: Compat change id reported: 135754954; UID 10086; state: ENABLED
11-11 00:01:41.297 1496 1622 D CompatibilityChangeReporter: Compat change id reported: 143937733; UID 10086; state: ENABLED
11-11 00:01:41.303 1496 1622 I am_proc_start: [0,5489,10086,com.android.music,service,{com.android.music/com.android.music.MediaPlaybackService}]
11-11 00:01:41.303 1496 1622 I ActivityManager: Start proc 5489:com.android.music/u0a86 for service {com.android.music/com.android.music.MediaPlaybackService}
11-11 00:01:41.309 5348 5348 I wm_on_create_called: [78778675,com.tencent.qqmusicpad.activity.AppStarterActivity,performCreate]
11-11 00:01:41.311 1496 2837 D CompatibilityChangeReporter: Compat change id reported: 182734110; UID 10095; state: DISABLED
01-01 08:02:45.524 0 0 I binder : 5489:5489 ioctl 40046210 7fe20508a4 returned -22
11-11 00:01:41.320 1496 2041 I am_proc_bound: [0,5489,com.android.music]
11-11 00:01:41.321 1496 2041 I am_uid_active: 10086
11-11 00:01:41.323 1496 1496 I notification_enqueue: [10086,5489,com.android.music,1,NULL,0,Notification(channel=Channel-music shortcut=null contentView=null vibrate=null sound=null defaults=0x0 flags=0x62 color=0x00000000 category=transport actions=4 vis=PRIVATE),0]
11-11 00:01:41.331 5348 5348 I wm_on_start_called: [78778675,com.tencent.qqmusicpad.activity.AppStarterActivity,handleStartActivity]
11-11 00:01:41.332 5348 5348 I wm_on_resume_called: [78778675,com.tencent.qqmusicpad.activity.AppStarterActivity,RESUME_ACTIVITY]
11-11 00:01:41.338 1496 1496 I sysui_multi_action: [757,128,758,5,759,8,793,15,794,0,795,15,796,1,806,com.android.music,857,Channel-music,858,2,947,0,1500,15,1641,transport,1688,1,1745,1043716538]
11-11 00:01:41.338 1496 1496 I notification_canceled: [0|com.android.music|1|null|10086,8,15,15,0,-1,-1,NULL]
11-11 00:01:41.339 5348 5348 I wm_on_top_resumed_gained_called: [78778675,com.tencent.qqmusicpad.activity.AppStarterActivity,topStateChangedWhenResumed]
11-11 00:01:41.347 1496 1886 I GameModeConfig: isGameModeOn = false
11-11 00:01:41.347 1496 1886 I GameModeConfig: isGameModeOn = false
11-11 00:01:41.347 1496 1886 I GameModeConfig: isGameModeOn = false
11-11 00:01:41.347 1496 1886 I GameModeConfig: isGameModeOn = false
11-11 00:01:41.348 1496 1621 V ActivityManager: Attempted to start a foreground service (com.tencent.qqmusicpad/com.tencent.qqmusic.innovation.network.service.NetworkService) with a broken notification (no icon: Notification(channel=NetworkService_1 shortcut=null contentView=null vibrate=null sound=null defaults=0x0 flags=0x40 color=0x00000000 vis=PRIVATE))
11-11 00:01:41.351 1496 1496 I notification_enqueue: [10095,5348,com.tencent.qqmusicpad,1,NULL,0,Notification(channel=NetworkService_1 shortcut=null contentView=null vibrate=null sound=null defaults=0x0 flags=0x40 color=0x00000000 vis=PRIVATE),0]
11-11 00:01:41.351 1496 1496 I sysui_multi_action: [757,128,758,5,759,8,793,1,794,0,795,1,796,1,806,com.tencent.qqmusicpad,857,NetworkService_1,858,2,947,0,1500,1]
11-11 00:01:41.351 1496 1496 I notification_canceled: [0|com.tencent.qqmusicpad|1|null|10095,8,1,1,0,-1,-1,NULL]
11-11 00:01:41.408 1496 1615 I input_focus: [Focus request fcc60c3 com.tencent.qqmusicpad/com.tencent.qqmusicpad.activity.AppStarterActivity,reason=UpdateInputWindows]
01-01 08:02:45.643 0 0 I binder : 5348:5484 ioctl 40046210 bd3e9d38 returned -22
11-11 00:01:41.451 1496 1621 D CompatibilityChangeReporter: Compat change id reported: 168419799; UID 10033; state: DISABLED
11-11 00:01:41.458 1496 2041 I snet_event_log: [172655291,-1,]
11-11 00:01:41.467 1496 1548 I wm_stop_activity: [0,14757938,com.android.launcher3/.uioverrides.QuickstepLauncher]
11-11 00:01:41.471 1496 1611 I sysui_multi_action: [319,34,321,33,322,663,325,162,757,761,758,7,759,1,806,com.tencent.qqmusicpad,871,com.tencent.qqmusicpad.activity.AppStarterActivity,904,com.android.launcher3,905,0,945,37,1320,4,1321,4]
11-11 00:01:41.472 1496 1611 I wm_activity_launch_time: [0,78778675,com.tencent.qqmusicpad/.activity.AppStarterActivity,663]
11-11 00:01:41.473 2575 2575 I wm_on_stop_called: [14757938,com.android.launcher3.uioverrides.QuickstepLauncher,STOP_ACTIVITY_ITEM]
11-11 00:01:41.477 1496 1742 I input_focus: [Focus entering fcc60c3 com.tencent.qqmusicpad/com.tencent.qqmusicpad.activity.AppStarterActivity (server),reason=Window became focusable. Previous reason: NOT_VISIBLE]
01-01 08:02:45.690 0 0 I [soft_i][0xbd4adb5b][00:01:41.483725] wlan: [0:I:DP] dp_addba_requestprocess_wifi3 restore BA win 64 based on addba req
11-11 00:01:41.509 1496 1886 I GameModeConfig: isGameModeOn = false
11-11 00:01:41.509 1496 1886 I GameModeConfig: isGameModeOn = false
11-11 00:01:41.510 1496 1886 I GameModeConfig: isGameModeOn = false
11-11 00:01:41.510 1496 1886 I GameModeConfig: isGameModeOn = false
11-11 00:01:41.523 1496 1496 I NotificationService: Cannot find enqueued record for key: 0|com.android.music|1|null|10086
11-11 00:01:41.531 1496 1496 I notification_enqueue: [10086,5489,com.android.music,1,NULL,0,Notification(channel=Channel-music shortcut=null contentView=null vibrate=null sound=null defaults=0x0 flags=0x0 color=0x00000000 category=transport actions=4 vis=PRIVATE),0]
11-11 00:01:41.532 1496 2837 W ActivityManager: Foreground service started from background can not have location/camera/microphone access: service com.android.music/.MediaPlaybackService
11-11 00:01:41.532 1496 2837 I ActivityManager: Background started FGS: Allowed [callingPackage: com.android.music; callingUid: 10086; uidState: SVC ; intent: Intent { cmp=com.android.music/.MediaPlaybackService }; code:SYSTEM_ALERT_WINDOW_PERMISSION; tempAllowListReason:<,reasonCode:SYSTEM_ALLOW_LISTED,duration:9223372036854775807,callingUid:-1>; targetSdkVersion:31; callerTargetSdkVersion:31; startForegroundCount:2; bindFromPackage:null]
11-11 00:01:41.535 1496 1496 I notification_enqueue: [10086,5489,com.android.music,1,NULL,0,Notification(channel=Channel-music shortcut=null contentView=null vibrate=null sound=null defaults=0x0 flags=0x40 color=0x00000000 category=transport actions=4 vis=PRIVATE),0]
11-11 00:01:41.535 1496 1496 I sysui_multi_action: [757,128,758,5,759,8,793,5,794,0,795,5,796,1,806,com.android.music,857,Channel-music,858,2,947,0,1500,5,1641,transport,1745,1043716538]
11-11 00:01:41.535 1496 1496 I notification_canceled: [0|com.android.music|1|null|10086,8,5,5,0,-1,-1,NULL]
11-11 00:01:41.550 1496 1496 I NotificationService: Cannot find enqueued record for key: 0|com.tencent.qqmusicpad|1|null|10095
11-11 00:01:41.563 1496 1886 I GameModeConfig: isGameModeOn = false
11-11 00:01:41.563 1496 1886 I GameModeConfig: isGameModeOn = false
11-11 00:01:41.564 1496 1886 I GameModeConfig: isGameModeOn = false
11-11 00:01:41.564 1496 1886 I GameModeConfig: isGameModeOn = false
11-11 00:01:41.584 1496 1886 I GameModeConfig: isGameModeOn = false
11-11 00:01:41.584 1496 1886 I GameModeConfig: isGameModeOn = false
11-11 00:01:41.584 1496 1886 I GameModeConfig: isGameModeOn = false
11-11 00:01:41.584 1496 1886 I GameModeConfig: isGameModeOn = false
11-11 00:01:41.585 1496 1621 V ActivityManager: Attempted to start a foreground service (com.tencent.qqmusicpad/com.tencent.qqmusic.innovation.network.service.NetworkService) with a broken notification (no icon: Notification(channel=NetworkService_1 shortcut=null contentView=null vibrate=null sound=null defaults=0x0 flags=0x40 color=0x00000000 vis=PRIVATE))
11-11 00:01:41.587 1496 1496 I notification_enqueue: [10095,5348,com.tencent.qqmusicpad,1,NULL,0,Notification(channel=NetworkService_1 shortcut=null contentView=null vibrate=null sound=null defaults=0x0 flags=0x40 color=0x00000000 vis=PRIVATE),0]
11-11 00:01:41.587 1496 1496 I sysui_multi_action: [757,128,758,5,759,8,793,1,794,0,795,1,796,1,806,com.tencent.qqmusicpad,857,NetworkService_1,858,2,947,0,1500,1]
11-11 00:01:41.588 1496 1496 I notification_canceled: [0|com.tencent.qqmusicpad|1|null|10095,8,1,1,0,-1,-1,NULL]
11-11 00:01:41.596 1496 1886 I GameModeConfig: isGameModeOn = false
11-11 00:01:41.596 1496 1886 I GameModeConfig: isGameModeOn = false
11-11 00:01:41.597 1496 1886 I GameModeConfig: isGameModeOn = false
11-11 00:01:41.597 1496 1886 I GameModeConfig: isGameModeOn = false
11-11 00:01:41.597 1496 1621 I ActivityManager: Deferring FGS notification in legacy app com.tencent.qqmusicpad/u0a95 : Notification(channel=10000 shortcut=null contentView=null vibrate=null sound=null defaults=0x0 flags=0x40 color=0x00000000 vis=PRIVATE)
11-11 00:01:41.609 1496 1548 D CompatibilityChangeReporter: Compat change id reported: 157233955; UID 10095; state: DISABLED
11-11 00:01:41.717 1496 1886 I GameModeConfig: isGameModeOn = false
11-11 00:01:41.717 1496 1886 I GameModeConfig: isGameModeOn = false
11-11 00:01:41.717 1496 1886 I GameModeConfig: isGameModeOn = false
11-11 00:01:41.718 1496 1886 I GameModeConfig: isGameModeOn = false
11-11 00:01:41.732 1496 1496 I NotificationService: Cannot find enqueued record for key: 0|com.android.music|1|null|10086
11-11 00:01:41.734 1496 1496 I NotificationService: Cannot find enqueued record for key: 0|com.android.music|1|null|10086
11-11 00:01:41.748 1496 1496 I notification_cancel_all: [10095,5348,com.tencent.qqmusicpad,0,0,64,9,NULL]
11-11 00:01:41.767 2717 2717 I auditd : type=1400 audit(0.0:24753119): avc: denied { read } for comm="event_loop" lport=13400 scontext=u:r:hht_ota_mgr:s0 tcontext=u:r:hht_ota_mgr:s0 tclass=udp_socket permissive=0
11-11 00:01:41.767 2717 2717 I auditd : type=1400 audit(0.0:24753120): avc: denied { read } for comm="event_loop" lport=13400 scontext=u:r:hht_ota_mgr:s0 tcontext=u:r:hht_ota_mgr:s0 tclass=udp_socket permissive=0
11-11 00:01:41.767 2717 2717 I auditd : type=1400 audit(0.0:24753121): avc: denied { read } for comm="event_loop" lport=13400 scontext=u:r:hht_ota_mgr:s0 tcontext=u:r:hht_ota_mgr:s0 tclass=udp_socket permissive=0
11-11 00:01:41.767 2717 2717 I auditd : type=1400 audit(0.0:24753122): avc: denied { read } for comm="event_loop" lport=13400 scontext=u:r:hht_ota_mgr:s0 tcontext=u:r:hht_ota_mgr:s0 tclass=udp_socket permissive=0
11-11 00:01:41.767 2717 2717 I auditd : type=1400 audit(0.0:24753123): avc: denied { read } for comm="event_loop" lport=13400 scontext=u:r:hht_ota_mgr:s0 tcontext=u:r:hht_ota_mgr:s0 tclass=udp_socket permissive=0
01-01 08:02:45.975 0 0 W audit : audit_lost=24752349 audit_rate_limit=5 audit_backlog_limit=64
01-01 08:02:45.975 0 0 E audit : rate limit exceeded
11-11 00:01:41.788 1496 1496 I NotificationService: Cannot find enqueued record for key: 0|com.tencent.qqmusicpad|1|null|10095
11-11 00:01:42.771 2717 2717 I auditd : type=1400 audit(0.0:25023810): avc: denied { read } for comm="event_loop" lport=13400 scontext=u:r:hht_ota_mgr:s0 tcontext=u:r:hht_ota_mgr:s0 tclass=udp_socket permissive=0
11-11 00:01:42.771 2717 2717 I auditd : type=1400 audit(0.0:25023811): avc: denied { read } for comm="event_loop" lport=13400 scontext=u:r:hht_ota_mgr:s0 tcontext=u:r:hht_ota_mgr:s0 tclass=udp_socket permissive=0
11-11 00:01:42.771 2717 2717 I auditd : type=1400 audit(0.0:25023812): avc: denied { read } for comm="event_loop" lport=13400 scontext=u:r:hht_ota_mgr:s0 tcontext=u:r:hht_ota_mgr:s0 tclass=udp_socket permissive=0
11-11 00:01:42.771 2717 2717 I auditd : type=1400 audit(0.0:25023813): avc: denied { read } for comm="event_loop" lport=13400 scontext=u:r:hht_ota_mgr:s0 tcontext=u:r:hht_ota_mgr:s0 tclass=udp_socket permissive=0
11-11 00:01:42.771 2717 2717 I auditd : type=1400 audit(0.0:25023814): avc: denied { read } for comm="event_loop" lport=13400 scontext=u:r:hht_ota_mgr:s0 tcontext=u:r:hht_ota_mgr:s0 tclass=udp_socket permissive=0
01-01 08:02:46.979 0 0 W audit : audit_lost=25023035 audit_rate_limit=5 audit_backlog_limit=64
01-01 08:02:46.979 0 0 E audit : rate limit exceeded
11-11 00:01:43.359 1496 2041 I thunderperf: PlatormCompat.setOverrides: Uid1=10095 Pid1=5348 Uid2=10095 Pid2=5348
11-11 00:01:43.359 1496 2041 I thunderperf: PlatormCompat.setOverrides: needCheck:false
11-11 00:01:43.359 1496 2041 W PackageManager: MATCH_ANY_USER flag requires INTERACT_ACROSS_USERS permission: UID 10095 requires android.permission.INTERACT_ACROSS_USERS_FULL or android.permission.INTERACT_ACROSS_USERS to access user 0.
