11-11 00:02:36.987 2717 2717 I auditd : type=1400 audit(0.0:39580385): avc: denied { read } for comm="event_loop" lport=13400 scontext=u:r:hht_ota_mgr:s0 tcontext=u:r:hht_ota_mgr:s0 tclass=udp_socket permissive=0
11-11 00:02:36.987 2717 2717 I auditd : type=1400 audit(0.0:39580386): avc: denied { read } for comm="event_loop" lport=13400 scontext=u:r:hht_ota_mgr:s0 tcontext=u:r:hht_ota_mgr:s0 tclass=udp_socket permissive=0
11-11 00:02:36.987 2717 2717 I auditd : type=1400 audit(0.0:39580387): avc: denied { read } for comm="event_loop" lport=13400 scontext=u:r:hht_ota_mgr:s0 tcontext=u:r:hht_ota_mgr:s0 tclass=udp_socket permissive=0
11-11 00:02:36.987 2717 2717 I auditd : type=1400 audit(0.0:39580388): avc: denied { read } for comm="event_loop" lport=13400 scontext=u:r:hht_ota_mgr:s0 tcontext=u:r:hht_ota_mgr:s0 tclass=udp_socket permissive=0
11-11 00:02:36.987 2717 2717 I auditd : type=1400 audit(0.0:39580389): avc: denied { read } for comm="event_loop" lport=13400 scontext=u:r:hht_ota_mgr:s0 tcontext=u:r:hht_ota_mgr:s0 tclass=udp_socket permissive=0
11-11 00:02:37.136 1496 1496 I GameModeConfig: isGameModeOn = false
11-11 00:02:37.153 1496 1817 I netstats_mobile_sample: [0,0,0,0,0,0,0,0,0,0,0,0,1668096157152]
11-11 00:02:37.153 1496 1817 I netstats_wifi_sample: [30526761,23965,1876091,13428,30526761,23965,1876091,13428,31078564,27892,1342309,11954,1668096157152]
11-11 00:02:37.159 1496 2834 W NotificationService: Toast already killed. pkg=com.tencent.qqmusicpad token=android.os.BinderProxy@5b91939
11-11 00:02:37.464 1496 2041 I MicroServiceManager: requestResult(abandonAudioFocus) parameters is{"functionInfo":{"IDCM_AudioFocus":"AudioFocus_Media"}}.
11-11 00:02:37.987 2717 2717 I auditd : type=1400 audit(0.0:39850294): avc: denied { read } for comm="event_loop" lport=13400 scontext=u:r:hht_ota_mgr:s0 tcontext=u:r:hht_ota_mgr:s0 tclass=udp_socket permissive=0
01-01 08:03:42.199 0 0 W audit : audit_lost=39849244 audit_rate_limit=5 audit_backlog_limit=64
01-01 08:03:42.199 0 0 E audit : rate limit exceeded
11-11 00:02:37.991 2717 2717 I auditd : type=1400 audit(0.0:39850295): avc: denied { read } for comm="event_loop" lport=13400 scontext=u:r:hht_ota_mgr:s0 tcontext=u:r:hht_ota_mgr:s0 tclass=udp_socket permissive=0
11-11 00:02:37.991 2717 2717 I auditd : type=1400 audit(0.0:39850296): avc: denied { read } for comm="event_loop" lport=13400 scontext=u:r:hht_ota_mgr:s0 tcontext=u:r:hht_ota_mgr:s0 tclass=udp_socket permissive=0
11-11 00:02:37.991 2717 2717 I auditd : type=1400 audit(0.0:39850297): avc: denied { read } for comm="event_loop" lport=13400 scontext=u:r:hht_ota_mgr:s0 tcontext=u:r:hht_ota_mgr:s0 tclass=udp_socket permissive=0
11-11 00:02:37.991 2717 2717 I auditd : type=1400 audit(0.0:39850298): avc: denied { read } for comm="event_loop" lport=13400 scontext=u:r:hht_ota_mgr:s0 tcontext=u:r:hht_ota_mgr:s0 tclass=udp_socket permissive=0
11-11 00:02:38.065 1496 2041 I MicroServiceManager: requestResult(abandonAudioFocus) parameters is{"functionInfo":{"IDCM_AudioFocus":"AudioFocus_Media"}}.
11-11 00:02:38.620 1496 1496 I notification_enqueue: [10095,5348,com.tencent.qqmusicpad,1,NULL,0,Notification(channel=channel_notification_player shortcut=null contentView=com.tencent.qqmusicpad/0x7f0c020d vibrate=null sound=null tick defaults=0x0 flags=0x62 color=0x00000000 vis=SECRET),1]
11-11 00:02:38.667 1496 2834 I MicroServiceManager: requestResult(requestAudioFocus) parameters is{"functionInfo":{"IDCM_AudioFocus":"AudioFocus_Media"}}.
11-11 00:02:38.822 1496 1496 I GameModeConfig: isGameModeOn = false
11-11 00:02:38.991 2717 2717 I auditd : type=1400 audit(0.0:40121528): avc: denied { read } for comm="event_loop" lport=13400 scontext=u:r:hht_ota_mgr:s0 tcontext=u:r:hht_ota_mgr:s0 tclass=udp_socket permissive=0
11-11 00:02:38.995 2717 2717 I auditd : type=1400 audit(0.0:40121529): avc: denied { read } for comm="event_loop" lport=13400 scontext=u:r:hht_ota_mgr:s0 tcontext=u:r:hht_ota_mgr:s0 tclass=udp_socket permissive=0
11-11 00:02:38.995 2717 2717 I auditd : type=1400 audit(0.0:40121530): avc: denied { read } for comm="event_loop" lport=13400 scontext=u:r:hht_ota_mgr:s0 tcontext=u:r:hht_ota_mgr:s0 tclass=udp_socket permissive=0
11-11 00:02:38.995 2717 2717 I auditd : type=1400 audit(0.0:40121531): avc: denied { read } for comm="event_loop" lport=13400 scontext=u:r:hht_ota_mgr:s0 tcontext=u:r:hht_ota_mgr:s0 tclass=udp_socket permissive=0
11-11 00:02:38.995 2717 2717 I auditd : type=1400 audit(0.0:40121532): avc: denied { read } for comm="event_loop" lport=13400 scontext=u:r:hht_ota_mgr:s0 tcontext=u:r:hht_ota_mgr:s0 tclass=udp_socket permissive=0
01-01 08:03:43.203 0 0 W audit : audit_lost=40120473 audit_rate_limit=5 audit_backlog_limit=64
01-01 08:03:43.203 0 0 E audit : rate limit exceeded
11-11 00:02:39.102 1496 1817 I netstats_mobile_sample: [0,0,0,0,0,0,0,0,0,0,0,0,1668096159102]
11-11 00:02:39.103 1496 1817 I netstats_wifi_sample: [33283171,25837,1931872,14611,33283171,25837,1931872,14611,33838899,29789,1397776,13135,1668096159102]
11-11 00:02:39.147 1496 1614 W WindowManager: Unable to start animation, surface is null or no children.
11-11 00:02:39.243 1496 1496 I notification_enqueue: [10095,5348,com.tencent.qqmusicpad,1,NULL,0,Notification(channel=channel_notification_player shortcut=null contentView=com.tencent.qqmusicpad/0x7f0c020d vibrate=null sound=null tick defaults=0x0 flags=0x62 color=0x00000000 vis=SECRET),1]
11-11 00:02:39.347 1496 2834 W NotificationService: Toast already killed. pkg=com.tencent.qqmusicpad token=android.os.BinderProxy@5b91939
11-11 00:02:39.444 1496 1496 I GameModeConfig: isGameModeOn = false
11-11 00:02:39.995 2717 2717 I auditd : type=1400 audit(0.0:40392172): avc: denied { read } for comm="event_loop" lport=13400 scontext=u:r:hht_ota_mgr:s0 tcontext=u:r:hht_ota_mgr:s0 tclass=udp_socket permissive=0
11-11 00:02:39.999 2717 2717 I auditd : type=1400 audit(0.0:40392173): avc: denied { read } for comm="event_loop" lport=13400 scontext=u:r:hht_ota_mgr:s0 tcontext=u:r:hht_ota_mgr:s0 tclass=udp_socket permissive=0
11-11 00:02:39.999 2717 2717 I auditd : type=1400 audit(0.0:40392174): avc: denied { read } for comm="event_loop" lport=13400 scontext=u:r:hht_ota_mgr:s0 tcontext=u:r:hht_ota_mgr:s0 tclass=udp_socket permissive=0
11-11 00:02:39.999 2717 2717 I auditd : type=1400 audit(0.0:40392175): avc: denied { read } for comm="event_loop" lport=13400 scontext=u:r:hht_ota_mgr:s0 tcontext=u:r:hht_ota_mgr:s0 tclass=udp_socket permissive=0
11-11 00:02:39.999 2717 2717 I auditd : type=1400 audit(0.0:40392176): avc: denied { read } for comm="event_loop" lport=13400 scontext=u:r:hht_ota_mgr:s0 tcontext=u:r:hht_ota_mgr:s0 tclass=udp_socket permissive=0
01-01 08:03:44.207 0 0 W audit : audit_lost=40391112 audit_rate_limit=5 audit_backlog_limit=64
01-01 08:03:44.207 0 0 E audit : rate limit exceeded
11-11 00:02:40.315 1496 2837 I MicroServiceManager: requestResult(requestAudioFocus) parameters is{"functionInfo":{"IDCM_AudioFocus":"AudioFocus_Media"}}.
11-11 00:02:40.357 1496 2837 I MicroServiceManager: requestResult(abandonAudioFocus) parameters is{"functionInfo":{"IDCM_AudioFocus":"AudioFocus_Media"}}.
11-11 00:02:40.839 1496 1496 I notification_enqueue: [10095,5348,com.tencent.qqmusicpad,1,NULL,0,Notification(channel=channel_notification_player shortcut=null contentView=com.tencent.qqmusicpad/0x7f0c020d vibrate=null sound=null tick defaults=0x0 flags=0x62 color=0x00000000 vis=SECRET),1]
11-11 00:02:40.960 1496 2837 I MicroServiceManager: requestResult(abandonAudioFocus) parameters is{"functionInfo":{"IDCM_AudioFocus":"AudioFocus_Media"}}.
01-01 08:03:45.211 0 0 W audit : audit_lost=40660968 audit_rate_limit=5 audit_backlog_limit=64
01-01 08:03:45.211 0 0 E audit : rate limit exceeded
11-11 00:02:41.003 2717 2717 I auditd : type=1400 audit(0.0:40662033): avc: denied { read } for comm="event_loop" lport=13400 scontext=u:r:hht_ota_mgr:s0 tcontext=u:r:hht_ota_mgr:s0 tclass=udp_socket permissive=0
11-11 00:02:41.003 2717 2717 I auditd : type=1400 audit(0.0:40662034): avc: denied { read } for comm="event_loop" lport=13400 scontext=u:r:hht_ota_mgr:s0 tcontext=u:r:hht_ota_mgr:s0 tclass=udp_socket permissive=0
11-11 00:02:41.003 2717 2717 I auditd : type=1400 audit(0.0:40662035): avc: denied { read } for comm="event_loop" lport=13400 scontext=u:r:hht_ota_mgr:s0 tcontext=u:r:hht_ota_mgr:s0 tclass=udp_socket permissive=0
11-11 00:02:41.003 2717 2717 I auditd : type=1400 audit(0.0:40662036): avc: denied { read } for comm="event_loop" lport=13400 scontext=u:r:hht_ota_mgr:s0 tcontext=u:r:hht_ota_mgr:s0 tclass=udp_socket permissive=0
11-11 00:02:41.003 2717 2717 I auditd : type=1400 audit(0.0:40662037): avc: denied { read } for comm="event_loop" lport=13400 scontext=u:r:hht_ota_mgr:s0 tcontext=u:r:hht_ota_mgr:s0 tclass=udp_socket permissive=0
11-11 00:02:41.041 1496 1496 I GameModeConfig: isGameModeOn = false
11-11 00:02:41.347 1496 1614 W WindowManager: Unable to start animation, surface is null or no children.
11-11 00:02:41.517 1496 1496 W WindowManager: removeWindowToken: Attempted to remove non-existing token: android.os.Binder@8bd2711
11-11 00:02:41.573 1496 1621 W BroadcastQueue: Background execution not allowed: receiving Intent { act=com.android.music.updatewidget flg=0x10 } to com.android.music/.MediaAppWidgetProvider
11-11 00:02:41.574 1496 1621 W BroadcastQueue: Background execution not allowed: receiving Intent { act=com.android.music.updatewidget flg=0x10 } to com.android.music/.MediaAppWidgetProviderLarge
11-11 00:02:41.574 1496 1496 I notification_cancel_all: [1000,1496,com.android.music,0,0,0,20,NULL]
11-11 00:02:41.574 1496 2830 I sysui_multi_action: [757,856,758,2,806,com.android.music,857,Channel-music,858,2]
11-11 00:02:41.574 1496 2830 W NotificationHistory: Attempted to remove channel for locked/gone/disabled user 0
11-11 00:02:41.653 1496 1817 I netstats_mobile_sample: [0,0,0,0,0,0,0,0,0,0,0,0,1668096161653]
11-11 00:02:41.654 1496 1817 I netstats_wifi_sample: [37950433,29170,2023710,16289,37950433,29170,2023710,16289,38506161,33122,1484064,14801,1668096161653]
11-11 00:02:41.697 1496 2830 I MicroServiceManager: requestResult(requestAudioFocus) parameters is{"functionInfo":{"IDCM_AudioFocus":"AudioFocus_Media"}}.
11-11 00:02:41.833 1496 1613 I commit_sys_config_file: [notification-policy,212692]
11-11 00:02:41.863 1496 2834 W NotificationService: Toast already killed. pkg=com.tencent.qqmusicpad token=android.os.BinderProxy@5b91939
11-11 00:02:41.985 1496 2834 I MicroServiceManager: requestResult(abandonAudioFocus) parameters is{"functionInfo":{"IDCM_AudioFocus":"AudioFocus_Media"}}.
11-11 00:02:42.007 2717 2717 I auditd : type=1400 audit(0.0:40931520): avc: denied { read } for comm="event_loop" lport=13400 scontext=u:r:hht_ota_mgr:s0 tcontext=u:r:hht_ota_mgr:s0 tclass=udp_socket permissive=0
11-11 00:02:42.007 2717 2717 I auditd : type=1400 audit(0.0:40931521): avc: denied { read } for comm="event_loop" lport=13400 scontext=u:r:hht_ota_mgr:s0 tcontext=u:r:hht_ota_mgr:s0 tclass=udp_socket permissive=0
11-11 00:02:42.007 2717 2717 I auditd : type=1400 audit(0.0:40931522): avc: denied { read } for comm="event_loop" lport=13400 scontext=u:r:hht_ota_mgr:s0 tcontext=u:r:hht_ota_mgr:s0 tclass=udp_socket permissive=0
11-11 00:02:42.007 2717 2717 I auditd : type=1400 audit(0.0:40931523): avc: denied { read } for comm="event_loop" lport=13400 scontext=u:r:hht_ota_mgr:s0 tcontext=u:r:hht_ota_mgr:s0 tclass=udp_socket permissive=0
11-11 00:02:42.007 2717 2717 I auditd : type=1400 audit(0.0:40931524): avc: denied { read } for comm="event_loop" lport=13400 scontext=u:r:hht_ota_mgr:s0 tcontext=u:r:hht_ota_mgr:s0 tclass=udp_socket permissive=0
01-01 08:03:46.215 0 0 W audit : audit_lost=40930450 audit_rate_limit=5 audit_backlog_limit=64
01-01 08:03:46.215 0 0 E audit : rate limit exceeded
11-11 00:02:42.220 1496 1496 I notification_enqueue: [10095,5348,com.tencent.qqmusicpad,1,NULL,0,Notification(channel=channel_notification_player shortcut=null contentView=com.tencent.qqmusicpad/0x7f0c020d vibrate=null sound=null tick defaults=0x0 flags=0x62 color=0x00000000 vis=SECRET),1]
11-11 00:02:42.422 1496 1496 I GameModeConfig: isGameModeOn = false
11-11 00:02:42.587 1496 2834 I MicroServiceManager: requestResult(abandonAudioFocus) parameters is{"functionInfo":{"IDCM_AudioFocus":"AudioFocus_Media"}}.
11-11 00:02:43.000 1496 1496 I notification_enqueue: [10095,5348,com.tencent.qqmusicpad,1,NULL,0,Notification(channel=channel_notification_player shortcut=null contentView=com.tencent.qqmusicpad/0x7f0c020d vibrate=null sound=null tick defaults=0x0 flags=0x62 color=0x00000000 vis=SECRET),1]
11-11 00:02:43.007 2717 2717 I auditd : type=1400 audit(0.0:41202377): avc: denied { read } for comm="event_loop" lport=13400 scontext=u:r:hht_ota_mgr:s0 tcontext=u:r:hht_ota_mgr:s0 tclass=udp_socket permissive=0
11-11 00:02:43.011 2717 2717 I auditd : type=1400 audit(0.0:41202378): avc: denied { read } for comm="event_loop" lport=13400 scontext=u:r:hht_ota_mgr:s0 tcontext=u:r:hht_ota_mgr:s0 tclass=udp_socket permissive=0
11-11 00:02:43.011 2717 2717 I auditd : type=1400 audit(0.0:41202379): avc: denied { read } for comm="event_loop" lport=13400 scontext=u:r:hht_ota_mgr:s0 tcontext=u:r:hht_ota_mgr:s0 tclass=udp_socket permissive=0
11-11 00:02:43.011 2717 2717 I auditd : type=1400 audit(0.0:41202380): avc: denied { read } for comm="event_loop" lport=13400 scontext=u:r:hht_ota_mgr:s0 tcontext=u:r:hht_ota_mgr:s0 tclass=udp_socket permissive=0
11-11 00:02:43.011 2717 2717 I auditd : type=1400 audit(0.0:41202381): avc: denied { read } for comm="event_loop" lport=13400 scontext=u:r:hht_ota_mgr:s0 tcontext=u:r:hht_ota_mgr:s0 tclass=udp_socket permissive=0
01-01 08:03:47.219 0 0 W audit : audit_lost=41201302 audit_rate_limit=5 audit_backlog_limit=64
01-01 08:03:47.219 0 0 E audit : rate limit exceeded
11-11 00:02:43.200 1496 1496 I GameModeConfig: isGameModeOn = false
11-11 00:02:43.345 1496 2830 I MicroServiceManager: requestResult(abandonAudioFocus) parameters is{"functionInfo":{"IDCM_AudioFocus":"AudioFocus_Media"}}.
11-11 00:02:43.468 1496 1817 I netstats_mobile_sample: [0,0,0,0,0,0,0,0,0,0,0,0,1668096163468]
11-11 00:02:43.469 1496 1817 I netstats_wifi_sample: [40468931,30932,2076555,17128,40468931,30932,2076555,17128,41028741,34910,1531045,15626,1668096163468]
11-11 00:02:43.675 1496 1886 I GameModeConfig: isGameModeOn = false
11-11 00:02:43.842 1496 1886 I GameModeConfig: isGameModeOn = false
11-11 00:02:43.853 1496 1496 I notification_enqueue: [10095,5348,com.tencent.qqmusicpad,1,NULL,0,Notification(channel=channel_notification_player shortcut=null contentView=com.tencent.qqmusicpad/0x7f0c020d vibrate=null sound=null tick defaults=0x0 flags=0x62 color=0x00000000 vis=SECRET),1]
11-11 00:02:43.872 1496 1614 W WindowManager: Unable to start animation, surface is null or no children.
11-11 00:02:43.946 1496 2830 I MicroServiceManager: requestResult(abandonAudioFocus) parameters is{"functionInfo":{"IDCM_AudioFocus":"AudioFocus_Media"}}.
11-11 00:02:44.015 2717 2717 I auditd : type=1400 audit(0.0:41471860): avc: denied { read } for comm="event_loop" lport=13400 scontext=u:r:hht_ota_mgr:s0 tcontext=u:r:hht_ota_mgr:s0 tclass=udp_socket permissive=0
11-11 00:02:44.015 2717 2717 I auditd : type=1400 audit(0.0:41471861): avc: denied { read } for comm="event_loop" lport=13400 scontext=u:r:hht_ota_mgr:s0 tcontext=u:r:hht_ota_mgr:s0 tclass=udp_socket permissive=0
11-11 00:02:44.015 2717 2717 I auditd : type=1400 audit(0.0:41471862): avc: denied { read } for comm="event_loop" lport=13400 scontext=u:r:hht_ota_mgr:s0 tcontext=u:r:hht_ota_mgr:s0 tclass=udp_socket permissive=0
11-11 00:02:44.015 2717 2717 I auditd : type=1400 audit(0.0:41471863): avc: denied { read } for comm="event_loop" lport=13400 scontext=u:r:hht_ota_mgr:s0 tcontext=u:r:hht_ota_mgr:s0 tclass=udp_socket permissive=0
11-11 00:02:44.015 2717 2717 I auditd : type=1400 audit(0.0:41471864): avc: denied { read } for comm="event_loop" lport=13400 scontext=u:r:hht_ota_mgr:s0 tcontext=u:r:hht_ota_mgr:s0 tclass=udp_socket permissive=0
01-01 08:03:48.223 0 0 W audit : audit_lost=41470780 audit_rate_limit=5 audit_backlog_limit=64
01-01 08:03:48.223 0 0 E audit : rate limit exceeded
11-11 00:02:44.054 1496 1496 I GameModeConfig: isGameModeOn = false
11-11 00:02:44.501 1496 1621 I am_uid_idle: 10062
11-11 00:02:44.519 1496 1496 I notification_enqueue: [10095,5348,com.tencent.qqmusicpad,1,NULL,0,Notification(channel=channel_notification_player shortcut=null contentView=com.tencent.qqmusicpad/0x7f0c020d vibrate=null sound=null tick defaults=0x0 flags=0x62 color=0x00000000 vis=SECRET),1]
11-11 00:02:44.548 1496 2830 I MicroServiceManager: requestResult(requestAudioFocus) parameters is{"functionInfo":{"IDCM_AudioFocus":"AudioFocus_Media"}}.
11-11 00:02:44.720 1496 1496 I GameModeConfig: isGameModeOn = false
11-11 00:02:45.015 2717 2717 I auditd : type=1400 audit(0.0:41742721): avc: denied { read } for comm="event_loop" lport=13400 scontext=u:r:hht_ota_mgr:s0 tcontext=u:r:hht_ota_mgr:s0 tclass=udp_socket permissive=0
01-01 08:03:49.227 0 0 W audit : audit_lost=41741636 audit_rate_limit=5 audit_backlog_limit=64
11-11 00:02:45.019 2717 2717 I auditd : type=1400 audit(0.0:41742722): avc: denied { read } for comm="event_loop" lport=13400 scontext=u:r:hht_ota_mgr:s0 tcontext=u:r:hht_ota_mgr:s0 tclass=udp_socket permissive=0
01-01 08:03:49.227 0 0 E audit : rate limit exceeded
11-11 00:02:45.019 2717 2717 I auditd : type=1400 audit(0.0:41742723): avc: denied { read } for comm="event_loop" lport=13400 scontext=u:r:hht_ota_mgr:s0 tcontext=u:r:hht_ota_mgr:s0 tclass=udp_socket permissive=0
11-11 00:02:45.019 2717 2717 I auditd : type=1400 audit(0.0:41742724): avc: denied { read } for comm="event_loop" lport=13400 scontext=u:r:hht_ota_mgr:s0 tcontext=u:r:hht_ota_mgr:s0 tclass=udp_socket permissive=0
11-11 00:02:45.019 2717 2717 I auditd : type=1400 audit(0.0:41742725): avc: denied { read } for comm="event_loop" lport=13400 scontext=u:r:hht_ota_mgr:s0 tcontext=u:r:hht_ota_mgr:s0 tclass=udp_socket permissive=0
11-11 00:02:45.027 1496 1817 I netstats_mobile_sample: [0,0,0,0,0,0,0,0,0,0,0,0,1668096165027]
11-11 00:02:45.028 1496 1817 I netstats_wifi_sample: [44021454,33474,2103632,17676,44021454,33474,2103632,17676,44581264,37452,1558122,16174,1668096165027]
11-11 00:02:46.023 2717 2717 I auditd : type=1400 audit(0.0:42013607): avc: denied { read } for comm="event_loop" lport=13400 scontext=u:r:hht_ota_mgr:s0 tcontext=u:r:hht_ota_mgr:s0 tclass=udp_socket permissive=0
11-11 00:02:46.023 2717 2717 I auditd : type=1400 audit(0.0:42013608): avc: denied { read } for comm="event_loop" lport=13400 scontext=u:r:hht_ota_mgr:s0 tcontext=u:r:hht_ota_mgr:s0 tclass=udp_socket permissive=0
11-11 00:02:46.023 2717 2717 I auditd : type=1400 audit(0.0:42013609): avc: denied { read } for comm="event_loop" lport=13400 scontext=u:r:hht_ota_mgr:s0 tcontext=u:r:hht_ota_mgr:s0 tclass=udp_socket permissive=0
11-11 00:02:46.023 2717 2717 I auditd : type=1400 audit(0.0:42013610): avc: denied { read } for comm="event_loop" lport=13400 scontext=u:r:hht_ota_mgr:s0 tcontext=u:r:hht_ota_mgr:s0 tclass=udp_socket permissive=0
11-11 00:02:46.023 2717 2717 I auditd : type=1400 audit(0.0:42013611): avc: denied { read } for comm="event_loop" lport=13400 scontext=u:r:hht_ota_mgr:s0 tcontext=u:r:hht_ota_mgr:s0 tclass=udp_socket permissive=0
01-01 08:03:50.231 0 0 W audit : audit_lost=42012517 audit_rate_limit=5 audit_backlog_limit=64
01-01 08:03:50.231 0 0 E audit : rate limit exceeded
11-11 00:02:46.788 1496 1496 I notification_enqueue: [10095,5348,com.tencent.qqmusicpad,1,NULL,0,Notification(channel=channel_notification_player shortcut=null contentView=com.tencent.qqmusicpad/0x7f0c020d vibrate=null sound=null tick defaults=0x0 flags=0x62 color=0x00000000 vis=SECRET),1]
11-11 00:02:46.989 1496 1496 I GameModeConfig: isGameModeOn = false
11-11 00:02:47.023 2717 2717 I auditd : type=1400 audit(0.0:42283615): avc: denied { read } for comm="event_loop" lport=13400 scontext=u:r:hht_ota_mgr:s0 tcontext=u:r:hht_ota_mgr:s0 tclass=udp_socket permissive=0
11-11 00:02:47.027 2717 2717 I auditd : type=1400 audit(0.0:42283616): avc: denied { read } for comm="event_loop" lport=13400 scontext=u:r:hht_ota_mgr:s0 tcontext=u:r:hht_ota_mgr:s0 tclass=udp_socket permissive=0
11-11 00:02:47.027 2717 2717 I auditd : type=1400 audit(0.0:42283617): avc: denied { read } for comm="event_loop" lport=13400 scontext=u:r:hht_ota_mgr:s0 tcontext=u:r:hht_ota_mgr:s0 tclass=udp_socket permissive=0
11-11 00:02:47.027 2717 2717 I auditd : type=1400 audit(0.0:42283618): avc: denied { read } for comm="event_loop" lport=13400 scontext=u:r:hht_ota_mgr:s0 tcontext=u:r:hht_ota_mgr:s0 tclass=udp_socket permissive=0
11-11 00:02:47.027 2717 2717 I auditd : type=1400 audit(0.0:42283619): avc: denied { read } for comm="event_loop" lport=13400 scontext=u:r:hht_ota_mgr:s0 tcontext=u:r:hht_ota_mgr:s0 tclass=udp_socket permissive=0
01-01 08:03:51.235 0 0 W audit : audit_lost=42282520 audit_rate_limit=5 audit_backlog_limit=64
01-01 08:03:51.235 0 0 E audit : rate limit exceeded
11-11 00:02:47.490 1496 2059 I ntp_failure: [time.android.com/216.239.35.0,java.net.SocketTimeoutException: Poll timed out]
01-01 08:03:52.239 0 0 W audit : audit_lost=42552962 audit_rate_limit=5 audit_backlog_limit=64
01-01 08:03:52.239 0 0 E audit : rate limit exceeded
11-11 00:02:48.031 2717 2717 I auditd : type=1400 audit(0.0:42554062): avc: denied { read } for comm="event_loop" lport=13400 scontext=u:r:hht_ota_mgr:s0 tcontext=u:r:hht_ota_mgr:s0 tclass=udp_socket permissive=0
11-11 00:02:48.031 2717 2717 I auditd : type=1400 audit(0.0:42554063): avc: denied { read } for comm="event_loop" lport=13400 scontext=u:r:hht_ota_mgr:s0 tcontext=u:r:hht_ota_mgr:s0 tclass=udp_socket permissive=0
11-11 00:02:48.031 2717 2717 I auditd : type=1400 audit(0.0:42554064): avc: denied { read } for comm="event_loop" lport=13400 scontext=u:r:hht_ota_mgr:s0 tcontext=u:r:hht_ota_mgr:s0 tclass=udp_socket permissive=0
11-11 00:02:48.031 2717 2717 I auditd : type=1400 audit(0.0:42554065): avc: denied { read } for comm="event_loop" lport=13400 scontext=u:r:hht_ota_mgr:s0 tcontext=u:r:hht_ota_mgr:s0 tclass=udp_socket permissive=0
11-11 00:02:48.031 2717 2717 I auditd : type=1400 audit(0.0:42554066): avc: denied { read } for comm="event_loop" lport=13400 scontext=u:r:hht_ota_mgr:s0 tcontext=u:r:hht_ota_mgr:s0 tclass=udp_socket permissive=0
11-11 00:02:48.147 1496 1496 W WindowManager: removeWindowToken: Attempted to remove non-existing token: android.os.Binder@60365ae
11-11 00:02:49.035 2717 2717 I auditd : type=1400 audit(0.0:42825581): avc: denied { read } for comm="event_loop" lport=13400 scontext=u:r:hht_ota_mgr:s0 tcontext=u:r:hht_ota_mgr:s0 tclass=udp_socket permissive=0
11-11 00:02:49.035 2717 2717 I auditd : type=1400 audit(0.0:42825582): avc: denied { read } for comm="event_loop" lport=13400 scontext=u:r:hht_ota_mgr:s0 tcontext=u:r:hht_ota_mgr:s0 tclass=udp_socket permissive=0
11-11 00:02:49.035 2717 2717 I auditd : type=1400 audit(0.0:42825583): avc: denied { read } for comm="event_loop" lport=13400 scontext=u:r:hht_ota_mgr:s0 tcontext=u:r:hht_ota_mgr:s0 tclass=udp_socket permissive=0
11-11 00:02:49.035 2717 2717 I auditd : type=1400 audit(0.0:42825584): avc: denied { read } for comm="event_loop" lport=13400 scontext=u:r:hht_ota_mgr:s0 tcontext=u:r:hht_ota_mgr:s0 tclass=udp_socket permissive=0
11-11 00:02:49.035 2717 2717 I auditd : type=1400 audit(0.0:42825585): avc: denied { read } for comm="event_loop" lport=13400 scontext=u:r:hht_ota_mgr:s0 tcontext=u:r:hht_ota_mgr:s0 tclass=udp_socket permissive=0
01-01 08:03:53.243 0 0 W audit : audit_lost=42824476 audit_rate_limit=5 audit_backlog_limit=64
01-01 08:03:53.243 0 0 E audit : rate limit exceeded
01-01 08:03:54.164 0 0 I afe_close: port_id = 0x9000
01-01 08:03:54.247 0 0 W audit : audit_lost=43095165 audit_rate_limit=5 audit_backlog_limit=64
01-01 08:03:54.247 0 0 E audit : rate limit exceeded
11-11 00:02:50.039 2717 2717 I auditd : type=1400 audit(0.0:43096275): avc: denied { read } for comm="event_loop" lport=13400 scontext=u:r:hht_ota_mgr:s0 tcontext=u:r:hht_ota_mgr:s0 tclass=udp_socket permissive=0
11-11 00:02:50.039 2717 2717 I auditd : type=1400 audit(0.0:43096276): avc: denied { read } for comm="event_loop" lport=13400 scontext=u:r:hht_ota_mgr:s0 tcontext=u:r:hht_ota_mgr:s0 tclass=udp_socket permissive=0
11-11 00:02:50.039 2717 2717 I auditd : type=1400 audit(0.0:43096277): avc: denied { read } for comm="event_loop" lport=13400 scontext=u:r:hht_ota_mgr:s0 tcontext=u:r:hht_ota_mgr:s0 tclass=udp_socket permissive=0
11-11 00:02:50.039 2717 2717 I auditd : type=1400 audit(0.0:43096278): avc: denied { read } for comm="event_loop" lport=13400 scontext=u:r:hht_ota_mgr:s0 tcontext=u:r:hht_ota_mgr:s0 tclass=udp_socket permissive=0
11-11 00:02:50.039 2717 2717 I auditd : type=1400 audit(0.0:43096279): avc: denied { read } for comm="event_loop" lport=13400 scontext=u:r:hht_ota_mgr:s0 tcontext=u:r:hht_ota_mgr:s0 tclass=udp_socket permissive=0
11-11 00:02:50.345 1496 1496 W WindowManager: removeWindowToken: Attempted to remove non-existing token: android.os.Binder@245ba6a
11-11 00:02:51.043 2717 2717 I auditd : type=1400 audit(0.0:43367443): avc: denied { read } for comm="event_loop" lport=13400 scontext=u:r:hht_ota_mgr:s0 tcontext=u:r:hht_ota_mgr:s0 tclass=udp_socket permissive=0
11-11 00:02:51.043 2717 2717 I auditd : type=1400 audit(0.0:43367444): avc: denied { read } for comm="event_loop" lport=13400 scontext=u:r:hht_ota_mgr:s0 tcontext=u:r:hht_ota_mgr:s0 tclass=udp_socket permissive=0
11-11 00:02:51.043 2717 2717 I auditd : type=1400 audit(0.0:43367445): avc: denied { read } for comm="event_loop" lport=13400 scontext=u:r:hht_ota_mgr:s0 tcontext=u:r:hht_ota_mgr:s0 tclass=udp_socket permissive=0
11-11 00:02:51.043 2717 2717 I auditd : type=1400 audit(0.0:43367446): avc: denied { read } for comm="event_loop" lport=13400 scontext=u:r:hht_ota_mgr:s0 tcontext=u:r:hht_ota_mgr:s0 tclass=udp_socket permissive=0
11-11 00:02:51.043 2717 2717 I auditd : type=1400 audit(0.0:43367447): avc: denied { read } for comm="event_loop" lport=13400 scontext=u:r:hht_ota_mgr:s0 tcontext=u:r:hht_ota_mgr:s0 tclass=udp_socket permissive=0
01-01 08:03:55.251 0 0 W audit : audit_lost=43366328 audit_rate_limit=5 audit_backlog_limit=64
01-01 08:03:55.251 0 0 E audit : rate limit exceeded
11-11 00:02:52.043 2717 2717 I auditd : type=1400 audit(0.0:43638534): avc: denied { read } for comm="event_loop" lport=13400 scontext=u:r:hht_ota_mgr:s0 tcontext=u:r:hht_ota_mgr:s0 tclass=udp_socket permissive=0
11-11 00:02:52.047 2717 2717 I auditd : type=1400 audit(0.0:43638535): avc: denied { read } for comm="event_loop" lport=13400 scontext=u:r:hht_ota_mgr:s0 tcontext=u:r:hht_ota_mgr:s0 tclass=udp_socket permissive=0
11-11 00:02:52.047 2717 2717 I auditd : type=1400 audit(0.0:43638536): avc: denied { read } for comm="event_loop" lport=13400 scontext=u:r:hht_ota_mgr:s0 tcontext=u:r:hht_ota_mgr:s0 tclass=udp_socket permissive=0
11-11 00:02:52.047 2717 2717 I auditd : type=1400 audit(0.0:43638537): avc: denied { read } for comm="event_loop" lport=13400 scontext=u:r:hht_ota_mgr:s0 tcontext=u:r:hht_ota_mgr:s0 tclass=udp_socket permissive=0
11-11 00:02:52.047 2717 2717 I auditd : type=1400 audit(0.0:43638538): avc: denied { read } for comm="event_loop" lport=13400 scontext=u:r:hht_ota_mgr:s0 tcontext=u:r:hht_ota_mgr:s0 tclass=udp_socket permissive=0
01-01 08:03:56.255 0 0 W audit : audit_lost=43637414 audit_rate_limit=5 audit_backlog_limit=64
01-01 08:03:56.255 0 0 E audit : rate limit exceeded
11-11 00:02:52.498 1496 2059 I ntp_failure: [time.android.com/216.239.35.4,java.net.SocketTimeoutException: Poll timed out]
11-11 00:02:52.864 1496 1496 W WindowManager: removeWindowToken: Attempted to remove non-existing token: android.os.Binder@b7a9ec3
11-11 00:02:53.047 2717 2717 I auditd : type=1400 audit(0.0:43909537): avc: denied { read } for comm="event_loop" lport=13400 scontext=u:r:hht_ota_mgr:s0 tcontext=u:r:hht_ota_mgr:s0 tclass=udp_socket permissive=0
11-11 00:02:53.051 2717 2717 I auditd : type=1400 audit(0.0:43909538): avc: denied { read } for comm="event_loop" lport=13400 scontext=u:r:hht_ota_mgr:s0 tcontext=u:r:hht_ota_mgr:s0 tclass=udp_socket permissive=0
11-11 00:02:53.051 2717 2717 I auditd : type=1400 audit(0.0:43909539): avc: denied { read } for comm="event_loop" lport=13400 scontext=u:r:hht_ota_mgr:s0 tcontext=u:r:hht_ota_mgr:s0 tclass=udp_socket permissive=0
11-11 00:02:53.051 2717 2717 I auditd : type=1400 audit(0.0:43909540): avc: denied { read } for comm="event_loop" lport=13400 scontext=u:r:hht_ota_mgr:s0 tcontext=u:r:hht_ota_mgr:s0 tclass=udp_socket permissive=0
11-11 00:02:53.051 2717 2717 I auditd : type=1400 audit(0.0:43909541): avc: denied { read } for comm="event_loop" lport=13400 scontext=u:r:hht_ota_mgr:s0 tcontext=u:r:hht_ota_mgr:s0 tclass=udp_socket permissive=0
01-01 08:03:57.259 0 0 W audit : audit_lost=43908412 audit_rate_limit=5 audit_backlog_limit=64
01-01 08:03:57.259 0 0 E audit : rate limit exceeded
01-01 08:03:58.263 0 0 W audit : audit_lost=44178783 audit_rate_limit=5 audit_backlog_limit=64
01-01 08:03:58.263 0 0 E audit : rate limit exceeded
11-11 00:02:54.055 2717 2717 I auditd : type=1400 audit(0.0:44179913): avc: denied { read } for comm="event_loop" lport=13400 scontext=u:r:hht_ota_mgr:s0 tcontext=u:r:hht_ota_mgr:s0 tclass=udp_socket permissive=0
11-11 00:02:54.055 2717 2717 I auditd : type=1400 audit(0.0:44179914): avc: denied { read } for comm="event_loop" lport=13400 scontext=u:r:hht_ota_mgr:s0 tcontext=u:r:hht_ota_mgr:s0 tclass=udp_socket permissive=0
11-11 00:02:54.055 2717 2717 I auditd : type=1400 audit(0.0:44179915): avc: denied { read } for comm="event_loop" lport=13400 scontext=u:r:hht_ota_mgr:s0 tcontext=u:r:hht_ota_mgr:s0 tclass=udp_socket permissive=0
11-11 00:02:54.055 2717 2717 I auditd : type=1400 audit(0.0:44179916): avc: denied { read } for comm="event_loop" lport=13400 scontext=u:r:hht_ota_mgr:s0 tcontext=u:r:hht_ota_mgr:s0 tclass=udp_socket permissive=0
11-11 00:02:54.055 2717 2717 I auditd : type=1400 audit(0.0:44179917): avc: denied { read } for comm="event_loop" lport=13400 scontext=u:r:hht_ota_mgr:s0 tcontext=u:r:hht_ota_mgr:s0 tclass=udp_socket permissive=0
11-11 00:02:55.059 2717 2717 I auditd : type=1400 audit(0.0:44450790): avc: denied { read } for comm="event_loop" lport=13400 scontext=u:r:hht_ota_mgr:s0 tcontext=u:r:hht_ota_mgr:s0 tclass=udp_socket permissive=0
11-11 00:02:55.059 2717 2717 I auditd : type=1400 audit(0.0:44450791): avc: denied { read } for comm="event_loop" lport=13400 scontext=u:r:hht_ota_mgr:s0 tcontext=u:r:hht_ota_mgr:s0 tclass=udp_socket permissive=0
11-11 00:02:55.059 2717 2717 I auditd : type=1400 audit(0.0:44450792): avc: denied { read } for comm="event_loop" lport=13400 scontext=u:r:hht_ota_mgr:s0 tcontext=u:r:hht_ota_mgr:s0 tclass=udp_socket permissive=0
11-11 00:02:55.059 2717 2717 I auditd : type=1400 audit(0.0:44450793): avc: denied { read } for comm="event_loop" lport=13400 scontext=u:r:hht_ota_mgr:s0 tcontext=u:r:hht_ota_mgr:s0 tclass=udp_socket permissive=0
11-11 00:02:55.059 2717 2717 I auditd : type=1400 audit(0.0:44450794): avc: denied { read } for comm="event_loop" lport=13400 scontext=u:r:hht_ota_mgr:s0 tcontext=u:r:hht_ota_mgr:s0 tclass=udp_socket permissive=0
01-01 08:03:59.267 0 0 W audit : audit_lost=44449655 audit_rate_limit=5 audit_backlog_limit=64
01-01 08:03:59.267 0 0 E audit : rate limit exceeded
11-11 00:02:56.063 2717 2717 I auditd : type=1400 audit(0.0:44721073): avc: denied { read } for comm="event_loop" lport=13400 scontext=u:r:hht_ota_mgr:s0 tcontext=u:r:hht_ota_mgr:s0 tclass=udp_socket permissive=0
01-01 08:04:00.271 0 0 W audit : audit_lost=44719933 audit_rate_limit=5 audit_backlog_limit=64
01-01 08:04:00.271 0 0 E audit : rate limit exceeded
11-11 00:02:56.063 2717 2717 I auditd : type=1400 audit(0.0:44721074): avc: denied { read } for comm="event_loop" lport=13400 scontext=u:r:hht_ota_mgr:s0 tcontext=u:r:hht_ota_mgr:s0 tclass=udp_socket permissive=0
11-11 00:02:56.063 2717 2717 I auditd : type=1400 audit(0.0:44721075): avc: denied { read } for comm="event_loop" lport=13400 scontext=u:r:hht_ota_mgr:s0 tcontext=u:r:hht_ota_mgr:s0 tclass=udp_socket permissive=0
11-11 00:02:56.063 2717 2717 I auditd : type=1400 audit(0.0:44721076): avc: denied { read } for comm="event_loop" lport=13400 scontext=u:r:hht_ota_mgr:s0 tcontext=u:r:hht_ota_mgr:s0 tclass=udp_socket permissive=0
11-11 00:02:56.063 2717 2717 I auditd : type=1400 audit(0.0:44721077): avc: denied { read } for comm="event_loop" lport=13400 scontext=u:r:hht_ota_mgr:s0 tcontext=u:r:hht_ota_mgr:s0 tclass=udp_socket permissive=0
11-11 00:02:57.067 2717 2717 I auditd : type=1400 audit(0.0:44990982): avc: denied { read } for comm="event_loop" lport=13400 scontext=u:r:hht_ota_mgr:s0 tcontext=u:r:hht_ota_mgr:s0 tclass=udp_socket permissive=0
11-11 00:02:57.067 2717 2717 I auditd : type=1400 audit(0.0:44990983): avc: denied { read } for comm="event_loop" lport=13400 scontext=u:r:hht_ota_mgr:s0 tcontext=u:r:hht_ota_mgr:s0 tclass=udp_socket permissive=0
11-11 00:02:57.067 2717 2717 I auditd : type=1400 audit(0.0:44990984): avc: denied { read } for comm="event_loop" lport=13400 scontext=u:r:hht_ota_mgr:s0 tcontext=u:r:hht_ota_mgr:s0 tclass=udp_socket permissive=0
11-11 00:02:57.067 2717 2717 I auditd : type=1400 audit(0.0:44990985): avc: denied { read } for comm="event_loop" lport=13400 scontext=u:r:hht_ota_mgr:s0 tcontext=u:r:hht_ota_mgr:s0 tclass=udp_socket permissive=0
11-11 00:02:57.067 2717 2717 I auditd : type=1400 audit(0.0:44990986): avc: denied { read } for comm="event_loop" lport=13400 scontext=u:r:hht_ota_mgr:s0 tcontext=u:r:hht_ota_mgr:s0 tclass=udp_socket permissive=0
01-01 08:04:01.275 0 0 W audit : audit_lost=44989837 audit_rate_limit=5 audit_backlog_limit=64
01-01 08:04:01.275 0 0 E audit : rate limit exceeded
11-11 00:02:57.504 1496 2059 I ntp_failure: [time.android.com/216.239.35.12,java.net.SocketTimeoutException: Poll timed out]
11-11 00:02:58.067 2717 2717 I auditd : type=1400 audit(0.0:45260882): avc: denied { read } for comm="event_loop" lport=13400 scontext=u:r:hht_ota_mgr:s0 tcontext=u:r:hht_ota_mgr:s0 tclass=udp_socket permissive=0
11-11 00:02:58.071 2717 2717 I auditd : type=1400 audit(0.0:45260883): avc: denied { read } for comm="event_loop" lport=13400 scontext=u:r:hht_ota_mgr:s0 tcontext=u:r:hht_ota_mgr:s0 tclass=udp_socket permissive=0
01-01 08:04:02.279 0 0 W audit : audit_lost=45259732 audit_rate_limit=5 audit_backlog_limit=64
11-11 00:02:58.071 2717 2717 I auditd : type=1400 audit(0.0:45260884): avc: denied { read } for comm="event_loop" lport=13400 scontext=u:r:hht_ota_mgr:s0 tcontext=u:r:hht_ota_mgr:s0 tclass=udp_socket permissive=0
11-11 00:02:58.071 2717 2717 I auditd : type=1400 audit(0.0:45260885): avc: denied { read } for comm="event_loop" lport=13400 scontext=u:r:hht_ota_mgr:s0 tcontext=u:r:hht_ota_mgr:s0 tclass=udp_socket permissive=0
11-11 00:02:58.071 2717 2717 I auditd : type=1400 audit(0.0:45260886): avc: denied { read } for comm="event_loop" lport=13400 scontext=u:r:hht_ota_mgr:s0 tcontext=u:r:hht_ota_mgr:s0 tclass=udp_socket permissive=0
01-01 08:04:02.279 0 0 E audit : rate limit exceeded
11-11 00:02:58.494 1496 1620 I am_pss : [5468,10095,com.tencent.qqmusicpad:QQPlayerService,61991936,39768064,0,151187456,0,3,12]
11-11 00:02:58.509 1496 1620 I am_pss : [2575,10074,com.android.launcher3,124139520,114427904,0,255444992,0,5,13]
11-11 00:02:59.075 2717 2717 I auditd : type=1400 audit(0.0:45531454): avc: denied { read } for comm="event_loop" lport=13400 scontext=u:r:hht_ota_mgr:s0 tcontext=u:r:hht_ota_mgr:s0 tclass=udp_socket permissive=0
11-11 00:02:59.075 2717 2717 I auditd : type=1400 audit(0.0:45531455): avc: denied { read } for comm="event_loop" lport=13400 scontext=u:r:hht_ota_mgr:s0 tcontext=u:r:hht_ota_mgr:s0 tclass=udp_socket permissive=0
11-11 00:02:59.075 2717 2717 I auditd : type=1400 audit(0.0:45531456): avc: denied { read } for comm="event_loop" lport=13400 scontext=u:r:hht_ota_mgr:s0 tcontext=u:r:hht_ota_mgr:s0 tclass=udp_socket permissive=0
11-11 00:02:59.075 2717 2717 I auditd : type=1400 audit(0.0:45531457): avc: denied { read } for comm="event_loop" lport=13400 scontext=u:r:hht_ota_mgr:s0 tcontext=u:r:hht_ota_mgr:s0 tclass=udp_socket permissive=0
11-11 00:02:59.075 2717 2717 I auditd : type=1400 audit(0.0:45531458): avc: denied { read } for comm="event_loop" lport=13400 scontext=u:r:hht_ota_mgr:s0 tcontext=u:r:hht_ota_mgr:s0 tclass=udp_socket permissive=0
01-01 08:04:03.283 0 0 W audit : audit_lost=45530299 audit_rate_limit=5 audit_backlog_limit=64
01-01 08:04:03.283 0 0 E audit : rate limit exceeded
11-11 00:03:00.079 2717 2717 I auditd : type=1400 audit(0.0:45802165): avc: denied { read } for comm="event_loop" lport=13400 scontext=u:r:hht_ota_mgr:s0 tcontext=u:r:hht_ota_mgr:s0 tclass=udp_socket permissive=0
11-11 00:03:00.079 2717 2717 I auditd : type=1400 audit(0.0:45802166): avc: denied { read } for comm="event_loop" lport=13400 scontext=u:r:hht_ota_mgr:s0 tcontext=u:r:hht_ota_mgr:s0 tclass=udp_socket permissive=0
11-11 00:03:00.079 2717 2717 I auditd : type=1400 audit(0.0:45802167): avc: denied { read } for comm="event_loop" lport=13400 scontext=u:r:hht_ota_mgr:s0 tcontext=u:r:hht_ota_mgr:s0 tclass=udp_socket permissive=0
11-11 00:03:00.079 2717 2717 I auditd : type=1400 audit(0.0:45802168): avc: denied { read } for comm="event_loop" lport=13400 scontext=u:r:hht_ota_mgr:s0 tcontext=u:r:hht_ota_mgr:s0 tclass=udp_socket permissive=0
01-01 08:04:04.287 0 0 W audit : audit_lost=45801005 audit_rate_limit=5 audit_backlog_limit=64
01-01 08:04:04.287 0 0 E audit : rate limit exceeded
11-11 00:03:00.079 2717 2717 I auditd : type=1400 audit(0.0:45802169): avc: denied { read } for comm="event_loop" lport=13400 scontext=u:r:hht_ota_mgr:s0 tcontext=u:r:hht_ota_mgr:s0 tclass=udp_socket permissive=0
11-11 00:03:01.083 2717 2717 I auditd : type=1400 audit(0.0:46071810): avc: denied { read } for comm="event_loop" lport=13400 scontext=u:r:hht_ota_mgr:s0 tcontext=u:r:hht_ota_mgr:s0 tclass=udp_socket permissive=0
11-11 00:03:01.083 2717 2717 I auditd : type=1400 audit(0.0:46071811): avc: denied { read } for comm="event_loop" lport=13400 scontext=u:r:hht_ota_mgr:s0 tcontext=u:r:hht_ota_mgr:s0 tclass=udp_socket permissive=0
11-11 00:03:01.083 2717 2717 I auditd : type=1400 audit(0.0:46071812): avc: denied { read } for comm="event_loop" lport=13400 scontext=u:r:hht_ota_mgr:s0 tcontext=u:r:hht_ota_mgr:s0 tclass=udp_socket permissive=0
11-11 00:03:01.083 2717 2717 I auditd : type=1400 audit(0.0:46071813): avc: denied { read } for comm="event_loop" lport=13400 scontext=u:r:hht_ota_mgr:s0 tcontext=u:r:hht_ota_mgr:s0 tclass=udp_socket permissive=0
11-11 00:03:01.083 2717 2717 I auditd : type=1400 audit(0.0:46071814): avc: denied { read } for comm="event_loop" lport=13400 scontext=u:r:hht_ota_mgr:s0 tcontext=u:r:hht_ota_mgr:s0 tclass=udp_socket permissive=0
01-01 08:04:05.291 0 0 W audit : audit_lost=46070645 audit_rate_limit=5 audit_backlog_limit=64
01-01 08:04:05.291 0 0 E audit : rate limit exceeded
11-11 00:03:02.087 2717 2717 I auditd : type=1400 audit(0.0:46342076): avc: denied { read } for comm="event_loop" lport=13400 scontext=u:r:hht_ota_mgr:s0 tcontext=u:r:hht_ota_mgr:s0 tclass=udp_socket permissive=0
01-01 08:04:06.295 0 0 W audit : audit_lost=46340906 audit_rate_limit=5 audit_backlog_limit=64
01-01 08:04:06.295 0 0 E audit : rate limit exceeded
11-11 00:03:02.087 2717 2717 I auditd : type=1400 audit(0.0:46342077): avc: denied { read } for comm="event_loop" lport=13400 scontext=u:r:hht_ota_mgr:s0 tcontext=u:r:hht_ota_mgr:s0 tclass=udp_socket permissive=0
11-11 00:03:02.087 2717 2717 I auditd : type=1400 audit(0.0:46342078): avc: denied { read } for comm="event_loop" lport=13400 scontext=u:r:hht_ota_mgr:s0 tcontext=u:r:hht_ota_mgr:s0 tclass=udp_socket permissive=0
11-11 00:03:02.087 2717 2717 I auditd : type=1400 audit(0.0:46342079): avc: denied { read } for comm="event_loop" lport=13400 scontext=u:r:hht_ota_mgr:s0 tcontext=u:r:hht_ota_mgr:s0 tclass=udp_socket permissive=0
11-11 00:03:02.087 2717 2717 I auditd : type=1400 audit(0.0:46342080): avc: denied { read } for comm="event_loop" lport=13400 scontext=u:r:hht_ota_mgr:s0 tcontext=u:r:hht_ota_mgr:s0 tclass=udp_socket permissive=0
11-11 00:03:03.091 2717 2717 I auditd : type=1400 audit(0.0:46612273): avc: denied { read } for comm="event_loop" lport=13400 scontext=u:r:hht_ota_mgr:s0 tcontext=u:r:hht_ota_mgr:s0 tclass=udp_socket permissive=0
11-11 00:03:03.091 2717 2717 I auditd : type=1400 audit(0.0:46612274): avc: denied { read } for comm="event_loop" lport=13400 scontext=u:r:hht_ota_mgr:s0 tcontext=u:r:hht_ota_mgr:s0 tclass=udp_socket permissive=0
11-11 00:03:03.091 2717 2717 I auditd : type=1400 audit(0.0:46612275): avc: denied { read } for comm="event_loop" lport=13400 scontext=u:r:hht_ota_mgr:s0 tcontext=u:r:hht_ota_mgr:s0 tclass=udp_socket permissive=0
11-11 00:03:03.091 2717 2717 I auditd : type=1400 audit(0.0:46612276): avc: denied { read } for comm="event_loop" lport=13400 scontext=u:r:hht_ota_mgr:s0 tcontext=u:r:hht_ota_mgr:s0 tclass=udp_socket permissive=0
11-11 00:03:03.091 2717 2717 I auditd : type=1400 audit(0.0:46612277): avc: denied { read } for comm="event_loop" lport=13400 scontext=u:r:hht_ota_mgr:s0 tcontext=u:r:hht_ota_mgr:s0 tclass=udp_socket permissive=0
01-01 08:04:07.299 0 0 W audit : audit_lost=46611098 audit_rate_limit=5 audit_backlog_limit=64
01-01 08:04:07.299 0 0 E audit : rate limit exceeded
01-01 08:04:08.303 0 0 W audit : audit_lost=46881509 audit_rate_limit=5 audit_backlog_limit=64
01-01 08:04:08.303 0 0 E audit : rate limit exceeded
11-11 00:03:04.091 2717 2717 I auditd : type=1400 audit(0.0:46882689): avc: denied { read } for comm="event_loop" lport=13400 scontext=u:r:hht_ota_mgr:s0 tcontext=u:r:hht_ota_mgr:s0 tclass=udp_socket permissive=0
11-11 00:03:04.095 2717 2717 I auditd : type=1400 audit(0.0:46882690): avc: denied { read } for comm="event_loop" lport=13400 scontext=u:r:hht_ota_mgr:s0 tcontext=u:r:hht_ota_mgr:s0 tclass=udp_socket permissive=0
11-11 00:03:04.095 2717 2717 I auditd : type=1400 audit(0.0:46882691): avc: denied { read } for comm="event_loop" lport=13400 scontext=u:r:hht_ota_mgr:s0 tcontext=u:r:hht_ota_mgr:s0 tclass=udp_socket permissive=0
11-11 00:03:04.095 2717 2717 I auditd : type=1400 audit(0.0:46882692): avc: denied { read } for comm="event_loop" lport=13400 scontext=u:r:hht_ota_mgr:s0 tcontext=u:r:hht_ota_mgr:s0 tclass=udp_socket permissive=0
11-11 00:03:04.095 2717 2717 I auditd : type=1400 audit(0.0:46882693): avc: denied { read } for comm="event_loop" lport=13400 scontext=u:r:hht_ota_mgr:s0 tcontext=u:r:hht_ota_mgr:s0 tclass=udp_socket permissive=0
11-11 00:03:05.099 2717 2717 I auditd : type=1400 audit(0.0:47152457): avc: denied { read } for comm="event_loop" lport=13400 scontext=u:r:hht_ota_mgr:s0 tcontext=u:r:hht_ota_mgr:s0 tclass=udp_socket permissive=0
11-11 00:03:05.099 2717 2717 I auditd : type=1400 audit(0.0:47152458): avc: denied { read } for comm="event_loop" lport=13400 scontext=u:r:hht_ota_mgr:s0 tcontext=u:r:hht_ota_mgr:s0 tclass=udp_socket permissive=0
11-11 00:03:05.099 2717 2717 I auditd : type=1400 audit(0.0:47152459): avc: denied { read } for comm="event_loop" lport=13400 scontext=u:r:hht_ota_mgr:s0 tcontext=u:r:hht_ota_mgr:s0 tclass=udp_socket permissive=0
11-11 00:03:05.099 2717 2717 I auditd : type=1400 audit(0.0:47152460): avc: denied { read } for comm="event_loop" lport=13400 scontext=u:r:hht_ota_mgr:s0 tcontext=u:r:hht_ota_mgr:s0 tclass=udp_socket permissive=0
11-11 00:03:05.099 2717 2717 I auditd : type=1400 audit(0.0:47152461): avc: denied { read } for comm="event_loop" lport=13400 scontext=u:r:hht_ota_mgr:s0 tcontext=u:r:hht_ota_mgr:s0 tclass=udp_socket permissive=0
01-01 08:04:09.307 0 0 W audit : audit_lost=47151272 audit_rate_limit=5 audit_backlog_limit=64
01-01 08:04:09.307 0 0 E audit : rate limit exceeded
01-01 08:04:10.311 0 0 W audit : audit_lost=47421075 audit_rate_limit=5 audit_backlog_limit=64
11-11 00:03:06.099 2717 2717 I auditd : type=1400 audit(0.0:47422265): avc: denied { read } for comm="event_loop" lport=13400 scontext=u:r:hht_ota_mgr:s0 tcontext=u:r:hht_ota_mgr:s0 tclass=udp_socket permissive=0
01-01 08:04:10.311 0 0 E audit : rate limit exceeded
11-11 00:03:06.103 2717 2717 I auditd : type=1400 audit(0.0:47422266): avc: denied { read } for comm="event_loop" lport=13400 scontext=u:r:hht_ota_mgr:s0 tcontext=u:r:hht_ota_mgr:s0 tclass=udp_socket permissive=0
11-11 00:03:06.103 2717 2717 I auditd : type=1400 audit(0.0:47422267): avc: denied { read } for comm="event_loop" lport=13400 scontext=u:r:hht_ota_mgr:s0 tcontext=u:r:hht_ota_mgr:s0 tclass=udp_socket permissive=0
11-11 00:03:06.103 2717 2717 I auditd : type=1400 audit(0.0:47422268): avc: denied { read } for comm="event_loop" lport=13400 scontext=u:r:hht_ota_mgr:s0 tcontext=u:r:hht_ota_mgr:s0 tclass=udp_socket permissive=0
11-11 00:03:06.103 2717 2717 I auditd : type=1400 audit(0.0:47422269): avc: denied { read } for comm="event_loop" lport=13400 scontext=u:r:hht_ota_mgr:s0 tcontext=u:r:hht_ota_mgr:s0 tclass=udp_socket permissive=0
11-11 00:03:07.107 2717 2717 I auditd : type=1400 audit(0.0:47692640): avc: denied { read } for comm="event_loop" lport=13400 scontext=u:r:hht_ota_mgr:s0 tcontext=u:r:hht_ota_mgr:s0 tclass=udp_socket permissive=0
11-11 00:03:07.107 2717 2717 I auditd : type=1400 audit(0.0:47692641): avc: denied { read } for comm="event_loop" lport=13400 scontext=u:r:hht_ota_mgr:s0 tcontext=u:r:hht_ota_mgr:s0 tclass=udp_socket permissive=0
11-11 00:03:07.107 2717 2717 I auditd : type=1400 audit(0.0:47692642): avc: denied { read } for comm="event_loop" lport=13400 scontext=u:r:hht_ota_mgr:s0 tcontext=u:r:hht_ota_mgr:s0 tclass=udp_socket permissive=0
11-11 00:03:07.107 2717 2717 I auditd : type=1400 audit(0.0:47692643): avc: denied { read } for comm="event_loop" lport=13400 scontext=u:r:hht_ota_mgr:s0 tcontext=u:r:hht_ota_mgr:s0 tclass=udp_socket permissive=0
11-11 00:03:07.107 2717 2717 I auditd : type=1400 audit(0.0:47692644): avc: denied { read } for comm="event_loop" lport=13400 scontext=u:r:hht_ota_mgr:s0 tcontext=u:r:hht_ota_mgr:s0 tclass=udp_socket permissive=0
01-01 08:04:11.315 0 0 W audit : audit_lost=47691445 audit_rate_limit=5 audit_backlog_limit=64
01-01 08:04:11.315 0 0 E audit : rate limit exceeded
01-01 08:04:12.319 0 0 W audit : audit_lost=47961568 audit_rate_limit=5 audit_backlog_limit=64
11-11 00:03:08.111 2717 2717 I auditd : type=1400 audit(0.0:47962768): avc: denied { read } for comm="event_loop" lport=13400 scontext=u:r:hht_ota_mgr:s0 tcontext=u:r:hht_ota_mgr:s0 tclass=udp_socket permissive=0
01-01 08:04:12.319 0 0 E audit : rate limit exceeded
11-11 00:03:08.111 2717 2717 I auditd : type=1400 audit(0.0:47962769): avc: denied { read } for comm="event_loop" lport=13400 scontext=u:r:hht_ota_mgr:s0 tcontext=u:r:hht_ota_mgr:s0 tclass=udp_socket permissive=0
11-11 00:03:08.111 2717 2717 I auditd : type=1400 audit(0.0:47962770): avc: denied { read } for comm="event_loop" lport=13400 scontext=u:r:hht_ota_mgr:s0 tcontext=u:r:hht_ota_mgr:s0 tclass=udp_socket permissive=0
11-11 00:03:08.111 2717 2717 I auditd : type=1400 audit(0.0:47962771): avc: denied { read } for comm="event_loop" lport=13400 scontext=u:r:hht_ota_mgr:s0 tcontext=u:r:hht_ota_mgr:s0 tclass=udp_socket permissive=0
11-11 00:03:08.111 2717 2717 I auditd : type=1400 audit(0.0:47962772): avc: denied { read } for comm="event_loop" lport=13400 scontext=u:r:hht_ota_mgr:s0 tcontext=u:r:hht_ota_mgr:s0 tclass=udp_socket permissive=0
11-11 00:03:09.111 2717 2717 I auditd : type=1400 audit(0.0:48232732): avc: denied { read } for comm="event_loop" lport=13400 scontext=u:r:hht_ota_mgr:s0 tcontext=u:r:hht_ota_mgr:s0 tclass=udp_socket permissive=0
11-11 00:03:09.115 2717 2717 I auditd : type=1400 audit(0.0:48232733): avc: denied { read } for comm="event_loop" lport=13400 scontext=u:r:hht_ota_mgr:s0 tcontext=u:r:hht_ota_mgr:s0 tclass=udp_socket permissive=0
11-11 00:03:09.115 2717 2717 I auditd : type=1400 audit(0.0:48232734): avc: denied { read } for comm="event_loop" lport=13400 scontext=u:r:hht_ota_mgr:s0 tcontext=u:r:hht_ota_mgr:s0 tclass=udp_socket permissive=0
11-11 00:03:09.115 2717 2717 I auditd : type=1400 audit(0.0:48232735): avc: denied { read } for comm="event_loop" lport=13400 scontext=u:r:hht_ota_mgr:s0 tcontext=u:r:hht_ota_mgr:s0 tclass=udp_socket permissive=0
11-11 00:03:09.115 2717 2717 I auditd : type=1400 audit(0.0:48232736): avc: denied { read } for comm="event_loop" lport=13400 scontext=u:r:hht_ota_mgr:s0 tcontext=u:r:hht_ota_mgr:s0 tclass=udp_socket permissive=0
01-01 08:04:13.323 0 0 W audit : audit_lost=48231527 audit_rate_limit=5 audit_backlog_limit=64
01-01 08:04:13.323 0 0 E audit : rate limit exceeded
11-11 00:03:10.115 2717 2717 I auditd : type=1400 audit(0.0:48502500): avc: denied { read } for comm="event_loop" lport=13400 scontext=u:r:hht_ota_mgr:s0 tcontext=u:r:hht_ota_mgr:s0 tclass=udp_socket permissive=0
01-01 08:04:14.327 0 0 W audit : audit_lost=48501290 audit_rate_limit=5 audit_backlog_limit=64
01-01 08:04:14.327 0 0 E audit : rate limit exceeded
11-11 00:03:10.119 2717 2717 I auditd : type=1400 audit(0.0:48502501): avc: denied { read } for comm="event_loop" lport=13400 scontext=u:r:hht_ota_mgr:s0 tcontext=u:r:hht_ota_mgr:s0 tclass=udp_socket permissive=0
11-11 00:03:10.119 2717 2717 I auditd : type=1400 audit(0.0:48502502): avc: denied { read } for comm="event_loop" lport=13400 scontext=u:r:hht_ota_mgr:s0 tcontext=u:r:hht_ota_mgr:s0 tclass=udp_socket permissive=0
11-11 00:03:10.119 2717 2717 I auditd : type=1400 audit(0.0:48502503): avc: denied { read } for comm="event_loop" lport=13400 scontext=u:r:hht_ota_mgr:s0 tcontext=u:r:hht_ota_mgr:s0 tclass=udp_socket permissive=0
