03-14 03:52:09.847 2717 2717 I auditd : type=1400 audit(0.0:1601353): avc: denied { read } for comm="event_loop" lport=13400 scontext=u:r:hht_ota_mgr:s0 tcontext=u:r:hht_ota_mgr:s0 tclass=udp_socket permissive=0
01-01 08:01:19.631 0 0 W audit : audit_lost=1601009 audit_rate_limit=5 audit_backlog_limit=64
01-01 08:01:19.631 0 0 E audit : rate limit exceeded
03-14 03:52:10.851 2717 2717 I auditd : type=1400 audit(0.0:1872637): avc: denied { read } for comm="event_loop" lport=13400 scontext=u:r:hht_ota_mgr:s0 tcontext=u:r:hht_ota_mgr:s0 tclass=udp_socket permissive=0
03-14 03:52:10.851 2717 2717 I auditd : type=1400 audit(0.0:1872638): avc: denied { read } for comm="event_loop" lport=13400 scontext=u:r:hht_ota_mgr:s0 tcontext=u:r:hht_ota_mgr:s0 tclass=udp_socket permissive=0
03-14 03:52:10.851 2717 2717 I auditd : type=1400 audit(0.0:1872639): avc: denied { read } for comm="event_loop" lport=13400 scontext=u:r:hht_ota_mgr:s0 tcontext=u:r:hht_ota_mgr:s0 tclass=udp_socket permissive=0
03-14 03:52:10.851 2717 2717 I auditd : type=1400 audit(0.0:1872640): avc: denied { read } for comm="event_loop" lport=13400 scontext=u:r:hht_ota_mgr:s0 tcontext=u:r:hht_ota_mgr:s0 tclass=udp_socket permissive=0
03-14 03:52:10.851 2717 2717 I auditd : type=1400 audit(0.0:1872641): avc: denied { read } for comm="event_loop" lport=13400 scontext=u:r:hht_ota_mgr:s0 tcontext=u:r:hht_ota_mgr:s0 tclass=udp_socket permissive=0
01-01 08:01:20.635 0 0 W audit : audit_lost=1872292 audit_rate_limit=5 audit_backlog_limit=64
01-01 08:01:20.635 0 0 E audit : rate limit exceeded
03-14 03:52:11.851 2717 2717 I auditd : type=1400 audit(0.0:2143027): avc: denied { read } for comm="event_loop" lport=13400 scontext=u:r:hht_ota_mgr:s0 tcontext=u:r:hht_ota_mgr:s0 tclass=udp_socket permissive=0
03-14 03:52:11.855 2717 2717 I auditd : type=1400 audit(0.0:2143028): avc: denied { read } for comm="event_loop" lport=13400 scontext=u:r:hht_ota_mgr:s0 tcontext=u:r:hht_ota_mgr:s0 tclass=udp_socket permissive=0
03-14 03:52:11.855 2717 2717 I auditd : type=1400 audit(0.0:2143029): avc: denied { read } for comm="event_loop" lport=13400 scontext=u:r:hht_ota_mgr:s0 tcontext=u:r:hht_ota_mgr:s0 tclass=udp_socket permissive=0
03-14 03:52:11.855 2717 2717 I auditd : type=1400 audit(0.0:2143030): avc: denied { read } for comm="event_loop" lport=13400 scontext=u:r:hht_ota_mgr:s0 tcontext=u:r:hht_ota_mgr:s0 tclass=udp_socket permissive=0
03-14 03:52:11.855 2717 2717 I auditd : type=1400 audit(0.0:2143031): avc: denied { read } for comm="event_loop" lport=13400 scontext=u:r:hht_ota_mgr:s0 tcontext=u:r:hht_ota_mgr:s0 tclass=udp_socket permissive=0
01-01 08:01:21.639 0 0 W audit : audit_lost=2142677 audit_rate_limit=5 audit_backlog_limit=64
01-01 08:01:21.639 0 0 E audit : rate limit exceeded
03-14 03:52:12.859 2717 2717 I auditd : type=1400 audit(0.0:2414060): avc: denied { read } for comm="event_loop" lport=13400 scontext=u:r:hht_ota_mgr:s0 tcontext=u:r:hht_ota_mgr:s0 tclass=udp_socket permissive=0
01-01 08:01:22.643 0 0 W audit : audit_lost=2413705 audit_rate_limit=5 audit_backlog_limit=64
01-01 08:01:22.643 0 0 E audit : rate limit exceeded
03-14 03:52:12.859 2717 2717 I auditd : type=1400 audit(0.0:2414061): avc: denied { read } for comm="event_loop" lport=13400 scontext=u:r:hht_ota_mgr:s0 tcontext=u:r:hht_ota_mgr:s0 tclass=udp_socket permissive=0
03-14 03:52:12.859 2717 2717 I auditd : type=1400 audit(0.0:2414062): avc: denied { read } for comm="event_loop" lport=13400 scontext=u:r:hht_ota_mgr:s0 tcontext=u:r:hht_ota_mgr:s0 tclass=udp_socket permissive=0
03-14 03:52:12.859 2717 2717 I auditd : type=1400 audit(0.0:2414063): avc: denied { read } for comm="event_loop" lport=13400 scontext=u:r:hht_ota_mgr:s0 tcontext=u:r:hht_ota_mgr:s0 tclass=udp_socket permissive=0
03-14 03:52:12.859 2717 2717 I auditd : type=1400 audit(0.0:2414064): avc: denied { read } for comm="event_loop" lport=13400 scontext=u:r:hht_ota_mgr:s0 tcontext=u:r:hht_ota_mgr:s0 tclass=udp_socket permissive=0
03-14 03:52:13.782 1496 1620 I am_pss : [2896,10091,com.android.providers.media.module,23960576,19554304,0,131809280,0,0,7]
03-14 03:52:13.787 1496 1620 I am_pss : [2682,10070,com.qualcomm.location,10049536,7593984,0,103321600,0,0,4]
03-14 03:52:13.863 2717 2717 I auditd : type=1400 audit(0.0:2684237): avc: denied { read } for comm="event_loop" lport=13400 scontext=u:r:hht_ota_mgr:s0 tcontext=u:r:hht_ota_mgr:s0 tclass=udp_socket permissive=0
03-14 03:52:13.863 2717 2717 I auditd : type=1400 audit(0.0:2684238): avc: denied { read } for comm="event_loop" lport=13400 scontext=u:r:hht_ota_mgr:s0 tcontext=u:r:hht_ota_mgr:s0 tclass=udp_socket permissive=0
03-14 03:52:13.863 2717 2717 I auditd : type=1400 audit(0.0:2684239): avc: denied { read } for comm="event_loop" lport=13400 scontext=u:r:hht_ota_mgr:s0 tcontext=u:r:hht_ota_mgr:s0 tclass=udp_socket permissive=0
03-14 03:52:13.863 2717 2717 I auditd : type=1400 audit(0.0:2684240): avc: denied { read } for comm="event_loop" lport=13400 scontext=u:r:hht_ota_mgr:s0 tcontext=u:r:hht_ota_mgr:s0 tclass=udp_socket permissive=0
03-14 03:52:13.863 2717 2717 I auditd : type=1400 audit(0.0:2684241): avc: denied { read } for comm="event_loop" lport=13400 scontext=u:r:hht_ota_mgr:s0 tcontext=u:r:hht_ota_mgr:s0 tclass=udp_socket permissive=0
01-01 08:01:23.647 0 0 W audit : audit_lost=2683877 audit_rate_limit=5 audit_backlog_limit=64
01-01 08:01:23.647 0 0 E audit : rate limit exceeded
03-14 03:52:14.154 1496 1621 I am_uid_idle: 10018
03-14 03:52:14.867 2717 2717 I auditd : type=1400 audit(0.0:2954871): avc: denied { read } for comm="event_loop" lport=13400 scontext=u:r:hht_ota_mgr:s0 tcontext=u:r:hht_ota_mgr:s0 tclass=udp_socket permissive=0
03-14 03:52:14.867 2717 2717 I auditd : type=1400 audit(0.0:2954872): avc: denied { read } for comm="event_loop" lport=13400 scontext=u:r:hht_ota_mgr:s0 tcontext=u:r:hht_ota_mgr:s0 tclass=udp_socket permissive=0
03-14 03:52:14.867 2717 2717 I auditd : type=1400 audit(0.0:2954873): avc: denied { read } for comm="event_loop" lport=13400 scontext=u:r:hht_ota_mgr:s0 tcontext=u:r:hht_ota_mgr:s0 tclass=udp_socket permissive=0
03-14 03:52:14.867 2717 2717 I auditd : type=1400 audit(0.0:2954874): avc: denied { read } for comm="event_loop" lport=13400 scontext=u:r:hht_ota_mgr:s0 tcontext=u:r:hht_ota_mgr:s0 tclass=udp_socket permissive=0
03-14 03:52:14.867 2717 2717 I auditd : type=1400 audit(0.0:2954875): avc: denied { read } for comm="event_loop" lport=13400 scontext=u:r:hht_ota_mgr:s0 tcontext=u:r:hht_ota_mgr:s0 tclass=udp_socket permissive=0
01-01 08:01:24.651 0 0 W audit : audit_lost=2954506 audit_rate_limit=5 audit_backlog_limit=64
01-01 08:01:24.651 0 0 E audit : rate limit exceeded
03-14 03:52:15.867 2717 2717 I auditd : type=1400 audit(0.0:3224869): avc: denied { read } for comm="event_loop" lport=13400 scontext=u:r:hht_ota_mgr:s0 tcontext=u:r:hht_ota_mgr:s0 tclass=udp_socket permissive=0
03-14 03:52:15.871 2717 2717 I auditd : type=1400 audit(0.0:3224870): avc: denied { read } for comm="event_loop" lport=13400 scontext=u:r:hht_ota_mgr:s0 tcontext=u:r:hht_ota_mgr:s0 tclass=udp_socket permissive=0
03-14 03:52:15.871 2717 2717 I auditd : type=1400 audit(0.0:3224871): avc: denied { read } for comm="event_loop" lport=13400 scontext=u:r:hht_ota_mgr:s0 tcontext=u:r:hht_ota_mgr:s0 tclass=udp_socket permissive=0
03-14 03:52:15.871 2717 2717 I auditd : type=1400 audit(0.0:3224872): avc: denied { read } for comm="event_loop" lport=13400 scontext=u:r:hht_ota_mgr:s0 tcontext=u:r:hht_ota_mgr:s0 tclass=udp_socket permissive=0
03-14 03:52:15.871 2717 2717 I auditd : type=1400 audit(0.0:3224873): avc: denied { read } for comm="event_loop" lport=13400 scontext=u:r:hht_ota_mgr:s0 tcontext=u:r:hht_ota_mgr:s0 tclass=udp_socket permissive=0
01-01 08:01:25.655 0 0 W audit : audit_lost=3224499 audit_rate_limit=5 audit_backlog_limit=64
01-01 08:01:25.655 0 0 E audit : rate limit exceeded
01-01 08:01:26.659 0 0 W audit : audit_lost=3494890 audit_rate_limit=5 audit_backlog_limit=64
03-14 03:52:16.875 2717 2717 I auditd : type=1400 audit(0.0:3495265): avc: denied { read } for comm="event_loop" lport=13400 scontext=u:r:hht_ota_mgr:s0 tcontext=u:r:hht_ota_mgr:s0 tclass=udp_socket permissive=0
01-01 08:01:26.659 0 0 E audit : rate limit exceeded
03-14 03:52:16.875 2717 2717 I auditd : type=1400 audit(0.0:3495266): avc: denied { read } for comm="event_loop" lport=13400 scontext=u:r:hht_ota_mgr:s0 tcontext=u:r:hht_ota_mgr:s0 tclass=udp_socket permissive=0
03-14 03:52:16.875 2717 2717 I auditd : type=1400 audit(0.0:3495267): avc: denied { read } for comm="event_loop" lport=13400 scontext=u:r:hht_ota_mgr:s0 tcontext=u:r:hht_ota_mgr:s0 tclass=udp_socket permissive=0
03-14 03:52:16.875 2717 2717 I auditd : type=1400 audit(0.0:3495268): avc: denied { read } for comm="event_loop" lport=13400 scontext=u:r:hht_ota_mgr:s0 tcontext=u:r:hht_ota_mgr:s0 tclass=udp_socket permissive=0
03-14 03:52:16.875 2717 2717 I auditd : type=1400 audit(0.0:3495269): avc: denied { read } for comm="event_loop" lport=13400 scontext=u:r:hht_ota_mgr:s0 tcontext=u:r:hht_ota_mgr:s0 tclass=udp_socket permissive=0
03-14 03:52:17.879 2717 2717 I auditd : type=1400 audit(0.0:3765175): avc: denied { read } for comm="event_loop" lport=13400 scontext=u:r:hht_ota_mgr:s0 tcontext=u:r:hht_ota_mgr:s0 tclass=udp_socket permissive=0
03-14 03:52:17.879 2717 2717 I auditd : type=1400 audit(0.0:3765176): avc: denied { read } for comm="event_loop" lport=13400 scontext=u:r:hht_ota_mgr:s0 tcontext=u:r:hht_ota_mgr:s0 tclass=udp_socket permissive=0
03-14 03:52:17.879 2717 2717 I auditd : type=1400 audit(0.0:3765177): avc: denied { read } for comm="event_loop" lport=13400 scontext=u:r:hht_ota_mgr:s0 tcontext=u:r:hht_ota_mgr:s0 tclass=udp_socket permissive=0
03-14 03:52:17.879 2717 2717 I auditd : type=1400 audit(0.0:3765178): avc: denied { read } for comm="event_loop" lport=13400 scontext=u:r:hht_ota_mgr:s0 tcontext=u:r:hht_ota_mgr:s0 tclass=udp_socket permissive=0
03-14 03:52:17.879 2717 2717 I auditd : type=1400 audit(0.0:3765179): avc: denied { read } for comm="event_loop" lport=13400 scontext=u:r:hht_ota_mgr:s0 tcontext=u:r:hht_ota_mgr:s0 tclass=udp_socket permissive=0
01-01 08:01:27.663 0 0 W audit : audit_lost=3764795 audit_rate_limit=5 audit_backlog_limit=64
01-01 08:01:27.663 0 0 E audit : rate limit exceeded
03-14 03:52:18.879 2717 2717 I auditd : type=1400 audit(0.0:4035563): avc: denied { read } for comm="event_loop" lport=13400 scontext=u:r:hht_ota_mgr:s0 tcontext=u:r:hht_ota_mgr:s0 tclass=udp_socket permissive=0
03-14 03:52:18.883 2717 2717 I auditd : type=1400 audit(0.0:4035564): avc: denied { read } for comm="event_loop" lport=13400 scontext=u:r:hht_ota_mgr:s0 tcontext=u:r:hht_ota_mgr:s0 tclass=udp_socket permissive=0
03-14 03:52:18.883 2717 2717 I auditd : type=1400 audit(0.0:4035565): avc: denied { read } for comm="event_loop" lport=13400 scontext=u:r:hht_ota_mgr:s0 tcontext=u:r:hht_ota_mgr:s0 tclass=udp_socket permissive=0
03-14 03:52:18.883 2717 2717 I auditd : type=1400 audit(0.0:4035566): avc: denied { read } for comm="event_loop" lport=13400 scontext=u:r:hht_ota_mgr:s0 tcontext=u:r:hht_ota_mgr:s0 tclass=udp_socket permissive=0
03-14 03:52:18.883 2717 2717 I auditd : type=1400 audit(0.0:4035567): avc: denied { read } for comm="event_loop" lport=13400 scontext=u:r:hht_ota_mgr:s0 tcontext=u:r:hht_ota_mgr:s0 tclass=udp_socket permissive=0
01-01 08:01:28.667 0 0 W audit : audit_lost=4035178 audit_rate_limit=5 audit_backlog_limit=64
01-01 08:01:28.667 0 0 E audit : rate limit exceeded
03-14 03:52:19.883 2717 2717 I auditd : type=1400 audit(0.0:4305373): avc: denied { read } for comm="event_loop" lport=13400 scontext=u:r:hht_ota_mgr:s0 tcontext=u:r:hht_ota_mgr:s0 tclass=udp_socket permissive=0
03-14 03:52:19.887 2717 2717 I auditd : type=1400 audit(0.0:4305374): avc: denied { read } for comm="event_loop" lport=13400 scontext=u:r:hht_ota_mgr:s0 tcontext=u:r:hht_ota_mgr:s0 tclass=udp_socket permissive=0
03-14 03:52:19.887 2717 2717 I auditd : type=1400 audit(0.0:4305375): avc: denied { read } for comm="event_loop" lport=13400 scontext=u:r:hht_ota_mgr:s0 tcontext=u:r:hht_ota_mgr:s0 tclass=udp_socket permissive=0
03-14 03:52:19.887 2717 2717 I auditd : type=1400 audit(0.0:4305376): avc: denied { read } for comm="event_loop" lport=13400 scontext=u:r:hht_ota_mgr:s0 tcontext=u:r:hht_ota_mgr:s0 tclass=udp_socket permissive=0
03-14 03:52:19.887 2717 2717 I auditd : type=1400 audit(0.0:4305377): avc: denied { read } for comm="event_loop" lport=13400 scontext=u:r:hht_ota_mgr:s0 tcontext=u:r:hht_ota_mgr:s0 tclass=udp_socket permissive=0
01-01 08:01:29.671 0 0 W audit : audit_lost=4304983 audit_rate_limit=5 audit_backlog_limit=64
01-01 08:01:29.671 0 0 E audit : rate limit exceeded
03-14 03:52:20.891 2717 2717 I auditd : type=1400 audit(0.0:4576157): avc: denied { read } for comm="event_loop" lport=13400 scontext=u:r:hht_ota_mgr:s0 tcontext=u:r:hht_ota_mgr:s0 tclass=udp_socket permissive=0
01-01 08:01:30.675 0 0 W audit : audit_lost=4575762 audit_rate_limit=5 audit_backlog_limit=64
01-01 08:01:30.675 0 0 E audit : rate limit exceeded
03-14 03:52:20.891 2717 2717 I auditd : type=1400 audit(0.0:4576158): avc: denied { read } for comm="event_loop" lport=13400 scontext=u:r:hht_ota_mgr:s0 tcontext=u:r:hht_ota_mgr:s0 tclass=udp_socket permissive=0
03-14 03:52:20.891 2717 2717 I auditd : type=1400 audit(0.0:4576159): avc: denied { read } for comm="event_loop" lport=13400 scontext=u:r:hht_ota_mgr:s0 tcontext=u:r:hht_ota_mgr:s0 tclass=udp_socket permissive=0
03-14 03:52:20.891 2717 2717 I auditd : type=1400 audit(0.0:4576160): avc: denied { read } for comm="event_loop" lport=13400 scontext=u:r:hht_ota_mgr:s0 tcontext=u:r:hht_ota_mgr:s0 tclass=udp_socket permissive=0
03-14 03:52:20.891 2717 2717 I auditd : type=1400 audit(0.0:4576161): avc: denied { read } for comm="event_loop" lport=13400 scontext=u:r:hht_ota_mgr:s0 tcontext=u:r:hht_ota_mgr:s0 tclass=udp_socket permissive=0
03-14 03:52:21.895 2717 2717 I auditd : type=1400 audit(0.0:4846160): avc: denied { read } for comm="event_loop" lport=13400 scontext=u:r:hht_ota_mgr:s0 tcontext=u:r:hht_ota_mgr:s0 tclass=udp_socket permissive=0
03-14 03:52:21.895 2717 2717 I auditd : type=1400 audit(0.0:4846161): avc: denied { read } for comm="event_loop" lport=13400 scontext=u:r:hht_ota_mgr:s0 tcontext=u:r:hht_ota_mgr:s0 tclass=udp_socket permissive=0
03-14 03:52:21.895 2717 2717 I auditd : type=1400 audit(0.0:4846162): avc: denied { read } for comm="event_loop" lport=13400 scontext=u:r:hht_ota_mgr:s0 tcontext=u:r:hht_ota_mgr:s0 tclass=udp_socket permissive=0
03-14 03:52:21.895 2717 2717 I auditd : type=1400 audit(0.0:4846163): avc: denied { read } for comm="event_loop" lport=13400 scontext=u:r:hht_ota_mgr:s0 tcontext=u:r:hht_ota_mgr:s0 tclass=udp_socket permissive=0
03-14 03:52:21.895 2717 2717 I auditd : type=1400 audit(0.0:4846164): avc: denied { read } for comm="event_loop" lport=13400 scontext=u:r:hht_ota_mgr:s0 tcontext=u:r:hht_ota_mgr:s0 tclass=udp_socket permissive=0
01-01 08:01:31.679 0 0 W audit : audit_lost=4845760 audit_rate_limit=5 audit_backlog_limit=64
01-01 08:01:31.679 0 0 E audit : rate limit exceeded
01-01 08:01:32.683 0 0 W audit : audit_lost=5116354 audit_rate_limit=5 audit_backlog_limit=64
03-14 03:52:22.895 2717 2717 I auditd : type=1400 audit(0.0:5116759): avc: denied { read } for comm="event_loop" lport=13400 scontext=u:r:hht_ota_mgr:s0 tcontext=u:r:hht_ota_mgr:s0 tclass=udp_socket permissive=0
01-01 08:01:32.683 0 0 E audit : rate limit exceeded
03-14 03:52:22.899 2717 2717 I auditd : type=1400 audit(0.0:5116760): avc: denied { read } for comm="event_loop" lport=13400 scontext=u:r:hht_ota_mgr:s0 tcontext=u:r:hht_ota_mgr:s0 tclass=udp_socket permissive=0
03-14 03:52:22.899 2717 2717 I auditd : type=1400 audit(0.0:5116761): avc: denied { read } for comm="event_loop" lport=13400 scontext=u:r:hht_ota_mgr:s0 tcontext=u:r:hht_ota_mgr:s0 tclass=udp_socket permissive=0
03-14 03:52:22.899 2717 2717 I auditd : type=1400 audit(0.0:5116762): avc: denied { read } for comm="event_loop" lport=13400 scontext=u:r:hht_ota_mgr:s0 tcontext=u:r:hht_ota_mgr:s0 tclass=udp_socket permissive=0
03-14 03:52:22.899 2717 2717 I auditd : type=1400 audit(0.0:5116763): avc: denied { read } for comm="event_loop" lport=13400 scontext=u:r:hht_ota_mgr:s0 tcontext=u:r:hht_ota_mgr:s0 tclass=udp_socket permissive=0
11-11 00:00:30.001 1496 1731 E LazyAlarmStore: Removed TIME_TICK alarm
11-11 00:00:30.001 1496 1621 I am_wtf : [0,1496,system_server,-1,LazyAlarmStore,Removed TIME_TICK alarm]
11-11 00:00:30.003 2717 2717 I auditd : type=1400 audit(0.0:5386225): avc: denied { read } for comm="event_loop" lport=13400 scontext=u:r:hht_ota_mgr:s0 tcontext=u:r:hht_ota_mgr:s0 tclass=udp_socket permissive=0
11-11 00:00:30.003 2717 2717 I auditd : type=1400 audit(0.0:5386226): avc: denied { read } for comm="event_loop" lport=13400 scontext=u:r:hht_ota_mgr:s0 tcontext=u:r:hht_ota_mgr:s0 tclass=udp_socket permissive=0
11-11 00:00:30.003 1496 1621 I DropBoxManagerService: add tag=system_server_wtf isTagEnabled=true flags=0x2
11-11 00:00:30.003 2717 2717 I auditd : type=1400 audit(0.0:5386227): avc: denied { read } for comm="event_loop" lport=13400 scontext=u:r:hht_ota_mgr:s0 tcontext=u:r:hht_ota_mgr:s0 tclass=udp_socket permissive=0
11-11 00:00:30.003 2717 2717 I auditd : type=1400 audit(0.0:5386228): avc: denied { read } for comm="event_loop" lport=13400 scontext=u:r:hht_ota_mgr:s0 tcontext=u:r:hht_ota_mgr:s0 tclass=udp_socket permissive=0
11-11 00:00:30.003 2717 2717 I auditd : type=1400 audit(0.0:5386229): avc: denied { read } for comm="event_loop" lport=13400 scontext=u:r:hht_ota_mgr:s0 tcontext=u:r:hht_ota_mgr:s0 tclass=udp_socket permissive=0
01-01 08:01:33.687 0 0 W audit : audit_lost=5385815 audit_rate_limit=5 audit_backlog_limit=64
01-01 08:01:33.687 0 0 E audit : rate limit exceeded
11-11 00:00:30.018 1496 1496 D DevicePolicyManager: updateSystemUpdateFreezePeriodsRecord
11-11 00:00:30.019 1496 1496 W SyncManager: Clock is valid now.
11-11 00:00:30.021 1496 1496 D ConditionProviders.SCP: onReceive android.intent.action.TIME_SET
11-11 00:00:30.022 1496 1496 D ConditionProviders.SCP: evaluateSubscriptionLocked cal=ScheduleCalendar[mDays={1, 2, 3, 4, 5, 6, 7}, mSchedule=ScheduleInfo{days=[1, 2, 3, 4, 5, 6, 7], startHour=22, startMinute=0, endHour=7, endMinute=0, exitAtAlarm=true, nextAlarm=Thu Jan 01 08:00:00 GMT+08:00 1970 (0)}], now=Fri Nov 11 00:00:30 GMT+08:00 2022 (1668096030021), nextUserAlarmTime=Thu Jan 01 08:00:00 GMT+08:00 1970 (0)
11-11 00:00:30.022 1496 1496 D ConditionProviders.SCP: notifyCondition condition://android/schedule?days=1.2.3.4.5.6.7&start=22.0&end=7.0&exitAtAlarm=true STATE_TRUE reason=meetsSchedule
11-11 00:00:30.022 1496 1496 D ConditionProviders.SCP: Scheduling evaluate for Fri Nov 11 07:00:00 GMT+08:00 2022 (1668121200000), in +6h59m29s979ms, now=Fri Nov 11 00:00:30 GMT+08:00 2022 (1668096030021)
11-11 00:00:30.024 1496 1496 D CompatibilityChangeReporter: Compat change id reported: 171306433; UID 1000; state: ENABLED
11-11 00:00:30.029 1496 1621 I am_uid_running: 10053
11-11 00:00:30.029 1496 1621 D CompatibilityChangeReporter: Compat change id reported: 135634846; UID 10053; state: DISABLED
11-11 00:00:30.030 1496 1621 D CompatibilityChangeReporter: Compat change id reported: 177438394; UID 10053; state: DISABLED
11-11 00:00:30.030 1496 1621 D CompatibilityChangeReporter: Compat change id reported: 135772972; UID 10053; state: DISABLED
11-11 00:00:30.030 1496 1621 D CompatibilityChangeReporter: Compat change id reported: 135754954; UID 10053; state: ENABLED
11-11 00:00:30.031 1496 1622 D CompatibilityChangeReporter: Compat change id reported: 143937733; UID 10053; state: ENABLED
11-11 00:00:30.039 1496 1622 I am_proc_start: [0,4686,10053,com.qualcomm.timeservice,broadcast,{com.qualcomm.timeservice/com.qualcomm.timeservice.TimeServiceBroadcastReceiver}]
11-11 00:00:30.039 1496 1622 I ActivityManager: Start proc 4686:com.qualcomm.timeservice/u0a53 for broadcast {com.qualcomm.timeservice/com.qualcomm.timeservice.TimeServiceBroadcastReceiver}
11-11 00:00:30.044 1496 1620 I am_pss : [3484,10086,com.android.music,35588096,26865664,0,161406976,0,10,9]
11-11 00:00:30.046 1496 1887 D CompatibilityChangeReporter: Compat change id reported: 143231523; UID 1000; state: DISABLED
11-11 00:00:30.049 1496 1620 I am_pss : [2469,10062,com.thundercomm.gamemode.provider,7668736,5885952,0,95719424,0,19,5]
11-11 00:00:30.055 1496 1620 I am_pss : [4220,10033,com.android.musicfx,5443584,3899392,0,90447872,0,19,5]
01-01 08:01:33.733 0 0 I binder : 4686:4686 ioctl 40046210 7fe20508a4 returned -22
11-11 00:00:30.058 1496 1548 I am_proc_bound: [0,4686,com.qualcomm.timeservice]
11-11 00:00:30.059 1496 1548 D CompatibilityChangeReporter: Compat change id reported: 168419799; UID 10053; state: DISABLED
11-11 00:00:30.063 1496 1548 I am_uid_active: 10053
11-11 00:00:30.064 1496 1620 I am_pss : [4088,10024,com.baidu.input,107954176,94294016,0,230014976,0,7,8]
11-11 00:00:30.069 1496 1620 I am_pss : [3849,10055,com.qualcomm.qti.qms.service.trustzoneaccess,5478400,3776512,0,91668480,0,19,4]
11-11 00:00:30.074 1496 1620 I am_pss : [3050,10017,android.process.media,9545728,7593984,0,100376576,0,19,5]
11-11 00:00:30.080 1496 1620 I am_pss : [3676,10028,com.android.externalstorage,5430272,3833856,0,91500544,0,19,5]
11-11 00:00:30.084 1496 1620 I am_pss : [2917,10084,com.qualcomm.qtil.aptxui,7118848,5607424,0,91262976,0,19,4]
11-11 00:00:30.089 1496 1620 I am_pss : [3644,10058,com.qualcomm.qti.qms.service.connectionsecurity,18257920,3858432,0,77217792,0,19,4]
11-11 00:00:30.094 1496 1620 I am_pss : [2558,10082,com.qualcomm.qti.qccauthmgr,6116352,4280320,0,95387648,0,19,5]
11-11 00:00:30.099 1496 1620 I am_pss : [3581,2000,com.android.shell,5877760,4284416,0,92008448,0,19,5]
11-11 00:00:30.106 1496 1620 I am_pss : [2405,1000,com.android.settings,40629248,36753408,0,147324928,0,19,6]
11-11 00:00:30.111 1496 1620 I am_pss : [3527,10030,com.android.packageinstaller,7098368,5595136,0,91074560,0,19,4]
11-11 00:00:30.116 1496 1620 I am_pss : [3504,10059,com.android.onetimeinitializer,5079040,3518464,0,90238976,0,19,4]
11-11 00:00:30.120 1496 1620 I am_pss : [3464,10027,com.android.managedprovisioning,8711168,7127040,0,94396416,0,19,4]
11-11 00:00:30.125 1496 1620 I am_pss : [2983,1000,com.android.keychain,8059904,6471680,0,93773824,0,19,4]
11-11 00:00:30.129 1496 1620 I am_pss : [3415,1000,com.android.dynsystem:dynsystem,5629952,3915776,0,91254784,0,19,4]
11-11 00:00:30.134 1496 1620 I am_pss : [3381,1000,com.android.localtransport,5405696,3825664,0,90976256,0,19,4]
11-11 00:00:30.139 1496 1620 I am_pss : [3248,10018,android.process.acore,12603392,9089024,0,115867648,0,19,5]
11-11 00:00:30.144 1496 1620 I am_pss : [3377,1000,com.android.dynsystem,5330944,3723264,0,90234880,0,19,4]
11-11 00:00:30.148 1496 1620 I am_pss : [3217,1000,com.qti.diagservices,5838848,3837952,0,95129600,0,10,4]
11-11 00:00:30.153 1496 1620 I am_pss : [3028,10020,com.android.traceur,10078208,8441856,0,97251328,0,19,5]
11-11 00:00:30.158 1496 1620 I am_pss : [2881,10079,com.qualcomm.qti.workloadclassifier,8249344,6672384,0,93425664,0,0,4]
11-11 00:00:30.162 1496 1620 I am_pss : [2870,10083,com.qualcomm.qti.qccnetstat,5942272,4341760,0,91541504,0,0,3]
11-11 00:00:30.166 1496 1620 I am_pss : [2836,10069,com.qualcomm.qti.services.systemhelper:systemhelper_service,6132736,4448256,0,93474816,0,0,3]
11-11 00:00:30.170 1496 1620 I am_pss : [2818,10054,.pasr,5127168,3600384,0,89067520,0,0,3]
11-11 00:00:30.175 1496 1620 I am_pss : [2787,1000,com.hryt.hiphishowfsecontrol,14183424,12165120,0,106049536,0,0,5]
11-11 00:00:30.180 1496 1620 I am_pss : [2772,10057,ts.car.uart,5959680,4431872,0,90263552,0,0,4]
11-11 00:00:30.185 1496 1620 I am_pss : [2759,10080,com.hht.lebocast,36213760,18935808,0,105091072,0,0,5]
11-11 00:00:30.190 1496 1620 I am_pss : [3154,10061,com.qualcomm.qti.devicestatisticsservice,5122048,3596288,0,89018368,0,0,5]
11-11 00:00:30.191 1496 1620 I UsageStatsService: User[0] Time changed in by -10641113 seconds
11-11 00:00:30.191 1496 1620 I UsageStatsService: User[0] Flushing usage stats to disk
11-11 00:00:30.203 1496 1620 I UsageStatsDatabase: Time changed by -123d3h51m53s897ms. files deleted: 0 files moved: 4
11-11 00:00:30.208 1496 1620 I UsageStatsService: User[0] Rollover scheduled @ 2022-11-11 23:59:11(1668182351267)
11-11 00:00:31.007 2717 2717 I auditd : type=1400 audit(0.0:5655526): avc: denied { read } for comm="event_loop" lport=13400 scontext=u:r:hht_ota_mgr:s0 tcontext=u:r:hht_ota_mgr:s0 tclass=udp_socket permissive=0
11-11 00:00:31.007 2717 2717 I auditd : type=1400 audit(0.0:5655527): avc: denied { read } for comm="event_loop" lport=13400 scontext=u:r:hht_ota_mgr:s0 tcontext=u:r:hht_ota_mgr:s0 tclass=udp_socket permissive=0
11-11 00:00:31.007 2717 2717 I auditd : type=1400 audit(0.0:5655528): avc: denied { read } for comm="event_loop" lport=13400 scontext=u:r:hht_ota_mgr:s0 tcontext=u:r:hht_ota_mgr:s0 tclass=udp_socket permissive=0
11-11 00:00:31.007 2717 2717 I auditd : type=1400 audit(0.0:5655529): avc: denied { read } for comm="event_loop" lport=13400 scontext=u:r:hht_ota_mgr:s0 tcontext=u:r:hht_ota_mgr:s0 tclass=udp_socket permissive=0
11-11 00:00:31.007 2717 2717 I auditd : type=1400 audit(0.0:5655530): avc: denied { read } for comm="event_loop" lport=13400 scontext=u:r:hht_ota_mgr:s0 tcontext=u:r:hht_ota_mgr:s0 tclass=udp_socket permissive=0
01-01 08:01:34.691 0 0 W audit : audit_lost=5655111 audit_rate_limit=5 audit_backlog_limit=64
01-01 08:01:34.691 0 0 E audit : rate limit exceeded
11-11 00:00:31.585 1496 1621 I am_uid_idle: 10020
11-11 00:00:32.011 2717 2717 I auditd : type=1400 audit(0.0:5924765): avc: denied { read } for comm="event_loop" lport=13400 scontext=u:r:hht_ota_mgr:s0 tcontext=u:r:hht_ota_mgr:s0 tclass=udp_socket permissive=0
11-11 00:00:32.011 2717 2717 I auditd : type=1400 audit(0.0:5924766): avc: denied { read } for comm="event_loop" lport=13400 scontext=u:r:hht_ota_mgr:s0 tcontext=u:r:hht_ota_mgr:s0 tclass=udp_socket permissive=0
11-11 00:00:32.011 2717 2717 I auditd : type=1400 audit(0.0:5924767): avc: denied { read } for comm="event_loop" lport=13400 scontext=u:r:hht_ota_mgr:s0 tcontext=u:r:hht_ota_mgr:s0 tclass=udp_socket permissive=0
11-11 00:00:32.011 2717 2717 I auditd : type=1400 audit(0.0:5924768): avc: denied { read } for comm="event_loop" lport=13400 scontext=u:r:hht_ota_mgr:s0 tcontext=u:r:hht_ota_mgr:s0 tclass=udp_socket permissive=0
11-11 00:00:32.011 2717 2717 I auditd : type=1400 audit(0.0:5924769): avc: denied { read } for comm="event_loop" lport=13400 scontext=u:r:hht_ota_mgr:s0 tcontext=u:r:hht_ota_mgr:s0 tclass=udp_socket permissive=0
01-01 08:01:35.695 0 0 W audit : audit_lost=5924345 audit_rate_limit=5 audit_backlog_limit=64
01-01 08:01:35.695 0 0 E audit : rate limit exceeded
11-11 00:00:32.491 2717 2717 I auditd : type=1400 audit(0.0:6195136): avc: denied { read } for comm="event_loop" lport=13400 scontext=u:r:hht_ota_mgr:s0 tcontext=u:r:hht_ota_mgr:s0 tclass=udp_socket permissive=0
11-11 00:00:32.491 2717 2717 I auditd : type=1400 audit(0.0:6195137): avc: denied { read } for comm="event_loop" lport=13400 scontext=u:r:hht_ota_mgr:s0 tcontext=u:r:hht_ota_mgr:s0 tclass=udp_socket permissive=0
11-11 00:00:32.491 2717 2717 I auditd : type=1400 audit(0.0:6195138): avc: denied { read } for comm="event_loop" lport=13400 scontext=u:r:hht_ota_mgr:s0 tcontext=u:r:hht_ota_mgr:s0 tclass=udp_socket permissive=0
11-11 00:00:32.491 2717 2717 I auditd : type=1400 audit(0.0:6195139): avc: denied { read } for comm="event_loop" lport=13400 scontext=u:r:hht_ota_mgr:s0 tcontext=u:r:hht_ota_mgr:s0 tclass=udp_socket permissive=0
11-11 00:00:32.491 2717 2717 I auditd : type=1400 audit(0.0:6195140): avc: denied { read } for comm="event_loop" lport=13400 scontext=u:r:hht_ota_mgr:s0 tcontext=u:r:hht_ota_mgr:s0 tclass=udp_socket permissive=0
01-01 08:01:36.699 0 0 W audit : audit_lost=6194711 audit_rate_limit=5 audit_backlog_limit=64
01-01 08:01:36.699 0 0 E audit : rate limit exceeded
01-01 08:01:37.703 0 0 W audit : audit_lost=6464663 audit_rate_limit=5 audit_backlog_limit=64
01-01 08:01:37.703 0 0 E audit : rate limit exceeded
11-11 00:00:33.491 2717 2717 I auditd : type=1400 audit(0.0:6465093): avc: denied { read } for comm="event_loop" lport=13400 scontext=u:r:hht_ota_mgr:s0 tcontext=u:r:hht_ota_mgr:s0 tclass=udp_socket permissive=0
11-11 00:00:33.495 2717 2717 I auditd : type=1400 audit(0.0:6465094): avc: denied { read } for comm="event_loop" lport=13400 scontext=u:r:hht_ota_mgr:s0 tcontext=u:r:hht_ota_mgr:s0 tclass=udp_socket permissive=0
11-11 00:00:33.495 2717 2717 I auditd : type=1400 audit(0.0:6465095): avc: denied { read } for comm="event_loop" lport=13400 scontext=u:r:hht_ota_mgr:s0 tcontext=u:r:hht_ota_mgr:s0 tclass=udp_socket permissive=0
11-11 00:00:33.495 2717 2717 I auditd : type=1400 audit(0.0:6465096): avc: denied { read } for comm="event_loop" lport=13400 scontext=u:r:hht_ota_mgr:s0 tcontext=u:r:hht_ota_mgr:s0 tclass=udp_socket permissive=0
11-11 00:00:33.495 2717 2717 I auditd : type=1400 audit(0.0:6465097): avc: denied { read } for comm="event_loop" lport=13400 scontext=u:r:hht_ota_mgr:s0 tcontext=u:r:hht_ota_mgr:s0 tclass=udp_socket permissive=0
11-11 00:00:33.945 1496 1621 I am_uid_idle: 10027
11-11 00:00:34.120 1496 1621 I am_uid_idle: 10059
11-11 00:00:34.179 1496 1621 I am_uid_idle: 10030
11-11 00:00:34.410 1496 1621 I am_uid_idle: 10017
11-11 00:00:34.433 1496 1621 I am_uid_idle: 2000
11-11 00:00:34.495 2717 2717 I auditd : type=1400 audit(0.0:6735611): avc: denied { read } for comm="event_loop" lport=13400 scontext=u:r:hht_ota_mgr:s0 tcontext=u:r:hht_ota_mgr:s0 tclass=udp_socket permissive=0
11-11 00:00:34.499 2717 2717 I auditd : type=1400 audit(0.0:6735612): avc: denied { read } for comm="event_loop" lport=13400 scontext=u:r:hht_ota_mgr:s0 tcontext=u:r:hht_ota_mgr:s0 tclass=udp_socket permissive=0
11-11 00:00:34.499 2717 2717 I auditd : type=1400 audit(0.0:6735613): avc: denied { read } for comm="event_loop" lport=13400 scontext=u:r:hht_ota_mgr:s0 tcontext=u:r:hht_ota_mgr:s0 tclass=udp_socket permissive=0
11-11 00:00:34.499 2717 2717 I auditd : type=1400 audit(0.0:6735614): avc: denied { read } for comm="event_loop" lport=13400 scontext=u:r:hht_ota_mgr:s0 tcontext=u:r:hht_ota_mgr:s0 tclass=udp_socket permissive=0
11-11 00:00:34.499 2717 2717 I auditd : type=1400 audit(0.0:6735615): avc: denied { read } for comm="event_loop" lport=13400 scontext=u:r:hht_ota_mgr:s0 tcontext=u:r:hht_ota_mgr:s0 tclass=udp_socket permissive=0
01-01 08:01:38.707 0 0 W audit : audit_lost=6735176 audit_rate_limit=5 audit_backlog_limit=64
01-01 08:01:38.707 0 0 E audit : rate limit exceeded
11-11 00:00:34.869 1496 1621 I am_uid_idle: 10082
11-11 00:00:34.873 1496 1621 I am_uid_idle: 10058
11-11 00:00:34.932 1496 1621 I am_uid_idle: 10084
11-11 00:00:35.503 2717 2717 I auditd : type=1400 audit(0.0:7006117): avc: denied { read } for comm="event_loop" lport=13400 scontext=u:r:hht_ota_mgr:s0 tcontext=u:r:hht_ota_mgr:s0 tclass=udp_socket permissive=0
11-11 00:00:35.503 2717 2717 I auditd : type=1400 audit(0.0:7006118): avc: denied { read } for comm="event_loop" lport=13400 scontext=u:r:hht_ota_mgr:s0 tcontext=u:r:hht_ota_mgr:s0 tclass=udp_socket permissive=0
11-11 00:00:35.503 2717 2717 I auditd : type=1400 audit(0.0:7006119): avc: denied { read } for comm="event_loop" lport=13400 scontext=u:r:hht_ota_mgr:s0 tcontext=u:r:hht_ota_mgr:s0 tclass=udp_socket permissive=0
11-11 00:00:35.503 2717 2717 I auditd : type=1400 audit(0.0:7006120): avc: denied { read } for comm="event_loop" lport=13400 scontext=u:r:hht_ota_mgr:s0 tcontext=u:r:hht_ota_mgr:s0 tclass=udp_socket permissive=0
11-11 00:00:35.503 2717 2717 I auditd : type=1400 audit(0.0:7006121): avc: denied { read } for comm="event_loop" lport=13400 scontext=u:r:hht_ota_mgr:s0 tcontext=u:r:hht_ota_mgr:s0 tclass=udp_socket permissive=0
01-01 08:01:39.711 0 0 W audit : audit_lost=7005677 audit_rate_limit=5 audit_backlog_limit=64
01-01 08:01:39.711 0 0 E audit : rate limit exceeded
01-01 08:01:40.715 0 0 W audit : audit_lost=7276596 audit_rate_limit=5 audit_backlog_limit=64
01-01 08:01:40.715 0 0 E audit : rate limit exceeded
11-11 00:00:36.507 2717 2717 I auditd : type=1400 audit(0.0:7277041): avc: denied { read } for comm="event_loop" lport=13400 scontext=u:r:hht_ota_mgr:s0 tcontext=u:r:hht_ota_mgr:s0 tclass=udp_socket permissive=0
11-11 00:00:36.507 2717 2717 I auditd : type=1400 audit(0.0:7277042): avc: denied { read } for comm="event_loop" lport=13400 scontext=u:r:hht_ota_mgr:s0 tcontext=u:r:hht_ota_mgr:s0 tclass=udp_socket permissive=0
11-11 00:00:36.507 2717 2717 I auditd : type=1400 audit(0.0:7277043): avc: denied { read } for comm="event_loop" lport=13400 scontext=u:r:hht_ota_mgr:s0 tcontext=u:r:hht_ota_mgr:s0 tclass=udp_socket permissive=0
11-11 00:00:36.507 2717 2717 I auditd : type=1400 audit(0.0:7277044): avc: denied { read } for comm="event_loop" lport=13400 scontext=u:r:hht_ota_mgr:s0 tcontext=u:r:hht_ota_mgr:s0 tclass=udp_socket permissive=0
11-11 00:00:36.507 2717 2717 I auditd : type=1400 audit(0.0:7277045): avc: denied { read } for comm="event_loop" lport=13400 scontext=u:r:hht_ota_mgr:s0 tcontext=u:r:hht_ota_mgr:s0 tclass=udp_socket permissive=0
11-11 00:00:37.511 2717 2717 I auditd : type=1400 audit(0.0:7547362): avc: denied { read } for comm="event_loop" lport=13400 scontext=u:r:hht_ota_mgr:s0 tcontext=u:r:hht_ota_mgr:s0 tclass=udp_socket permissive=0
11-11 00:00:37.511 2717 2717 I auditd : type=1400 audit(0.0:7547363): avc: denied { read } for comm="event_loop" lport=13400 scontext=u:r:hht_ota_mgr:s0 tcontext=u:r:hht_ota_mgr:s0 tclass=udp_socket permissive=0
11-11 00:00:37.511 2717 2717 I auditd : type=1400 audit(0.0:7547364): avc: denied { read } for comm="event_loop" lport=13400 scontext=u:r:hht_ota_mgr:s0 tcontext=u:r:hht_ota_mgr:s0 tclass=udp_socket permissive=0
11-11 00:00:37.511 2717 2717 I auditd : type=1400 audit(0.0:7547365): avc: denied { read } for comm="event_loop" lport=13400 scontext=u:r:hht_ota_mgr:s0 tcontext=u:r:hht_ota_mgr:s0 tclass=udp_socket permissive=0
11-11 00:00:37.511 2717 2717 I auditd : type=1400 audit(0.0:7547366): avc: denied { read } for comm="event_loop" lport=13400 scontext=u:r:hht_ota_mgr:s0 tcontext=u:r:hht_ota_mgr:s0 tclass=udp_socket permissive=0
01-01 08:01:41.719 0 0 W audit : audit_lost=7546912 audit_rate_limit=5 audit_backlog_limit=64
01-01 08:01:41.719 0 0 E audit : rate limit exceeded
11-11 00:00:38.515 2717 2717 I auditd : type=1400 audit(0.0:7818029): avc: denied { read } for comm="event_loop" lport=13400 scontext=u:r:hht_ota_mgr:s0 tcontext=u:r:hht_ota_mgr:s0 tclass=udp_socket permissive=0
11-11 00:00:38.515 2717 2717 I auditd : type=1400 audit(0.0:7818030): avc: denied { read } for comm="event_loop" lport=13400 scontext=u:r:hht_ota_mgr:s0 tcontext=u:r:hht_ota_mgr:s0 tclass=udp_socket permissive=0
11-11 00:00:38.515 2717 2717 I auditd : type=1400 audit(0.0:7818031): avc: denied { read } for comm="event_loop" lport=13400 scontext=u:r:hht_ota_mgr:s0 tcontext=u:r:hht_ota_mgr:s0 tclass=udp_socket permissive=0
11-11 00:00:38.515 2717 2717 I auditd : type=1400 audit(0.0:7818032): avc: denied { read } for comm="event_loop" lport=13400 scontext=u:r:hht_ota_mgr:s0 tcontext=u:r:hht_ota_mgr:s0 tclass=udp_socket permissive=0
11-11 00:00:38.515 2717 2717 I auditd : type=1400 audit(0.0:7818033): avc: denied { read } for comm="event_loop" lport=13400 scontext=u:r:hht_ota_mgr:s0 tcontext=u:r:hht_ota_mgr:s0 tclass=udp_socket permissive=0
01-01 08:01:42.723 0 0 W audit : audit_lost=7817574 audit_rate_limit=5 audit_backlog_limit=64
01-01 08:01:42.723 0 0 E audit : rate limit exceeded
11-11 00:00:39.515 2717 2717 I auditd : type=1400 audit(0.0:8087725): avc: denied { read } for comm="event_loop" lport=13400 scontext=u:r:hht_ota_mgr:s0 tcontext=u:r:hht_ota_mgr:s0 tclass=udp_socket permissive=0
11-11 00:00:39.519 2717 2717 I auditd : type=1400 audit(0.0:8087726): avc: denied { read } for comm="event_loop" lport=13400 scontext=u:r:hht_ota_mgr:s0 tcontext=u:r:hht_ota_mgr:s0 tclass=udp_socket permissive=0
11-11 00:00:39.519 2717 2717 I auditd : type=1400 audit(0.0:8087727): avc: denied { read } for comm="event_loop" lport=13400 scontext=u:r:hht_ota_mgr:s0 tcontext=u:r:hht_ota_mgr:s0 tclass=udp_socket permissive=0
11-11 00:00:39.519 2717 2717 I auditd : type=1400 audit(0.0:8087728): avc: denied { read } for comm="event_loop" lport=13400 scontext=u:r:hht_ota_mgr:s0 tcontext=u:r:hht_ota_mgr:s0 tclass=udp_socket permissive=0
11-11 00:00:39.519 2717 2717 I auditd : type=1400 audit(0.0:8087729): avc: denied { read } for comm="event_loop" lport=13400 scontext=u:r:hht_ota_mgr:s0 tcontext=u:r:hht_ota_mgr:s0 tclass=udp_socket permissive=0
01-01 08:01:43.727 0 0 W audit : audit_lost=8087265 audit_rate_limit=5 audit_backlog_limit=64
01-01 08:01:43.727 0 0 E audit : rate limit exceeded
01-01 08:01:43.937 0 0 I : boot log copy done
11-11 00:00:40.523 2717 2717 I auditd : type=1400 audit(0.0:8357480): avc: denied { read } for comm="event_loop" lport=13400 scontext=u:r:hht_ota_mgr:s0 tcontext=u:r:hht_ota_mgr:s0 tclass=udp_socket permissive=0
11-11 00:00:40.523 2717 2717 I auditd : type=1400 audit(0.0:8357481): avc: denied { read } for comm="event_loop" lport=13400 scontext=u:r:hht_ota_mgr:s0 tcontext=u:r:hht_ota_mgr:s0 tclass=udp_socket permissive=0
11-11 00:00:40.523 2717 2717 I auditd : type=1400 audit(0.0:8357482): avc: denied { read } for comm="event_loop" lport=13400 scontext=u:r:hht_ota_mgr:s0 tcontext=u:r:hht_ota_mgr:s0 tclass=udp_socket permissive=0
11-11 00:00:40.523 2717 2717 I auditd : type=1400 audit(0.0:8357483): avc: denied { read } for comm="event_loop" lport=13400 scontext=u:r:hht_ota_mgr:s0 tcontext=u:r:hht_ota_mgr:s0 tclass=udp_socket permissive=0
11-11 00:00:40.523 2717 2717 I auditd : type=1400 audit(0.0:8357484): avc: denied { read } for comm="event_loop" lport=13400 scontext=u:r:hht_ota_mgr:s0 tcontext=u:r:hht_ota_mgr:s0 tclass=udp_socket permissive=0
01-01 08:01:44.731 0 0 W audit : audit_lost=8357015 audit_rate_limit=5 audit_backlog_limit=64
01-01 08:01:44.731 0 0 E audit : rate limit exceeded
11-11 00:00:41.527 2717 2717 I auditd : type=1400 audit(0.0:8627090): avc: denied { read } for comm="event_loop" lport=13400 scontext=u:r:hht_ota_mgr:s0 tcontext=u:r:hht_ota_mgr:s0 tclass=udp_socket permissive=0
11-11 00:00:41.527 2717 2717 I auditd : type=1400 audit(0.0:8627091): avc: denied { read } for comm="event_loop" lport=13400 scontext=u:r:hht_ota_mgr:s0 tcontext=u:r:hht_ota_mgr:s0 tclass=udp_socket permissive=0
11-11 00:00:41.527 2717 2717 I auditd : type=1400 audit(0.0:8627092): avc: denied { read } for comm="event_loop" lport=13400 scontext=u:r:hht_ota_mgr:s0 tcontext=u:r:hht_ota_mgr:s0 tclass=udp_socket permissive=0
11-11 00:00:41.527 2717 2717 I auditd : type=1400 audit(0.0:8627093): avc: denied { read } for comm="event_loop" lport=13400 scontext=u:r:hht_ota_mgr:s0 tcontext=u:r:hht_ota_mgr:s0 tclass=udp_socket permissive=0
11-11 00:00:41.527 2717 2717 I auditd : type=1400 audit(0.0:8627094): avc: denied { read } for comm="event_loop" lport=13400 scontext=u:r:hht_ota_mgr:s0 tcontext=u:r:hht_ota_mgr:s0 tclass=udp_socket permissive=0
01-01 08:01:45.735 0 0 W audit : audit_lost=8626620 audit_rate_limit=5 audit_backlog_limit=64
01-01 08:01:45.735 0 0 E audit : rate limit exceeded
11-11 00:00:42.013 1496 1638 V DisplayPowerController[0]: Brightness [0.05] reason changing to: 'manual [ dim ]', previous reason: 'manual'.
11-11 00:00:42.013 1496 1638 I sysui_multi_action: [757,1696,758,6,759,2]
11-11 00:00:42.014 1496 1981 E DisplayDeviceConfig: requesting nits when no mapping exists.
11-11 00:00:42.014 1496 1981 E DisplayDeviceConfig: requesting nits when no mapping exists.
11-11 00:00:42.015 1496 1621 I am_wtf : [0,1496,system_server,-1,DisplayDeviceConfig,requesting nits when no mapping exists.]
11-11 00:00:42.016 1496 1621 I DropBoxManagerService: add tag=system_server_wtf isTagEnabled=true flags=0x2
11-11 00:00:42.017 1496 1621 I am_wtf : [0,1496,system_server,-1,DisplayDeviceConfig,requesting nits when no mapping exists.]
11-11 00:00:42.018 1496 1621 I DropBoxManagerService: add tag=system_server_wtf isTagEnabled=true flags=0x2
11-11 00:00:42.527 2717 2717 I auditd : type=1400 audit(0.0:8897465): avc: denied { read } for comm="event_loop" lport=13400 scontext=u:r:hht_ota_mgr:s0 tcontext=u:r:hht_ota_mgr:s0 tclass=udp_socket permissive=0
11-11 00:00:42.531 2717 2717 I auditd : type=1400 audit(0.0:8897466): avc: denied { read } for comm="event_loop" lport=13400 scontext=u:r:hht_ota_mgr:s0 tcontext=u:r:hht_ota_mgr:s0 tclass=udp_socket permissive=0
11-11 00:00:42.531 2717 2717 I auditd : type=1400 audit(0.0:8897467): avc: denied { read } for comm="event_loop" lport=13400 scontext=u:r:hht_ota_mgr:s0 tcontext=u:r:hht_ota_mgr:s0 tclass=udp_socket permissive=0
11-11 00:00:42.531 2717 2717 I auditd : type=1400 audit(0.0:8897468): avc: denied { read } for comm="event_loop" lport=13400 scontext=u:r:hht_ota_mgr:s0 tcontext=u:r:hht_ota_mgr:s0 tclass=udp_socket permissive=0
11-11 00:00:42.531 2717 2717 I auditd : type=1400 audit(0.0:8897469): avc: denied { read } for comm="event_loop" lport=13400 scontext=u:r:hht_ota_mgr:s0 tcontext=u:r:hht_ota_mgr:s0 tclass=udp_socket permissive=0
01-01 08:01:46.739 0 0 W audit : audit_lost=8896990 audit_rate_limit=5 audit_backlog_limit=64
01-01 08:01:46.739 0 0 E audit : rate limit exceeded
11-11 00:00:43.535 2717 2717 I auditd : type=1400 audit(0.0:9167729): avc: denied { read } for comm="event_loop" lport=13400 scontext=u:r:hht_ota_mgr:s0 tcontext=u:r:hht_ota_mgr:s0 tclass=udp_socket permissive=0
11-11 00:00:43.535 2717 2717 I auditd : type=1400 audit(0.0:9167730): avc: denied { read } for comm="event_loop" lport=13400 scontext=u:r:hht_ota_mgr:s0 tcontext=u:r:hht_ota_mgr:s0 tclass=udp_socket permissive=0
11-11 00:00:43.535 2717 2717 I auditd : type=1400 audit(0.0:9167731): avc: denied { read } for comm="event_loop" lport=13400 scontext=u:r:hht_ota_mgr:s0 tcontext=u:r:hht_ota_mgr:s0 tclass=udp_socket permissive=0
11-11 00:00:43.535 2717 2717 I auditd : type=1400 audit(0.0:9167732): avc: denied { read } for comm="event_loop" lport=13400 scontext=u:r:hht_ota_mgr:s0 tcontext=u:r:hht_ota_mgr:s0 tclass=udp_socket permissive=0
11-11 00:00:43.535 2717 2717 I auditd : type=1400 audit(0.0:9167733): avc: denied { read } for comm="event_loop" lport=13400 scontext=u:r:hht_ota_mgr:s0 tcontext=u:r:hht_ota_mgr:s0 tclass=udp_socket permissive=0
01-01 08:01:47.743 0 0 W audit : audit_lost=9167249 audit_rate_limit=5 audit_backlog_limit=64
01-01 08:01:47.743 0 0 E audit : rate limit exceeded
01-01 08:01:48.210 0 0 I [dp_rx_][0x7b82e4a1][00:00:44.003316] wlan: [3357:I:QDF] DHCP-R RX: SA:04:7f:0e:c7:f0:e1 DA:ff:ff:ff:ff:ff:ff
11-11 00:00:44.539 2717 2717 I auditd : type=1400 audit(0.0:9438199): avc: denied { read } for comm="event_loop" lport=13400 scontext=u:r:hht_ota_mgr:s0 tcontext=u:r:hht_ota_mgr:s0 tclass=udp_socket permissive=0
11-11 00:00:44.539 2717 2717 I auditd : type=1400 audit(0.0:9438200): avc: denied { read } for comm="event_loop" lport=13400 scontext=u:r:hht_ota_mgr:s0 tcontext=u:r:hht_ota_mgr:s0 tclass=udp_socket permissive=0
11-11 00:00:44.539 2717 2717 I auditd : type=1400 audit(0.0:9438201): avc: denied { read } for comm="event_loop" lport=13400 scontext=u:r:hht_ota_mgr:s0 tcontext=u:r:hht_ota_mgr:s0 tclass=udp_socket permissive=0
11-11 00:00:44.539 2717 2717 I auditd : type=1400 audit(0.0:9438202): avc: denied { read } for comm="event_loop" lport=13400 scontext=u:r:hht_ota_mgr:s0 tcontext=u:r:hht_ota_mgr:s0 tclass=udp_socket permissive=0
11-11 00:00:44.539 2717 2717 I auditd : type=1400 audit(0.0:9438203): avc: denied { read } for comm="event_loop" lport=13400 scontext=u:r:hht_ota_mgr:s0 tcontext=u:r:hht_ota_mgr:s0 tclass=udp_socket permissive=0
01-01 08:01:48.747 0 0 W audit : audit_lost=9437714 audit_rate_limit=5 audit_backlog_limit=64
01-01 08:01:48.747 0 0 E audit : rate limit exceeded
11-11 00:00:45.539 2717 2717 I auditd : type=1400 audit(0.0:9707893): avc: denied { read } for comm="event_loop" lport=13400 scontext=u:r:hht_ota_mgr:s0 tcontext=u:r:hht_ota_mgr:s0 tclass=udp_socket permissive=0
11-11 00:00:45.543 2717 2717 I auditd : type=1400 audit(0.0:9707894): avc: denied { read } for comm="event_loop" lport=13400 scontext=u:r:hht_ota_mgr:s0 tcontext=u:r:hht_ota_mgr:s0 tclass=udp_socket permissive=0
11-11 00:00:45.543 2717 2717 I auditd : type=1400 audit(0.0:9707895): avc: denied { read } for comm="event_loop" lport=13400 scontext=u:r:hht_ota_mgr:s0 tcontext=u:r:hht_ota_mgr:s0 tclass=udp_socket permissive=0
11-11 00:00:45.543 2717 2717 I auditd : type=1400 audit(0.0:9707896): avc: denied { read } for comm="event_loop" lport=13400 scontext=u:r:hht_ota_mgr:s0 tcontext=u:r:hht_ota_mgr:s0 tclass=udp_socket permissive=0
11-11 00:00:45.543 2717 2717 I auditd : type=1400 audit(0.0:9707897): avc: denied { read } for comm="event_loop" lport=13400 scontext=u:r:hht_ota_mgr:s0 tcontext=u:r:hht_ota_mgr:s0 tclass=udp_socket permissive=0
01-01 08:01:49.751 0 0 W audit : audit_lost=9707403 audit_rate_limit=5 audit_backlog_limit=64
01-01 08:01:49.751 0 0 E audit : rate limit exceeded
11-11 00:00:46.547 2717 2717 I auditd : type=1400 audit(0.0:9978626): avc: denied { read } for comm="event_loop" lport=13400 scontext=u:r:hht_ota_mgr:s0 tcontext=u:r:hht_ota_mgr:s0 tclass=udp_socket permissive=0
11-11 00:00:46.547 2717 2717 I auditd : type=1400 audit(0.0:9978627): avc: denied { read } for comm="event_loop" lport=13400 scontext=u:r:hht_ota_mgr:s0 tcontext=u:r:hht_ota_mgr:s0 tclass=udp_socket permissive=0
11-11 00:00:46.547 2717 2717 I auditd : type=1400 audit(0.0:9978628): avc: denied { read } for comm="event_loop" lport=13400 scontext=u:r:hht_ota_mgr:s0 tcontext=u:r:hht_ota_mgr:s0 tclass=udp_socket permissive=0
11-11 00:00:46.547 2717 2717 I auditd : type=1400 audit(0.0:9978629): avc: denied { read } for comm="event_loop" lport=13400 scontext=u:r:hht_ota_mgr:s0 tcontext=u:r:hht_ota_mgr:s0 tclass=udp_socket permissive=0
11-11 00:00:46.547 2717 2717 I auditd : type=1400 audit(0.0:9978630): avc: denied { read } for comm="event_loop" lport=13400 scontext=u:r:hht_ota_mgr:s0 tcontext=u:r:hht_ota_mgr:s0 tclass=udp_socket permissive=0
01-01 08:01:50.755 0 0 W audit : audit_lost=9978131 audit_rate_limit=5 audit_backlog_limit=64
01-01 08:01:50.755 0 0 E audit : rate limit exceeded
11-11 00:00:47.551 2717 2717 I auditd : type=1400 audit(0.0:10249099): avc: denied { read } for comm="event_loop" lport=13400 scontext=u:r:hht_ota_mgr:s0 tcontext=u:r:hht_ota_mgr:s0 tclass=udp_socket permissive=0
01-01 08:01:51.759 0 0 W audit : audit_lost=10248599 audit_rate_limit=5 audit_backlog_limit=64
11-11 00:00:47.551 2717 2717 I auditd : type=1400 audit(0.0:10249100): avc: denied { read } for comm="event_loop" lport=13400 scontext=u:r:hht_ota_mgr:s0 tcontext=u:r:hht_ota_mgr:s0 tclass=udp_socket permissive=0
01-01 08:01:51.759 0 0 E audit : rate limit exceeded
11-11 00:00:47.551 2717 2717 I auditd : type=1400 audit(0.0:10249101): avc: denied { read } for comm="event_loop" lport=13400 scontext=u:r:hht_ota_mgr:s0 tcontext=u:r:hht_ota_mgr:s0 tclass=udp_socket permissive=0
11-11 00:00:47.551 2717 2717 I auditd : type=1400 audit(0.0:10249102): avc: denied { read } for comm="event_loop" lport=13400 scontext=u:r:hht_ota_mgr:s0 tcontext=u:r:hht_ota_mgr:s0 tclass=udp_socket permissive=0
11-11 00:00:47.551 2717 2717 I auditd : type=1400 audit(0.0:10249103): avc: denied { read } for comm="event_loop" lport=13400 scontext=u:r:hht_ota_mgr:s0 tcontext=u:r:hht_ota_mgr:s0 tclass=udp_socket permissive=0
11-11 00:00:48.551 2717 2717 I auditd : type=1400 audit(0.0:10519518): avc: denied { read } for comm="event_loop" lport=13400 scontext=u:r:hht_ota_mgr:s0 tcontext=u:r:hht_ota_mgr:s0 tclass=udp_socket permissive=0
01-01 08:01:52.763 0 0 W audit : audit_lost=10519013 audit_rate_limit=5 audit_backlog_limit=64
01-01 08:01:52.763 0 0 E audit : rate limit exceeded
11-11 00:00:48.555 2717 2717 I auditd : type=1400 audit(0.0:10519519): avc: denied { read } for comm="event_loop" lport=13400 scontext=u:r:hht_ota_mgr:s0 tcontext=u:r:hht_ota_mgr:s0 tclass=udp_socket permissive=0
11-11 00:00:48.555 2717 2717 I auditd : type=1400 audit(0.0:10519520): avc: denied { read } for comm="event_loop" lport=13400 scontext=u:r:hht_ota_mgr:s0 tcontext=u:r:hht_ota_mgr:s0 tclass=udp_socket permissive=0
11-11 00:00:48.555 2717 2717 I auditd : type=1400 audit(0.0:10519521): avc: denied { read } for comm="event_loop" lport=13400 scontext=u:r:hht_ota_mgr:s0 tcontext=u:r:hht_ota_mgr:s0 tclass=udp_socket permissive=0
11-11 00:00:48.555 2717 2717 I auditd : type=1400 audit(0.0:10519522): avc: denied { read } for comm="event_loop" lport=13400 scontext=u:r:hht_ota_mgr:s0 tcontext=u:r:hht_ota_mgr:s0 tclass=udp_socket permissive=0
11-11 00:00:49.555 2717 2717 I auditd : type=1400 audit(0.0:10789557): avc: denied { read } for comm="event_loop" lport=13400 scontext=u:r:hht_ota_mgr:s0 tcontext=u:r:hht_ota_mgr:s0 tclass=udp_socket permissive=0
01-01 08:01:53.767 0 0 W audit : audit_lost=10789047 audit_rate_limit=5 audit_backlog_limit=64
01-01 08:01:53.767 0 0 E audit : rate limit exceeded
11-11 00:00:49.559 2717 2717 I auditd : type=1400 audit(0.0:10789558): avc: denied { read } for comm="event_loop" lport=13400 scontext=u:r:hht_ota_mgr:s0 tcontext=u:r:hht_ota_mgr:s0 tclass=udp_socket permissive=0
11-11 00:00:49.559 2717 2717 I auditd : type=1400 audit(0.0:10789559): avc: denied { read } for comm="event_loop" lport=13400 scontext=u:r:hht_ota_mgr:s0 tcontext=u:r:hht_ota_mgr:s0 tclass=udp_socket permissive=0
11-11 00:00:49.559 2717 2717 I auditd : type=1400 audit(0.0:10789560): avc: denied { read } for comm="event_loop" lport=13400 scontext=u:r:hht_ota_mgr:s0 tcontext=u:r:hht_ota_mgr:s0 tclass=udp_socket permissive=0
