01-01 08:00:11.864 1496 1496 W android.permission.PermissionManager: Missing ActivityManager; assuming 1000 holds android.permission.SET_PREFERRED_APPLICATIONS
01-01 08:00:11.864 1496 1496 W android.permission.PermissionManager: Missing ActivityManager; assuming 1000 holds android.permission.SET_PREFERRED_APPLICATIONS
01-01 08:00:11.864 1496 1496 W android.permission.PermissionManager: Missing ActivityManager; assuming 1000 holds android.permission.SET_PREFERRED_APPLICATIONS
01-01 08:00:11.865 1496 1496 W android.permission.PermissionManager: Missing ActivityManager; assuming 1000 holds android.permission.SET_PREFERRED_APPLICATIONS
01-01 08:00:11.865 1496 1496 W android.permission.PermissionManager: Missing ActivityManager; assuming 1000 holds android.permission.SET_PREFERRED_APPLICATIONS
01-01 08:00:11.865 1496 1496 W android.permission.PermissionManager: Missing ActivityManager; assuming 1000 holds android.permission.SET_PREFERRED_APPLICATIONS
01-01 08:00:11.865 1496 1496 W android.permission.PermissionManager: Missing ActivityManager; assuming 1000 holds android.permission.SET_PREFERRED_APPLICATIONS
01-01 08:00:11.865 1496 1496 W android.permission.PermissionManager: Missing ActivityManager; assuming 1000 holds android.permission.SET_PREFERRED_APPLICATIONS
01-01 08:00:11.865 1496 1496 W android.permission.PermissionManager: Missing ActivityManager; assuming 1000 holds android.permission.SET_PREFERRED_APPLICATIONS
01-01 08:00:11.866 1496 1496 W android.permission.PermissionManager: Missing ActivityManager; assuming 1000 holds android.permission.SET_PREFERRED_APPLICATIONS
01-01 08:00:11.866 1496 1496 W android.permission.PermissionManager: Missing ActivityManager; assuming 1000 holds android.permission.SET_PREFERRED_APPLICATIONS
01-01 08:00:11.866 1496 1496 W android.permission.PermissionManager: Missing ActivityManager; assuming 1000 holds android.permission.SET_PREFERRED_APPLICATIONS
01-01 08:00:11.866 1496 1496 W android.permission.PermissionManager: Missing ActivityManager; assuming 1000 holds android.permission.SET_PREFERRED_APPLICATIONS
01-01 08:00:11.866 1496 1496 W android.permission.PermissionManager: Missing ActivityManager; assuming 1000 holds android.permission.SET_PREFERRED_APPLICATIONS
01-01 08:00:11.866 1496 1496 W android.permission.PermissionManager: Missing ActivityManager; assuming 1000 holds android.permission.SET_PREFERRED_APPLICATIONS
01-01 08:00:11.866 1496 1496 W android.permission.PermissionManager: Missing ActivityManager; assuming 1000 holds android.permission.SET_PREFERRED_APPLICATIONS
01-01 08:00:11.867 1496 1496 W android.permission.PermissionManager: Missing ActivityManager; assuming 1000 holds android.permission.SET_PREFERRED_APPLICATIONS
01-01 08:00:11.867 1496 1496 W android.permission.PermissionManager: Missing ActivityManager; assuming 1000 holds android.permission.SET_PREFERRED_APPLICATIONS
01-01 08:00:11.867 1496 1496 W android.permission.PermissionManager: Missing ActivityManager; assuming 1000 holds android.permission.SET_PREFERRED_APPLICATIONS
01-01 08:00:11.867 1496 1496 W android.permission.PermissionManager: Missing ActivityManager; assuming 1000 holds android.permission.SET_PREFERRED_APPLICATIONS
01-01 08:00:11.868 1496 1496 W android.permission.PermissionManager: Missing ActivityManager; assuming 1000 holds android.permission.SET_PREFERRED_APPLICATIONS
01-01 08:00:11.868 1496 1496 W android.permission.PermissionManager: Missing ActivityManager; assuming 1000 holds android.permission.SET_PREFERRED_APPLICATIONS
01-01 08:00:11.868 1496 1496 W android.permission.PermissionManager: Missing ActivityManager; assuming 1000 holds android.permission.SET_PREFERRED_APPLICATIONS
01-01 08:00:11.868 1496 1496 W android.permission.PermissionManager: Missing ActivityManager; assuming 1000 holds android.permission.SET_PREFERRED_APPLICATIONS
01-01 08:00:11.868 1496 1496 W android.permission.PermissionManager: Missing ActivityManager; assuming 1000 holds android.permission.SET_PREFERRED_APPLICATIONS
01-01 08:00:11.869 1496 1496 W android.permission.PermissionManager: Missing ActivityManager; assuming 1000 holds android.permission.SET_PREFERRED_APPLICATIONS
01-01 08:00:11.869 1496 1496 W android.permission.PermissionManager: Missing ActivityManager; assuming 1000 holds android.permission.SET_PREFERRED_APPLICATIONS
01-01 08:00:11.869 1496 1496 W android.permission.PermissionManager: Missing ActivityManager; assuming 1000 holds android.permission.SET_PREFERRED_APPLICATIONS
01-01 08:00:11.869 1496 1496 W android.permission.PermissionManager: Missing ActivityManager; assuming 1000 holds android.permission.SET_PREFERRED_APPLICATIONS
01-01 08:00:11.869 1496 1496 W android.permission.PermissionManager: Missing ActivityManager; assuming 1000 holds android.permission.SET_PREFERRED_APPLICATIONS
01-01 08:00:11.869 1496 1496 W android.permission.PermissionManager: Missing ActivityManager; assuming 1000 holds android.permission.SET_PREFERRED_APPLICATIONS
01-01 08:00:11.870 1496 1496 W android.permission.PermissionManager: Missing ActivityManager; assuming 1000 holds android.permission.SET_PREFERRED_APPLICATIONS
01-01 08:00:11.870 1496 1496 W android.permission.PermissionManager: Missing ActivityManager; assuming 1000 holds android.permission.SET_PREFERRED_APPLICATIONS
01-01 08:00:11.870 1496 1496 W android.permission.PermissionManager: Missing ActivityManager; assuming 1000 holds android.permission.SET_PREFERRED_APPLICATIONS
01-01 08:00:11.870 1496 1496 W android.permission.PermissionManager: Missing ActivityManager; assuming 1000 holds android.permission.SET_PREFERRED_APPLICATIONS
01-01 08:00:11.870 1496 1496 W android.permission.PermissionManager: Missing ActivityManager; assuming 1000 holds android.permission.SET_PREFERRED_APPLICATIONS
01-01 08:00:11.870 1496 1496 W android.permission.PermissionManager: Missing ActivityManager; assuming 1000 holds android.permission.SET_PREFERRED_APPLICATIONS
01-01 08:00:11.870 1496 1496 W android.permission.PermissionManager: Missing ActivityManager; assuming 1000 holds android.permission.SET_PREFERRED_APPLICATIONS
01-01 08:00:11.870 1496 1496 W android.permission.PermissionManager: Missing ActivityManager; assuming 1000 holds android.permission.SET_PREFERRED_APPLICATIONS
01-01 08:00:11.871 1496 1496 W android.permission.PermissionManager: Missing ActivityManager; assuming 1000 holds android.permission.SET_PREFERRED_APPLICATIONS
01-01 08:00:11.871 1496 1496 W android.permission.PermissionManager: Missing ActivityManager; assuming 1000 holds android.permission.SET_PREFERRED_APPLICATIONS
01-01 08:00:11.871 1496 1496 W android.permission.PermissionManager: Missing ActivityManager; assuming 1000 holds android.permission.SET_PREFERRED_APPLICATIONS
01-01 08:00:11.871 1496 1496 W android.permission.PermissionManager: Missing ActivityManager; assuming 1000 holds android.permission.SET_PREFERRED_APPLICATIONS
01-01 08:00:11.871 1496 1496 W android.permission.PermissionManager: Missing ActivityManager; assuming 1000 holds android.permission.SET_PREFERRED_APPLICATIONS
01-01 08:00:11.871 1496 1496 W android.permission.PermissionManager: Missing ActivityManager; assuming 1000 holds android.permission.SET_PREFERRED_APPLICATIONS
01-01 08:00:11.871 1496 1496 W android.permission.PermissionManager: Missing ActivityManager; assuming 1000 holds android.permission.SET_PREFERRED_APPLICATIONS
01-01 08:00:11.871 1496 1496 W android.permission.PermissionManager: Missing ActivityManager; assuming 1000 holds android.permission.SET_PREFERRED_APPLICATIONS
01-01 08:00:11.872 1496 1496 W android.permission.PermissionManager: Missing ActivityManager; assuming 1000 holds android.permission.SET_PREFERRED_APPLICATIONS
01-01 08:00:11.872 1496 1496 W android.permission.PermissionManager: Missing ActivityManager; assuming 1000 holds android.permission.SET_PREFERRED_APPLICATIONS
01-01 08:00:11.872 1496 1496 W android.permission.PermissionManager: Missing ActivityManager; assuming 1000 holds android.permission.SET_PREFERRED_APPLICATIONS
01-01 08:00:11.872 1496 1496 W android.permission.PermissionManager: Missing ActivityManager; assuming 1000 holds android.permission.SET_PREFERRED_APPLICATIONS
01-01 08:00:11.872 1496 1496 W android.permission.PermissionManager: Missing ActivityManager; assuming 1000 holds android.permission.SET_PREFERRED_APPLICATIONS
01-01 08:00:11.872 1496 1496 W android.permission.PermissionManager: Missing ActivityManager; assuming 1000 holds android.permission.SET_PREFERRED_APPLICATIONS
01-01 08:00:11.872 1496 1496 W android.permission.PermissionManager: Missing ActivityManager; assuming 1000 holds android.permission.SET_PREFERRED_APPLICATIONS
01-01 08:00:11.872 1496 1496 W android.permission.PermissionManager: Missing ActivityManager; assuming 1000 holds android.permission.SET_PREFERRED_APPLICATIONS
01-01 08:00:11.872 1496 1496 W android.permission.PermissionManager: Missing ActivityManager; assuming 1000 holds android.permission.SET_PREFERRED_APPLICATIONS
01-01 08:00:11.873 1496 1496 W android.permission.PermissionManager: Missing ActivityManager; assuming 1000 holds android.permission.SET_PREFERRED_APPLICATIONS
01-01 08:00:11.873 1496 1496 W android.permission.PermissionManager: Missing ActivityManager; assuming 1000 holds android.permission.SET_PREFERRED_APPLICATIONS
01-01 08:00:11.873 1496 1496 W android.permission.PermissionManager: Missing ActivityManager; assuming 1000 holds android.permission.SET_PREFERRED_APPLICATIONS
01-01 08:00:11.873 1496 1496 W android.permission.PermissionManager: Missing ActivityManager; assuming 1000 holds android.permission.SET_PREFERRED_APPLICATIONS
01-01 08:00:11.873 1496 1496 W android.permission.PermissionManager: Missing ActivityManager; assuming 1000 holds android.permission.SET_PREFERRED_APPLICATIONS
01-01 08:00:11.873 1496 1496 W android.permission.PermissionManager: Missing ActivityManager; assuming 1000 holds android.permission.SET_PREFERRED_APPLICATIONS
01-01 08:00:11.873 1496 1496 W android.permission.PermissionManager: Missing ActivityManager; assuming 1000 holds android.permission.SET_PREFERRED_APPLICATIONS
01-01 08:00:11.873 1496 1496 W android.permission.PermissionManager: Missing ActivityManager; assuming 1000 holds android.permission.SET_PREFERRED_APPLICATIONS
01-01 08:00:11.873 1496 1496 W android.permission.PermissionManager: Missing ActivityManager; assuming 1000 holds android.permission.SET_PREFERRED_APPLICATIONS
01-01 08:00:11.873 1496 1496 W android.permission.PermissionManager: Missing ActivityManager; assuming 1000 holds android.permission.SET_PREFERRED_APPLICATIONS
01-01 08:00:11.874 1496 1496 W android.permission.PermissionManager: Missing ActivityManager; assuming 1000 holds android.permission.SET_PREFERRED_APPLICATIONS
01-01 08:00:11.874 1496 1496 W android.permission.PermissionManager: Missing ActivityManager; assuming 1000 holds android.permission.SET_PREFERRED_APPLICATIONS
01-01 08:00:11.874 1496 1496 W android.permission.PermissionManager: Missing ActivityManager; assuming 1000 holds android.permission.SET_PREFERRED_APPLICATIONS
01-01 08:00:11.874 1496 1496 W android.permission.PermissionManager: Missing ActivityManager; assuming 1000 holds android.permission.SET_PREFERRED_APPLICATIONS
01-01 08:00:11.874 1496 1496 W android.permission.PermissionManager: Missing ActivityManager; assuming 1000 holds android.permission.SET_PREFERRED_APPLICATIONS
01-01 08:00:11.874 1496 1496 W android.permission.PermissionManager: Missing ActivityManager; assuming 1000 holds android.permission.SET_PREFERRED_APPLICATIONS
01-01 08:00:11.874 1496 1496 W android.permission.PermissionManager: Missing ActivityManager; assuming 1000 holds android.permission.SET_PREFERRED_APPLICATIONS
01-01 08:00:11.875 1496 1496 W android.permission.PermissionManager: Missing ActivityManager; assuming 1000 holds android.permission.SET_PREFERRED_APPLICATIONS
01-01 08:00:11.875 1496 1496 W android.permission.PermissionManager: Missing ActivityManager; assuming 1000 holds android.permission.SET_PREFERRED_APPLICATIONS
01-01 08:00:11.875 1496 1496 W android.permission.PermissionManager: Missing ActivityManager; assuming 1000 holds android.permission.SET_PREFERRED_APPLICATIONS
01-01 08:00:11.875 1496 1496 W android.permission.PermissionManager: Missing ActivityManager; assuming 1000 holds android.permission.SET_PREFERRED_APPLICATIONS
01-01 08:00:11.875 1496 1496 W android.permission.PermissionManager: Missing ActivityManager; assuming 1000 holds android.permission.SET_PREFERRED_APPLICATIONS
01-01 08:00:11.875 1496 1496 W android.permission.PermissionManager: Missing ActivityManager; assuming 1000 holds android.permission.SET_PREFERRED_APPLICATIONS
01-01 08:00:11.875 1496 1496 W android.permission.PermissionManager: Missing ActivityManager; assuming 1000 holds android.permission.SET_PREFERRED_APPLICATIONS
01-01 08:00:11.875 1496 1496 W android.permission.PermissionManager: Missing ActivityManager; assuming 1000 holds android.permission.SET_PREFERRED_APPLICATIONS
01-01 08:00:11.876 1496 1496 W android.permission.PermissionManager: Missing ActivityManager; assuming 1000 holds android.permission.SET_PREFERRED_APPLICATIONS
01-01 08:00:11.876 1496 1496 W android.permission.PermissionManager: Missing ActivityManager; assuming 1000 holds android.permission.SET_PREFERRED_APPLICATIONS
01-01 08:00:11.876 1496 1496 W android.permission.PermissionManager: Missing ActivityManager; assuming 1000 holds android.permission.SET_PREFERRED_APPLICATIONS
01-01 08:00:11.876 1496 1496 W android.permission.PermissionManager: Missing ActivityManager; assuming 1000 holds android.permission.SET_PREFERRED_APPLICATIONS
01-01 08:00:11.876 1496 1496 W android.permission.PermissionManager: Missing ActivityManager; assuming 1000 holds android.permission.SET_PREFERRED_APPLICATIONS
01-01 08:00:11.876 1496 1496 W android.permission.PermissionManager: Missing ActivityManager; assuming 1000 holds android.permission.SET_PREFERRED_APPLICATIONS
01-01 08:00:11.876 1496 1496 W android.permission.PermissionManager: Missing ActivityManager; assuming 1000 holds android.permission.SET_PREFERRED_APPLICATIONS
01-01 08:00:11.876 1496 1496 W android.permission.PermissionManager: Missing ActivityManager; assuming 1000 holds android.permission.SET_PREFERRED_APPLICATIONS
01-01 08:00:11.877 1496 1496 W android.permission.PermissionManager: Missing ActivityManager; assuming 1000 holds android.permission.SET_PREFERRED_APPLICATIONS
01-01 08:00:11.877 1496 1496 W android.permission.PermissionManager: Missing ActivityManager; assuming 1000 holds android.permission.SET_PREFERRED_APPLICATIONS
01-01 08:00:11.877 1496 1496 W android.permission.PermissionManager: Missing ActivityManager; assuming 1000 holds android.permission.SET_PREFERRED_APPLICATIONS
01-01 08:00:11.877 1496 1496 W android.permission.PermissionManager: Missing ActivityManager; assuming 1000 holds android.permission.SET_PREFERRED_APPLICATIONS
01-01 08:00:11.877 1496 1496 W android.permission.PermissionManager: Missing ActivityManager; assuming 1000 holds android.permission.SET_PREFERRED_APPLICATIONS
01-01 08:00:11.877 1496 1496 W android.permission.PermissionManager: Missing ActivityManager; assuming 1000 holds android.permission.SET_PREFERRED_APPLICATIONS
01-01 08:00:11.877 1496 1496 W android.permission.PermissionManager: Missing ActivityManager; assuming 1000 holds android.permission.SET_PREFERRED_APPLICATIONS
01-01 08:00:11.877 1496 1496 W android.permission.PermissionManager: Missing ActivityManager; assuming 1000 holds android.permission.SET_PREFERRED_APPLICATIONS
01-01 08:00:11.877 1496 1496 W android.permission.PermissionManager: Missing ActivityManager; assuming 1000 holds android.permission.SET_PREFERRED_APPLICATIONS
01-01 08:00:11.878 1496 1496 W android.permission.PermissionManager: Missing ActivityManager; assuming 1000 holds android.permission.SET_PREFERRED_APPLICATIONS
01-01 08:00:11.878 1496 1496 W android.permission.PermissionManager: Missing ActivityManager; assuming 1000 holds android.permission.SET_PREFERRED_APPLICATIONS
01-01 08:00:11.878 1496 1496 W android.permission.PermissionManager: Missing ActivityManager; assuming 1000 holds android.permission.SET_PREFERRED_APPLICATIONS
01-01 08:00:11.878 1496 1496 W android.permission.PermissionManager: Missing ActivityManager; assuming 1000 holds android.permission.SET_PREFERRED_APPLICATIONS
01-01 08:00:11.878 1496 1496 W android.permission.PermissionManager: Missing ActivityManager; assuming 1000 holds android.permission.SET_PREFERRED_APPLICATIONS
01-01 08:00:11.878 1496 1496 W android.permission.PermissionManager: Missing ActivityManager; assuming 1000 holds android.permission.SET_PREFERRED_APPLICATIONS
01-01 08:00:11.887 1496 1496 W PackageSettings: Missing permission state for package: android.frameworkres.overlay
01-01 08:00:11.887 1496 1496 W PackageSettings: Missing permission state for package: com.android.cts.priv.ctsshim
01-01 08:00:11.887 1496 1496 W PackageSettings: Missing permission state for package: com.thundercomm.gamemode.provider
01-01 08:00:11.887 1496 1496 W PackageSettings: Missing permission state for package: com.android.internal.systemui.navbar.gestural_wide_back
01-01 08:00:11.887 1496 1496 W PackageSettings: Missing permission state for package: com.qualcomm.qti.gpudrivers.kona.api30
01-01 08:00:11.887 1496 1496 W PackageSettings: Missing permission state for package: com.android.htmlviewer
01-01 08:00:11.887 1496 1496 W PackageSettings: Missing permission state for package: com.android.internal.systemui.onehanded.gestural
01-01 08:00:11.887 1496 1496 W PackageSettings: Missing permission state for package: android.qvaoverlay.common
01-01 08:00:11.887 1496 1496 W PackageSettings: Missing permission state for package: android.overlay.common
01-01 08:00:11.887 1496 1496 W PackageSettings: Missing permission state for package: com.android.connectivity.resources
01-01 08:00:11.887 1496 1496 W PackageSettings: Missing permission state for package: com.android.modulemetadata
01-01 08:00:11.887 1496 1496 W PackageSettings: Missing permission state for package: android.overlay.target
01-01 08:00:11.888 1496 1496 W PackageSettings: Missing permission state for package: com.android.internal.systemui.navbar.gestural_extra_wide_back
01-01 08:00:11.888 1496 1496 W PackageSettings: Missing permission state for package: com.android.wifi.resources.overlay.common
01-01 08:00:11.888 1496 1496 W PackageSettings: Missing permission state for package: com.android.dreams.basic
01-01 08:00:11.888 1496 1496 W PackageSettings: Missing permission state for package: com.android.settings.overlay.common
01-01 08:00:11.888 1496 1496 W PackageSettings: Missing permission state for package: android.ext.shared
01-01 08:00:11.888 1496 1496 W PackageSettings: Missing permission state for package: com.android.wifi.resources.overlay.target
01-01 08:00:11.888 1496 1496 W PackageSettings: Missing permission state for package: com.android.wifi.resources
01-01 08:00:11.888 1496 1496 W PackageSettings: Missing permission state for package: com.android.systemui.overlay.common
01-01 08:00:11.888 1496 1496 W PackageSettings: Missing permission state for package: com.android.cameraextensions
01-01 08:00:11.888 1496 1496 W PackageSettings: Missing permission state for package: com.android.theme.font.notoserifsource
01-01 08:00:11.888 1496 1496 W PackageSettings: Missing permission state for package: com.android.internal.display.cutout.emulation.waterfall
01-01 08:00:11.888 1496 1496 W PackageSettings: Missing permission state for package: com.android.providers.settings.overlay
01-01 08:00:11.888 1496 1496 W PackageSettings: Missing permission state for package: com.android.bookmarkprovider
01-01 08:00:11.888 1496 1496 W PackageSettings: Missing permission state for package: com.android.cts.ctsshim
01-01 08:00:11.888 1496 1496 W PackageSettings: Missing permission state for package: com.qualcomm.qti.xrcb
01-01 08:00:11.888 1496 1496 W PackageSettings: Missing permission state for package: com.android.internal.systemui.navbar.gestural
01-01 08:00:11.888 1496 1496 W PackageSettings: Missing permission state for package: com.android.internal.systemui.navbar.gestural_narrow_back
01-01 08:00:11.888 1496 1496 W PackageSettings: Missing permission state for package: com.android.cellbroadcastreceiver.overlay.common
01-01 08:00:11.888 1496 1496 W PackageSettings: Missing permission state for shared user: android.uid.log
01-01 08:00:11.888 1496 1496 W PackageSettings: Missing permission state for shared user: android.uid.uwb
01-01 08:00:11.887 990 990 I auditd : type=1400 audit(0.0:218): avc: denied { read write } for comm="sensors.qti" name="diag" dev="tmpfs" ino=11936 scontext=u:r:vendor_sensors_qti:s0 tcontext=u:object_r:vendor_diag_device:s0 tclass=chr_file permissive=0
01-01 08:00:11.906 1496 1496 I boot_progress_pms_system_scan_start: 9382
01-01 08:00:11.907 1496 1496 D PackageManager: Keeping known cache 51798739cd6de3aedf2a6534bff0b68ba61eb21e
01-01 08:00:11.910 1496 1496 W android.permission.PermissionManager: Missing ActivityManager; assuming 1000 holds android.permission.WATCH_APPOPS
01-01 08:00:11.911 1496 1496 W android.permission.PermissionManager: Missing ActivityManager; assuming 1000 holds android.permission.WATCH_APPOPS
01-01 08:00:11.922 1496 1496 D CompatibilityChangeReporter: Compat change id reported: 143539591; UID -1; state: ENABLED
01-01 08:00:11.946 1496 1496 D CompatibilityChangeReporter: Compat change id reported: 143539591; UID -1; state: DISABLED
01-01 08:00:11.946 1496 1496 D CompatibilityChangeReporter: Compat change id reported: 168782947; UID -1; state: ENABLED
01-01 08:00:11.948 1496 1496 W PackageManager: Failed to parse /system/framework/arm64: Missing base APK in /system/framework/arm64
01-01 08:00:11.949 1496 1496 W PackageManager: Failed to parse /system/framework/oat: Missing base APK in /system/framework/oat
01-01 08:00:11.949 1496 1496 W PackageManager: Failed to parse /system/framework/arm: Missing base APK in /system/framework/arm
01-01 08:00:12.037 1496 1657 D CompatibilityChangeReporter: Compat change id reported: 150232615; UID -1; state: DISABLED
01-01 08:00:12.048 1496 1657 W PackageParsing: No actions in intent-filter at /system/priv-app/baidu_ime-mainLine-release/baidu_ime-mainLine-release.apk Binary XML file line #1529
01-01 08:00:12.053 1496 1496 D CompatibilityChangeReporter: Compat change id reported: 168782947; UID -1; state: DISABLED
01-01 08:00:12.087 990 990 I auditd : type=1400 audit(0.0:219): avc: denied { read write } for comm="sensors.qti" name="diag" dev="tmpfs" ino=11936 scontext=u:r:vendor_sensors_qti:s0 tcontext=u:object_r:vendor_diag_device:s0 tclass=chr_file permissive=0
01-01 08:00:12.098 1496 1655 W PackageParsing: Ignoring duplicate uses-permissions/uses-permissions-sdk-m: android.permission.ACCESS_WIFI_STATE in package: com.microsoft.emmx at: Binary XML file line #105
01-01 08:00:12.141 1496 1658 W PackageParsing: No actions in intent-filter at /system/priv-app/BuiltInPrintService/BuiltInPrintService.apk Binary XML file line #53
01-01 08:00:12.164 1496 1658 W PackageParsing: No actions in intent-filter at /system/app/Bluetooth/Bluetooth.apk Binary XML file line #186
01-01 08:00:12.165 1496 1658 W PackageParsing: No actions in intent-filter at /system/app/Bluetooth/Bluetooth.apk Binary XML file line #210
01-01 08:00:12.165 1496 1658 W PackageParsing: No actions in intent-filter at /system/app/Bluetooth/Bluetooth.apk Binary XML file line #284
01-01 08:00:12.163 0 0 E : msm_qti_pp_get_rms_value_control, back not active to query rms be_idx:3
01-01 08:00:12.183 0 0 I core_get_license_status: cmdrsp_license_result.result = 0x15 for module 0x131ff
01-01 08:00:12.184 0 0 E msm_ext_disp_update_audio_ops: Display not found (EXT_DISPLAY_TYPE_DP) ctld (0) stream (0)
01-01 08:00:12.184 0 0 E msm_ext_disp_update_audio_ops: Display not found (EXT_DISPLAY_TYPE_HDMI) ctld (0) stream (0)
01-01 08:00:12.184 0 0 E msm_ext_disp_update_audio_ops: Display not found (EXT_DISPLAY_TYPE_DP) ctld (0) stream (0)
01-01 08:00:12.184 0 0 E msm_ext_disp_update_audio_ops: Display not found (EXT_DISPLAY_TYPE_DP) ctld (0) stream (0)
01-01 08:00:12.184 0 0 E msm_ext_disp_update_audio_ops: Display not found (EXT_DISPLAY_TYPE_DP) ctld (0) stream (0)
01-01 08:00:12.184 0 0 E msm-ext-disp-audio-codec-rx soc: qcom,msm-ext-disp:qcom,msm-ext-disp-audio-codec-rx: msm_ext_disp_audio_type_get: get_audio_edid_blk() or get_intf_id is NULL
01-01 08:00:12.185 0 0 E msm_ext_disp_update_audio_ops: Display not found (EXT_DISPLAY_TYPE_DP) ctld (0) stream (0)
01-01 08:00:12.185 0 0 E msm-ext-disp-audio-codec-rx soc: qcom,msm-ext-disp:qcom,msm-ext-disp-audio-codec-rx: msm_ext_disp_audio_type_get: get_audio_edid_blk() or get_intf_id is NULL
01-01 08:00:12.185 0 0 E msm_ext_disp_update_audio_ops: Display not found (EXT_DISPLAY_TYPE_DP) ctld (0) stream (0)
01-01 08:00:12.185 0 0 E msm-ext-disp-audio-codec-rx soc: qcom,msm-ext-disp:qcom,msm-ext-disp-audio-codec-rx: msm_ext_disp_audio_type_get: get_audio_edid_blk() or get_intf_id is NULL
01-01 08:00:12.187 0 0 E msm-ext-disp-audio-codec-rx soc: qcom,msm-ext-disp:qcom,msm-ext-disp-audio-codec-rx: msm_ext_disp_audio_device_get: invalid dai id: 4
01-01 08:00:12.202 0 0 E : msm_qti_pp_get_rms_value_control, back not active to query rms be_idx:3
01-01 08:00:12.212 0 0 I core_get_license_status: cmdrsp_license_result.result = 0x15 for module 0x131ff
01-01 08:00:12.215 1496 1496 W PackageManager: Failed to parse /vendor/app/CneApp: Missing base APK in /vendor/app/CneApp/lib/arm64
01-01 08:00:12.213 0 0 E msm_ext_disp_update_audio_ops: Display not found (EXT_DISPLAY_TYPE_DP) ctld (0) stream (0)
01-01 08:00:12.213 0 0 E msm_ext_disp_update_audio_ops: Display not found (EXT_DISPLAY_TYPE_HDMI) ctld (0) stream (0)
01-01 08:00:12.213 0 0 E msm_ext_disp_update_audio_ops: Display not found (EXT_DISPLAY_TYPE_DP) ctld (0) stream (0)
01-01 08:00:12.213 0 0 E msm_ext_disp_update_audio_ops: Display not found (EXT_DISPLAY_TYPE_DP) ctld (0) stream (0)
01-01 08:00:12.213 0 0 E msm_ext_disp_update_audio_ops: Display not found (EXT_DISPLAY_TYPE_DP) ctld (0) stream (0)
01-01 08:00:12.213 0 0 E msm-ext-disp-audio-codec-rx soc: qcom,msm-ext-disp:qcom,msm-ext-disp-audio-codec-rx: msm_ext_disp_audio_type_get: get_audio_edid_blk() or get_intf_id is NULL
01-01 08:00:12.214 0 0 E msm_ext_disp_update_audio_ops: Display not found (EXT_DISPLAY_TYPE_DP) ctld (0) stream (0)
01-01 08:00:12.214 0 0 E msm-ext-disp-audio-codec-rx soc: qcom,msm-ext-disp:qcom,msm-ext-disp-audio-codec-rx: msm_ext_disp_audio_type_get: get_audio_edid_blk() or get_intf_id is NULL
01-01 08:00:12.214 0 0 E msm_ext_disp_update_audio_ops: Display not found (EXT_DISPLAY_TYPE_DP) ctld (0) stream (0)
01-01 08:00:12.214 0 0 E msm-ext-disp-audio-codec-rx soc: qcom,msm-ext-disp:qcom,msm-ext-disp-audio-codec-rx: msm_ext_disp_audio_type_get: get_audio_edid_blk() or get_intf_id is NULL
01-01 08:00:12.216 0 0 E msm-ext-disp-audio-codec-rx soc: qcom,msm-ext-disp:qcom,msm-ext-disp-audio-codec-rx: msm_ext_disp_audio_device_get: invalid dai id: 4
01-01 08:00:12.260 0 0 E : msm_pcm_volume_ctl_get substream not found
01-01 08:00:12.262 0 0 E : msm_pcm_volume_ctl_get substream not found
01-01 08:00:12.287 990 990 I auditd : type=1400 audit(0.0:220): avc: denied { read write } for comm="sensors.qti" name="diag" dev="tmpfs" ino=11936 scontext=u:r:vendor_sensors_qti:s0 tcontext=u:object_r:vendor_diag_device:s0 tclass=chr_file permissive=0
01-01 08:00:12.345 1496 1656 W PackageParsing: Ignoring duplicate uses-permissions/uses-permissions-sdk-m: android.permission.CONFIGURE_WIFI_DISPLAY in package: com.android.systemui at: Binary XML file line #160
01-01 08:00:12.471 804 804 I auditd : type=1400 audit(0.0:221): avc: denied { read write } for comm="HwBinder:804_2" name="diag" dev="tmpfs" ino=11936 scontext=u:r:hal_audio_default:s0 tcontext=u:object_r:vendor_diag_device:s0 tclass=chr_file permissive=0
01-01 08:00:12.487 990 990 I auditd : type=1400 audit(0.0:222): avc: denied { read write } for comm="sensors.qti" name="diag" dev="tmpfs" ino=11936 scontext=u:r:vendor_sensors_qti:s0 tcontext=u:object_r:vendor_diag_device:s0 tclass=chr_file permissive=0
01-01 08:00:12.504 1496 1496 I PackageManager: /system_ext/priv-app/Settings changed; collecting certs
01-01 08:00:12.536 1496 1656 W PackageParsing: Ignoring duplicate uses-permissions/uses-permissions-sdk-m: android.permission.INTERACT_ACROSS_USERS in package: com.thundercomm.microsettings at: Binary XML file line #13
01-01 08:00:12.536 1496 1656 W PackageParsing: Ignoring duplicate uses-permissions/uses-permissions-sdk-m: android.permission.SET_TIME_ZONE in package: com.thundercomm.microsettings at: Binary XML file line #31
01-01 08:00:12.536 1496 1656 W PackageParsing: Ignoring duplicate uses-permissions/uses-permissions-sdk-m: android.permission.WRITE_EXTERNAL_STORAGE in package: com.thundercomm.microsettings at: Binary XML file line #37
01-01 08:00:12.538 1496 1655 W PackageParsing: No actions in intent-filter at /system_ext/app/SnapdragonMusic/SnapdragonMusic.apk Binary XML file line #83
01-01 08:00:12.539 1496 1655 W PackageParsing: No actions in intent-filter at /system_ext/app/SnapdragonMusic/SnapdragonMusic.apk Binary XML file line #206
01-01 08:00:12.570 1496 1496 W PackageManager: Skipping provider name com.android.permissioncontroller (in package com.android.permissioncontroller): name already used by com.android.settings
01-01 08:00:12.570 1496 1496 W PackageManager: Skipping provider name com.android.permissioncontroller.role (in package com.android.permissioncontroller): name already used by com.android.settings
01-01 08:00:12.583 1496 1496 I PackageManager: Finished scanning system apps. Time: 678 ms, packageCount: 135 , timePerPackage: 5 , cached: 0
01-01 08:00:12.583 1496 1496 I boot_progress_pms_data_scan_start: 10060
01-01 08:00:12.594 1496 1656 W PackageParsing: Ignoring duplicate uses-permissions/uses-permissions-sdk-m: android.permission.ACCESS_WIFI_STATE in package: com.tencent.qqmusicpad at: Binary XML file line #17
01-01 08:00:12.594 1496 1656 W PackageParsing: Unknown element under : supports-gl-texture at /data/app/~~_CQR8_vi9Z51qmAxaueOfQ==/com.tencent.qqmusicpad-faKV1tJ0CaRyLlrKa18lGA==/base.apk Binary XML file line #43
01-01 08:00:12.594 1496 1656 W PackageParsing: Unknown element under : supports-gl-texture at /data/app/~~_CQR8_vi9Z51qmAxaueOfQ==/com.tencent.qqmusicpad-faKV1tJ0CaRyLlrKa18lGA==/base.apk Binary XML file line #44
01-01 08:00:12.595 1496 1656 W PackageParsing: No actions in intent-filter at /data/app/~~_CQR8_vi9Z51qmAxaueOfQ==/com.tencent.qqmusicpad-faKV1tJ0CaRyLlrKa18lGA==/base.apk Binary XML file line #217
01-01 08:00:12.596 1496 1655 W PackageParsing: Ignoring duplicate uses-permissions/uses-permissions-sdk-m: android.permission.CAMERA in package: com.tencent.android.qqdownloader at: Binary XML file line #135
01-01 08:00:12.596 1496 1655 W PackageParsing: Ignoring duplicate uses-permissions/uses-permissions-sdk-m: android.permission.ACCESS_NETWORK_STATE in package: com.tencent.android.qqdownloader at: Binary XML file line #136
01-01 08:00:12.596 1496 1655 W PackageParsing: Ignoring duplicate uses-permissions/uses-permissions-sdk-m: android.permission.ACCESS_WIFI_STATE in package: com.tencent.android.qqdownloader at: Binary XML file line #137
01-01 08:00:12.596 1496 1655 W PackageParsing: Ignoring duplicate uses-permissions/uses-permissions-sdk-m: android.permission.CHANGE_WIFI_STATE in package: com.tencent.android.qqdownloader at: Binary XML file line #138
01-01 08:00:12.596 1496 1655 W PackageParsing: Ignoring duplicate uses-permissions/uses-permissions-sdk-m: android.permission.CHANGE_NETWORK_STATE in package: com.tencent.android.qqdownloader at: Binary XML file line #140
01-01 08:00:12.596 1496 1655 W PackageParsing: Ignoring duplicate uses-permissions/uses-permissions-sdk-m: android.permission.INTERNET in package: com.tencent.android.qqdownloader at: Binary XML file line #141
01-01 08:00:12.596 1496 1655 W PackageParsing: Ignoring duplicate uses-permissions/uses-permissions-sdk-m: android.permission.WRITE_EXTERNAL_STORAGE in package: com.tencent.android.qqdownloader at: Binary XML file line #145
01-01 08:00:12.596 1496 1655 W PackageParsing: Ignoring duplicate uses-permissions/uses-permissions-sdk-m: android.permission.INTERNET in package: com.tencent.android.qqdownloader at: Binary XML file line #169
01-01 08:00:12.596 1496 1655 W PackageParsing: Ignoring duplicate uses-permissions/uses-permissions-sdk-m: android.permission.ACCESS_NETWORK_STATE in package: com.tencent.android.qqdownloader at: Binary XML file line #170
01-01 08:00:12.596 1496 1655 W PackageParsing: Ignoring duplicate uses-permissions/uses-permissions-sdk-m: android.permission.ACCESS_WIFI_STATE in package: com.tencent.android.qqdownloader at: Binary XML file line #171
01-01 08:00:12.596 1496 1655 W PackageParsing: Ignoring duplicate uses-permissions/uses-permissions-sdk-m: android.permission.WAKE_LOCK in package: com.tencent.android.qqdownloader at: Binary XML file line #172
01-01 08:00:12.596 1496 1655 W PackageParsing: Ignoring duplicate uses-permissions/uses-permissions-sdk-m: android.permission.WRITE_EXTERNAL_STORAGE in package: com.tencent.android.qqdownloader at: Binary XML file line #174
01-01 08:00:12.596 1496 1655 W PackageParsing: Ignoring duplicate uses-permissions/uses-permissions-sdk-m: com.android.launcher.permission.INSTALL_SHORTCUT in package: com.tencent.android.qqdownloader at: Binary XML file line #176
01-01 08:00:12.596 1496 1655 W PackageParsing: Ignoring duplicate uses-permissions/uses-permissions-sdk-m: android.permission.CHANGE_WIFI_STATE in package: com.tencent.android.qqdownloader at: Binary XML file line #178
01-01 08:00:12.596 1496 1655 W PackageParsing: Ignoring duplicate uses-permissions/uses-permissions-sdk-m: android.permission.ACCESS_COARSE_LOCATION in package: com.tencent.android.qqdownloader at: Binary XML file line #179
01-01 08:00:12.596 1496 1655 W PackageParsing: Ignoring duplicate uses-permissions/uses-permissions-sdk-m: android.permission.INTERNET in package: com.tencent.android.qqdownloader at: Binary XML file line #215
01-01 08:00:12.596 1496 1655 W PackageParsing: Ignoring duplicate uses-permissions/uses-permissions-sdk-m: android.permission.ACCESS_COARSE_LOCATION in package: com.tencent.android.qqdownloader at: Binary XML file line #216
01-01 08:00:12.596 1496 1655 W PackageParsing: Ignoring duplicate uses-permissions/uses-permissions-sdk-m: android.permission.ACCESS_FINE_LOCATION in package: com.tencent.android.qqdownloader at: Binary XML file line #217
01-01 08:00:12.596 1496 1655 W PackageParsing: Ignoring duplicate uses-permissions/uses-permissions-sdk-m: android.permission.ACCESS_NETWORK_STATE in package: com.tencent.android.qqdownloader at: Binary XML file line #218
01-01 08:00:12.596 1496 1655 W PackageParsing: Ignoring duplicate uses-permissions/uses-permissions-sdk-m: android.permission.ACCESS_WIFI_STATE in package: com.tencent.android.qqdownloader at: Binary XML file line #219
01-01 08:00:12.596 1496 1655 W PackageParsing: Ignoring duplicate uses-permissions/uses-permissions-sdk-m: android.permission.CAMERA in package: com.tencent.android.qqdownloader at: Binary XML file line #221
01-01 08:00:12.596 1496 1655 W PackageParsing: Ignoring duplicate uses-permissions/uses-permissions-sdk-m: android.permission.WRITE_EXTERNAL_STORAGE in package: com.tencent.android.qqdownloader at: Binary XML file line #222
01-01 08:00:12.597 1496 1655 W PackageParsing: No actions in intent-filter at /data/app/~~LtNcO8yNBYX9KusLlJcxuw==/com.tencent.android.qqdownloader-1E5zcP9MmMwGcf2W_pLDjA==/base.apk Binary XML file line #353
01-01 08:00:12.597 1496 1655 W PackageParsing: No actions in intent-filter at /data/app/~~LtNcO8yNBYX9KusLlJcxuw==/com.tencent.android.qqdownloader-1E5zcP9MmMwGcf2W_pLDjA==/base.apk Binary XML file line #373
01-01 08:00:12.597 1496 1655 W PackageParsing: No actions in intent-filter at /data/app/~~LtNcO8yNBYX9KusLlJcxuw==/com.tencent.android.qqdownloader-1E5zcP9MmMwGcf2W_pLDjA==/base.apk Binary XML file line #410
01-01 08:00:12.597 1496 1655 W PackageParsing: No actions in intent-filter at /data/app/~~LtNcO8yNBYX9KusLlJcxuw==/com.tencent.android.qqdownloader-1E5zcP9MmMwGcf2W_pLDjA==/base.apk Binary XML file line #446
01-01 08:00:12.597 1496 1655 W PackageParsing: No actions in intent-filter at /data/app/~~LtNcO8yNBYX9KusLlJcxuw==/com.tencent.android.qqdownloader-1E5zcP9MmMwGcf2W_pLDjA==/base.apk Binary XML file line #482
01-01 08:00:12.597 1496 1655 W PackageParsing: No actions in intent-filter at /data/app/~~LtNcO8yNBYX9KusLlJcxuw==/com.tencent.android.qqdownloader-1E5zcP9MmMwGcf2W_pLDjA==/base.apk Binary XML file line #518
01-01 08:00:12.598 1496 1496 D CompatibilityChangeReporter: Compat change id reported: 133396946; UID -1; state: DISABLED
01-01 08:00:12.599 1496 1655 W PackageParsing: No actions in intent-filter at /data/app/~~LtNcO8yNBYX9KusLlJcxuw==/com.tencent.android.qqdownloader-1E5zcP9MmMwGcf2W_pLDjA==/base.apk Binary XML file line #1683
01-01 08:00:12.602 1496 1655 D CompatibilityChangeReporter: Compat change id reported: 132742131; UID -1; state: DISABLED
01-01 08:00:12.612 1496 1496 W PackageManager: Provider ComponentInfo{com.tencent.android.qqdownloader/com.tencent.pangu.share.weixin.WeChatShareProvider} already defined; ignoring
01-01 08:00:12.612 1496 1496 W PackageManager: Skipping provider name com.tencent.pangu.share.weixin.WeChatShareProvider (in package com.tencent.android.qqdownloader): name already used by com.tencent.android.qqdownloader
01-01 08:00:12.613 1496 1496 D CompatibilityChangeReporter: Compat change id reported: 133396946; UID -1; state: ENABLED
01-01 08:00:12.614 1496 1496 W PackageManager: Skipping provider name tv.danmaku.bilibilihd.fileprovider (in package tv.danmaku.bilibilihd): name already used by tv.danmaku.bilibilihd
01-01 08:00:12.615 1496 1496 I PackageManager: Finished scanning non-system apps. Time: 32 ms, packageCount: 3 , timePerPackage: 10 , cached: 0
01-01 08:00:12.616 1496 1496 E PackageManager: updateAllSharedLibrariesLPw failed: Package com.qualcomm.embms requires unavailable shared library com.qualcomm.qcrilhook; failing!
01-01 08:00:12.616 1496 1496 E PackageManager: updateAllSharedLibrariesLPw failed: Package com.android.systemui requires unavailable shared library com.qti.extphone.extphonelib; failing!
01-01 08:00:12.616 1496 1496 E PackageManager: updateAllSharedLibrariesLPw failed: Package com.android.settings requires unavailable shared library com.qti.extphone.extphonelib; failing!
01-01 08:00:12.616 1496 1496 E PackageManager: updateAllSharedLibrariesLPw failed: Package com.qualcomm.qti.devicestatisticsservice requires unavailable shared library qti-telephony-hidl-wrapper-prd; failing!
01-01 08:00:12.616 1496 1496 E PackageManager: updateAllSharedLibrariesLPw failed: Package com.qti.snapdragon.qdcm_ff requires unavailable shared library vendor.display.color.V1_0.IDisplayColor; failing!
01-01 08:00:12.616 1496 1496 E PackageManager: updateAllSharedLibrariesLPw failed: Package com.qti.pasrservice requires unavailable shared library vendor.qti.power.pasrmanager.V1_0.IPasrManager; failing!
01-01 08:00:12.616 1496 1496 E PackageManager: updateAllSharedLibrariesLPw failed: Package com.qualcomm.wfd.service requires unavailable shared library .WfdService; failing!
01-01 08:00:12.617 1496 1496 I boot_progress_pms_scan_end: 10093
01-01 08:00:12.617 1496 1496 I PackageManager: Time to scan packages: 0.711 seconds
01-01 08:00:12.617 1496 1496 I PackageManager: Permission ownership changed. Updating all permissions.
01-01 08:00:12.627 1496 1496 V PackageManager: reconcileAppsData for null u0 0x1 migrateAppData=true
01-01 08:00:12.658 1496 1496 V PackageManager: reconcileAppsData finished 27 packages
01-01 08:00:12.658 1496 1496 I PackageManagerTiming: write settings
01-01 08:00:12.658 1496 1680 I SystemServerTimingAsync: InitThreadPoolExec:prepareAppData
01-01 08:00:12.672 1496 1496 I commit_sys_config_file: [package-user-0,1]
01-01 08:00:12.672 1496 1496 I commit_sys_config_file: [package,13]
01-01 08:00:12.672 1496 1496 I boot_progress_pms_ready: 10148
01-01 08:00:12.672 1496 1496 W PackageManager: Intent filter verifier not found
01-01 08:00:12.672 1496 1496 W PackageManager: Domain verification agent not found
01-01 08:00:12.674 1496 1496 I PackageManagerTiming: GC
01-01 08:00:12.674 1496 1496 I PackageManager: Fix for b/169414761 is applied
01-01 08:00:12.674 1496 1496 V UserManagerService: Checking that all system packages are whitelisted.
01-01 08:00:12.676 1496 1496 W UserManagerService: checkWhitelistedSystemPackages(mode=ENFORCE|IMPLICIT_WHITELIST|IMPLICIT_WHITELIST_SYSTEM) has 68 warnings:
01-01 08:00:12.676 1496 1496 W UserManagerService: com.android.internal.display.cutout.emulation.corner is allowlisted but not present.
01-01 08:00:12.676 1496 1496 W UserManagerService: com.android.internal.display.cutout.emulation.double is allowlisted but not present.
01-01 08:00:12.676 1496 1496 W UserManagerService: com.android.theme.color.amethyst is allowlisted but not present.
01-01 08:00:12.676 1496 1496 W UserManagerService: com.android.theme.icon.pebble is allowlisted but not present.
01-01 08:00:12.676 1496 1496 W UserManagerService: com.android.theme.color.sand is allowlisted but not present.
01-01 08:00:12.676 1496 1496 W UserManagerService: com.android.theme.icon.vessel is allowlisted but not present.
01-01 08:00:12.676 1496 1496 W UserManagerService: com.android.theme.color.cinnamon is allowlisted but not present.
01-01 08:00:12.676 1496 1496 W UserManagerService: com.android.theme.icon_pack.victor.settings is allowlisted but not present.
01-01 08:00:12.676 1496 1496 W UserManagerService: com.android.theme.icon_pack.rounded.systemui is allowlisted but not present.
01-01 08:00:12.676 1496 1496 W UserManagerService: com.android.theme.icon.taperedrect is allowlisted but not present.
01-01 08:00:12.676 1496 1496 W UserManagerService: com.android.theme.icon_pack.rounded.android is allowlisted but not present.
01-01 08:00:12.676 1496 1496 W UserManagerService: com.qualcomm.qti.euiccresource is allowlisted but not present.
01-01 08:00:12.676 1496 1496 W UserManagerService: com.qualcomm.qti.telephonyservice is allowlisted but not present.
01-01 08:00:12.676 1496 1496 W UserManagerService: com.android.theme.icon_pack.victor.systemui is allowlisted but not present.
01-01 08:00:12.676 1496 1496 W UserManagerService: com.android.theme.icon_pack.circular.themepicker is allowlisted but not present.
01-01 08:00:12.676 1496 1496 W UserManagerService: com.android.theme.color.tangerine is allowlisted but not present.
01-01 08:00:12.676 1496 1496 W UserManagerService: com.android.theme.color.aquamarine is allowlisted but not present.
01-01 08:00:12.676 1496 1496 W UserManagerService: com.android.internal.display.cutout.emulation.hole is allowlisted but not present.
01-01 08:00:12.676 1496 1496 W UserManagerService: com.android.internal.display.cutout.emulation.tall is allowlisted but not present.
01-01 08:00:12.676 1496 1496 W UserManagerService: com.android.theme.color.black is allowlisted but not present.
01-01 08:00:12.676 1496 1496 W UserManagerService: com.android.theme.color.green is allowlisted but not present.
01-01 08:00:12.676 1496 1496 W UserManagerService: com.android.theme.color.ocean is allowlisted but not present.
01-01 08:00:12.676 1496 1496 W UserManagerService: com.android.theme.color.space is allowlisted but not present.
01-01 08:00:12.676 1496 1496 W UserManagerService: com.android.internal.systemui.navbar.threebutton is allowlisted but not present.
01-01 08:00:12.676 1496 1496 W UserManagerService: com.qti.qualcomm.datastatusnotification is allowlisted but not present.
01-01 08:00:12.676 1496 1496 W UserManagerService: com.qualcomm.qti.callfeaturessetting is allowlisted but not present.
01-01 08:00:12.676 1496 1496 W UserManagerService: com.android.theme.icon_pack.rounded.launcher is allowlisted but not present.
01-01 08:00:12.676 1496 1496 W UserManagerService: com.qti.qualcomm.deviceinfo is allowlisted but not present.
01-01 08:00:12.676 1496 1496 W UserManagerService: com.android.theme.icon_pack.kai.settings is allowlisted but not present.
01-01 08:00:12.676 1496 1496 W UserManagerService: com.android.internal.systemui.navbar.twobutton is allowlisted but not present.
01-01 08:00:12.676 1496 1496 W UserManagerService: org.codeaurora.ims is allowlisted but not present.
01-01 08:00:12.676 1496 1496 W UserManagerService: com.android.theme.icon_pack.sam.settings is allowlisted but not present.
01-01 08:00:12.676 1496 1496 W UserManagerService: com.android.theme.icon_pack.kai.themepicker is allowlisted but not present.
01-01 08:00:12.676 1496 1496 W UserManagerService: com.qualcomm.qcrilmsgtunnel is allowlisted but not present.
01-01 08:00:12.676 1496 1496 W UserManagerService: com.android.theme.icon_pack.victor.launcher is allowlisted but not present.
01-01 08:00:12.676 1496 1496 W UserManagerService: com.android.theme.icon_pack.filled.settings is allowlisted but not present.
01-01 08:00:12.676 1496 1496 W UserManagerService: com.android.theme.icon_pack.kai.systemui is allowlisted but not present.
01-01 08:00:12.676 1496 1496 W UserManagerService: com.android.theme.icon_pack.circular.settings is allowlisted but not present.
01-01 08:00:12.676 1496 1496 W UserManagerService: com.qti.xdivert is allowlisted but not present.
01-01 08:00:12.676 1496 1496 W UserManagerService: com.android.theme.icon_pack.sam.systemui is allowlisted but not present.
01-01 08:00:12.676 1496 1496 W UserManagerService: com.android.theme.icon.teardrop is allowlisted but not present.
01-01 08:00:12.676 1496 1496 W UserManagerService: com.android.theme.icon_pack.rounded.themepicker is allowlisted but not present.
01-01 08:00:12.676 1496 1496 W UserManagerService: com.android.theme.icon_pack.filled.systemui is allowlisted but not present.
01-01 08:00:12.676 1496 1496 W UserManagerService: com.qualcomm.qti.imsiprivacy.tests is allowlisted but not present.
01-01 08:00:12.676 1496 1496 W UserManagerService: com.android.theme.icon_pack.sam.android is allowlisted but not present.
01-01 08:00:12.676 1496 1496 W UserManagerService: com.android.theme.icon_pack.filled.android is allowlisted but not present.
01-01 08:00:12.676 1496 1496 W UserManagerService: com.android.theme.icon_pack.circular.systemui is allowlisted but not present.
01-01 08:00:12.676 1496 1496 W UserManagerService: com.android.theme.icon_pack.kai.android is allowlisted but not present.
01-01 08:00:12.676 1496 1496 W UserManagerService: com.android.theme.icon_pack.kai.launcher is allowlisted but not present.
01-01 08:00:12.676 1496 1496 W UserManagerService: com.qualcomm.qti.sam.service is allowlisted but not present.
01-01 08:00:12.676 1496 1496 W UserManagerService: com.android.theme.icon_pack.sam.launcher is allowlisted but not present.
01-01 08:00:12.676 1496 1496 W UserManagerService: com.android.theme.icon.squircle is allowlisted but not present.
01-01 08:00:12.676 1496 1496 W UserManagerService: com.android.theme.icon_pack.victor.android is allowlisted but not present.
01-01 08:00:12.676 1496 1496 W UserManagerService: com.android.theme.color.palette is allowlisted but not present.
01-01 08:00:12.676 1496 1496 W UserManagerService: com.android.theme.icon_pack.filled.launcher is allowlisted but not present.
01-01 08:00:12.676 1496 1496 W UserManagerService: com.android.theme.color.carbon is allowlisted but not present.
01-01 08:00:12.676 1496 1496 W UserManagerService: com.android.theme.icon_pack.circular.launcher is allowlisted but not present.
01-01 08:00:12.676 1496 1496 W UserManagerService: com.android.theme.icon_pack.filled.themepicker is allowlisted but not present.
01-01 08:00:12.676 1496 1496 W UserManagerService: com.android.theme.icon_pack.victor.themepicker is allowlisted but not present.
01-01 08:00:12.676 1496 1496 W UserManagerService: com.android.theme.color.orchid is allowlisted but not present.
01-01 08:00:12.676 1496 1496 W UserManagerService: com.android.theme.color.purple is allowlisted but not present.
01-01 08:00:12.676 1496 1496 W UserManagerService: com.qualcomm.qti.confdialer is allowlisted but not present.
01-01 08:00:12.676 1496 1496 W UserManagerService: com.android.theme.icon_pack.sam.themepicker is allowlisted but not present.
01-01 08:00:12.676 1496 1496 W UserManagerService: com.qualcomm.atfwd is allowlisted but not present.
01-01 08:00:12.676 1496 1496 W UserManagerService: com.android.theme.icon.roundedrect is allowlisted but not present.
01-01 08:00:12.676 1496 1496 W UserManagerService: com.android.theme.icon_pack.rounded.settings is allowlisted but not present.
01-01 08:00:12.676 1496 1496 W UserManagerService: org.codeaurora.qti.nrNetworkSettingApp is allowlisted but not present.
01-01 08:00:12.676 1496 1496 W UserManagerService: com.android.theme.icon_pack.circular.android is allowlisted but not present.
01-01 08:00:12.677 1496 1496 I Watchdog: Resuming HandlerChecker: main thread for reason: packagemanagermain. Pause count: 0
01-01 08:00:12.677 1496 1496 I SystemServerDexLoadReporter: Configuring system server dex reporter
01-01 08:00:12.679 1496 1496 I SystemServerTiming: StartOtaDexOptService
01-01 08:00:12.679 1496 1496 I Watchdog: Pausing HandlerChecker: main thread for reason: moveab. Pause count: 1
01-01 08:00:12.679 1496 1496 D OTADexopt: No upgrade, skipping A/B artifacts check.
01-01 08:00:12.679 1496 1496 I Watchdog: Resuming HandlerChecker: main thread for reason: moveab. Pause count: 0
01-01 08:00:12.679 1496 1496 I SystemServerTiming: StartUserManagerService
01-01 08:00:12.679 1496 1496 I SystemServiceManager: Starting com.android.server.pm.UserManagerService$LifeCycle
01-01 08:00:12.679 1496 1496 I SystemServerTiming: InitAttributerCache
01-01 08:00:12.679 1496 1496 I SystemServerTiming: SetSystemProcess
01-01 08:00:12.681 1496 1496 I am_uid_running: 1000
