11-11 00:08:34.411 2717 2717 I auditd : type=1400 audit(0.0:135885109): avc: denied { read } for comm="event_loop" lport=13400 scontext=u:r:hht_ota_mgr:s0 tcontext=u:r:hht_ota_mgr:s0 tclass=udp_socket permissive=0
01-01 08:09:38.619 0 0 W audit : audit_lost=135882284 audit_rate_limit=5 audit_backlog_limit=64
01-01 08:09:38.619 0 0 E audit : rate limit exceeded
11-11 00:08:34.411 2717 2717 I auditd : type=1400 audit(0.0:135885110): avc: denied { read } for comm="event_loop" lport=13400 scontext=u:r:hht_ota_mgr:s0 tcontext=u:r:hht_ota_mgr:s0 tclass=udp_socket permissive=0
11-11 00:08:34.411 2717 2717 I auditd : type=1400 audit(0.0:135885111): avc: denied { read } for comm="event_loop" lport=13400 scontext=u:r:hht_ota_mgr:s0 tcontext=u:r:hht_ota_mgr:s0 tclass=udp_socket permissive=0
11-11 00:08:34.411 2717 2717 I auditd : type=1400 audit(0.0:135885112): avc: denied { read } for comm="event_loop" lport=13400 scontext=u:r:hht_ota_mgr:s0 tcontext=u:r:hht_ota_mgr:s0 tclass=udp_socket permissive=0
11-11 00:08:34.411 2717 2717 I auditd : type=1400 audit(0.0:135885113): avc: denied { read } for comm="event_loop" lport=13400 scontext=u:r:hht_ota_mgr:s0 tcontext=u:r:hht_ota_mgr:s0 tclass=udp_socket permissive=0
11-11 00:08:35.415 2717 2717 I auditd : type=1400 audit(0.0:136155588): avc: denied { read } for comm="event_loop" lport=13400 scontext=u:r:hht_ota_mgr:s0 tcontext=u:r:hht_ota_mgr:s0 tclass=udp_socket permissive=0
11-11 00:08:35.415 2717 2717 I auditd : type=1400 audit(0.0:136155589): avc: denied { read } for comm="event_loop" lport=13400 scontext=u:r:hht_ota_mgr:s0 tcontext=u:r:hht_ota_mgr:s0 tclass=udp_socket permissive=0
11-11 00:08:35.415 2717 2717 I auditd : type=1400 audit(0.0:136155590): avc: denied { read } for comm="event_loop" lport=13400 scontext=u:r:hht_ota_mgr:s0 tcontext=u:r:hht_ota_mgr:s0 tclass=udp_socket permissive=0
11-11 00:08:35.415 2717 2717 I auditd : type=1400 audit(0.0:136155591): avc: denied { read } for comm="event_loop" lport=13400 scontext=u:r:hht_ota_mgr:s0 tcontext=u:r:hht_ota_mgr:s0 tclass=udp_socket permissive=0
11-11 00:08:35.415 2717 2717 I auditd : type=1400 audit(0.0:136155592): avc: denied { read } for comm="event_loop" lport=13400 scontext=u:r:hht_ota_mgr:s0 tcontext=u:r:hht_ota_mgr:s0 tclass=udp_socket permissive=0
01-01 08:09:39.623 0 0 W audit : audit_lost=136152758 audit_rate_limit=5 audit_backlog_limit=64
01-01 08:09:39.623 0 0 E audit : rate limit exceeded
11-11 00:08:36.419 2717 2717 I auditd : type=1400 audit(0.0:136425332): avc: denied { read } for comm="event_loop" lport=13400 scontext=u:r:hht_ota_mgr:s0 tcontext=u:r:hht_ota_mgr:s0 tclass=udp_socket permissive=0
11-11 00:08:36.419 2717 2717 I auditd : type=1400 audit(0.0:136425333): avc: denied { read } for comm="event_loop" lport=13400 scontext=u:r:hht_ota_mgr:s0 tcontext=u:r:hht_ota_mgr:s0 tclass=udp_socket permissive=0
01-01 08:09:40.627 0 0 W audit : audit_lost=136422497 audit_rate_limit=5 audit_backlog_limit=64
11-11 00:08:36.419 2717 2717 I auditd : type=1400 audit(0.0:136425334): avc: denied { read } for comm="event_loop" lport=13400 scontext=u:r:hht_ota_mgr:s0 tcontext=u:r:hht_ota_mgr:s0 tclass=udp_socket permissive=0
01-01 08:09:40.627 0 0 E audit : rate limit exceeded
11-11 00:08:36.419 2717 2717 I auditd : type=1400 audit(0.0:136425335): avc: denied { read } for comm="event_loop" lport=13400 scontext=u:r:hht_ota_mgr:s0 tcontext=u:r:hht_ota_mgr:s0 tclass=udp_socket permissive=0
11-11 00:08:36.419 2717 2717 I auditd : type=1400 audit(0.0:136425336): avc: denied { read } for comm="event_loop" lport=13400 scontext=u:r:hht_ota_mgr:s0 tcontext=u:r:hht_ota_mgr:s0 tclass=udp_socket permissive=0
11-11 00:08:37.423 2717 2717 I auditd : type=1400 audit(0.0:136695761): avc: denied { read } for comm="event_loop" lport=13400 scontext=u:r:hht_ota_mgr:s0 tcontext=u:r:hht_ota_mgr:s0 tclass=udp_socket permissive=0
11-11 00:08:37.423 2717 2717 I auditd : type=1400 audit(0.0:136695762): avc: denied { read } for comm="event_loop" lport=13400 scontext=u:r:hht_ota_mgr:s0 tcontext=u:r:hht_ota_mgr:s0 tclass=udp_socket permissive=0
11-11 00:08:37.423 2717 2717 I auditd : type=1400 audit(0.0:136695763): avc: denied { read } for comm="event_loop" lport=13400 scontext=u:r:hht_ota_mgr:s0 tcontext=u:r:hht_ota_mgr:s0 tclass=udp_socket permissive=0
11-11 00:08:37.423 2717 2717 I auditd : type=1400 audit(0.0:136695764): avc: denied { read } for comm="event_loop" lport=13400 scontext=u:r:hht_ota_mgr:s0 tcontext=u:r:hht_ota_mgr:s0 tclass=udp_socket permissive=0
11-11 00:08:37.423 2717 2717 I auditd : type=1400 audit(0.0:136695765): avc: denied { read } for comm="event_loop" lport=13400 scontext=u:r:hht_ota_mgr:s0 tcontext=u:r:hht_ota_mgr:s0 tclass=udp_socket permissive=0
01-01 08:09:41.631 0 0 W audit : audit_lost=136692921 audit_rate_limit=5 audit_backlog_limit=64
01-01 08:09:41.631 0 0 E audit : rate limit exceeded
11-11 00:08:38.427 2717 2717 I auditd : type=1400 audit(0.0:136966606): avc: denied { read } for comm="event_loop" lport=13400 scontext=u:r:hht_ota_mgr:s0 tcontext=u:r:hht_ota_mgr:s0 tclass=udp_socket permissive=0
11-11 00:08:38.427 2717 2717 I auditd : type=1400 audit(0.0:136966607): avc: denied { read } for comm="event_loop" lport=13400 scontext=u:r:hht_ota_mgr:s0 tcontext=u:r:hht_ota_mgr:s0 tclass=udp_socket permissive=0
11-11 00:08:38.427 2717 2717 I auditd : type=1400 audit(0.0:136966608): avc: denied { read } for comm="event_loop" lport=13400 scontext=u:r:hht_ota_mgr:s0 tcontext=u:r:hht_ota_mgr:s0 tclass=udp_socket permissive=0
11-11 00:08:38.427 2717 2717 I auditd : type=1400 audit(0.0:136966609): avc: denied { read } for comm="event_loop" lport=13400 scontext=u:r:hht_ota_mgr:s0 tcontext=u:r:hht_ota_mgr:s0 tclass=udp_socket permissive=0
11-11 00:08:38.427 2717 2717 I auditd : type=1400 audit(0.0:136966610): avc: denied { read } for comm="event_loop" lport=13400 scontext=u:r:hht_ota_mgr:s0 tcontext=u:r:hht_ota_mgr:s0 tclass=udp_socket permissive=0
01-01 08:09:42.635 0 0 W audit : audit_lost=136963761 audit_rate_limit=5 audit_backlog_limit=64
01-01 08:09:42.635 0 0 E audit : rate limit exceeded
11-11 00:08:39.431 2717 2717 I auditd : type=1400 audit(0.0:137237140): avc: denied { read } for comm="event_loop" lport=13400 scontext=u:r:hht_ota_mgr:s0 tcontext=u:r:hht_ota_mgr:s0 tclass=udp_socket permissive=0
01-01 08:09:43.639 0 0 W audit : audit_lost=137234290 audit_rate_limit=5 audit_backlog_limit=64
11-11 00:08:39.431 2717 2717 I auditd : type=1400 audit(0.0:137237141): avc: denied { read } for comm="event_loop" lport=13400 scontext=u:r:hht_ota_mgr:s0 tcontext=u:r:hht_ota_mgr:s0 tclass=udp_socket permissive=0
11-11 00:08:39.431 2717 2717 I auditd : type=1400 audit(0.0:137237142): avc: denied { read } for comm="event_loop" lport=13400 scontext=u:r:hht_ota_mgr:s0 tcontext=u:r:hht_ota_mgr:s0 tclass=udp_socket permissive=0
11-11 00:08:39.431 2717 2717 I auditd : type=1400 audit(0.0:137237143): avc: denied { read } for comm="event_loop" lport=13400 scontext=u:r:hht_ota_mgr:s0 tcontext=u:r:hht_ota_mgr:s0 tclass=udp_socket permissive=0
11-11 00:08:39.431 2717 2717 I auditd : type=1400 audit(0.0:137237144): avc: denied { read } for comm="event_loop" lport=13400 scontext=u:r:hht_ota_mgr:s0 tcontext=u:r:hht_ota_mgr:s0 tclass=udp_socket permissive=0
01-01 08:09:43.639 0 0 E audit : rate limit exceeded
11-11 00:08:40.037 6296 6296 D Build : ro.build.display.id=01.00.0082.X101
01-01 08:09:44.245 0 0 I binder : 6296:6296 ioctl 40046210 7fe89abb14 returned -22
01-01 08:09:44.262 0 0 I binder : 6296:6316 ioctl 40046210 75e1c20484 returned -22
01-01 08:09:44.284 0 0 I msm_vidc: high: 00000001: ....e: Opening video instance: 0000000000000000, 0
01-01 08:09:44.284 0 0 I msm_vidc: err : 00000001: ....e: Failed to create debugfs for msm_vidc
11-11 00:08:40.216 6313 6313 D Build : ro.build.display.id=01.00.0082.X101
01-01 08:09:44.423 0 0 I binder : 6313:6313 ioctl 40046210 7fc49df914 returned -22
11-11 00:08:40.431 2717 2717 I auditd : type=1400 audit(0.0:137504250): avc: denied { read } for comm="event_loop" lport=13400 scontext=u:r:hht_ota_mgr:s0 tcontext=u:r:hht_ota_mgr:s0 tclass=udp_socket permissive=0
11-11 00:08:40.435 2717 2717 I auditd : type=1400 audit(0.0:137504251): avc: denied { read } for comm="event_loop" lport=13400 scontext=u:r:hht_ota_mgr:s0 tcontext=u:r:hht_ota_mgr:s0 tclass=udp_socket permissive=0
11-11 00:08:40.435 2717 2717 I auditd : type=1400 audit(0.0:137504252): avc: denied { read } for comm="event_loop" lport=13400 scontext=u:r:hht_ota_mgr:s0 tcontext=u:r:hht_ota_mgr:s0 tclass=udp_socket permissive=0
11-11 00:08:40.435 2717 2717 I auditd : type=1400 audit(0.0:137504253): avc: denied { read } for comm="event_loop" lport=13400 scontext=u:r:hht_ota_mgr:s0 tcontext=u:r:hht_ota_mgr:s0 tclass=udp_socket permissive=0
11-11 00:08:40.435 2717 2717 I auditd : type=1400 audit(0.0:137504254): avc: denied { read } for comm="event_loop" lport=13400 scontext=u:r:hht_ota_mgr:s0 tcontext=u:r:hht_ota_mgr:s0 tclass=udp_socket permissive=0
01-01 08:09:44.643 0 0 W audit : audit_lost=137501395 audit_rate_limit=5 audit_backlog_limit=64
01-01 08:09:44.643 0 0 E audit : rate limit exceeded
11-11 00:08:40.750 1496 1742 I input_interaction: Interaction with: ba8c0bd com.thundercomm.screensaver/android.service.dreams.DreamActivity (server), edge-swipe (server), swipe-up (server), PointerEventDispatcher0 (server),
11-11 00:08:40.754 1496 2142 I wm_finish_activity: [0,107859329,33,com.thundercomm.screensaver/android.service.dreams.DreamActivity,finish-activity]
11-11 00:08:40.755 1496 2142 I wm_task_moved: [25,1,6]
11-11 00:08:40.755 1496 2142 I wm_task_to_front: [0,25]
11-11 00:08:40.756 1496 2142 I wm_focused_root_task: [0,0,25,33,finish-top adjustFocusToNextFocusableTask]
11-11 00:08:40.758 1496 2142 I wm_pause_activity: [0,107859329,com.thundercomm.screensaver/android.service.dreams.DreamActivity,userLeaving=false,finish]
11-11 00:08:40.765 1496 2142 I DreamManagerService: Gently waking up from dream.
11-11 00:08:40.765 1496 1614 I sysui_multi_action: [757,803,799,window_time_0,802,295]
11-11 00:08:40.766 1496 1611 I DreamManagerService: Performing gentle wake from dream.
11-11 00:08:40.767 4887 4887 I wm_on_top_resumed_lost_called: [107859329,android.service.dreams.DreamActivity,topStateChangedWhenResumed]
11-11 00:08:40.767 4887 4887 I wm_on_paused_called: [107859329,android.service.dreams.DreamActivity,performPause]
11-11 00:08:40.768 1496 2831 I wm_add_to_stopping: [0,107859329,com.thundercomm.screensaver/android.service.dreams.DreamActivity,completeFinishing]
11-11 00:08:40.769 1496 2831 I ActivityTaskManager: FOREGROUND_APPLICATION_CHANGED to com.tencent.qqmusicpad.activity.newplayeractivity.ui.PlayerActivityNew
11-11 00:08:40.772 1496 2831 I wm_set_resumed_activity: [0,com.tencent.qqmusicpad/.activity.newplayeractivity.ui.PlayerActivityNew,resumeTopActivityInnerLocked]
11-11 00:08:40.773 1496 2831 I wm_resume_activity: [0,62415671,25,com.tencent.qqmusicpad/.activity.newplayeractivity.ui.PlayerActivityNew]
11-11 00:08:40.775 5348 5348 I wm_on_restart_called: [62415671,com.tencent.qqmusicpad.activity.newplayeractivity.ui.PlayerActivityNew,performRestartActivity]
11-11 00:08:40.780 1496 1614 I sysui_multi_action: [757,803,799,window_time_0,802,0]
11-11 00:08:40.783 1496 2142 I am_uid_active: 10062
11-11 00:08:40.785 4887 4887 I view_enqueue_input_event: [Motion - Cancel,com.thundercomm.screensaver/android.service.dreams.DreamActivity]
11-11 00:08:40.785 1496 1742 I input_focus: [Focus leaving ba8c0bd com.thundercomm.screensaver/android.service.dreams.DreamActivity (server),reason=NO_WINDOW]
11-11 00:08:40.791 1496 1638 I PowerManagerService: Powering on display group fromDreaming (groupId=0, uid=1000, reason=WAKE_REASON_UNKNOWN, details=android.server.power:DREAM_FINISHED)...
11-11 00:08:40.791 1496 1638 I PowerManagerService: Waking up from Dreaming (uid=1000, reason=WAKE_REASON_UNKNOWN, details=android.server.power:DREAM_FINISHED)...
11-11 00:08:40.794 5348 5348 I wm_on_start_called: [62415671,com.tencent.qqmusicpad.activity.newplayeractivity.ui.PlayerActivityNew,handleStartActivity]
11-11 00:08:40.799 1496 1620 I am_pss : [5348,10095,com.tencent.qqmusicpad,110523392,79179776,0,218607616,0,2,7]
11-11 00:08:40.801 5348 5348 I wm_on_resume_called: [62415671,com.tencent.qqmusicpad.activity.newplayeractivity.ui.PlayerActivityNew,RESUME_ACTIVITY]
11-11 00:08:40.801 5348 5348 I wm_on_top_resumed_gained_called: [62415671,com.tencent.qqmusicpad.activity.newplayeractivity.ui.PlayerActivityNew,topWhenResuming]
11-11 00:08:40.805 1496 1620 I am_pss : [5489,10086,com.android.music,9933824,7196672,0,104361984,0,19,4]
11-11 00:08:40.807 1496 1615 I input_focus: [Focus request 1e1b0be com.tencent.qqmusicpad/com.tencent.qqmusicpad.activity.newplayeractivity.ui.PlayerActivityNew,reason=UpdateInputWindows]
11-11 00:08:40.811 1496 1620 I am_pss : [3217,1000,com.qti.diagservices,5733376,3837952,0,95129600,0,10,5]
11-11 00:08:40.819 1496 1742 I input_focus: [Focus entering 1e1b0be com.tencent.qqmusicpad/com.tencent.qqmusicpad.activity.newplayeractivity.ui.PlayerActivityNew (server),reason=setFocusedWindow]
11-11 00:08:40.874 1496 2142 W FreeFormWindowHelper: Current Display FreeFormTask is null
11-11 00:08:41.325 1496 1614 I wm_destroy_activity: [0,107859329,33,com.thundercomm.screensaver/android.service.dreams.DreamActivity,finish-imm:idle]
11-11 00:08:41.341 4887 4887 I wm_on_stop_called: [107859329,android.service.dreams.DreamActivity,LIFECYCLER_STOP_ACTIVITY]
11-11 00:08:41.343 4887 4887 I wm_on_destroy_called: [107859329,android.service.dreams.DreamActivity,performDestroy]
11-11 00:08:41.343 1496 2831 I DreamManagerService: Leaving dreamland.
11-11 00:08:41.345 1496 1611 I DreamManagerService: Performing gentle wake from dream.
11-11 00:08:41.345 1496 1611 I DreamController: Stopping dream: name=ComponentInfo{com.thundercomm.screensaver/com.thundercomm.screensaver.service.SystemDream}, isTest=false, canDoze=false, userId=0, reason='finished self'(from 'finished self')
11-11 00:08:41.345 1496 1611 I sysui_multi_action: [757,222,758,2]
11-11 00:08:41.345 1496 1611 I sysui_multi_action: [757,804,799,dreaming_minutes,801,4,802,1]
11-11 00:08:41.360 1496 2830 I wm_task_removed: [33,removeChild:removeChild last r=ActivityRecord{66dcd81 u0 com.thundercomm.screensaver/android.service.dreams.DreamActivity t-1 f}} in t=Task{c2ecf5f #33 type=dream A=10048:android:com.thundercomm.screensaver/dream U=0 visible=false mode=fullscreen translucent=true sz=0}]
11-11 00:08:41.360 1496 2830 I wm_task_removed: [33,removeChild]
11-11 00:08:41.362 1496 1615 W ActivityTaskManager: Can't find TaskDisplayArea to determine support for multi window. Task id=33 attached=false
11-11 00:08:41.439 2717 2717 I auditd : type=1400 audit(0.0:137773747): avc: denied { read } for comm="event_loop" lport=13400 scontext=u:r:hht_ota_mgr:s0 tcontext=u:r:hht_ota_mgr:s0 tclass=udp_socket permissive=0
11-11 00:08:41.439 2717 2717 I auditd : type=1400 audit(0.0:137773748): avc: denied { read } for comm="event_loop" lport=13400 scontext=u:r:hht_ota_mgr:s0 tcontext=u:r:hht_ota_mgr:s0 tclass=udp_socket permissive=0
11-11 00:08:41.439 2717 2717 I auditd : type=1400 audit(0.0:137773749): avc: denied { read } for comm="event_loop" lport=13400 scontext=u:r:hht_ota_mgr:s0 tcontext=u:r:hht_ota_mgr:s0 tclass=udp_socket permissive=0
11-11 00:08:41.439 2717 2717 I auditd : type=1400 audit(0.0:137773750): avc: denied { read } for comm="event_loop" lport=13400 scontext=u:r:hht_ota_mgr:s0 tcontext=u:r:hht_ota_mgr:s0 tclass=udp_socket permissive=0
11-11 00:08:41.439 2717 2717 I auditd : type=1400 audit(0.0:137773751): avc: denied { read } for comm="event_loop" lport=13400 scontext=u:r:hht_ota_mgr:s0 tcontext=u:r:hht_ota_mgr:s0 tclass=udp_socket permissive=0
01-01 08:09:45.647 0 0 W audit : audit_lost=137770887 audit_rate_limit=5 audit_backlog_limit=64
01-01 08:09:45.647 0 0 E audit : rate limit exceeded
01-01 08:09:46.651 0 0 W audit : audit_lost=138041289 audit_rate_limit=5 audit_backlog_limit=64
01-01 08:09:46.651 0 0 E audit : rate limit exceeded
11-11 00:08:42.443 2717 2717 I auditd : type=1400 audit(0.0:138044154): avc: denied { read } for comm="event_loop" lport=13400 scontext=u:r:hht_ota_mgr:s0 tcontext=u:r:hht_ota_mgr:s0 tclass=udp_socket permissive=0
11-11 00:08:42.443 2717 2717 I auditd : type=1400 audit(0.0:138044155): avc: denied { read } for comm="event_loop" lport=13400 scontext=u:r:hht_ota_mgr:s0 tcontext=u:r:hht_ota_mgr:s0 tclass=udp_socket permissive=0
11-11 00:08:42.443 2717 2717 I auditd : type=1400 audit(0.0:138044156): avc: denied { read } for comm="event_loop" lport=13400 scontext=u:r:hht_ota_mgr:s0 tcontext=u:r:hht_ota_mgr:s0 tclass=udp_socket permissive=0
11-11 00:08:42.443 2717 2717 I auditd : type=1400 audit(0.0:138044157): avc: denied { read } for comm="event_loop" lport=13400 scontext=u:r:hht_ota_mgr:s0 tcontext=u:r:hht_ota_mgr:s0 tclass=udp_socket permissive=0
11-11 00:08:42.443 2717 2717 I auditd : type=1400 audit(0.0:138044158): avc: denied { read } for comm="event_loop" lport=13400 scontext=u:r:hht_ota_mgr:s0 tcontext=u:r:hht_ota_mgr:s0 tclass=udp_socket permissive=0
11-11 00:08:42.458 1496 1742 I input_interaction: Interaction with: 1e1b0be com.tencent.qqmusicpad/com.tencent.qqmusicpad.activity.newplayeractivity.ui.PlayerActivityNew (server), edge-swipe (server), swipe-up (server), PointerEventDispatcher0 (server),
11-11 00:08:42.476 1496 2830 W FreeFormWindowHelper: Current Display FreeFormTask is null
11-11 00:08:42.476 1496 2831 I wm_task_moved: [29,0,0]
11-11 00:08:42.477 1496 2831 I wm_task_moved: [29,0,5]
11-11 00:08:42.484 1496 2830 W FreeFormWindowHelper: Current Display FreeFormTask is null
11-11 00:08:42.488 2575 2575 I wm_on_restart_called: [14757938,com.android.launcher3.uioverrides.QuickstepLauncher,performRestartActivity]
11-11 00:08:42.489 1496 2142 W FreeFormWindowHelper: Current Display FreeFormTask is null
11-11 00:08:42.489 1496 2142 W FreeFormWindowHelper: Current Display FreeFormTask is null
11-11 00:08:42.490 1496 2142 W FreeFormWindowHelper: Current Display FreeFormTask is null
11-11 00:08:42.513 2575 2575 I wm_on_start_called: [14757938,com.android.launcher3.uioverrides.QuickstepLauncher,handleStartActivity]
11-11 00:08:42.521 1496 2142 W FreeFormWindowHelper: Current Display FreeFormTask is null
11-11 00:08:42.521 1496 2092 W FreeFormWindowHelper: Current Display FreeFormTask is null
11-11 00:08:42.529 1496 2142 W FreeFormWindowHelper: Current Display FreeFormTask is null
11-11 00:08:42.529 1496 2092 W FreeFormWindowHelper: Current Display FreeFormTask is null
11-11 00:08:42.537 1496 1611 I sysui_multi_action: [319,14,322,52,325,584,757,761,758,9,759,5,806,com.android.launcher3,871,com.android.launcher3.uioverrides.QuickstepLauncher,904,com.android.launcher3,905,0,1320,4,1321,1]
11-11 00:08:42.546 1496 2831 W ActivityTaskManager: getTaskSnapshot: taskId=636 not found
11-11 00:08:42.549 1496 2830 W ActivityTaskManager: getTaskSnapshot: taskId=637 not found
11-11 00:08:42.555 1496 2830 W FreeFormWindowHelper: Current Display FreeFormTask is null
11-11 00:08:42.555 1496 2831 W FreeFormWindowHelper: Current Display FreeFormTask is null
11-11 00:08:42.572 1496 2830 W FreeFormWindowHelper: Current Display FreeFormTask is null
11-11 00:08:42.572 1496 2831 W FreeFormWindowHelper: Current Display FreeFormTask is null
11-11 00:08:42.586 5348 5348 I view_enqueue_input_event: [Motion - Cancel,com.tencent.qqmusicpad/com.tencent.qqmusicpad.activity.newplayeractivity.ui.PlayerActivityNew]
11-11 00:08:42.589 2575 2575 I sysui_latency: [1,66]
11-11 00:08:42.590 1496 1615 I input_focus: [Focus request recents_animation_input_consumer,reason=UpdateInputWindows]
11-11 00:08:42.592 1496 2831 W FreeFormWindowHelper: Current Display FreeFormTask is null
11-11 00:08:42.592 1496 1742 I input_interaction: Interaction with: edge-swipe (server), swipe-up (server), PointerEventDispatcher0 (server),
11-11 00:08:42.594 1496 2831 W FreeFormWindowHelper: Current Display FreeFormTask is null
11-11 00:08:42.607 1496 2831 W FreeFormWindowHelper: Current Display FreeFormTask is null
11-11 00:08:42.607 1496 2831 W FreeFormWindowHelper: Current Display FreeFormTask is null
11-11 00:08:42.624 1496 2142 W FreeFormWindowHelper: Current Display FreeFormTask is null
11-11 00:08:42.624 1496 2837 W FreeFormWindowHelper: Current Display FreeFormTask is null
11-11 00:08:42.625 1496 1742 I input_focus: [Focus leaving 1e1b0be com.tencent.qqmusicpad/com.tencent.qqmusicpad.activity.newplayeractivity.ui.PlayerActivityNew (server),reason=NOT_FOCUSABLE]
11-11 00:08:42.625 1496 1742 I input_focus: [Focus entering recents_animation_input_consumer (server),reason=setFocusedWindow]
11-11 00:08:42.641 1496 2834 W FreeFormWindowHelper: exitRecentTasks type=0
11-11 00:08:42.645 1496 2834 W FreeFormWindowHelper: Current Display FreeFormTask is null
11-11 00:08:42.645 1496 2830 W FreeFormWindowHelper: Current Display FreeFormTask is null
11-11 00:08:42.657 1496 2837 W FreeFormWindowHelper: Current Display FreeFormTask is null
11-11 00:08:42.657 1496 2837 W FreeFormWindowHelper: Current Display FreeFormTask is null
11-11 00:08:42.677 1496 2092 W ActivityTaskManager: getTaskSnapshot: taskId=747 not found
11-11 00:08:42.680 1496 2092 W ActivityTaskManager: getTaskSnapshot: taskId=747 not found
11-11 00:08:42.690 1496 2837 W FreeFormWindowHelper: Current Display FreeFormTask is null
11-11 00:08:42.690 1496 2142 W FreeFormWindowHelper: Current Display FreeFormTask is null
11-11 00:08:42.706 1496 2837 W FreeFormWindowHelper: Current Display FreeFormTask is null
11-11 00:08:42.706 1496 2837 W FreeFormWindowHelper: Current Display FreeFormTask is null
11-11 00:08:42.714 1496 1715 I commit_sys_config_file: [settings-1-0,4]
11-11 00:08:42.830 1496 1620 I sysui_latency: [8,65]
11-11 00:08:43.258 1496 2142 W FreeFormWindowHelper: Current Display FreeFormTask is null
11-11 00:08:43.259 1496 2834 W FreeFormWindowHelper: Current Display FreeFormTask is null
11-11 00:08:43.264 1496 2834 I wm_task_moved: [29,1,6]
11-11 00:08:43.265 1496 2834 I wm_task_moved: [30,1,2147483647]
11-11 00:08:43.265 1496 2834 I wm_task_to_front: [0,30]
11-11 00:08:43.265 1496 2834 I wm_focused_root_task: [0,0,29,25,RecentsAnimation.onAnimationFinished()]
11-11 00:08:43.265 1496 2834 I wm_set_resumed_activity: [0,com.android.launcher3/.uioverrides.QuickstepLauncher,RecentsAnimation.onAnimationFinished()]
11-11 00:08:43.265 5348 5348 I wm_on_top_resumed_lost_called: [62415671,com.tencent.qqmusicpad.activity.newplayeractivity.ui.PlayerActivityNew,topStateChangedWhenResumed]
11-11 00:08:43.266 1496 2834 I wm_pause_activity: [0,62415671,com.tencent.qqmusicpad/.activity.newplayeractivity.ui.PlayerActivityNew,userLeaving=true,pauseBackTasks]
11-11 00:08:43.267 1496 2834 I wm_add_to_stopping: [0,62415671,com.tencent.qqmusicpad/.activity.newplayeractivity.ui.PlayerActivityNew,makeInvisible]
11-11 00:08:43.267 1496 2834 I ActivityTaskManager: FOREGROUND_APPLICATION_CHANGED to com.android.launcher3.uioverrides.QuickstepLauncher
11-11 00:08:43.267 1496 2834 I wm_set_resumed_activity: [0,com.android.launcher3/.uioverrides.QuickstepLauncher,resumeTopActivityInnerLocked]
11-11 00:08:43.269 1496 2834 I wm_resume_activity: [0,14757938,30,com.android.launcher3/.uioverrides.QuickstepLauncher]
11-11 00:08:43.271 2575 2575 I wm_on_resume_called: [14757938,com.android.launcher3.uioverrides.QuickstepLauncher,RESUME_ACTIVITY]
11-11 00:08:43.277 1496 1615 I input_focus: [Focus request 8156cee com.android.launcher3/com.android.launcher3.uioverrides.QuickstepLauncher,reason=UpdateInputWindows]
11-11 00:08:43.278 2575 2575 I wm_on_top_resumed_gained_called: [14757938,com.android.launcher3.uioverrides.QuickstepLauncher,topStateChangedWhenResumed]
11-11 00:08:43.280 5348 5348 I wm_on_paused_called: [62415671,com.tencent.qqmusicpad.activity.newplayeractivity.ui.PlayerActivityNew,performPause]
11-11 00:08:43.285 1496 2831 I wm_stop_activity: [0,62415671,com.tencent.qqmusicpad/.activity.newplayeractivity.ui.PlayerActivityNew]
11-11 00:08:43.288 1496 1614 I sysui_multi_action: [757,803,799,window_time_0,802,2]
11-11 00:08:43.289 1496 1614 I sysui_multi_action: [757,803,799,window_time_0,802,0]
11-11 00:08:43.292 1496 1742 I input_focus: [Focus leaving recents_animation_input_consumer (server),reason=NOT_VISIBLE]
11-11 00:08:43.292 1496 1742 I input_focus: [Focus entering 8156cee com.android.launcher3/com.android.launcher3.uioverrides.QuickstepLauncher (server),reason=setFocusedWindow]
11-11 00:08:43.306 5348 5348 I wm_on_stop_called: [62415671,com.tencent.qqmusicpad.activity.newplayeractivity.ui.PlayerActivityNew,STOP_ACTIVITY_ITEM]
11-11 00:08:43.379 1496 2834 W FreeFormWindowHelper: Current Display FreeFormTask is null
11-11 00:08:43.447 2717 2717 I auditd : type=1400 audit(0.0:138312537): avc: denied { read } for comm="event_loop" lport=13400 scontext=u:r:hht_ota_mgr:s0 tcontext=u:r:hht_ota_mgr:s0 tclass=udp_socket permissive=0
11-11 00:08:43.447 2717 2717 I auditd : type=1400 audit(0.0:138312538): avc: denied { read } for comm="event_loop" lport=13400 scontext=u:r:hht_ota_mgr:s0 tcontext=u:r:hht_ota_mgr:s0 tclass=udp_socket permissive=0
11-11 00:08:43.447 2717 2717 I auditd : type=1400 audit(0.0:138312539): avc: denied { read } for comm="event_loop" lport=13400 scontext=u:r:hht_ota_mgr:s0 tcontext=u:r:hht_ota_mgr:s0 tclass=udp_socket permissive=0
11-11 00:08:43.447 2717 2717 I auditd : type=1400 audit(0.0:138312540): avc: denied { read } for comm="event_loop" lport=13400 scontext=u:r:hht_ota_mgr:s0 tcontext=u:r:hht_ota_mgr:s0 tclass=udp_socket permissive=0
11-11 00:08:43.447 2717 2717 I auditd : type=1400 audit(0.0:138312541): avc: denied { read } for comm="event_loop" lport=13400 scontext=u:r:hht_ota_mgr:s0 tcontext=u:r:hht_ota_mgr:s0 tclass=udp_socket permissive=0
01-01 08:09:47.655 0 0 W audit : audit_lost=138309667 audit_rate_limit=5 audit_backlog_limit=64
01-01 08:09:47.655 0 0 E audit : rate limit exceeded
11-11 00:08:43.972 1496 1742 I input_interaction: Interaction with: 8156cee com.android.launcher3/com.android.launcher3.uioverrides.QuickstepLauncher (server), 90347fa com.android.systemui.ImageWallpaper (server), edge-swipe (server), swipe-up (server), PointerEventDispatcher0 (server),
11-11 00:08:44.069 1496 2142 I thunderperf: PlatormCompat.setOverrides: Uid1=10074 Pid1=2575 Uid2=10074 Pid2=2575
11-11 00:08:44.069 1496 2142 I thunderperf: PlatormCompat.setOverrides: needCheck:false
11-11 00:08:44.069 1496 2142 I thunderperf: CompatConfig.addOverrideUnsafe: bef-state=1
11-11 00:08:44.070 1496 2142 E thunderperf: CompatConfig.addOverrideUnsafe: exception:java.lang.SecurityException: Cannot override a change on a non-debuggable app and user build.
11-11 00:08:44.070 1496 2142 I thunderperf: CompatConfig.addOverrideUnsafe: aft-state=1
11-11 00:08:44.071 1496 2142 I thunderperf: CompatConfig.addOverrideUnsafe: bef-state=1
11-11 00:08:44.071 1496 2142 E thunderperf: CompatConfig.addOverrideUnsafe: exception:java.lang.SecurityException: Cannot override a change on a non-debuggable app and user build.
11-11 00:08:44.071 1496 2142 I thunderperf: CompatConfig.addOverrideUnsafe: aft-state=1
11-11 00:08:44.072 1496 2142 I thunderperf: CompatConfig.addOverrideUnsafe: bef-state=1
11-11 00:08:44.073 1496 2142 E thunderperf: CompatConfig.addOverrideUnsafe: exception:java.lang.SecurityException: Cannot override a change on a non-debuggable app and user build.
11-11 00:08:44.073 1496 2142 I thunderperf: CompatConfig.addOverrideUnsafe: aft-state=1
11-11 00:08:44.074 1496 2142 I thunderperf: CompatConfig.addOverrideUnsafe: bef-state=1
11-11 00:08:44.074 1496 2142 E thunderperf: CompatConfig.addOverrideUnsafe: exception:java.lang.SecurityException: Cannot override a change on a non-debuggable app and user build.
11-11 00:08:44.074 1496 2142 I thunderperf: CompatConfig.addOverrideUnsafe: aft-state=1
11-11 00:08:44.075 1496 2142 I thunderperf: CompatConfig.addOverrideUnsafe: bef-state=1
11-11 00:08:44.075 1496 2142 E thunderperf: CompatConfig.addOverrideUnsafe: exception:java.lang.SecurityException: Cannot override a change on a non-debuggable app and user build.
11-11 00:08:44.075 1496 2142 I thunderperf: CompatConfig.addOverrideUnsafe: aft-state=1
11-11 00:08:44.076 1496 2142 I thunderperf: CompatConfig.addOverrideUnsafe: bef-state=1
11-11 00:08:44.077 1496 2142 E thunderperf: CompatConfig.addOverrideUnsafe: exception:java.lang.SecurityException: Cannot override a change on a non-debuggable app and user build.
11-11 00:08:44.077 1496 2142 I thunderperf: CompatConfig.addOverrideUnsafe: aft-state=1
11-11 00:08:44.077 1496 2142 I thunderperf: CompatConfig.addOverrideUnsafe: bef-state=1
11-11 00:08:44.078 1496 2142 E thunderperf: CompatConfig.addOverrideUnsafe: exception:java.lang.SecurityException: Cannot override a change on a non-debuggable app and user build.
11-11 00:08:44.078 1496 2142 I thunderperf: CompatConfig.addOverrideUnsafe: aft-state=1
11-11 00:08:44.082 1496 2142 I thunderperf: CompatConfig.addOverrideUnsafe: bef-state=1
11-11 00:08:44.082 1496 2142 E thunderperf: CompatConfig.addOverrideUnsafe: exception:java.lang.SecurityException: Cannot override a change on a non-debuggable app and user build.
11-11 00:08:44.083 1496 2142 I thunderperf: CompatConfig.addOverrideUnsafe: aft-state=1
11-11 00:08:44.083 1496 2142 I thunderperf: CompatConfig.addOverrideUnsafe: bef-state=1
11-11 00:08:44.084 1496 2142 E thunderperf: CompatConfig.addOverrideUnsafe: exception:java.lang.SecurityException: Cannot override a change on a non-debuggable app and user build.
11-11 00:08:44.084 1496 2142 I thunderperf: CompatConfig.addOverrideUnsafe: aft-state=1
11-11 00:08:44.084 1496 2142 I thunderperf: CompatConfig.addOverrideUnsafe: bef-state=1
11-11 00:08:44.085 1496 2142 E thunderperf: CompatConfig.addOverrideUnsafe: exception:java.lang.SecurityException: Cannot override a change on a non-debuggable app and user build.
11-11 00:08:44.085 1496 2142 I thunderperf: CompatConfig.addOverrideUnsafe: aft-state=1
11-11 00:08:44.086 1496 2142 I thunderperf: CompatConfig.addOverrideUnsafe: bef-state=1
11-11 00:08:44.086 1496 2142 E thunderperf: CompatConfig.addOverrideUnsafe: exception:java.lang.SecurityException: Cannot override a change on a non-debuggable app and user build.
11-11 00:08:44.086 1496 2142 I thunderperf: CompatConfig.addOverrideUnsafe: aft-state=1
11-11 00:08:44.087 1496 2142 I thunderperf: CompatConfig.addOverrideUnsafe: bef-state=1
11-11 00:08:44.087 1496 2142 E thunderperf: CompatConfig.addOverrideUnsafe: exception:java.lang.SecurityException: Cannot override a change on a non-debuggable app and user build.
11-11 00:08:44.087 1496 2142 I thunderperf: CompatConfig.addOverrideUnsafe: aft-state=1
11-11 00:08:44.089 1496 2142 I thunderperf: CompatConfig.addOverrideUnsafe: bef-state=1
11-11 00:08:44.089 1496 2142 E thunderperf: CompatConfig.addOverrideUnsafe: exception:java.lang.SecurityException: Cannot override a change on a non-debuggable app and user build.
11-11 00:08:44.089 1496 2142 I thunderperf: CompatConfig.addOverrideUnsafe: aft-state=1
11-11 00:08:44.089 1496 2142 I thunderperf: CompatConfig.addOverrideUnsafe: bef-state=1
11-11 00:08:44.090 1496 2142 E thunderperf: CompatConfig.addOverrideUnsafe: exception:java.lang.SecurityException: Cannot override a change on a non-debuggable app and user build.
11-11 00:08:44.090 1496 2142 I thunderperf: CompatConfig.addOverrideUnsafe: aft-state=1
11-11 00:08:44.095 1496 2142 I ActivityTaskManager: START u0 {act=android.intent.action.MAIN cat=[android.intent.category.LAUNCHER] flg=0x10200000 cmp=com.tencent.android.qqdownloader/com.tencent.pangu.link.SplashActivity bnds=[940,84][1216,358]} from uid 10074
11-11 00:08:44.109 1496 2142 I wm_task_created: [34,-1]
11-11 00:08:44.109 1496 2142 W ActivityTaskManager: Can't find TaskDisplayArea to determine support for multi window. Task id=34 attached=false
11-11 00:08:44.110 1496 2142 D CompatibilityChangeReporter: Compat change id reported: 174042980; UID 10093; state: DISABLED
11-11 00:08:44.111 1496 2142 D CompatibilityChangeReporter: Compat change id reported: 184838306; UID 10093; state: DISABLED
11-11 00:08:44.111 1496 2142 I service_manager_stats: [100,19,297534]
11-11 00:08:44.111 1496 2142 D CompatibilityChangeReporter: Compat change id reported: 185004937; UID 10093; state: DISABLED
11-11 00:08:44.111 1496 2142 D CompatibilityChangeReporter: Compat change id reported: 181136395; UID 10093; state: DISABLED
11-11 00:08:44.111 1496 2142 D CompatibilityChangeReporter: Compat change id reported: 174042936; UID 10093; state: DISABLED
11-11 00:08:44.112 1496 2142 I wm_task_moved: [34,1,7]
11-11 00:08:44.112 1496 2142 I wm_task_to_front: [0,34]
11-11 00:08:44.112 1496 2142 I wm_create_task: [0,34]
11-11 00:08:44.112 1496 2142 I wm_create_activity: [0,60602272,34,com.tencent.android.qqdownloader/com.tencent.pangu.link.SplashActivity,android.intent.action.MAIN,NULL,NULL,270532608]
11-11 00:08:44.112 1496 2142 I wm_task_moved: [34,1,7]
11-11 00:08:44.112 1496 2142 D CompatibilityChangeReporter: Compat change id reported: 168419799; UID 10093; state: DISABLED
11-11 00:08:44.113 1496 2142 I wm_pause_activity: [0,14757938,com.android.launcher3/.uioverrides.QuickstepLauncher,userLeaving=true,pauseBackTasks]
11-11 00:08:44.115 1496 2831 W FreeFormWindowHelper: Current Display FreeFormTask is null
11-11 00:08:44.115 1496 1614 I am_uid_running: 10093
11-11 00:08:44.116 1496 1614 D CompatibilityChangeReporter: Compat change id reported: 135634846; UID 10093; state: DISABLED
11-11 00:08:44.116 1496 1622 D CompatibilityChangeReporter: Compat change id reported: 143937733; UID 10093; state: DISABLED
11-11 00:08:44.116 2575 2575 I wm_on_top_resumed_lost_called: [14757938,com.android.launcher3.uioverrides.QuickstepLauncher,topStateChangedWhenResumed]
11-11 00:08:44.116 2575 2575 I wm_on_paused_called: [14757938,com.android.launcher3.uioverrides.QuickstepLauncher,performPause]
11-11 00:08:44.117 1496 2831 I ActivityTaskManager: FOREGROUND_APPLICATION_CHANGED to com.tencent.pangu.link.SplashActivity
11-11 00:08:44.119 1496 1614 I sysui_multi_action: [757,803,799,window_time_0,802,1]
11-11 00:08:44.121 1496 1622 I am_proc_start: [0,6379,10093,com.tencent.android.qqdownloader:daemon,pre-top-activity,{com.tencent.android.qqdownloader/com.tencent.pangu.link.SplashActivity}]
11-11 00:08:44.121 1496 1622 I ActivityManager: Start proc 6379:com.tencent.android.qqdownloader:daemon/u0a93 for pre-top-activity {com.tencent.android.qqdownloader/com.tencent.pangu.link.SplashActivity}
11-11 00:08:44.121 1496 6380 W ContextImpl: Calling a method in the system process without a qualified user: android.app.ContextImpl.sendBroadcast:1173 com.qualcomm.qti.Performance$SendGameLaunchBroadcast.run:217 java.lang.Thread.run:920
01-01 08:09:48.332 0 0 W perfetto: enabled ftrace
01-01 08:09:48.340 0 0 I binder : 6379:6379 ioctl 40046210 ffe66c38 returned -22
11-11 00:08:44.136 1496 2142 I am_proc_bound: [0,6379,com.tencent.android.qqdownloader:daemon]
11-11 00:08:44.138 1496 2142 I wm_restart_activity: [0,60602272,34,com.tencent.android.qqdownloader/com.tencent.pangu.link.SplashActivity]
11-11 00:08:44.139 1496 2142 I wm_set_resumed_activity: [0,com.tencent.android.qqdownloader/com.tencent.pangu.link.SplashActivity,minimalResumeActivityLocked]
11-11 00:08:44.139 1496 1614 I am_uid_active: 10093
11-11 00:08:44.181 1496 2837 D CompatibilityChangeReporter: Compat change id reported: 135634846; UID 10093; state: DISABLED
11-11 00:08:44.181 1496 1622 D CompatibilityChangeReporter: Compat change id reported: 143937733; UID 10093; state: DISABLED
11-11 00:08:44.185 1496 1622 I am_proc_start: [0,6411,10093,com.tencent.android.qqdownloader,content provider,{com.tencent.android.qqdownloader/com.tencent.assistant.db.contentprovider.WallpaperProvider}]
11-11 00:08:44.185 1496 1622 I ActivityManager: Start proc 6411:com.tencent.android.qqdownloader/u0a93 for content provider {com.tencent.android.qqdownloader/com.tencent.assistant.db.contentprovider.WallpaperProvider}
11-11 00:08:44.201 1496 2837 D CompatibilityChangeReporter: Compat change id reported: 149924527; UID 10093; state: ENABLED
11-11 00:08:44.202 1496 2837 D CompatibilityChangeReporter: Compat change id reported: 132649864; UID 10093; state: DISABLED
01-01 08:09:48.411 0 0 I binder : 6411:6411 ioctl 40046210 ffe66c38 returned -22
11-11 00:08:44.207 1496 2092 I am_proc_bound: [0,6411,com.tencent.android.qqdownloader]
11-11 00:08:44.221 1496 2837 W FreeFormWindowHelper: Current Display FreeFormTask is null
11-11 00:08:44.225 1496 2041 I thunderperf: PlatormCompat.setOverrides: Uid1=10093 Pid1=6379 Uid2=10093 Pid2=6379
11-11 00:08:44.225 1496 2041 I thunderperf: PlatormCompat.setOverrides: needCheck:false
11-11 00:08:44.225 1496 2041 W PackageManager: MATCH_ANY_USER flag requires INTERACT_ACROSS_USERS permission: UID 10093 requires android.permission.INTERACT_ACROSS_USERS_FULL or android.permission.INTERACT_ACROSS_USERS to access user 0.
11-11 00:08:44.225 1496 2041 I ActivityTaskManager: START u0 {flg=0x10000000 cmp=com.tencent.android.qqdownloader/com.tencent.assistant.activity.SplashImplActivity} from uid 10093
11-11 00:08:44.227 1496 2041 I wm_task_created: [35,-1]
11-11 00:08:44.227 1496 2041 W ActivityTaskManager: Can't find TaskDisplayArea to determine support for multi window. Task id=35 attached=false
11-11 00:08:44.229 1496 2041 I wm_task_moved: [35,1,8]
11-11 00:08:44.229 1496 2041 I wm_task_to_front: [0,35]
11-11 00:08:44.229 1496 2041 I wm_create_task: [0,35]
11-11 00:08:44.229 1496 2041 I wm_create_activity: [0,103024268,35,com.tencent.android.qqdownloader/com.tencent.assistant.activity.SplashImplActivity,NULL,NULL,NULL,268435456]
11-11 00:08:44.229 1496 2041 I wm_task_moved: [35,1,8]
11-11 00:08:44.230 1496 2041 I wm_pause_activity: [0,60602272,com.tencent.android.qqdownloader/com.tencent.pangu.link.SplashActivity,userLeaving=true,pauseBackTasks]
11-11 00:08:44.232 1496 2142 I wm_finish_activity: [0,60602272,34,com.tencent.android.qqdownloader/com.tencent.pangu.link.SplashActivity,finish-activity]
11-11 00:08:44.233 6379 6379 I wm_on_create_called: [60602272,com.tencent.pangu.link.SplashActivity,performCreate]
11-11 00:08:44.237 1496 1614 I sysui_multi_action: [757,803,799,window_time_0,802,0]
11-11 00:08:44.245 1496 2837 I wm_add_to_stopping: [0,60602272,com.tencent.android.qqdownloader/com.tencent.pangu.link.SplashActivity,completeFinishing]
11-11 00:08:44.245 1496 2837 I ActivityTaskManager: FOREGROUND_APPLICATION_CHANGED to com.tencent.assistant.activity.SplashImplActivity
11-11 00:08:44.246 1496 2837 I ActivityTaskManager: The Process com.tencent.android.qqdownloader Already Exists in BG. So sending its PID: 6411
11-11 00:08:44.246 1496 2837 I wm_add_to_stopping: [0,14757938,com.android.launcher3/.uioverrides.QuickstepLauncher,makeInvisible]
11-11 00:08:44.247 1496 2837 I wm_restart_activity: [0,103024268,35,com.tencent.android.qqdownloader/com.tencent.assistant.activity.SplashImplActivity]
11-11 00:08:44.247 1496 2837 I wm_set_resumed_activity: [0,com.tencent.android.qqdownloader/com.tencent.assistant.activity.SplashImplActivity,minimalResumeActivityLocked]
11-11 00:08:44.260 1496 1614 I wm_destroy_activity: [0,60602272,34,com.tencent.android.qqdownloader/com.tencent.pangu.link.SplashActivity,finish-imm:idle]
11-11 00:08:44.261 1496 1614 I sysui_multi_action: [757,803,799,window_time_0,802,0]
11-11 00:08:44.278 1496 1742 I input_focus: [Focus leaving 8156cee com.android.launcher3/com.android.launcher3.uioverrides.QuickstepLauncher (server),reason=NO_WINDOW]
11-11 00:08:44.303 6379 6379 I wm_on_destroy_called: [60602272,com.tencent.pangu.link.SplashActivity,performDestroy]
11-11 00:08:44.304 1496 1907 I wm_task_removed: [34,removeChild:removeChild last r=ActivityRecord{39cb7a0 u0 com.tencent.android.qqdownloader/com.tencent.pangu.link.SplashActivity t-1 f}} in t=Task{5b04590 #34 type=standard A=10093:com.tencent.pangu.link.SplashActivity U=0 visible=false mode=fullscreen translucent=true sz=0}]
11-11 00:08:44.304 1496 1907 I wm_task_removed: [34,removeChild]
11-11 00:08:44.352 1496 2834 W FreeFormWindowHelper: Current Display FreeFormTask is null
11-11 00:08:44.361 6411 6411 I wm_on_create_called: [103024268,com.tencent.assistant.activity.SplashImplActivity,performCreate]
11-11 00:08:44.384 6411 6411 I wm_on_start_called: [103024268,com.tencent.assistant.activity.SplashImplActivity,handleStartActivity]
11-11 00:08:44.398 6411 6411 I wm_on_resume_called: [103024268,com.tencent.assistant.activity.SplashImplActivity,RESUME_ACTIVITY]
11-11 00:08:44.403 1496 1907 W WindowManager: Failed looking up window session=Session{bf16176 6411:u0a10093} callers=com.android.server.wm.WindowManagerService.windowForClientLocked:5628 com.android.server.wm.Session.insetsModified:629 android.view.IWindowSession$Stub.onTransact:1151
11-11 00:08:44.405 6411 6411 I wm_on_top_resumed_gained_called: [103024268,com.tencent.assistant.activity.SplashImplActivity,topStateChangedWhenResumed]
11-11 00:08:44.434 1496 1615 I input_focus: [Focus request 6ce0013 com.tencent.android.qqdownloader/com.tencent.assistant.activity.SplashImplActivity,reason=UpdateInputWindows]
11-11 00:08:44.451 2717 2717 I auditd : type=1400 audit(0.0:138560701): avc: denied { read } for comm="event_loop" lport=13400 scontext=u:r:hht_ota_mgr:s0 tcontext=u:r:hht_ota_mgr:s0 tclass=udp_socket permissive=0
11-11 00:08:44.451 2717 2717 I auditd : type=1400 audit(0.0:138560702): avc: denied { read } for comm="event_loop" lport=13400 scontext=u:r:hht_ota_mgr:s0 tcontext=u:r:hht_ota_mgr:s0 tclass=udp_socket permissive=0
11-11 00:08:44.451 2717 2717 I auditd : type=1400 audit(0.0:138560703): avc: denied { read } for comm="event_loop" lport=13400 scontext=u:r:hht_ota_mgr:s0 tcontext=u:r:hht_ota_mgr:s0 tclass=udp_socket permissive=0
11-11 00:08:44.451 2717 2717 I auditd : type=1400 audit(0.0:138560704): avc: denied { read } for comm="event_loop" lport=13400 scontext=u:r:hht_ota_mgr:s0 tcontext=u:r:hht_ota_mgr:s0 tclass=udp_socket permissive=0
11-11 00:08:44.451 2717 2717 I auditd : type=1400 audit(0.0:138560705): avc: denied { read } for comm="event_loop" lport=13400 scontext=u:r:hht_ota_mgr:s0 tcontext=u:r:hht_ota_mgr:s0 tclass=udp_socket permissive=0
01-01 08:09:48.659 0 0 W audit : audit_lost=138557826 audit_rate_limit=5 audit_backlog_limit=64
01-01 08:09:48.659 0 0 E audit : rate limit exceeded
01-01 08:09:48.675 0 0 I binder : 6612:6612 ioctl 40046210 7fc52831e4 returned -22
01-01 08:09:48.684 0 0 I binder : 6411:6554 ioctl 40046210 be4a0d38 returned -22
11-11 00:08:44.505 1496 1611 I sysui_multi_action: [319,178,321,176,322,405,325,585,757,761,758,7,759,1,806,com.tencent.android.qqdownloader,871,com.tencent.assistant.activity.SplashImplActivity,904,com.tencent.android.qqdownloader,905,0,945,42,1320,4,1321,4]
11-11 00:08:44.505 1496 1611 I wm_activity_launch_time: [0,103024268,com.tencent.android.qqdownloader/com.tencent.assistant.activity.SplashImplActivity,405]
11-11 00:08:44.512 1496 1742 I input_focus: [Focus entering 6ce0013 com.tencent.android.qqdownloader/com.tencent.assistant.activity.SplashImplActivity (server),reason=Window became focusable. Previous reason: NOT_VISIBLE]
11-11 00:08:44.531 1496 5343 D CompatibilityChangeReporter: Compat change id reported: 157929241; UID 1000; state: LOGGED
11-11 00:08:44.581 6411 6505 I liblog : 45
11-11 00:08:45.280 1496 1907 I thunderperf: PlatormCompat.setOverrides: Uid1=10093 Pid1=6411 Uid2=10093 Pid2=6411
11-11 00:08:45.280 1496 1907 I thunderperf: PlatormCompat.setOverrides: needCheck:false
11-11 00:08:45.280 1496 1907 W PackageManager: MATCH_ANY_USER flag requires INTERACT_ACROSS_USERS permission: UID 10093 requires android.permission.INTERACT_ACROSS_USERS_FULL or android.permission.INTERACT_ACROSS_USERS to access user 0.
11-11 00:08:45.280 1496 1907 I ActivityTaskManager: START u0 {flg=0x4000000 cmp=com.tencent.android.qqdownloader/com.tencent.assistantv2.activity.MainActivity (has extras)} from uid 10093
11-11 00:08:45.283 1496 1907 I wm_task_moved: [35,1,7]
11-11 00:08:45.283 1496 1907 I wm_set_resumed_activity: [0,com.tencent.android.qqdownloader/com.tencent.assistant.activity.SplashImplActivity,positionChildAt]
11-11 00:08:45.283 1496 1907 I wm_create_activity: [0,76948477,35,com.tencent.android.qqdownloader/com.tencent.assistantv2.activity.MainActivity,NULL,NULL,NULL,335544320]
11-11 00:08:45.284 1496 1907 I wm_pause_activity: [0,103024268,com.tencent.android.qqdownloader/com.tencent.assistant.activity.SplashImplActivity,userLeaving=true,resumeTopActivityInnerLocked]
11-11 00:08:45.285 6411 6411 I wm_on_top_resumed_lost_called: [103024268,com.tencent.assistant.activity.SplashImplActivity,topStateChangedWhenResumed]
11-11 00:08:45.286 6411 6411 I wm_on_paused_called: [103024268,com.tencent.assistant.activity.SplashImplActivity,performPause]
11-11 00:08:45.287 1496 5343 I ActivityTaskManager: FOREGROUND_APPLICATION_CHANGED to com.tencent.assistantv2.activity.MainActivity
11-11 00:08:45.287 1496 5343 I ActivityTaskManager: The Process com.tencent.android.qqdownloader Already Exists in BG. So sending its PID: 6411
11-11 00:08:45.288 1496 5343 W ActivityTaskManager: Tried to set launchTime (0) < mLastActivityLaunchTime (585930)
11-11 00:08:45.288 1496 5343 I wm_restart_activity: [0,76948477,35,com.tencent.android.qqdownloader/com.tencent.assistantv2.activity.MainActivity]
11-11 00:08:45.289 1496 5343 I wm_set_resumed_activity: [0,com.tencent.android.qqdownloader/com.tencent.assistantv2.activity.MainActivity,minimalResumeActivityLocked]
11-11 00:08:45.290 1496 1614 I sysui_multi_action: [757,803,799,window_time_0,802,1]
11-11 00:08:45.300 1496 5343 I ActivityTaskManager: Activity requesting to dismiss Keyguard: ActivityRecord{49623fd u0 com.tencent.android.qqdownloader/com.tencent.assistantv2.activity.MainActivity t35}
11-11 00:08:45.332 6411 6411 I wm_on_create_called: [76948477,com.tencent.assistantv2.activity.MainActivity,performCreate]
11-11 00:08:45.333 6411 6411 I wm_on_start_called: [76948477,com.tencent.assistantv2.activity.MainActivity,handleStartActivity]
11-11 00:08:45.336 1496 2830 I thunderperf: PlatormCompat.setOverrides: Uid1=10093 Pid1=6411 Uid2=10093 Pid2=6411
11-11 00:08:45.336 1496 2830 I thunderperf: PlatormCompat.setOverrides: needCheck:false
11-11 00:08:45.337 1496 2830 W PackageManager: MATCH_ANY_USER flag requires INTERACT_ACROSS_USERS permission: UID 10093 requires android.permission.INTERACT_ACROSS_USERS_FULL or android.permission.INTERACT_ACROSS_USERS to access user 0.
11-11 00:08:45.337 1496 2830 I ActivityTaskManager: START u0 {cmp=com.tencent.android.qqdownloader/com.tencent.pangu.activity.TranslucentAppDemoActivity (has extras)} from uid 10093
11-11 00:08:45.338 1496 2830 I wm_task_moved: [35,1,7]
11-11 00:08:45.338 1496 2830 I wm_set_resumed_activity: [0,com.tencent.android.qqdownloader/com.tencent.assistantv2.activity.MainActivity,positionChildAt]
11-11 00:08:45.338 1496 2830 I wm_create_activity: [0,254301258,35,com.tencent.android.qqdownloader/com.tencent.pangu.activity.TranslucentAppDemoActivity,NULL,NULL,NULL,0]
11-11 00:08:45.339 1496 2830 I wm_pause_activity: [0,76948477,com.tencent.android.qqdownloader/com.tencent.assistantv2.activity.MainActivity,userLeaving=true,resumeTopActivityInnerLocked]
11-11 00:08:45.344 6411 6411 I wm_on_resume_called: [76948477,com.tencent.assistantv2.activity.MainActivity,RESUME_ACTIVITY]
11-11 00:08:45.391 1496 1615 I input_focus: [Focus request 2857c97 com.tencent.android.qqdownloader/com.tencent.assistantv2.activity.MainActivity,reason=UpdateInputWindows]
11-11 00:08:45.393 1496 2142 W FreeFormWindowHelper: Current Display FreeFormTask is null
11-11 00:08:45.413 1496 1742 I input_focus: [Focus leaving 6ce0013 com.tencent.android.qqdownloader/com.tencent.assistant.activity.SplashImplActivity (server),reason=NOT_FOCUSABLE]
11-11 00:08:45.451 2717 2717 I auditd : type=1400 audit(0.0:138803311): avc: denied { read } for comm="event_loop" lport=13400 scontext=u:r:hht_ota_mgr:s0 tcontext=u:r:hht_ota_mgr:s0 tclass=udp_socket permissive=0
11-11 00:08:45.455 2717 2717 I auditd : type=1400 audit(0.0:138803312): avc: denied { read } for comm="event_loop" lport=13400 scontext=u:r:hht_ota_mgr:s0 tcontext=u:r:hht_ota_mgr:s0 tclass=udp_socket permissive=0
11-11 00:08:45.455 2717 2717 I auditd : type=1400 audit(0.0:138803313): avc: denied { read } for comm="event_loop" lport=13400 scontext=u:r:hht_ota_mgr:s0 tcontext=u:r:hht_ota_mgr:s0 tclass=udp_socket permissive=0
11-11 00:08:45.455 2717 2717 I auditd : type=1400 audit(0.0:138803314): avc: denied { read } for comm="event_loop" lport=13400 scontext=u:r:hht_ota_mgr:s0 tcontext=u:r:hht_ota_mgr:s0 tclass=udp_socket permissive=0
11-11 00:08:45.455 2717 2717 I auditd : type=1400 audit(0.0:138803315): avc: denied { read } for comm="event_loop" lport=13400 scontext=u:r:hht_ota_mgr:s0 tcontext=u:r:hht_ota_mgr:s0 tclass=udp_socket permissive=0
01-01 08:09:49.663 0 0 W audit : audit_lost=138800431 audit_rate_limit=5 audit_backlog_limit=64
01-01 08:09:49.663 0 0 E audit : rate limit exceeded
11-11 00:08:45.708 6411 6411 I wm_on_top_resumed_gained_called: [76948477,com.tencent.assistantv2.activity.MainActivity,topStateChangedWhenResumed]
11-11 00:08:45.713 6411 6411 I wm_on_top_resumed_lost_called: [76948477,com.tencent.assistantv2.activity.MainActivity,topStateChangedWhenResumed]
11-11 00:08:45.734 6411 6411 I wm_on_paused_called: [76948477,com.tencent.assistantv2.activity.MainActivity,performPause]
11-11 00:08:45.735 1496 2830 I ActivityTaskManager: FOREGROUND_APPLICATION_CHANGED to com.tencent.pangu.activity.TranslucentAppDemoActivity
11-11 00:08:45.735 1496 2830 I ActivityTaskManager: The Process com.tencent.android.qqdownloader Already Exists in BG. So sending its PID: 6411
11-11 00:08:45.736 1496 2830 W ActivityTaskManager: Tried to set launchTime (0) < mLastActivityLaunchTime (586972)
