03-14 03:51:03.389 1496 1496 I SystemServerTiming: RuntimeService
03-14 03:51:03.387 1496 1496 I auditd : type=1400 audit(0.0:235): avc: denied { read } for comm="system_server" name="u:object_r:vendor_default_prop:s0" dev="tmpfs" ino=11737 scontext=u:r:system_server:s0 tcontext=u:object_r:vendor_default_prop:s0 tclass=file permissive=0
03-14 03:51:03.389 1496 1496 I SystemServerTiming: StartNetworkTimeUpdateService
03-14 03:51:03.390 1496 1496 I SystemServerTiming: CertBlacklister
03-14 03:51:03.390 1496 1496 I SystemServerTiming: StartEmergencyAffordanceService
03-14 03:51:03.390 1496 1496 I SystemServiceManager: Starting com.android.server.emergency.EmergencyAffordanceService
03-14 03:51:03.390 1496 1496 I SystemServerTiming: startBlobStoreManagerService
03-14 03:51:03.391 1496 1496 I SystemServiceManager: Starting com.android.server.blob.BlobStoreManagerService
03-14 03:51:03.393 1496 1496 I SystemServerTiming: StartDreamManager
03-14 03:51:03.393 1496 1496 I SystemServiceManager: Starting com.android.server.dreams.DreamManagerService
03-14 03:51:03.393 1496 1496 I SystemServerTiming: AddGraphicsStatsService
03-14 03:51:03.400 1496 1496 I SystemServerTiming: StartCompanionDeviceManager
03-14 03:51:03.400 1496 1496 I SystemServiceManager: Starting com.android.server.companion.CompanionDeviceManagerService
03-14 03:51:03.402 1496 1496 I SystemServerTiming: StartRestrictionManager
03-14 03:51:03.402 1496 1496 I SystemServiceManager: Starting com.android.server.restrictions.RestrictionsManagerService
03-14 03:51:03.404 1496 1496 I SystemServerTiming: StartMediaSessionService
03-14 03:51:03.404 1496 1496 I SystemServiceManager: Starting com.android.server.media.MediaSessionService
03-14 03:51:03.406 1496 1496 I SystemServerTiming: StartMediaResourceMonitor
03-14 03:51:03.406 1496 1496 I SystemServiceManager: Starting com.android.server.media.MediaResourceMonitorService
03-14 03:51:03.407 1496 1496 I SystemServerTiming: StartMediaRouterService
03-14 03:51:03.407 1496 1496 V HistoricalRegistry: Interaction before persistence initialized
03-14 03:51:03.408 1496 1496 I SystemServerTiming: StartFingerprintSensor
03-14 03:51:03.408 1496 1496 I SystemServiceManager: Starting com.android.server.biometrics.sensors.fingerprint.FingerprintService
03-14 03:51:03.408 1496 1496 I SystemServerTiming: StartBiometricService
03-14 03:51:03.408 1496 1496 I SystemServiceManager: Starting com.android.server.biometrics.BiometricService
03-14 03:51:03.415 1496 1496 I SystemServerTiming: StartAuthService
03-14 03:51:03.415 1496 1496 I SystemServiceManager: Starting com.android.server.biometrics.AuthService
03-14 03:51:03.415 1496 1496 D AuthService: Registering HIDL ID: 0 Modality: 2 Strength: 15
03-14 03:51:03.415 1496 1496 D AuthService: Registering HIDL ID: 1 Modality: 8 Strength: 15
03-14 03:51:03.416 1496 1496 E AuthService: HIDL face configuration exists, but FaceService is null.
03-14 03:51:03.417 1496 1496 I SystemServerTiming: StartBackgroundDexOptService
03-14 03:51:03.417 1496 1496 W BackgroundDexOptService: SysProp pm.dexopt.downgrade_after_inactive_days not set
03-14 03:51:03.417 1496 1496 I SystemServerTiming: StartDynamicCodeLoggingService
03-14 03:51:03.417 1496 1496 I SystemServerTiming: StartPruneInstantAppsJobService
03-14 03:51:03.417 1496 1496 I SystemServerTiming: StartShortcutServiceLifecycle
03-14 03:51:03.417 1496 1496 I SystemServiceManager: Starting com.android.server.pm.ShortcutService$Lifecycle
03-14 03:51:03.418 1496 1496 V HistoricalRegistry: Interaction before persistence initialized
03-14 03:51:03.419 1496 1496 I SystemServerTiming: StartLauncherAppsService
03-14 03:51:03.419 1496 1496 I SystemServiceManager: Starting com.android.server.pm.LauncherAppsService
03-14 03:51:03.419 1496 1945 D BiometricService: Registering ID: 0 Modality: 2 Strength: 15
03-14 03:51:03.419 1496 1945 D BiometricStrengthController: updateStrengths: revert sensorId=0 to oemStrength=15
03-14 03:51:03.419 1496 1945 D BiometricService/Sensor: updateStrength: Before(ID(0), oemStrength: 15, updatedStrength: 15, modality 2, state: 0, cookie: 0, props: ID: 0, Strength: 2, Type: 1) After(ID(0), oemStrength: 15, updatedStrength: 15, modality 2, state: 0, cookie: 0, props: ID: 0, Strength: 2, Type: 1)
03-14 03:51:03.419 1496 1496 I SystemServerTiming: StartCrossProfileAppsService
03-14 03:51:03.419 1496 1496 I SystemServiceManager: Starting com.android.server.pm.CrossProfileAppsService
03-14 03:51:03.420 1496 1496 I SystemServerTiming: StartPeopleService
03-14 03:51:03.420 1496 1496 I SystemServiceManager: Starting com.android.server.people.PeopleService
03-14 03:51:03.421 1496 1496 I SystemServerTiming: StartMediaMetricsManager
03-14 03:51:03.421 1496 1496 I SystemServiceManager: Starting com.android.server.media.metrics.MediaMetricsManagerService
03-14 03:51:03.423 1496 1496 I SystemServerTiming: StartMediaProjectionManager
03-14 03:51:03.423 1496 1496 I SystemServiceManager: Starting com.android.server.media.projection.MediaProjectionManagerService
03-14 03:51:03.426 1496 1496 I SystemServerTiming: StartSliceManagerService
03-14 03:51:03.426 1496 1496 I SystemServiceManager: Starting com.android.server.slice.SliceManagerService$Lifecycle
03-14 03:51:03.429 1496 1496 I SystemServerTiming: StartStatsCompanion
03-14 03:51:03.462 1496 1496 I SystemServiceManager: Starting com.android.server.stats.StatsCompanion$Lifecycle
03-14 03:51:03.464 1496 1496 I SystemServerTiming: StartRebootReadinessManagerService
03-14 03:51:03.464 1496 1902 I stream_devices_changed: [3,0,2]
03-14 03:51:03.475 1496 1902 I stream_devices_changed: [6,0,1]
03-14 03:51:03.481 1496 1496 I SystemServiceManager: Starting com.android.server.scheduling.RebootReadinessManagerService$Lifecycle
03-14 03:51:03.483 1496 1496 I SystemServerTiming: StartStatsPullAtomService
03-14 03:51:03.484 1496 1496 I SystemServiceManager: Starting com.android.server.stats.pull.StatsPullAtomService
03-14 03:51:03.484 1496 1496 I SystemServerTiming: StartIncidentCompanionService
03-14 03:51:03.484 1496 1496 I SystemServiceManager: Starting com.android.server.incident.IncidentCompanionService
03-14 03:51:03.485 1496 1496 I SystemServerTiming: StartMmsService
03-14 03:51:03.485 1496 1496 I SystemServiceManager: Starting com.android.server.MmsServiceBroker
03-14 03:51:03.486 1496 1496 I SystemServerTiming: StartAutoFillService
03-14 03:51:03.486 1496 1496 I SystemServiceManager: Starting com.android.server.autofill.AutofillManagerService
03-14 03:51:03.489 1496 1496 D SystemServer: TranslationService not defined by OEM
03-14 03:51:03.489 1496 1496 I SystemServerTiming: StartClipboardService
03-14 03:51:03.489 1496 1496 I SystemServiceManager: Starting com.android.server.clipboard.ClipboardService
03-14 03:51:03.491 1496 1496 I SystemServerTiming: AppServiceManager
03-14 03:51:03.491 1496 1496 I SystemServiceManager: Starting com.android.server.appbinding.AppBindingService$Lifecycle
03-14 03:51:03.491 1496 1496 I SystemServerTiming: startTracingServiceProxy
03-14 03:51:03.491 1496 1496 I SystemServiceManager: Starting com.android.server.tracing.TracingServiceProxy
03-14 03:51:03.491 1496 1496 I SystemServerTiming: MakeLockSettingsServiceReady
03-14 03:51:03.495 1496 1496 I SyntheticPasswordManager: Device does not support weaver
03-14 03:51:03.496 1496 1496 I LockSettingsService: Device doesn't implement AuthSecret HAL
03-14 03:51:03.497 1496 1496 I SystemServerTiming: StartBootPhaseLockSettingsReady
03-14 03:51:03.497 1496 1496 I SystemServiceManager: Starting phase 480
03-14 03:51:03.497 1496 1496 I SystemServerTiming: OnBootPhase_480
03-14 03:51:03.497 1496 1496 I SystemServerTiming: OnBootPhase_480_com.android.server.security.FileIntegrityService
03-14 03:51:03.497 1496 1496 I SystemServerTiming: OnBootPhase_480_com.android.server.pm.Installer
03-14 03:51:03.497 1496 1496 I SystemServerTiming: OnBootPhase_480_com.android.server.os.DeviceIdentifiersPolicyService
03-14 03:51:03.497 1496 1496 I SystemServerTiming: OnBootPhase_480_com.android.server.uri.UriGrantsManagerService$Lifecycle
03-14 03:51:03.497 1496 1496 I SystemServerTiming: OnBootPhase_480_com.android.server.powerstats.PowerStatsService
03-14 03:51:03.497 1496 1496 I SystemServerTiming: OnBootPhase_480_com.android.server.wm.ActivityTaskManagerService$Lifecycle
03-14 03:51:03.497 1496 1496 I SystemServerTiming: OnBootPhase_480_com.android.server.am.ActivityManagerService$Lifecycle
03-14 03:51:03.497 1496 1496 I SystemServerTiming: OnBootPhase_480_com.android.server.pm.DataLoaderManagerService
03-14 03:51:03.497 1496 1496 I SystemServerTiming: OnBootPhase_480_com.android.server.power.PowerManagerService
03-14 03:51:03.497 1496 1496 I SystemServerTiming: OnBootPhase_480_com.android.server.power.ThermalManagerService
03-14 03:51:03.497 1496 1496 I SystemServerTiming: OnBootPhase_480_com.android.server.power.hint.HintManagerService
03-14 03:51:03.497 1496 1496 I SystemServerTiming: OnBootPhase_480_com.android.server.recoverysystem.RecoverySystemService$Lifecycle
03-14 03:51:03.497 1496 1496 I SystemServerTiming: OnBootPhase_480_com.android.server.lights.LightsService
03-14 03:51:03.497 1496 1496 I SystemServerTiming: OnBootPhase_480_com.android.server.display.DisplayManagerService
03-14 03:51:03.497 1496 1496 I SystemServerTiming: OnBootPhase_480_com.android.server.pm.verify.domain.DomainVerificationService
03-14 03:51:03.497 1496 1496 I SystemServerTiming: OnBootPhase_480_com.android.server.pm.PackageInstallerService$Lifecycle
03-14 03:51:03.497 1496 1496 I SystemServerTiming: OnBootPhase_480_com.android.server.pm.UserManagerService$LifeCycle
03-14 03:51:03.497 1496 1496 I SystemServerTiming: OnBootPhase_480_com.android.server.om.OverlayManagerService
03-14 03:51:03.497 1496 1496 I SystemServerTiming: OnBootPhase_480_com.android.server.SensorPrivacyService
03-14 03:51:03.497 1496 1496 I SystemServerTiming: OnBootPhase_480_com.android.server.thunderperf.ThunderBoostPerfService
03-14 03:51:03.497 1496 1496 I SystemServerTiming: OnBootPhase_480_com.android.server.sensors.SensorService
03-14 03:51:03.497 1496 1496 I SystemServerTiming: OnBootPhase_480_com.android.server.SystemConfigService
03-14 03:51:03.497 1496 1496 I SystemServerTiming: OnBootPhase_480_com.android.server.BatteryService
03-14 03:51:03.498 1496 1496 I SystemServerTiming: OnBootPhase_480_com.android.server.usage.UsageStatsService
03-14 03:51:03.498 1496 1496 I SystemServerTiming: OnBootPhase_480_com.android.server.webkit.WebViewUpdateService
03-14 03:51:03.498 1496 1496 I SystemServerTiming: OnBootPhase_480_com.android.server.CachedDeviceStateService
03-14 03:51:03.498 1496 1496 I SystemServerTiming: OnBootPhase_480_com.android.server.BinderCallsStatsService$LifeCycle
03-14 03:51:03.498 1496 1496 I SystemServerTiming: OnBootPhase_480_com.android.server.LooperStatsService$Lifecycle
03-14 03:51:03.498 1496 1496 I SystemServerTiming: OnBootPhase_480_com.android.server.rollback.RollbackManagerService
03-14 03:51:03.498 1496 1496 I SystemServerTiming: OnBootPhase_480_com.android.server.os.NativeTombstoneManagerService
03-14 03:51:03.498 1496 1496 I SystemServerTiming: OnBootPhase_480_com.android.server.os.BugreportManagerService
03-14 03:51:03.498 1496 1496 I SystemServerTiming: OnBootPhase_480_com.android.server.gpu.GpuService
03-14 03:51:03.498 1496 1496 I SystemServerTiming: OnBootPhase_480_com.android.server.security.KeyChainSystemService
03-14 03:51:03.498 1496 1496 I SystemServerTiming: OnBootPhase_480_com.android.server.telecom.TelecomLoaderService
03-14 03:51:03.498 1496 1496 I SystemServerTiming: OnBootPhase_480_com.android.server.accounts.AccountManagerService$Lifecycle
03-14 03:51:03.498 1496 1496 I SystemServerTiming: OnBootPhase_480_com.android.server.content.ContentService$Lifecycle
03-14 03:51:03.498 1496 1496 I SystemServerTiming: OnBootPhase_480_com.android.server.DropBoxManagerService
03-14 03:51:03.498 1496 1496 I SystemServerTiming: OnBootPhase_480_com.android.role.RoleService
03-14 03:51:03.498 1496 1496 I SystemServerTiming: OnBootPhase_480_com.android.server.vibrator.VibratorManagerService$Lifecycle
03-14 03:51:03.498 1496 1496 I SystemServerTiming: OnBootPhase_480_com.android.server.alarm.AlarmManagerService
03-14 03:51:03.498 1496 1496 I SystemServerTiming: OnBootPhase_480_com.android.server.devicestate.DeviceStateManagerService
03-14 03:51:03.498 1496 1496 I SystemServerTiming: OnBootPhase_480_com.android.server.camera.CameraServiceProxy
03-14 03:51:03.498 1496 1496 I SystemServerTiming: OnBootPhase_480_com.android.server.BluetoothService
03-14 03:51:03.498 1496 1496 I SystemServerTiming: OnBootPhase_480_com.android.server.connectivity.IpConnectivityMetrics
03-14 03:51:03.498 1496 1496 I SystemServerTiming: OnBootPhase_480_com.android.server.net.watchlist.NetworkWatchlistService$Lifecycle
03-14 03:51:03.498 1496 1496 I SystemServerTiming: OnBootPhase_480_com.android.server.PinnerService
03-14 03:51:03.498 1496 1496 I SystemServerTiming: OnBootPhase_480_com.google.android.startop.iorap.IorapForwardingService
03-14 03:51:03.498 1496 1496 I SystemServerTiming: OnBootPhase_480_com.android.server.ActivityTriggerService
03-14 03:51:03.498 1496 1496 I SystemServerTiming: OnBootPhase_480_com.android.server.integrity.AppIntegrityManagerService
03-14 03:51:03.498 1496 1496 I SystemServerTiming: OnBootPhase_480_com.android.server.inputmethod.InputMethodManagerService$Lifecycle
03-14 03:51:03.498 1496 1496 I SystemServerTiming: OnBootPhase_480_com.android.server.accessibility.AccessibilityManagerService$Lifecycle
03-14 03:51:03.498 1496 1496 I SystemServerTiming: OnBootPhase_480_com.android.server.StorageManagerService$Lifecycle
03-14 03:51:03.498 1496 1496 I SystemServerTiming: OnBootPhase_480_com.android.server.usage.StorageStatsService$Lifecycle
03-14 03:51:03.498 1496 1496 I SystemServerTiming: OnBootPhase_480_com.android.server.UiModeManagerService
03-14 03:51:03.498 1496 1496 I SystemServerTiming: OnBootPhase_480_com.android.server.locksettings.LockSettingsService$Lifecycle
03-14 03:51:03.498 1496 1496 I SystemServerTiming: OnBootPhase_480_com.android.server.PersistentDataBlockService
03-14 03:51:03.498 1496 1496 I SystemServerTiming: OnBootPhase_480_com.android.server.testharness.TestHarnessModeService
03-14 03:51:03.498 1496 1496 I SystemServerTiming: OnBootPhase_480_com.android.server.oemlock.OemLockService
03-14 03:51:03.498 1496 1496 I SystemServerTiming: OnBootPhase_480_com.android.server.DeviceIdleController
03-14 03:51:03.498 1496 1496 I SystemServerTiming: OnBootPhase_480_com.android.server.devicepolicy.DevicePolicyManagerService$Lifecycle
03-14 03:51:03.500 1496 1496 I DevicePolicyManager: Current version 2, latest version 2, not upgrading.
03-14 03:51:03.502 1496 1496 I SystemServerTiming: OnBootPhase_480_com.android.server.texttospeech.TextToSpeechManagerService
03-14 03:51:03.502 1496 1691 I SystemServerTimingAsync: InitThreadPoolExec:DevicePolicyManager
03-14 03:51:03.502 1496 1496 I SystemServerTiming: OnBootPhase_480_com.android.server.speech.SpeechRecognitionManagerService
03-14 03:51:03.502 1496 1496 I SystemServerTiming: OnBootPhase_480_com.android.server.searchui.SearchUiManagerService
03-14 03:51:03.502 1496 1496 I SystemServerTiming: OnBootPhase_480_com.android.server.smartspace.SmartspaceManagerService
03-14 03:51:03.502 1496 1496 I SystemServerTiming: OnBootPhase_480_com.android.server.graphics.fonts.FontManagerService$Lifecycle
03-14 03:51:03.502 1496 1496 I SystemServerTiming: OnBootPhase_480_com.android.server.textservices.TextServicesManagerService$Lifecycle
03-14 03:51:03.502 1496 1496 I SystemServerTiming: OnBootPhase_480_com.android.server.textclassifier.TextClassificationManagerService$Lifecycle
03-14 03:51:03.502 1496 1496 I SystemServerTiming: OnBootPhase_480_com.android.server.NetworkScoreService$Lifecycle
03-14 03:51:03.502 1496 1496 I SystemServerTiming: OnBootPhase_480_com.android.server.wifi.WifiService
03-14 03:51:03.502 1496 1496 I SystemServerTiming: OnBootPhase_480_com.android.server.wifi.scanner.WifiScanningService
03-14 03:51:03.502 1496 1496 I SystemServerTiming: OnBootPhase_480_com.android.server.wifi.rtt.RttService
03-14 03:51:03.502 1496 1496 I SystemServerTiming: OnBootPhase_480_com.android.server.wifi.aware.WifiAwareService
03-14 03:51:03.502 1496 1496 I SystemServerTiming: OnBootPhase_480_com.android.server.wifi.p2p.WifiP2pService
03-14 03:51:03.502 1496 1496 I SystemServerTiming: OnBootPhase_480_com.android.server.ethernet.EthernetService
03-14 03:51:03.502 1496 1496 I SystemServerTiming: OnBootPhase_480_com.android.server.ConnectivityServiceInitializer
03-14 03:51:03.502 1496 1496 I SystemServerTiming: OnBootPhase_480_com.android.server.notification.NotificationManagerService
03-14 03:51:03.502 1496 1496 I SystemServerTiming: OnBootPhase_480_com.android.server.storage.DeviceStorageMonitorService
03-14 03:51:03.502 1496 1496 I SystemServerTiming: OnBootPhase_480_com.android.server.location.LocationManagerService$Lifecycle
03-14 03:51:03.502 1496 1496 I SystemServerTiming: OnBootPhase_480_com.android.server.timedetector.TimeDetectorService$Lifecycle
03-14 03:51:03.502 1496 1496 I SystemServerTiming: OnBootPhase_480_com.android.server.timezonedetector.TimeZoneDetectorService$Lifecycle
03-14 03:51:03.502 1496 1496 I SystemServerTiming: OnBootPhase_480_com.android.server.timezonedetector.location.LocationTimeZoneManagerService$Lifecycle
03-14 03:51:03.502 1496 1496 I SystemServerTiming: OnBootPhase_480_com.android.server.search.SearchManagerService$Lifecycle
03-14 03:51:03.502 1496 1496 I SystemServerTiming: OnBootPhase_480_com.android.server.wallpaper.WallpaperManagerService$Lifecycle
03-14 03:51:03.502 1496 1496 I SystemServerTiming: OnBootPhase_480_com.android.server.audio.AudioService$Lifecycle
03-14 03:51:03.502 1496 1496 I SystemServerTiming: OnBootPhase_480_com.android.server.soundtrigger_middleware.SoundTriggerMiddlewareService$Lifecycle
03-14 03:51:03.502 1496 1496 I SystemServerTiming: OnBootPhase_480_com.android.server.DockObserver
03-14 03:51:03.502 1496 1496 I SystemServerTiming: OnBootPhase_480_com.android.server.midi.MidiService$Lifecycle
03-14 03:51:03.502 1496 1496 I SystemServerTiming: OnBootPhase_480_com.android.server.adb.AdbService$Lifecycle
03-14 03:51:03.502 1496 1496 I SystemServerTiming: OnBootPhase_480_com.android.server.usb.UsbService$Lifecycle
03-14 03:51:03.503 1496 1496 I SystemServerTiming: OnBootPhase_480_com.android.server.twilight.TwilightService
03-14 03:51:03.503 1496 1496 I SystemServerTiming: OnBootPhase_480_com.android.server.display.color.ColorDisplayService
03-14 03:51:03.503 1496 1496 I SystemServerTiming: OnBootPhase_480_com.android.server.job.JobSchedulerService
03-14 03:51:03.503 1496 1496 I SystemServerTiming: OnBootPhase_480_com.android.server.soundtrigger.SoundTriggerService
03-14 03:51:03.503 1496 1496 D SoundTriggerService: onBootPhase: 480 : false
03-14 03:51:03.503 1496 1496 I SystemServerTiming: OnBootPhase_480_com.android.server.trust.TrustManagerService
03-14 03:51:03.503 1496 1496 I SystemServerTiming: OnBootPhase_480_com.android.server.backup.BackupManagerService$Lifecycle
03-14 03:51:03.503 1496 1496 I SystemServerTiming: OnBootPhase_480_com.android.server.appwidget.AppWidgetService
03-14 03:51:03.503 1496 1496 I SystemServerTiming: OnBootPhase_480_com.android.server.voiceinteraction.VoiceInteractionManagerService
03-14 03:51:03.503 1496 1496 I SystemServerTiming: OnBootPhase_480_com.android.server.apphibernation.AppHibernationService
03-14 03:51:03.503 1496 1496 I SystemServerTiming: OnBootPhase_480_com.android.server.SensorNotificationService
03-14 03:51:03.503 1496 1496 I SystemServerTiming: OnBootPhase_480_com.android.server.emergency.EmergencyAffordanceService
03-14 03:51:03.503 1496 1496 I SystemServerTiming: OnBootPhase_480_com.android.server.blob.BlobStoreManagerService
03-14 03:51:03.503 1496 1496 I SystemServerTiming: OnBootPhase_480_com.android.server.dreams.DreamManagerService
03-14 03:51:03.503 1496 1496 I SystemServerTiming: OnBootPhase_480_com.android.server.companion.CompanionDeviceManagerService
03-14 03:51:03.503 1496 1496 I SystemServerTiming: OnBootPhase_480_com.android.server.restrictions.RestrictionsManagerService
03-14 03:51:03.503 1496 1496 I SystemServerTiming: OnBootPhase_480_com.android.server.media.MediaSessionService
03-14 03:51:03.503 1496 1496 I SystemServerTiming: OnBootPhase_480_com.android.server.media.MediaResourceMonitorService
03-14 03:51:03.503 1496 1496 I SystemServerTiming: OnBootPhase_480_com.android.server.biometrics.sensors.fingerprint.FingerprintService
03-14 03:51:03.503 1496 1496 I SystemServerTiming: OnBootPhase_480_com.android.server.biometrics.BiometricService
03-14 03:51:03.503 1496 1496 I SystemServerTiming: OnBootPhase_480_com.android.server.biometrics.AuthService
03-14 03:51:03.503 1496 1496 I SystemServerTiming: OnBootPhase_480_com.android.server.pm.ShortcutService$Lifecycle
03-14 03:51:03.503 1496 1496 W ShortcutService: Clock rewound
03-14 03:51:03.504 1496 1496 I SystemServerTiming: OnBootPhase_480_com.android.server.pm.LauncherAppsService
03-14 03:51:03.504 1496 1496 I SystemServerTiming: OnBootPhase_480_com.android.server.pm.CrossProfileAppsService
03-14 03:51:03.504 1496 1496 I SystemServerTiming: OnBootPhase_480_com.android.server.people.PeopleService
03-14 03:51:03.504 1496 1496 I SystemServerTiming: OnBootPhase_480_com.android.server.media.metrics.MediaMetricsManagerService
03-14 03:51:03.504 1496 1496 I SystemServerTiming: OnBootPhase_480_com.android.server.media.projection.MediaProjectionManagerService
03-14 03:51:03.504 1496 1496 I SystemServerTiming: OnBootPhase_480_com.android.server.slice.SliceManagerService$Lifecycle
03-14 03:51:03.504 1496 1496 I SystemServerTiming: OnBootPhase_480_com.android.server.stats.StatsCompanion$Lifecycle
03-14 03:51:03.504 1496 1496 I SystemServerTiming: OnBootPhase_480_com.android.server.scheduling.RebootReadinessManagerService$Lifecycle
03-14 03:51:03.504 1496 1496 I SystemServerTiming: OnBootPhase_480_com.android.server.stats.pull.StatsPullAtomService
03-14 03:51:03.504 1496 1496 I SystemServerTiming: OnBootPhase_480_com.android.server.incident.IncidentCompanionService
03-14 03:51:03.504 1496 1496 I SystemServerTiming: OnBootPhase_480_com.android.server.MmsServiceBroker
03-14 03:51:03.504 1496 1496 I SystemServerTiming: OnBootPhase_480_com.android.server.autofill.AutofillManagerService
03-14 03:51:03.504 1496 1496 I SystemServerTiming: OnBootPhase_480_com.android.server.clipboard.ClipboardService
03-14 03:51:03.504 1496 1496 I SystemServerTiming: OnBootPhase_480_com.android.server.appbinding.AppBindingService$Lifecycle
03-14 03:51:03.504 1496 1496 I SystemServerTiming: OnBootPhase_480_com.android.server.tracing.TracingServiceProxy
03-14 03:51:03.504 1496 1496 I SystemServerTiming: StartBootPhaseSystemServicesReady
03-14 03:51:03.504 1496 1496 I SystemServiceManager: Starting phase 500
03-14 03:51:03.504 1496 1496 I SystemServerTiming: OnBootPhase_500
03-14 03:51:03.504 1496 1496 I SystemServerTiming: OnBootPhase_500_com.android.server.security.FileIntegrityService
03-14 03:51:03.504 1496 1496 I SystemServerTiming: OnBootPhase_500_com.android.server.pm.Installer
03-14 03:51:03.504 1496 1496 I SystemServerTiming: OnBootPhase_500_com.android.server.os.DeviceIdentifiersPolicyService
03-14 03:51:03.504 1496 1496 I SystemServerTiming: OnBootPhase_500_com.android.server.uri.UriGrantsManagerService$Lifecycle
03-14 03:51:03.504 1496 1496 I SystemServerTiming: OnBootPhase_500_com.android.server.powerstats.PowerStatsService
03-14 03:51:03.504 1496 1496 E StatsPullAtomCallbackImpl: Failed to start PowerStatsService statsd pullers
03-14 03:51:03.504 1496 1496 I SystemServerTiming: OnBootPhase_500_com.android.server.wm.ActivityTaskManagerService$Lifecycle
03-14 03:51:03.504 1496 1496 I SystemServerTiming: OnBootPhase_500_com.android.server.am.ActivityManagerService$Lifecycle
03-14 03:51:03.506 1496 1496 E BatteryStatsService: Could not register PowerStatsInternal
03-14 03:51:03.507 1496 1496 I SystemServerTiming: OnBootPhase_500_com.android.server.pm.DataLoaderManagerService
03-14 03:51:03.507 1496 1496 I SystemServerTiming: OnBootPhase_500_com.android.server.power.PowerManagerService
03-14 03:51:03.507 1496 1496 I SystemServerTiming: OnBootPhase_500_com.android.server.power.ThermalManagerService
03-14 03:51:03.507 1496 1496 I SystemServerTiming: OnBootPhase_500_com.android.server.power.hint.HintManagerService
03-14 03:51:03.507 1496 1496 V HintManagerService: Initializing HintManager service...
03-14 03:51:03.507 1496 1496 V HistoricalRegistry: Interaction before persistence initialized
03-14 03:51:03.507 1496 1496 I SystemServerTiming: OnBootPhase_500_com.android.server.recoverysystem.RecoverySystemService$Lifecycle
03-14 03:51:03.507 1496 1496 I SystemServerTiming: OnBootPhase_500_com.android.server.lights.LightsService
03-14 03:51:03.507 1496 1496 I SystemServerTiming: OnBootPhase_500_com.android.server.display.DisplayManagerService
03-14 03:51:03.507 1496 1496 I SystemServerTiming: OnBootPhase_500_com.android.server.pm.verify.domain.DomainVerificationService
03-14 03:51:03.507 1496 1496 I SystemServerTiming: OnBootPhase_500_com.android.server.pm.PackageInstallerService$Lifecycle
03-14 03:51:03.507 1496 1496 I SystemServerTiming: OnBootPhase_500_com.android.server.pm.UserManagerService$LifeCycle
03-14 03:51:03.507 1496 1496 I SystemServerTiming: OnBootPhase_500_com.android.server.om.OverlayManagerService
03-14 03:51:03.507 1496 1496 I SystemServerTiming: OnBootPhase_500_com.android.server.SensorPrivacyService
03-14 03:51:03.509 1496 1496 I SystemServerTiming: OnBootPhase_500_com.android.server.thunderperf.ThunderBoostPerfService
03-14 03:51:03.509 1496 1496 I SystemServerTiming: OnBootPhase_500_com.android.server.sensors.SensorService
03-14 03:51:03.509 1496 1496 I SystemServerTiming: OnBootPhase_500_com.android.server.SystemConfigService
03-14 03:51:03.509 1496 1496 I SystemServerTiming: OnBootPhase_500_com.android.server.BatteryService
03-14 03:51:03.509 1496 1496 I SystemServerTiming: OnBootPhase_500_com.android.server.usage.UsageStatsService
03-14 03:51:03.507 990 990 I auditd : type=1400 audit(0.0:236): avc: denied { read write } for comm="sensors.qti" name="diag" dev="tmpfs" ino=11936 scontext=u:r:vendor_sensors_qti:s0 tcontext=u:object_r:vendor_diag_device:s0 tclass=chr_file permissive=0
03-14 03:51:03.510 1496 1496 D AppStandbyController: Setting app idle enabled state
03-14 03:51:03.511 1496 1496 V HistoricalRegistry: Interaction before persistence initialized
03-14 03:51:03.511 1496 1496 I SystemServerTiming: OnBootPhase_500_com.android.server.webkit.WebViewUpdateService
03-14 03:51:03.511 1496 1496 I SystemServerTiming: OnBootPhase_500_com.android.server.CachedDeviceStateService
03-14 03:51:03.511 1496 1496 I SystemServerTiming: OnBootPhase_500_com.android.server.BinderCallsStatsService$LifeCycle
03-14 03:51:03.513 1496 1496 I SystemServerTiming: OnBootPhase_500_com.android.server.LooperStatsService$Lifecycle
03-14 03:51:03.513 1496 1496 I SystemServerTiming: OnBootPhase_500_com.android.server.rollback.RollbackManagerService
03-14 03:51:03.513 1496 1496 I SystemServerTiming: OnBootPhase_500_com.android.server.os.NativeTombstoneManagerService
03-14 03:51:03.513 1496 1496 I SystemServerTiming: OnBootPhase_500_com.android.server.os.BugreportManagerService
03-14 03:51:03.513 1496 1496 I SystemServerTiming: OnBootPhase_500_com.android.server.gpu.GpuService
03-14 03:51:03.513 1496 1496 I SystemServerTiming: OnBootPhase_500_com.android.server.security.KeyChainSystemService
03-14 03:51:03.513 1496 1496 I SystemServerTiming: OnBootPhase_500_com.android.server.telecom.TelecomLoaderService
03-14 03:51:03.513 1496 1496 I SystemServerTiming: OnBootPhase_500_com.android.server.accounts.AccountManagerService$Lifecycle
03-14 03:51:03.514 1496 1496 I SystemServerTiming: OnBootPhase_500_com.android.server.content.ContentService$Lifecycle
03-14 03:51:03.514 1496 1496 I SystemServerTiming: OnBootPhase_500_com.android.server.DropBoxManagerService
03-14 03:51:03.514 1496 1496 I SystemServerTiming: OnBootPhase_500_com.android.role.RoleService
03-14 03:51:03.514 1496 1496 I SystemServerTiming: OnBootPhase_500_com.android.server.vibrator.VibratorManagerService$Lifecycle
03-14 03:51:03.514 1496 1496 V VibratorManagerService: Initializing VibratorManager service...
03-14 03:51:03.514 1496 1496 V HistoricalRegistry: Interaction before persistence initialized
03-14 03:51:03.514 1496 1496 V VibratorManagerService: VibratorManager service initialized
03-14 03:51:03.514 1496 1496 I SystemServerTiming: OnBootPhase_500_com.android.server.alarm.AlarmManagerService
03-14 03:51:03.515 1496 1496 E LazyAlarmStore: Removed TIME_TICK alarm
03-14 03:51:03.515 1496 1621 I am_wtf : [0,1496,system_server,-1,LazyAlarmStore,Removed TIME_TICK alarm]
03-14 03:51:03.515 1496 1621 I DropBoxManagerService: add tag=system_server_wtf isTagEnabled=true flags=0x2
03-14 03:51:03.516 1496 1496 I SystemServerTiming: OnBootPhase_500_com.android.server.devicestate.DeviceStateManagerService
03-14 03:51:03.516 1496 1496 I SystemServerTiming: OnBootPhase_500_com.android.server.camera.CameraServiceProxy
03-14 03:51:03.516 1496 1496 I SystemServerTiming: OnBootPhase_500_com.android.server.BluetoothService
03-14 03:51:03.516 1496 1496 I SystemServerTiming: OnBootPhase_500_com.android.server.connectivity.IpConnectivityMetrics
03-14 03:51:03.518 1496 1715 I commit_sys_config_file: [settings-2-0,4]
03-14 03:51:03.519 1496 1496 I SystemServerTiming: OnBootPhase_500_com.android.server.net.watchlist.NetworkWatchlistService$Lifecycle
03-14 03:51:03.519 1496 1496 I SystemServerTiming: OnBootPhase_500_com.android.server.PinnerService
03-14 03:51:03.519 1496 1496 I SystemServerTiming: OnBootPhase_500_com.google.android.startop.iorap.IorapForwardingService
03-14 03:51:03.519 1496 1496 I SystemServerTiming: OnBootPhase_500_com.android.server.ActivityTriggerService
03-14 03:51:03.519 1496 1496 I SystemServerTiming: OnBootPhase_500_com.android.server.integrity.AppIntegrityManagerService
03-14 03:51:03.519 1496 1496 I SystemServerTiming: OnBootPhase_500_com.android.server.inputmethod.InputMethodManagerService$Lifecycle
03-14 03:51:03.519 1496 1496 I SystemServerTiming: OnBootPhase_500_com.android.server.accessibility.AccessibilityManagerService$Lifecycle
03-14 03:51:03.519 1496 1496 I SystemServerTiming: OnBootPhase_500_com.android.server.StorageManagerService$Lifecycle
03-14 03:51:03.519 1496 1496 I SystemServerTiming: OnBootPhase_500_com.android.server.usage.StorageStatsService$Lifecycle
03-14 03:51:03.519 1496 1496 I SystemServerTiming: OnBootPhase_500_com.android.server.UiModeManagerService
03-14 03:51:03.520 1496 1496 I configuration_changed: 512
03-14 03:51:03.520 1496 1496 I ActivityTaskManager: Config changes=200 {1.0 ?mcc?mnc [zh_CN] ldltr sw680dp w1586dp h612dp 240dpi lrg long land finger -keyb/v/h -nav/h winConfig={ mBounds=Rect(0, 0 - 2380, 1020) mAppBounds=Rect(0, 0 - 2380, 954) mMaxBounds=Rect(0, 0 - 2380, 1020) mWindowingMode=fullscreen mDisplayWindowingMode=fullscreen mActivityType=undefined mAlwaysOnTop=undefined mRotation=ROTATION_0} s.6 ?fontWeightAdjustment}
03-14 03:51:03.521 1496 1496 I WindowManager: Override config changes=200 {1.0 ?mcc?mnc [zh_CN] ldltr sw680dp w1586dp h612dp 240dpi lrg long land finger -keyb/v/h -nav/h winConfig={ mBounds=Rect(0, 0 - 2380, 1020) mAppBounds=Rect(0, 0 - 2380, 954) mMaxBounds=Rect(0, 0 - 2380, 1020) mWindowingMode=fullscreen mDisplayWindowingMode=fullscreen mActivityType=undefined mAlwaysOnTop=undefined mRotation=ROTATION_0} s.6 ?fontWeightAdjustment} for displayId=0
03-14 03:51:03.521 1496 1496 I SystemServerTiming: OnBootPhase_500_com.android.server.locksettings.LockSettingsService$Lifecycle
03-14 03:51:03.521 1496 1496 I SystemServerTiming: OnBootPhase_500_com.android.server.PersistentDataBlockService
03-14 03:51:03.521 1496 1496 I SystemServerTiming: OnBootPhase_500_com.android.server.testharness.TestHarnessModeService
03-14 03:51:03.521 1496 1496 D TestHarnessModeService: Setting up test harness mode
03-14 03:51:03.521 1496 1496 D TestHarnessModeService: Getting PersistentDataBlockManagerInternal from LocalServices
03-14 03:51:03.528 1496 1496 I SystemServerTiming: OnBootPhase_500_com.android.server.oemlock.OemLockService
03-14 03:51:03.529 1496 1496 I SystemServerTiming: OnBootPhase_500_com.android.server.DeviceIdleController
03-14 03:51:03.531 1496 1907 E ActivityManager: Attempt to launch receivers of broadcast intent Intent { act=android.app.action.STATSD_STARTED flg=0x1000000 } before boot completion
03-14 03:51:03.532 1496 1496 V HistoricalRegistry: Interaction before persistence initialized
03-14 03:51:03.532 1496 1496 I SystemServerTiming: OnBootPhase_500_com.android.server.devicepolicy.DevicePolicyManagerService$Lifecycle
03-14 03:51:03.532 1496 1496 I SystemServerTiming: OnBootPhase_500_com.android.server.texttospeech.TextToSpeechManagerService
03-14 03:51:03.532 1496 1496 I SystemServerTiming: OnBootPhase_500_com.android.server.speech.SpeechRecognitionManagerService
03-14 03:51:03.532 1496 1496 I SystemServerTiming: OnBootPhase_500_com.android.server.searchui.SearchUiManagerService
03-14 03:51:03.532 1496 1496 I SystemServerTiming: OnBootPhase_500_com.android.server.smartspace.SmartspaceManagerService
03-14 03:51:03.532 1496 1496 I SystemServerTiming: OnBootPhase_500_com.android.server.graphics.fonts.FontManagerService$Lifecycle
03-14 03:51:03.532 1496 1496 I SystemServerTiming: OnBootPhase_500_com.android.server.textservices.TextServicesManagerService$Lifecycle
03-14 03:51:03.533 1496 1496 I SystemServerTiming: OnBootPhase_500_com.android.server.textclassifier.TextClassificationManagerService$Lifecycle
03-14 03:51:03.533 1496 1496 I SystemServerTiming: OnBootPhase_500_com.android.server.NetworkScoreService$Lifecycle
03-14 03:51:03.533 1496 1496 I SystemServerTiming: OnBootPhase_500_com.android.server.wifi.WifiService
03-14 03:51:03.534 1496 1496 I SystemServerTiming: OnBootPhase_500_com.android.server.wifi.scanner.WifiScanningService
03-14 03:51:03.535 1496 1496 I SystemServerTiming: OnBootPhase_500_com.android.server.wifi.rtt.RttService
03-14 03:51:03.539 1496 1496 I SystemServerTiming: OnBootPhase_500_com.android.server.wifi.aware.WifiAwareService
03-14 03:51:03.545 1496 1496 I SystemServerTiming: OnBootPhase_500_com.android.server.wifi.p2p.WifiP2pService
03-14 03:51:03.545 1496 1496 I SystemServerTiming: OnBootPhase_500_com.android.server.ethernet.EthernetService
03-14 03:51:03.549 1496 1496 I SystemServerTiming: OnBootPhase_500_com.android.server.ConnectivityServiceInitializer
03-14 03:51:03.549 1496 1496 I SystemServerTiming: OnBootPhase_500_com.android.server.notification.NotificationManagerService
03-14 03:51:03.555 1496 1715 I commit_sys_config_file: [settings-1-0,4]
03-14 03:51:03.563 1496 1496 I GameModeConfig: isGameModeOn = false
03-14 03:51:03.564 1496 1496 I SystemServerTiming: OnBootPhase_500_com.android.server.storage.DeviceStorageMonitorService
03-14 03:51:03.564 1496 1496 I SystemServerTiming: OnBootPhase_500_com.android.server.location.LocationManagerService$Lifecycle
03-14 03:51:03.564 1496 1496 V HistoricalRegistry: Interaction before persistence initialized
03-14 03:51:03.564 1496 1496 I SystemServerTiming: OnBootPhase_500_com.android.server.timedetector.TimeDetectorService$Lifecycle
03-14 03:51:03.564 1496 1496 I SystemServerTiming: OnBootPhase_500_com.android.server.timezonedetector.TimeZoneDetectorService$Lifecycle
03-14 03:51:03.564 1496 1496 I SystemServerTiming: OnBootPhase_500_com.android.server.timezonedetector.location.LocationTimeZoneManagerService$Lifecycle
03-14 03:51:03.564 1496 1496 I SystemServerTiming: OnBootPhase_500_com.android.server.search.SearchManagerService$Lifecycle
03-14 03:51:03.564 1496 1496 I SystemServerTiming: OnBootPhase_500_com.android.server.wallpaper.WallpaperManagerService$Lifecycle
03-14 03:51:03.564 1496 1496 I SystemServerTiming: OnBootPhase_500_com.android.server.audio.AudioService$Lifecycle
03-14 03:51:03.564 1496 1496 I SystemServerTiming: OnBootPhase_500_com.android.server.soundtrigger_middleware.SoundTriggerMiddlewareService$Lifecycle
03-14 03:51:03.564 1496 1496 I SystemServerTiming: OnBootPhase_500_com.android.server.DockObserver
03-14 03:51:03.564 1496 1496 I SystemServerTiming: OnBootPhase_500_com.android.server.midi.MidiService$Lifecycle
03-14 03:51:03.565 1496 1496 I SystemServerTiming: OnBootPhase_500_com.android.server.adb.AdbService$Lifecycle
03-14 03:51:03.565 1496 1496 I SystemServerTiming: OnBootPhase_500_com.android.server.usb.UsbService$Lifecycle
03-14 03:51:03.565 1496 1496 I SystemServerTiming: OnBootPhase_500_com.android.server.twilight.TwilightService
03-14 03:51:03.565 1496 1496 I SystemServerTiming: OnBootPhase_500_com.android.server.display.color.ColorDisplayService
03-14 03:51:03.565 1496 1496 I SystemServerTiming: OnBootPhase_500_com.android.server.job.JobSchedulerService
01-01 08:00:13.348 0 0 I msm_vidc: high: 00000001: ....d: Opening video instance: 0000000000000000, 1
01-01 08:00:13.348 0 0 I msm_vidc: err : 00000001: ....d: Failed to create debugfs for msm_vidc
03-14 03:51:03.567 1496 1613 I commit_sys_config_file: [notification-policy,2]
03-14 03:51:03.570 1496 1496 V HistoricalRegistry: Interaction before persistence initialized
03-14 03:51:03.571 1496 1496 I SystemServerTiming: OnBootPhase_500_com.android.server.soundtrigger.SoundTriggerService
03-14 03:51:03.571 1496 1496 D SoundTriggerService: onBootPhase: 500 : false
03-14 03:51:03.571 1496 1496 I SystemServerTiming: OnBootPhase_500_com.android.server.trust.TrustManagerService
03-14 03:51:03.571 1496 1496 I SystemServerTiming: OnBootPhase_500_com.android.server.backup.BackupManagerService$Lifecycle
03-14 03:51:03.571 1496 1496 I SystemServerTiming: OnBootPhase_500_com.android.server.appwidget.AppWidgetService
03-14 03:51:03.571 1496 1496 I SystemServerTiming: OnBootPhase_500_com.android.server.voiceinteraction.VoiceInteractionManagerService
03-14 03:51:03.571 1496 1496 I SystemServerTiming: OnBootPhase_500_com.android.server.apphibernation.AppHibernationService
03-14 03:51:03.572 1496 1496 I SystemServerTiming: OnBootPhase_500_com.android.server.SensorNotificationService
03-14 03:51:03.572 1496 1496 I SystemServerTiming: OnBootPhase_500_com.android.server.emergency.EmergencyAffordanceService
03-14 03:51:03.572 1496 1496 I SystemServerTiming: OnBootPhase_500_com.android.server.blob.BlobStoreManagerService
03-14 03:51:03.572 1496 1496 I SystemServerTiming: OnBootPhase_500_com.android.server.dreams.DreamManagerService
03-14 03:51:03.572 1496 1496 I SystemServerTiming: OnBootPhase_500_com.android.server.companion.CompanionDeviceManagerService
03-14 03:51:03.574 1496 1496 I CompanionDeviceManagerService: initBleScanning()
03-14 03:51:03.574 1496 1496 I SystemServerTiming: OnBootPhase_500_com.android.server.restrictions.RestrictionsManagerService
03-14 03:51:03.574 1496 1496 I SystemServerTiming: OnBootPhase_500_com.android.server.media.MediaSessionService
03-14 03:51:03.574 1496 1496 I SystemServerTiming: OnBootPhase_500_com.android.server.media.MediaResourceMonitorService
03-14 03:51:03.574 1496 1496 I SystemServerTiming: OnBootPhase_500_com.android.server.biometrics.sensors.fingerprint.FingerprintService
03-14 03:51:03.574 1496 1496 I SystemServerTiming: OnBootPhase_500_com.android.server.biometrics.BiometricService
03-14 03:51:03.574 1496 1496 I SystemServerTiming: OnBootPhase_500_com.android.server.biometrics.AuthService
03-14 03:51:03.574 1496 1496 I SystemServerTiming: OnBootPhase_500_com.android.server.pm.ShortcutService$Lifecycle
03-14 03:51:03.574 1496 1496 I SystemServerTiming: OnBootPhase_500_com.android.server.pm.LauncherAppsService
03-14 03:51:03.574 1496 1496 I SystemServerTiming: OnBootPhase_500_com.android.server.pm.CrossProfileAppsService
03-14 03:51:03.574 1496 1496 I SystemServerTiming: OnBootPhase_500_com.android.server.people.PeopleService
03-14 03:51:03.574 1496 1496 I SystemServerTiming: OnBootPhase_500_com.android.server.media.metrics.MediaMetricsManagerService
03-14 03:51:03.574 1496 1496 I SystemServerTiming: OnBootPhase_500_com.android.server.media.projection.MediaProjectionManagerService
03-14 03:51:03.574 1496 1496 I SystemServerTiming: OnBootPhase_500_com.android.server.slice.SliceManagerService$Lifecycle
03-14 03:51:03.574 1496 1496 I SystemServerTiming: OnBootPhase_500_com.android.server.stats.StatsCompanion$Lifecycle
03-14 03:51:03.574 1496 1496 I SystemServerTiming: OnBootPhase_500_com.android.server.scheduling.RebootReadinessManagerService$Lifecycle
03-14 03:51:03.574 1496 1496 I SystemServerTiming: OnBootPhase_500_com.android.server.stats.pull.StatsPullAtomService
03-14 03:51:03.574 1496 1496 I SystemServerTiming: OnBootPhase_500_com.android.server.incident.IncidentCompanionService
03-14 03:51:03.574 1496 1496 I SystemServerTiming: OnBootPhase_500_com.android.server.MmsServiceBroker
03-14 03:51:03.574 1496 1496 I SystemServerTiming: OnBootPhase_500_com.android.server.autofill.AutofillManagerService
03-14 03:51:03.574 1496 1496 I SystemServerTiming: OnBootPhase_500_com.android.server.clipboard.ClipboardService
03-14 03:51:03.574 1496 1496 I SystemServerTiming: OnBootPhase_500_com.android.server.appbinding.AppBindingService$Lifecycle
03-14 03:51:03.574 1496 1496 I SystemServerTiming: OnBootPhase_500_com.android.server.tracing.TracingServiceProxy
03-14 03:51:03.574 1496 1496 I SystemServerTiming: MakeWindowManagerServiceReady
01-01 08:00:13.358 0 0 I : Wifi Turning On from UI
03-14 03:51:03.576 1496 1496 I SystemServerTiming: MakePowerManagerServiceReady
03-14 03:51:03.577 1496 1496 I AttentionDetector: readValuesFromDeviceConfig():
03-14 03:51:03.577 1496 1496 I AttentionDetector: mMaximumExtensionMillis=900000
03-14 03:51:03.577 1496 1496 I AttentionDetector: mPreDimCheckDurationMillis=2000
03-14 03:51:03.577 1496 1496 I AttentionDetector: mRequestedPostDimTimeoutMillis=0
03-14 03:51:03.577 1496 1977 I DropBoxManagerService: add tag=system_server_wtf isTagEnabled=true flags=0x2
03-14 03:51:03.578 1496 1978 I DropBoxManagerService: add tag=system_server_wtf isTagEnabled=true flags=0x2
03-14 03:51:03.580 1496 1496 E DisplayPowerController[0]: failed to set up display white-balance: java.lang.IllegalStateException: cannot find light sensor
03-14 03:51:03.580 1496 1496 W DisplayPowerController[0]: Screen brightness nits configuration is unavailable; falling back
03-14 03:51:03.582 1496 1638 W KeyguardServiceDelegate: onScreenTurningOn(): no keyguard service!
03-14 03:51:03.582 1496 1620 I HealthServiceWrapper: health: HealthServiceWrapper listening to instance default
03-14 03:51:03.582 1496 1638 V DisplayPowerController[0]: Brightness [1.0] reason changing to: 'override', previous reason: '0'.
03-14 03:51:03.585 1496 1496 I FaceDownDetector: readValuesFromDeviceConfig():
03-14 03:51:03.585 1496 1496 I FaceDownDetector: mAccelerationThreshold=0.2
03-14 03:51:03.585 1496 1496 I FaceDownDetector: mZAccelerationThreshold=-9.5
03-14 03:51:03.585 1496 1496 I FaceDownDetector: mTimeThreshold=PT1S
03-14 03:51:03.585 1496 1496 I FaceDownDetector: mIsEnabled=true
03-14 03:51:03.585 1496 1620 D StatsPullAtomService: Registering pullers with statsd
03-14 03:51:03.585 1496 1496 I ScreenUndimDetector: readValuesFromDeviceConfig():
03-14 03:51:03.585 1496 1496 I ScreenUndimDetector: mKeepScreenOnForMillis=600000
03-14 03:51:03.585 1496 1496 I ScreenUndimDetector: mKeepScreenOnNotificationEnabled=false
03-14 03:51:03.585 1496 1496 I ScreenUndimDetector: mUndimsRequired=2
03-14 03:51:03.587 1496 1629 E KernelCpuSpeedReader: Failed to read cpu-freq: /sys/devices/system/cpu/cpu4/cpufreq/stats/time_in_state: open failed: ENOENT (No such file or directory)
03-14 03:51:03.588 1496 1629 E KernelCpuSpeedReader: Failed to read cpu-freq: /sys/devices/system/cpu/cpu0/cpufreq/stats/time_in_state: open failed: ENOENT (No such file or directory)
03-14 03:51:03.588 1496 1496 I SystemServerTiming: StartPermissionPolicyService
03-14 03:51:03.588 1496 1496 I SystemServiceManager: Starting com.android.server.policy.PermissionPolicyService
03-14 03:51:03.590 1496 1496 I SystemServerTiming: MakePackageManagerServiceReady
03-14 03:51:03.593 1496 1620 I StatsPullAtomService: register thermal listener successfully
03-14 03:51:03.602 1496 1496 I commit_sys_config_file: [package-session,1]
03-14 03:51:03.602 1496 1496 V UserDataPreparer: Found /data/user_de/0 with serial number 0
03-14 03:51:03.602 1496 1496 V UserDataPreparer: Found /data/user/0 with serial number 0
03-14 03:51:03.602 1496 1496 V UserDataPreparer: Found /data/system_de/0 with serial number 0
03-14 03:51:03.602 1496 1496 V UserDataPreparer: Found /data/system_ce/0 with serial number 0
03-14 03:51:03.602 1496 1496 V UserDataPreparer: Found /data/misc_ce/0 with serial number -1
03-14 03:51:03.602 1496 1496 D UserDataPreparer: Serial number missing on /data/misc_ce/0; assuming current is valid
03-14 03:51:03.603 1496 1496 I PackageManager: Permission ownership changed. Updating all permissions.
03-14 03:51:03.633 1496 1496 I SystemServerTiming: MakeDisplayManagerServiceReady
03-14 03:51:03.635 1496 1496 I SystemServerTiming: StartDeviceSpecificServices
03-14 03:51:03.635 1496 1496 I SystemServerTiming: GameManagerService
03-14 03:51:03.635 1496 1496 I SystemServiceManager: Starting com.android.server.app.GameManagerService$Lifecycle
03-14 03:51:03.639 1496 1496 I SystemServerTiming: StartBootPhaseDeviceSpecificServicesReady
03-14 03:51:03.639 1496 1496 I SystemServiceManager: Starting phase 520
03-14 03:51:03.639 1496 1496 I SystemServerTiming: OnBootPhase_520
03-14 03:51:03.639 1496 1496 I SystemServerTiming: OnBootPhase_520_com.android.server.security.FileIntegrityService
03-14 03:51:03.639 1496 1496 I SystemServerTiming: OnBootPhase_520_com.android.server.pm.Installer
03-14 03:51:03.639 1496 1496 I SystemServerTiming: OnBootPhase_520_com.android.server.os.DeviceIdentifiersPolicyService
03-14 03:51:03.639 1496 1496 I SystemServerTiming: OnBootPhase_520_com.android.server.uri.UriGrantsManagerService$Lifecycle
03-14 03:51:03.639 1496 1496 I SystemServerTiming: OnBootPhase_520_com.android.server.powerstats.PowerStatsService
03-14 03:51:03.639 1496 1496 I SystemServerTiming: OnBootPhase_520_com.android.server.wm.ActivityTaskManagerService$Lifecycle
03-14 03:51:03.639 1496 1496 I SystemServerTiming: OnBootPhase_520_com.android.server.am.ActivityManagerService$Lifecycle
03-14 03:51:03.639 1496 1496 I SystemServerTiming: OnBootPhase_520_com.android.server.pm.DataLoaderManagerService
03-14 03:51:03.639 1496 1496 I SystemServerTiming: OnBootPhase_520_com.android.server.power.PowerManagerService
03-14 03:51:03.639 1496 1496 I SystemServerTiming: OnBootPhase_520_com.android.server.power.ThermalManagerService
03-14 03:51:03.639 1496 1496 I SystemServerTiming: OnBootPhase_520_com.android.server.power.hint.HintManagerService
03-14 03:51:03.639 1496 1496 I SystemServerTiming: OnBootPhase_520_com.android.server.recoverysystem.RecoverySystemService$Lifecycle
03-14 03:51:03.639 1496 1496 I SystemServerTiming: OnBootPhase_520_com.android.server.lights.LightsService
03-14 03:51:03.639 1496 1496 I SystemServerTiming: OnBootPhase_520_com.android.server.display.DisplayManagerService
03-14 03:51:03.639 1496 1496 I SystemServerTiming: OnBootPhase_520_com.android.server.pm.verify.domain.DomainVerificationService
03-14 03:51:03.639 1496 1496 I SystemServerTiming: OnBootPhase_520_com.android.server.pm.PackageInstallerService$Lifecycle
03-14 03:51:03.639 1496 1496 I SystemServerTiming: OnBootPhase_520_com.android.server.pm.UserManagerService$LifeCycle
03-14 03:51:03.639 1496 1496 I SystemServerTiming: OnBootPhase_520_com.android.server.om.OverlayManagerService
03-14 03:51:03.639 1496 1496 I SystemServerTiming: OnBootPhase_520_com.android.server.SensorPrivacyService
03-14 03:51:03.639 1496 1496 I SystemServerTiming: OnBootPhase_520_com.android.server.thunderperf.ThunderBoostPerfService
03-14 03:51:03.639 1496 1496 I SystemServerTiming: OnBootPhase_520_com.android.server.sensors.SensorService
03-14 03:51:03.639 1496 1496 I SystemServerTiming: OnBootPhase_520_com.android.server.SystemConfigService
03-14 03:51:03.639 1496 1496 I SystemServerTiming: OnBootPhase_520_com.android.server.BatteryService
03-14 03:51:03.639 1496 1496 I SystemServerTiming: OnBootPhase_520_com.android.server.usage.UsageStatsService
03-14 03:51:03.639 1496 1496 I SystemServerTiming: OnBootPhase_520_com.android.server.webkit.WebViewUpdateService
03-14 03:51:03.639 1496 1496 I SystemServerTiming: OnBootPhase_520_com.android.server.CachedDeviceStateService
03-14 03:51:03.639 1496 1496 I SystemServerTiming: OnBootPhase_520_com.android.server.BinderCallsStatsService$LifeCycle
03-14 03:51:03.639 1496 1496 I SystemServerTiming: OnBootPhase_520_com.android.server.LooperStatsService$Lifecycle
03-14 03:51:03.639 1496 1496 I SystemServerTiming: OnBootPhase_520_com.android.server.rollback.RollbackManagerService
03-14 03:51:03.639 1496 1496 I SystemServerTiming: OnBootPhase_520_com.android.server.os.NativeTombstoneManagerService
03-14 03:51:03.639 1496 1496 I SystemServerTiming: OnBootPhase_520_com.android.server.os.BugreportManagerService
03-14 03:51:03.639 1496 1496 I SystemServerTiming: OnBootPhase_520_com.android.server.gpu.GpuService
03-14 03:51:03.639 1496 1496 I SystemServerTiming: OnBootPhase_520_com.android.server.security.KeyChainSystemService
03-14 03:51:03.639 1496 1496 I SystemServerTiming: OnBootPhase_520_com.android.server.telecom.TelecomLoaderService
03-14 03:51:03.639 1496 1496 I SystemServerTiming: OnBootPhase_520_com.android.server.accounts.AccountManagerService$Lifecycle
03-14 03:51:03.639 1496 1496 I SystemServerTiming: OnBootPhase_520_com.android.server.content.ContentService$Lifecycle
03-14 03:51:03.639 1496 1496 I SystemServerTiming: OnBootPhase_520_com.android.server.DropBoxManagerService
03-14 03:51:03.639 1496 1496 I SystemServerTiming: OnBootPhase_520_com.android.role.RoleService
