11-11 00:09:11.555 2717 2717 I auditd : type=1400 audit(0.0:145648025): avc: denied { read } for comm="event_loop" lport=13400 scontext=u:r:hht_ota_mgr:s0 tcontext=u:r:hht_ota_mgr:s0 tclass=udp_socket permissive=0
11-11 00:09:11.559 2717 2717 I auditd : type=1400 audit(0.0:145648026): avc: denied { read } for comm="event_loop" lport=13400 scontext=u:r:hht_ota_mgr:s0 tcontext=u:r:hht_ota_mgr:s0 tclass=udp_socket permissive=0
11-11 00:09:11.559 2717 2717 I auditd : type=1400 audit(0.0:145648027): avc: denied { read } for comm="event_loop" lport=13400 scontext=u:r:hht_ota_mgr:s0 tcontext=u:r:hht_ota_mgr:s0 tclass=udp_socket permissive=0
11-11 00:09:11.559 2717 2717 I auditd : type=1400 audit(0.0:145648028): avc: denied { read } for comm="event_loop" lport=13400 scontext=u:r:hht_ota_mgr:s0 tcontext=u:r:hht_ota_mgr:s0 tclass=udp_socket permissive=0
11-11 00:09:11.559 2717 2717 I auditd : type=1400 audit(0.0:145648029): avc: denied { read } for comm="event_loop" lport=13400 scontext=u:r:hht_ota_mgr:s0 tcontext=u:r:hht_ota_mgr:s0 tclass=udp_socket permissive=0
01-01 08:10:15.767 0 0 W audit : audit_lost=145645015 audit_rate_limit=5 audit_backlog_limit=64
01-01 08:10:15.767 0 0 E audit : rate limit exceeded
11-11 00:09:12.422 1496 1817 I netstats_mobile_sample: [0,0,0,0,0,0,0,0,0,0,0,0,1668096552422]
11-11 00:09:12.423 1496 1817 I netstats_wifi_sample: [68516406,55702,5247101,32936,68516406,55702,5247101,32936,69467153,62179,3954415,29668,1668096552422]
01-01 08:10:16.771 0 0 W audit : audit_lost=145912907 audit_rate_limit=5 audit_backlog_limit=64
01-01 08:10:16.771 0 0 E audit : rate limit exceeded
11-11 00:09:12.559 2717 2717 I auditd : type=1400 audit(0.0:145915922): avc: denied { read } for comm="event_loop" lport=13400 scontext=u:r:hht_ota_mgr:s0 tcontext=u:r:hht_ota_mgr:s0 tclass=udp_socket permissive=0
11-11 00:09:12.563 2717 2717 I auditd : type=1400 audit(0.0:145915923): avc: denied { read } for comm="event_loop" lport=13400 scontext=u:r:hht_ota_mgr:s0 tcontext=u:r:hht_ota_mgr:s0 tclass=udp_socket permissive=0
11-11 00:09:12.563 2717 2717 I auditd : type=1400 audit(0.0:145915924): avc: denied { read } for comm="event_loop" lport=13400 scontext=u:r:hht_ota_mgr:s0 tcontext=u:r:hht_ota_mgr:s0 tclass=udp_socket permissive=0
11-11 00:09:12.563 2717 2717 I auditd : type=1400 audit(0.0:145915925): avc: denied { read } for comm="event_loop" lport=13400 scontext=u:r:hht_ota_mgr:s0 tcontext=u:r:hht_ota_mgr:s0 tclass=udp_socket permissive=0
11-11 00:09:12.563 2717 2717 I auditd : type=1400 audit(0.0:145915926): avc: denied { read } for comm="event_loop" lport=13400 scontext=u:r:hht_ota_mgr:s0 tcontext=u:r:hht_ota_mgr:s0 tclass=udp_socket permissive=0
01-01 08:10:17.775 0 0 W audit : audit_lost=146180942 audit_rate_limit=5 audit_backlog_limit=64
11-11 00:09:13.567 2717 2717 I auditd : type=1400 audit(0.0:146183962): avc: denied { read } for comm="event_loop" lport=13400 scontext=u:r:hht_ota_mgr:s0 tcontext=u:r:hht_ota_mgr:s0 tclass=udp_socket permissive=0
11-11 00:09:13.567 2717 2717 I auditd : type=1400 audit(0.0:146183963): avc: denied { read } for comm="event_loop" lport=13400 scontext=u:r:hht_ota_mgr:s0 tcontext=u:r:hht_ota_mgr:s0 tclass=udp_socket permissive=0
01-01 08:10:17.775 0 0 E audit : rate limit exceeded
11-11 00:09:13.567 2717 2717 I auditd : type=1400 audit(0.0:146183964): avc: denied { read } for comm="event_loop" lport=13400 scontext=u:r:hht_ota_mgr:s0 tcontext=u:r:hht_ota_mgr:s0 tclass=udp_socket permissive=0
11-11 00:09:13.567 2717 2717 I auditd : type=1400 audit(0.0:146183965): avc: denied { read } for comm="event_loop" lport=13400 scontext=u:r:hht_ota_mgr:s0 tcontext=u:r:hht_ota_mgr:s0 tclass=udp_socket permissive=0
11-11 00:09:13.567 2717 2717 I auditd : type=1400 audit(0.0:146183966): avc: denied { read } for comm="event_loop" lport=13400 scontext=u:r:hht_ota_mgr:s0 tcontext=u:r:hht_ota_mgr:s0 tclass=udp_socket permissive=0
11-11 00:09:13.832 1496 1817 I netstats_mobile_sample: [0,0,0,0,0,0,0,0,0,0,0,0,1668096553832]
11-11 00:09:13.833 1496 1817 I netstats_wifi_sample: [74514437,60537,5379778,35442,74514437,60537,5379778,35442,75465104,67012,4081542,32162,1668096553832]
01-01 08:10:18.042 0 0 I binder : 1496:1726 ioctl 400c620e 6d42f7d5d8 returned -22
01-01 08:10:18.043 0 0 I binder : 1496:1726 ioctl c00c620f 6d42f7d5b8 returned -22
11-11 00:09:13.834 1496 1726 D ActivityManager: freezing 3377 com.android.dynsystem
11-11 00:09:13.835 1496 1726 E ActivityManager: Unable to freeze binder for 3377 com.android.dynsystem
11-11 00:09:13.835 1496 1726 D ActivityManager: froze 3377 com.android.dynsystem
11-11 00:09:13.835 1496 1726 I am_freeze: [3377,com.android.dynsystem]
11-11 00:09:13.836 1496 1726 E ActivityManager: Unable to freeze binder for 3377 com.android.dynsystem
01-01 08:10:18.046 0 0 I binder : 1496:1726 ioctl 400c620e 6d42f7d5d8 returned -22
01-01 08:10:18.047 0 0 I binder : 1496:1726 ioctl c00c620f 6d42f7d5b8 returned -22
11-11 00:09:13.839 1496 1726 D ActivityManager: freezing 3381 com.android.localtransport
11-11 00:09:13.839 1496 1726 E ActivityManager: Unable to freeze binder for 3381 com.android.localtransport
11-11 00:09:13.840 1496 1726 D ActivityManager: froze 3381 com.android.localtransport
11-11 00:09:13.840 1496 1726 I am_freeze: [3381,com.android.localtransport]
11-11 00:09:13.840 1496 1726 E ActivityManager: Unable to freeze binder for 3381 com.android.localtransport
11-11 00:09:13.841 1496 1726 I ActivityManager: Killing 3377:com.android.dynsystem/1000 (adj 975): Unable to freeze binder interface
11-11 00:09:13.841 1496 1726 I am_kill : [0,3377,com.android.dynsystem,975,Unable to freeze binder interface]
11-11 00:09:13.843 1496 1726 I ActivityManager: Killing 3381:com.android.localtransport/1000 (adj 975): Unable to freeze binder interface
11-11 00:09:13.843 1496 1726 I am_kill : [0,3381,com.android.localtransport,975,Unable to freeze binder interface]
11-11 00:09:13.863 1496 7260 I am_proc_died: [0,3377,com.android.dynsystem,975,19]
11-11 00:09:13.866 1496 2830 I am_proc_died: [0,3381,com.android.localtransport,975,19]
01-01 08:10:18.086 0 0 I binder : 1496:1726 ioctl 400c620e 6d42f7d5d8 returned -22
01-01 08:10:18.087 0 0 I binder : 1496:1726 ioctl c00c620f 6d42f7d5b8 returned -22
11-11 00:09:13.879 1496 1726 D ActivityManager: freezing 3415 com.android.dynsystem:dynsystem
11-11 00:09:13.879 1496 1726 E ActivityManager: Unable to freeze binder for 3415 com.android.dynsystem:dynsystem
11-11 00:09:13.879 1496 1726 D ActivityManager: froze 3415 com.android.dynsystem:dynsystem
11-11 00:09:13.879 1496 1726 I am_freeze: [3415,com.android.dynsystem:dynsystem]
11-11 00:09:13.879 1496 1726 E ActivityManager: Unable to freeze binder for 3415 com.android.dynsystem:dynsystem
11-11 00:09:13.881 1496 1726 I ActivityManager: Killing 3415:com.android.dynsystem:dynsystem/1000 (adj 965): Unable to freeze binder interface
11-11 00:09:13.881 1496 1726 I am_kill : [0,3415,com.android.dynsystem:dynsystem,965,Unable to freeze binder interface]
11-11 00:09:13.905 1496 7260 I am_proc_died: [0,3415,com.android.dynsystem:dynsystem,965,19]
11-11 00:09:13.973 1496 1726 D ActivityManager: freezing 2983 com.android.keychain
11-11 00:09:13.974 1496 1726 E ActivityManager: Unable to freeze binder for 2983 com.android.keychain
11-11 00:09:13.974 1496 1726 D ActivityManager: froze 2983 com.android.keychain
11-11 00:09:13.974 1496 1726 I am_freeze: [2983,com.android.keychain]
11-11 00:09:13.974 1496 1726 E ActivityManager: Unable to freeze binder for 2983 com.android.keychain
01-01 08:10:18.181 0 0 I binder : 1496:1726 ioctl 400c620e 6d42f7d5d8 returned -22
01-01 08:10:18.181 0 0 I binder : 1496:1726 ioctl c00c620f 6d42f7d5b8 returned -22
11-11 00:09:13.975 1496 1726 I ActivityManager: Killing 2983:com.android.keychain/1000 (adj 995): Unable to freeze binder interface
11-11 00:09:13.976 1496 1726 I am_kill : [0,2983,com.android.keychain,995,Unable to freeze binder interface]
11-11 00:09:14.009 1496 7260 I am_proc_died: [0,2983,com.android.keychain,995,19]
11-11 00:09:14.214 1496 1726 D ActivityManager: freezing 3504 com.android.onetimeinitializer
01-01 08:10:18.421 0 0 I binder : 1496:1726 ioctl 400c620e 6d42f7d5d8 returned -22
11-11 00:09:14.214 1496 1726 E ActivityManager: Unable to freeze binder for 3504 com.android.onetimeinitializer
11-11 00:09:14.215 1496 1726 D ActivityManager: froze 3504 com.android.onetimeinitializer
11-11 00:09:14.215 1496 1726 I am_freeze: [3504,com.android.onetimeinitializer]
11-11 00:09:14.215 1496 1726 E ActivityManager: Unable to freeze binder for 3504 com.android.onetimeinitializer
01-01 08:10:18.422 0 0 I binder : 1496:1726 ioctl c00c620f 6d42f7d5b8 returned -22
11-11 00:09:14.217 1496 1726 I ActivityManager: Killing 3504:com.android.onetimeinitializer/u0a59 (adj 985): Unable to freeze binder interface
11-11 00:09:14.217 1496 1726 I am_kill : [0,3504,com.android.onetimeinitializer,985,Unable to freeze binder interface]
11-11 00:09:14.247 1496 7260 I am_proc_died: [0,3504,com.android.onetimeinitializer,985,19]
11-11 00:09:14.247 1496 7260 I am_uid_stopped: 10059
11-11 00:09:14.450 1496 1726 D ActivityManager: freezing 2405 com.android.settings
11-11 00:09:14.450 1496 1726 E ActivityManager: Unable to freeze binder for 2405 com.android.settings
11-11 00:09:14.451 1496 1726 D ActivityManager: froze 2405 com.android.settings
11-11 00:09:14.451 1496 1726 I am_freeze: [2405,com.android.settings]
11-11 00:09:14.451 1496 1726 E ActivityManager: Unable to freeze binder for 2405 com.android.settings
01-01 08:10:18.657 0 0 I binder : 1496:1726 ioctl 400c620e 6d42f7d5d8 returned -22
01-01 08:10:18.658 0 0 I binder : 1496:1726 ioctl c00c620f 6d42f7d5b8 returned -22
11-11 00:09:14.452 1496 1726 I ActivityManager: Killing 2405:com.android.settings/1000 (adj 975): Unable to freeze binder interface
11-11 00:09:14.452 1496 1726 I am_kill : [0,2405,com.android.settings,975,Unable to freeze binder interface]
11-11 00:09:14.482 1496 5343 I am_proc_died: [0,2405,com.android.settings,975,19]
11-11 00:09:14.489 1496 1614 W ActivityManager: setHasOverlayUi called on unknown pid: 2405
11-11 00:09:14.567 2717 2717 I auditd : type=1400 audit(0.0:146451920): avc: denied { read } for comm="event_loop" lport=13400 scontext=u:r:hht_ota_mgr:s0 tcontext=u:r:hht_ota_mgr:s0 tclass=udp_socket permissive=0
11-11 00:09:14.571 2717 2717 I auditd : type=1400 audit(0.0:146451921): avc: denied { read } for comm="event_loop" lport=13400 scontext=u:r:hht_ota_mgr:s0 tcontext=u:r:hht_ota_mgr:s0 tclass=udp_socket permissive=0
11-11 00:09:14.571 2717 2717 I auditd : type=1400 audit(0.0:146451922): avc: denied { read } for comm="event_loop" lport=13400 scontext=u:r:hht_ota_mgr:s0 tcontext=u:r:hht_ota_mgr:s0 tclass=udp_socket permissive=0
11-11 00:09:14.571 2717 2717 I auditd : type=1400 audit(0.0:146451923): avc: denied { read } for comm="event_loop" lport=13400 scontext=u:r:hht_ota_mgr:s0 tcontext=u:r:hht_ota_mgr:s0 tclass=udp_socket permissive=0
11-11 00:09:14.571 2717 2717 I auditd : type=1400 audit(0.0:146451924): avc: denied { read } for comm="event_loop" lport=13400 scontext=u:r:hht_ota_mgr:s0 tcontext=u:r:hht_ota_mgr:s0 tclass=udp_socket permissive=0
01-01 08:10:18.779 0 0 W audit : audit_lost=146448895 audit_rate_limit=5 audit_backlog_limit=64
01-01 08:10:18.779 0 0 E audit : rate limit exceeded
11-11 00:09:14.965 1496 1726 D ActivityManager: freezing 3644 com.qualcomm.qti.qms.service.connectionsecurity
11-11 00:09:14.965 1496 1726 E ActivityManager: Unable to freeze binder for 3644 com.qualcomm.qti.qms.service.connectionsecurity
11-11 00:09:14.965 1496 1726 D ActivityManager: froze 3644 com.qualcomm.qti.qms.service.connectionsecurity
11-11 00:09:14.965 1496 1726 I am_freeze: [3644,com.qualcomm.qti.qms.service.connectionsecurity]
11-11 00:09:14.966 1496 1726 E ActivityManager: Unable to freeze binder for 3644 com.qualcomm.qti.qms.service.connectionsecurity
01-01 08:10:19.172 0 0 I binder : 1496:1726 ioctl 400c620e 6d42f7d5d8 returned -22
01-01 08:10:19.173 0 0 I binder : 1496:1726 ioctl c00c620f 6d42f7d5b8 returned -22
11-11 00:09:14.968 1496 1726 D ActivityManager: freezing 2917 com.qualcomm.qtil.aptxui
11-11 00:09:14.968 1496 1726 E ActivityManager: Unable to freeze binder for 2917 com.qualcomm.qtil.aptxui
11-11 00:09:14.969 1496 1726 D ActivityManager: froze 2917 com.qualcomm.qtil.aptxui
11-11 00:09:14.969 1496 1726 I am_freeze: [2917,com.qualcomm.qtil.aptxui]
11-11 00:09:14.969 1496 1726 E ActivityManager: Unable to freeze binder for 2917 com.qualcomm.qtil.aptxui
11-11 00:09:14.971 1496 1726 I ActivityManager: Killing 3644:com.qualcomm.qti.qms.service.connectionsecurity/u0a58 (adj 965): Unable to freeze binder interface
11-11 00:09:14.971 1496 1726 I am_kill : [0,3644,com.qualcomm.qti.qms.service.connectionsecurity,965,Unable to freeze binder interface]
01-01 08:10:19.175 0 0 I binder : 1496:1726 ioctl 400c620e 6d42f7d5d8 returned -22
01-01 08:10:19.176 0 0 I binder : 1496:1726 ioctl c00c620f 6d42f7d5b8 returned -22
11-11 00:09:14.972 1496 1726 I ActivityManager: Killing 2917:com.qualcomm.qtil.aptxui/u0a84 (adj 955): Unable to freeze binder interface
11-11 00:09:14.972 1496 1726 I am_kill : [0,2917,com.qualcomm.qtil.aptxui,955,Unable to freeze binder interface]
11-11 00:09:14.996 1496 5343 I am_proc_died: [0,3644,com.qualcomm.qti.qms.service.connectionsecurity,965,19]
11-11 00:09:14.997 1496 5343 I am_uid_stopped: 10058
11-11 00:09:15.000 1496 5343 I am_proc_died: [0,2917,com.qualcomm.qtil.aptxui,955,19]
11-11 00:09:15.001 1496 5343 I am_uid_stopped: 10084
11-11 00:09:15.058 1496 1726 D ActivityManager: freezing 3676 com.android.externalstorage
11-11 00:09:15.058 1496 1726 E ActivityManager: Unable to freeze binder for 3676 com.android.externalstorage
01-01 08:10:19.265 0 0 I binder : 1496:1726 ioctl 400c620e 6d42f7d5d8 returned -22
11-11 00:09:15.061 1496 1726 D ActivityManager: froze 3676 com.android.externalstorage
11-11 00:09:15.061 1496 1726 I am_freeze: [3676,com.android.externalstorage]
11-11 00:09:15.061 1496 1726 E ActivityManager: Unable to freeze binder for 3676 com.android.externalstorage
11-11 00:09:15.062 1496 1726 I ActivityManager: Killing 3676:com.android.externalstorage/u0a28 (adj 955): Unable to freeze binder interface
11-11 00:09:15.062 1496 1726 I am_kill : [0,3676,com.android.externalstorage,955,Unable to freeze binder interface]
01-01 08:10:19.268 0 0 I binder : 1496:1726 ioctl c00c620f 6d42f7d5b8 returned -22
11-11 00:09:15.089 1496 2012 I am_proc_died: [0,3676,com.android.externalstorage,955,19]
11-11 00:09:15.089 1496 2012 I am_uid_stopped: 10028
11-11 00:09:15.331 1496 1817 I netstats_mobile_sample: [0,0,0,0,0,0,0,0,0,0,0,0,1668096555331]
11-11 00:09:15.331 1496 1817 I netstats_wifi_sample: [80765004,65596,5495628,37947,80765004,65596,5495628,37947,81719384,72091,4197078,34665,1668096555331]
11-11 00:09:15.571 2717 2717 I auditd : type=1400 audit(0.0:146720913): avc: denied { read } for comm="event_loop" lport=13400 scontext=u:r:hht_ota_mgr:s0 tcontext=u:r:hht_ota_mgr:s0 tclass=udp_socket permissive=0
11-11 00:09:15.575 2717 2717 I auditd : type=1400 audit(0.0:146720914): avc: denied { read } for comm="event_loop" lport=13400 scontext=u:r:hht_ota_mgr:s0 tcontext=u:r:hht_ota_mgr:s0 tclass=udp_socket permissive=0
11-11 00:09:15.575 2717 2717 I auditd : type=1400 audit(0.0:146720915): avc: denied { read } for comm="event_loop" lport=13400 scontext=u:r:hht_ota_mgr:s0 tcontext=u:r:hht_ota_mgr:s0 tclass=udp_socket permissive=0
11-11 00:09:15.575 2717 2717 I auditd : type=1400 audit(0.0:146720916): avc: denied { read } for comm="event_loop" lport=13400 scontext=u:r:hht_ota_mgr:s0 tcontext=u:r:hht_ota_mgr:s0 tclass=udp_socket permissive=0
11-11 00:09:15.575 2717 2717 I auditd : type=1400 audit(0.0:146720917): avc: denied { read } for comm="event_loop" lport=13400 scontext=u:r:hht_ota_mgr:s0 tcontext=u:r:hht_ota_mgr:s0 tclass=udp_socket permissive=0
01-01 08:10:19.783 0 0 W audit : audit_lost=146717883 audit_rate_limit=5 audit_backlog_limit=64
01-01 08:10:19.783 0 0 E audit : rate limit exceeded
11-11 00:09:16.579 2717 2717 I auditd : type=1400 audit(0.0:146989492): avc: denied { read } for comm="event_loop" lport=13400 scontext=u:r:hht_ota_mgr:s0 tcontext=u:r:hht_ota_mgr:s0 tclass=udp_socket permissive=0
11-11 00:09:16.579 2717 2717 I auditd : type=1400 audit(0.0:146989493): avc: denied { read } for comm="event_loop" lport=13400 scontext=u:r:hht_ota_mgr:s0 tcontext=u:r:hht_ota_mgr:s0 tclass=udp_socket permissive=0
11-11 00:09:16.579 2717 2717 I auditd : type=1400 audit(0.0:146989494): avc: denied { read } for comm="event_loop" lport=13400 scontext=u:r:hht_ota_mgr:s0 tcontext=u:r:hht_ota_mgr:s0 tclass=udp_socket permissive=0
11-11 00:09:16.579 2717 2717 I auditd : type=1400 audit(0.0:146989495): avc: denied { read } for comm="event_loop" lport=13400 scontext=u:r:hht_ota_mgr:s0 tcontext=u:r:hht_ota_mgr:s0 tclass=udp_socket permissive=0
11-11 00:09:16.579 2717 2717 I auditd : type=1400 audit(0.0:146989496): avc: denied { read } for comm="event_loop" lport=13400 scontext=u:r:hht_ota_mgr:s0 tcontext=u:r:hht_ota_mgr:s0 tclass=udp_socket permissive=0
01-01 08:10:20.787 0 0 W audit : audit_lost=146986457 audit_rate_limit=5 audit_backlog_limit=64
01-01 08:10:20.787 0 0 E audit : rate limit exceeded
11-11 00:09:16.827 1496 1817 I netstats_mobile_sample: [0,0,0,0,0,0,0,0,0,0,0,0,1668096556827]
11-11 00:09:16.828 1496 1817 I netstats_wifi_sample: [88111606,71525,5646843,40968,88111606,71525,5646843,40968,89065986,78020,4342683,37673,1668096556827]
11-11 00:09:17.583 2717 2717 I auditd : type=1400 audit(0.0:147258033): avc: denied { read } for comm="event_loop" lport=13400 scontext=u:r:hht_ota_mgr:s0 tcontext=u:r:hht_ota_mgr:s0 tclass=udp_socket permissive=0
11-11 00:09:17.583 2717 2717 I auditd : type=1400 audit(0.0:147258034): avc: denied { read } for comm="event_loop" lport=13400 scontext=u:r:hht_ota_mgr:s0 tcontext=u:r:hht_ota_mgr:s0 tclass=udp_socket permissive=0
11-11 00:09:17.583 2717 2717 I auditd : type=1400 audit(0.0:147258035): avc: denied { read } for comm="event_loop" lport=13400 scontext=u:r:hht_ota_mgr:s0 tcontext=u:r:hht_ota_mgr:s0 tclass=udp_socket permissive=0
11-11 00:09:17.583 2717 2717 I auditd : type=1400 audit(0.0:147258036): avc: denied { read } for comm="event_loop" lport=13400 scontext=u:r:hht_ota_mgr:s0 tcontext=u:r:hht_ota_mgr:s0 tclass=udp_socket permissive=0
11-11 00:09:17.583 2717 2717 I auditd : type=1400 audit(0.0:147258037): avc: denied { read } for comm="event_loop" lport=13400 scontext=u:r:hht_ota_mgr:s0 tcontext=u:r:hht_ota_mgr:s0 tclass=udp_socket permissive=0
01-01 08:10:21.791 0 0 W audit : audit_lost=147254993 audit_rate_limit=5 audit_backlog_limit=64
01-01 08:10:21.791 0 0 E audit : rate limit exceeded
11-11 00:09:18.329 1496 1817 I netstats_mobile_sample: [0,0,0,0,0,0,0,0,0,0,0,0,1668096558329]
11-11 00:09:18.329 1496 1817 I netstats_wifi_sample: [95129749,77449,5748934,43198,95129749,77449,5748934,43198,96084129,83944,4444834,39904,1668096558329]
11-11 00:09:18.353 6411 7300 W PackageParsing: No actions in intent-filter at /storage/emulated/0/Android/data/com.tencent.android.qqdownloader/files/tassistant/apk/com.sohu.tv_7002085.apk Binary XML file line #246
11-11 00:09:18.353 6411 7300 W PackageParsing: No actions in intent-filter at /storage/emulated/0/Android/data/com.tencent.android.qqdownloader/files/tassistant/apk/com.sohu.tv_7002085.apk Binary XML file line #257
11-11 00:09:18.353 6411 7300 W PackageParsing: No actions in intent-filter at /storage/emulated/0/Android/data/com.tencent.android.qqdownloader/files/tassistant/apk/com.sohu.tv_7002085.apk Binary XML file line #268
11-11 00:09:18.353 6411 7300 W PackageParsing: No actions in intent-filter at /storage/emulated/0/Android/data/com.tencent.android.qqdownloader/files/tassistant/apk/com.sohu.tv_7002085.apk Binary XML file line #306
11-11 00:09:18.353 6411 7300 W PackageParsing: No actions in intent-filter at /storage/emulated/0/Android/data/com.tencent.android.qqdownloader/files/tassistant/apk/com.sohu.tv_7002085.apk Binary XML file line #324
11-11 00:09:18.353 6411 7300 W PackageParsing: No actions in intent-filter at /storage/emulated/0/Android/data/com.tencent.android.qqdownloader/files/tassistant/apk/com.sohu.tv_7002085.apk Binary XML file line #335
11-11 00:09:18.353 6411 7300 W PackageParsing: No actions in intent-filter at /storage/emulated/0/Android/data/com.tencent.android.qqdownloader/files/tassistant/apk/com.sohu.tv_7002085.apk Binary XML file line #346
11-11 00:09:18.353 6411 7300 W PackageParsing: No actions in intent-filter at /storage/emulated/0/Android/data/com.tencent.android.qqdownloader/files/tassistant/apk/com.sohu.tv_7002085.apk Binary XML file line #357
11-11 00:09:18.353 6411 7300 W PackageParsing: No actions in intent-filter at /storage/emulated/0/Android/data/com.tencent.android.qqdownloader/files/tassistant/apk/com.sohu.tv_7002085.apk Binary XML file line #368
11-11 00:09:18.353 6411 7300 W PackageParsing: No actions in intent-filter at /storage/emulated/0/Android/data/com.tencent.android.qqdownloader/files/tassistant/apk/com.sohu.tv_7002085.apk Binary XML file line #379
11-11 00:09:18.353 6411 7300 W PackageParsing: No actions in intent-filter at /storage/emulated/0/Android/data/com.tencent.android.qqdownloader/files/tassistant/apk/com.sohu.tv_7002085.apk Binary XML file line #390
11-11 00:09:18.353 6411 7300 W PackageParsing: No actions in intent-filter at /storage/emulated/0/Android/data/com.tencent.android.qqdownloader/files/tassistant/apk/com.sohu.tv_7002085.apk Binary XML file line #401
11-11 00:09:18.353 6411 7300 W PackageParsing: No actions in intent-filter at /storage/emulated/0/Android/data/com.tencent.android.qqdownloader/files/tassistant/apk/com.sohu.tv_7002085.apk Binary XML file line #412
11-11 00:09:18.353 6411 7300 W PackageParsing: No actions in intent-filter at /storage/emulated/0/Android/data/com.tencent.android.qqdownloader/files/tassistant/apk/com.sohu.tv_7002085.apk Binary XML file line #423
11-11 00:09:18.359 6379 7329 W PackageParsing: No actions in intent-filter at /storage/emulated/0/Android/data/com.tencent.android.qqdownloader/files/tassistant/apk/com.sohu.tv_7002085.apk Binary XML file line #246
11-11 00:09:18.359 6379 7329 W PackageParsing: No actions in intent-filter at /storage/emulated/0/Android/data/com.tencent.android.qqdownloader/files/tassistant/apk/com.sohu.tv_7002085.apk Binary XML file line #257
11-11 00:09:18.359 6379 7329 W PackageParsing: No actions in intent-filter at /storage/emulated/0/Android/data/com.tencent.android.qqdownloader/files/tassistant/apk/com.sohu.tv_7002085.apk Binary XML file line #268
11-11 00:09:18.360 6379 7329 W PackageParsing: No actions in intent-filter at /storage/emulated/0/Android/data/com.tencent.android.qqdownloader/files/tassistant/apk/com.sohu.tv_7002085.apk Binary XML file line #306
11-11 00:09:18.360 6379 7329 W PackageParsing: No actions in intent-filter at /storage/emulated/0/Android/data/com.tencent.android.qqdownloader/files/tassistant/apk/com.sohu.tv_7002085.apk Binary XML file line #324
11-11 00:09:18.360 6379 7329 W PackageParsing: No actions in intent-filter at /storage/emulated/0/Android/data/com.tencent.android.qqdownloader/files/tassistant/apk/com.sohu.tv_7002085.apk Binary XML file line #335
11-11 00:09:18.360 6379 7329 W PackageParsing: No actions in intent-filter at /storage/emulated/0/Android/data/com.tencent.android.qqdownloader/files/tassistant/apk/com.sohu.tv_7002085.apk Binary XML file line #346
11-11 00:09:18.360 6379 7329 W PackageParsing: No actions in intent-filter at /storage/emulated/0/Android/data/com.tencent.android.qqdownloader/files/tassistant/apk/com.sohu.tv_7002085.apk Binary XML file line #357
11-11 00:09:18.360 6379 7329 W PackageParsing: No actions in intent-filter at /storage/emulated/0/Android/data/com.tencent.android.qqdownloader/files/tassistant/apk/com.sohu.tv_7002085.apk Binary XML file line #368
11-11 00:09:18.360 6379 7329 W PackageParsing: No actions in intent-filter at /storage/emulated/0/Android/data/com.tencent.android.qqdownloader/files/tassistant/apk/com.sohu.tv_7002085.apk Binary XML file line #379
11-11 00:09:18.360 6379 7329 W PackageParsing: No actions in intent-filter at /storage/emulated/0/Android/data/com.tencent.android.qqdownloader/files/tassistant/apk/com.sohu.tv_7002085.apk Binary XML file line #390
11-11 00:09:18.361 6379 7329 W PackageParsing: No actions in intent-filter at /storage/emulated/0/Android/data/com.tencent.android.qqdownloader/files/tassistant/apk/com.sohu.tv_7002085.apk Binary XML file line #401
11-11 00:09:18.361 6379 7329 W PackageParsing: No actions in intent-filter at /storage/emulated/0/Android/data/com.tencent.android.qqdownloader/files/tassistant/apk/com.sohu.tv_7002085.apk Binary XML file line #412
11-11 00:09:18.361 6379 7329 W PackageParsing: No actions in intent-filter at /storage/emulated/0/Android/data/com.tencent.android.qqdownloader/files/tassistant/apk/com.sohu.tv_7002085.apk Binary XML file line #423
11-11 00:09:18.368 6411 6480 W PackageParsing: No actions in intent-filter at /storage/emulated/0/Android/data/com.tencent.android.qqdownloader/files/tassistant/apk/com.sohu.tv_7002085.apk Binary XML file line #246
11-11 00:09:18.368 6411 6480 W PackageParsing: No actions in intent-filter at /storage/emulated/0/Android/data/com.tencent.android.qqdownloader/files/tassistant/apk/com.sohu.tv_7002085.apk Binary XML file line #257
11-11 00:09:18.368 6411 6480 W PackageParsing: No actions in intent-filter at /storage/emulated/0/Android/data/com.tencent.android.qqdownloader/files/tassistant/apk/com.sohu.tv_7002085.apk Binary XML file line #268
11-11 00:09:18.369 6411 6480 W PackageParsing: No actions in intent-filter at /storage/emulated/0/Android/data/com.tencent.android.qqdownloader/files/tassistant/apk/com.sohu.tv_7002085.apk Binary XML file line #306
11-11 00:09:18.369 6411 6480 W PackageParsing: No actions in intent-filter at /storage/emulated/0/Android/data/com.tencent.android.qqdownloader/files/tassistant/apk/com.sohu.tv_7002085.apk Binary XML file line #324
11-11 00:09:18.369 6411 6480 W PackageParsing: No actions in intent-filter at /storage/emulated/0/Android/data/com.tencent.android.qqdownloader/files/tassistant/apk/com.sohu.tv_7002085.apk Binary XML file line #335
11-11 00:09:18.369 6411 6480 W PackageParsing: No actions in intent-filter at /storage/emulated/0/Android/data/com.tencent.android.qqdownloader/files/tassistant/apk/com.sohu.tv_7002085.apk Binary XML file line #346
11-11 00:09:18.369 6411 6480 W PackageParsing: No actions in intent-filter at /storage/emulated/0/Android/data/com.tencent.android.qqdownloader/files/tassistant/apk/com.sohu.tv_7002085.apk Binary XML file line #357
11-11 00:09:18.369 6411 6480 W PackageParsing: No actions in intent-filter at /storage/emulated/0/Android/data/com.tencent.android.qqdownloader/files/tassistant/apk/com.sohu.tv_7002085.apk Binary XML file line #368
11-11 00:09:18.369 6411 6480 W PackageParsing: No actions in intent-filter at /storage/emulated/0/Android/data/com.tencent.android.qqdownloader/files/tassistant/apk/com.sohu.tv_7002085.apk Binary XML file line #379
11-11 00:09:18.369 6411 6480 W PackageParsing: No actions in intent-filter at /storage/emulated/0/Android/data/com.tencent.android.qqdownloader/files/tassistant/apk/com.sohu.tv_7002085.apk Binary XML file line #390
11-11 00:09:18.369 6411 6480 W PackageParsing: No actions in intent-filter at /storage/emulated/0/Android/data/com.tencent.android.qqdownloader/files/tassistant/apk/com.sohu.tv_7002085.apk Binary XML file line #401
11-11 00:09:18.369 6411 6480 W PackageParsing: No actions in intent-filter at /storage/emulated/0/Android/data/com.tencent.android.qqdownloader/files/tassistant/apk/com.sohu.tv_7002085.apk Binary XML file line #412
11-11 00:09:18.369 6411 6480 W PackageParsing: No actions in intent-filter at /storage/emulated/0/Android/data/com.tencent.android.qqdownloader/files/tassistant/apk/com.sohu.tv_7002085.apk Binary XML file line #423
11-11 00:09:18.379 6379 7329 W PackageParsing: No actions in intent-filter at /storage/emulated/0/Android/data/com.tencent.android.qqdownloader/files/tassistant/apk/com.sohu.tv_7002085.apk Binary XML file line #246
11-11 00:09:18.379 6379 7329 W PackageParsing: No actions in intent-filter at /storage/emulated/0/Android/data/com.tencent.android.qqdownloader/files/tassistant/apk/com.sohu.tv_7002085.apk Binary XML file line #257
11-11 00:09:18.379 6379 7329 W PackageParsing: No actions in intent-filter at /storage/emulated/0/Android/data/com.tencent.android.qqdownloader/files/tassistant/apk/com.sohu.tv_7002085.apk Binary XML file line #268
11-11 00:09:18.379 6379 7329 W PackageParsing: No actions in intent-filter at /storage/emulated/0/Android/data/com.tencent.android.qqdownloader/files/tassistant/apk/com.sohu.tv_7002085.apk Binary XML file line #306
11-11 00:09:18.379 6379 7329 W PackageParsing: No actions in intent-filter at /storage/emulated/0/Android/data/com.tencent.android.qqdownloader/files/tassistant/apk/com.sohu.tv_7002085.apk Binary XML file line #324
11-11 00:09:18.379 6379 7329 W PackageParsing: No actions in intent-filter at /storage/emulated/0/Android/data/com.tencent.android.qqdownloader/files/tassistant/apk/com.sohu.tv_7002085.apk Binary XML file line #335
11-11 00:09:18.379 6379 7329 W PackageParsing: No actions in intent-filter at /storage/emulated/0/Android/data/com.tencent.android.qqdownloader/files/tassistant/apk/com.sohu.tv_7002085.apk Binary XML file line #346
11-11 00:09:18.379 6379 7329 W PackageParsing: No actions in intent-filter at /storage/emulated/0/Android/data/com.tencent.android.qqdownloader/files/tassistant/apk/com.sohu.tv_7002085.apk Binary XML file line #357
11-11 00:09:18.379 6379 7329 W PackageParsing: No actions in intent-filter at /storage/emulated/0/Android/data/com.tencent.android.qqdownloader/files/tassistant/apk/com.sohu.tv_7002085.apk Binary XML file line #368
11-11 00:09:18.379 6379 7329 W PackageParsing: No actions in intent-filter at /storage/emulated/0/Android/data/com.tencent.android.qqdownloader/files/tassistant/apk/com.sohu.tv_7002085.apk Binary XML file line #379
11-11 00:09:18.379 6379 7329 W PackageParsing: No actions in intent-filter at /storage/emulated/0/Android/data/com.tencent.android.qqdownloader/files/tassistant/apk/com.sohu.tv_7002085.apk Binary XML file line #390
11-11 00:09:18.379 6379 7329 W PackageParsing: No actions in intent-filter at /storage/emulated/0/Android/data/com.tencent.android.qqdownloader/files/tassistant/apk/com.sohu.tv_7002085.apk Binary XML file line #401
11-11 00:09:18.379 6379 7329 W PackageParsing: No actions in intent-filter at /storage/emulated/0/Android/data/com.tencent.android.qqdownloader/files/tassistant/apk/com.sohu.tv_7002085.apk Binary XML file line #412
11-11 00:09:18.379 6379 7329 W PackageParsing: No actions in intent-filter at /storage/emulated/0/Android/data/com.tencent.android.qqdownloader/files/tassistant/apk/com.sohu.tv_7002085.apk Binary XML file line #423
11-11 00:09:18.387 6411 7492 W PackageParsing: No actions in intent-filter at /storage/emulated/0/Android/data/com.tencent.android.qqdownloader/files/tassistant/apk/com.sohu.tv_7002085.apk Binary XML file line #246
11-11 00:09:18.387 6411 7492 W PackageParsing: No actions in intent-filter at /storage/emulated/0/Android/data/com.tencent.android.qqdownloader/files/tassistant/apk/com.sohu.tv_7002085.apk Binary XML file line #257
11-11 00:09:18.387 6411 7492 W PackageParsing: No actions in intent-filter at /storage/emulated/0/Android/data/com.tencent.android.qqdownloader/files/tassistant/apk/com.sohu.tv_7002085.apk Binary XML file line #268
11-11 00:09:18.387 6411 7492 W PackageParsing: No actions in intent-filter at /storage/emulated/0/Android/data/com.tencent.android.qqdownloader/files/tassistant/apk/com.sohu.tv_7002085.apk Binary XML file line #306
11-11 00:09:18.387 6411 7492 W PackageParsing: No actions in intent-filter at /storage/emulated/0/Android/data/com.tencent.android.qqdownloader/files/tassistant/apk/com.sohu.tv_7002085.apk Binary XML file line #324
11-11 00:09:18.387 6411 7492 W PackageParsing: No actions in intent-filter at /storage/emulated/0/Android/data/com.tencent.android.qqdownloader/files/tassistant/apk/com.sohu.tv_7002085.apk Binary XML file line #335
11-11 00:09:18.387 6411 7492 W PackageParsing: No actions in intent-filter at /storage/emulated/0/Android/data/com.tencent.android.qqdownloader/files/tassistant/apk/com.sohu.tv_7002085.apk Binary XML file line #346
11-11 00:09:18.387 6411 7492 W PackageParsing: No actions in intent-filter at /storage/emulated/0/Android/data/com.tencent.android.qqdownloader/files/tassistant/apk/com.sohu.tv_7002085.apk Binary XML file line #357
11-11 00:09:18.387 6411 7492 W PackageParsing: No actions in intent-filter at /storage/emulated/0/Android/data/com.tencent.android.qqdownloader/files/tassistant/apk/com.sohu.tv_7002085.apk Binary XML file line #368
11-11 00:09:18.387 6411 7492 W PackageParsing: No actions in intent-filter at /storage/emulated/0/Android/data/com.tencent.android.qqdownloader/files/tassistant/apk/com.sohu.tv_7002085.apk Binary XML file line #379
11-11 00:09:18.388 6411 7492 W PackageParsing: No actions in intent-filter at /storage/emulated/0/Android/data/com.tencent.android.qqdownloader/files/tassistant/apk/com.sohu.tv_7002085.apk Binary XML file line #390
11-11 00:09:18.388 6411 7492 W PackageParsing: No actions in intent-filter at /storage/emulated/0/Android/data/com.tencent.android.qqdownloader/files/tassistant/apk/com.sohu.tv_7002085.apk Binary XML file line #401
11-11 00:09:18.388 6411 7492 W PackageParsing: No actions in intent-filter at /storage/emulated/0/Android/data/com.tencent.android.qqdownloader/files/tassistant/apk/com.sohu.tv_7002085.apk Binary XML file line #412
11-11 00:09:18.388 6411 7492 W PackageParsing: No actions in intent-filter at /storage/emulated/0/Android/data/com.tencent.android.qqdownloader/files/tassistant/apk/com.sohu.tv_7002085.apk Binary XML file line #423
11-11 00:09:18.583 2717 2717 I auditd : type=1400 audit(0.0:147524613): avc: denied { read } for comm="event_loop" lport=13400 scontext=u:r:hht_ota_mgr:s0 tcontext=u:r:hht_ota_mgr:s0 tclass=udp_socket permissive=0
11-11 00:09:18.587 2717 2717 I auditd : type=1400 audit(0.0:147524614): avc: denied { read } for comm="event_loop" lport=13400 scontext=u:r:hht_ota_mgr:s0 tcontext=u:r:hht_ota_mgr:s0 tclass=udp_socket permissive=0
11-11 00:09:18.587 2717 2717 I auditd : type=1400 audit(0.0:147524615): avc: denied { read } for comm="event_loop" lport=13400 scontext=u:r:hht_ota_mgr:s0 tcontext=u:r:hht_ota_mgr:s0 tclass=udp_socket permissive=0
11-11 00:09:18.587 2717 2717 I auditd : type=1400 audit(0.0:147524616): avc: denied { read } for comm="event_loop" lport=13400 scontext=u:r:hht_ota_mgr:s0 tcontext=u:r:hht_ota_mgr:s0 tclass=udp_socket permissive=0
11-11 00:09:18.587 2717 2717 I auditd : type=1400 audit(0.0:147524617): avc: denied { read } for comm="event_loop" lport=13400 scontext=u:r:hht_ota_mgr:s0 tcontext=u:r:hht_ota_mgr:s0 tclass=udp_socket permissive=0
01-01 08:10:22.795 0 0 W audit : audit_lost=147521568 audit_rate_limit=5 audit_backlog_limit=64
01-01 08:10:22.795 0 0 E audit : rate limit exceeded
11-11 00:09:18.658 1496 2830 I thunderperf: PlatormCompat.setOverrides: Uid1=10093 Pid1=6411 Uid2=10093 Pid2=6411
11-11 00:09:18.658 1496 2830 I thunderperf: PlatormCompat.setOverrides: needCheck:false
11-11 00:09:18.658 1496 2830 W PackageManager: MATCH_ANY_USER flag requires INTERACT_ACROSS_USERS permission: UID 10093 requires android.permission.INTERACT_ACROSS_USERS_FULL or android.permission.INTERACT_ACROSS_USERS to access user 0.
11-11 00:09:18.659 1496 2830 I ActivityTaskManager: START u0 {flg=0x10000000 cmp=com.tencent.android.qqdownloader/com.tencent.pangu.activity.InstallerListenerActivity (has extras)} from uid 10093
11-11 00:09:18.665 1496 2830 I wm_task_moved: [35,1,7]
11-11 00:09:18.665 1496 2830 I wm_set_resumed_activity: [0,com.tencent.android.qqdownloader/com.tencent.nucleus.search.SearchActivity,positionChildAt]
11-11 00:09:18.665 1496 2830 I wm_create_activity: [0,228066223,35,com.tencent.android.qqdownloader/com.tencent.pangu.activity.InstallerListenerActivity,NULL,NULL,NULL,268435456]
11-11 00:09:18.666 1496 2830 I wm_pause_activity: [0,204613226,com.tencent.android.qqdownloader/com.tencent.nucleus.search.SearchActivity,userLeaving=true,resumeTopActivityInnerLocked]
11-11 00:09:18.666 6411 6411 I wm_on_top_resumed_lost_called: [204613226,com.tencent.nucleus.search.SearchActivity,topStateChangedWhenResumed]
11-11 00:09:18.671 6411 6411 I wm_on_paused_called: [204613226,com.tencent.nucleus.search.SearchActivity,performPause]
11-11 00:09:18.671 1496 2830 I ActivityTaskManager: FOREGROUND_APPLICATION_CHANGED to com.tencent.pangu.activity.InstallerListenerActivity
11-11 00:09:18.671 1496 2830 I ActivityTaskManager: The Process com.tencent.android.qqdownloader Already Exists in BG. So sending its PID: 6411
11-11 00:09:18.672 1496 2830 W ActivityTaskManager: Tried to set launchTime (0) < mLastActivityLaunchTime (589927)
11-11 00:09:18.672 1496 2830 I wm_restart_activity: [0,228066223,35,com.tencent.android.qqdownloader/com.tencent.pangu.activity.InstallerListenerActivity]
11-11 00:09:18.673 1496 2830 I wm_set_resumed_activity: [0,com.tencent.android.qqdownloader/com.tencent.pangu.activity.InstallerListenerActivity,minimalResumeActivityLocked]
11-11 00:09:18.676 1496 1614 I sysui_multi_action: [757,803,799,window_time_0,802,31]
11-11 00:09:18.683 1496 2041 I ActivityTaskManager: START u0 {act=android.intent.action.VIEW dat=content://com.tencent.pangu.fileprovider/external_path/Android/data/com.tencent.android.qqdownloader/files/tassistant/apk/com.sohu.tv_7002085.apk typ=application/vnd.android.package-archive flg=0x10000003 cmp=com.android.packageinstaller/.InstallStart} from uid 10093
11-11 00:09:18.684 1496 2041 W ActivityTaskManager: Activity is launching as a new task, so cancelling activity result.
11-11 00:09:18.685 1496 2041 I wm_task_created: [36,-1]
11-11 00:09:18.685 1496 2041 W ActivityTaskManager: Can't find TaskDisplayArea to determine support for multi window. Task id=36 attached=false
11-11 00:09:18.686 1496 2041 D CompatibilityChangeReporter: Compat change id reported: 174042980; UID 10030; state: DISABLED
11-11 00:09:18.686 1496 2041 D CompatibilityChangeReporter: Compat change id reported: 184838306; UID 10030; state: DISABLED
11-11 00:09:18.687 1496 2041 D CompatibilityChangeReporter: Compat change id reported: 185004937; UID 10030; state: DISABLED
11-11 00:09:18.687 1496 2041 D CompatibilityChangeReporter: Compat change id reported: 181136395; UID 10030; state: DISABLED
11-11 00:09:18.687 1496 2041 D CompatibilityChangeReporter: Compat change id reported: 174042936; UID 10030; state: DISABLED
11-11 00:09:18.687 1496 2041 I wm_task_moved: [36,1,8]
11-11 00:09:18.687 1496 2041 I wm_task_to_front: [0,36]
11-11 00:09:18.688 1496 2041 I wm_create_task: [0,36]
11-11 00:09:18.688 1496 2041 I wm_create_activity: [0,194980545,36,com.android.packageinstaller/.InstallStart,android.intent.action.VIEW,application/vnd.android.package-archive,content://com.tencent.pangu.fileprovider/external_path/Android/data/com.tencent.android.qqdownloader/files/tassistant/apk/com.sohu.tv_7002085.apk,276824067]
11-11 00:09:18.688 1496 2041 I wm_task_moved: [36,1,8]
11-11 00:09:18.689 1496 2041 D CompatibilityChangeReporter: Compat change id reported: 168419799; UID 10030; state: DISABLED
11-11 00:09:18.689 1496 2041 I wm_pause_activity: [0,228066223,com.tencent.android.qqdownloader/com.tencent.pangu.activity.InstallerListenerActivity,userLeaving=true,pauseBackTasks]
11-11 00:09:18.691 6411 6411 I wm_on_create_called: [228066223,com.tencent.pangu.activity.InstallerListenerActivity,performCreate]
11-11 00:09:18.692 6411 6411 I wm_on_start_called: [228066223,com.tencent.pangu.activity.InstallerListenerActivity,handleStartActivity]
11-11 00:09:18.693 6411 6411 I wm_on_resume_called: [228066223,com.tencent.pangu.activity.InstallerListenerActivity,RESUME_ACTIVITY]
11-11 00:09:18.695 6411 6411 I wm_on_top_resumed_gained_called: [228066223,com.tencent.pangu.activity.InstallerListenerActivity,topStateChangedWhenResumed]
11-11 00:09:18.696 6411 6411 I wm_on_paused_called: [228066223,com.tencent.pangu.activity.InstallerListenerActivity,performPause]
11-11 00:09:18.696 6411 6411 I wm_on_activity_result_called: [228066223,com.tencent.pangu.activity.InstallerListenerActivity,ACTIVITY_RESULT]
11-11 00:09:18.697 6411 6411 I wm_on_resume_called: [228066223,com.tencent.pangu.activity.InstallerListenerActivity,ACTIVITY_RESULT]
11-11 00:09:18.697 6411 6411 I wm_on_top_resumed_lost_called: [228066223,com.tencent.pangu.activity.InstallerListenerActivity,topStateChangedWhenResumed]
11-11 00:09:18.697 6411 6411 I wm_on_paused_called: [228066223,com.tencent.pangu.activity.InstallerListenerActivity,performPause]
11-11 00:09:18.698 1496 2830 I ActivityTaskManager: FOREGROUND_APPLICATION_CHANGED to com.android.packageinstaller.InstallStart
11-11 00:09:18.699 1496 2830 I ActivityTaskManager: The Process com.android.packageinstaller Already Exists in BG. So sending its PID: 3527
11-11 00:09:18.699 1496 2830 I wm_restart_activity: [0,194980545,36,com.android.packageinstaller/.InstallStart]
11-11 00:09:18.700 1496 2830 I wm_set_resumed_activity: [0,com.android.packageinstaller/.InstallStart,minimalResumeActivityLocked]
11-11 00:09:18.703 1496 1614 I am_uid_active: 10030
11-11 00:09:18.705 1496 1614 I sysui_multi_action: [757,803,799,window_time_0,802,0]
11-11 00:09:18.726 1496 2041 I thunderperf: PlatormCompat.setOverrides: Uid1=10030 Pid1=3527 Uid2=10030 Pid2=3527
11-11 00:09:18.726 1496 2041 I thunderperf: PlatormCompat.setOverrides: needCheck:false
11-11 00:09:18.726 1496 2041 I thunderperf: CompatConfig.addOverrideUnsafe: bef-state=1
11-11 00:09:18.727 1496 2041 E thunderperf: CompatConfig.addOverrideUnsafe: exception:java.lang.SecurityException: Cannot override a change on a non-debuggable app and user build.
11-11 00:09:18.727 1496 2041 I thunderperf: CompatConfig.addOverrideUnsafe: aft-state=1
11-11 00:09:18.727 1496 2041 I thunderperf: CompatConfig.addOverrideUnsafe: bef-state=1
11-11 00:09:18.727 1496 2041 E thunderperf: CompatConfig.addOverrideUnsafe: exception:java.lang.SecurityException: Cannot override a change on a non-debuggable app and user build.
11-11 00:09:18.727 1496 2041 I thunderperf: CompatConfig.addOverrideUnsafe: aft-state=1
11-11 00:09:18.727 1496 2041 I thunderperf: CompatConfig.addOverrideUnsafe: bef-state=1
11-11 00:09:18.728 1496 2041 E thunderperf: CompatConfig.addOverrideUnsafe: exception:java.lang.SecurityException: Cannot override a change on a non-debuggable app and user build.
11-11 00:09:18.728 1496 2041 I thunderperf: CompatConfig.addOverrideUnsafe: aft-state=1
11-11 00:09:18.728 1496 2041 I thunderperf: CompatConfig.addOverrideUnsafe: bef-state=1
11-11 00:09:18.728 1496 2041 E thunderperf: CompatConfig.addOverrideUnsafe: exception:java.lang.SecurityException: Cannot override a change on a non-debuggable app and user build.
11-11 00:09:18.728 1496 2041 I thunderperf: CompatConfig.addOverrideUnsafe: aft-state=1
11-11 00:09:18.728 1496 2041 I thunderperf: CompatConfig.addOverrideUnsafe: bef-state=1
11-11 00:09:18.728 1496 2041 E thunderperf: CompatConfig.addOverrideUnsafe: exception:java.lang.SecurityException: Cannot override a change on a non-debuggable app and user build.
11-11 00:09:18.728 1496 2041 I thunderperf: CompatConfig.addOverrideUnsafe: aft-state=1
11-11 00:09:18.729 1496 2041 I thunderperf: CompatConfig.addOverrideUnsafe: bef-state=1
11-11 00:09:18.729 1496 2041 E thunderperf: CompatConfig.addOverrideUnsafe: exception:java.lang.SecurityException: Cannot override a change on a non-debuggable app and user build.
11-11 00:09:18.729 1496 2041 I thunderperf: CompatConfig.addOverrideUnsafe: aft-state=1
11-11 00:09:18.729 1496 2041 I thunderperf: CompatConfig.addOverrideUnsafe: bef-state=1
11-11 00:09:18.729 1496 2041 E thunderperf: CompatConfig.addOverrideUnsafe: exception:java.lang.SecurityException: Cannot override a change on a non-debuggable app and user build.
11-11 00:09:18.729 1496 2041 I thunderperf: CompatConfig.addOverrideUnsafe: aft-state=1
11-11 00:09:18.729 1496 2041 I thunderperf: CompatConfig.addOverrideUnsafe: bef-state=1
11-11 00:09:18.729 1496 2041 E thunderperf: CompatConfig.addOverrideUnsafe: exception:java.lang.SecurityException: Cannot override a change on a non-debuggable app and user build.
11-11 00:09:18.729 1496 2041 I thunderperf: CompatConfig.addOverrideUnsafe: aft-state=1
11-11 00:09:18.729 1496 2041 I thunderperf: CompatConfig.addOverrideUnsafe: bef-state=1
11-11 00:09:18.729 1496 2041 E thunderperf: CompatConfig.addOverrideUnsafe: exception:java.lang.SecurityException: Cannot override a change on a non-debuggable app and user build.
11-11 00:09:18.729 1496 2041 I thunderperf: CompatConfig.addOverrideUnsafe: aft-state=1
11-11 00:09:18.730 1496 2041 I thunderperf: CompatConfig.addOverrideUnsafe: bef-state=1
11-11 00:09:18.730 1496 2041 E thunderperf: CompatConfig.addOverrideUnsafe: exception:java.lang.SecurityException: Cannot override a change on a non-debuggable app and user build.
11-11 00:09:18.730 1496 2041 I thunderperf: CompatConfig.addOverrideUnsafe: aft-state=1
11-11 00:09:18.730 1496 2041 I thunderperf: CompatConfig.addOverrideUnsafe: bef-state=1
11-11 00:09:18.730 1496 2041 E thunderperf: CompatConfig.addOverrideUnsafe: exception:java.lang.SecurityException: Cannot override a change on a non-debuggable app and user build.
11-11 00:09:18.730 1496 2041 I thunderperf: CompatConfig.addOverrideUnsafe: aft-state=1
11-11 00:09:18.730 1496 2041 I thunderperf: CompatConfig.addOverrideUnsafe: bef-state=1
11-11 00:09:18.730 1496 2041 E thunderperf: CompatConfig.addOverrideUnsafe: exception:java.lang.SecurityException: Cannot override a change on a non-debuggable app and user build.
11-11 00:09:18.730 1496 2041 I thunderperf: CompatConfig.addOverrideUnsafe: aft-state=1
11-11 00:09:18.731 1496 2041 I thunderperf: CompatConfig.addOverrideUnsafe: bef-state=1
11-11 00:09:18.731 1496 2041 E thunderperf: CompatConfig.addOverrideUnsafe: exception:java.lang.SecurityException: Cannot override a change on a non-debuggable app and user build.
11-11 00:09:18.731 1496 2041 I thunderperf: CompatConfig.addOverrideUnsafe: aft-state=1
11-11 00:09:18.731 1496 2041 I thunderperf: CompatConfig.addOverrideUnsafe: bef-state=1
11-11 00:09:18.731 1496 2041 E thunderperf: CompatConfig.addOverrideUnsafe: exception:java.lang.SecurityException: Cannot override a change on a non-debuggable app and user build.
11-11 00:09:18.731 1496 2041 I thunderperf: CompatConfig.addOverrideUnsafe: aft-state=1
11-11 00:09:18.732 1496 2041 I ActivityTaskManager: START u0 {act=android.intent.action.VIEW dat=content://com.tencent.pangu.fileprovider/external_path/Android/data/com.tencent.android.qqdownloader/files/tassistant/apk/com.sohu.tv_7002085.apk typ=application/vnd.android.package-archive flg=0x2000001 cmp=com.android.packageinstaller/.InstallStaging (has extras)} from uid 10030
11-11 00:09:18.735 1496 2041 I wm_task_moved: [36,1,8]
11-11 00:09:18.736 1496 2041 I wm_set_resumed_activity: [0,com.android.packageinstaller/.InstallStart,positionChildAt]
11-11 00:09:18.736 1496 2041 I wm_create_activity: [0,178734641,36,com.android.packageinstaller/.InstallStaging,android.intent.action.VIEW,application/vnd.android.package-archive,content://com.tencent.pangu.fileprovider/external_path/Android/data/com.tencent.android.qqdownloader/files/tassistant/apk/com.sohu.tv_7002085.apk,33554433]
11-11 00:09:18.737 1496 2041 I wm_pause_activity: [0,194980545,com.android.packageinstaller/.InstallStart,userLeaving=true,resumeTopActivityInnerLocked]
11-11 00:09:18.740 1496 2041 I wm_finish_activity: [0,194980545,36,com.android.packageinstaller/.InstallStart,app-request]
11-11 00:09:18.740 3527 3527 I wm_on_create_called: [194980545,com.android.packageinstaller.InstallStart,performCreate]
11-11 00:09:18.743 1496 2834 I wm_add_to_stopping: [0,194980545,com.android.packageinstaller/.InstallStart,completeFinishing]
11-11 00:09:18.744 1496 2834 I ActivityTaskManager: FOREGROUND_APPLICATION_CHANGED to com.android.packageinstaller.InstallStaging
11-11 00:09:18.744 1496 2834 I ActivityTaskManager: The Process com.android.packageinstaller Already Exists in BG. So sending its PID: 3527
11-11 00:09:18.744 1496 2834 W ActivityTaskManager: Tried to set launchTime (0) < mLastActivityLaunchTime (620383)
11-11 00:09:18.745 1496 2834 I wm_restart_activity: [0,178734641,36,com.android.packageinstaller/.InstallStaging]
11-11 00:09:18.745 1496 2834 I wm_set_resumed_activity: [0,com.android.packageinstaller/.InstallStaging,minimalResumeActivityLocked]
11-11 00:09:18.746 1496 2834 D CompatibilityChangeReporter: Compat change id reported: 181136395; UID 10093; state: DISABLED
11-11 00:09:18.746 1496 2834 D CompatibilityChangeReporter: Compat change id reported: 174042936; UID 10093; state: DISABLED
11-11 00:09:18.749 1496 1614 I sysui_multi_action: [757,803,799,window_time_0,802,0]
11-11 00:09:18.756 3527 3527 I wm_on_create_called: [178734641,com.android.packageinstaller.InstallStaging,performCreate]
11-11 00:09:18.756 3527 3527 I wm_on_start_called: [178734641,com.android.packageinstaller.InstallStaging,handleStartActivity]
11-11 00:09:18.757 3527 3527 I wm_on_resume_called: [178734641,com.android.packageinstaller.InstallStaging,RESUME_ACTIVITY]
11-11 00:09:18.763 3527 3527 I wm_on_top_resumed_gained_called: [178734641,com.android.packageinstaller.InstallStaging,topStateChangedWhenResumed]
11-11 00:09:18.782 1496 1615 I input_focus: [Focus request 1d01cee com.android.packageinstaller/com.android.packageinstaller.InstallStaging,reason=UpdateInputWindows]
01-01 08:10:23.008 0 0 I binder : 3527:7509 ioctl 40046210 6dd1ffd1f4 returned -22
