11-11 00:02:10.879 2717 2717 I auditd : type=1400 audit(0.0:32559065): avc: denied { read } for comm="event_loop" lport=13400 scontext=u:r:hht_ota_mgr:s0 tcontext=u:r:hht_ota_mgr:s0 tclass=udp_socket permissive=0
11-11 00:02:10.883 2717 2717 I auditd : type=1400 audit(0.0:32559066): avc: denied { read } for comm="event_loop" lport=13400 scontext=u:r:hht_ota_mgr:s0 tcontext=u:r:hht_ota_mgr:s0 tclass=udp_socket permissive=0
11-11 00:02:10.883 2717 2717 I auditd : type=1400 audit(0.0:32559067): avc: denied { read } for comm="event_loop" lport=13400 scontext=u:r:hht_ota_mgr:s0 tcontext=u:r:hht_ota_mgr:s0 tclass=udp_socket permissive=0
11-11 00:02:10.883 2717 2717 I auditd : type=1400 audit(0.0:32559068): avc: denied { read } for comm="event_loop" lport=13400 scontext=u:r:hht_ota_mgr:s0 tcontext=u:r:hht_ota_mgr:s0 tclass=udp_socket permissive=0
11-11 00:02:10.883 2717 2717 I auditd : type=1400 audit(0.0:32559069): avc: denied { read } for comm="event_loop" lport=13400 scontext=u:r:hht_ota_mgr:s0 tcontext=u:r:hht_ota_mgr:s0 tclass=udp_socket permissive=0
01-01 08:03:15.091 0 0 W audit : audit_lost=32558150 audit_rate_limit=5 audit_backlog_limit=64
01-01 08:03:15.091 0 0 E audit : rate limit exceeded
11-11 00:02:10.958 1496 1715 I commit_sys_config_file: [settings-2-0,5]
11-11 00:02:11.267 1496 1496 I notification_enqueue: [10095,5348,com.tencent.qqmusicpad,1,NULL,0,Notification(channel=channel_notification_player shortcut=null contentView=com.tencent.qqmusicpad/0x7f0c020d vibrate=null sound=null tick defaults=0x0 flags=0x62 color=0x00000000 vis=SECRET),1]
11-11 00:02:11.446 1496 1817 I netstats_mobile_sample: [0,0,0,0,0,0,0,0,0,0,0,0,1668096131446]
11-11 00:02:11.447 1496 1817 I netstats_wifi_sample: [11484234,10124,1486069,7335,11484234,10124,1486069,7335,12012675,13907,1004249,5985,1668096131446]
11-11 00:02:11.469 1496 1496 I GameModeConfig: isGameModeOn = false
11-11 00:02:11.887 2717 2717 I auditd : type=1400 audit(0.0:32827984): avc: denied { read } for comm="event_loop" lport=13400 scontext=u:r:hht_ota_mgr:s0 tcontext=u:r:hht_ota_mgr:s0 tclass=udp_socket permissive=0
11-11 00:02:11.887 2717 2717 I auditd : type=1400 audit(0.0:32827985): avc: denied { read } for comm="event_loop" lport=13400 scontext=u:r:hht_ota_mgr:s0 tcontext=u:r:hht_ota_mgr:s0 tclass=udp_socket permissive=0
11-11 00:02:11.887 2717 2717 I auditd : type=1400 audit(0.0:32827986): avc: denied { read } for comm="event_loop" lport=13400 scontext=u:r:hht_ota_mgr:s0 tcontext=u:r:hht_ota_mgr:s0 tclass=udp_socket permissive=0
11-11 00:02:11.887 2717 2717 I auditd : type=1400 audit(0.0:32827987): avc: denied { read } for comm="event_loop" lport=13400 scontext=u:r:hht_ota_mgr:s0 tcontext=u:r:hht_ota_mgr:s0 tclass=udp_socket permissive=0
11-11 00:02:11.887 2717 2717 I auditd : type=1400 audit(0.0:32827988): avc: denied { read } for comm="event_loop" lport=13400 scontext=u:r:hht_ota_mgr:s0 tcontext=u:r:hht_ota_mgr:s0 tclass=udp_socket permissive=0
01-01 08:03:16.095 0 0 W audit : audit_lost=32827064 audit_rate_limit=5 audit_backlog_limit=64
01-01 08:03:16.095 0 0 E audit : rate limit exceeded
11-11 00:02:12.493 1496 2041 I MicroServiceManager: requestResult(requestAudioFocus) parameters is{"functionInfo":{"IDCM_AudioFocus":"AudioFocus_Media"}}.
11-11 00:02:12.545 1496 1715 I commit_sys_config_file: [settings-2-0,12]
11-11 00:02:12.869 1496 5343 I MicroServiceManager: requestResult(abandonAudioFocus) parameters is{"functionInfo":{"IDCM_AudioFocus":"AudioFocus_Media"}}.
11-11 00:02:12.891 2717 2717 I auditd : type=1400 audit(0.0:33097335): avc: denied { read } for comm="event_loop" lport=13400 scontext=u:r:hht_ota_mgr:s0 tcontext=u:r:hht_ota_mgr:s0 tclass=udp_socket permissive=0
11-11 00:02:12.891 2717 2717 I auditd : type=1400 audit(0.0:33097336): avc: denied { read } for comm="event_loop" lport=13400 scontext=u:r:hht_ota_mgr:s0 tcontext=u:r:hht_ota_mgr:s0 tclass=udp_socket permissive=0
11-11 00:02:12.891 2717 2717 I auditd : type=1400 audit(0.0:33097337): avc: denied { read } for comm="event_loop" lport=13400 scontext=u:r:hht_ota_mgr:s0 tcontext=u:r:hht_ota_mgr:s0 tclass=udp_socket permissive=0
11-11 00:02:12.891 2717 2717 I auditd : type=1400 audit(0.0:33097338): avc: denied { read } for comm="event_loop" lport=13400 scontext=u:r:hht_ota_mgr:s0 tcontext=u:r:hht_ota_mgr:s0 tclass=udp_socket permissive=0
11-11 00:02:12.891 2717 2717 I auditd : type=1400 audit(0.0:33097339): avc: denied { read } for comm="event_loop" lport=13400 scontext=u:r:hht_ota_mgr:s0 tcontext=u:r:hht_ota_mgr:s0 tclass=udp_socket permissive=0
01-01 08:03:17.099 0 0 W audit : audit_lost=33096410 audit_rate_limit=5 audit_backlog_limit=64
01-01 08:03:17.099 0 0 E audit : rate limit exceeded
11-11 00:02:13.016 1496 1496 I notification_enqueue: [10095,5348,com.tencent.qqmusicpad,1,NULL,0,Notification(channel=channel_notification_player shortcut=null contentView=com.tencent.qqmusicpad/0x7f0c020d vibrate=null sound=null tick defaults=0x0 flags=0x62 color=0x00000000 vis=SECRET),1]
11-11 00:02:13.218 1496 1496 I GameModeConfig: isGameModeOn = false
11-11 00:02:13.471 1496 5343 I MicroServiceManager: requestResult(abandonAudioFocus) parameters is{"functionInfo":{"IDCM_AudioFocus":"AudioFocus_Media"}}.
11-11 00:02:13.473 1496 1621 I am_uid_idle: 10048
11-11 00:02:13.634 1496 1496 I notification_enqueue: [10095,5348,com.tencent.qqmusicpad,1,NULL,0,Notification(channel=channel_notification_player shortcut=null contentView=com.tencent.qqmusicpad/0x7f0c020d vibrate=null sound=null tick defaults=0x0 flags=0x62 color=0x00000000 vis=SECRET),1]
11-11 00:02:13.835 1496 1496 I GameModeConfig: isGameModeOn = false
11-11 00:02:13.895 2717 2717 I auditd : type=1400 audit(0.0:33366831): avc: denied { read } for comm="event_loop" lport=13400 scontext=u:r:hht_ota_mgr:s0 tcontext=u:r:hht_ota_mgr:s0 tclass=udp_socket permissive=0
11-11 00:02:13.895 2717 2717 I auditd : type=1400 audit(0.0:33366832): avc: denied { read } for comm="event_loop" lport=13400 scontext=u:r:hht_ota_mgr:s0 tcontext=u:r:hht_ota_mgr:s0 tclass=udp_socket permissive=0
11-11 00:02:13.895 2717 2717 I auditd : type=1400 audit(0.0:33366833): avc: denied { read } for comm="event_loop" lport=13400 scontext=u:r:hht_ota_mgr:s0 tcontext=u:r:hht_ota_mgr:s0 tclass=udp_socket permissive=0
11-11 00:02:13.895 2717 2717 I auditd : type=1400 audit(0.0:33366834): avc: denied { read } for comm="event_loop" lport=13400 scontext=u:r:hht_ota_mgr:s0 tcontext=u:r:hht_ota_mgr:s0 tclass=udp_socket permissive=0
11-11 00:02:13.895 2717 2717 I auditd : type=1400 audit(0.0:33366835): avc: denied { read } for comm="event_loop" lport=13400 scontext=u:r:hht_ota_mgr:s0 tcontext=u:r:hht_ota_mgr:s0 tclass=udp_socket permissive=0
01-01 08:03:18.103 0 0 W audit : audit_lost=33365901 audit_rate_limit=5 audit_backlog_limit=64
01-01 08:03:18.103 0 0 E audit : rate limit exceeded
01-01 08:03:19.107 0 0 W audit : audit_lost=33636112 audit_rate_limit=5 audit_backlog_limit=64
01-01 08:03:19.107 0 0 E audit : rate limit exceeded
11-11 00:02:14.899 2717 2717 I auditd : type=1400 audit(0.0:33637047): avc: denied { read } for comm="event_loop" lport=13400 scontext=u:r:hht_ota_mgr:s0 tcontext=u:r:hht_ota_mgr:s0 tclass=udp_socket permissive=0
11-11 00:02:14.899 2717 2717 I auditd : type=1400 audit(0.0:33637048): avc: denied { read } for comm="event_loop" lport=13400 scontext=u:r:hht_ota_mgr:s0 tcontext=u:r:hht_ota_mgr:s0 tclass=udp_socket permissive=0
11-11 00:02:14.899 2717 2717 I auditd : type=1400 audit(0.0:33637049): avc: denied { read } for comm="event_loop" lport=13400 scontext=u:r:hht_ota_mgr:s0 tcontext=u:r:hht_ota_mgr:s0 tclass=udp_socket permissive=0
11-11 00:02:14.899 2717 2717 I auditd : type=1400 audit(0.0:33637050): avc: denied { read } for comm="event_loop" lport=13400 scontext=u:r:hht_ota_mgr:s0 tcontext=u:r:hht_ota_mgr:s0 tclass=udp_socket permissive=0
11-11 00:02:14.899 2717 2717 I auditd : type=1400 audit(0.0:33637051): avc: denied { read } for comm="event_loop" lport=13400 scontext=u:r:hht_ota_mgr:s0 tcontext=u:r:hht_ota_mgr:s0 tclass=udp_socket permissive=0
01-01 08:03:20.111 0 0 W audit : audit_lost=33906572 audit_rate_limit=5 audit_backlog_limit=64
11-11 00:02:15.899 2717 2717 I auditd : type=1400 audit(0.0:33907512): avc: denied { read } for comm="event_loop" lport=13400 scontext=u:r:hht_ota_mgr:s0 tcontext=u:r:hht_ota_mgr:s0 tclass=udp_socket permissive=0
01-01 08:03:20.111 0 0 E audit : rate limit exceeded
11-11 00:02:15.903 2717 2717 I auditd : type=1400 audit(0.0:33907513): avc: denied { read } for comm="event_loop" lport=13400 scontext=u:r:hht_ota_mgr:s0 tcontext=u:r:hht_ota_mgr:s0 tclass=udp_socket permissive=0
11-11 00:02:15.903 2717 2717 I auditd : type=1400 audit(0.0:33907514): avc: denied { read } for comm="event_loop" lport=13400 scontext=u:r:hht_ota_mgr:s0 tcontext=u:r:hht_ota_mgr:s0 tclass=udp_socket permissive=0
11-11 00:02:15.903 2717 2717 I auditd : type=1400 audit(0.0:33907515): avc: denied { read } for comm="event_loop" lport=13400 scontext=u:r:hht_ota_mgr:s0 tcontext=u:r:hht_ota_mgr:s0 tclass=udp_socket permissive=0
11-11 00:02:15.903 2717 2717 I auditd : type=1400 audit(0.0:33907516): avc: denied { read } for comm="event_loop" lport=13400 scontext=u:r:hht_ota_mgr:s0 tcontext=u:r:hht_ota_mgr:s0 tclass=udp_socket permissive=0
11-11 00:02:16.903 2717 2717 I auditd : type=1400 audit(0.0:34177707): avc: denied { read } for comm="event_loop" lport=13400 scontext=u:r:hht_ota_mgr:s0 tcontext=u:r:hht_ota_mgr:s0 tclass=udp_socket permissive=0
11-11 00:02:16.907 2717 2717 I auditd : type=1400 audit(0.0:34177708): avc: denied { read } for comm="event_loop" lport=13400 scontext=u:r:hht_ota_mgr:s0 tcontext=u:r:hht_ota_mgr:s0 tclass=udp_socket permissive=0
11-11 00:02:16.907 2717 2717 I auditd : type=1400 audit(0.0:34177709): avc: denied { read } for comm="event_loop" lport=13400 scontext=u:r:hht_ota_mgr:s0 tcontext=u:r:hht_ota_mgr:s0 tclass=udp_socket permissive=0
11-11 00:02:16.907 2717 2717 I auditd : type=1400 audit(0.0:34177710): avc: denied { read } for comm="event_loop" lport=13400 scontext=u:r:hht_ota_mgr:s0 tcontext=u:r:hht_ota_mgr:s0 tclass=udp_socket permissive=0
11-11 00:02:16.907 2717 2717 I auditd : type=1400 audit(0.0:34177711): avc: denied { read } for comm="event_loop" lport=13400 scontext=u:r:hht_ota_mgr:s0 tcontext=u:r:hht_ota_mgr:s0 tclass=udp_socket permissive=0
01-01 08:03:21.115 0 0 W audit : audit_lost=34176762 audit_rate_limit=5 audit_backlog_limit=64
01-01 08:03:21.115 0 0 E audit : rate limit exceeded
11-11 00:02:16.948 1496 1547 I MicroServiceManager: requestResult(abandonAudioFocus) parameters is{"functionInfo":{"IDCM_AudioFocus":"AudioFocus_Media"}}.
11-11 00:02:17.550 1496 1547 I MicroServiceManager: requestResult(abandonAudioFocus) parameters is{"functionInfo":{"IDCM_AudioFocus":"AudioFocus_Media"}}.
11-11 00:02:17.635 1496 1496 W WindowManager: removeWindowToken: Attempted to remove non-existing token: android.os.Binder@3a53393
11-11 00:02:17.911 2717 2717 I auditd : type=1400 audit(0.0:34445169): avc: denied { read } for comm="event_loop" lport=13400 scontext=u:r:hht_ota_mgr:s0 tcontext=u:r:hht_ota_mgr:s0 tclass=udp_socket permissive=0
01-01 08:03:22.119 0 0 W audit : audit_lost=34444219 audit_rate_limit=5 audit_backlog_limit=64
01-01 08:03:22.119 0 0 E audit : rate limit exceeded
11-11 00:02:17.911 2717 2717 I auditd : type=1400 audit(0.0:34445170): avc: denied { read } for comm="event_loop" lport=13400 scontext=u:r:hht_ota_mgr:s0 tcontext=u:r:hht_ota_mgr:s0 tclass=udp_socket permissive=0
11-11 00:02:17.911 2717 2717 I auditd : type=1400 audit(0.0:34445171): avc: denied { read } for comm="event_loop" lport=13400 scontext=u:r:hht_ota_mgr:s0 tcontext=u:r:hht_ota_mgr:s0 tclass=udp_socket permissive=0
11-11 00:02:17.911 2717 2717 I auditd : type=1400 audit(0.0:34445172): avc: denied { read } for comm="event_loop" lport=13400 scontext=u:r:hht_ota_mgr:s0 tcontext=u:r:hht_ota_mgr:s0 tclass=udp_socket permissive=0
11-11 00:02:17.911 2717 2717 I auditd : type=1400 audit(0.0:34445173): avc: denied { read } for comm="event_loop" lport=13400 scontext=u:r:hht_ota_mgr:s0 tcontext=u:r:hht_ota_mgr:s0 tclass=udp_socket permissive=0
11-11 00:02:18.040 1496 1817 I netstats_mobile_sample: [0,0,0,0,0,0,0,0,0,0,0,0,1668096138039]
11-11 00:02:18.040 1496 1817 I netstats_wifi_sample: [17428254,14489,1607792,9456,17428254,14489,1607792,9456,17960620,18297,1114558,8080,1668096138039]
11-11 00:02:18.100 1496 1496 I notification_enqueue: [10095,5348,com.tencent.qqmusicpad,1,NULL,0,Notification(channel=channel_notification_player shortcut=null contentView=com.tencent.qqmusicpad/0x7f0c020d vibrate=null sound=null tick defaults=0x0 flags=0x62 color=0x00000000 vis=SECRET),1]
11-11 00:02:18.182 1496 1547 I MicroServiceManager: requestResult(requestAudioFocus) parameters is{"functionInfo":{"IDCM_AudioFocus":"AudioFocus_Media"}}.
11-11 00:02:18.302 1496 1496 I GameModeConfig: isGameModeOn = false
11-11 00:02:18.869 1496 1496 I notification_enqueue: [10095,5348,com.tencent.qqmusicpad,1,NULL,0,Notification(channel=channel_notification_player shortcut=null contentView=com.tencent.qqmusicpad/0x7f0c020d vibrate=null sound=null tick defaults=0x0 flags=0x62 color=0x00000000 vis=SECRET),1]
11-11 00:02:18.911 2717 2717 I auditd : type=1400 audit(0.0:34715443): avc: denied { read } for comm="event_loop" lport=13400 scontext=u:r:hht_ota_mgr:s0 tcontext=u:r:hht_ota_mgr:s0 tclass=udp_socket permissive=0
11-11 00:02:18.915 2717 2717 I auditd : type=1400 audit(0.0:34715444): avc: denied { read } for comm="event_loop" lport=13400 scontext=u:r:hht_ota_mgr:s0 tcontext=u:r:hht_ota_mgr:s0 tclass=udp_socket permissive=0
11-11 00:02:18.915 2717 2717 I auditd : type=1400 audit(0.0:34715445): avc: denied { read } for comm="event_loop" lport=13400 scontext=u:r:hht_ota_mgr:s0 tcontext=u:r:hht_ota_mgr:s0 tclass=udp_socket permissive=0
11-11 00:02:18.915 2717 2717 I auditd : type=1400 audit(0.0:34715446): avc: denied { read } for comm="event_loop" lport=13400 scontext=u:r:hht_ota_mgr:s0 tcontext=u:r:hht_ota_mgr:s0 tclass=udp_socket permissive=0
11-11 00:02:18.915 2717 2717 I auditd : type=1400 audit(0.0:34715447): avc: denied { read } for comm="event_loop" lport=13400 scontext=u:r:hht_ota_mgr:s0 tcontext=u:r:hht_ota_mgr:s0 tclass=udp_socket permissive=0
01-01 08:03:23.123 0 0 W audit : audit_lost=34714488 audit_rate_limit=5 audit_backlog_limit=64
01-01 08:03:23.123 0 0 E audit : rate limit exceeded
11-11 00:02:18.962 1496 1547 W NotificationService: Toast already killed. pkg=com.tencent.qqmusicpad token=android.os.BinderProxy@5b91939
11-11 00:02:19.070 1496 1496 I GameModeConfig: isGameModeOn = false
11-11 00:02:19.634 1496 1496 I notification_enqueue: [10095,5348,com.tencent.qqmusicpad,1,NULL,0,Notification(channel=channel_notification_player shortcut=null contentView=com.tencent.qqmusicpad/0x7f0c020d vibrate=null sound=null tick defaults=0x0 flags=0x62 color=0x00000000 vis=SECRET),1]
11-11 00:02:19.835 1496 1496 I GameModeConfig: isGameModeOn = false
11-11 00:02:19.919 2717 2717 I auditd : type=1400 audit(0.0:34986520): avc: denied { read } for comm="event_loop" lport=13400 scontext=u:r:hht_ota_mgr:s0 tcontext=u:r:hht_ota_mgr:s0 tclass=udp_socket permissive=0
11-11 00:02:19.919 2717 2717 I auditd : type=1400 audit(0.0:34986521): avc: denied { read } for comm="event_loop" lport=13400 scontext=u:r:hht_ota_mgr:s0 tcontext=u:r:hht_ota_mgr:s0 tclass=udp_socket permissive=0
11-11 00:02:19.919 2717 2717 I auditd : type=1400 audit(0.0:34986522): avc: denied { read } for comm="event_loop" lport=13400 scontext=u:r:hht_ota_mgr:s0 tcontext=u:r:hht_ota_mgr:s0 tclass=udp_socket permissive=0
11-11 00:02:19.919 2717 2717 I auditd : type=1400 audit(0.0:34986523): avc: denied { read } for comm="event_loop" lport=13400 scontext=u:r:hht_ota_mgr:s0 tcontext=u:r:hht_ota_mgr:s0 tclass=udp_socket permissive=0
11-11 00:02:19.919 2717 2717 I auditd : type=1400 audit(0.0:34986524): avc: denied { read } for comm="event_loop" lport=13400 scontext=u:r:hht_ota_mgr:s0 tcontext=u:r:hht_ota_mgr:s0 tclass=udp_socket permissive=0
01-01 08:03:24.127 0 0 W audit : audit_lost=34985560 audit_rate_limit=5 audit_backlog_limit=64
01-01 08:03:24.127 0 0 E audit : rate limit exceeded
11-11 00:02:19.985 1496 1742 I input_interaction: Interaction with: e82f6ed StatusBar (server), edge-swipe (server), swipe-up (server), PointerEventDispatcher0 (server),
11-11 00:02:19.989 2011 2011 I sysui_multi_action: [757,803,799,panel_open,802,1]
11-11 00:02:19.991 2011 2011 I sysui_multi_action: [757,1328,758,4,1326,57,1327,1,1329,0]
11-11 00:02:20.075 1496 1547 I sysui_multi_action: [757,127,758,1]
11-11 00:02:20.075 1496 1547 I sysui_multi_action: [757,804,799,note_load,801,2,802,1]
11-11 00:02:20.075 1496 1547 I notification_panel_revealed: 2
11-11 00:02:20.087 1496 1615 I input_focus: [Focus request de5343b NotificationShade,reason=UpdateInputWindows]
11-11 00:02:20.101 1496 5343 I sysui_multi_action: [757,128,758,1,793,-2050990270,794,0,795,-2050990270,796,26,798,0,806,android,857,DEVELOPER_IMPORTANT,858,4,947,0,1395,2,1500,-2050990748,1688,1]
11-11 00:02:20.101 1496 5343 I sysui_multi_action: [757,804,799,note_freshness,801,-2050990270,802,1]
11-11 00:02:20.102 1496 5343 I notification_visibility: [-1|android|26|null|1000,1,-2050990270,-2050990270,0,0]
11-11 00:02:20.102 1496 5343 I sysui_multi_action: [757,128,758,1,793,-2050989535,794,0,795,-2050989535,796,32,798,1,806,android,857,USB,858,1,947,0,1395,2,1500,-2050989814,1688,1]
11-11 00:02:20.102 1496 5343 I sysui_multi_action: [757,804,799,note_freshness,801,-2050989535,802,1]
11-11 00:02:20.102 1496 5343 I notification_visibility: [-1|android|32|null|1000,1,-2050989535,-2050989535,0,1]
11-11 00:02:20.105 1496 1742 I input_focus: [Focus leaving 1e1b0be com.tencent.qqmusicpad/com.tencent.qqmusicpad.activity.newplayeractivity.ui.PlayerActivityNew (server),reason=Waiting for window because NOT_VISIBLE]
11-11 00:02:20.122 1496 1742 I input_focus: [Focus entering de5343b NotificationShade (server),reason=Window became focusable. Previous reason: NOT_VISIBLE]
11-11 00:02:20.187 2011 2011 I sysui_multi_action: [757,111,758,1]
11-11 00:02:20.187 2011 2011 I sysui_multi_action: [757,126,758,1,759,126,927,0,928,1,1593,0]
11-11 00:02:20.187 2011 2011 I sysui_multi_action: [757,113,758,1,759,113,927,1,928,1,1593,0]
11-11 00:02:20.187 2011 2011 I sysui_multi_action: [757,0,758,1,759,0,927,2,928,0,1593,0]
11-11 00:02:20.187 2011 2011 I sysui_multi_action: [757,0,758,1,759,0,927,3,928,0,1593,0]
11-11 00:02:20.188 2011 2011 I sysui_multi_action: [757,491,758,1,759,491,927,4,928,0,1311,-1,1593,0]
11-11 00:02:20.188 2011 2011 I sysui_multi_action: [757,0,758,1,759,0,927,5,928,0,1593,0]
11-11 00:02:20.188 2011 2011 I sysui_multi_action: [757,111,758,1]
11-11 00:02:20.189 2011 2011 I sysui_multi_action: [757,126,758,1,759,126,927,0,928,1,1593,0]
11-11 00:02:20.189 2011 2011 I sysui_multi_action: [757,113,758,1,759,113,927,1,928,1,1593,0]
11-11 00:02:20.189 2011 2011 I sysui_multi_action: [757,0,758,1,759,0,927,2,928,0,1593,0]
11-11 00:02:20.189 2011 2011 I sysui_multi_action: [757,0,758,1,759,0,927,3,928,0,1593,0]
11-11 00:02:20.919 2717 2717 I auditd : type=1400 audit(0.0:35256727): avc: denied { read } for comm="event_loop" lport=13400 scontext=u:r:hht_ota_mgr:s0 tcontext=u:r:hht_ota_mgr:s0 tclass=udp_socket permissive=0
11-11 00:02:20.923 2717 2717 I auditd : type=1400 audit(0.0:35256728): avc: denied { read } for comm="event_loop" lport=13400 scontext=u:r:hht_ota_mgr:s0 tcontext=u:r:hht_ota_mgr:s0 tclass=udp_socket permissive=0
11-11 00:02:20.923 2717 2717 I auditd : type=1400 audit(0.0:35256729): avc: denied { read } for comm="event_loop" lport=13400 scontext=u:r:hht_ota_mgr:s0 tcontext=u:r:hht_ota_mgr:s0 tclass=udp_socket permissive=0
11-11 00:02:20.923 2717 2717 I auditd : type=1400 audit(0.0:35256730): avc: denied { read } for comm="event_loop" lport=13400 scontext=u:r:hht_ota_mgr:s0 tcontext=u:r:hht_ota_mgr:s0 tclass=udp_socket permissive=0
11-11 00:02:20.923 2717 2717 I auditd : type=1400 audit(0.0:35256731): avc: denied { read } for comm="event_loop" lport=13400 scontext=u:r:hht_ota_mgr:s0 tcontext=u:r:hht_ota_mgr:s0 tclass=udp_socket permissive=0
01-01 08:03:25.131 0 0 W audit : audit_lost=35255762 audit_rate_limit=5 audit_backlog_limit=64
01-01 08:03:25.131 0 0 E audit : rate limit exceeded
11-11 00:02:20.966 1496 1614 W WindowManager: Unable to start animation, surface is null or no children.
11-11 00:02:21.013 1496 1742 I input_interaction: Interaction with: de5343b NotificationShade (server), edge-swipe (server), swipe-up (server), PointerEventDispatcher0 (server),
11-11 00:02:21.126 1496 1886 I GameModeConfig: isGameModeOn = false
11-11 00:02:21.126 1496 1886 I GameModeConfig: isGameModeOn = false
11-11 00:02:21.126 1496 1886 I GameModeConfig: isGameModeOn = false
11-11 00:02:21.127 1496 1886 I GameModeConfig: isGameModeOn = false
11-11 00:02:21.127 1496 1886 I GameModeConfig: isGameModeOn = false
11-11 00:02:21.128 1496 1496 I notification_enqueue: [10078,2011,com.android.systemui,2048,NULL,0,Notification(channel=updateNotification shortcut=null contentView=null vibrate=null sound=null defaults=0x0 flags=0x0 color=0x00000000 vis=PRIVATE),1]
11-11 00:02:21.330 1496 1496 I GameModeConfig: isGameModeOn = false
11-11 00:02:21.611 1496 2142 I sysui_multi_action: [757,128,758,1,793,33008,794,0,795,1979,796,1,798,2,806,com.tencent.qqmusicpad,857,channel_notification_player,858,2,947,0,1395,3,1500,1979,1688,1]
11-11 00:02:21.612 1496 2142 I sysui_multi_action: [757,804,799,note_freshness,801,1979,802,1]
11-11 00:02:21.612 1496 2142 I notification_visibility: [0|com.tencent.qqmusicpad|1|null|10095,1,33008,1979,0,2]
11-11 00:02:21.927 2717 2717 I auditd : type=1400 audit(0.0:35527924): avc: denied { read } for comm="event_loop" lport=13400 scontext=u:r:hht_ota_mgr:s0 tcontext=u:r:hht_ota_mgr:s0 tclass=udp_socket permissive=0
11-11 00:02:21.927 2717 2717 I auditd : type=1400 audit(0.0:35527925): avc: denied { read } for comm="event_loop" lport=13400 scontext=u:r:hht_ota_mgr:s0 tcontext=u:r:hht_ota_mgr:s0 tclass=udp_socket permissive=0
11-11 00:02:21.927 2717 2717 I auditd : type=1400 audit(0.0:35527926): avc: denied { read } for comm="event_loop" lport=13400 scontext=u:r:hht_ota_mgr:s0 tcontext=u:r:hht_ota_mgr:s0 tclass=udp_socket permissive=0
11-11 00:02:21.927 2717 2717 I auditd : type=1400 audit(0.0:35527927): avc: denied { read } for comm="event_loop" lport=13400 scontext=u:r:hht_ota_mgr:s0 tcontext=u:r:hht_ota_mgr:s0 tclass=udp_socket permissive=0
11-11 00:02:21.927 2717 2717 I auditd : type=1400 audit(0.0:35527928): avc: denied { read } for comm="event_loop" lport=13400 scontext=u:r:hht_ota_mgr:s0 tcontext=u:r:hht_ota_mgr:s0 tclass=udp_socket permissive=0
01-01 08:03:26.135 0 0 W audit : audit_lost=35526954 audit_rate_limit=5 audit_backlog_limit=64
01-01 08:03:26.135 0 0 E audit : rate limit exceeded
01-01 08:03:26.690 0 0 I afe_close: port_id = 0x9000
11-11 00:02:22.927 2717 2717 I auditd : type=1400 audit(0.0:35799672): avc: denied { read } for comm="event_loop" lport=13400 scontext=u:r:hht_ota_mgr:s0 tcontext=u:r:hht_ota_mgr:s0 tclass=udp_socket permissive=0
11-11 00:02:22.931 2717 2717 I auditd : type=1400 audit(0.0:35799673): avc: denied { read } for comm="event_loop" lport=13400 scontext=u:r:hht_ota_mgr:s0 tcontext=u:r:hht_ota_mgr:s0 tclass=udp_socket permissive=0
11-11 00:02:22.931 2717 2717 I auditd : type=1400 audit(0.0:35799674): avc: denied { read } for comm="event_loop" lport=13400 scontext=u:r:hht_ota_mgr:s0 tcontext=u:r:hht_ota_mgr:s0 tclass=udp_socket permissive=0
11-11 00:02:22.931 2717 2717 I auditd : type=1400 audit(0.0:35799675): avc: denied { read } for comm="event_loop" lport=13400 scontext=u:r:hht_ota_mgr:s0 tcontext=u:r:hht_ota_mgr:s0 tclass=udp_socket permissive=0
11-11 00:02:22.931 2717 2717 I auditd : type=1400 audit(0.0:35799676): avc: denied { read } for comm="event_loop" lport=13400 scontext=u:r:hht_ota_mgr:s0 tcontext=u:r:hht_ota_mgr:s0 tclass=udp_socket permissive=0
01-01 08:03:27.139 0 0 W audit : audit_lost=35798697 audit_rate_limit=5 audit_backlog_limit=64
01-01 08:03:27.139 0 0 E audit : rate limit exceeded
11-11 00:02:23.676 1496 1620 I am_pss : [5468,10095,com.tencent.qqmusicpad:QQPlayerService,46604288,27115520,0,138424320,0,3,8]
11-11 00:02:23.683 1496 2041 I MicroServiceManager: requestResult(abandonAudioFocus) parameters is{"functionInfo":{"IDCM_AudioFocus":"AudioFocus_Media"}}.
11-11 00:02:23.689 1496 1620 I am_pss : [2575,10074,com.android.launcher3,124161024,114403328,0,255420416,0,5,9]
11-11 00:02:23.697 1496 1620 I am_pss : [5489,10086,com.android.music,9995264,7217152,0,104153088,0,4,5]
11-11 00:02:23.704 1496 1620 I am_pss : [4887,10048,com.thundercomm.screensaver,37195776,31498240,0,150204416,0,19,6]
11-11 00:02:23.935 2717 2717 I auditd : type=1400 audit(0.0:36069407): avc: denied { read } for comm="event_loop" lport=13400 scontext=u:r:hht_ota_mgr:s0 tcontext=u:r:hht_ota_mgr:s0 tclass=udp_socket permissive=0
11-11 00:02:23.935 2717 2717 I auditd : type=1400 audit(0.0:36069408): avc: denied { read } for comm="event_loop" lport=13400 scontext=u:r:hht_ota_mgr:s0 tcontext=u:r:hht_ota_mgr:s0 tclass=udp_socket permissive=0
11-11 00:02:23.935 2717 2717 I auditd : type=1400 audit(0.0:36069409): avc: denied { read } for comm="event_loop" lport=13400 scontext=u:r:hht_ota_mgr:s0 tcontext=u:r:hht_ota_mgr:s0 tclass=udp_socket permissive=0
11-11 00:02:23.935 2717 2717 I auditd : type=1400 audit(0.0:36069410): avc: denied { read } for comm="event_loop" lport=13400 scontext=u:r:hht_ota_mgr:s0 tcontext=u:r:hht_ota_mgr:s0 tclass=udp_socket permissive=0
11-11 00:02:23.935 2717 2717 I auditd : type=1400 audit(0.0:36069411): avc: denied { read } for comm="event_loop" lport=13400 scontext=u:r:hht_ota_mgr:s0 tcontext=u:r:hht_ota_mgr:s0 tclass=udp_socket permissive=0
01-01 08:03:28.143 0 0 W audit : audit_lost=36068427 audit_rate_limit=5 audit_backlog_limit=64
01-01 08:03:28.143 0 0 E audit : rate limit exceeded
11-11 00:02:24.285 1496 2041 I MicroServiceManager: requestResult(abandonAudioFocus) parameters is{"functionInfo":{"IDCM_AudioFocus":"AudioFocus_Media"}}.
11-11 00:02:24.827 1496 1496 I notification_enqueue: [10095,5348,com.tencent.qqmusicpad,1,NULL,0,Notification(channel=channel_notification_player shortcut=null contentView=com.tencent.qqmusicpad/0x7f0c020d vibrate=null sound=null tick defaults=0x0 flags=0x62 color=0x00000000 vis=SECRET),1]
11-11 00:02:24.920 1496 2041 I MicroServiceManager: requestResult(requestAudioFocus) parameters is{"functionInfo":{"IDCM_AudioFocus":"AudioFocus_Media"}}.
11-11 00:02:24.939 2717 2717 I auditd : type=1400 audit(0.0:36339626): avc: denied { read } for comm="event_loop" lport=13400 scontext=u:r:hht_ota_mgr:s0 tcontext=u:r:hht_ota_mgr:s0 tclass=udp_socket permissive=0
11-11 00:02:24.939 2717 2717 I auditd : type=1400 audit(0.0:36339627): avc: denied { read } for comm="event_loop" lport=13400 scontext=u:r:hht_ota_mgr:s0 tcontext=u:r:hht_ota_mgr:s0 tclass=udp_socket permissive=0
11-11 00:02:24.939 2717 2717 I auditd : type=1400 audit(0.0:36339628): avc: denied { read } for comm="event_loop" lport=13400 scontext=u:r:hht_ota_mgr:s0 tcontext=u:r:hht_ota_mgr:s0 tclass=udp_socket permissive=0
11-11 00:02:24.939 2717 2717 I auditd : type=1400 audit(0.0:36339629): avc: denied { read } for comm="event_loop" lport=13400 scontext=u:r:hht_ota_mgr:s0 tcontext=u:r:hht_ota_mgr:s0 tclass=udp_socket permissive=0
11-11 00:02:24.939 2717 2717 I auditd : type=1400 audit(0.0:36339630): avc: denied { read } for comm="event_loop" lport=13400 scontext=u:r:hht_ota_mgr:s0 tcontext=u:r:hht_ota_mgr:s0 tclass=udp_socket permissive=0
01-01 08:03:29.147 0 0 W audit : audit_lost=36338641 audit_rate_limit=5 audit_backlog_limit=64
01-01 08:03:29.147 0 0 E audit : rate limit exceeded
01-01 08:03:29.148 0 0 I afe_find_cal_topo_id_by_port: port id: 0x9000, dev_acdb_id: 0
01-01 08:03:29.148 0 0 I afe_find_cal_topo_id_by_port: top_id:112fc acdb_id:15 afe_port:0x9000
01-01 08:03:29.148 0 0 I afe_get_cal_topology_id: port_id = 0x9000 acdb_id = 15 topology_id = 0x112fc cal_type_index=8 ret=0
01-01 08:03:29.148 0 0 I afe_send_port_topology_id: AFE set topology id 0x112fc enable for port 0x9000 ret 0
01-01 08:03:29.148 0 0 I send_afe_cal_type: cal_index is 0
01-01 08:03:29.148 0 0 I send_afe_cal_type: dev_acdb_id[55] is 0
01-01 08:03:29.148 0 0 I send_afe_cal_type: Sending cal_index cal 0
01-01 08:03:29.148 0 0 E send_afe_cal_type: No cal sent for cal_index 0, port_id = 0x9000! ret -22
01-01 08:03:29.148 0 0 I afe_send_hw_delay: port_id 0x9000 rate 48000 delay_usec 474 status 0
11-11 00:02:25.029 1496 1496 I GameModeConfig: isGameModeOn = false
11-11 00:02:25.353 1496 1817 I service_manager_stats: [100,60,54579]
11-11 00:02:25.365 1496 1817 I netstats_mobile_sample: [0,0,0,0,0,0,0,0,0,0,0,0,1668096145365]
11-11 00:02:25.365 1496 1817 I netstats_wifi_sample: [21593792,17495,1709826,10919,21593792,17495,1709826,10919,22134008,21353,1199314,9503,1668096145365]
11-11 00:02:25.426 1496 2041 I MicroServiceManager: requestResult(abandonAudioFocus) parameters is{"functionInfo":{"IDCM_AudioFocus":"AudioFocus_Media"}}.
11-11 00:02:25.723 1496 2142 W NotificationService: Toast already killed. pkg=com.tencent.qqmusicpad token=android.os.BinderProxy@5b91939
11-11 00:02:25.939 2717 2717 I auditd : type=1400 audit(0.0:36609386): avc: denied { read } for comm="event_loop" lport=13400 scontext=u:r:hht_ota_mgr:s0 tcontext=u:r:hht_ota_mgr:s0 tclass=udp_socket permissive=0
11-11 00:02:25.943 2717 2717 I auditd : type=1400 audit(0.0:36609387): avc: denied { read } for comm="event_loop" lport=13400 scontext=u:r:hht_ota_mgr:s0 tcontext=u:r:hht_ota_mgr:s0 tclass=udp_socket permissive=0
11-11 00:02:25.943 2717 2717 I auditd : type=1400 audit(0.0:36609388): avc: denied { read } for comm="event_loop" lport=13400 scontext=u:r:hht_ota_mgr:s0 tcontext=u:r:hht_ota_mgr:s0 tclass=udp_socket permissive=0
11-11 00:02:25.943 2717 2717 I auditd : type=1400 audit(0.0:36609389): avc: denied { read } for comm="event_loop" lport=13400 scontext=u:r:hht_ota_mgr:s0 tcontext=u:r:hht_ota_mgr:s0 tclass=udp_socket permissive=0
11-11 00:02:25.943 2717 2717 I auditd : type=1400 audit(0.0:36609390): avc: denied { read } for comm="event_loop" lport=13400 scontext=u:r:hht_ota_mgr:s0 tcontext=u:r:hht_ota_mgr:s0 tclass=udp_socket permissive=0
01-01 08:03:30.151 0 0 W audit : audit_lost=36608396 audit_rate_limit=5 audit_backlog_limit=64
01-01 08:03:30.151 0 0 E audit : rate limit exceeded
11-11 00:02:26.027 1496 2041 I MicroServiceManager: requestResult(abandonAudioFocus) parameters is{"functionInfo":{"IDCM_AudioFocus":"AudioFocus_Media"}}.
11-11 00:02:26.577 1496 1496 I notification_enqueue: [10095,5348,com.tencent.qqmusicpad,1,NULL,0,Notification(channel=channel_notification_player shortcut=null contentView=com.tencent.qqmusicpad/0x7f0c020d vibrate=null sound=null tick defaults=0x0 flags=0x62 color=0x00000000 vis=SECRET),1]
11-11 00:02:26.629 1496 2041 I MicroServiceManager: requestResult(requestAudioFocus) parameters is{"functionInfo":{"IDCM_AudioFocus":"AudioFocus_Media"}}.
11-11 00:02:26.779 1496 1496 I GameModeConfig: isGameModeOn = false
11-11 00:02:26.947 2717 2717 I auditd : type=1400 audit(0.0:36879335): avc: denied { read } for comm="event_loop" lport=13400 scontext=u:r:hht_ota_mgr:s0 tcontext=u:r:hht_ota_mgr:s0 tclass=udp_socket permissive=0
11-11 00:02:26.947 2717 2717 I auditd : type=1400 audit(0.0:36879336): avc: denied { read } for comm="event_loop" lport=13400 scontext=u:r:hht_ota_mgr:s0 tcontext=u:r:hht_ota_mgr:s0 tclass=udp_socket permissive=0
11-11 00:02:26.947 2717 2717 I auditd : type=1400 audit(0.0:36879337): avc: denied { read } for comm="event_loop" lport=13400 scontext=u:r:hht_ota_mgr:s0 tcontext=u:r:hht_ota_mgr:s0 tclass=udp_socket permissive=0
11-11 00:02:26.947 2717 2717 I auditd : type=1400 audit(0.0:36879338): avc: denied { read } for comm="event_loop" lport=13400 scontext=u:r:hht_ota_mgr:s0 tcontext=u:r:hht_ota_mgr:s0 tclass=udp_socket permissive=0
11-11 00:02:26.947 2717 2717 I auditd : type=1400 audit(0.0:36879339): avc: denied { read } for comm="event_loop" lport=13400 scontext=u:r:hht_ota_mgr:s0 tcontext=u:r:hht_ota_mgr:s0 tclass=udp_socket permissive=0
01-01 08:03:31.155 0 0 W audit : audit_lost=36878340 audit_rate_limit=5 audit_backlog_limit=64
01-01 08:03:31.155 0 0 E audit : rate limit exceeded
11-11 00:02:27.301 1496 1496 I notification_enqueue: [10095,5348,com.tencent.qqmusicpad,1,NULL,0,Notification(channel=channel_notification_player shortcut=null contentView=com.tencent.qqmusicpad/0x7f0c020d vibrate=null sound=null tick defaults=0x0 flags=0x62 color=0x00000000 vis=SECRET),1]
11-11 00:02:27.428 1496 1817 I netstats_mobile_sample: [0,0,0,0,0,0,0,0,0,0,0,0,1668096147428]
11-11 00:02:27.429 1496 1817 I netstats_wifi_sample: [24039996,19278,1742452,11592,24039996,19278,1742452,11592,24584137,23161,1231626,10174,1668096147428]
11-11 00:02:27.503 1496 1496 I GameModeConfig: isGameModeOn = false
11-11 00:02:27.733 1496 1614 W WindowManager: Unable to start animation, surface is null or no children.
01-01 08:03:32.159 0 0 W audit : audit_lost=37149405 audit_rate_limit=5 audit_backlog_limit=64
11-11 00:02:27.947 2717 2717 I auditd : type=1400 audit(0.0:37150405): avc: denied { read } for comm="event_loop" lport=13400 scontext=u:r:hht_ota_mgr:s0 tcontext=u:r:hht_ota_mgr:s0 tclass=udp_socket permissive=0
01-01 08:03:32.159 0 0 E audit : rate limit exceeded
11-11 00:02:27.951 2717 2717 I auditd : type=1400 audit(0.0:37150406): avc: denied { read } for comm="event_loop" lport=13400 scontext=u:r:hht_ota_mgr:s0 tcontext=u:r:hht_ota_mgr:s0 tclass=udp_socket permissive=0
11-11 00:02:27.951 2717 2717 I auditd : type=1400 audit(0.0:37150407): avc: denied { read } for comm="event_loop" lport=13400 scontext=u:r:hht_ota_mgr:s0 tcontext=u:r:hht_ota_mgr:s0 tclass=udp_socket permissive=0
11-11 00:02:27.951 2717 2717 I auditd : type=1400 audit(0.0:37150408): avc: denied { read } for comm="event_loop" lport=13400 scontext=u:r:hht_ota_mgr:s0 tcontext=u:r:hht_ota_mgr:s0 tclass=udp_socket permissive=0
11-11 00:02:27.951 2717 2717 I auditd : type=1400 audit(0.0:37150409): avc: denied { read } for comm="event_loop" lport=13400 scontext=u:r:hht_ota_mgr:s0 tcontext=u:r:hht_ota_mgr:s0 tclass=udp_socket permissive=0
11-11 00:02:28.865 1496 2041 I MicroServiceManager: requestResult(abandonAudioFocus) parameters is{"functionInfo":{"IDCM_AudioFocus":"AudioFocus_Media"}}.
11-11 00:02:28.951 2717 2717 I auditd : type=1400 audit(0.0:37420684): avc: denied { read } for comm="event_loop" lport=13400 scontext=u:r:hht_ota_mgr:s0 tcontext=u:r:hht_ota_mgr:s0 tclass=udp_socket permissive=0
11-11 00:02:28.955 2717 2717 I auditd : type=1400 audit(0.0:37420685): avc: denied { read } for comm="event_loop" lport=13400 scontext=u:r:hht_ota_mgr:s0 tcontext=u:r:hht_ota_mgr:s0 tclass=udp_socket permissive=0
11-11 00:02:28.955 2717 2717 I auditd : type=1400 audit(0.0:37420686): avc: denied { read } for comm="event_loop" lport=13400 scontext=u:r:hht_ota_mgr:s0 tcontext=u:r:hht_ota_mgr:s0 tclass=udp_socket permissive=0
11-11 00:02:28.955 2717 2717 I auditd : type=1400 audit(0.0:37420687): avc: denied { read } for comm="event_loop" lport=13400 scontext=u:r:hht_ota_mgr:s0 tcontext=u:r:hht_ota_mgr:s0 tclass=udp_socket permissive=0
11-11 00:02:28.955 2717 2717 I auditd : type=1400 audit(0.0:37420688): avc: denied { read } for comm="event_loop" lport=13400 scontext=u:r:hht_ota_mgr:s0 tcontext=u:r:hht_ota_mgr:s0 tclass=udp_socket permissive=0
01-01 08:03:33.163 0 0 W audit : audit_lost=37419679 audit_rate_limit=5 audit_backlog_limit=64
01-01 08:03:33.163 0 0 E audit : rate limit exceeded
11-11 00:02:29.466 1496 2041 I MicroServiceManager: requestResult(abandonAudioFocus) parameters is{"functionInfo":{"IDCM_AudioFocus":"AudioFocus_Media"}}.
11-11 00:02:29.959 2717 2717 I auditd : type=1400 audit(0.0:37690118): avc: denied { read } for comm="event_loop" lport=13400 scontext=u:r:hht_ota_mgr:s0 tcontext=u:r:hht_ota_mgr:s0 tclass=udp_socket permissive=0
11-11 00:02:29.959 2717 2717 I auditd : type=1400 audit(0.0:37690119): avc: denied { read } for comm="event_loop" lport=13400 scontext=u:r:hht_ota_mgr:s0 tcontext=u:r:hht_ota_mgr:s0 tclass=udp_socket permissive=0
11-11 00:02:29.960 1496 1496 W WindowManager: removeWindowToken: Attempted to remove non-existing token: android.os.Binder@b077706
11-11 00:02:29.959 2717 2717 I auditd : type=1400 audit(0.0:37690120): avc: denied { read } for comm="event_loop" lport=13400 scontext=u:r:hht_ota_mgr:s0 tcontext=u:r:hht_ota_mgr:s0 tclass=udp_socket permissive=0
11-11 00:02:29.959 2717 2717 I auditd : type=1400 audit(0.0:37690121): avc: denied { read } for comm="event_loop" lport=13400 scontext=u:r:hht_ota_mgr:s0 tcontext=u:r:hht_ota_mgr:s0 tclass=udp_socket permissive=0
11-11 00:02:29.959 2717 2717 I auditd : type=1400 audit(0.0:37690122): avc: denied { read } for comm="event_loop" lport=13400 scontext=u:r:hht_ota_mgr:s0 tcontext=u:r:hht_ota_mgr:s0 tclass=udp_socket permissive=0
01-01 08:03:34.167 0 0 W audit : audit_lost=37689108 audit_rate_limit=5 audit_backlog_limit=64
01-01 08:03:34.167 0 0 E audit : rate limit exceeded
11-11 00:02:29.967 1496 1496 I notification_enqueue: [10095,5348,com.tencent.qqmusicpad,1,NULL,0,Notification(channel=channel_notification_player shortcut=null contentView=com.tencent.qqmusicpad/0x7f0c020d vibrate=null sound=null tick defaults=0x0 flags=0x62 color=0x00000000 vis=SECRET),1]
11-11 00:02:30.097 1496 2837 I MicroServiceManager: requestResult(requestAudioFocus) parameters is{"functionInfo":{"IDCM_AudioFocus":"AudioFocus_Media"}}.
11-11 00:02:30.168 1496 1496 I GameModeConfig: isGameModeOn = false
11-11 00:02:30.519 1496 2834 W NotificationService: Toast already killed. pkg=com.tencent.qqmusicpad token=android.os.BinderProxy@5b91939
11-11 00:02:30.606 1496 1496 I notification_enqueue: [10095,5348,com.tencent.qqmusicpad,1,NULL,0,Notification(channel=channel_notification_player shortcut=null contentView=com.tencent.qqmusicpad/0x7f0c020d vibrate=null sound=null tick defaults=0x0 flags=0x62 color=0x00000000 vis=SECRET),1]
11-11 00:02:30.807 1496 1496 I GameModeConfig: isGameModeOn = false
11-11 00:02:30.963 2717 2717 I auditd : type=1400 audit(0.0:37959207): avc: denied { read } for comm="event_loop" lport=13400 scontext=u:r:hht_ota_mgr:s0 tcontext=u:r:hht_ota_mgr:s0 tclass=udp_socket permissive=0
01-01 08:03:35.171 0 0 W audit : audit_lost=37958192 audit_rate_limit=5 audit_backlog_limit=64
01-01 08:03:35.171 0 0 E audit : rate limit exceeded
11-11 00:02:30.963 2717 2717 I auditd : type=1400 audit(0.0:37959208): avc: denied { read } for comm="event_loop" lport=13400 scontext=u:r:hht_ota_mgr:s0 tcontext=u:r:hht_ota_mgr:s0 tclass=udp_socket permissive=0
11-11 00:02:30.963 2717 2717 I auditd : type=1400 audit(0.0:37959209): avc: denied { read } for comm="event_loop" lport=13400 scontext=u:r:hht_ota_mgr:s0 tcontext=u:r:hht_ota_mgr:s0 tclass=udp_socket permissive=0
11-11 00:02:30.963 2717 2717 I auditd : type=1400 audit(0.0:37959210): avc: denied { read } for comm="event_loop" lport=13400 scontext=u:r:hht_ota_mgr:s0 tcontext=u:r:hht_ota_mgr:s0 tclass=udp_socket permissive=0
11-11 00:02:30.963 2717 2717 I auditd : type=1400 audit(0.0:37959211): avc: denied { read } for comm="event_loop" lport=13400 scontext=u:r:hht_ota_mgr:s0 tcontext=u:r:hht_ota_mgr:s0 tclass=udp_socket permissive=0
11-11 00:02:31.003 1496 1817 I netstats_mobile_sample: [0,0,0,0,0,0,0,0,0,0,0,0,1668096151003]
11-11 00:02:31.004 1496 1817 I netstats_wifi_sample: [27504202,21734,1792077,12313,27504202,21734,1792077,12313,28052268,25642,1275387,10881,1668096151003]
11-11 00:02:31.176 1496 1886 I GameModeConfig: isGameModeOn = false
11-11 00:02:31.332 1496 1886 I GameModeConfig: isGameModeOn = false
11-11 00:02:31.967 2717 2717 I auditd : type=1400 audit(0.0:38229893): avc: denied { read } for comm="event_loop" lport=13400 scontext=u:r:hht_ota_mgr:s0 tcontext=u:r:hht_ota_mgr:s0 tclass=udp_socket permissive=0
11-11 00:02:31.967 2717 2717 I auditd : type=1400 audit(0.0:38229894): avc: denied { read } for comm="event_loop" lport=13400 scontext=u:r:hht_ota_mgr:s0 tcontext=u:r:hht_ota_mgr:s0 tclass=udp_socket permissive=0
11-11 00:02:31.967 2717 2717 I auditd : type=1400 audit(0.0:38229895): avc: denied { read } for comm="event_loop" lport=13400 scontext=u:r:hht_ota_mgr:s0 tcontext=u:r:hht_ota_mgr:s0 tclass=udp_socket permissive=0
11-11 00:02:31.967 2717 2717 I auditd : type=1400 audit(0.0:38229896): avc: denied { read } for comm="event_loop" lport=13400 scontext=u:r:hht_ota_mgr:s0 tcontext=u:r:hht_ota_mgr:s0 tclass=udp_socket permissive=0
11-11 00:02:31.967 2717 2717 I auditd : type=1400 audit(0.0:38229897): avc: denied { read } for comm="event_loop" lport=13400 scontext=u:r:hht_ota_mgr:s0 tcontext=u:r:hht_ota_mgr:s0 tclass=udp_socket permissive=0
01-01 08:03:36.175 0 0 W audit : audit_lost=38228873 audit_rate_limit=5 audit_backlog_limit=64
01-01 08:03:36.175 0 0 E audit : rate limit exceeded
11-11 00:02:32.531 1496 1614 W WindowManager: Unable to start animation, surface is null or no children.
01-01 08:03:37.179 0 0 W audit : audit_lost=38499366 audit_rate_limit=5 audit_backlog_limit=64
01-01 08:03:37.179 0 0 E audit : rate limit exceeded
11-11 00:02:32.971 2717 2717 I auditd : type=1400 audit(0.0:38500391): avc: denied { read } for comm="event_loop" lport=13400 scontext=u:r:hht_ota_mgr:s0 tcontext=u:r:hht_ota_mgr:s0 tclass=udp_socket permissive=0
11-11 00:02:32.971 2717 2717 I auditd : type=1400 audit(0.0:38500392): avc: denied { read } for comm="event_loop" lport=13400 scontext=u:r:hht_ota_mgr:s0 tcontext=u:r:hht_ota_mgr:s0 tclass=udp_socket permissive=0
11-11 00:02:32.971 2717 2717 I auditd : type=1400 audit(0.0:38500393): avc: denied { read } for comm="event_loop" lport=13400 scontext=u:r:hht_ota_mgr:s0 tcontext=u:r:hht_ota_mgr:s0 tclass=udp_socket permissive=0
11-11 00:02:32.971 2717 2717 I auditd : type=1400 audit(0.0:38500394): avc: denied { read } for comm="event_loop" lport=13400 scontext=u:r:hht_ota_mgr:s0 tcontext=u:r:hht_ota_mgr:s0 tclass=udp_socket permissive=0
11-11 00:02:32.971 2717 2717 I auditd : type=1400 audit(0.0:38500395): avc: denied { read } for comm="event_loop" lport=13400 scontext=u:r:hht_ota_mgr:s0 tcontext=u:r:hht_ota_mgr:s0 tclass=udp_socket permissive=0
11-11 00:02:33.637 1496 1886 I GameModeConfig: isGameModeOn = false
11-11 00:02:33.637 1496 1886 I GameModeConfig: isGameModeOn = false
11-11 00:02:33.637 1496 1886 I GameModeConfig: isGameModeOn = false
11-11 00:02:33.637 1496 1886 I GameModeConfig: isGameModeOn = false
11-11 00:02:33.637 1496 1886 I GameModeConfig: isGameModeOn = false
11-11 00:02:33.638 1496 1496 I notification_enqueue: [10078,2011,com.android.systemui,2048,NULL,0,Notification(channel=updateNotification shortcut=null contentView=null vibrate=null sound=null defaults=0x0 flags=0x0 color=0x00000000 vis=PRIVATE),1]
11-11 00:02:33.639 2011 2011 I sysui_multi_action: [757,111,758,2]
11-11 00:02:33.639 2011 2011 I sysui_multi_action: [757,111,758,2]
11-11 00:02:33.805 1496 1615 I input_focus: [Focus request 1e1b0be com.tencent.qqmusicpad/com.tencent.qqmusicpad.activity.newplayeractivity.ui.PlayerActivityNew,reason=UpdateInputWindows]
11-11 00:02:33.809 1496 2837 I sysui_multi_action: [757,128,758,2,793,-2050976562,794,13708,795,-2050976562,796,26,798,0,806,android,857,DEVELOPER_IMPORTANT,858,4,947,0,1395,3,1500,-2050977040,1688,1]
11-11 00:02:33.809 1496 2837 I notification_visibility: [-1|android|26|null|1000,0,-2050976562,-2050976562,0,0]
11-11 00:02:33.810 1496 2837 I sysui_multi_action: [757,128,758,2,793,45207,794,12199,795,3206,796,1,798,2,806,com.tencent.qqmusicpad,857,channel_notification_player,858,2,947,0,1395,3,1500,3206,1688,1]
11-11 00:02:33.810 1496 2837 I notification_visibility: [0|com.tencent.qqmusicpad|1|null|10095,0,45207,3206,0,2]
11-11 00:02:33.812 1496 2837 I sysui_multi_action: [757,128,758,2,793,-2050975826,794,13709,795,-2050975826,796,32,798,1,806,android,857,USB,858,1,947,0,1395,3,1500,-2050976105,1688,1]
11-11 00:02:33.812 1496 2837 I notification_visibility: [-1|android|32|null|1000,0,-2050975826,-2050975826,0,1]
11-11 00:02:33.813 1496 2834 I sysui_multi_action: [757,127,758,2]
11-11 00:02:33.813 1496 2834 I notification_panel_hidden:
11-11 00:02:33.821 1496 1742 I input_focus: [Focus leaving de5343b NotificationShade (server),reason=NO_WINDOW]
11-11 00:02:33.821 1496 1742 I input_focus: [Focus entering 1e1b0be com.tencent.qqmusicpad/com.tencent.qqmusicpad.activity.newplayeractivity.ui.PlayerActivityNew (server),reason=setFocusedWindow]
11-11 00:02:33.840 1496 1496 I GameModeConfig: isGameModeOn = false
11-11 00:02:33.975 2717 2717 I auditd : type=1400 audit(0.0:38770667): avc: denied { read } for comm="event_loop" lport=13400 scontext=u:r:hht_ota_mgr:s0 tcontext=u:r:hht_ota_mgr:s0 tclass=udp_socket permissive=0
11-11 00:02:33.975 2717 2717 I auditd : type=1400 audit(0.0:38770668): avc: denied { read } for comm="event_loop" lport=13400 scontext=u:r:hht_ota_mgr:s0 tcontext=u:r:hht_ota_mgr:s0 tclass=udp_socket permissive=0
11-11 00:02:33.975 2717 2717 I auditd : type=1400 audit(0.0:38770669): avc: denied { read } for comm="event_loop" lport=13400 scontext=u:r:hht_ota_mgr:s0 tcontext=u:r:hht_ota_mgr:s0 tclass=udp_socket permissive=0
11-11 00:02:33.975 2717 2717 I auditd : type=1400 audit(0.0:38770670): avc: denied { read } for comm="event_loop" lport=13400 scontext=u:r:hht_ota_mgr:s0 tcontext=u:r:hht_ota_mgr:s0 tclass=udp_socket permissive=0
11-11 00:02:33.975 2717 2717 I auditd : type=1400 audit(0.0:38770671): avc: denied { read } for comm="event_loop" lport=13400 scontext=u:r:hht_ota_mgr:s0 tcontext=u:r:hht_ota_mgr:s0 tclass=udp_socket permissive=0
01-01 08:03:38.183 0 0 W audit : audit_lost=38769637 audit_rate_limit=5 audit_backlog_limit=64
01-01 08:03:38.183 0 0 E audit : rate limit exceeded
11-11 00:02:34.955 1496 1742 I input_interaction: Interaction with: 1e1b0be com.tencent.qqmusicpad/com.tencent.qqmusicpad.activity.newplayeractivity.ui.PlayerActivityNew (server), edge-swipe (server), swipe-up (server), PointerEventDispatcher0 (server),
11-11 00:02:34.979 2717 2717 I auditd : type=1400 audit(0.0:39040911): avc: denied { read } for comm="event_loop" lport=13400 scontext=u:r:hht_ota_mgr:s0 tcontext=u:r:hht_ota_mgr:s0 tclass=udp_socket permissive=0
11-11 00:02:34.979 2717 2717 I auditd : type=1400 audit(0.0:39040912): avc: denied { read } for comm="event_loop" lport=13400 scontext=u:r:hht_ota_mgr:s0 tcontext=u:r:hht_ota_mgr:s0 tclass=udp_socket permissive=0
11-11 00:02:34.979 2717 2717 I auditd : type=1400 audit(0.0:39040913): avc: denied { read } for comm="event_loop" lport=13400 scontext=u:r:hht_ota_mgr:s0 tcontext=u:r:hht_ota_mgr:s0 tclass=udp_socket permissive=0
11-11 00:02:34.979 2717 2717 I auditd : type=1400 audit(0.0:39040914): avc: denied { read } for comm="event_loop" lport=13400 scontext=u:r:hht_ota_mgr:s0 tcontext=u:r:hht_ota_mgr:s0 tclass=udp_socket permissive=0
11-11 00:02:34.979 2717 2717 I auditd : type=1400 audit(0.0:39040915): avc: denied { read } for comm="event_loop" lport=13400 scontext=u:r:hht_ota_mgr:s0 tcontext=u:r:hht_ota_mgr:s0 tclass=udp_socket permissive=0
01-01 08:03:39.187 0 0 W audit : audit_lost=39039876 audit_rate_limit=5 audit_backlog_limit=64
01-01 08:03:39.187 0 0 E audit : rate limit exceeded
11-11 00:02:35.143 1496 2834 I MicroServiceManager: requestResult(abandonAudioFocus) parameters is{"functionInfo":{"IDCM_AudioFocus":"AudioFocus_Media"}}.
11-11 00:02:35.745 1496 2834 I MicroServiceManager: requestResult(abandonAudioFocus) parameters is{"functionInfo":{"IDCM_AudioFocus":"AudioFocus_Media"}}.
11-11 00:02:35.979 2717 2717 I auditd : type=1400 audit(0.0:39309544): avc: denied { read } for comm="event_loop" lport=13400 scontext=u:r:hht_ota_mgr:s0 tcontext=u:r:hht_ota_mgr:s0 tclass=udp_socket permissive=0
11-11 00:02:35.983 2717 2717 I auditd : type=1400 audit(0.0:39309545): avc: denied { read } for comm="event_loop" lport=13400 scontext=u:r:hht_ota_mgr:s0 tcontext=u:r:hht_ota_mgr:s0 tclass=udp_socket permissive=0
11-11 00:02:35.983 2717 2717 I auditd : type=1400 audit(0.0:39309546): avc: denied { read } for comm="event_loop" lport=13400 scontext=u:r:hht_ota_mgr:s0 tcontext=u:r:hht_ota_mgr:s0 tclass=udp_socket permissive=0
11-11 00:02:35.983 2717 2717 I auditd : type=1400 audit(0.0:39309547): avc: denied { read } for comm="event_loop" lport=13400 scontext=u:r:hht_ota_mgr:s0 tcontext=u:r:hht_ota_mgr:s0 tclass=udp_socket permissive=0
11-11 00:02:35.983 2717 2717 I auditd : type=1400 audit(0.0:39309548): avc: denied { read } for comm="event_loop" lport=13400 scontext=u:r:hht_ota_mgr:s0 tcontext=u:r:hht_ota_mgr:s0 tclass=udp_socket permissive=0
01-01 08:03:40.191 0 0 W audit : audit_lost=39308504 audit_rate_limit=5 audit_backlog_limit=64
01-01 08:03:40.191 0 0 E audit : rate limit exceeded
11-11 00:02:36.308 1496 1496 I notification_enqueue: [10095,5348,com.tencent.qqmusicpad,1,NULL,0,Notification(channel=channel_notification_player shortcut=null contentView=com.tencent.qqmusicpad/0x7f0c020d vibrate=null sound=null tick defaults=0x0 flags=0x62 color=0x00000000 vis=SECRET),1]
11-11 00:02:36.347 1496 2834 I MicroServiceManager: requestResult(requestAudioFocus) parameters is{"functionInfo":{"IDCM_AudioFocus":"AudioFocus_Media"}}.
11-11 00:02:36.510 1496 1496 I GameModeConfig: isGameModeOn = false
11-11 00:02:36.722 1496 1496 W WindowManager: removeWindowToken: Attempted to remove non-existing token: android.os.Binder@e8ea3bb
11-11 00:02:36.924 1496 1496 I notification_enqueue: [10095,5348,com.tencent.qqmusicpad,1,NULL,0,Notification(channel=channel_notification_player shortcut=null contentView=com.tencent.qqmusicpad/0x7f0c020d vibrate=null sound=null tick defaults=0x0 flags=0x62 color=0x00000000 vis=SECRET),1]
01-01 08:03:41.195 0 0 W audit : audit_lost=39579340 audit_rate_limit=5 audit_backlog_limit=64
01-01 08:03:41.195 0 0 E audit : rate limit exceeded
