03-14 03:51:03.639 1496 1496 I SystemServerTiming: OnBootPhase_520_com.android.server.vibrator.VibratorManagerService$Lifecycle
03-14 03:51:03.639 1496 1496 I SystemServerTiming: OnBootPhase_520_com.android.server.alarm.AlarmManagerService
03-14 03:51:03.639 1496 1496 I SystemServerTiming: OnBootPhase_520_com.android.server.devicestate.DeviceStateManagerService
03-14 03:51:03.639 1496 1496 I SystemServerTiming: OnBootPhase_520_com.android.server.camera.CameraServiceProxy
03-14 03:51:03.639 1496 1496 I SystemServerTiming: OnBootPhase_520_com.android.server.BluetoothService
03-14 03:51:03.639 1496 1496 I SystemServerTiming: OnBootPhase_520_com.android.server.connectivity.IpConnectivityMetrics
03-14 03:51:03.639 1496 1496 I SystemServerTiming: OnBootPhase_520_com.android.server.net.watchlist.NetworkWatchlistService$Lifecycle
03-14 03:51:03.639 1496 1496 I SystemServerTiming: OnBootPhase_520_com.android.server.PinnerService
03-14 03:51:03.639 1496 1496 I SystemServerTiming: OnBootPhase_520_com.google.android.startop.iorap.IorapForwardingService
03-14 03:51:03.639 1496 1496 I SystemServerTiming: OnBootPhase_520_com.android.server.ActivityTriggerService
03-14 03:51:03.639 1496 1496 I SystemServerTiming: OnBootPhase_520_com.android.server.integrity.AppIntegrityManagerService
03-14 03:51:03.639 1496 1496 I SystemServerTiming: OnBootPhase_520_com.android.server.inputmethod.InputMethodManagerService$Lifecycle
03-14 03:51:03.639 1496 1496 I SystemServerTiming: OnBootPhase_520_com.android.server.accessibility.AccessibilityManagerService$Lifecycle
03-14 03:51:03.639 1496 1496 I SystemServerTiming: OnBootPhase_520_com.android.server.StorageManagerService$Lifecycle
03-14 03:51:03.639 1496 1496 I SystemServerTiming: OnBootPhase_520_com.android.server.usage.StorageStatsService$Lifecycle
03-14 03:51:03.639 1496 1496 I SystemServerTiming: OnBootPhase_520_com.android.server.UiModeManagerService
03-14 03:51:03.639 1496 1496 I SystemServerTiming: OnBootPhase_520_com.android.server.locksettings.LockSettingsService$Lifecycle
03-14 03:51:03.639 1496 1496 I SystemServerTiming: OnBootPhase_520_com.android.server.PersistentDataBlockService
03-14 03:51:03.639 1496 1496 I SystemServerTiming: OnBootPhase_520_com.android.server.testharness.TestHarnessModeService
03-14 03:51:03.639 1496 1496 I SystemServerTiming: OnBootPhase_520_com.android.server.oemlock.OemLockService
03-14 03:51:03.639 1496 1496 I SystemServerTiming: OnBootPhase_520_com.android.server.DeviceIdleController
03-14 03:51:03.639 1496 1496 I SystemServerTiming: OnBootPhase_520_com.android.server.devicepolicy.DevicePolicyManagerService$Lifecycle
03-14 03:51:03.639 1496 1496 I SystemServerTiming: OnBootPhase_520_com.android.server.texttospeech.TextToSpeechManagerService
03-14 03:51:03.639 1496 1496 I SystemServerTiming: OnBootPhase_520_com.android.server.speech.SpeechRecognitionManagerService
03-14 03:51:03.639 1496 1496 I SystemServerTiming: OnBootPhase_520_com.android.server.searchui.SearchUiManagerService
03-14 03:51:03.639 1496 1496 I SystemServerTiming: OnBootPhase_520_com.android.server.smartspace.SmartspaceManagerService
03-14 03:51:03.639 1496 1496 I SystemServerTiming: OnBootPhase_520_com.android.server.graphics.fonts.FontManagerService$Lifecycle
03-14 03:51:03.639 1496 1496 I SystemServerTiming: OnBootPhase_520_com.android.server.textservices.TextServicesManagerService$Lifecycle
03-14 03:51:03.639 1496 1496 I SystemServerTiming: OnBootPhase_520_com.android.server.textclassifier.TextClassificationManagerService$Lifecycle
03-14 03:51:03.639 1496 1496 I SystemServerTiming: OnBootPhase_520_com.android.server.NetworkScoreService$Lifecycle
03-14 03:51:03.639 1496 1496 I SystemServerTiming: OnBootPhase_520_com.android.server.wifi.WifiService
03-14 03:51:03.639 1496 1496 I SystemServerTiming: OnBootPhase_520_com.android.server.wifi.scanner.WifiScanningService
03-14 03:51:03.639 1496 1496 I SystemServerTiming: OnBootPhase_520_com.android.server.wifi.rtt.RttService
03-14 03:51:03.639 1496 1496 I SystemServerTiming: OnBootPhase_520_com.android.server.wifi.aware.WifiAwareService
03-14 03:51:03.639 1496 1496 I SystemServerTiming: OnBootPhase_520_com.android.server.wifi.p2p.WifiP2pService
03-14 03:51:03.639 1496 1496 I SystemServerTiming: OnBootPhase_520_com.android.server.ethernet.EthernetService
03-14 03:51:03.639 1496 1496 I SystemServerTiming: OnBootPhase_520_com.android.server.ConnectivityServiceInitializer
03-14 03:51:03.639 1496 1496 I SystemServerTiming: OnBootPhase_520_com.android.server.notification.NotificationManagerService
03-14 03:51:03.639 1496 1496 I SystemServerTiming: OnBootPhase_520_com.android.server.storage.DeviceStorageMonitorService
03-14 03:51:03.639 1496 1496 I SystemServerTiming: OnBootPhase_520_com.android.server.location.LocationManagerService$Lifecycle
03-14 03:51:03.639 1496 1496 I SystemServerTiming: OnBootPhase_520_com.android.server.timedetector.TimeDetectorService$Lifecycle
03-14 03:51:03.639 1496 1496 I SystemServerTiming: OnBootPhase_520_com.android.server.timezonedetector.TimeZoneDetectorService$Lifecycle
03-14 03:51:03.639 1496 1496 I SystemServerTiming: OnBootPhase_520_com.android.server.timezonedetector.location.LocationTimeZoneManagerService$Lifecycle
03-14 03:51:03.639 1496 1496 I SystemServerTiming: OnBootPhase_520_com.android.server.search.SearchManagerService$Lifecycle
03-14 03:51:03.639 1496 1496 I SystemServerTiming: OnBootPhase_520_com.android.server.wallpaper.WallpaperManagerService$Lifecycle
03-14 03:51:03.639 1496 1496 I SystemServerTiming: OnBootPhase_520_com.android.server.audio.AudioService$Lifecycle
03-14 03:51:03.639 1496 1496 I SystemServerTiming: OnBootPhase_520_com.android.server.soundtrigger_middleware.SoundTriggerMiddlewareService$Lifecycle
03-14 03:51:03.639 1496 1496 I SystemServerTiming: OnBootPhase_520_com.android.server.DockObserver
03-14 03:51:03.639 1496 1496 I SystemServerTiming: OnBootPhase_520_com.android.server.midi.MidiService$Lifecycle
03-14 03:51:03.640 1496 1496 I SystemServerTiming: OnBootPhase_520_com.android.server.adb.AdbService$Lifecycle
03-14 03:51:03.640 1496 1496 I SystemServerTiming: OnBootPhase_520_com.android.server.usb.UsbService$Lifecycle
03-14 03:51:03.640 1496 1496 I SystemServerTiming: OnBootPhase_520_com.android.server.twilight.TwilightService
03-14 03:51:03.640 1496 1496 I SystemServerTiming: OnBootPhase_520_com.android.server.display.color.ColorDisplayService
03-14 03:51:03.640 1496 1496 I SystemServerTiming: OnBootPhase_520_com.android.server.job.JobSchedulerService
03-14 03:51:03.640 1496 1496 I SystemServerTiming: OnBootPhase_520_com.android.server.soundtrigger.SoundTriggerService
03-14 03:51:03.640 1496 1496 D SoundTriggerService: onBootPhase: 520 : false
03-14 03:51:03.640 1496 1496 I SystemServerTiming: OnBootPhase_520_com.android.server.trust.TrustManagerService
03-14 03:51:03.640 1496 1496 I SystemServerTiming: OnBootPhase_520_com.android.server.backup.BackupManagerService$Lifecycle
03-14 03:51:03.640 1496 1496 I SystemServerTiming: OnBootPhase_520_com.android.server.appwidget.AppWidgetService
03-14 03:51:03.640 1496 1496 I SystemServerTiming: OnBootPhase_520_com.android.server.voiceinteraction.VoiceInteractionManagerService
03-14 03:51:03.640 1496 1496 I SystemServerTiming: OnBootPhase_520_com.android.server.apphibernation.AppHibernationService
03-14 03:51:03.640 1496 1496 I SystemServerTiming: OnBootPhase_520_com.android.server.SensorNotificationService
03-14 03:51:03.640 1496 1496 I SystemServerTiming: OnBootPhase_520_com.android.server.emergency.EmergencyAffordanceService
03-14 03:51:03.640 1496 1496 I SystemServerTiming: OnBootPhase_520_com.android.server.blob.BlobStoreManagerService
03-14 03:51:03.640 1496 1496 I SystemServerTiming: OnBootPhase_520_com.android.server.dreams.DreamManagerService
03-14 03:51:03.640 1496 1496 I SystemServerTiming: OnBootPhase_520_com.android.server.companion.CompanionDeviceManagerService
03-14 03:51:03.640 1496 1496 I SystemServerTiming: OnBootPhase_520_com.android.server.restrictions.RestrictionsManagerService
03-14 03:51:03.640 1496 1496 I SystemServerTiming: OnBootPhase_520_com.android.server.media.MediaSessionService
03-14 03:51:03.640 1496 1496 I SystemServerTiming: OnBootPhase_520_com.android.server.media.MediaResourceMonitorService
03-14 03:51:03.640 1496 1496 I SystemServerTiming: OnBootPhase_520_com.android.server.biometrics.sensors.fingerprint.FingerprintService
03-14 03:51:03.640 1496 1496 I SystemServerTiming: OnBootPhase_520_com.android.server.biometrics.BiometricService
03-14 03:51:03.640 1496 1496 I SystemServerTiming: OnBootPhase_520_com.android.server.biometrics.AuthService
03-14 03:51:03.640 1496 1496 I SystemServerTiming: OnBootPhase_520_com.android.server.pm.ShortcutService$Lifecycle
03-14 03:51:03.640 1496 1496 I SystemServerTiming: OnBootPhase_520_com.android.server.pm.LauncherAppsService
03-14 03:51:03.640 1496 1496 I SystemServerTiming: OnBootPhase_520_com.android.server.pm.CrossProfileAppsService
03-14 03:51:03.640 1496 1496 I SystemServerTiming: OnBootPhase_520_com.android.server.people.PeopleService
03-14 03:51:03.640 1496 1496 I SystemServerTiming: OnBootPhase_520_com.android.server.media.metrics.MediaMetricsManagerService
03-14 03:51:03.640 1496 1496 I SystemServerTiming: OnBootPhase_520_com.android.server.media.projection.MediaProjectionManagerService
03-14 03:51:03.640 1496 1496 I SystemServerTiming: OnBootPhase_520_com.android.server.slice.SliceManagerService$Lifecycle
03-14 03:51:03.640 1496 1496 I SystemServerTiming: OnBootPhase_520_com.android.server.stats.StatsCompanion$Lifecycle
03-14 03:51:03.640 1496 1496 I SystemServerTiming: OnBootPhase_520_com.android.server.scheduling.RebootReadinessManagerService$Lifecycle
03-14 03:51:03.640 1496 1496 I SystemServerTiming: OnBootPhase_520_com.android.server.stats.pull.StatsPullAtomService
03-14 03:51:03.640 1496 1496 I SystemServerTiming: OnBootPhase_520_com.android.server.incident.IncidentCompanionService
03-14 03:51:03.640 1496 1496 I SystemServerTiming: OnBootPhase_520_com.android.server.MmsServiceBroker
03-14 03:51:03.640 1496 1496 I SystemServerTiming: OnBootPhase_520_com.android.server.autofill.AutofillManagerService
03-14 03:51:03.640 1496 1496 I SystemServerTiming: OnBootPhase_520_com.android.server.clipboard.ClipboardService
03-14 03:51:03.640 1496 1496 I SystemServerTiming: OnBootPhase_520_com.android.server.appbinding.AppBindingService$Lifecycle
03-14 03:51:03.640 1496 1496 I SystemServerTiming: OnBootPhase_520_com.android.server.tracing.TracingServiceProxy
03-14 03:51:03.640 1496 1496 I SystemServerTiming: OnBootPhase_520_com.android.server.policy.PermissionPolicyService
03-14 03:51:03.640 1496 1496 I SystemServerTiming: OnBootPhase_520_com.android.server.pm.StagingManager$Lifecycle
03-14 03:51:03.640 1496 1496 I SystemServerTiming: OnBootPhase_520_com.android.server.app.GameManagerService$Lifecycle
03-14 03:51:03.640 1496 1496 I SystemServerTiming: AppSearchManagerService
03-14 03:51:03.643 1496 1496 I SystemServiceManager: Starting com.android.server.appsearch.AppSearchManagerService
03-14 03:51:03.643 1496 1496 I auditd : type=1400 audit(0.0:237): avc: denied { read } for comm="android.display" name="u:object_r:vendor_wfd_sys_debug_prop:s0" dev="tmpfs" ino=11804 scontext=u:r:system_server:s0 tcontext=u:object_r:vendor_wfd_sys_debug_prop:s0 tclass=file permissive=0
03-14 03:51:03.643 1496 1496 I auditd : type=1400 audit(0.0:238): avc: denied { read } for comm="android.display" name="u:object_r:vendor_wfd_sys_debug_prop:s0" dev="tmpfs" ino=11804 scontext=u:r:system_server:s0 tcontext=u:object_r:vendor_wfd_sys_debug_prop:s0 tclass=file permissive=0
03-14 03:51:03.647 1496 1496 I SystemServerTiming: StartMediaCommunicationService
03-14 03:51:03.647 1496 1496 I SystemServiceManager: Starting com.android.server.media.MediaCommunicationService
03-14 03:51:03.649 1496 1496 I SystemServerTiming: PhaseActivityManagerReady
03-14 03:51:03.649 1496 1496 I SystemServerTiming: controllersReady
03-14 03:51:03.652 1496 1647 E DefaultPermGrantPolicy: Package not found: com.qualcomm.qti.cne
03-14 03:51:03.653 1496 1705 I SystemServerTimingAsync: InitThreadPoolExec:Update app-ops uidState in case package com.tencent.android.qqdownloader changed
03-14 03:51:03.653 1496 1705 I SystemServerTimingAsync: InitThreadPoolExec:Update app-ops uidState in case package com.android.providers.media.module changed
03-14 03:51:03.653 1496 1705 I SystemServerTimingAsync: InitThreadPoolExec:Update app-ops uidState in case package com.qualcomm.qtil.aptxui changed
03-14 03:51:03.653 1496 1705 I SystemServerTimingAsync: InitThreadPoolExec:Update app-ops uidState in case package com.hht.lebocast changed
03-14 03:51:03.653 1496 1705 I SystemServerTimingAsync: InitThreadPoolExec:Update app-ops uidState in case package com.qualcomm.qti.workloadclassifier changed
03-14 03:51:03.653 1496 1705 I SystemServerTimingAsync: InitThreadPoolExec:Update app-ops uidState in case package com.android.systemui changed
03-14 03:51:03.653 1496 1705 I SystemServerTimingAsync: InitThreadPoolExec:Update app-ops uidState in case package com.android.launcher3 changed
03-14 03:51:03.653 1496 1705 I SystemServerTimingAsync: InitThreadPoolExec:Update app-ops uidState in case package com.qualcomm.location changed
03-14 03:51:03.653 1496 1705 I SystemServerTimingAsync: InitThreadPoolExec:Update app-ops uidState in case package com.android.webview changed
03-14 03:51:03.653 1496 1705 I SystemServerTimingAsync: InitThreadPoolExec:Update app-ops uidState in case package com.android.packageinstaller changed
03-14 03:51:03.653 1496 1705 I SystemServerTimingAsync: InitThreadPoolExec:Update app-ops uidState in case package com.baidu.input changed
03-14 03:51:03.653 1496 1705 I SystemServerTimingAsync: InitThreadPoolExec:Update app-ops uidState in case package com.android.providers.calendar changed
03-14 03:51:03.653 1496 1705 I SystemServerTimingAsync: InitThreadPoolExec:Update app-ops uidState in case package com.android.providers.contacts changed
03-14 03:51:03.653 1496 1705 I SystemServerTimingAsync: InitThreadPoolExec:Update app-ops uidState in case package com.android.soundpicker changed
03-14 03:51:03.653 1496 1705 I SystemServerTimingAsync: InitThreadPoolExec:Update app-ops uidState in case package com.android.bluetooth changed
03-14 03:51:03.653 1496 1705 I SystemServerTimingAsync: InitThreadPoolExec:Update app-ops uidState in case package android changed
03-14 03:51:03.653 1496 1705 I SystemServerTimingAsync: InitThreadPoolExec:Update app-ops uidState in case package com.thundercomm.tcsetupwizard changed
03-14 03:51:03.653 1496 1705 I SystemServerTimingAsync: InitThreadPoolExec:Update app-ops uidState in case package com.android.server.telecom changed
03-14 03:51:03.653 1496 1705 I SystemServerTimingAsync: InitThreadPoolExec:Update app-ops uidState in case package com.android.settings changed
03-14 03:51:03.654 1496 1496 I SystemServerTiming: killProcesses
03-14 03:51:03.654 1496 1496 I ActivityManager: System now ready
03-14 03:51:03.654 1496 1496 I boot_progress_ams_ready: 10913
03-14 03:51:03.654 1496 1496 I SystemServerTiming: updateTopComponentForFactoryTest
03-14 03:51:03.654 1496 1496 I SystemServerTiming: registerActivityLaunchObserver
03-14 03:51:03.654 1496 1496 I SystemServerTiming: watchDeviceProvisioning
03-14 03:51:03.660 1496 1496 I SystemServerTiming: retrieveSettings
03-14 03:51:03.662 1496 1496 I configuration_changed: 268435456
03-14 03:51:03.662 1496 1496 I ActivityTaskManager: Config changes=10000000 {1.0 ?mcc?mnc [zh_CN] ldltr sw680dp w1586dp h612dp 240dpi lrg long land finger -keyb/v/h -nav/h winConfig={ mBounds=Rect(0, 0 - 2380, 1020) mAppBounds=Rect(0, 0 - 2380, 954) mMaxBounds=Rect(0, 0 - 2380, 1020) mWindowingMode=fullscreen mDisplayWindowingMode=fullscreen mActivityType=undefined mAlwaysOnTop=undefined mRotation=ROTATION_0} s.8 fontWeightAdjustment=0}
03-14 03:51:03.663 1496 1496 I WindowManager: Override config changes=10000000 {1.0 ?mcc?mnc [zh_CN] ldltr sw680dp w1586dp h612dp 240dpi lrg long land finger -keyb/v/h -nav/h winConfig={ mBounds=Rect(0, 0 - 2380, 1020) mAppBounds=Rect(0, 0 - 2380, 954) mMaxBounds=Rect(0, 0 - 2380, 1020) mWindowingMode=fullscreen mDisplayWindowingMode=fullscreen mActivityType=undefined mAlwaysOnTop=undefined mRotation=ROTATION_0} s.8 fontWeightAdjustment=0} for displayId=0
01-01 08:00:13.447 0 0 I : [MAX975X:max96755x_drm_notifier_callback] *INFO* receives EARLY_BLANK:UNBLANK
01-01 08:00:13.447 0 0 I cyttsp7_i2c_adapter 0-0024: FB event:2,blank:0
01-01 08:00:13.447 0 0 I cyttsp7_i2c_adapter 0-0024: suspend: event = 2, blank = 0, not care
01-01 08:00:13.447 0 0 I [drm:dsi_display_set_mode] [msm-dsi-info]: mdp_transfer_time_us=0 us
01-01 08:00:13.447 0 0 I [drm:dsi_display_set_mode] [msm-dsi-info]: hactive= 2380,vactive= 1020,fps=60
01-01 08:00:13.447 0 0 I [drm:dsi_ctrl_isr_configure] [msm-dsi-info]: dsi-ctrl-0: IRQ 402 registered
03-14 03:51:03.664 1496 1496 I SystemServerTiming: Ugm.onSystemReady
03-14 03:51:03.667 1496 1496 I SystemServerTiming: updateForceBackgroundCheck
03-14 03:51:03.667 1496 1496 I SystemServer: Making services ready
03-14 03:51:03.667 1496 1496 I SystemServerTiming: StartActivityManagerReadyPhase
03-14 03:51:03.667 1496 1496 I SystemServiceManager: Starting phase 550
03-14 03:51:03.667 1496 1496 I SystemServerTiming: OnBootPhase_550
03-14 03:51:03.667 1496 1496 I SystemServerTiming: OnBootPhase_550_com.android.server.security.FileIntegrityService
03-14 03:51:03.667 1496 1496 I SystemServerTiming: OnBootPhase_550_com.android.server.pm.Installer
03-14 03:51:03.667 1496 1496 I SystemServerTiming: OnBootPhase_550_com.android.server.os.DeviceIdentifiersPolicyService
03-14 03:51:03.667 1496 1496 I SystemServerTiming: OnBootPhase_550_com.android.server.uri.UriGrantsManagerService$Lifecycle
03-14 03:51:03.667 1496 1496 I SystemServerTiming: OnBootPhase_550_com.android.server.powerstats.PowerStatsService
03-14 03:51:03.667 1496 1496 I SystemServerTiming: OnBootPhase_550_com.android.server.wm.ActivityTaskManagerService$Lifecycle
03-14 03:51:03.667 1496 1496 I SystemServerTiming: OnBootPhase_550_com.android.server.am.ActivityManagerService$Lifecycle
03-14 03:51:03.667 1496 1496 I SystemServerTiming: OnBootPhase_550_com.android.server.pm.DataLoaderManagerService
03-14 03:51:03.667 1496 1496 I SystemServerTiming: OnBootPhase_550_com.android.server.power.PowerManagerService
03-14 03:51:03.667 1496 1496 I SystemServerTiming: OnBootPhase_550_com.android.server.power.ThermalManagerService
03-14 03:51:03.668 1496 1496 I ThermalHalWrapper: Thermal HAL 2.0 service connected.
03-14 03:51:03.668 1496 1496 E ThermalHalWrapper: Couldn't get temperatures because of HAL error: ThermalHAL not initialized properly.
03-14 03:51:03.668 1496 1496 W ThermalManagerService: Thermal HAL reported invalid data, abort connection
03-14 03:51:03.669 1496 1496 E ThermalHalWrapper: Couldn't get temperature thresholds because of HAL error: ThermalHAL not initialized properly.
03-14 03:51:03.669 1496 1496 I SystemServerTiming: OnBootPhase_550_com.android.server.power.hint.HintManagerService
03-14 03:51:03.669 1496 1496 I SystemServerTiming: OnBootPhase_550_com.android.server.recoverysystem.RecoverySystemService$Lifecycle
03-14 03:51:03.669 1496 1496 I SystemServerTiming: OnBootPhase_550_com.android.server.lights.LightsService
03-14 03:51:03.669 1496 1496 I SystemServerTiming: OnBootPhase_550_com.android.server.display.DisplayManagerService
03-14 03:51:03.669 1496 1496 I SystemServerTiming: OnBootPhase_550_com.android.server.pm.verify.domain.DomainVerificationService
03-14 03:51:03.669 1496 1496 I SystemServerTiming: OnBootPhase_550_com.android.server.pm.PackageInstallerService$Lifecycle
03-14 03:51:03.669 1496 1496 I SystemServerTiming: OnBootPhase_550_com.android.server.pm.UserManagerService$LifeCycle
03-14 03:51:03.669 1496 1496 I SystemServerTiming: OnBootPhase_550_com.android.server.om.OverlayManagerService
03-14 03:51:03.669 1496 1496 I SystemServerTiming: OnBootPhase_550_com.android.server.SensorPrivacyService
03-14 03:51:03.669 1496 1496 I SystemServerTiming: OnBootPhase_550_com.android.server.thunderperf.ThunderBoostPerfService
03-14 03:51:03.669 1496 1496 I SystemServerTiming: OnBootPhase_550_com.android.server.sensors.SensorService
03-14 03:51:03.669 1496 1496 I SystemServerTiming: OnBootPhase_550_com.android.server.SystemConfigService
03-14 03:51:03.669 1496 1496 I SystemServerTiming: OnBootPhase_550_com.android.server.BatteryService
03-14 03:51:03.669 1496 1496 I SystemServerTiming: OnBootPhase_550_com.android.server.usage.UsageStatsService
03-14 03:51:03.669 1496 1496 I SystemServerTiming: OnBootPhase_550_com.android.server.webkit.WebViewUpdateService
03-14 03:51:03.669 1496 1496 I SystemServerTiming: OnBootPhase_550_com.android.server.CachedDeviceStateService
03-14 03:51:03.669 1496 1496 I SystemServerTiming: OnBootPhase_550_com.android.server.BinderCallsStatsService$LifeCycle
03-14 03:51:03.669 1496 1496 I SystemServerTiming: OnBootPhase_550_com.android.server.LooperStatsService$Lifecycle
03-14 03:51:03.669 1496 1496 I SystemServerTiming: OnBootPhase_550_com.android.server.rollback.RollbackManagerService
03-14 03:51:03.669 1496 1496 I SystemServerTiming: OnBootPhase_550_com.android.server.os.NativeTombstoneManagerService
03-14 03:51:03.669 1496 1496 I SystemServerTiming: OnBootPhase_550_com.android.server.os.BugreportManagerService
03-14 03:51:03.669 1496 1496 I SystemServerTiming: OnBootPhase_550_com.android.server.gpu.GpuService
03-14 03:51:03.669 1496 1496 I SystemServerTiming: OnBootPhase_550_com.android.server.security.KeyChainSystemService
03-14 03:51:03.669 1496 1496 I SystemServerTiming: OnBootPhase_550_com.android.server.telecom.TelecomLoaderService
03-14 03:51:03.672 1496 1496 W ActivityManager: Too early to start/bind service in system_server: Phase=550 ComponentInfo{com.android.server.telecom/com.android.server.telecom.components.TelecomService}
03-14 03:51:03.673 1496 1496 D CompatibilityChangeReporter: Compat change id reported: 168419799; UID 1000; state: DISABLED
03-14 03:51:03.673 1496 1496 W ActivityManager: Too early to start/bind service in system_server: Phase=550 ComponentInfo{com.android.server.telecom/com.android.server.telecom.components.TelecomService}
03-14 03:51:03.674 1496 1496 I SystemServerTiming: OnBootPhase_550_com.android.server.accounts.AccountManagerService$Lifecycle
03-14 03:51:03.674 1496 1496 I SystemServerTiming: OnBootPhase_550_com.android.server.content.ContentService$Lifecycle
03-14 03:51:03.675 1496 1496 I SyncManager: No initial accounts
03-14 03:51:03.686 1496 1496 I SystemServerTiming: OnBootPhase_550_com.android.server.DropBoxManagerService
03-14 03:51:03.686 1496 1496 I SystemServerTiming: OnBootPhase_550_com.android.role.RoleService
03-14 03:51:03.686 1496 1496 I SystemServerTiming: OnBootPhase_550_com.android.server.vibrator.VibratorManagerService$Lifecycle
03-14 03:51:03.687 1496 1496 I SystemServerTiming: OnBootPhase_550_com.android.server.alarm.AlarmManagerService
03-14 03:51:03.687 1496 1496 I SystemServerTiming: OnBootPhase_550_com.android.server.devicestate.DeviceStateManagerService
03-14 03:51:03.687 1496 1496 I SystemServerTiming: OnBootPhase_550_com.android.server.camera.CameraServiceProxy
03-14 03:51:03.687 1496 1496 I SystemServerTiming: OnBootPhase_550_com.android.server.BluetoothService
03-14 03:51:03.687 1496 1496 D BluetoothManagerService: Bluetooth boot completed
03-14 03:51:03.687 1496 1496 D BluetoothManagerService: Auto-enabling Bluetooth.
03-14 03:51:03.687 1496 1613 D BluetoothManagerService: MESSAGE_ENABLE(0): mBluetooth = null
03-14 03:51:03.687 1496 1613 D BluetoothManagerService: MESSAGE_ENABLE: handleEnable
03-14 03:51:03.687 1496 1613 D BluetoothManagerService: binding Bluetooth service
03-14 03:51:03.688 1496 1613 I am_uid_running: 1002
03-14 03:51:03.688 1496 1613 D CompatibilityChangeReporter: Compat change id reported: 135634846; UID 1002; state: DISABLED
03-14 03:51:03.688 1496 1613 D CompatibilityChangeReporter: Compat change id reported: 177438394; UID 1002; state: DISABLED
03-14 03:51:03.688 1496 1613 D CompatibilityChangeReporter: Compat change id reported: 135772972; UID 1002; state: DISABLED
03-14 03:51:03.688 1496 1613 D CompatibilityChangeReporter: Compat change id reported: 135754954; UID 1002; state: ENABLED
03-14 03:51:03.688 1496 1613 D BluetoothManagerService: Binding BT service. Current user: 0
03-14 03:51:03.689 1496 1496 I SystemServerTiming: OnBootPhase_550_com.android.server.connectivity.IpConnectivityMetrics
03-14 03:51:03.689 1496 1496 I SystemServerTiming: OnBootPhase_550_com.android.server.net.watchlist.NetworkWatchlistService$Lifecycle
03-14 03:51:03.692 1496 1496 I SystemServerTiming: OnBootPhase_550_com.android.server.PinnerService
03-14 03:51:03.693 1496 1496 I SystemServerTiming: OnBootPhase_550_com.google.android.startop.iorap.IorapForwardingService
03-14 03:51:03.693 1496 1496 I SystemServerTiming: OnBootPhase_550_com.android.server.ActivityTriggerService
03-14 03:51:03.693 1496 1496 I SystemServerTiming: OnBootPhase_550_com.android.server.integrity.AppIntegrityManagerService
03-14 03:51:03.693 1496 1496 I SystemServerTiming: OnBootPhase_550_com.android.server.inputmethod.InputMethodManagerService$Lifecycle
03-14 03:51:03.693 1496 1622 I am_proc_start: [0,1992,1002,com.android.bluetooth,service,{com.android.bluetooth/com.android.bluetooth.btservice.AdapterService}]
03-14 03:51:03.693 1496 1622 I ActivityManager: Start proc 1992:com.android.bluetooth/1002 for service {com.android.bluetooth/com.android.bluetooth.btservice.AdapterService}
03-14 03:51:03.697 1496 1496 W InputMethodManagerService: Default IME is uninstalled. Choose new default IME.
01-01 08:00:13.486 0 0 I binder : 1992:1992 ioctl 40046210 7fe20508a4 returned -22
03-14 03:51:03.707 1496 1907 I am_proc_bound: [0,1992,com.android.bluetooth]
03-14 03:51:03.707 1496 1496 I SystemServerTiming: OnBootPhase_550_com.android.server.accessibility.AccessibilityManagerService$Lifecycle
03-14 03:51:03.707 1496 1496 I SystemServerTiming: OnBootPhase_550_com.android.server.StorageManagerService$Lifecycle
03-14 03:51:03.707 1496 1496 I SystemServerTiming: OnBootPhase_550_com.android.server.usage.StorageStatsService$Lifecycle
03-14 03:51:03.707 1496 1496 I SystemServerTiming: OnBootPhase_550_com.android.server.UiModeManagerService
03-14 03:51:03.707 1496 1496 I SystemServerTiming: OnBootPhase_550_com.android.server.locksettings.LockSettingsService$Lifecycle
03-14 03:51:03.708 1496 1496 I RebootEscrowManager: No reboot escrow data found for users, skipping loading escrow data
03-14 03:51:03.709 1496 1496 I SystemServerTiming: OnBootPhase_550_com.android.server.PersistentDataBlockService
03-14 03:51:03.709 1496 1496 I SystemServerTiming: OnBootPhase_550_com.android.server.testharness.TestHarnessModeService
03-14 03:51:03.709 1496 1496 I SystemServerTiming: OnBootPhase_550_com.android.server.oemlock.OemLockService
03-14 03:51:03.709 1496 1496 I SystemServerTiming: OnBootPhase_550_com.android.server.DeviceIdleController
03-14 03:51:03.709 1496 1496 I SystemServerTiming: OnBootPhase_550_com.android.server.devicepolicy.DevicePolicyManagerService$Lifecycle
03-14 03:51:03.709 1496 1496 I SystemServerTiming: OnBootPhase_550_com.android.server.texttospeech.TextToSpeechManagerService
03-14 03:51:03.709 1496 1496 I SystemServerTiming: OnBootPhase_550_com.android.server.speech.SpeechRecognitionManagerService
03-14 03:51:03.709 1496 1496 I SystemServerTiming: OnBootPhase_550_com.android.server.searchui.SearchUiManagerService
03-14 03:51:03.709 1496 1496 I SystemServerTiming: OnBootPhase_550_com.android.server.smartspace.SmartspaceManagerService
03-14 03:51:03.709 1496 1496 I SystemServerTiming: OnBootPhase_550_com.android.server.graphics.fonts.FontManagerService$Lifecycle
03-14 03:51:03.709 1496 1496 I SystemServerTiming: OnBootPhase_550_com.android.server.textservices.TextServicesManagerService$Lifecycle
03-14 03:51:03.709 1496 1496 I SystemServerTiming: OnBootPhase_550_com.android.server.textclassifier.TextClassificationManagerService$Lifecycle
03-14 03:51:03.709 1496 1496 I SystemServerTiming: OnBootPhase_550_com.android.server.NetworkScoreService$Lifecycle
03-14 03:51:03.709 1496 1496 I SystemServerTiming: OnBootPhase_550_com.android.server.wifi.WifiService
03-14 03:51:03.709 1496 1496 I SystemServerTiming: OnBootPhase_550_com.android.server.wifi.scanner.WifiScanningService
03-14 03:51:03.709 1496 1496 I SystemServerTiming: OnBootPhase_550_com.android.server.wifi.rtt.RttService
03-14 03:51:03.709 1496 1496 I SystemServerTiming: OnBootPhase_550_com.android.server.wifi.aware.WifiAwareService
03-14 03:51:03.709 1496 1496 I SystemServerTiming: OnBootPhase_550_com.android.server.wifi.p2p.WifiP2pService
03-14 03:51:03.709 1496 1496 I SystemServerTiming: OnBootPhase_550_com.android.server.ethernet.EthernetService
03-14 03:51:03.709 1496 1496 I SystemServerTiming: OnBootPhase_550_com.android.server.ConnectivityServiceInitializer
03-14 03:51:03.709 1496 1496 I SystemServerTiming: OnBootPhase_550_com.android.server.notification.NotificationManagerService
03-14 03:51:03.709 1496 1496 I SystemServerTiming: OnBootPhase_550_com.android.server.storage.DeviceStorageMonitorService
03-14 03:51:03.709 1496 1496 I SystemServerTiming: OnBootPhase_550_com.android.server.location.LocationManagerService$Lifecycle
03-14 03:51:03.709 1496 1496 I SystemServerTiming: OnBootPhase_550_com.android.server.timedetector.TimeDetectorService$Lifecycle
03-14 03:51:03.709 1496 1496 I SystemServerTiming: OnBootPhase_550_com.android.server.timezonedetector.TimeZoneDetectorService$Lifecycle
03-14 03:51:03.709 1496 1496 I SystemServerTiming: OnBootPhase_550_com.android.server.timezonedetector.location.LocationTimeZoneManagerService$Lifecycle
03-14 03:51:03.709 1496 1496 I SystemServerTiming: OnBootPhase_550_com.android.server.search.SearchManagerService$Lifecycle
03-14 03:51:03.709 1496 1496 I SystemServerTiming: OnBootPhase_550_com.android.server.wallpaper.WallpaperManagerService$Lifecycle
03-14 03:51:03.710 1496 1907 D CompatibilityChangeReporter: Compat change id reported: 168419799; UID 1002; state: DISABLED
03-14 03:51:03.707 990 990 I auditd : type=1400 audit(0.0:239): avc: denied { read write } for comm="sensors.qti" name="diag" dev="tmpfs" ino=11936 scontext=u:r:vendor_sensors_qti:s0 tcontext=u:object_r:vendor_diag_device:s0 tclass=chr_file permissive=0
03-14 03:51:03.713 1496 1907 I am_uid_active: 1002
03-14 03:51:03.715 1496 1496 I WallpaperManagerService: No static wallpaper imagery; defaults will be shown
03-14 03:51:03.715 1496 1496 V WallpaperManagerService: bindWallpaperComponentLocked: componentName=ComponentInfo{com.android.systemui/com.android.systemui.ImageWallpaper}
03-14 03:51:03.717 1496 1496 I am_uid_running: 10078
03-14 03:51:03.717 1496 1496 D CompatibilityChangeReporter: Compat change id reported: 135634846; UID 10078; state: DISABLED
03-14 03:51:03.717 1496 1496 D CompatibilityChangeReporter: Compat change id reported: 177438394; UID 10078; state: DISABLED
03-14 03:51:03.717 1496 1496 D CompatibilityChangeReporter: Compat change id reported: 135772972; UID 10078; state: DISABLED
03-14 03:51:03.717 1496 1496 D CompatibilityChangeReporter: Compat change id reported: 135754954; UID 10078; state: ENABLED
03-14 03:51:03.717 1496 1622 D CompatibilityChangeReporter: Compat change id reported: 143937733; UID 10078; state: ENABLED
01-01 08:00:13.500 0 0 I : [MAX975X:max96755x_drm_notifier_callback] *INFO* receives BLANK:UNBLANK
01-01 08:00:13.500 0 0 I cyttsp7_i2c_adapter 0-0024: FB event:1,blank:0
01-01 08:00:13.500 0 0 I cyttsp7_i2c_adapter 0-0024: drm_notifier_callback: UNBLANK! Resume by drm notifier.
03-14 03:51:03.719 1496 1496 W WallpaperManagerService: Invalid wallpaper data
03-14 03:51:03.719 1496 1496 E WallpaperManagerService: Unable to apply new wallpaper
03-14 03:51:03.719 1496 1496 I SystemServerTiming: OnBootPhase_550_com.android.server.audio.AudioService$Lifecycle
03-14 03:51:03.719 1496 1496 I SystemServerTiming: OnBootPhase_550_com.android.server.soundtrigger_middleware.SoundTriggerMiddlewareService$Lifecycle
03-14 03:51:03.719 1496 1496 I SystemServerTiming: OnBootPhase_550_com.android.server.DockObserver
03-14 03:51:03.719 1496 1496 I SystemServerTiming: OnBootPhase_550_com.android.server.midi.MidiService$Lifecycle
03-14 03:51:03.719 1496 1496 I SystemServerTiming: OnBootPhase_550_com.android.server.adb.AdbService$Lifecycle
03-14 03:51:03.720 1496 1496 I SystemServerTiming: OnBootPhase_550_com.android.server.usb.UsbService$Lifecycle
03-14 03:51:03.720 1496 1496 I SystemServerTiming: OnBootPhase_550_com.android.server.twilight.TwilightService
03-14 03:51:03.720 1496 1705 I SystemServerTimingAsync: InitThreadPoolExec:UsbService$Lifecycle#onBootPhase
03-14 03:51:03.720 1496 1496 I SystemServerTiming: OnBootPhase_550_com.android.server.display.color.ColorDisplayService
03-14 03:51:03.720 1496 1496 I SystemServerTiming: OnBootPhase_550_com.android.server.job.JobSchedulerService
03-14 03:51:03.720 1496 1496 I SystemServerTiming: OnBootPhase_550_com.android.server.soundtrigger.SoundTriggerService
03-14 03:51:03.720 1496 1496 D SoundTriggerService: onBootPhase: 550 : false
03-14 03:51:03.720 1496 1496 I SystemServerTiming: OnBootPhase_550_com.android.server.trust.TrustManagerService
03-14 03:51:03.720 1496 1496 I SystemServerTiming: OnBootPhase_550_com.android.server.backup.BackupManagerService$Lifecycle
03-14 03:51:03.720 1496 1496 I SystemServerTiming: OnBootPhase_550_com.android.server.appwidget.AppWidgetService
03-14 03:51:03.720 1496 1902 W BluetoothManagerService: bindBluetoothProfileService:Trying to bind to profile: 1, while Bluetooth is disabled
03-14 03:51:03.720 1496 1496 I SystemServerTiming: OnBootPhase_550_com.android.server.voiceinteraction.VoiceInteractionManagerService
03-14 03:51:03.720 1496 1496 I SystemServerTiming: OnBootPhase_550_com.android.server.apphibernation.AppHibernationService
03-14 03:51:03.720 1496 1496 I SystemServerTiming: OnBootPhase_550_com.android.server.SensorNotificationService
03-14 03:51:03.720 1496 1496 I SystemServerTiming: OnBootPhase_550_com.android.server.emergency.EmergencyAffordanceService
03-14 03:51:03.720 1496 1496 I SystemServerTiming: OnBootPhase_550_com.android.server.blob.BlobStoreManagerService
03-14 03:51:03.721 1496 1931 I UsbPortManager: ClientCallback V1_2:
03-14 03:51:03.722 1496 1496 I SystemServerTiming: OnBootPhase_550_com.android.server.dreams.DreamManagerService
03-14 03:51:03.722 1496 1496 I SystemServerTiming: OnBootPhase_550_com.android.server.companion.CompanionDeviceManagerService
03-14 03:51:03.722 1496 1496 I SystemServerTiming: OnBootPhase_550_com.android.server.restrictions.RestrictionsManagerService
03-14 03:51:03.722 1496 1496 I SystemServerTiming: OnBootPhase_550_com.android.server.media.MediaSessionService
03-14 03:51:03.722 1496 1496 I SystemServerTiming: OnBootPhase_550_com.android.server.media.MediaResourceMonitorService
03-14 03:51:03.722 1496 1496 I SystemServerTiming: OnBootPhase_550_com.android.server.biometrics.sensors.fingerprint.FingerprintService
03-14 03:51:03.722 1496 1496 I SystemServerTiming: OnBootPhase_550_com.android.server.biometrics.BiometricService
03-14 03:51:03.722 1496 1496 I SystemServerTiming: OnBootPhase_550_com.android.server.biometrics.AuthService
03-14 03:51:03.722 1496 1611 I UsbPortManager: USB port added: port=UsbPort{id=, supportedModes=nonesupportedContaminantProtectionModes=0supportsEnableContaminantPresenceProtection=falsesupportsEnableContaminantPresenceDetection=false, status=UsbPortStatus{connected=false, currentMode=none, currentPowerRole=no-power, currentDataRole=no-data, supportedRoleCombinations=[no-power:no-data], contaminantDetectionStatus=0, contaminantProtectionStatus=0}, canChangeMode=false, canChangePowerRole=false, canChangeDataRole=false, connectedAtMillis=0, lastConnectDurationMillis=0
03-14 03:51:03.722 1496 1496 I SystemServerTiming: OnBootPhase_550_com.android.server.pm.ShortcutService$Lifecycle
03-14 03:51:03.722 1496 1496 I SystemServerTiming: OnBootPhase_550_com.android.server.pm.LauncherAppsService
03-14 03:51:03.722 1496 1496 I SystemServerTiming: OnBootPhase_550_com.android.server.pm.CrossProfileAppsService
03-14 03:51:03.722 1496 1496 I SystemServerTiming: OnBootPhase_550_com.android.server.people.PeopleService
03-14 03:51:03.722 1496 1496 I SystemServerTiming: OnBootPhase_550_com.android.server.media.metrics.MediaMetricsManagerService
03-14 03:51:03.722 1496 1496 I SystemServerTiming: OnBootPhase_550_com.android.server.media.projection.MediaProjectionManagerService
03-14 03:51:03.722 1496 1496 I SystemServerTiming: OnBootPhase_550_com.android.server.slice.SliceManagerService$Lifecycle
03-14 03:51:03.723 1496 1496 I SystemServerTiming: OnBootPhase_550_com.android.server.stats.StatsCompanion$Lifecycle
03-14 03:51:03.723 1496 1496 I SystemServerTiming: OnBootPhase_550_com.android.server.scheduling.RebootReadinessManagerService$Lifecycle
03-14 03:51:03.723 1496 1496 I SystemServerTiming: OnBootPhase_550_com.android.server.stats.pull.StatsPullAtomService
03-14 03:51:03.723 1496 1496 I SystemServerTiming: OnBootPhase_550_com.android.server.incident.IncidentCompanionService
03-14 03:51:03.723 1496 1496 I SystemServerTiming: OnBootPhase_550_com.android.server.MmsServiceBroker
03-14 03:51:03.723 1496 1496 I SystemServerTiming: OnBootPhase_550_com.android.server.autofill.AutofillManagerService
03-14 03:51:03.723 1496 1496 I SystemServerTiming: OnBootPhase_550_com.android.server.clipboard.ClipboardService
03-14 03:51:03.723 1496 1496 I SystemServerTiming: OnBootPhase_550_com.android.server.appbinding.AppBindingService$Lifecycle
03-14 03:51:03.724 1496 1496 I AppBindingService: Updating constants with: null
03-14 03:51:03.724 1496 1496 I SystemServerTiming: OnBootPhase_550_com.android.server.tracing.TracingServiceProxy
03-14 03:51:03.724 1496 1496 I SystemServerTiming: OnBootPhase_550_com.android.server.policy.PermissionPolicyService
01-01 08:00:13.522 0 0 I binder : 2011:2011 ioctl 40046210 7fe20508a4 returned -22
03-14 03:51:03.751 1496 1622 I am_proc_start: [0,2011,10078,com.android.systemui,service,{com.android.systemui/com.android.systemui.ImageWallpaper}]
03-14 03:51:03.751 1496 1622 I ActivityManager: Start proc 2011:com.android.systemui/u0a78 for service {com.android.systemui/com.android.systemui.ImageWallpaper}
03-14 03:51:03.752 1496 2012 I am_proc_bound: [0,2011,com.android.systemui]
03-14 03:51:03.752 1496 1496 V StorageManagerService: Package null has legacy storage
03-14 03:51:03.753 1496 2012 D CompatibilityChangeReporter: Compat change id reported: 168419799; UID 10078; state: DISABLED
03-14 03:51:03.754 1496 2012 I am_uid_active: 10078
03-14 03:51:03.762 1496 1496 V StorageManagerService: Package null does not have legacy storage
03-14 03:51:03.762 1496 1496 I PackageManager: Permission ownership changed. Updating all permissions.
03-14 03:51:03.787 1496 1496 W SystemServiceManager: Service com.android.server.policy.PermissionPolicyService took 63 ms in onBootPhase
03-14 03:51:03.787 1496 1496 I SystemServerTiming: OnBootPhase_550_com.android.server.pm.StagingManager$Lifecycle
03-14 03:51:03.787 1496 1496 I SystemServerTiming: OnBootPhase_550_com.android.server.app.GameManagerService$Lifecycle
03-14 03:51:03.787 1496 1496 I SystemServerTiming: OnBootPhase_550_com.android.server.appsearch.AppSearchManagerService
03-14 03:51:03.787 1496 1496 I SystemServerTiming: OnBootPhase_550_com.android.server.media.MediaCommunicationService
03-14 03:51:03.787 1496 1496 I SystemServerTiming: StartObservingNativeCrashes
03-14 03:51:03.788 1496 1496 I SystemServerTiming: RegisterAppOpsPolicy
03-14 03:51:03.791 1496 1496 I SystemServerTiming: MakeNetworkManagementServiceReady
03-14 03:51:03.791 1496 1741 I SystemServerTimingAsync: InitThreadPoolExec:WebViewFactoryPreparation
03-14 03:51:03.791 1496 1741 I SystemServer: WebViewFactoryPreparation
03-14 03:51:03.791 1496 1741 I SystemServerTimingAsync: WebViewFactoryPreparation
03-14 03:51:03.791 1496 1741 I am_uid_running: 1037
03-14 03:51:03.791 1496 1741 D CompatibilityChangeReporter: Compat change id reported: 135634846; UID 1000; state: DISABLED
03-14 03:51:03.791 1496 1741 D CompatibilityChangeReporter: Compat change id reported: 177438394; UID 1000; state: DISABLED
03-14 03:51:03.791 1496 1741 D CompatibilityChangeReporter: Compat change id reported: 135772972; UID 1000; state: DISABLED
03-14 03:51:03.791 1496 1741 D CompatibilityChangeReporter: Compat change id reported: 178038272; UID 1000; state: DISABLED
03-14 03:51:03.799 1496 1496 I SystemServerTiming: MakeIpSecServiceReady
03-14 03:51:03.801 1496 1823 I commit_sys_config_file: [net-policy,0]
03-14 03:51:03.801 1496 1823 W NetworkPolicy: setRestrictBackgroundUL: already false
03-14 03:51:03.804 1496 1496 D IpSecService: IpSecService is ready
03-14 03:51:03.804 1496 1496 I SystemServerTiming: MakeNetworkStatsServiceReady
03-14 03:51:03.809 1496 1817 D TelephonyRegistry: listen oscl: mHasNotifySubscriptionInfoChangedOccurred==false no callback
03-14 03:51:03.810 1496 1496 I SystemServerTiming: MakeConnectivityServiceReady
03-14 03:51:03.814 1496 2041 W StorageManagerService: No primary storage defined yet; hacking together a stub
03-14 03:51:03.821 1496 1823 D TelephonyRegistry: listen oscl: mHasNotifySubscriptionInfoChangedOccurred==false no callback
03-14 03:51:03.822 1496 1496 I SystemServerTiming: MakeVpnManagerServiceReady
03-14 03:51:03.826 1496 1496 I SystemServerTiming: MakeVcnManagementServiceReady
03-14 03:51:03.827 1496 1496 D TelephonyRegistry: listen oscl: mHasNotifySubscriptionInfoChangedOccurred==false no callback
03-14 03:51:03.827 1496 1496 I SystemServerTiming: MakeNetworkPolicyServiceReady
03-14 03:51:03.827 1496 1496 I SystemServerTiming: PhaseThirdPartyAppsCanStart
03-14 03:51:03.828 1496 1496 I SystemServiceManager: Starting phase 600
03-14 03:51:03.828 1496 1496 I SystemServerTiming: OnBootPhase_600
03-14 03:51:03.828 1496 1496 I SystemServerTiming: OnBootPhase_600_com.android.server.security.FileIntegrityService
03-14 03:51:03.828 1496 1496 I SystemServerTiming: OnBootPhase_600_com.android.server.pm.Installer
03-14 03:51:03.828 1496 1496 I SystemServerTiming: OnBootPhase_600_com.android.server.os.DeviceIdentifiersPolicyService
03-14 03:51:03.828 1496 1496 I SystemServerTiming: OnBootPhase_600_com.android.server.uri.UriGrantsManagerService$Lifecycle
03-14 03:51:03.828 1496 1496 I SystemServerTiming: OnBootPhase_600_com.android.server.powerstats.PowerStatsService
03-14 03:51:03.828 1496 1496 I SystemServerTiming: OnBootPhase_600_com.android.server.wm.ActivityTaskManagerService$Lifecycle
03-14 03:51:03.828 1496 1496 I SystemServerTiming: OnBootPhase_600_com.android.server.am.ActivityManagerService$Lifecycle
03-14 03:51:03.828 1496 1496 I ExplicitHealthCheckController: Explicit health checks enabled.
03-14 03:51:03.828 1496 1496 I PackageWatchdog: Syncing state, reason: health check state enabled
03-14 03:51:03.828 1496 1496 I PackageWatchdog: Not pruning observers, elapsed time: 0ms
03-14 03:51:03.828 1496 1496 I PackageWatchdog: Cancelling state sync, nothing to sync
03-14 03:51:03.828 1496 1620 I PackageWatchdog: Saving observer state to file
03-14 03:51:03.828 1496 1496 I SystemServerTiming: OnBootPhase_600_com.android.server.pm.DataLoaderManagerService
03-14 03:51:03.828 1496 1496 I SystemServerTiming: OnBootPhase_600_com.android.server.power.PowerManagerService
03-14 03:51:03.828 1496 1496 I SystemServerTiming: OnBootPhase_600_com.android.server.power.ThermalManagerService
03-14 03:51:03.828 1496 1496 I SystemServerTiming: OnBootPhase_600_com.android.server.power.hint.HintManagerService
03-14 03:51:03.828 1496 1496 I SystemServerTiming: OnBootPhase_600_com.android.server.recoverysystem.RecoverySystemService$Lifecycle
03-14 03:51:03.828 1496 1496 I SystemServerTiming: OnBootPhase_600_com.android.server.lights.LightsService
03-14 03:51:03.828 1496 1496 I SystemServerTiming: OnBootPhase_600_com.android.server.display.DisplayManagerService
03-14 03:51:03.828 1496 1496 I SystemServerTiming: OnBootPhase_600_com.android.server.pm.verify.domain.DomainVerificationService
03-14 03:51:03.828 1496 1496 I SystemServerTiming: OnBootPhase_600_com.android.server.pm.PackageInstallerService$Lifecycle
03-14 03:51:03.828 1496 1496 I SystemServerTiming: OnBootPhase_600_com.android.server.pm.UserManagerService$LifeCycle
03-14 03:51:03.828 1496 1496 I SystemServerTiming: OnBootPhase_600_com.android.server.om.OverlayManagerService
03-14 03:51:03.828 1496 1496 I SystemServerTiming: OnBootPhase_600_com.android.server.SensorPrivacyService
03-14 03:51:03.828 1496 1496 I SystemServerTiming: OnBootPhase_600_com.android.server.thunderperf.ThunderBoostPerfService
03-14 03:51:03.828 1496 1496 I SystemServerTiming: OnBootPhase_600_com.android.server.sensors.SensorService
03-14 03:51:03.828 1496 1496 I SystemServerTiming: OnBootPhase_600_com.android.server.SystemConfigService
03-14 03:51:03.828 1496 1496 I SystemServerTiming: OnBootPhase_600_com.android.server.BatteryService
03-14 03:51:03.828 1496 1496 I SystemServerTiming: OnBootPhase_600_com.android.server.usage.UsageStatsService
03-14 03:51:03.828 1496 1496 I SystemServerTiming: OnBootPhase_600_com.android.server.webkit.WebViewUpdateService
03-14 03:51:03.828 1496 1496 I SystemServerTiming: OnBootPhase_600_com.android.server.CachedDeviceStateService
03-14 03:51:03.828 1496 1496 I SystemServerTiming: OnBootPhase_600_com.android.server.BinderCallsStatsService$LifeCycle
03-14 03:51:03.828 1496 1496 I SystemServerTiming: OnBootPhase_600_com.android.server.LooperStatsService$Lifecycle
03-14 03:51:03.828 1496 1496 I SystemServerTiming: OnBootPhase_600_com.android.server.rollback.RollbackManagerService
03-14 03:51:03.828 1496 1496 I SystemServerTiming: OnBootPhase_600_com.android.server.os.NativeTombstoneManagerService
03-14 03:51:03.828 1496 1496 I SystemServerTiming: OnBootPhase_600_com.android.server.os.BugreportManagerService
03-14 03:51:03.828 1496 1496 I SystemServerTiming: OnBootPhase_600_com.android.server.gpu.GpuService
03-14 03:51:03.828 1496 1496 I SystemServerTiming: OnBootPhase_600_com.android.server.security.KeyChainSystemService
03-14 03:51:03.828 1496 1496 I SystemServerTiming: OnBootPhase_600_com.android.server.telecom.TelecomLoaderService
03-14 03:51:03.828 1496 1496 I SystemServerTiming: OnBootPhase_600_com.android.server.accounts.AccountManagerService$Lifecycle
03-14 03:51:03.828 1496 1496 I SystemServerTiming: OnBootPhase_600_com.android.server.content.ContentService$Lifecycle
03-14 03:51:03.828 1496 1496 I SystemServerTiming: OnBootPhase_600_com.android.server.DropBoxManagerService
03-14 03:51:03.828 1496 1496 I SystemServerTiming: OnBootPhase_600_com.android.role.RoleService
03-14 03:51:03.828 1496 1496 I SystemServerTiming: OnBootPhase_600_com.android.server.vibrator.VibratorManagerService$Lifecycle
03-14 03:51:03.828 1496 1496 I SystemServerTiming: OnBootPhase_600_com.android.server.alarm.AlarmManagerService
03-14 03:51:03.828 1496 1496 I SystemServerTiming: OnBootPhase_600_com.android.server.devicestate.DeviceStateManagerService
03-14 03:51:03.828 1496 1496 I SystemServerTiming: OnBootPhase_600_com.android.server.camera.CameraServiceProxy
03-14 03:51:03.828 1496 1496 I SystemServerTiming: OnBootPhase_600_com.android.server.BluetoothService
03-14 03:51:03.828 1496 1496 I SystemServerTiming: OnBootPhase_600_com.android.server.connectivity.IpConnectivityMetrics
03-14 03:51:03.828 1496 1496 I SystemServerTiming: OnBootPhase_600_com.android.server.net.watchlist.NetworkWatchlistService$Lifecycle
03-14 03:51:03.828 1496 1496 I SystemServerTiming: OnBootPhase_600_com.android.server.PinnerService
03-14 03:51:03.828 1496 1496 I SystemServerTiming: OnBootPhase_600_com.google.android.startop.iorap.IorapForwardingService
03-14 03:51:03.828 1496 1496 I SystemServerTiming: OnBootPhase_600_com.android.server.ActivityTriggerService
03-14 03:51:03.828 1496 1496 I SystemServerTiming: OnBootPhase_600_com.android.server.integrity.AppIntegrityManagerService
03-14 03:51:03.828 1496 1496 I SystemServerTiming: OnBootPhase_600_com.android.server.inputmethod.InputMethodManagerService$Lifecycle
03-14 03:51:03.828 1496 1496 I SystemServerTiming: OnBootPhase_600_com.android.server.accessibility.AccessibilityManagerService$Lifecycle
03-14 03:51:03.828 1496 1496 I SystemServerTiming: OnBootPhase_600_com.android.server.StorageManagerService$Lifecycle
03-14 03:51:03.828 1496 1496 I SystemServerTiming: OnBootPhase_600_com.android.server.usage.StorageStatsService$Lifecycle
03-14 03:51:03.829 1496 1496 I SystemServerTiming: OnBootPhase_600_com.android.server.UiModeManagerService
03-14 03:51:03.829 1496 1496 I SystemServerTiming: OnBootPhase_600_com.android.server.locksettings.LockSettingsService$Lifecycle
03-14 03:51:03.829 1496 1496 I SystemServerTiming: OnBootPhase_600_com.android.server.PersistentDataBlockService
03-14 03:51:03.829 1496 1496 I SystemServerTiming: OnBootPhase_600_com.android.server.testharness.TestHarnessModeService
03-14 03:51:03.829 1496 1496 I SystemServerTiming: OnBootPhase_600_com.android.server.oemlock.OemLockService
03-14 03:51:03.829 1496 1496 I SystemServerTiming: OnBootPhase_600_com.android.server.DeviceIdleController
03-14 03:51:03.829 1496 1496 I SystemServerTiming: OnBootPhase_600_com.android.server.devicepolicy.DevicePolicyManagerService$Lifecycle
03-14 03:51:03.829 1496 1496 I SystemServerTiming: OnBootPhase_600_com.android.server.texttospeech.TextToSpeechManagerService
03-14 03:51:03.829 1496 1496 I SystemServerTiming: OnBootPhase_600_com.android.server.speech.SpeechRecognitionManagerService
03-14 03:51:03.829 1496 1496 I SystemServerTiming: OnBootPhase_600_com.android.server.searchui.SearchUiManagerService
03-14 03:51:03.829 1496 1496 I SystemServerTiming: OnBootPhase_600_com.android.server.smartspace.SmartspaceManagerService
03-14 03:51:03.829 1496 1496 I SystemServerTiming: OnBootPhase_600_com.android.server.graphics.fonts.FontManagerService$Lifecycle
