11-11 00:03:39.812 1496 1621 I am_wtf : [0,1496,system_server,-1,DisplayDeviceConfig,requesting nits when no mapping exists.]
11-11 00:03:39.813 1496 1621 I am_wtf : [0,1496,system_server,-1,DisplayDeviceConfig,requesting nits when no mapping exists.]
11-11 00:03:39.828 1496 1981 E DisplayDeviceConfig: requesting nits when no mapping exists.
11-11 00:03:39.828 1496 1981 E DisplayDeviceConfig: requesting nits when no mapping exists.
11-11 00:03:39.829 1496 1621 I am_wtf : [0,1496,system_server,-1,DisplayDeviceConfig,requesting nits when no mapping exists.]
11-11 00:03:39.830 1496 1621 I am_wtf : [0,1496,system_server,-1,DisplayDeviceConfig,requesting nits when no mapping exists.]
11-11 00:03:39.845 1496 1981 E DisplayDeviceConfig: requesting nits when no mapping exists.
11-11 00:03:39.845 1496 1981 E DisplayDeviceConfig: requesting nits when no mapping exists.
11-11 00:03:39.845 1496 1621 I am_wtf : [0,1496,system_server,-1,DisplayDeviceConfig,requesting nits when no mapping exists.]
11-11 00:03:39.846 1496 1621 I am_wtf : [0,1496,system_server,-1,DisplayDeviceConfig,requesting nits when no mapping exists.]
11-11 00:03:39.861 1496 1981 E DisplayDeviceConfig: requesting nits when no mapping exists.
11-11 00:03:39.862 1496 1981 E DisplayDeviceConfig: requesting nits when no mapping exists.
11-11 00:03:39.862 1496 1621 I am_wtf : [0,1496,system_server,-1,DisplayDeviceConfig,requesting nits when no mapping exists.]
11-11 00:03:39.863 1496 1621 I am_wtf : [0,1496,system_server,-1,DisplayDeviceConfig,requesting nits when no mapping exists.]
11-11 00:03:39.878 1496 1981 E DisplayDeviceConfig: requesting nits when no mapping exists.
11-11 00:03:39.879 1496 1981 E DisplayDeviceConfig: requesting nits when no mapping exists.
11-11 00:03:39.879 1496 1621 I am_wtf : [0,1496,system_server,-1,DisplayDeviceConfig,requesting nits when no mapping exists.]
11-11 00:03:39.880 1496 1621 I am_wtf : [0,1496,system_server,-1,DisplayDeviceConfig,requesting nits when no mapping exists.]
11-11 00:03:39.894 1496 1981 E DisplayDeviceConfig: requesting nits when no mapping exists.
11-11 00:03:39.895 1496 1981 E DisplayDeviceConfig: requesting nits when no mapping exists.
11-11 00:03:39.895 1496 1621 I am_wtf : [0,1496,system_server,-1,DisplayDeviceConfig,requesting nits when no mapping exists.]
11-11 00:03:39.896 1496 1621 I am_wtf : [0,1496,system_server,-1,DisplayDeviceConfig,requesting nits when no mapping exists.]
11-11 00:03:39.911 1496 1981 E DisplayDeviceConfig: requesting nits when no mapping exists.
11-11 00:03:39.912 1496 1981 E DisplayDeviceConfig: requesting nits when no mapping exists.
11-11 00:03:39.912 1496 1621 I am_wtf : [0,1496,system_server,-1,DisplayDeviceConfig,requesting nits when no mapping exists.]
11-11 00:03:39.913 1496 1621 I am_wtf : [0,1496,system_server,-1,DisplayDeviceConfig,requesting nits when no mapping exists.]
11-11 00:03:39.928 1496 1981 E DisplayDeviceConfig: requesting nits when no mapping exists.
11-11 00:03:39.928 1496 1981 E DisplayDeviceConfig: requesting nits when no mapping exists.
11-11 00:03:39.929 1496 1621 I am_wtf : [0,1496,system_server,-1,DisplayDeviceConfig,requesting nits when no mapping exists.]
11-11 00:03:39.930 1496 1621 I am_wtf : [0,1496,system_server,-1,DisplayDeviceConfig,requesting nits when no mapping exists.]
11-11 00:03:39.945 1496 1981 E DisplayDeviceConfig: requesting nits when no mapping exists.
11-11 00:03:39.946 1496 1621 I am_wtf : [0,1496,system_server,-1,DisplayDeviceConfig,requesting nits when no mapping exists.]
11-11 00:03:39.946 1496 1981 E DisplayDeviceConfig: requesting nits when no mapping exists.
11-11 00:03:39.947 1496 1621 I am_wtf : [0,1496,system_server,-1,DisplayDeviceConfig,requesting nits when no mapping exists.]
11-11 00:03:39.961 1496 1981 E DisplayDeviceConfig: requesting nits when no mapping exists.
11-11 00:03:39.962 1496 1981 E DisplayDeviceConfig: requesting nits when no mapping exists.
11-11 00:03:39.962 1496 1621 I am_wtf : [0,1496,system_server,-1,DisplayDeviceConfig,requesting nits when no mapping exists.]
11-11 00:03:39.963 1496 1621 I am_wtf : [0,1496,system_server,-1,DisplayDeviceConfig,requesting nits when no mapping exists.]
11-11 00:03:39.978 1496 1981 E DisplayDeviceConfig: requesting nits when no mapping exists.
11-11 00:03:39.979 1496 1981 E DisplayDeviceConfig: requesting nits when no mapping exists.
11-11 00:03:39.979 1496 1621 I am_wtf : [0,1496,system_server,-1,DisplayDeviceConfig,requesting nits when no mapping exists.]
11-11 00:03:39.980 1496 1621 I am_wtf : [0,1496,system_server,-1,DisplayDeviceConfig,requesting nits when no mapping exists.]
11-11 00:03:39.995 1496 1981 E DisplayDeviceConfig: requesting nits when no mapping exists.
11-11 00:03:39.995 1496 1981 E DisplayDeviceConfig: requesting nits when no mapping exists.
11-11 00:03:39.995 1496 1621 I am_wtf : [0,1496,system_server,-1,DisplayDeviceConfig,requesting nits when no mapping exists.]
11-11 00:03:39.996 1496 1621 I am_wtf : [0,1496,system_server,-1,DisplayDeviceConfig,requesting nits when no mapping exists.]
11-11 00:03:40.011 1496 1981 E DisplayDeviceConfig: requesting nits when no mapping exists.
11-11 00:03:40.012 1496 1981 E DisplayDeviceConfig: requesting nits when no mapping exists.
11-11 00:03:40.012 1496 1621 I am_wtf : [0,1496,system_server,-1,DisplayDeviceConfig,requesting nits when no mapping exists.]
11-11 00:03:40.013 1496 1621 I am_wtf : [0,1496,system_server,-1,DisplayDeviceConfig,requesting nits when no mapping exists.]
11-11 00:03:40.029 1496 1981 E DisplayDeviceConfig: requesting nits when no mapping exists.
11-11 00:03:40.029 1496 1981 E DisplayDeviceConfig: requesting nits when no mapping exists.
11-11 00:03:40.029 1496 1621 I am_wtf : [0,1496,system_server,-1,DisplayDeviceConfig,requesting nits when no mapping exists.]
11-11 00:03:40.030 1496 1621 I am_wtf : [0,1496,system_server,-1,DisplayDeviceConfig,requesting nits when no mapping exists.]
11-11 00:03:40.045 1496 1981 E DisplayDeviceConfig: requesting nits when no mapping exists.
11-11 00:03:40.046 1496 1981 E DisplayDeviceConfig: requesting nits when no mapping exists.
11-11 00:03:40.046 1496 1621 I am_wtf : [0,1496,system_server,-1,DisplayDeviceConfig,requesting nits when no mapping exists.]
11-11 00:03:40.047 1496 1621 I am_wtf : [0,1496,system_server,-1,DisplayDeviceConfig,requesting nits when no mapping exists.]
11-11 00:03:40.062 1496 1981 E DisplayDeviceConfig: requesting nits when no mapping exists.
11-11 00:03:40.063 1496 1981 E DisplayDeviceConfig: requesting nits when no mapping exists.
11-11 00:03:40.063 1496 1621 I am_wtf : [0,1496,system_server,-1,DisplayDeviceConfig,requesting nits when no mapping exists.]
11-11 00:03:40.064 1496 1621 I am_wtf : [0,1496,system_server,-1,DisplayDeviceConfig,requesting nits when no mapping exists.]
11-11 00:03:40.078 1496 1981 E DisplayDeviceConfig: requesting nits when no mapping exists.
11-11 00:03:40.079 1496 1621 I am_wtf : [0,1496,system_server,-1,DisplayDeviceConfig,requesting nits when no mapping exists.]
11-11 00:03:40.079 1496 1981 E DisplayDeviceConfig: requesting nits when no mapping exists.
11-11 00:03:40.080 1496 1621 I am_wtf : [0,1496,system_server,-1,DisplayDeviceConfig,requesting nits when no mapping exists.]
11-11 00:03:40.095 1496 1981 E DisplayDeviceConfig: requesting nits when no mapping exists.
11-11 00:03:40.095 1496 1621 I am_wtf : [0,1496,system_server,-1,DisplayDeviceConfig,requesting nits when no mapping exists.]
11-11 00:03:40.095 1496 1981 E DisplayDeviceConfig: requesting nits when no mapping exists.
11-11 00:03:40.096 1496 1621 I am_wtf : [0,1496,system_server,-1,DisplayDeviceConfig,requesting nits when no mapping exists.]
11-11 00:03:40.112 1496 1981 E DisplayDeviceConfig: requesting nits when no mapping exists.
11-11 00:03:40.112 1496 1621 I am_wtf : [0,1496,system_server,-1,DisplayDeviceConfig,requesting nits when no mapping exists.]
11-11 00:03:40.112 1496 1981 E DisplayDeviceConfig: requesting nits when no mapping exists.
11-11 00:03:40.113 1496 1621 I am_wtf : [0,1496,system_server,-1,DisplayDeviceConfig,requesting nits when no mapping exists.]
11-11 00:03:40.129 1496 1981 E DisplayDeviceConfig: requesting nits when no mapping exists.
11-11 00:03:40.129 1496 1621 I am_wtf : [0,1496,system_server,-1,DisplayDeviceConfig,requesting nits when no mapping exists.]
11-11 00:03:40.129 1496 1981 E DisplayDeviceConfig: requesting nits when no mapping exists.
11-11 00:03:40.130 1496 1621 I am_wtf : [0,1496,system_server,-1,DisplayDeviceConfig,requesting nits when no mapping exists.]
11-11 00:03:40.145 1496 1981 E DisplayDeviceConfig: requesting nits when no mapping exists.
11-11 00:03:40.146 1496 1981 E DisplayDeviceConfig: requesting nits when no mapping exists.
11-11 00:03:40.146 1496 1621 I am_wtf : [0,1496,system_server,-1,DisplayDeviceConfig,requesting nits when no mapping exists.]
11-11 00:03:40.147 1496 1621 I am_wtf : [0,1496,system_server,-1,DisplayDeviceConfig,requesting nits when no mapping exists.]
11-11 00:03:40.162 1496 1981 E DisplayDeviceConfig: requesting nits when no mapping exists.
11-11 00:03:40.162 1496 1981 E DisplayDeviceConfig: requesting nits when no mapping exists.
11-11 00:03:40.163 1496 1621 I am_wtf : [0,1496,system_server,-1,DisplayDeviceConfig,requesting nits when no mapping exists.]
11-11 00:03:40.164 1496 1621 I am_wtf : [0,1496,system_server,-1,DisplayDeviceConfig,requesting nits when no mapping exists.]
11-11 00:03:40.179 1496 1981 E DisplayDeviceConfig: requesting nits when no mapping exists.
11-11 00:03:40.179 1496 1981 E DisplayDeviceConfig: requesting nits when no mapping exists.
11-11 00:03:40.179 1496 1621 I am_wtf : [0,1496,system_server,-1,DisplayDeviceConfig,requesting nits when no mapping exists.]
11-11 00:03:40.180 1496 1621 I am_wtf : [0,1496,system_server,-1,DisplayDeviceConfig,requesting nits when no mapping exists.]
11-11 00:03:40.195 1496 1981 E DisplayDeviceConfig: requesting nits when no mapping exists.
11-11 00:03:40.196 1496 1981 E DisplayDeviceConfig: requesting nits when no mapping exists.
11-11 00:03:40.196 1496 1621 I am_wtf : [0,1496,system_server,-1,DisplayDeviceConfig,requesting nits when no mapping exists.]
11-11 00:03:40.197 1496 1621 I am_wtf : [0,1496,system_server,-1,DisplayDeviceConfig,requesting nits when no mapping exists.]
11-11 00:03:40.212 1496 1981 E DisplayDeviceConfig: requesting nits when no mapping exists.
11-11 00:03:40.213 1496 1981 E DisplayDeviceConfig: requesting nits when no mapping exists.
11-11 00:03:40.213 1496 1621 I am_wtf : [0,1496,system_server,-1,DisplayDeviceConfig,requesting nits when no mapping exists.]
11-11 00:03:40.214 1496 1621 I am_wtf : [0,1496,system_server,-1,DisplayDeviceConfig,requesting nits when no mapping exists.]
11-11 00:03:40.229 1496 1981 E DisplayDeviceConfig: requesting nits when no mapping exists.
11-11 00:03:40.229 1496 1621 I am_wtf : [0,1496,system_server,-1,DisplayDeviceConfig,requesting nits when no mapping exists.]
11-11 00:03:40.229 1496 1981 E DisplayDeviceConfig: requesting nits when no mapping exists.
11-11 00:03:40.231 1496 1621 I am_wtf : [0,1496,system_server,-1,DisplayDeviceConfig,requesting nits when no mapping exists.]
11-11 00:03:40.239 2717 2717 I auditd : type=1400 audit(0.0:56615336): avc: denied { read } for comm="event_loop" lport=13400 scontext=u:r:hht_ota_mgr:s0 tcontext=u:r:hht_ota_mgr:s0 tclass=udp_socket permissive=0
11-11 00:03:40.239 2717 2717 I auditd : type=1400 audit(0.0:56615337): avc: denied { read } for comm="event_loop" lport=13400 scontext=u:r:hht_ota_mgr:s0 tcontext=u:r:hht_ota_mgr:s0 tclass=udp_socket permissive=0
11-11 00:03:40.239 2717 2717 I auditd : type=1400 audit(0.0:56615338): avc: denied { read } for comm="event_loop" lport=13400 scontext=u:r:hht_ota_mgr:s0 tcontext=u:r:hht_ota_mgr:s0 tclass=udp_socket permissive=0
11-11 00:03:40.239 2717 2717 I auditd : type=1400 audit(0.0:56615339): avc: denied { read } for comm="event_loop" lport=13400 scontext=u:r:hht_ota_mgr:s0 tcontext=u:r:hht_ota_mgr:s0 tclass=udp_socket permissive=0
11-11 00:03:40.239 2717 2717 I auditd : type=1400 audit(0.0:56615340): avc: denied { read } for comm="event_loop" lport=13400 scontext=u:r:hht_ota_mgr:s0 tcontext=u:r:hht_ota_mgr:s0 tclass=udp_socket permissive=0
01-01 08:04:44.447 0 0 W audit : audit_lost=56613976 audit_rate_limit=5 audit_backlog_limit=64
01-01 08:04:44.447 0 0 E audit : rate limit exceeded
01-01 08:04:45.451 0 0 W audit : audit_lost=56884069 audit_rate_limit=5 audit_backlog_limit=64
11-11 00:03:41.239 2717 2717 I auditd : type=1400 audit(0.0:56885434): avc: denied { read } for comm="event_loop" lport=13400 scontext=u:r:hht_ota_mgr:s0 tcontext=u:r:hht_ota_mgr:s0 tclass=udp_socket permissive=0
01-01 08:04:45.451 0 0 E audit : rate limit exceeded
11-11 00:03:41.243 2717 2717 I auditd : type=1400 audit(0.0:56885435): avc: denied { read } for comm="event_loop" lport=13400 scontext=u:r:hht_ota_mgr:s0 tcontext=u:r:hht_ota_mgr:s0 tclass=udp_socket permissive=0
11-11 00:03:41.243 2717 2717 I auditd : type=1400 audit(0.0:56885436): avc: denied { read } for comm="event_loop" lport=13400 scontext=u:r:hht_ota_mgr:s0 tcontext=u:r:hht_ota_mgr:s0 tclass=udp_socket permissive=0
11-11 00:03:41.243 2717 2717 I auditd : type=1400 audit(0.0:56885437): avc: denied { read } for comm="event_loop" lport=13400 scontext=u:r:hht_ota_mgr:s0 tcontext=u:r:hht_ota_mgr:s0 tclass=udp_socket permissive=0
11-11 00:03:41.243 2717 2717 I auditd : type=1400 audit(0.0:56885438): avc: denied { read } for comm="event_loop" lport=13400 scontext=u:r:hht_ota_mgr:s0 tcontext=u:r:hht_ota_mgr:s0 tclass=udp_socket permissive=0
11-11 00:03:41.565 1496 1621 I am_uid_idle: 10086
11-11 00:03:42.243 2717 2717 I auditd : type=1400 audit(0.0:57154662): avc: denied { read } for comm="event_loop" lport=13400 scontext=u:r:hht_ota_mgr:s0 tcontext=u:r:hht_ota_mgr:s0 tclass=udp_socket permissive=0
11-11 00:03:42.247 2717 2717 I auditd : type=1400 audit(0.0:57154663): avc: denied { read } for comm="event_loop" lport=13400 scontext=u:r:hht_ota_mgr:s0 tcontext=u:r:hht_ota_mgr:s0 tclass=udp_socket permissive=0
11-11 00:03:42.247 2717 2717 I auditd : type=1400 audit(0.0:57154664): avc: denied { read } for comm="event_loop" lport=13400 scontext=u:r:hht_ota_mgr:s0 tcontext=u:r:hht_ota_mgr:s0 tclass=udp_socket permissive=0
11-11 00:03:42.247 2717 2717 I auditd : type=1400 audit(0.0:57154665): avc: denied { read } for comm="event_loop" lport=13400 scontext=u:r:hht_ota_mgr:s0 tcontext=u:r:hht_ota_mgr:s0 tclass=udp_socket permissive=0
11-11 00:03:42.247 2717 2717 I auditd : type=1400 audit(0.0:57154666): avc: denied { read } for comm="event_loop" lport=13400 scontext=u:r:hht_ota_mgr:s0 tcontext=u:r:hht_ota_mgr:s0 tclass=udp_socket permissive=0
01-01 08:04:46.455 0 0 W audit : audit_lost=57153292 audit_rate_limit=5 audit_backlog_limit=64
01-01 08:04:46.455 0 0 E audit : rate limit exceeded
11-11 00:03:43.251 2717 2717 I auditd : type=1400 audit(0.0:57424948): avc: denied { read } for comm="event_loop" lport=13400 scontext=u:r:hht_ota_mgr:s0 tcontext=u:r:hht_ota_mgr:s0 tclass=udp_socket permissive=0
11-11 00:03:43.251 2717 2717 I auditd : type=1400 audit(0.0:57424949): avc: denied { read } for comm="event_loop" lport=13400 scontext=u:r:hht_ota_mgr:s0 tcontext=u:r:hht_ota_mgr:s0 tclass=udp_socket permissive=0
11-11 00:03:43.251 2717 2717 I auditd : type=1400 audit(0.0:57424950): avc: denied { read } for comm="event_loop" lport=13400 scontext=u:r:hht_ota_mgr:s0 tcontext=u:r:hht_ota_mgr:s0 tclass=udp_socket permissive=0
11-11 00:03:43.251 2717 2717 I auditd : type=1400 audit(0.0:57424951): avc: denied { read } for comm="event_loop" lport=13400 scontext=u:r:hht_ota_mgr:s0 tcontext=u:r:hht_ota_mgr:s0 tclass=udp_socket permissive=0
11-11 00:03:43.251 2717 2717 I auditd : type=1400 audit(0.0:57424952): avc: denied { read } for comm="event_loop" lport=13400 scontext=u:r:hht_ota_mgr:s0 tcontext=u:r:hht_ota_mgr:s0 tclass=udp_socket permissive=0
01-01 08:04:47.459 0 0 W audit : audit_lost=57423573 audit_rate_limit=5 audit_backlog_limit=64
01-01 08:04:47.459 0 0 E audit : rate limit exceeded
11-11 00:03:44.255 2717 2717 I auditd : type=1400 audit(0.0:57694889): avc: denied { read } for comm="event_loop" lport=13400 scontext=u:r:hht_ota_mgr:s0 tcontext=u:r:hht_ota_mgr:s0 tclass=udp_socket permissive=0
11-11 00:03:44.255 2717 2717 I auditd : type=1400 audit(0.0:57694890): avc: denied { read } for comm="event_loop" lport=13400 scontext=u:r:hht_ota_mgr:s0 tcontext=u:r:hht_ota_mgr:s0 tclass=udp_socket permissive=0
11-11 00:03:44.255 2717 2717 I auditd : type=1400 audit(0.0:57694891): avc: denied { read } for comm="event_loop" lport=13400 scontext=u:r:hht_ota_mgr:s0 tcontext=u:r:hht_ota_mgr:s0 tclass=udp_socket permissive=0
11-11 00:03:44.255 2717 2717 I auditd : type=1400 audit(0.0:57694892): avc: denied { read } for comm="event_loop" lport=13400 scontext=u:r:hht_ota_mgr:s0 tcontext=u:r:hht_ota_mgr:s0 tclass=udp_socket permissive=0
11-11 00:03:44.255 2717 2717 I auditd : type=1400 audit(0.0:57694893): avc: denied { read } for comm="event_loop" lport=13400 scontext=u:r:hht_ota_mgr:s0 tcontext=u:r:hht_ota_mgr:s0 tclass=udp_socket permissive=0
01-01 08:04:48.463 0 0 W audit : audit_lost=57693509 audit_rate_limit=5 audit_backlog_limit=64
01-01 08:04:48.463 0 0 E audit : rate limit exceeded
11-11 00:03:45.259 2717 2717 I auditd : type=1400 audit(0.0:57964408): avc: denied { read } for comm="event_loop" lport=13400 scontext=u:r:hht_ota_mgr:s0 tcontext=u:r:hht_ota_mgr:s0 tclass=udp_socket permissive=0
11-11 00:03:45.259 2717 2717 I auditd : type=1400 audit(0.0:57964409): avc: denied { read } for comm="event_loop" lport=13400 scontext=u:r:hht_ota_mgr:s0 tcontext=u:r:hht_ota_mgr:s0 tclass=udp_socket permissive=0
11-11 00:03:45.259 2717 2717 I auditd : type=1400 audit(0.0:57964410): avc: denied { read } for comm="event_loop" lport=13400 scontext=u:r:hht_ota_mgr:s0 tcontext=u:r:hht_ota_mgr:s0 tclass=udp_socket permissive=0
11-11 00:03:45.259 2717 2717 I auditd : type=1400 audit(0.0:57964411): avc: denied { read } for comm="event_loop" lport=13400 scontext=u:r:hht_ota_mgr:s0 tcontext=u:r:hht_ota_mgr:s0 tclass=udp_socket permissive=0
11-11 00:03:45.259 2717 2717 I auditd : type=1400 audit(0.0:57964412): avc: denied { read } for comm="event_loop" lport=13400 scontext=u:r:hht_ota_mgr:s0 tcontext=u:r:hht_ota_mgr:s0 tclass=udp_socket permissive=0
01-01 08:04:49.467 0 0 W audit : audit_lost=57963023 audit_rate_limit=5 audit_backlog_limit=64
01-01 08:04:49.467 0 0 E audit : rate limit exceeded
11-11 00:03:46.263 2717 2717 I auditd : type=1400 audit(0.0:58234628): avc: denied { read } for comm="event_loop" lport=13400 scontext=u:r:hht_ota_mgr:s0 tcontext=u:r:hht_ota_mgr:s0 tclass=udp_socket permissive=0
11-11 00:03:46.263 2717 2717 I auditd : type=1400 audit(0.0:58234629): avc: denied { read } for comm="event_loop" lport=13400 scontext=u:r:hht_ota_mgr:s0 tcontext=u:r:hht_ota_mgr:s0 tclass=udp_socket permissive=0
11-11 00:03:46.263 2717 2717 I auditd : type=1400 audit(0.0:58234630): avc: denied { read } for comm="event_loop" lport=13400 scontext=u:r:hht_ota_mgr:s0 tcontext=u:r:hht_ota_mgr:s0 tclass=udp_socket permissive=0
11-11 00:03:46.263 2717 2717 I auditd : type=1400 audit(0.0:58234631): avc: denied { read } for comm="event_loop" lport=13400 scontext=u:r:hht_ota_mgr:s0 tcontext=u:r:hht_ota_mgr:s0 tclass=udp_socket permissive=0
11-11 00:03:46.263 2717 2717 I auditd : type=1400 audit(0.0:58234632): avc: denied { read } for comm="event_loop" lport=13400 scontext=u:r:hht_ota_mgr:s0 tcontext=u:r:hht_ota_mgr:s0 tclass=udp_socket permissive=0
01-01 08:04:50.471 0 0 W audit : audit_lost=58233238 audit_rate_limit=5 audit_backlog_limit=64
01-01 08:04:50.471 0 0 E audit : rate limit exceeded
11-11 00:03:46.268 1496 1638 I PowerManagerService: Napping display group (groupId=0, uid=1000)...
11-11 00:03:46.268 1496 1638 I PowerManagerService: Nap time (uid 1000)...
11-11 00:03:46.270 1496 1638 I DreamManagerService: Entering dreamland.
11-11 00:03:46.275 1496 1638 I PowerManagerService: Dreaming...
11-11 00:03:46.277 1496 1611 I DreamController: Starting dream: name=ComponentInfo{com.thundercomm.screensaver/com.thundercomm.screensaver.service.SystemDream}, isTest=false, canDoze=false, userId=0
11-11 00:03:46.277 1496 1611 I sysui_multi_action: [757,222,758,1]
11-11 00:03:46.280 1496 1611 I am_uid_active: 10048
11-11 00:03:46.283 1496 1611 D CompatibilityChangeReporter: Compat change id reported: 168419799; UID 10048; state: DISABLED
11-11 00:03:46.290 1496 2830 I ActivityTaskManager: START u0 {flg=0x10000000 pkg=com.thundercomm.screensaver cmp=com.thundercomm.screensaver/android.service.dreams.DreamActivity (has extras)} from uid 10048
11-11 00:03:46.294 1496 2830 I wm_task_created: [33,-1]
11-11 00:03:46.294 1496 2830 W ActivityTaskManager: Can't find TaskDisplayArea to determine support for multi window. Task id=33 attached=false
11-11 00:03:46.297 1496 2830 I wm_task_moved: [33,1,7]
11-11 00:03:46.297 1496 2830 I wm_task_to_front: [0,33]
11-11 00:03:46.297 1496 2830 I wm_create_task: [0,33]
11-11 00:03:46.297 1496 2830 I wm_create_activity: [0,107859329,33,com.thundercomm.screensaver/android.service.dreams.DreamActivity,NULL,NULL,NULL,276824064]
11-11 00:03:46.297 1496 2830 I wm_task_moved: [33,1,7]
11-11 00:03:46.297 5348 5348 I wm_on_top_resumed_lost_called: [62415671,com.tencent.qqmusicpad.activity.newplayeractivity.ui.PlayerActivityNew,topStateChangedWhenResumed]
11-11 00:03:46.298 1496 2830 I wm_pause_activity: [0,62415671,com.tencent.qqmusicpad/.activity.newplayeractivity.ui.PlayerActivityNew,userLeaving=true,pauseBackTasks]
11-11 00:03:46.300 5348 5348 I wm_on_paused_called: [62415671,com.tencent.qqmusicpad.activity.newplayeractivity.ui.PlayerActivityNew,performPause]
11-11 00:03:46.300 1496 1620 I am_pss : [5348,10095,com.tencent.qqmusicpad,144324608,113168384,0,251998208,0,2,10]
11-11 00:03:46.301 1496 2830 I ActivityTaskManager: FOREGROUND_APPLICATION_CHANGED to android.service.dreams.DreamActivity
11-11 00:03:46.301 1496 2830 I ActivityTaskManager: The Process com.thundercomm.screensaver Already Exists in BG. So sending its PID: 4887
11-11 00:03:46.301 1496 2830 W ActivityTaskManager: Tried to set launchTime (0) < mLastActivityLaunchTime (113523)
11-11 00:03:46.301 1496 2830 I wm_add_to_stopping: [0,62415671,com.tencent.qqmusicpad/.activity.newplayeractivity.ui.PlayerActivityNew,makeInvisible]
11-11 00:03:46.302 1496 2830 I wm_restart_activity: [0,107859329,33,com.thundercomm.screensaver/android.service.dreams.DreamActivity]
11-11 00:03:46.302 1496 2830 I wm_set_resumed_activity: [0,com.thundercomm.screensaver/android.service.dreams.DreamActivity,minimalResumeActivityLocked]
11-11 00:03:46.304 1496 1614 I sysui_multi_action: [757,803,799,window_time_0,802,115]
11-11 00:03:46.306 1496 1620 I am_pss : [5489,10086,com.android.music,10040320,7172096,0,104341504,0,19,5]
11-11 00:03:46.309 4887 4887 I wm_on_create_called: [107859329,android.service.dreams.DreamActivity,performCreate]
11-11 00:03:46.310 4887 4887 I wm_on_start_called: [107859329,android.service.dreams.DreamActivity,handleStartActivity]
11-11 00:03:46.310 4887 4887 I wm_on_resume_called: [107859329,android.service.dreams.DreamActivity,RESUME_ACTIVITY]
11-11 00:03:46.311 1496 2837 W WindowManager: Failed looking up window session=Session{a5f5e72 4887:u0a10048} callers=com.android.server.wm.WindowManagerService.windowForClientLocked:5628 com.android.server.wm.Session.insetsModified:629 android.view.IWindowSession$Stub.onTransact:1151
11-11 00:03:46.312 4887 4887 I wm_on_top_resumed_gained_called: [107859329,android.service.dreams.DreamActivity,topStateChangedWhenResumed]
11-11 00:03:46.314 1496 2837 I am_uid_active: 10062
11-11 00:03:46.327 1496 1742 I input_focus: [Focus leaving 1e1b0be com.tencent.qqmusicpad/com.tencent.qqmusicpad.activity.newplayeractivity.ui.PlayerActivityNew (server),reason=NO_WINDOW]
11-11 00:03:46.331 1496 1615 I input_focus: [Focus request ba8c0bd com.thundercomm.screensaver/android.service.dreams.DreamActivity,reason=UpdateInputWindows]
11-11 00:03:46.341 1496 1611 I sysui_multi_action: [319,49,322,46,325,287,757,761,758,8,759,2,806,com.thundercomm.screensaver,871,android.service.dreams.DreamActivity,904,com.thundercomm.screensaver,905,0,1320,4,1321,2]
11-11 00:03:46.341 1496 1611 I wm_activity_launch_time: [0,107859329,com.thundercomm.screensaver/android.service.dreams.DreamActivity,46]
11-11 00:03:46.342 1496 1638 V DisplayPowerController[0]: Brightness [1.0] reason changing to: 'manual', previous reason: 'manual [ dim ]'.
11-11 00:03:46.342 1496 1638 I sysui_multi_action: [757,1696,758,6,759,3]
11-11 00:03:46.359 1496 1981 E DisplayDeviceConfig: requesting nits when no mapping exists.
11-11 00:03:46.359 1496 1981 E DisplayDeviceConfig: requesting nits when no mapping exists.
11-11 00:03:46.359 1496 1621 I am_wtf : [0,1496,system_server,-1,DisplayDeviceConfig,requesting nits when no mapping exists.]
11-11 00:03:46.360 1496 1621 I am_wtf : [0,1496,system_server,-1,DisplayDeviceConfig,requesting nits when no mapping exists.]
11-11 00:03:46.360 1496 1742 I input_focus: [Focus entering ba8c0bd com.thundercomm.screensaver/android.service.dreams.DreamActivity (server),reason=Window became focusable. Previous reason: NOT_VISIBLE]
11-11 00:03:46.376 1496 1981 E DisplayDeviceConfig: requesting nits when no mapping exists.
11-11 00:03:46.376 1496 1981 E DisplayDeviceConfig: requesting nits when no mapping exists.
11-11 00:03:46.376 1496 1621 I am_wtf : [0,1496,system_server,-1,DisplayDeviceConfig,requesting nits when no mapping exists.]
11-11 00:03:46.377 1496 1621 I am_wtf : [0,1496,system_server,-1,DisplayDeviceConfig,requesting nits when no mapping exists.]
11-11 00:03:46.393 1496 1981 E DisplayDeviceConfig: requesting nits when no mapping exists.
11-11 00:03:46.393 1496 1981 E DisplayDeviceConfig: requesting nits when no mapping exists.
11-11 00:03:46.393 1496 1621 I am_wtf : [0,1496,system_server,-1,DisplayDeviceConfig,requesting nits when no mapping exists.]
11-11 00:03:46.393 1496 1621 I am_wtf : [0,1496,system_server,-1,DisplayDeviceConfig,requesting nits when no mapping exists.]
11-11 00:03:46.403 1496 2837 W FreeFormWindowHelper: Current Display FreeFormTask is null
11-11 00:03:46.409 1496 1981 E DisplayDeviceConfig: requesting nits when no mapping exists.
11-11 00:03:46.410 1496 1981 E DisplayDeviceConfig: requesting nits when no mapping exists.
11-11 00:03:46.410 1496 1621 I am_wtf : [0,1496,system_server,-1,DisplayDeviceConfig,requesting nits when no mapping exists.]
11-11 00:03:46.410 1496 1621 I am_wtf : [0,1496,system_server,-1,DisplayDeviceConfig,requesting nits when no mapping exists.]
11-11 00:03:46.426 1496 1981 E DisplayDeviceConfig: requesting nits when no mapping exists.
11-11 00:03:46.426 1496 1981 E DisplayDeviceConfig: requesting nits when no mapping exists.
11-11 00:03:46.426 1496 1621 I am_wtf : [0,1496,system_server,-1,DisplayDeviceConfig,requesting nits when no mapping exists.]
11-11 00:03:46.427 1496 1621 I am_wtf : [0,1496,system_server,-1,DisplayDeviceConfig,requesting nits when no mapping exists.]
11-11 00:03:46.443 1496 1981 E DisplayDeviceConfig: requesting nits when no mapping exists.
11-11 00:03:46.443 1496 1981 E DisplayDeviceConfig: requesting nits when no mapping exists.
11-11 00:03:46.443 1496 1621 I am_wtf : [0,1496,system_server,-1,DisplayDeviceConfig,requesting nits when no mapping exists.]
11-11 00:03:46.444 1496 1621 I am_wtf : [0,1496,system_server,-1,DisplayDeviceConfig,requesting nits when no mapping exists.]
11-11 00:03:46.460 1496 1981 E DisplayDeviceConfig: requesting nits when no mapping exists.
11-11 00:03:46.460 1496 1621 I am_wtf : [0,1496,system_server,-1,DisplayDeviceConfig,requesting nits when no mapping exists.]
11-11 00:03:46.460 1496 1981 E DisplayDeviceConfig: requesting nits when no mapping exists.
11-11 00:03:46.460 1496 1621 I am_wtf : [0,1496,system_server,-1,DisplayDeviceConfig,requesting nits when no mapping exists.]
11-11 00:03:46.476 1496 1981 E DisplayDeviceConfig: requesting nits when no mapping exists.
11-11 00:03:46.476 1496 1981 E DisplayDeviceConfig: requesting nits when no mapping exists.
11-11 00:03:46.476 1496 1621 I am_wtf : [0,1496,system_server,-1,DisplayDeviceConfig,requesting nits when no mapping exists.]
11-11 00:03:46.477 1496 1621 I am_wtf : [0,1496,system_server,-1,DisplayDeviceConfig,requesting nits when no mapping exists.]
11-11 00:03:46.493 1496 1981 E DisplayDeviceConfig: requesting nits when no mapping exists.
11-11 00:03:46.493 1496 1981 E DisplayDeviceConfig: requesting nits when no mapping exists.
11-11 00:03:46.493 1496 1621 I am_wtf : [0,1496,system_server,-1,DisplayDeviceConfig,requesting nits when no mapping exists.]
11-11 00:03:46.494 1496 1621 I am_wtf : [0,1496,system_server,-1,DisplayDeviceConfig,requesting nits when no mapping exists.]
11-11 00:03:46.510 1496 1981 E DisplayDeviceConfig: requesting nits when no mapping exists.
11-11 00:03:46.510 1496 1981 E DisplayDeviceConfig: requesting nits when no mapping exists.
11-11 00:03:46.510 1496 1621 I am_wtf : [0,1496,system_server,-1,DisplayDeviceConfig,requesting nits when no mapping exists.]
11-11 00:03:46.510 1496 1621 I am_wtf : [0,1496,system_server,-1,DisplayDeviceConfig,requesting nits when no mapping exists.]
11-11 00:03:46.526 1496 1981 E DisplayDeviceConfig: requesting nits when no mapping exists.
11-11 00:03:46.527 1496 1981 E DisplayDeviceConfig: requesting nits when no mapping exists.
11-11 00:03:46.527 1496 1621 I am_wtf : [0,1496,system_server,-1,DisplayDeviceConfig,requesting nits when no mapping exists.]
11-11 00:03:46.527 1496 1621 I am_wtf : [0,1496,system_server,-1,DisplayDeviceConfig,requesting nits when no mapping exists.]
11-11 00:03:46.543 1496 1981 E DisplayDeviceConfig: requesting nits when no mapping exists.
11-11 00:03:46.543 1496 1981 E DisplayDeviceConfig: requesting nits when no mapping exists.
11-11 00:03:46.543 1496 1621 I am_wtf : [0,1496,system_server,-1,DisplayDeviceConfig,requesting nits when no mapping exists.]
11-11 00:03:46.544 1496 1621 I am_wtf : [0,1496,system_server,-1,DisplayDeviceConfig,requesting nits when no mapping exists.]
11-11 00:03:46.560 1496 1981 E DisplayDeviceConfig: requesting nits when no mapping exists.
11-11 00:03:46.560 1496 1981 E DisplayDeviceConfig: requesting nits when no mapping exists.
11-11 00:03:46.560 1496 1621 I am_wtf : [0,1496,system_server,-1,DisplayDeviceConfig,requesting nits when no mapping exists.]
11-11 00:03:46.560 1496 1621 I am_wtf : [0,1496,system_server,-1,DisplayDeviceConfig,requesting nits when no mapping exists.]
11-11 00:03:46.576 1496 1981 E DisplayDeviceConfig: requesting nits when no mapping exists.
11-11 00:03:46.576 1496 1981 E DisplayDeviceConfig: requesting nits when no mapping exists.
11-11 00:03:46.577 1496 1621 I am_wtf : [0,1496,system_server,-1,DisplayDeviceConfig,requesting nits when no mapping exists.]
11-11 00:03:46.577 1496 1621 I service_manager_stats: [100,45,6898]
11-11 00:03:46.577 1496 1621 I am_wtf : [0,1496,system_server,-1,DisplayDeviceConfig,requesting nits when no mapping exists.]
11-11 00:03:46.593 1496 1981 E DisplayDeviceConfig: requesting nits when no mapping exists.
11-11 00:03:46.593 1496 1981 E DisplayDeviceConfig: requesting nits when no mapping exists.
11-11 00:03:46.593 1496 1621 I am_wtf : [0,1496,system_server,-1,DisplayDeviceConfig,requesting nits when no mapping exists.]
11-11 00:03:46.593 1496 1621 I am_wtf : [0,1496,system_server,-1,DisplayDeviceConfig,requesting nits when no mapping exists.]
11-11 00:03:46.610 1496 1981 E DisplayDeviceConfig: requesting nits when no mapping exists.
11-11 00:03:46.610 1496 1981 E DisplayDeviceConfig: requesting nits when no mapping exists.
11-11 00:03:46.610 1496 1621 I am_wtf : [0,1496,system_server,-1,DisplayDeviceConfig,requesting nits when no mapping exists.]
11-11 00:03:46.610 1496 1621 I am_wtf : [0,1496,system_server,-1,DisplayDeviceConfig,requesting nits when no mapping exists.]
11-11 00:03:46.626 1496 1981 E DisplayDeviceConfig: requesting nits when no mapping exists.
11-11 00:03:46.627 1496 1981 E DisplayDeviceConfig: requesting nits when no mapping exists.
11-11 00:03:46.627 1496 1621 I am_wtf : [0,1496,system_server,-1,DisplayDeviceConfig,requesting nits when no mapping exists.]
11-11 00:03:46.627 1496 1621 I am_wtf : [0,1496,system_server,-1,DisplayDeviceConfig,requesting nits when no mapping exists.]
11-11 00:03:46.643 1496 1981 E DisplayDeviceConfig: requesting nits when no mapping exists.
11-11 00:03:46.643 1496 1981 E DisplayDeviceConfig: requesting nits when no mapping exists.
11-11 00:03:46.643 1496 1621 I am_wtf : [0,1496,system_server,-1,DisplayDeviceConfig,requesting nits when no mapping exists.]
11-11 00:03:46.644 1496 1621 I am_wtf : [0,1496,system_server,-1,DisplayDeviceConfig,requesting nits when no mapping exists.]
11-11 00:03:46.660 1496 1981 E DisplayDeviceConfig: requesting nits when no mapping exists.
11-11 00:03:46.660 1496 1981 E DisplayDeviceConfig: requesting nits when no mapping exists.
11-11 00:03:46.660 1496 1621 I am_wtf : [0,1496,system_server,-1,DisplayDeviceConfig,requesting nits when no mapping exists.]
11-11 00:03:46.660 1496 1621 I am_wtf : [0,1496,system_server,-1,DisplayDeviceConfig,requesting nits when no mapping exists.]
11-11 00:03:46.677 1496 1981 E DisplayDeviceConfig: requesting nits when no mapping exists.
11-11 00:03:46.677 1496 1981 E DisplayDeviceConfig: requesting nits when no mapping exists.
11-11 00:03:46.677 1496 1621 I am_wtf : [0,1496,system_server,-1,DisplayDeviceConfig,requesting nits when no mapping exists.]
11-11 00:03:46.677 1496 1621 I am_wtf : [0,1496,system_server,-1,DisplayDeviceConfig,requesting nits when no mapping exists.]
11-11 00:03:46.693 1496 1981 E DisplayDeviceConfig: requesting nits when no mapping exists.
11-11 00:03:46.693 1496 1981 E DisplayDeviceConfig: requesting nits when no mapping exists.
11-11 00:03:46.693 1496 1621 I am_wtf : [0,1496,system_server,-1,DisplayDeviceConfig,requesting nits when no mapping exists.]
11-11 00:03:46.694 1496 1621 I am_wtf : [0,1496,system_server,-1,DisplayDeviceConfig,requesting nits when no mapping exists.]
11-11 00:03:46.710 1496 1981 E DisplayDeviceConfig: requesting nits when no mapping exists.
11-11 00:03:46.710 1496 1981 E DisplayDeviceConfig: requesting nits when no mapping exists.
11-11 00:03:46.710 1496 1621 I am_wtf : [0,1496,system_server,-1,DisplayDeviceConfig,requesting nits when no mapping exists.]
11-11 00:03:46.710 1496 1621 I am_wtf : [0,1496,system_server,-1,DisplayDeviceConfig,requesting nits when no mapping exists.]
11-11 00:03:46.727 1496 1981 E DisplayDeviceConfig: requesting nits when no mapping exists.
11-11 00:03:46.727 1496 1981 E DisplayDeviceConfig: requesting nits when no mapping exists.
11-11 00:03:46.727 1496 1621 I am_wtf : [0,1496,system_server,-1,DisplayDeviceConfig,requesting nits when no mapping exists.]
11-11 00:03:46.727 1496 1621 I am_wtf : [0,1496,system_server,-1,DisplayDeviceConfig,requesting nits when no mapping exists.]
11-11 00:03:46.743 1496 1981 E DisplayDeviceConfig: requesting nits when no mapping exists.
11-11 00:03:46.743 1496 1981 E DisplayDeviceConfig: requesting nits when no mapping exists.
11-11 00:03:46.743 1496 1621 I am_wtf : [0,1496,system_server,-1,DisplayDeviceConfig,requesting nits when no mapping exists.]
11-11 00:03:46.744 1496 1621 I am_wtf : [0,1496,system_server,-1,DisplayDeviceConfig,requesting nits when no mapping exists.]
11-11 00:03:46.760 1496 1981 E DisplayDeviceConfig: requesting nits when no mapping exists.
11-11 00:03:46.760 1496 1621 I am_wtf : [0,1496,system_server,-1,DisplayDeviceConfig,requesting nits when no mapping exists.]
11-11 00:03:46.760 1496 1981 E DisplayDeviceConfig: requesting nits when no mapping exists.
11-11 00:03:46.760 1496 1621 I am_wtf : [0,1496,system_server,-1,DisplayDeviceConfig,requesting nits when no mapping exists.]
11-11 00:03:46.777 1496 1981 E DisplayDeviceConfig: requesting nits when no mapping exists.
11-11 00:03:46.777 1496 1981 E DisplayDeviceConfig: requesting nits when no mapping exists.
11-11 00:03:46.777 1496 1621 I am_wtf : [0,1496,system_server,-1,DisplayDeviceConfig,requesting nits when no mapping exists.]
11-11 00:03:46.777 1496 1621 I am_wtf : [0,1496,system_server,-1,DisplayDeviceConfig,requesting nits when no mapping exists.]
11-11 00:03:46.793 1496 1981 E DisplayDeviceConfig: requesting nits when no mapping exists.
11-11 00:03:46.794 1496 1981 E DisplayDeviceConfig: requesting nits when no mapping exists.
11-11 00:03:46.794 1496 1621 I am_wtf : [0,1496,system_server,-1,DisplayDeviceConfig,requesting nits when no mapping exists.]
11-11 00:03:46.794 1496 1621 I am_wtf : [0,1496,system_server,-1,DisplayDeviceConfig,requesting nits when no mapping exists.]
11-11 00:03:46.810 1496 1981 E DisplayDeviceConfig: requesting nits when no mapping exists.
11-11 00:03:46.810 1496 1981 E DisplayDeviceConfig: requesting nits when no mapping exists.
11-11 00:03:46.810 1496 1621 I am_wtf : [0,1496,system_server,-1,DisplayDeviceConfig,requesting nits when no mapping exists.]
11-11 00:03:46.811 1496 1621 I am_wtf : [0,1496,system_server,-1,DisplayDeviceConfig,requesting nits when no mapping exists.]
11-11 00:03:46.827 1496 1981 E DisplayDeviceConfig: requesting nits when no mapping exists.
11-11 00:03:46.827 1496 1981 E DisplayDeviceConfig: requesting nits when no mapping exists.
11-11 00:03:46.827 1496 1621 I am_wtf : [0,1496,system_server,-1,DisplayDeviceConfig,requesting nits when no mapping exists.]
11-11 00:03:46.827 1496 1621 I am_wtf : [0,1496,system_server,-1,DisplayDeviceConfig,requesting nits when no mapping exists.]
11-11 00:03:46.844 1496 1981 E DisplayDeviceConfig: requesting nits when no mapping exists.
11-11 00:03:46.845 1496 1621 I am_wtf : [0,1496,system_server,-1,DisplayDeviceConfig,requesting nits when no mapping exists.]
11-11 00:03:46.845 1496 1981 E DisplayDeviceConfig: requesting nits when no mapping exists.
11-11 00:03:46.845 1496 1621 I am_wtf : [0,1496,system_server,-1,DisplayDeviceConfig,requesting nits when no mapping exists.]
11-11 00:03:46.845 1496 1614 I wm_stop_activity: [0,62415671,com.tencent.qqmusicpad/.activity.newplayeractivity.ui.PlayerActivityNew]
11-11 00:03:46.861 1496 1981 E DisplayDeviceConfig: requesting nits when no mapping exists.
11-11 00:03:46.861 1496 1621 I am_wtf : [0,1496,system_server,-1,DisplayDeviceConfig,requesting nits when no mapping exists.]
11-11 00:03:46.861 1496 1981 E DisplayDeviceConfig: requesting nits when no mapping exists.
11-11 00:03:46.861 1496 1621 I am_wtf : [0,1496,system_server,-1,DisplayDeviceConfig,requesting nits when no mapping exists.]
11-11 00:03:46.870 5348 5348 I wm_on_stop_called: [62415671,com.tencent.qqmusicpad.activity.newplayeractivity.ui.PlayerActivityNew,STOP_ACTIVITY_ITEM]
11-11 00:03:46.877 1496 1981 E DisplayDeviceConfig: requesting nits when no mapping exists.
11-11 00:03:46.878 1496 1981 E DisplayDeviceConfig: requesting nits when no mapping exists.
11-11 00:03:46.878 1496 1621 I am_wtf : [0,1496,system_server,-1,DisplayDeviceConfig,requesting nits when no mapping exists.]
11-11 00:03:46.878 1496 1621 I am_wtf : [0,1496,system_server,-1,DisplayDeviceConfig,requesting nits when no mapping exists.]
11-11 00:03:46.894 1496 1981 E DisplayDeviceConfig: requesting nits when no mapping exists.
11-11 00:03:46.895 1496 1981 E DisplayDeviceConfig: requesting nits when no mapping exists.
11-11 00:03:46.895 1496 1621 I am_wtf : [0,1496,system_server,-1,DisplayDeviceConfig,requesting nits when no mapping exists.]
11-11 00:03:46.895 1496 1621 I am_wtf : [0,1496,system_server,-1,DisplayDeviceConfig,requesting nits when no mapping exists.]
11-11 00:03:46.911 1496 1981 E DisplayDeviceConfig: requesting nits when no mapping exists.
11-11 00:03:46.911 1496 1981 E DisplayDeviceConfig: requesting nits when no mapping exists.
11-11 00:03:46.911 1496 1621 I am_wtf : [0,1496,system_server,-1,DisplayDeviceConfig,requesting nits when no mapping exists.]
11-11 00:03:46.912 1496 1621 I am_wtf : [0,1496,system_server,-1,DisplayDeviceConfig,requesting nits when no mapping exists.]
11-11 00:03:46.928 1496 1981 E DisplayDeviceConfig: requesting nits when no mapping exists.
11-11 00:03:46.928 1496 1981 E DisplayDeviceConfig: requesting nits when no mapping exists.
11-11 00:03:46.928 1496 1621 I am_wtf : [0,1496,system_server,-1,DisplayDeviceConfig,requesting nits when no mapping exists.]
11-11 00:03:46.928 1496 1621 I am_wtf : [0,1496,system_server,-1,DisplayDeviceConfig,requesting nits when no mapping exists.]
11-11 00:03:46.944 1496 1981 E DisplayDeviceConfig: requesting nits when no mapping exists.
11-11 00:03:46.945 1496 1981 E DisplayDeviceConfig: requesting nits when no mapping exists.
11-11 00:03:46.945 1496 1621 I am_wtf : [0,1496,system_server,-1,DisplayDeviceConfig,requesting nits when no mapping exists.]
11-11 00:03:46.945 1496 1621 I am_wtf : [0,1496,system_server,-1,DisplayDeviceConfig,requesting nits when no mapping exists.]
11-11 00:03:46.961 1496 1981 E DisplayDeviceConfig: requesting nits when no mapping exists.
11-11 00:03:46.961 1496 1981 E DisplayDeviceConfig: requesting nits when no mapping exists.
11-11 00:03:46.961 1496 1621 I am_wtf : [0,1496,system_server,-1,DisplayDeviceConfig,requesting nits when no mapping exists.]
11-11 00:03:46.961 1496 1621 I am_wtf : [0,1496,system_server,-1,DisplayDeviceConfig,requesting nits when no mapping exists.]
11-11 00:03:46.978 1496 1981 E DisplayDeviceConfig: requesting nits when no mapping exists.
11-11 00:03:46.978 1496 1981 E DisplayDeviceConfig: requesting nits when no mapping exists.
11-11 00:03:46.978 1496 1621 I am_wtf : [0,1496,system_server,-1,DisplayDeviceConfig,requesting nits when no mapping exists.]
11-11 00:03:46.978 1496 1621 I am_wtf : [0,1496,system_server,-1,DisplayDeviceConfig,requesting nits when no mapping exists.]
11-11 00:03:46.994 1496 1981 E DisplayDeviceConfig: requesting nits when no mapping exists.
11-11 00:03:46.995 1496 1981 E DisplayDeviceConfig: requesting nits when no mapping exists.
11-11 00:03:46.995 1496 1621 I am_wtf : [0,1496,system_server,-1,DisplayDeviceConfig,requesting nits when no mapping exists.]
11-11 00:03:46.995 1496 1621 I am_wtf : [0,1496,system_server,-1,DisplayDeviceConfig,requesting nits when no mapping exists.]
11-11 00:03:47.011 1496 1981 E DisplayDeviceConfig: requesting nits when no mapping exists.
11-11 00:03:47.011 1496 1981 E DisplayDeviceConfig: requesting nits when no mapping exists.
11-11 00:03:47.011 1496 1621 I am_wtf : [0,1496,system_server,-1,DisplayDeviceConfig,requesting nits when no mapping exists.]
11-11 00:03:47.011 1496 1621 I am_wtf : [0,1496,system_server,-1,DisplayDeviceConfig,requesting nits when no mapping exists.]
11-11 00:03:47.028 1496 1981 E DisplayDeviceConfig: requesting nits when no mapping exists.
11-11 00:03:47.028 1496 1981 E DisplayDeviceConfig: requesting nits when no mapping exists.
11-11 00:03:47.028 1496 1621 I am_wtf : [0,1496,system_server,-1,DisplayDeviceConfig,requesting nits when no mapping exists.]
11-11 00:03:47.028 1496 1621 I am_wtf : [0,1496,system_server,-1,DisplayDeviceConfig,requesting nits when no mapping exists.]
11-11 00:03:47.045 1496 1981 E DisplayDeviceConfig: requesting nits when no mapping exists.
11-11 00:03:47.045 1496 1981 E DisplayDeviceConfig: requesting nits when no mapping exists.
11-11 00:03:47.045 1496 1621 I am_wtf : [0,1496,system_server,-1,DisplayDeviceConfig,requesting nits when no mapping exists.]
11-11 00:03:47.045 1496 1621 I am_wtf : [0,1496,system_server,-1,DisplayDeviceConfig,requesting nits when no mapping exists.]
11-11 00:03:47.061 1496 1981 E DisplayDeviceConfig: requesting nits when no mapping exists.
11-11 00:03:47.061 1496 1621 I am_wtf : [0,1496,system_server,-1,DisplayDeviceConfig,requesting nits when no mapping exists.]
11-11 00:03:47.061 1496 1981 E DisplayDeviceConfig: requesting nits when no mapping exists.
11-11 00:03:47.062 1496 1621 I am_wtf : [0,1496,system_server,-1,DisplayDeviceConfig,requesting nits when no mapping exists.]
11-11 00:03:47.078 1496 1981 E DisplayDeviceConfig: requesting nits when no mapping exists.
11-11 00:03:47.078 1496 1981 E DisplayDeviceConfig: requesting nits when no mapping exists.
11-11 00:03:47.078 1496 1621 I am_wtf : [0,1496,system_server,-1,DisplayDeviceConfig,requesting nits when no mapping exists.]
11-11 00:03:47.078 1496 1621 I am_wtf : [0,1496,system_server,-1,DisplayDeviceConfig,requesting nits when no mapping exists.]
11-11 00:03:47.095 1496 1981 E DisplayDeviceConfig: requesting nits when no mapping exists.
11-11 00:03:47.095 1496 1981 E DisplayDeviceConfig: requesting nits when no mapping exists.
11-11 00:03:47.095 1496 1621 I am_wtf : [0,1496,system_server,-1,DisplayDeviceConfig,requesting nits when no mapping exists.]
11-11 00:03:47.095 1496 1621 I am_wtf : [0,1496,system_server,-1,DisplayDeviceConfig,requesting nits when no mapping exists.]
11-11 00:03:47.111 1496 1981 E DisplayDeviceConfig: requesting nits when no mapping exists.
11-11 00:03:47.111 1496 1981 E DisplayDeviceConfig: requesting nits when no mapping exists.
11-11 00:03:47.111 1496 1621 I am_wtf : [0,1496,system_server,-1,DisplayDeviceConfig,requesting nits when no mapping exists.]
11-11 00:03:47.112 1496 1621 I am_wtf : [0,1496,system_server,-1,DisplayDeviceConfig,requesting nits when no mapping exists.]
11-11 00:03:47.128 1496 1981 E DisplayDeviceConfig: requesting nits when no mapping exists.
11-11 00:03:47.128 1496 1981 E DisplayDeviceConfig: requesting nits when no mapping exists.
11-11 00:03:47.128 1496 1621 I am_wtf : [0,1496,system_server,-1,DisplayDeviceConfig,requesting nits when no mapping exists.]
11-11 00:03:47.128 1496 1621 I am_wtf : [0,1496,system_server,-1,DisplayDeviceConfig,requesting nits when no mapping exists.]
11-11 00:03:47.145 1496 1981 E DisplayDeviceConfig: requesting nits when no mapping exists.
11-11 00:03:47.145 1496 1981 E DisplayDeviceConfig: requesting nits when no mapping exists.
11-11 00:03:47.145 1496 1621 I am_wtf : [0,1496,system_server,-1,DisplayDeviceConfig,requesting nits when no mapping exists.]
11-11 00:03:47.145 1496 1621 I am_wtf : [0,1496,system_server,-1,DisplayDeviceConfig,requesting nits when no mapping exists.]
11-11 00:03:47.161 1496 1981 E DisplayDeviceConfig: requesting nits when no mapping exists.
11-11 00:03:47.162 1496 1621 I am_wtf : [0,1496,system_server,-1,DisplayDeviceConfig,requesting nits when no mapping exists.]
11-11 00:03:47.162 1496 1981 E DisplayDeviceConfig: requesting nits when no mapping exists.
11-11 00:03:47.162 1496 1621 I am_wtf : [0,1496,system_server,-1,DisplayDeviceConfig,requesting nits when no mapping exists.]
11-11 00:03:47.178 1496 1981 E DisplayDeviceConfig: requesting nits when no mapping exists.
11-11 00:03:47.178 1496 1981 E DisplayDeviceConfig: requesting nits when no mapping exists.
11-11 00:03:47.178 1496 1621 I am_wtf : [0,1496,system_server,-1,DisplayDeviceConfig,requesting nits when no mapping exists.]
11-11 00:03:47.178 1496 1621 I am_wtf : [0,1496,system_server,-1,DisplayDeviceConfig,requesting nits when no mapping exists.]
11-11 00:03:47.195 1496 1981 E DisplayDeviceConfig: requesting nits when no mapping exists.
11-11 00:03:47.195 1496 1981 E DisplayDeviceConfig: requesting nits when no mapping exists.
11-11 00:03:47.195 1496 1621 I am_wtf : [0,1496,system_server,-1,DisplayDeviceConfig,requesting nits when no mapping exists.]
11-11 00:03:47.195 1496 1621 I am_wtf : [0,1496,system_server,-1,DisplayDeviceConfig,requesting nits when no mapping exists.]
11-11 00:03:47.212 1496 1981 E DisplayDeviceConfig: requesting nits when no mapping exists.
11-11 00:03:47.212 1496 1981 E DisplayDeviceConfig: requesting nits when no mapping exists.
11-11 00:03:47.212 1496 1621 I am_wtf : [0,1496,system_server,-1,DisplayDeviceConfig,requesting nits when no mapping exists.]
11-11 00:03:47.212 1496 1621 I am_wtf : [0,1496,system_server,-1,DisplayDeviceConfig,requesting nits when no mapping exists.]
11-11 00:03:47.228 1496 1981 E DisplayDeviceConfig: requesting nits when no mapping exists.
11-11 00:03:47.228 1496 1981 E DisplayDeviceConfig: requesting nits when no mapping exists.
11-11 00:03:47.228 1496 1621 I am_wtf : [0,1496,system_server,-1,DisplayDeviceConfig,requesting nits when no mapping exists.]
11-11 00:03:47.229 1496 1621 I am_wtf : [0,1496,system_server,-1,DisplayDeviceConfig,requesting nits when no mapping exists.]
11-11 00:03:47.245 1496 1981 E DisplayDeviceConfig: requesting nits when no mapping exists.
11-11 00:03:47.245 1496 1621 I am_wtf : [0,1496,system_server,-1,DisplayDeviceConfig,requesting nits when no mapping exists.]
11-11 00:03:47.245 1496 1981 E DisplayDeviceConfig: requesting nits when no mapping exists.
11-11 00:03:47.245 1496 1621 I am_wtf : [0,1496,system_server,-1,DisplayDeviceConfig,requesting nits when no mapping exists.]
11-11 00:03:47.262 1496 1981 E DisplayDeviceConfig: requesting nits when no mapping exists.
11-11 00:03:47.262 1496 1981 E DisplayDeviceConfig: requesting nits when no mapping exists.
11-11 00:03:47.262 1496 1621 I am_wtf : [0,1496,system_server,-1,DisplayDeviceConfig,requesting nits when no mapping exists.]
11-11 00:03:47.262 1496 1621 I am_wtf : [0,1496,system_server,-1,DisplayDeviceConfig,requesting nits when no mapping exists.]
11-11 00:03:47.263 2717 2717 I auditd : type=1400 audit(0.0:58504085): avc: denied { read } for comm="event_loop" lport=13400 scontext=u:r:hht_ota_mgr:s0 tcontext=u:r:hht_ota_mgr:s0 tclass=udp_socket permissive=0
11-11 00:03:47.267 2717 2717 I auditd : type=1400 audit(0.0:58504086): avc: denied { read } for comm="event_loop" lport=13400 scontext=u:r:hht_ota_mgr:s0 tcontext=u:r:hht_ota_mgr:s0 tclass=udp_socket permissive=0
11-11 00:03:47.267 2717 2717 I auditd : type=1400 audit(0.0:58504087): avc: denied { read } for comm="event_loop" lport=13400 scontext=u:r:hht_ota_mgr:s0 tcontext=u:r:hht_ota_mgr:s0 tclass=udp_socket permissive=0
