01-01 08:00:07.070 518 564 D SPL : ==== Wait For Request ======
01-01 08:00:07.077 0 0 D vdc : Waited 10ms for vold
01-01 08:00:07.085 0 0 W subsys-pil-tz soc: qcom,ipa_fws: Falling back to syfs fallback for: ipa_fws.mdt
01-01 08:00:07.086 0 0 I init : wait for '/mnt/vendor/spunvm' took 0ms
01-01 08:00:07.102 568 568 D spdaemon: Firmware Name [spss2p].
01-01 08:00:07.102 568 568 D spdaemon: Prod FW.
01-01 08:00:07.102 568 568 D spdaemon: firmware_type [p].
01-01 08:00:07.102 568 568 D spdaemon: machine_name [SXR2130]
01-01 08:00:07.102 568 568 E iardb : [iar_db_get_iar_state] failed to open file /mnt/vendor/spunvm/iar_db/iar_state.bin [13] [Permission denied]
01-01 08:00:07.102 568 568 D iarlib : [iar_get_state] Can't get iar_state, return DISABLED
01-01 08:00:07.102 568 568 I spdaemon: IAR is not activated
01-01 08:00:07.102 568 568 D spdaemon: ------ going to start SP From kernel ------
01-01 08:00:07.102 568 568 I spcomlib: [spcom_restart_sp_subsystem] restart_sp starts
01-01 08:00:07.102 568 568 D spcomlib: [spcom_restart_sp_subsystem] restart_sp - Send PIL request [1]
01-01 08:00:07.102 0 0 I : SW_INIT_DONE - 2nd phase loading [spss] completed ok
01-01 08:00:07.102 0 0 I : PBL_DONE - 1st phase loading [spss] completed ok
01-01 08:00:07.104 0 0 E : [drm:dp_display_init_aux_switch][msm-dp-err][86 ]failed to register notifier (-22)
01-01 08:00:07.104 568 568 D spcomlib: [spcom_restart_sp_subsystem] restart_sp - Restart SP command ok.
01-01 08:00:07.104 568 568 D spcomlib: [spcom_signal_event] event [0] [pil_called] EVENT_STATUS_SIGNALED
01-01 08:00:07.104 568 568 I spcomlib: [spcom_reset_all_app_loaded_prop] start reset all spcomlib apploaded props.
01-01 08:00:07.104 0 0 E register_client_adhoc: find path.src 1 dest 589
01-01 08:00:07.104 0 0 E register_client_adhoc: Failed to find path.src 1 dest 589
01-01 08:00:07.107 0 0 I binder : 569:569 ioctl 40046210 7ff51436b4 returned -22
01-01 08:00:07.107 0 0 I binder : 569:569 ioctl 40046210 7ff51435f4 returned -22
01-01 08:00:07.126 0 0 I wait_for_keymaster: Waiting for Keymaster device
01-01 08:00:07.126 0 0 I binder : 579:579 ioctl 40046210 7fc98dac44 returned -22
01-01 08:00:07.126 0 0 D ProcessState: Binder ioctl to enable oneway spam detection failed: Invalid argument
01-01 08:00:07.142 0 0 I binder : 570:570 ioctl 40046210 7fc6797484 returned -22
01-01 08:00:07.147 0 0 I binder : 570:582 ioctl 40046210 76511a4154 returned -22
01-01 08:00:07.167 477 477 I auditd : type=1400 audit(0.0:20): avc: denied { read } for comm="ueventd" name="persist" dev="tmpfs" ino=11449 scontext=u:r:ueventd:s0 tcontext=u:object_r:tmpfs:s0 tclass=lnk_file permissive=0
01-01 08:00:07.189 0 0 I subsys-pil-tz soc: qcom,ipa_fws: ipa_fws: loading from 0x0000000086810000 to 0x0000000086819000
01-01 08:00:07.191 0 0 W subsys-pil-tz soc: qcom,ipa_fws: Falling back to syfs fallback for: ipa_fws.b02
01-01 08:00:07.191 0 0 W subsys-pil-tz soc: qcom,ipa_fws: Falling back to syfs fallback for: ipa_fws.b03
01-01 08:00:07.191 0 0 W subsys-pil-tz soc: qcom,ipa_fws: Falling back to syfs fallback for: ipa_fws.b04
01-01 08:00:07.196 0 0 I subsys-pil-tz soc: qcom,ipa_fws: ipa_fws: Brought out of reset
01-01 08:00:07.196 0 0 I : IPA FW loaded successfully
01-01 08:00:07.196 0 0 E gsi soc : qcom,msm_gsi: gsi_register_device:1203 GSI irq is wake enabled 34
01-01 08:00:07.198 0 0 I : rmnet_ipa3 started initialization
01-01 08:00:07.198 0 0 I : IPA SSR support = True
01-01 08:00:07.198 0 0 I : IPA SG support = True
01-01 08:00:07.198 0 0 I : IPA Napi Enable = True
01-01 08:00:07.198 0 0 I : using default for wan-rx-desc-size = 256
01-01 08:00:07.198 0 0 I : IPA driver initialization was successful.
01-01 08:00:07.198 0 0 W subsys-pil-tz soc: qcom,ipa_uc: Falling back to syfs fallback for: ipa_uc.mdt
01-01 08:00:07.198 0 0 E ipa-wan ipa3_wwan_probe: 2530 rmnet_ipa completed initialization
01-01 08:00:07.203 0 0 I subsys-pil-tz soc: qcom,ipa_uc: ipa_uc: loading from 0x0000000086800000 to 0x0000000086810000
01-01 08:00:07.205 0 0 W subsys-pil-tz soc: qcom,ipa_uc: Falling back to syfs fallback for: ipa_uc.b02
01-01 08:00:07.208 0 0 I subsys-pil-tz soc: qcom,ipa_uc: ipa_uc: Brought out of reset
01-01 08:00:07.208 0 0 E ipa3_uc_wdi_event_log_info_handler: 351 WDI protocol missing 0x21
01-01 08:00:07.208 0 0 E ipa3_uc_ntn_event_log_info_handler: 34 NTN stats ofst=0x500e0
01-01 08:00:08.127 0 0 W ServiceManager: Waited one second for android.system.keystore2.IKeystoreService/default (is service started? are binder threads started and available?)
01-01 08:00:08.127 0 0 I wait_for_keymaster: Keymaster device ready
01-01 08:00:08.128 0 0 I binder : undelivered transaction 237, process died.
01-01 08:00:08.132 0 0 I binder : 610:610 ioctl 40046210 7ff8299f74 returned -22
01-01 08:00:08.132 0 0 D ProcessState: Binder ioctl to enable oneway spam detection failed: Invalid argument
01-01 08:00:08.133 0 0 D vdc : Waited 0ms for vold
01-01 08:00:08.131 610 610 I auditd : type=1400 audit(0.0:21): avc: denied { kill } for comm="vdc" capability=5 scontext=u:r:vdc:s0 tcontext=u:r:vdc:s0 tclass=capability permissive=0
01-01 08:00:08.145 0 0 I binder : 612:612 ioctl 40046210 7fe0ec3b44 returned -22
01-01 08:00:08.145 0 0 D ProcessState: Binder ioctl to enable oneway spam detection failed: Invalid argument
01-01 08:00:08.145 0 0 D vdc : Waited 0ms for vold
01-01 08:00:08.145 522 522 D vold : fscrypt_mount_metadata_encrypted: /data encrypt: 0 format: 0 with null
01-01 08:00:08.145 522 522 D vold : metadata_key_dir/key: /metadata/vold/metadata_encryption/key
01-01 08:00:08.146 522 522 D vold : Key exists, using: /metadata/vold/metadata_encryption/key
01-01 08:00:08.148 570 570 I auditd : SELinux: Loaded keystore2_key_contexts from:
01-01 08:00:08.148 570 570 I auditd : /system/etc/selinux/plat_keystore2_key_contexts
01-01 08:00:08.155 522 522 D vold : Mounting metadata-encrypted filesystem:/data
01-01 08:00:08.158 522 522 I vold : [libfs_mgr]Running /system/bin/fsck.f2fs -a -c 10000 --debug-cache /dev/block/dm-10
01-01 08:00:08.161 0 0 I fsck.f2fs: Info: Fix the reported corruption.
01-01 08:00:08.162 0 0 I fsck.f2fs: Info: No support kernel version!
01-01 08:00:08.162 0 0 I fsck.f2fs: Info: Segments per section = 1
01-01 08:00:08.162 0 0 I fsck.f2fs: Info: Sections per zone = 1
01-01 08:00:08.162 0 0 I fsck.f2fs: Info: sector size = 4096
01-01 08:00:08.162 0 0 I fsck.f2fs: Info: total sectors = 28958163 (113117 MB)
01-01 08:00:08.162 0 0 I fsck.f2fs: Info: MKFS version
01-01 08:00:08.162 0 0 I fsck.f2fs: "4.15.0-197-generic #208-Ubuntu SMP Tue Nov 1 17:23:37 UTC 2022"
01-01 08:00:08.162 0 0 I fsck.f2fs: Info: FSCK version
01-01 08:00:08.162 0 0 I fsck.f2fs: from "4.19.157-perf+"
01-01 08:00:09.003 613 613 I auditd : type=1400 audit(0.0:22): avc: denied { kill } for comm="fsck.f2fs" capability=5 scontext=u:r:fsck:s0 tcontext=u:r:fsck:s0 tclass=capability permissive=0
01-01 08:00:09.026 0 0 I F2FS-fs (dm-10): Found nat_bits in checkpoint
01-01 08:00:09.087 0 0 I F2FS-fs (dm-10): recover_inode: ino = 2745, name = , inline = 1
01-01 08:00:09.088 0 0 I F2FS-fs (dm-10): recover_dentry: ino = 2745, name = , dir = cbd, err = 0
01-01 08:00:09.088 0 0 I F2FS-fs (dm-10): recover_data: ino = 2745 (i_size: recover) recovered = 1, err = 0
01-01 08:00:09.088 0 0 I F2FS-fs (dm-10): recover_inode: ino = 2747, name = , inline = 1
01-01 08:00:09.088 0 0 I F2FS-fs (dm-10): recover_dentry: ino = 2747, name = , dir = c3d, err = 0
01-01 08:00:09.088 0 0 I F2FS-fs (dm-10): recover_data: ino = 2747 (i_size: recover) recovered = 1, err = 0
01-01 08:00:09.088 0 0 I F2FS-fs (dm-10): recover_inode: ino = 274b, name = , inline = 1
01-01 08:00:09.088 0 0 I F2FS-fs (dm-10): recover_dentry: ino = 274b, name = , dir = 975, err = 0
01-01 08:00:09.088 0 0 I F2FS-fs (dm-10): recover_data: ino = 274b (i_size: recover) recovered = 1, err = 0
01-01 08:00:09.088 0 0 I F2FS-fs (dm-10): recover_inode: ino = 274c, name = , inline = 1
01-01 08:00:09.088 0 0 I F2FS-fs (dm-10): recover_dentry: ino = 274c, name = , dir = cbd, err = 0
01-01 08:00:09.088 0 0 I F2FS-fs (dm-10): recover_data: ino = 274c (i_size: recover) recovered = 1, err = 0
01-01 08:00:09.088 0 0 I F2FS-fs (dm-10): recover_inode: ino = 16b, name = , inline = 1
01-01 08:00:09.088 0 0 I F2FS-fs (dm-10): recover_data: ino = 16b (i_size: recover) recovered = 2, err = 0
01-01 08:00:09.088 0 0 I F2FS-fs (dm-10): recover_inode: ino = 274d, name = , inline = 1
01-01 08:00:09.088 0 0 I F2FS-fs (dm-10): recover_dentry: ino = 274d, name = , dir = c6, err = 0
01-01 08:00:09.088 0 0 I F2FS-fs (dm-10): recover_data: ino = 274d (i_size: recover) recovered = 1, err = 0
01-01 08:00:09.088 0 0 I F2FS-fs (dm-10): recover_inode: ino = 274e, name = , inline = 1
01-01 08:00:09.089 0 0 I F2FS-fs (dm-10): recover_dentry: ino = 274e, name = , dir = c35, err = 0
01-01 08:00:09.089 0 0 I F2FS-fs (dm-10): recover_data: ino = 274e (i_size: recover) recovered = 1, err = 0
01-01 08:00:09.089 0 0 I F2FS-fs (dm-10): recover_inode: ino = 274f, name = , inline = 1
01-01 08:00:09.089 0 0 I F2FS-fs (dm-10): recover_dentry: ino = 274f, name = , dir = 975, err = 0
01-01 08:00:09.089 0 0 I F2FS-fs (dm-10): recover_data: ino = 274f (i_size: recover) recovered = 1, err = 0
01-01 08:00:09.089 0 0 I F2FS-fs (dm-10): recover_inode: ino = 2791, name = , inline = 1
01-01 08:00:09.089 0 0 I F2FS-fs (dm-10): recover_dentry: ino = 2791, name = , dir = cbd, err = 0
01-01 08:00:09.089 0 0 I F2FS-fs (dm-10): recover_data: ino = 2791 (i_size: recover) recovered = 1, err = 0
01-01 08:00:09.089 0 0 I F2FS-fs (dm-10): recover_inode: ino = d9c, name = , inline = 1
01-01 08:00:09.089 0 0 I F2FS-fs (dm-10): recover_data: ino = d9c (i_size: keep) recovered = 9, err = 0
01-01 08:00:09.089 0 0 I F2FS-fs (dm-10): recover_inode: ino = d99, name = , inline = 1
01-01 08:00:09.089 0 0 I F2FS-fs (dm-10): recover_data: ino = d99 (i_size: recover) recovered = 0, err = 0
01-01 08:00:09.089 0 0 I F2FS-fs (dm-10): recover_inode: ino = 27cb, name = , inline = 1
01-01 08:00:09.089 0 0 I F2FS-fs (dm-10): recover_dentry: ino = 27cb, name = , dir = cbd, err = 0
01-01 08:00:09.089 0 0 I F2FS-fs (dm-10): recover_data: ino = 27cb (i_size: recover) recovered = 1, err = 0
01-01 08:00:09.089 0 0 I F2FS-fs (dm-10): recover_inode: ino = 27e9, name = , inline = 1
01-01 08:00:09.089 0 0 I F2FS-fs (dm-10): recover_dentry: ino = 27e9, name = , dir = cbd, err = 0
01-01 08:00:09.089 0 0 I F2FS-fs (dm-10): recover_data: ino = 27e9 (i_size: recover) recovered = 1, err = 0
01-01 08:00:09.089 0 0 I F2FS-fs (dm-10): recover_inode: ino = 2807, name = , inline = 1
01-01 08:00:09.089 0 0 I F2FS-fs (dm-10): recover_dentry: ino = 2807, name = , dir = cbd, err = 0
01-01 08:00:09.089 0 0 I F2FS-fs (dm-10): recover_data: ino = 2807 (i_size: recover) recovered = 1, err = 0
01-01 08:00:09.089 0 0 I F2FS-fs (dm-10): recover_inode: ino = 2840, name = , inline = 1
01-01 08:00:09.089 0 0 I F2FS-fs (dm-10): recover_dentry: ino = 2840, name = , dir = cbd, err = 0
01-01 08:00:09.089 0 0 I F2FS-fs (dm-10): recover_data: ino = 2840 (i_size: recover) recovered = 1, err = 0
01-01 08:00:09.089 0 0 I F2FS-fs (dm-10): recover_inode: ino = 2874, name = , inline = 1
01-01 08:00:09.089 0 0 I F2FS-fs (dm-10): recover_dentry: ino = 2874, name = , dir = cbd, err = 0
01-01 08:00:09.089 0 0 I F2FS-fs (dm-10): recover_data: ino = 2874 (i_size: recover) recovered = 1, err = 0
01-01 08:00:09.089 0 0 I F2FS-fs (dm-10): recover_inode: ino = 2875, name = , inline = 1
01-01 08:00:09.089 0 0 I F2FS-fs (dm-10): recover_dentry: ino = 2875, name = , dir = cbd, err = 0
01-01 08:00:09.089 0 0 I F2FS-fs (dm-10): recover_data: ino = 2875 (i_size: recover) recovered = 1, err = 0
01-01 08:00:09.089 0 0 I F2FS-fs (dm-10): recover_inode: ino = 2877, name = , inline = 1
01-01 08:00:09.089 0 0 I F2FS-fs (dm-10): recover_dentry: ino = 2877, name = , dir = cbd, err = 0
01-01 08:00:09.089 0 0 I F2FS-fs (dm-10): recover_data: ino = 2877 (i_size: recover) recovered = 1, err = 0
01-01 08:00:09.089 0 0 I F2FS-fs (dm-10): recover_inode: ino = 2878, name = , inline = 1
01-01 08:00:09.089 0 0 I F2FS-fs (dm-10): recover_dentry: ino = 2878, name = , dir = cbd, err = 0
01-01 08:00:09.089 0 0 I F2FS-fs (dm-10): recover_data: ino = 2878 (i_size: recover) recovered = 1, err = 0
01-01 08:00:09.089 0 0 I F2FS-fs (dm-10): recover_inode: ino = 2879, name = , inline = 1
01-01 08:00:09.089 0 0 I F2FS-fs (dm-10): recover_dentry: ino = 2879, name = , dir = cbd, err = 0
01-01 08:00:09.089 0 0 I F2FS-fs (dm-10): recover_data: ino = 2879 (i_size: recover) recovered = 1, err = 0
01-01 08:00:09.090 0 0 I F2FS-fs (dm-10): checkpoint: version = 1fde8967
01-01 08:00:09.090 0 0 I F2FS-fs (dm-10): Mounted with checkpoint version = 1fde8967
01-01 08:00:09.090 522 522 I vold : [libfs_mgr]__mount(source=/dev/block/dm-10,target=/data,type=f2fs)=0: Success
01-01 08:00:09.090 522 522 D vold : Mounted /data
01-01 08:00:09.090 522 561 D vold : Disk at 252:10 changed
01-01 08:00:09.087 612 612 I auditd : type=1400 audit(0.0:23): avc: denied { kill } for comm="vdc" capability=5 scontext=u:r:vdc:s0 tcontext=u:r:vdc:s0 tclass=capability permissive=0
01-01 08:00:09.098 0 0 I binder : 619:619 ioctl 40046210 7fedc4cea4 returned -22
01-01 08:00:09.098 0 0 D ProcessState: Binder ioctl to enable oneway spam detection failed: Invalid argument
01-01 08:00:09.098 0 0 D vdc : Waited 0ms for vold
01-01 08:00:09.099 522 522 I Checkpoint: cp_prepareCheckpoint called
01-01 08:00:09.104 0 0 I binder : 621:621 ioctl 40046210 7ffbfa6844 returned -22
01-01 08:00:09.104 0 0 D ProcessState: Binder ioctl to enable oneway spam detection failed: Invalid argument
01-01 08:00:09.105 0 0 D vdc : Waited 0ms for vold
01-01 08:00:09.105 522 522 I vold : fscrypt_initialize_systemwide_keys
01-01 08:00:09.105 522 522 D vold : Key exists, using: /data/unencrypted/key
01-01 08:00:09.115 522 522 D vold : Installed fscrypt key with ref 83d26065101ce4020a3e95600dd5e65d to /data
01-01 08:00:09.115 522 522 D vold : Added fscrypt-provisioning key for 83d26065101ce4020a3e95600dd5e65d to session keyring
01-01 08:00:09.116 522 522 I vold : Wrote system DE key reference to:/data/unencrypted/ref
01-01 08:00:09.116 522 522 D vold : Generating wrapped storage key
01-01 08:00:09.117 522 522 E vold : keystore2 Keystore generateKey returned service specific error: -67
01-01 08:00:09.117 522 522 W vold : Failed to generate rollback-resistant key. This is expected if keymaster doesn't support rollback resistance. Falling back to non-rollback-resistant key.
01-01 08:00:09.123 522 522 D vold : Installed fscrypt key with ref 25d1b5468da1727ebeb66f33cdef3f4c to /data
01-01 08:00:09.123 522 522 D vold : Added fscrypt-provisioning key for 25d1b5468da1727ebeb66f33cdef3f4c to session keyring
01-01 08:00:09.123 618 620 D spcomlib: [spcom_register_service] spcom_register_service() name [sp_keymaster_ssr] pid [511740722352]
01-01 08:00:09.123 618 620 D spcomlib: [spcom_open] ch [sp_keymaster_ssr] doesn't exist, create it.
01-01 08:00:09.123 618 620 D spcomlib: [spcom_create_channel] Create Channel [sp_keymaster_ssr].
01-01 08:00:09.124 522 522 I vold : Wrote per boot key reference to:/data/unencrypted/per_boot_ref
01-01 08:00:09.125 0 0 I fscrypt : AES-256-CTS-CBC using implementation "cts(cbc-aes-ce)"
01-01 08:00:09.135 618 620 D spcomlib: [add_ssr_cb] ssr cb added!
01-01 08:00:09.135 618 620 D spcomlib: [start_ssr_thread] ch [spcom] ready!
01-01 08:00:09.135 618 620 D spcomlib: [start_ssr_thread] main pthread self_id [0x261fbcb0].
01-01 08:00:09.135 618 620 D spcomlib: [start_ssr_thread] pthread_create() ret [0] thread-id [0x14ebbcb0].
01-01 08:00:09.135 618 620 D spcomlib: [start_ssr_thread] Wait for SSR thread to run.
01-01 08:00:09.135 618 630 D spcomlib: [notify_ssr_thread] SSR pthread self_id [0x14ebbcb0].
01-01 08:00:09.135 618 620 D spcomlib: [start_ssr_thread] pthread_cond_wait() ret [0].
01-01 08:00:09.135 618 620 D spcomlib: [start_ssr_thread] done.
01-01 08:00:09.135 618 620 D spcomlib: [add_ch] add ch [sp_keymaster_ssr].
01-01 08:00:09.135 618 620 D spcomlib: [spcom_register_service] spcom_register_service() name [sp_keymaster_ssr] pid [511740722352] done
01-01 08:00:09.135 0 0 I binder : 629:629 ioctl 40046210 7ff4338ee4 returned -22
01-01 08:00:09.135 0 0 D ProcessState: Binder ioctl to enable oneway spam detection failed: Invalid argument
01-01 08:00:09.136 0 0 D vdc : Waited 0ms for vold
01-01 08:00:09.136 522 522 I incfs : Initial API level of the device: 30
01-01 08:00:09.136 522 522 I incfs : ro.incremental.enable: 1
01-01 08:00:09.136 522 522 I incfs : isFsAvailable: true
01-01 08:00:09.136 522 522 I incfs : isFsAvailable: true
01-01 08:00:09.136 522 522 I incfs : IncFs_Features: v1
01-01 08:00:09.145 522 522 E vold : keystore2 Keystore earlyBootEnded returned service specific error: -68
01-01 08:00:09.154 0 0 I apexd : This device does not support updatable APEX. Exiting
01-01 08:00:09.154 0 0 I apexd : Marking APEXd as activated
01-01 08:00:09.191 0 0 I binder : 636:636 ioctl 40046210 7fd6591c44 returned -22
01-01 08:00:09.191 0 0 D ProcessState: Binder ioctl to enable oneway spam detection failed: Invalid argument
01-01 08:00:09.192 0 0 D vdc : Waited 0ms for vold
01-01 08:00:09.192 522 522 D vold : fscrypt_init_user0
01-01 08:00:09.192 522 522 D vold : Preparing: /data/misc/vold/user_keys
01-01 08:00:09.192 522 522 D vold : Preparing: /data/misc/vold/user_keys/ce
01-01 08:00:09.193 522 522 D vold : Preparing: /data/misc/vold/user_keys/de
01-01 08:00:09.202 522 522 D vold : Installed fscrypt key with ref 8a965704cacac9a75bcf38412bea6232 to /data
01-01 08:00:09.202 522 522 D vold : Added fscrypt-provisioning key for 8a965704cacac9a75bcf38412bea6232 to session keyring
01-01 08:00:09.202 522 522 D vold : Installed de key for user 0
01-01 08:00:09.202 522 522 D vold : fscrypt_prepare_user_storage for volume null, user 0, serial 0, flags 1
01-01 08:00:09.202 522 522 D vold : Preparing: /data/system/users/0
01-01 08:00:09.202 522 522 D vold : Preparing: /data/misc/profiles/cur/0
01-01 08:00:09.203 522 522 D vold : Preparing: /data/system_de/0
01-01 08:00:09.203 522 522 D vold : Preparing: /data/misc_de/0
01-01 08:00:09.203 522 522 D vold : Preparing: /data/vendor_de/0
01-01 08:00:09.204 522 522 D vold : Preparing: /data/user_de/0
01-01 08:00:09.204 522 522 I vold : Verified that /data/system_de/0 has the encryption policy 8a965704cacac9a75bcf38412bea6232 v2 modes 1/4 flags 0xa
01-01 08:00:09.204 522 522 I vold : Verified that /data/misc_de/0 has the encryption policy 8a965704cacac9a75bcf38412bea6232 v2 modes 1/4 flags 0xa
01-01 08:00:09.204 522 522 I vold : Verified that /data/vendor_de/0 has the encryption policy 8a965704cacac9a75bcf38412bea6232 v2 modes 1/4 flags 0xa
01-01 08:00:09.204 522 522 I vold : Verified that /data/user_de/0 has the encryption policy 8a965704cacac9a75bcf38412bea6232 v2 modes 1/4 flags 0xa
01-01 08:00:09.204 522 522 D vold : /system/bin/vold_prepare_subdirs
01-01 08:00:09.204 522 522 D vold : prepare
01-01 08:00:09.204 522 522 D vold :
01-01 08:00:09.204 522 522 D vold : 0
01-01 08:00:09.204 522 522 D vold : 1
01-01 08:00:09.219 522 522 D vold : Detected support for FS_IOC_ADD_ENCRYPTION_KEY
01-01 08:00:09.255 0 0 I apexd : This device does not support updatable APEX. Exiting
01-01 08:00:09.255 0 0 I apexd : Marking APEXd as ready
01-01 08:00:09.274 0 0 D cnss : File system is ready, fs_ready is 1, count is 1
01-01 08:00:09.274 0 0 D cnss : Posting event: COLD_BOOT_CAL_START(5), state: 0x0 flags: 0x0
01-01 08:00:09.274 0 0 D cnss : PM stay awake, state: 0x0, count: 1
01-01 08:00:09.274 0 0 D cnss : PM relax, state: 0x0, count: 0
01-01 08:00:09.274 0 0 D cnss : PM stay awake, state: 0x0, count: 1
01-01 08:00:09.274 0 0 D cnss : Processing driver event: COLD_BOOT_CAL_START(5), state: 0x0
01-01 08:00:09.274 0 0 D cnss : Regulator vdd-wlan-io is being enabled
01-01 08:00:09.274 0 0 D cnss : Regulator wlan-ant-switch is being enabled
01-01 08:00:09.274 0 0 D cnss : Regulator vdd-wlan-aon is being enabled
01-01 08:00:09.274 0 0 D cnss : Regulator vdd-wlan-dig is being enabled
01-01 08:00:09.275 0 0 D cnss : Regulator vdd-wlan-rfa1 is being enabled
01-01 08:00:09.275 0 0 D cnss : Regulator vdd-wlan-rfa2 is being enabled
01-01 08:00:09.275 0 0 D cnss : BT_EN_GPIO State: Off. Delay WLAN_GPIO enable
01-01 08:00:09.000 1 1 I auditd : type=1400 audit(0.0:24): avc: denied { getattr } for comm="init" path="/product/bin/init.qti.display.sh" dev="dm-7" ino=56 scontext=u:r:init:s0 tcontext=u:object_r:vendor_sys_qti_display_exec:s0 tclass=file permissive=0
01-01 08:00:09.042 659 659 I liblog : 55
01-01 08:00:09.045 659 659 I liblog : 281
01-01 08:00:09.045 659 659 I liblog : 1
01-01 08:00:09.362 0 0 I update_verifier: Started with arg 1: nonencrypted
01-01 08:00:09.362 0 0 I binder : 665:665 ioctl 40046210 7fdfffc3c4 returned -22
01-01 08:00:09.362 0 0 D hw-ProcessState: Binder ioctl to enable oneway spam detection failed: Invalid argument
01-01 08:00:09.363 0 0 I update_verifier: Booting slot 0: isSlotMarkedSuccessful=1
01-01 08:00:09.363 0 0 I update_verifier: Leaving update_verifier.
01-01 08:00:09.370 0 0 W subsys-pil-tz 17300000.qcom,lpass: Falling back to syfs fallback for: adsp.mdt
01-01 08:00:09.370 0 0 W subsys-pil-tz 8300000.qcom,turing: Falling back to syfs fallback for: cdsp.mdt
01-01 08:00:09.372 0 0 I subsys-pil-tz 17300000.qcom,lpass: adsp: loading from 0x000000008a100000 to 0x000000008be00000
01-01 08:00:09.375 0 0 W subsys-pil-tz 17300000.qcom,lpass: Falling back to syfs fallback for: adsp.b02
01-01 08:00:09.375 0 0 W subsys-pil-tz 17300000.qcom,lpass: Falling back to syfs fallback for: adsp.b03
01-01 08:00:09.375 0 0 W subsys-pil-tz 17300000.qcom,lpass: Falling back to syfs fallback for: adsp.b04
01-01 08:00:09.375 0 0 W subsys-pil-tz 17300000.qcom,lpass: Falling back to syfs fallback for: adsp.b05
01-01 08:00:09.375 0 0 W subsys-pil-tz 17300000.qcom,lpass: Falling back to syfs fallback for: adsp.b06
01-01 08:00:09.375 0 0 W subsys-pil-tz 17300000.qcom,lpass: Falling back to syfs fallback for: adsp.b07
01-01 08:00:09.375 0 0 W subsys-pil-tz 17300000.qcom,lpass: Falling back to syfs fallback for: adsp.b08
01-01 08:00:09.375 0 0 I subsys-pil-tz 8300000.qcom,turing: cdsp: loading from 0x0000000087800000 to 0x0000000088c00000
01-01 08:00:09.377 0 0 W subsys-pil-tz 17300000.qcom,lpass: Falling back to syfs fallback for: adsp.b09
01-01 08:00:09.377 0 0 D cnss : Assert WLAN_EN GPIO successfully
01-01 08:00:09.377 0 0 D cnss : Resuming PCI link
01-01 08:00:09.377 0 0 I msm_pcie_enable: PCIe: Assert the reset of endpoint of RC0.
01-01 08:00:09.380 0 0 W subsys-pil-tz 17300000.qcom,lpass: Falling back to syfs fallback for: adsp.b10
01-01 08:00:09.380 0 0 I binder : 666:666 ioctl 40046210 7fd7a72cb4 returned -22
01-01 08:00:09.381 0 0 W subsys-pil-tz 17300000.qcom,lpass: Falling back to syfs fallback for: adsp.b11
01-01 08:00:09.381 0 0 W subsys-pil-tz 17300000.qcom,lpass: Falling back to syfs fallback for: adsp.b12
01-01 08:00:09.381 0 0 W subsys-pil-tz 17300000.qcom,lpass: Falling back to syfs fallback for: adsp.b13
01-01 08:00:09.381 0 0 W subsys-pil-tz 17300000.qcom,lpass: Falling back to syfs fallback for: adsp.b14
01-01 08:00:09.381 0 0 W subsys-pil-tz 17300000.qcom,lpass: Falling back to syfs fallback for: adsp.b15
01-01 08:00:09.381 0 0 I msm_pcie_enable: PCIe: RC0: PCIE20_PARF_INT_ALL_MASK: 0x7f80d202
01-01 08:00:09.381 0 0 W subsys-pil-tz 17300000.qcom,lpass: Falling back to syfs fallback for: adsp.b16
01-01 08:00:09.382 0 0 W subsys-pil-tz 17300000.qcom,lpass: Falling back to syfs fallback for: adsp.b17
01-01 08:00:09.382 0 0 W subsys-pil-tz 17300000.qcom,lpass: Falling back to syfs fallback for: adsp.b18
01-01 08:00:09.382 0 0 W subsys-pil-tz 8300000.qcom,turing: Falling back to syfs fallback for: cdsp.b02
01-01 08:00:09.382 0 0 W subsys-pil-tz 8300000.qcom,turing: Falling back to syfs fallback for: cdsp.b03
01-01 08:00:09.382 0 0 W subsys-pil-tz 8300000.qcom,turing: Falling back to syfs fallback for: cdsp.b04
01-01 08:00:09.382 0 0 W subsys-pil-tz 8300000.qcom,turing: Falling back to syfs fallback for: cdsp.b05
01-01 08:00:09.382 0 0 W subsys-pil-tz 8300000.qcom,turing: Falling back to syfs fallback for: cdsp.b06
01-01 08:00:09.382 0 0 W subsys-pil-tz 8300000.qcom,turing: Falling back to syfs fallback for: cdsp.b08
01-01 08:00:09.382 0 0 W subsys-pil-tz 8300000.qcom,turing: Falling back to syfs fallback for: cdsp.b09
01-01 08:00:09.382 0 0 W subsys-pil-tz 8300000.qcom,turing: Falling back to syfs fallback for: cdsp.b11
01-01 08:00:09.383 0 0 I pcie_phy_init: PCIe RC0 PHY is ready!
01-01 08:00:09.393 0 0 I msm_pcie_enable: PCIe: Release the reset of endpoint of RC0.
01-01 08:00:09.410 0 0 I msm_pcie_link_train: PCIe RC0 link initialized
01-01 08:00:09.424 0 0 I cnss_pci 0000: 01:00.0: enabling device (0000 -> 0002)
01-01 08:00:09.424 0 0 D cnss : Read register offset 0x1f8031c, val = 0x6
01-01 08:00:09.424 0 0 D cnss : Write val 0x2 to register offset 0x1f8031c
01-01 08:00:09.424 0 0 D cnss : Setting MHI state: INIT(0)
01-01 08:00:09.430 0 0 E OF : graph: no port node found in /soc/qcom,dsi-display-primary
01-01 08:00:09.430 0 0 W [drm] [msm-dsi-warn]: [hx82101+hx8692 video mode dsi truly panel] fallback to default te-pin-select
01-01 08:00:09.430 0 0 I msm_drm ae00000.qcom,mdss_mdp: Linked as a consumer to regulator.31
01-01 08:00:09.430 0 0 E register_client_adhoc: find path.src 1 dest 590
01-01 08:00:09.431 0 0 E register_client_adhoc: Client handle 15 mdss_reg
01-01 08:00:09.431 0 0 E register_client_adhoc: find path.src 22 dest 512
01-01 08:00:09.431 0 0 E register_client_adhoc: find path.src 23 dest 512
01-01 08:00:09.431 0 0 E register_client_adhoc: Client handle 53 mdss_sde
01-01 08:00:09.431 0 0 I msm_drm ae00000.qcom,mdss_mdp: bound soc:qcom,wb-display@0 (ops sde_wb_comp_ops)
01-01 08:00:09.431 0 0 I msm-dsi-display soc: qcom,dsi-display-primary: Linked as a consumer to regulator.25
01-01 08:00:09.431 0 0 I [drm:dsi_display_bind] [msm-dsi-info]: Successfully bind display panel 'qcom,mdss_dsi_panel_hx82101_hx8692_truly_v2_video'
01-01 08:00:09.432 0 0 I msm_drm ae00000.qcom,mdss_mdp: bound soc:qcom,dsi-display-primary (ops dsi_display_comp_ops)
01-01 08:00:09.432 0 0 I msm_drm ae00000.qcom,mdss_mdp: bound af20000.qcom,sde_rscc (ops sde_rsc_comp_ops)
01-01 08:00:09.432 0 0 I : [drm] mapped mdp address space @0000000000000000
01-01 08:00:09.432 0 0 I qcom_rpmh DRV: apps_rsc TCS Busy, retrying RPMH message send: addr=0x30080
01-01 08:00:09.432 0 0 I : [drm:_sde_kms_hw_init_blocks:3613] sde hardware revision:0x60000000
01-01 08:00:09.434 0 0 I msmdrm_smmu ae00000.qcom,mdss_mdp: qcom,smmu_sde_unsec_cb: Linked as a consumer to 15000000.apps-smmu
01-01 08:00:09.434 0 0 I iommu : Adding device ae00000.qcom,mdss_mdp:qcom,smmu_sde_unsec_cb to group 48
01-01 08:00:09.434 0 0 I : [drm] probing device qcom,smmu_sde_unsec
01-01 08:00:09.434 0 0 I : [drm] Created domain mdp_ns, secure=0
01-01 08:00:09.435 0 0 I msmdrm_smmu ae00000.qcom,mdss_mdp: qcom,smmu_sde_sec_cb: Linked as a consumer to 15000000.apps-smmu
01-01 08:00:09.468 0 0 I subsys-pil-tz 17300000.qcom,lpass: adsp: Brought out of reset
01-01 08:00:09.477 0 0 E : [drm:dp_display_init_aux_switch][msm-dp-err][494 ]failed to register notifier (-22)
01-01 08:00:09.477 0 0 E register_client_adhoc: find path.src 1 dest 589
01-01 08:00:09.477 0 0 E register_client_adhoc: Failed to find path.src 1 dest 589
01-01 08:00:09.477 0 0 D cnss : Setting MHI state: POWER_ON(2)
01-01 08:00:09.478 0 0 W cnss_pci 0000: 01:00.0: Falling back to syfs fallback for: qca6390/amss20.bin
01-01 08:00:09.488 0 0 I binder : 667:667 ioctl 40046210 7fe68a2fb4 returned -22
01-01 08:00:09.489 0 0 I binder : 667:667 ioctl 40046210 7fe68a31c4 returned -22
01-01 08:00:09.491 0 0 I subsys-pil-tz 17300000.qcom,lpass: Subsystem error monitoring/handling services are up
01-01 08:00:09.491 0 0 I subsys-pil-tz 17300000.qcom,lpass: adsp: Power/Clock ready interrupt received
01-01 08:00:09.491 0 0 I qcom_rpmh DRV: apps_rsc TCS Busy, retrying RPMH message send: addr=0x30030
01-01 08:00:09.491 0 0 I qcom_rpmh DRV: apps_rsc TCS Busy, retrying RPMH message send: addr=0x30040
01-01 08:00:09.492 0 0 I adsprpc : fastrpc_restart_notifier_cb: adsp subsystem is up
01-01 08:00:09.492 0 0 E : [drm:dp_display_init_aux_switch][msm-dp-err][79 ]failed to register notifier (-22)
01-01 08:00:09.492 0 0 E register_client_adhoc: find path.src 1 dest 589
01-01 08:00:09.492 0 0 E register_client_adhoc: Failed to find path.src 1 dest 589
01-01 08:00:09.492 0 0 E : [drm:dp_display_init_aux_switch][msm-dp-err][79 ]failed to register notifier (-22)
01-01 08:00:09.492 0 0 E register_client_adhoc: find path.src 1 dest 589
01-01 08:00:09.492 0 0 E register_client_adhoc: Failed to find path.src 1 dest 589
01-01 08:00:09.492 0 0 D cnss : DRV subsystem is connected
01-01 08:00:09.492 0 0 I qcom_smd_qrtr_probe: Entered
01-01 08:00:09.493 0 0 I qcom_smd_qrtr_probe: SMD QRTR driver probed
01-01 08:00:09.493 0 0 E : [drm:dp_display_init_aux_switch][msm-dp-err][18 ]failed to register notifier (-22)
01-01 08:00:09.493 0 0 E register_client_adhoc: find path.src 1 dest 589
01-01 08:00:09.493 0 0 E register_client_adhoc: Failed to find path.src 1 dest 589
01-01 08:00:09.495 0 0 I subsys-pil-tz 8300000.qcom,turing: cdsp: Brought out of reset
01-01 08:00:09.495 0 0 I iommu : Adding device ae00000.qcom,mdss_mdp:qcom,smmu_sde_sec_cb to group 49
01-01 08:00:09.495 0 0 I : [drm] probing device qcom,smmu_sde_sec
01-01 08:00:09.495 0 0 I : [drm] Created domain mdp_s, secure=1
01-01 08:00:09.500 0 0 I adsprpc : fastrpc_rpmsg_probe: opened rpmsg channel for adsp
01-01 08:00:09.501 0 0 I [drm:dsi_panel_get_mode] [msm-dsi-info]: default topology: lm: 1 comp_enc:0 intf: 1
01-01 08:00:09.501 0 0 I apr_tal_rpmsg qcom,glink: adsp.apr_audio_svc.-1.-1: apr_tal_rpmsg_probe: Channel[apr_audio_svc] state[Up]
01-01 08:00:09.504 0 0 I subsys-pil-tz 8300000.qcom,turing: Subsystem error monitoring/handling services are up
01-01 08:00:09.504 0 0 I subsys-pil-tz 8300000.qcom,turing: cdsp: Power/Clock ready interrupt received
01-01 08:00:09.504 0 0 E : [drm:dp_display_init_aux_switch][msm-dp-err][494 ]failed to register notifier (-22)
01-01 08:00:09.504 0 0 I adsprpc : fastrpc_restart_notifier_cb: cdsp subsystem is up
01-01 08:00:09.505 0 0 E register_client_adhoc: find path.src 1 dest 589
01-01 08:00:09.505 0 0 E register_client_adhoc: Failed to find path.src 1 dest 589
01-01 08:00:09.505 0 0 I qcom_smd_qrtr_probe: Entered
01-01 08:00:09.505 0 0 I qcom_smd_qrtr_probe: SMD QRTR driver probed
01-01 08:00:09.505 0 0 I msm_cvp : info: Opening cvp instance: 0000000000000000
01-01 08:00:09.505 0 0 I msm_cvp_v4l2 ab00000.qcom,cvp: Linked as a consumer to regulator.77
01-01 08:00:09.505 0 0 I msm_cvp_v4l2 ab00000.qcom,cvp: Linked as a consumer to regulator.76
01-01 08:00:09.506 0 0 E : [drm:dp_display_init_aux_switch][msm-dp-err][494 ]failed to register notifier (-22)
01-01 08:00:09.506 0 0 W subsys-pil-tz 9800000.qcom,npu: Falling back to syfs fallback for: npu.mdt
01-01 08:00:09.506 0 0 E register_client_adhoc: find path.src 1 dest 589
01-01 08:00:09.506 0 0 E register_client_adhoc: Failed to find path.src 1 dest 589
01-01 08:00:09.508 0 0 I : [drm] Supports vblank timestamp caching Rev 2 (21.10.2013).
01-01 08:00:09.508 0 0 I : [drm] No driver support for vblank timestamp query.
01-01 08:00:09.508 0 0 I subsys-restart: __subsystem_get(): Changing subsys fw_name to cvpss
01-01 08:00:09.508 0 0 W subsys-pil-tz abb0000.qcom,cvpss: Falling back to syfs fallback for: cvpss.mdt
01-01 08:00:09.509 0 0 I : [drm] Initialized msm_drm 1.3.0 20130625 for ae00000.qcom,mdss_mdp on minor 0
01-01 08:00:09.509 0 0 I : [drm] cont_splash feature not enabled
01-01 08:00:09.509 0 0 I subsys-pil-tz abb0000.qcom,cvpss: cvpss: loading from 0x0000000087300000 to 0x0000000087800000
01-01 08:00:09.511 0 0 E : [drm:dp_display_init_aux_switch][msm-dp-err][471 ]failed to register notifier (-22)
01-01 08:00:09.512 0 0 E register_client_adhoc: find path.src 1 dest 589
01-01 08:00:09.512 0 0 W subsys-pil-tz abb0000.qcom,cvpss: Falling back to syfs fallback for: cvpss.b02
01-01 08:00:09.512 0 0 W subsys-pil-tz abb0000.qcom,cvpss: Falling back to syfs fallback for: cvpss.b03
01-01 08:00:09.512 0 0 I subsys-pil-tz 9800000.qcom,npu: npu: loading from 0x0000000086900000 to 0x0000000086e00000
01-01 08:00:09.512 0 0 W subsys-pil-tz abb0000.qcom,cvpss: Falling back to syfs fallback for: cvpss.b04
01-01 08:00:09.512 0 0 E register_client_adhoc: Failed to find path.src 1 dest 589
01-01 08:00:09.512 0 0 W subsys-pil-tz abb0000.qcom,cvpss: Falling back to syfs fallback for: cvpss.b05
01-01 08:00:09.512 0 0 W subsys-pil-tz abb0000.qcom,cvpss: Falling back to syfs fallback for: cvpss.b06
01-01 08:00:09.512 0 0 W subsys-pil-tz abb0000.qcom,cvpss: Falling back to syfs fallback for: cvpss.b07
01-01 08:00:09.512 0 0 W subsys-pil-tz abb0000.qcom,cvpss: Falling back to syfs fallback for: cvpss.b08
01-01 08:00:09.512 0 0 W subsys-pil-tz abb0000.qcom,cvpss: Falling back to syfs fallback for: cvpss.b09
01-01 08:00:09.512 0 0 W subsys-pil-tz abb0000.qcom,cvpss: Falling back to syfs fallback for: cvpss.b10
01-01 08:00:09.512 0 0 I adsprpc : fastrpc_rpmsg_probe: opened rpmsg channel for cdsp
01-01 08:00:09.512 0 0 W subsys-pil-tz abb0000.qcom,cvpss: Falling back to syfs fallback for: cvpss.b19
01-01 08:00:09.513 0 0 E : [drm:dp_display_init_aux_switch][msm-dp-err][471 ]failed to register notifier (-22)
01-01 08:00:09.513 0 0 E register_client_adhoc: find path.src 1 dest 589
01-01 08:00:09.513 0 0 E register_client_adhoc: Failed to find path.src 1 dest 589
01-01 08:00:09.514 0 0 W subsys-pil-tz 9800000.qcom,npu: Falling back to syfs fallback for: npu.b02
01-01 08:00:09.514 0 0 W subsys-pil-tz 9800000.qcom,npu: Falling back to syfs fallback for: npu.b03
01-01 08:00:09.514 0 0 W subsys-pil-tz 9800000.qcom,npu: Falling back to syfs fallback for: npu.b04
01-01 08:00:09.514 0 0 W subsys-pil-tz 9800000.qcom,npu: Falling back to syfs fallback for: npu.b05
01-01 08:00:09.514 0 0 W subsys-pil-tz 9800000.qcom,npu: Falling back to syfs fallback for: npu.b06
01-01 08:00:09.514 0 0 E : [drm:dp_display_init_aux_switch][msm-dp-err][18 ]failed to register notifier (-22)
01-01 08:00:09.515 0 0 E register_client_adhoc: find path.src 1 dest 589
01-01 08:00:09.515 0 0 E register_client_adhoc: Failed to find path.src 1 dest 589
01-01 08:00:09.542 0 0 I subsys-pil-tz abb0000.qcom,cvpss: cvpss: Brought out of reset
01-01 08:00:09.552 0 0 I subsys-pil-tz 9800000.qcom,npu: npu: Brought out of reset
01-01 08:00:09.554 0 0 E : [drm:dp_display_init_aux_switch][msm-dp-err][753 ]failed to register notifier (-22)
01-01 08:00:09.554 0 0 E register_client_adhoc: find path.src 1 dest 589
01-01 08:00:09.554 0 0 E register_client_adhoc: Failed to find path.src 1 dest 589
01-01 08:00:09.571 0 0 I msm_cvp : err: Failed to create debugfs for msm_cvp
01-01 08:00:09.571 0 0 I msm_cvp : info: Closed cvp instance: 0000000000000000 session_id = 0
01-01 08:00:09.574 0 0 I NPU_INFO: npu_get_fw_caps: 236 fw caps 0:2007
01-01 08:00:09.574 0 0 W NPU_WARN: host_session_msg_hdlr: 1904 handle npu session msg when FW is disabled
01-01 08:00:09.574 0 0 I NPU_INFO: npu_get_fw_caps: 236 fw caps 1:80000005
01-01 08:00:09.574 0 0 I NPU_INFO: npu_get_fw_caps: 236 fw caps 2:0
01-01 08:00:09.574 0 0 I NPU_INFO: npu_get_fw_caps: 236 fw caps 3:0
01-01 08:00:09.574 0 0 I NPU_INFO: npu_get_fw_caps: 236 fw caps 4:0
01-01 08:00:09.574 0 0 I NPU_INFO: npu_get_fw_caps: 236 fw caps 5:0
01-01 08:00:09.574 0 0 I NPU_INFO: npu_get_fw_caps: 236 fw caps 6:0
01-01 08:00:09.574 0 0 I NPU_INFO: npu_get_fw_caps: 236 fw caps 7:0
01-01 08:00:09.577 0 0 I qcom_smd_qrtr_probe: Entered
01-01 08:00:09.577 0 0 I qcom_smd_qrtr_probe: SMD QRTR driver probed
01-01 08:00:09.578 0 0 E : [drm:dp_display_init_aux_switch][msm-dp-err][18 ]failed to register notifier (-22)
01-01 08:00:09.579 0 0 E register_client_adhoc: find path.src 1 dest 589
01-01 08:00:09.298 668 668 I boot_progress_start: 6775
01-01 08:00:09.579 0 0 E register_client_adhoc: Failed to find path.src 1 dest 589
01-01 08:00:09.688 0 0 I subsys-restart: __subsystem_get(): Changing subsys fw_name to slpi
01-01 08:00:09.688 0 0 W subsys-pil-tz 5c00000.qcom,ssc: Falling back to syfs fallback for: slpi.mdt
01-01 08:00:09.689 0 0 I subsys-pil-tz 5c00000.qcom,ssc: slpi: loading from 0x0000000088c00000 to 0x000000008a100000
01-01 08:00:09.692 0 0 W subsys-pil-tz 5c00000.qcom,ssc: Falling back to syfs fallback for: slpi.b02
01-01 08:00:09.692 0 0 W subsys-pil-tz 5c00000.qcom,ssc: Falling back to syfs fallback for: slpi.b03
01-01 08:00:09.692 0 0 W subsys-pil-tz 5c00000.qcom,ssc: Falling back to syfs fallback for: slpi.b04
01-01 08:00:09.692 0 0 W subsys-pil-tz 5c00000.qcom,ssc: Falling back to syfs fallback for: slpi.b05
01-01 08:00:09.692 0 0 W subsys-pil-tz 5c00000.qcom,ssc: Falling back to syfs fallback for: slpi.b06
01-01 08:00:09.692 0 0 W subsys-pil-tz 5c00000.qcom,ssc: Falling back to syfs fallback for: slpi.b07
01-01 08:00:09.692 0 0 W subsys-pil-tz 5c00000.qcom,ssc: Falling back to syfs fallback for: slpi.b08
01-01 08:00:09.692 0 0 W subsys-pil-tz 5c00000.qcom,ssc: Falling back to syfs fallback for: slpi.b09
01-01 08:00:09.692 0 0 W subsys-pil-tz 5c00000.qcom,ssc: Falling back to syfs fallback for: slpi.b10
01-01 08:00:09.693 0 0 W subsys-pil-tz 5c00000.qcom,ssc: Falling back to syfs fallback for: slpi.b11
01-01 08:00:09.693 0 0 W subsys-pil-tz 5c00000.qcom,ssc: Falling back to syfs fallback for: slpi.b12
01-01 08:00:09.693 0 0 W subsys-pil-tz 5c00000.qcom,ssc: Falling back to syfs fallback for: slpi.b13
01-01 08:00:09.693 0 0 W subsys-pil-tz 5c00000.qcom,ssc: Falling back to syfs fallback for: slpi.b14
01-01 08:00:09.693 0 0 W subsys-pil-tz 5c00000.qcom,ssc: Falling back to syfs fallback for: slpi.b15
01-01 08:00:09.693 0 0 W subsys-pil-tz 5c00000.qcom,ssc: Falling back to syfs fallback for: slpi.b16
01-01 08:00:09.693 0 0 W subsys-pil-tz 5c00000.qcom,ssc: Falling back to syfs fallback for: slpi.b17
01-01 08:00:09.693 0 0 W subsys-pil-tz 5c00000.qcom,ssc: Falling back to syfs fallback for: slpi.b19
01-01 08:00:09.693 0 0 W subsys-pil-tz 5c00000.qcom,ssc: Falling back to syfs fallback for: slpi.b18
01-01 08:00:09.693 0 0 W subsys-pil-tz 5c00000.qcom,ssc: Falling back to syfs fallback for: slpi.b20
01-01 08:00:09.706 0 0 I binder : 806:806 ioctl 40046210 7ffaab8bb4 returned -22
01-01 08:00:09.748 0 0 I binder : 819:819 ioctl 40046210 7fda6974b4 returned -22
01-01 08:00:09.751 0 0 I binder : 808:808 ioctl 40046210 7ff3911d14 returned -22
01-01 08:00:09.752 0 0 I binder : 808:808 ioctl 40046210 7ff3911cf4 returned -22
01-01 08:00:09.782 0 0 I binder : 824:824 ioctl 40046210 7fc3088604 returned -22
01-01 08:00:09.511 840 840 I auditd : type=1400 audit(0.0:25): avc: denied { read } for comm="vendor.qti.hard" name="u:object_r:vendor_cap_configstore_dbg_prop:s0" dev="tmpfs" ino=11712 scontext=u:r:vendor_hal_capabilityconfigstore_qti_default:s0 tcontext=u:object_r:vendor_cap_configstore_dbg_prop:s0 tclass=file permissive=0
01-01 08:00:09.842 0 0 I subsys-pil-tz 5c00000.qcom,ssc: slpi: Brought out of reset
01-01 08:00:09.843 0 0 E scm_call failed: func id 0x72000103, ret: -12, syscall returns: 0x0, 0x0, 0x0
01-01 08:00:09.597 892 892 I irsc_util: Starting irsc tool
01-01 08:00:09.597 832 832 I android.hardware.wifi@1.0-service: Wifi Hal is booting up...
01-01 08:00:09.599 832 832 I HidlServiceManagement: Registered android.hardware.wifi@1.4::IWifi/default (start delay of 156ms)
01-01 08:00:09.600 892 892 I irsc_util: Num of entries:298
01-01 08:00:09.600 892 892 I irsc_util: Ending irsc tool
01-01 08:00:09.895 0 0 W QSEECOM : qseecom_load_app: App (soter64) does'nt exist, loading apps for first time
01-01 08:00:09.903 0 0 I binder : 874:874 ioctl 40046210 7ff72ce294 returned -22
01-01 08:00:09.903 0 0 I subsys-pil-tz 5c00000.qcom,ssc: Subsystem error monitoring/handling services are up
01-01 08:00:09.903 0 0 I subsys-pil-tz 5c00000.qcom,ssc: slpi: Power/Clock ready interrupt received
01-01 08:00:09.903 0 0 I qcom_rpmh DRV: apps_rsc TCS Busy, retrying RPMH message send: addr=0x30030
01-01 08:00:09.903 0 0 I qcom_rpmh DRV: apps_rsc TCS Busy, retrying RPMH message send: addr=0x30040
01-01 08:00:09.903 0 0 I adsprpc : fastrpc_restart_notifier_cb: slpi subsystem is up
01-01 08:00:09.903 0 0 I qcom_smd_qrtr_probe: Entered
01-01 08:00:09.905 0 0 I qcom_smd_qrtr_probe: SMD QRTR driver probed
01-01 08:00:09.908 0 0 E : [drm:dp_display_init_aux_switch][msm-dp-err][79 ]failed to register notifier (-22)
01-01 08:00:09.908 0 0 E register_client_adhoc: find path.src 1 dest 589
01-01 08:00:09.908 0 0 E register_client_adhoc: Failed to find path.src 1 dest 589
01-01 08:00:09.911 0 0 I adsprpc : fastrpc_rpmsg_probe: opened rpmsg channel for slpi
01-01 08:00:09.912 0 0 E : [drm:dp_display_init_aux_switch][msm-dp-err][18 ]failed to register notifier (-22)
01-01 08:00:09.913 0 0 E register_client_adhoc: find path.src 1 dest 589
01-01 08:00:09.627 7 7 I auditd : type=1400 audit(0.0:26): avc: denied { create } for comm="kworker/u16:0" scontext=u:r:kernel:s0 tcontext=u:r:kernel:s0 tclass=qipcrtr_socket permissive=0
01-01 08:00:09.913 0 0 E register_client_adhoc: Failed to find path.src 1 dest 589
01-01 08:00:09.923 0 0 W QSEECOM : qseecom_load_app: App with id 4 (soter64) now loaded
01-01 08:00:09.924 0 0 E diag : In socket_open_server, socket not initialized for LPASS_CNTL
01-01 08:00:09.924 0 0 E diag : In socket_open_server, socket not initialized for WCNSS_CNTL
01-01 08:00:09.924 0 0 E diag : In socket_open_server, socket not initialized for CDSP_CNTL
01-01 08:00:09.924 0 0 E diag : In socket_open_server, socket not initialized for MODEM_CNTL
01-01 08:00:09.924 0 0 E diag : In socket_open_server, socket not initialized for SENSORS_CNTL
01-01 08:00:09.924 0 0 E diag : In socket_open_server, socket not initialized for MODEM_DATA
01-01 08:00:09.924 0 0 E diag : In socket_open_server, socket not initialized for MODEM_DCI
01-01 08:00:09.924 0 0 E diag : In socket_open_server, socket not initialized for LPASS_DATA
01-01 08:00:09.924 0 0 E diag : In socket_open_server, socket not initialized for LPASS_DCI
01-01 08:00:09.924 0 0 E diag : In socket_open_server, socket not initialized for WCNSS_DATA
01-01 08:00:09.924 0 0 E diag : In socket_open_server, socket not initialized for SENSORS_DATA
01-01 08:00:09.924 0 0 E diag : In socket_open_server, socket not initialized for SENSORS_DCI
01-01 08:00:09.924 0 0 E diag : In socket_open_server, socket not initialized for WCNSS_DCI
01-01 08:00:09.924 0 0 E diag : In socket_open_server, socket not initialized for DIAG_CTRL
01-01 08:00:09.924 0 0 E diag : In socket_open_server, socket not initialized for DIAG_DCI_DATA
01-01 08:00:09.924 0 0 E diag : In socket_open_server, socket not initialized for CDSP_DATA
01-01 08:00:09.924 0 0 E diag : In socket_open_server, socket not initialized for CDSP_DCI
01-01 08:00:09.924 0 0 E diag : In socket_open_server, socket not initialized for DIAG_DATA
01-01 08:00:09.627 271 271 I auditd : type=1400 audit(0.0:27): avc: denied { create } for comm="kworker/u16:2" scontext=u:r:kernel:s0 tcontext=u:r:kernel:s0 tclass=qipcrtr_socket permissive=0
01-01 08:00:09.925 0 0 E diag : In socket_open_server, socket not initialized for NPU_CNTL
01-01 08:00:09.925 0 0 E diag : In socket_open_server, socket not initialized for NPU_DATA
01-01 08:00:09.925 0 0 E diag : In socket_open_server, socket not initialized for NPU_DCI
01-01 08:00:09.926 0 0 I sysmon-qmi: ssctl_new_server: Connection established between QMI handle and adsp's SSCTL service
01-01 08:00:09.627 278 278 I auditd : type=1400 audit(0.0:28): avc: denied { create } for comm="kworker/u16:5" scontext=u:r:kernel:s0 tcontext=u:r:kernel:s0 tclass=qipcrtr_socket permissive=0
01-01 08:00:09.627 80 80 I auditd : type=1400 audit(0.0:29): avc: denied { create } for comm="kworker/u16:1" scontext=u:r:kernel:s0 tcontext=u:r:kernel:s0 tclass=qipcrtr_socket permissive=0
01-01 08:00:09.927 0 0 I sysmon-qmi: ssctl_new_server: Connection established between QMI handle and slpi's SSCTL service
01-01 08:00:09.927 0 0 I sysmon-qmi: ssctl_new_server: Connection established between QMI handle and cdsp's SSCTL service
01-01 08:00:09.627 274 274 I auditd : type=1400 audit(0.0:30): avc: denied { create } for comm="kworker/u16:3" scontext=u:r:kernel:s0 tcontext=u:r:kernel:s0 tclass=qipcrtr_socket permissive=0
01-01 08:00:09.932 0 0 I servloc : service_locator_new_server: Connection established with the Service locator
01-01 08:00:09.932 0 0 I servloc : init_service_locator: Service locator initialized
01-01 08:00:09.627 274 274 I auditd : type=1400 audit(0.0:31): avc: denied { create } for comm="kworker/u16:3" scontext=u:r:kernel:s0 tcontext=u:r:kernel:s0 tclass=qipcrtr_socket permissive=0
01-01 08:00:09.627 274 274 I auditd : type=1400 audit(0.0:32): avc: denied { create } for comm="kworker/u16:3" scontext=u:r:kernel:s0 tcontext=u:r:kernel:s0 tclass=qipcrtr_socket permissive=0
01-01 08:00:09.627 274 274 I auditd : type=1400 audit(0.0:33): avc: denied { create } for comm="kworker/u16:3" scontext=u:r:kernel:s0 tcontext=u:r:kernel:s0 tclass=qipcrtr_socket permissive=0
01-01 08:00:09.627 7 7 I auditd : type=1400 audit(0.0:34): avc: denied { create } for comm="kworker/u16:0" scontext=u:r:kernel:s0 tcontext=u:r:kernel:s0 tclass=qipcrtr_socket permissive=0
01-01 08:00:09.627 274 274 I auditd : type=1400 audit(0.0:35): avc: denied { create } for comm="kworker/u16:3" scontext=u:r:kernel:s0 tcontext=u:r:kernel:s0 tclass=qipcrtr_socket permissive=0
01-01 08:00:09.627 274 274 I auditd : type=1400 audit(0.0:37): avc: denied { create } for comm="kworker/u16:3" scontext=u:r:kernel:s0 tcontext=u:r:kernel:s0 tclass=qipcrtr_socket permissive=0
01-01 08:00:09.627 274 274 I auditd : type=1400 audit(0.0:38): avc: denied { create } for comm="kworker/u16:3" scontext=u:r:kernel:s0 tcontext=u:r:kernel:s0 tclass=qipcrtr_socket permissive=0
01-01 08:00:09.627 7 7 I auditd : type=1400 audit(0.0:36): avc: denied { create } for comm="kworker/u16:0" scontext=u:r:kernel:s0 tcontext=u:r:kernel:s0 tclass=qipcrtr_socket permissive=0
01-01 08:00:09.627 276 276 I auditd : type=1400 audit(0.0:39): avc: denied { create } for comm="kworker/u16:4" scontext=u:r:kernel:s0 tcontext=u:r:kernel:s0 tclass=qipcrtr_socket permissive=0
01-01 08:00:09.627 276 276 I auditd : type=1400 audit(0.0:40): avc: denied { create } for comm="kworker/u16:4" scontext=u:r:kernel:s0 tcontext=u:r:kernel:s0 tclass=qipcrtr_socket permissive=0
01-01 08:00:09.627 276 276 I auditd : type=1400 audit(0.0:41): avc: denied { create } for comm="kworker/u16:4" scontext=u:r:kernel:s0 tcontext=u:r:kernel:s0 tclass=qipcrtr_socket permissive=0
01-01 08:00:09.627 276 276 I auditd : type=1400 audit(0.0:42): avc: denied { create } for comm="kworker/u16:4" scontext=u:r:kernel:s0 tcontext=u:r:kernel:s0 tclass=qipcrtr_socket permissive=0
01-01 08:00:09.627 7 7 I auditd : type=1400 audit(0.0:43): avc: denied { create } for comm="kworker/u16:0" scontext=u:r:kernel:s0 tcontext=u:r:kernel:s0 tclass=qipcrtr_socket permissive=0
01-01 08:00:09.627 281 281 I auditd : type=1400 audit(0.0:44): avc: denied { create } for comm="kworker/u16:6" scontext=u:r:kernel:s0 tcontext=u:r:kernel:s0 tclass=qipcrtr_socket permissive=0
01-01 08:00:09.627 281 281 I auditd : type=1400 audit(0.0:45): avc: denied { create } for comm="kworker/u16:6" scontext=u:r:kernel:s0 tcontext=u:r:kernel:s0 tclass=qipcrtr_socket permissive=0
01-01 08:00:09.627 281 281 I auditd : type=1400 audit(0.0:46): avc: denied { create } for comm="kworker/u16:6" scontext=u:r:kernel:s0 tcontext=u:r:kernel:s0 tclass=qipcrtr_socket permissive=0
01-01 08:00:09.937 0 0 I adsprpc : fastrpc_get_service_location_notify: PDR notifier for adsp registered for msm/adsp/audio_pd (audio_pdr_adsprpc)
01-01 08:00:09.937 0 0 I adsprpc : fastrpc_get_service_location_notify: audio_pdr_adsprpc (msm/adsp/audio_pd) PDR service for adsp is uninitialized
01-01 08:00:09.937 0 0 I audio_notifer_reg_service: service PDR_ADSP is in use
01-01 08:00:09.938 0 0 I service-notifier: service_notifier_new_server: Connection established between QMI handle and 74 service
01-01 08:00:09.939 0 0 I adsprpc : fastrpc_pdr_notifier_cb: msm/adsp/audio_pd (audio_pdr_adsprpc) is up on adsp
01-01 08:00:09.939 0 0 I apr_adsp_up: Q6 is Up
01-01 08:00:09.942 0 0 I msm-audio-ion soc: qcom,msm-audio-apr:qcom,msm-audio-ion: Linked as a consumer to 15000000.apps-smmu
01-01 08:00:09.942 0 0 I iommu : Adding device soc:qcom,msm-audio-apr:qcom,msm-audio-ion to group 50
01-01 08:00:09.647 475 475 I auditd : type=1400 audit(0.0:47): avc: denied { create } for comm="init" name="drm" scontext=u:r:vendor_init:s0 tcontext=u:object_r:mnt_product_file:s0 tclass=dir permissive=0
01-01 08:00:09.647 475 475 I auditd : type=1400 audit(0.0:48): avc: denied { create } for comm="init" name="bluetooth" scontext=u:r:vendor_init:s0 tcontext=u:object_r:mnt_product_file:s0 tclass=dir permissive=0
01-01 08:00:09.647 475 475 I auditd : type=1400 audit(0.0:49): avc: denied { create } for comm="init" name="misc" scontext=u:r:vendor_init:s0 tcontext=u:object_r:mnt_product_file:s0 tclass=dir permissive=0
01-01 08:00:09.945 0 0 E : [drm:dp_display_init_aux_switch][msm-dp-err][989 ]failed to register notifier (-22)
01-01 08:00:09.945 0 0 E register_client_adhoc: find path.src 1 dest 589
01-01 08:00:09.647 475 475 I auditd : type=1400 audit(0.0:50): avc: denied { create } for comm="init" name="alarm" scontext=u:r:vendor_init:s0 tcontext=u:object_r:mnt_product_file:s0 tclass=dir permissive=0
01-01 08:00:09.945 0 0 E register_client_adhoc: Failed to find path.src 1 dest 589
01-01 08:00:09.947 0 0 E : [drm:dp_display_init_aux_switch][msm-dp-err][989 ]failed to register notifier (-22)
01-01 08:00:09.947 0 0 E register_client_adhoc: find path.src 1 dest 589
01-01 08:00:09.947 0 0 E register_client_adhoc: Failed to find path.src 1 dest 589
01-01 08:00:09.951 0 0 I sps : BAM 0x0000000003a84000 (va:0x0000000000000000) enabled: ver:0x19, number of pipes:25
