03-14 03:51:04.299 1496 2041 D CompatibilityChangeReporter: Compat change id reported: 135634846; UID 10074; state: DISABLED
03-14 03:51:04.299 1496 2041 D CompatibilityChangeReporter: Compat change id reported: 177438394; UID 10074; state: DISABLED
03-14 03:51:04.299 1496 2041 D CompatibilityChangeReporter: Compat change id reported: 135772972; UID 10074; state: DISABLED
03-14 03:51:04.299 1496 2041 D CompatibilityChangeReporter: Compat change id reported: 135754954; UID 10074; state: ENABLED
03-14 03:51:04.302 1496 1622 I am_proc_start: [0,2558,10082,com.qualcomm.qti.qccauthmgr,content provider,{com.qualcomm.qti.qccauthmgr/com.qualcomm.qti.qccauthmgr.providers.SMQContentProvider}]
03-14 03:51:04.303 1496 1622 I ActivityManager: Start proc 2558:com.qualcomm.qti.qccauthmgr/u0a82 for content provider {com.qualcomm.qti.qccauthmgr/com.qualcomm.qti.qccauthmgr.providers.SMQContentProvider}
03-14 03:51:04.303 1496 1496 D TelephonyRegistry: notifyCellLocationForSubscriber: subId=2147483647 cellIdentity=null
03-14 03:51:04.304 1496 1622 D CompatibilityChangeReporter: Compat change id reported: 143937733; UID 10074; state: ENABLED
03-14 03:51:04.308 1496 1496 I notification_enqueue: [1000,1496,android,32,NULL,-1,Notification(channel=USB shortcut=null contentView=null vibrate=null sound=null tick defaults=0x0 flags=0x2 color=0x00000000 vis=PUBLIC),0]
01-01 08:00:14.092 0 0 I binder : 2011:2557 ioctl 40046210 6d612b8124 returned -22
03-14 03:51:04.309 1496 1496 D CompanionDeviceManagerService: Received BT state transition broadcast: OFF -> BLE_TURNING_ON
03-14 03:51:04.309 1496 1496 I Telecom : WiredHeadsetManager: ACTION_HEADSET_PLUG event, plugged in: false, : WHC.oADA@AAE
01-01 08:00:14.093 0 0 I binder : 2405:2527 ioctl 40046210 6dce3381f4 returned -22
03-14 03:51:04.307 990 990 I auditd : type=1400 audit(0.0:242): avc: denied { read write } for comm="sensors.qti" name="diag" dev="tmpfs" ino=11936 scontext=u:r:vendor_sensors_qti:s0 tcontext=u:object_r:vendor_diag_device:s0 tclass=chr_file permissive=0
03-14 03:51:04.311 1496 1496 I notification_enqueue: [10078,2011,com.android.systemui,1,empty_media,0,Notification(channel=empty_media_style_id shortcut=null contentView=null vibrate=null sound=null defaults=0x0 flags=0x20 color=0x00000000 category=transport groupKey=empty_media actions=4 vis=PRIVATE),0]
03-14 03:51:04.313 1496 1496 I notification_cancel_all: [1000,1496,com.android.systemui,0,0,0,20,NULL]
03-14 03:51:04.314 1496 1496 I PackageWatchdog: Syncing health check requests for packages: {}
03-14 03:51:04.314 1496 1496 D ExplicitHealthCheckController: Getting health check supported packages
03-14 03:51:04.314 1496 1496 W Looper : Drained
03-14 03:51:04.315 1496 2142 I ExplicitHealthCheckController: Explicit health check supported packages [PackageConfig{com.android.networkstack, 86400000}]
03-14 03:51:04.315 1496 2142 D PackageWatchdog: Received supported packages [PackageConfig{com.android.networkstack, 86400000}]
03-14 03:51:04.315 1496 2142 D ExplicitHealthCheckController: Getting health check requested packages
03-14 03:51:04.316 1496 2142 I ExplicitHealthCheckController: Explicit health check requested packages []
03-14 03:51:04.316 1496 2142 I ExplicitHealthCheckController: No more health check requests, unbinding...
03-14 03:51:04.317 1496 2142 I ExplicitHealthCheckController: Explicit health check service is unbound
03-14 03:51:04.317 1496 1622 I am_proc_start: [0,2575,10074,com.android.launcher3,service,{com.android.launcher3/com.android.quickstep.TouchInteractionService}]
03-14 03:51:04.317 1496 1622 I ActivityManager: Start proc 2575:com.android.launcher3/u0a74 for service {com.android.launcher3/com.android.quickstep.TouchInteractionService}
03-14 03:51:04.324 1496 1614 I ActivityManagerTiming: FinishBooting
03-14 03:51:04.324 1496 1614 I boot_progress_enable_screen: 11584
03-14 03:51:04.329 1496 1614 I screen_toggled: 1
03-14 03:51:04.329 1496 1614 W KeyguardServiceDelegate: onScreenTurningOn(): no keyguard service!
01-01 08:00:14.115 0 0 I bt_configure_gpios: BTON:Turn Bt Off bt-reset-gpio(1121) value(0)
01-01 08:00:14.115 0 0 I bt_configure_gpios: BTON:Turn Bt Off
01-01 08:00:14.115 0 0 I bt_configure_gpios: bt-sw-ctrl-gpio(1224) value(1)
01-01 08:00:14.115 0 0 I bt_enable_bt_reset_gpios_safely: bt_enable_bt_reset_gpios_safely: BTON:Turn Bt On
01-01 08:00:14.115 0 0 I bt_enable_bt_reset_gpios_safely: bt_enable_bt_reset_gpios_safely: wl-reset-gpio(1120) value(1)
01-01 08:00:14.115 0 0 I bt_enable_bt_reset_gpios_safely: bt_enable_bt_reset_gpios_safely: BTON: Asserting BT_EN
01-01 08:00:14.117 0 0 I binder : 2558:2558 ioctl 40046210 7fe20508a4 returned -22
03-14 03:51:04.337 1496 2012 I am_proc_bound: [0,2558,com.qualcomm.qti.qccauthmgr]
03-14 03:51:04.338 1496 2012 D CompatibilityChangeReporter: Compat change id reported: 168419799; UID 10082; state: DISABLED
03-14 03:51:04.339 1496 2012 I am_uid_active: 10082
01-01 08:00:14.128 0 0 I binder : 2575:2575 ioctl 40046210 7fe20508a4 returned -22
03-14 03:51:04.347 2011 2559 I sysui_multi_action: [757,213,758,4,759,-1]
03-14 03:51:04.347 1496 2142 I am_proc_bound: [0,2575,com.android.launcher3]
03-14 03:51:04.348 1496 2142 D CompatibilityChangeReporter: Compat change id reported: 168419799; UID 10074; state: DISABLED
03-14 03:51:04.348 1496 2142 I am_uid_active: 10074
03-14 03:51:04.373 2011 2011 W CarrierConfigManager: Error getting config for subId -1 ICarrierConfigLoader is null
03-14 03:51:04.383 1496 2141 D TelephonyRegistry: listen oscl: mHasNotifySubscriptionInfoChangedOccurred==false no callback
03-14 03:51:04.385 1496 2141 D CompatibilityChangeReporter: Compat change id reported: 171306433; UID 1000; state: ENABLED
01-01 08:00:14.171 0 0 I bt_configure_gpios: BTON:Turn Bt On bt-reset-gpio(1121) value(1)
01-01 08:00:14.171 0 0 I bt_configure_gpios: BTON:Turn Bt On
01-01 08:00:14.171 0 0 I bt_configure_gpios: bt-sw-ctrl-gpio(1224) value(1)
01-01 08:00:14.171 0 0 I bt_configure_gpios: bt_gpio= 1121 on: 1 is successful
01-01 08:00:14.198 0 0 E bt_ioctl: unified Current SOC Version : 400a0200
03-14 03:51:04.421 1496 1548 I StatusBarManagerService: registerStatusBar bar=com.android.internal.statusbar.IStatusBar$Stub$Proxy@b234f68
03-14 03:51:04.459 1496 1715 I commit_sys_config_file: [settings-0-0,1]
03-14 03:51:04.489 1496 1715 I commit_sys_config_file: [settings-2-0,1]
03-14 03:51:04.509 1496 1496 I sysui_multi_action: [757,1501,758,1,793,279,794,0,795,279,796,32,806,android,857,USB,858,1,947,0,1500,0]
03-14 03:51:04.509 1496 1496 I sysui_multi_action: [757,804,799,note_interruptive,801,0,802,1]
03-14 03:51:04.509 1496 1496 I GameModeConfig: isGameModeOn = false
03-14 03:51:04.510 1496 1496 W NotificationHistory: Attempted to add notif for locked/gone/disabled user 0
03-14 03:51:04.507 990 990 I auditd : type=1400 audit(0.0:243): avc: denied { read write } for comm="sensors.qti" name="diag" dev="tmpfs" ino=11936 scontext=u:r:vendor_sensors_qti:s0 tcontext=u:object_r:vendor_diag_device:s0 tclass=chr_file permissive=0
03-14 03:51:04.511 1496 1496 I sysui_multi_action: [757,1501,758,1,793,260,794,0,795,260,796,1,797,empty_media,806,com.android.systemui,857,empty_media_style_id,858,4,946,empty_media,947,0,1500,0,1641,transport,1688,1,1745,1043716538]
03-14 03:51:04.511 1496 1496 I sysui_multi_action: [757,804,799,note_interruptive,801,0,802,1]
03-14 03:51:04.511 1496 1496 I GameModeConfig: isGameModeOn = false
03-14 03:51:04.513 1496 1496 W NotificationHistory: Attempted to add notif for locked/gone/disabled user 0
03-14 03:51:04.564 1496 2141 D CompatibilityChangeReporter: Compat change id reported: 168419799; UID 10078; state: DISABLED
03-14 03:51:04.605 2011 2523 W ActivityThread: Failed to find provider info for com.android.contacts (user not unlocked)
03-14 03:51:04.690 2011 2552 W ActivityThread: Failed to find provider info for com.android.contacts (user not unlocked)
03-14 03:51:04.706 2011 2552 W ActivityThread: Failed to find provider info for com.android.contacts (user not unlocked)
03-14 03:51:04.707 990 990 I auditd : type=1400 audit(0.0:244): avc: denied { read write } for comm="sensors.qti" name="diag" dev="tmpfs" ino=11936 scontext=u:r:vendor_sensors_qti:s0 tcontext=u:object_r:vendor_diag_device:s0 tclass=chr_file permissive=0
03-14 03:51:04.713 2011 2552 W ActivityThread: Failed to find provider info for com.android.contacts (user not unlocked)
03-14 03:51:04.855 1496 1715 I commit_sys_config_file: [settings-1-0,2]
03-14 03:51:04.936 1496 1614 I wm_boot_animation_done: 12196
03-14 03:51:04.936 1496 1614 I ActivityManagerTiming: FinishBooting
03-14 03:51:04.937 1496 1614 I ActivityManager: About to commit checkpoint
03-14 03:51:04.938 1496 1614 W ActivityManager: FinishBooting sync begin
03-14 03:51:04.939 1496 1614 W ActivityManager: FinishBooting sync end
03-14 03:51:04.939 1496 1614 I SystemServiceManager: Starting phase 1000
03-14 03:51:04.939 1496 1614 I ActivityManagerTiming: OnBootPhase_1000
03-14 03:51:04.939 1496 1614 I ActivityManagerTiming: OnBootPhase_1000_com.android.server.security.FileIntegrityService
03-14 03:51:04.939 1496 1614 I ActivityManagerTiming: OnBootPhase_1000_com.android.server.pm.Installer
03-14 03:51:04.940 1496 1614 I ActivityManagerTiming: OnBootPhase_1000_com.android.server.os.DeviceIdentifiersPolicyService
03-14 03:51:04.940 1496 1614 I ActivityManagerTiming: OnBootPhase_1000_com.android.server.uri.UriGrantsManagerService$Lifecycle
03-14 03:51:04.940 1496 1614 I ActivityManagerTiming: OnBootPhase_1000_com.android.server.powerstats.PowerStatsService
03-14 03:51:04.940 1496 1614 E PowerStatsService: Failed to start PowerStatsService loggers
03-14 03:51:04.940 1496 1614 I ActivityManagerTiming: OnBootPhase_1000_com.android.server.wm.ActivityTaskManagerService$Lifecycle
03-14 03:51:04.940 1496 1614 I ActivityManagerTiming: OnBootPhase_1000_com.android.server.am.ActivityManagerService$Lifecycle
03-14 03:51:04.940 1496 1614 I ActivityManagerTiming: OnBootPhase_1000_com.android.server.pm.DataLoaderManagerService
03-14 03:51:04.940 1496 1614 I ActivityManagerTiming: OnBootPhase_1000_com.android.server.power.PowerManagerService
03-14 03:51:04.940 1496 1614 I ActivityManagerTiming: OnBootPhase_1000_com.android.server.power.ThermalManagerService
03-14 03:51:04.940 1496 1614 I ActivityManagerTiming: OnBootPhase_1000_com.android.server.power.hint.HintManagerService
03-14 03:51:04.940 1496 1614 I ActivityManagerTiming: OnBootPhase_1000_com.android.server.recoverysystem.RecoverySystemService$Lifecycle
03-14 03:51:04.940 1496 1614 I ActivityManagerTiming: OnBootPhase_1000_com.android.server.lights.LightsService
03-14 03:51:04.940 1496 1614 I ActivityManagerTiming: OnBootPhase_1000_com.android.server.display.DisplayManagerService
01-01 08:00:14.720 0 0 D cnss : Received QMI WLFW pin connect result indication
03-14 03:51:04.940 1496 1638 V DisplayPowerController[0]: Brightness [1.0] reason changing to: 'manual', previous reason: 'override'.
01-01 08:00:14.720 0 0 D cnss : Pin connect Result: pwr_pin: 0x0 phy_io_pin: 0x0 rf_io_pin: 0x2b
01-01 08:00:14.720 0 0 D cnss : Received QMI WLFW calibration done indication
01-01 08:00:14.721 0 0 D cnss : Posting event: COLD_BOOT_CAL_DONE(6), state: 0xf flags: 0x0
01-01 08:00:14.721 0 0 D cnss : PM stay awake, state: 0xf, count: 1
01-01 08:00:14.721 0 0 D cnss : PM relax, state: 0xf, count: 0
01-01 08:00:14.721 0 0 D cnss : Received QMI WLFW FW ready indication
01-01 08:00:14.721 0 0 D cnss : Posting event: COLD_BOOT_CAL_DONE(6), state: 0xf flags: 0x0
01-01 08:00:14.721 0 0 D cnss : PM stay awake, state: 0xf, count: 1
01-01 08:00:14.721 0 0 D cnss : PM relax, state: 0xf, count: 0
01-01 08:00:14.721 0 0 D cnss : PM stay awake, state: 0xf, count: 1
01-01 08:00:14.721 0 0 D cnss : Processing driver event: COLD_BOOT_CAL_DONE(6), state: 0xf
01-01 08:00:14.721 0 0 D cnss : Calibration completed successfully
01-01 08:00:14.721 0 0 D cnss : Sending mode message, mode: OFF(4), state: 0xf
01-01 08:00:14.724 0 0 D cnss : Skip driver remove
03-14 03:51:04.941 1496 1614 I ActivityManagerTiming: OnBootPhase_1000_com.android.server.pm.verify.domain.DomainVerificationService
01-01 08:00:14.724 0 0 D cnss : Read register offset 0x1f8031c, val = 0x2
03-14 03:51:04.941 1496 1614 I ActivityManagerTiming: OnBootPhase_1000_com.android.server.pm.PackageInstallerService$Lifecycle
03-14 03:51:04.941 1496 1614 I ActivityManagerTiming: OnBootPhase_1000_com.android.server.pm.UserManagerService$LifeCycle
03-14 03:51:04.941 1496 1614 I ActivityManagerTiming: OnBootPhase_1000_com.android.server.om.OverlayManagerService
03-14 03:51:04.941 1496 1614 I ActivityManagerTiming: OnBootPhase_1000_com.android.server.SensorPrivacyService
03-14 03:51:04.941 1496 1614 I ActivityManagerTiming: OnBootPhase_1000_com.android.server.thunderperf.ThunderBoostPerfService
03-14 03:51:04.941 1496 1614 I ActivityManagerTiming: OnBootPhase_1000_com.android.server.sensors.SensorService
03-14 03:51:04.941 1496 1614 I ActivityManagerTiming: OnBootPhase_1000_com.android.server.SystemConfigService
03-14 03:51:04.941 1496 1614 I ActivityManagerTiming: OnBootPhase_1000_com.android.server.BatteryService
03-14 03:51:04.941 1496 1614 I ActivityManagerTiming: OnBootPhase_1000_com.android.server.usage.UsageStatsService
03-14 03:51:04.941 1496 1614 I ActivityManagerTiming: OnBootPhase_1000_com.android.server.webkit.WebViewUpdateService
03-14 03:51:04.941 1496 1614 I ActivityManagerTiming: OnBootPhase_1000_com.android.server.CachedDeviceStateService
03-14 03:51:04.941 1496 1614 I ActivityManagerTiming: OnBootPhase_1000_com.android.server.BinderCallsStatsService$LifeCycle
03-14 03:51:04.941 1496 1614 I ActivityManagerTiming: OnBootPhase_1000_com.android.server.LooperStatsService$Lifecycle
03-14 03:51:04.941 1496 1614 I ActivityManagerTiming: OnBootPhase_1000_com.android.server.rollback.RollbackManagerService
03-14 03:51:04.941 1496 1614 I ActivityManagerTiming: OnBootPhase_1000_com.android.server.os.NativeTombstoneManagerService
03-14 03:51:04.942 1496 1614 I ActivityManagerTiming: OnBootPhase_1000_com.android.server.os.BugreportManagerService
03-14 03:51:04.942 1496 1614 I ActivityManagerTiming: OnBootPhase_1000_com.android.server.gpu.GpuService
03-14 03:51:04.942 1496 1699 D RollbackManager: mRollbackLifetimeDurationInMillis=1209600000
01-01 08:00:14.724 0 0 D cnss : Write val 0x3 to register offset 0x1f8031c
01-01 08:00:14.724 0 0 D cnss : WLFW server exiting
01-01 08:00:14.724 0 0 D cnss : Posting event: SERVER_EXIT(1), state: 0x2000f flags: 0x0
01-01 08:00:14.725 0 0 D cnss : Setting MHI state: POWER_OFF(4)
03-14 03:51:04.944 1496 1695 D AppStandbyController: Loading headless system app cache. appIdleEnabled=false
03-14 03:51:04.944 1496 1614 I ActivityManagerTiming: OnBootPhase_1000_com.android.server.security.KeyChainSystemService
03-14 03:51:04.944 1496 1614 I ActivityManagerTiming: OnBootPhase_1000_com.android.server.telecom.TelecomLoaderService
03-14 03:51:04.944 1496 1614 I ActivityManagerTiming: OnBootPhase_1000_com.android.server.accounts.AccountManagerService$Lifecycle
03-14 03:51:04.944 1496 1614 I ActivityManagerTiming: OnBootPhase_1000_com.android.server.content.ContentService$Lifecycle
03-14 03:51:04.944 1496 1614 I ActivityManagerTiming: OnBootPhase_1000_com.android.server.DropBoxManagerService
03-14 03:51:04.944 1496 1614 I ActivityManagerTiming: OnBootPhase_1000_com.android.role.RoleService
03-14 03:51:04.944 1496 1614 I ActivityManagerTiming: OnBootPhase_1000_com.android.server.vibrator.VibratorManagerService$Lifecycle
03-14 03:51:04.944 1496 1614 I ActivityManagerTiming: OnBootPhase_1000_com.android.server.alarm.AlarmManagerService
03-14 03:51:04.944 1496 1614 I ActivityManagerTiming: OnBootPhase_1000_com.android.server.devicestate.DeviceStateManagerService
03-14 03:51:04.944 1496 1614 I ActivityManagerTiming: OnBootPhase_1000_com.android.server.camera.CameraServiceProxy
03-14 03:51:04.948 1496 1614 I ActivityManagerTiming: OnBootPhase_1000_com.android.server.BluetoothService
03-14 03:51:04.948 1496 1614 I ActivityManagerTiming: OnBootPhase_1000_com.android.server.connectivity.IpConnectivityMetrics
03-14 03:51:04.948 1496 1614 I ActivityManagerTiming: OnBootPhase_1000_com.android.server.net.watchlist.NetworkWatchlistService$Lifecycle
03-14 03:51:04.948 1496 1614 I ActivityManagerTiming: OnBootPhase_1000_com.android.server.PinnerService
03-14 03:51:04.948 1496 1614 I ActivityManagerTiming: OnBootPhase_1000_com.google.android.startop.iorap.IorapForwardingService
03-14 03:51:04.948 1496 1614 I ActivityManagerTiming: OnBootPhase_1000_com.android.server.ActivityTriggerService
03-14 03:51:04.948 1496 1614 I ActivityManagerTiming: OnBootPhase_1000_com.android.server.integrity.AppIntegrityManagerService
03-14 03:51:04.948 1496 1614 I ActivityManagerTiming: OnBootPhase_1000_com.android.server.inputmethod.InputMethodManagerService$Lifecycle
03-14 03:51:04.948 1496 1614 I ActivityManagerTiming: OnBootPhase_1000_com.android.server.accessibility.AccessibilityManagerService$Lifecycle
03-14 03:51:04.948 1496 1614 I ActivityManagerTiming: OnBootPhase_1000_com.android.server.StorageManagerService$Lifecycle
03-14 03:51:04.949 1496 1614 I ActivityManagerTiming: OnBootPhase_1000_com.android.server.usage.StorageStatsService$Lifecycle
03-14 03:51:04.949 1496 1614 I ActivityManagerTiming: OnBootPhase_1000_com.android.server.UiModeManagerService
03-14 03:51:04.949 1496 1614 I ActivityManagerTiming: OnBootPhase_1000_com.android.server.locksettings.LockSettingsService$Lifecycle
03-14 03:51:04.949 1496 1614 I ActivityManagerTiming: OnBootPhase_1000_com.android.server.PersistentDataBlockService
03-14 03:51:04.949 1496 1614 I ActivityManagerTiming: OnBootPhase_1000_com.android.server.testharness.TestHarnessModeService
03-14 03:51:04.949 1496 1614 D TestHarnessModeService: Completing Test Harness Mode setup.
03-14 03:51:04.949 1496 1768 D StorageManagerService: Thinking about init, mBootCompleted=true, mDaemonConnected=true
03-14 03:51:04.949 1496 1768 D StorageManagerService: Thinking about reset, mBootCompleted=true, mDaemonConnected=true
03-14 03:51:04.949 1496 1768 I StorageSessionController: Started resetting external storage service...
03-14 03:51:04.949 1496 1768 I StorageSessionController: Finished resetting external storage service
03-14 03:51:04.949 1496 1768 I StorageManagerService: Resetting vold...
03-14 03:51:04.949 1496 1768 I StorageManagerService: Reset vold
03-14 03:51:04.949 522 522 I vold : onUserAdded: 0
03-14 03:51:04.951 1162 1162 I iorapd : iorapd (the prefetchening) readied up
03-14 03:51:04.955 816 816 I auditd : type=1400 audit(0.0:245): avc: denied { read } for comm="Loc_hal_worker" name="u:object_r:vendor_pd_locater_dbg_prop:s0" dev="tmpfs" ino=11768 scontext=u:r:vendor_hal_gnss_qti:s0 tcontext=u:object_r:vendor_pd_locater_dbg_prop:s0 tclass=file permissive=0
01-01 08:00:14.739 0 0 D cnss : Suspending PCI link
03-14 03:51:04.961 1496 1614 I ActivityManagerTiming: OnBootPhase_1000_com.android.server.oemlock.OemLockService
03-14 03:51:04.961 1496 1614 I ActivityManagerTiming: OnBootPhase_1000_com.android.server.DeviceIdleController
03-14 03:51:04.961 1496 1614 I ActivityManagerTiming: OnBootPhase_1000_com.android.server.devicepolicy.DevicePolicyManagerService$Lifecycle
03-14 03:51:04.961 1496 1614 I ActivityManagerTiming: OnBootPhase_1000_com.android.server.texttospeech.TextToSpeechManagerService
03-14 03:51:04.962 1496 1614 I ActivityManagerTiming: OnBootPhase_1000_com.android.server.speech.SpeechRecognitionManagerService
03-14 03:51:04.962 1496 1614 I ActivityManagerTiming: OnBootPhase_1000_com.android.server.searchui.SearchUiManagerService
03-14 03:51:04.962 1496 1614 I ActivityManagerTiming: OnBootPhase_1000_com.android.server.smartspace.SmartspaceManagerService
03-14 03:51:04.962 1496 1614 I ActivityManagerTiming: OnBootPhase_1000_com.android.server.graphics.fonts.FontManagerService$Lifecycle
03-14 03:51:04.962 1496 1614 I ActivityManagerTiming: OnBootPhase_1000_com.android.server.textservices.TextServicesManagerService$Lifecycle
03-14 03:51:04.962 1496 1614 I ActivityManagerTiming: OnBootPhase_1000_com.android.server.textclassifier.TextClassificationManagerService$Lifecycle
03-14 03:51:04.962 1496 1614 I ActivityManagerTiming: OnBootPhase_1000_com.android.server.NetworkScoreService$Lifecycle
03-14 03:51:04.962 1496 1614 I ActivityManagerTiming: OnBootPhase_1000_com.android.server.wifi.WifiService
03-14 03:51:04.962 1496 1614 I ActivityManagerTiming: OnBootPhase_1000_com.android.server.wifi.scanner.WifiScanningService
03-14 03:51:04.962 1496 1614 I ActivityManagerTiming: OnBootPhase_1000_com.android.server.wifi.rtt.RttService
03-14 03:51:04.962 1496 1614 I ActivityManagerTiming: OnBootPhase_1000_com.android.server.wifi.aware.WifiAwareService
03-14 03:51:04.962 1496 1614 I ActivityManagerTiming: OnBootPhase_1000_com.android.server.wifi.p2p.WifiP2pService
03-14 03:51:04.962 1496 1614 I ActivityManagerTiming: OnBootPhase_1000_com.android.server.ethernet.EthernetService
03-14 03:51:04.962 1496 1614 I ActivityManagerTiming: OnBootPhase_1000_com.android.server.ConnectivityServiceInitializer
03-14 03:51:04.962 1496 1614 I ActivityManagerTiming: OnBootPhase_1000_com.android.server.notification.NotificationManagerService
03-14 03:51:04.962 1496 1614 I ActivityManagerTiming: OnBootPhase_1000_com.android.server.storage.DeviceStorageMonitorService
03-14 03:51:04.962 1496 1614 I ActivityManagerTiming: OnBootPhase_1000_com.android.server.location.LocationManagerService$Lifecycle
03-14 03:51:04.962 1496 1614 I ActivityManagerTiming: OnBootPhase_1000_com.android.server.timedetector.TimeDetectorService$Lifecycle
03-14 03:51:04.962 1496 1614 I ActivityManagerTiming: OnBootPhase_1000_com.android.server.timezonedetector.TimeZoneDetectorService$Lifecycle
03-14 03:51:04.962 1496 1614 I ActivityManagerTiming: OnBootPhase_1000_com.android.server.timezonedetector.location.LocationTimeZoneManagerService$Lifecycle
03-14 03:51:04.962 1496 1614 I ActivityManagerTiming: OnBootPhase_1000_com.android.server.search.SearchManagerService$Lifecycle
03-14 03:51:04.962 1496 1614 I ActivityManagerTiming: OnBootPhase_1000_com.android.server.wallpaper.WallpaperManagerService$Lifecycle
03-14 03:51:04.962 1496 1614 I ActivityManagerTiming: OnBootPhase_1000_com.android.server.audio.AudioService$Lifecycle
03-14 03:51:04.962 1496 1614 I ActivityManagerTiming: OnBootPhase_1000_com.android.server.soundtrigger_middleware.SoundTriggerMiddlewareService$Lifecycle
03-14 03:51:04.962 1496 1614 I ActivityManagerTiming: OnBootPhase_1000_com.android.server.DockObserver
03-14 03:51:04.962 1496 1614 I ActivityManagerTiming: OnBootPhase_1000_com.android.server.midi.MidiService$Lifecycle
03-14 03:51:04.962 1496 1614 I ActivityManagerTiming: OnBootPhase_1000_com.android.server.adb.AdbService$Lifecycle
03-14 03:51:04.962 1496 1614 I ActivityManagerTiming: OnBootPhase_1000_com.android.server.usb.UsbService$Lifecycle
03-14 03:51:04.962 1496 1614 I ActivityManagerTiming: OnBootPhase_1000_com.android.server.twilight.TwilightService
03-14 03:51:04.963 1496 1496 I notification_enqueue: [1000,1496,android,26,NULL,-1,Notification(channel=DEVELOPER_IMPORTANT shortcut=null contentView=null vibrate=null sound=null tick defaults=0x0 flags=0x2 color=0x00000000 vis=PUBLIC),0]
01-01 08:00:14.747 0 0 I msm_pcie_disable: PCIe: Assert the reset of endpoint of RC0.
01-01 08:00:14.747 0 0 D cnss : Setting MHI state: DEINIT(1)
01-01 08:00:14.747 0 0 D cnss : De-assert WLAN_EN GPIO successfully
01-01 08:00:14.747 0 0 D cnss : Regulator vdd-wlan-rfa2 is being disabled
01-01 08:00:14.747 0 0 D cnss : Regulator vdd-wlan-rfa1 is being disabled
01-01 08:00:14.747 0 0 D cnss : Regulator vdd-wlan-dig is being disabled
01-01 08:00:14.747 0 0 D cnss : Regulator vdd-wlan-aon is being disabled
01-01 08:00:14.747 0 0 D cnss : Regulator wlan-ant-switch is being disabled
01-01 08:00:14.747 0 0 D cnss : Regulator vdd-wlan-io is being disabled
03-14 03:51:04.964 1496 1614 I ActivityManagerTiming: OnBootPhase_1000_com.android.server.display.color.ColorDisplayService
03-14 03:51:04.964 1496 1614 I ActivityManagerTiming: OnBootPhase_1000_com.android.server.job.JobSchedulerService
03-14 03:51:04.964 1496 1614 I ActivityManagerTiming: OnBootPhase_1000_com.android.server.soundtrigger.SoundTriggerService
03-14 03:51:04.964 1496 1614 D SoundTriggerService: onBootPhase: 1000 : false
03-14 03:51:04.964 1496 1614 I ActivityManagerTiming: OnBootPhase_1000_com.android.server.trust.TrustManagerService
03-14 03:51:04.964 1496 1614 I ActivityManagerTiming: OnBootPhase_1000_com.android.server.backup.BackupManagerService$Lifecycle
03-14 03:51:04.964 1496 1614 I ActivityManagerTiming: OnBootPhase_1000_com.android.server.appwidget.AppWidgetService
03-14 03:51:04.964 1496 1614 I ActivityManagerTiming: OnBootPhase_1000_com.android.server.voiceinteraction.VoiceInteractionManagerService
03-14 03:51:04.964 1496 1614 I ActivityManagerTiming: OnBootPhase_1000_com.android.server.apphibernation.AppHibernationService
03-14 03:51:04.964 1496 1614 I ActivityManagerTiming: OnBootPhase_1000_com.android.server.SensorNotificationService
03-14 03:51:04.965 1496 1614 D CompatibilityChangeReporter: Compat change id reported: 168936375; UID 1000; state: ENABLED
03-14 03:51:04.965 1496 2665 I HibernationStateDiskStore: No hibernation file on disk for file /data/system/hibernation/states
03-14 03:51:04.965 1496 1614 D CompatibilityChangeReporter: Compat change id reported: 168936375; UID 1000; state: DISABLED
03-14 03:51:04.966 1496 1614 D CompatibilityChangeReporter: Compat change id reported: 73144566; UID 1000; state: ENABLED
03-14 03:51:04.966 1496 1614 D CompatibilityChangeReporter: Compat change id reported: 73144566; UID 1000; state: DISABLED
03-14 03:51:04.966 1496 1614 I ActivityManagerTiming: OnBootPhase_1000_com.android.server.emergency.EmergencyAffordanceService
03-14 03:51:04.966 1496 1614 I ActivityManagerTiming: OnBootPhase_1000_com.android.server.blob.BlobStoreManagerService
03-14 03:51:04.966 1496 1614 I ActivityManagerTiming: OnBootPhase_1000_com.android.server.dreams.DreamManagerService
03-14 03:51:04.967 1496 1614 I ActivityManagerTiming: OnBootPhase_1000_com.android.server.companion.CompanionDeviceManagerService
03-14 03:51:04.967 1496 1614 I ActivityManagerTiming: OnBootPhase_1000_com.android.server.restrictions.RestrictionsManagerService
03-14 03:51:04.967 1496 1614 I ActivityManagerTiming: OnBootPhase_1000_com.android.server.media.MediaSessionService
03-14 03:51:04.967 1496 2664 D AdbDebuggingManager: Received public key: QAAAAG97JpZxvIK4efE+NkcibYsENv1AxVG7RRQH5Z9frNxNkoPFpKfjjSwJKUy7DkhDRdIrjvIkgAB2Z+1ObkoCdsjGjbXFFOtUvtK/aUBBUOvjzr2ROKhQipeWtk10CSKhUimdFU2hT0Rs0qwCdntCr3x5zJ4D5JSD6F1r6OUVgVb7bmEUeuoiN7mvj8t1vmU/tRQ7oz4IOVlp1oKMc+zob0xQ3VCKxFmqqSty3dqiV/LOxclbMZHcN0JpgoA5dBlSbr5sRxDNvUqtOMPUiY5SlFHUIvjEU6wYaGxsFCigO4a3KEnUVHwLek/I51oZuLLTEVxSkoClfe8stOhL29qUlncXKomlO5Xrd6KeSI8HacwG00YG89yDMyCsuH1xfPqhftaU+mjENo4dR0lk5OQa5B5djZS6jyWPNT1ALdwEBjZs3E1a/c4l+YcevTMwVH32ud9imhSmc0J+sq1CkmBn4ICCzb7TUKzPSPVJoDZkRlGOJQn603sSTSw91R76MlPLSxNMURaiKBGhIrQViJZge/2PSbLv/UVBmN7qjXa/88JhNrJ5mIWQEvbAu26cSbu6E2608g1IH4y3vMbJDQ4nIjgz1W9LXekLPuD3BdHUTzLDWLiOMXpM+K86701fRvWt5RWYynOwHXNPdQx/ArXANQhvVeKl52s5/tWusvFP1YON03wfHQEAAQA= thundersoft@DESKTOP-17ME0V2
03-14 03:51:04.967 1496 1611 D AdbDebuggingManager: Logging key QAAAAG97JpZxvIK4efE+NkcibYsENv1AxVG7RRQH5Z9frNxNkoPFpKfjjSwJKUy7DkhDRdIrjvIkgAB2Z+1ObkoCdsjGjbXFFOtUvtK/aUBBUOvjzr2ROKhQipeWtk10CSKhUimdFU2hT0Rs0qwCdntCr3x5zJ4D5JSD6F1r6OUVgVb7bmEUeuoiN7mvj8t1vmU/tRQ7oz4IOVlp1oKMc+zob0xQ3VCKxFmqqSty3dqiV/LOxclbMZHcN0JpgoA5dBlSbr5sRxDNvUqtOMPUiY5SlFHUIvjEU6wYaGxsFCigO4a3KEnUVHwLek/I51oZuLLTEVxSkoClfe8stOhL29qUlncXKomlO5Xrd6KeSI8HacwG00YG89yDMyCsuH1xfPqhftaU+mjENo4dR0lk5OQa5B5djZS6jyWPNT1ALdwEBjZs3E1a/c4l+YcevTMwVH32ud9imhSmc0J+sq1CkmBn4ICCzb7TUKzPSPVJoDZkRlGOJQn603sSTSw91R76MlPLSxNMURaiKBGhIrQViJZge/2PSbLv/UVBmN7qjXa/88JhNrJ5mIWQEvbAu26cSbu6E2608g1IH4y3vMbJDQ4nIjgz1W9LXekLPuD3BdHUTzLDWLiOMXpM+K86701fRvWt5RWYynOwHXNPdQx/ArXANQhvVeKl52s5/tWusvFP1YON03wfHQEAAQA= thundersoft@DESKTOP-17ME0V2, state = 1, alwaysAllow = false, lastConnectionTime = 0, authWindow = 604800000
03-14 03:51:04.967 1496 1614 I ActivityManagerTiming: OnBootPhase_1000_com.android.server.media.MediaResourceMonitorService
03-14 03:51:04.967 1496 1614 I ActivityManagerTiming: OnBootPhase_1000_com.android.server.biometrics.sensors.fingerprint.FingerprintService
03-14 03:51:04.967 1496 1614 I ActivityManagerTiming: OnBootPhase_1000_com.android.server.biometrics.BiometricService
03-14 03:51:04.967 1496 1614 I ActivityManagerTiming: OnBootPhase_1000_com.android.server.biometrics.AuthService
03-14 03:51:04.967 1496 1614 I ActivityManagerTiming: OnBootPhase_1000_com.android.server.pm.ShortcutService$Lifecycle
03-14 03:51:04.967 1496 1614 I ActivityManagerTiming: OnBootPhase_1000_com.android.server.pm.LauncherAppsService
03-14 03:51:04.967 1496 1614 I ActivityManagerTiming: OnBootPhase_1000_com.android.server.pm.CrossProfileAppsService
03-14 03:51:04.967 1496 1614 I ActivityManagerTiming: OnBootPhase_1000_com.android.server.people.PeopleService
03-14 03:51:04.967 1496 1614 I ActivityManagerTiming: OnBootPhase_1000_com.android.server.media.metrics.MediaMetricsManagerService
03-14 03:51:04.967 1496 1614 I ActivityManagerTiming: OnBootPhase_1000_com.android.server.media.projection.MediaProjectionManagerService
03-14 03:51:04.967 1496 1614 I ActivityManagerTiming: OnBootPhase_1000_com.android.server.slice.SliceManagerService$Lifecycle
03-14 03:51:04.967 1496 1614 I ActivityManagerTiming: OnBootPhase_1000_com.android.server.stats.StatsCompanion$Lifecycle
03-14 03:51:04.967 1496 1614 I ActivityManagerTiming: OnBootPhase_1000_com.android.server.scheduling.RebootReadinessManagerService$Lifecycle
03-14 03:51:04.967 1496 1614 I ActivityManagerTiming: OnBootPhase_1000_com.android.server.stats.pull.StatsPullAtomService
03-14 03:51:04.967 1496 1614 I ActivityManagerTiming: OnBootPhase_1000_com.android.server.incident.IncidentCompanionService
03-14 03:51:04.967 1496 1614 I ActivityManagerTiming: OnBootPhase_1000_com.android.server.MmsServiceBroker
03-14 03:51:04.967 1496 1614 I ActivityManagerTiming: OnBootPhase_1000_com.android.server.autofill.AutofillManagerService
03-14 03:51:04.968 1496 1614 I ActivityManagerTiming: OnBootPhase_1000_com.android.server.clipboard.ClipboardService
03-14 03:51:04.968 1496 1614 I ActivityManagerTiming: OnBootPhase_1000_com.android.server.appbinding.AppBindingService$Lifecycle
03-14 03:51:04.968 1496 1614 I ActivityManagerTiming: OnBootPhase_1000_com.android.server.tracing.TracingServiceProxy
03-14 03:51:04.968 1496 1614 I ActivityManagerTiming: OnBootPhase_1000_com.android.server.policy.PermissionPolicyService
03-14 03:51:04.968 1496 1614 I ActivityManagerTiming: OnBootPhase_1000_com.android.server.pm.StagingManager$Lifecycle
03-14 03:51:04.968 1496 1614 I ActivityManagerTiming: OnBootPhase_1000_com.android.server.app.GameManagerService$Lifecycle
03-14 03:51:04.968 1496 1614 D GameManagerService: onBootCompleted
03-14 03:51:04.968 1496 1614 I ActivityManagerTiming: OnBootPhase_1000_com.android.server.appsearch.AppSearchManagerService
03-14 03:51:04.969 1496 1614 I ActivityManagerTiming: OnBootPhase_1000_com.android.server.media.MediaCommunicationService
03-14 03:51:04.969 1496 1614 D ActivityManagerTiming: TotalBootTime took to complete: 3647ms
03-14 03:51:04.969 1496 1614 D SystemServerInitThreadPool: Shutdown requested
03-14 03:51:04.969 1496 1614 I SystemServerTiming: WaitInitThreadPoolShutdown
03-14 03:51:04.970 1496 1614 D SystemServerInitThreadPool: Shutdown successful
03-14 03:51:04.971 1496 1614 I uc_finish_user_boot: 0
03-14 03:51:04.971 1496 1614 I ActivityManager: User 0 state changed from BOOTING to RUNNING_LOCKED
03-14 03:51:04.971 1496 1614 I am_user_state_changed: [0,1]
03-14 03:51:04.971 1496 1614 W ActivityManager: UserLifecycleEvent 4 received without an active userJourneySession.
03-14 03:51:04.974 1496 1614 I uc_send_user_broadcast: [0,android.intent.action.LOCKED_BOOT_COMPLETED]
03-14 03:51:04.974 1496 1614 D StorageManagerService: unlockUserKey: 0 isFileEncryptedNativeOrEmulated: true hasToken: false hasSecret: false
03-14 03:51:04.974 522 522 D vold : fscrypt_unlock_user_key 0 serial=0
03-14 03:51:04.975 1496 1611 I thunderperf: PlatormCompat.setOverrides: Uid1=1000 Pid1=1496 Uid2=1000 Pid2=1496
03-14 03:51:04.975 1496 1611 I thunderperf: PlatormCompat.setOverrides: needCheck:false
03-14 03:51:04.975 1496 1611 I thunderperf: CompatConfig.addOverrideUnsafe: bef-state=0
03-14 03:51:04.975 522 522 D vold : Trying user CE key /data/misc/vold/user_keys/ce/0/current
03-14 03:51:04.975 1496 1611 I thunderperf: CompatConfig.addOverrideUnsafe: aft-state=0
03-14 03:51:04.976 1496 1611 I thunderperf: CompatConfig.addOverrideUnsafe: bef-state=0
03-14 03:51:04.976 1496 1611 I thunderperf: CompatConfig.addOverrideUnsafe: aft-state=0
03-14 03:51:04.976 1496 1611 I thunderperf: CompatConfig.addOverrideUnsafe: bef-state=0
03-14 03:51:04.976 1496 1611 I thunderperf: CompatConfig.addOverrideUnsafe: aft-state=0
03-14 03:51:04.976 1496 1611 I thunderperf: CompatConfig.addOverrideUnsafe: bef-state=0
03-14 03:51:04.976 1496 1611 I thunderperf: CompatConfig.addOverrideUnsafe: aft-state=0
03-14 03:51:04.976 1496 1611 I thunderperf: CompatConfig.addOverrideUnsafe: bef-state=0
03-14 03:51:04.976 1496 1611 I thunderperf: CompatConfig.addOverrideUnsafe: aft-state=0
03-14 03:51:04.976 1496 1611 I thunderperf: CompatConfig.addOverrideUnsafe: bef-state=0
03-14 03:51:04.976 1496 1611 I thunderperf: CompatConfig.addOverrideUnsafe: aft-state=0
03-14 03:51:04.977 1496 1611 I thunderperf: CompatConfig.addOverrideUnsafe: bef-state=0
03-14 03:51:04.977 1496 1611 I thunderperf: CompatConfig.addOverrideUnsafe: aft-state=0
03-14 03:51:04.977 1496 1611 I thunderperf: CompatConfig.addOverrideUnsafe: bef-state=0
03-14 03:51:04.977 1496 1611 I thunderperf: CompatConfig.addOverrideUnsafe: aft-state=0
03-14 03:51:04.978 1496 1611 I thunderperf: CompatConfig.addOverrideUnsafe: bef-state=0
03-14 03:51:04.978 1496 1611 I thunderperf: CompatConfig.addOverrideUnsafe: aft-state=0
03-14 03:51:04.978 1496 1611 I thunderperf: CompatConfig.addOverrideUnsafe: bef-state=0
03-14 03:51:04.978 1496 1611 I thunderperf: CompatConfig.addOverrideUnsafe: aft-state=0
03-14 03:51:04.978 1496 1611 I thunderperf: CompatConfig.addOverrideUnsafe: bef-state=0
03-14 03:51:04.978 1496 1611 I thunderperf: CompatConfig.addOverrideUnsafe: aft-state=0
03-14 03:51:04.978 1496 1611 I thunderperf: CompatConfig.addOverrideUnsafe: bef-state=0
03-14 03:51:04.978 1496 1611 I thunderperf: CompatConfig.addOverrideUnsafe: aft-state=0
03-14 03:51:04.978 1496 1611 I thunderperf: CompatConfig.addOverrideUnsafe: bef-state=0
03-14 03:51:04.978 1496 1611 I thunderperf: CompatConfig.addOverrideUnsafe: aft-state=0
03-14 03:51:04.979 1496 1611 I thunderperf: CompatConfig.addOverrideUnsafe: bef-state=0
03-14 03:51:04.979 1496 1611 I thunderperf: CompatConfig.addOverrideUnsafe: aft-state=0
03-14 03:51:04.980 1496 1611 I ActivityTaskManager: START u0 {flg=0x10000000 cmp=com.android.systemui/.usb.UsbDebuggingActivity (has extras)} from uid 1000
03-14 03:51:04.982 522 522 D vold : Successfully retrieved key
03-14 03:51:04.982 1496 1611 I wm_task_created: [8,-1]
03-14 03:51:04.982 1496 1611 W ActivityTaskManager: Can't find TaskDisplayArea to determine support for multi window. Task id=8 attached=false
03-14 03:51:04.984 1496 1611 D CompatibilityChangeReporter: Compat change id reported: 174042980; UID 10078; state: DISABLED
03-14 03:51:04.984 1496 1611 D CompatibilityChangeReporter: Compat change id reported: 184838306; UID 10078; state: DISABLED
03-14 03:51:04.984 1496 1611 D CompatibilityChangeReporter: Compat change id reported: 185004937; UID 10078; state: DISABLED
03-14 03:51:04.985 2671 2671 F libc : Fatal signal 6 (SIGABRT), code -1 (SI_QUEUE) in tid 2671 (init), pid 2671 (init)
03-14 03:51:04.985 1496 1611 D CompatibilityChangeReporter: Compat change id reported: 181136395; UID 10078; state: DISABLED
03-14 03:51:04.985 1496 1611 D CompatibilityChangeReporter: Compat change id reported: 174042936; UID 10078; state: DISABLED
03-14 03:51:04.985 1496 1611 I wm_task_moved: [8,1,6]
03-14 03:51:04.985 1496 1611 I wm_task_to_front: [0,8]
03-14 03:51:04.986 1496 1611 I wm_create_task: [0,8]
03-14 03:51:04.986 1496 1611 I wm_create_activity: [0,239644355,8,com.android.systemui/.usb.UsbDebuggingActivity,NULL,NULL,NULL,276824064]
03-14 03:51:04.986 1496 1611 I wm_task_moved: [8,1,6]
03-14 03:51:04.986 2405 2405 I wm_on_top_resumed_lost_called: [18514794,com.android.settings.FallbackHome,topStateChangedWhenResumed]
03-14 03:51:04.987 1496 1611 I wm_pause_activity: [0,18514794,com.android.settings/.FallbackHome,userLeaving=true,pauseBackTasks]
03-14 03:51:04.989 522 522 D vold : Installed fscrypt key with ref f8545a209f208f2988ac67059d4821b0 to /data
03-14 03:51:04.989 522 522 D vold : Added fscrypt-provisioning key for f8545a209f208f2988ac67059d4821b0 to session keyring
03-14 03:51:04.989 522 522 D vold : Installed ce key for user 0
03-14 03:51:04.989 1496 1614 I uc_finish_user_unlocking: 0
03-14 03:51:04.989 1496 1614 W ActivityManager: UserLifecycleEvent 5 received without an active userJourneySession.
03-14 03:51:04.989 1496 1614 D ActivityManager: Started unlocking user 0
03-14 03:51:04.989 1496 1614 D ActivityManager: Unlocking user 0 progress 0
03-14 03:51:04.989 1496 1614 D ActivityManager: Unlocking user 0 progress 5
03-14 03:51:04.990 522 522 D vold : fscrypt_prepare_user_storage for volume null, user 0, serial 0, flags 2
03-14 03:51:04.990 522 522 D vold : Preparing: /data/system_ce/0
03-14 03:51:04.990 522 522 D vold : Preparing: /data/misc_ce/0
03-14 03:51:04.990 522 522 D vold : Preparing: /data/vendor_ce/0
03-14 03:51:04.991 1496 1614 D ColorDisplayService: setUp: currentUser=0
03-14 03:51:04.992 2405 2405 I wm_on_paused_called: [18514794,com.android.settings.FallbackHome,performPause]
03-14 03:51:04.993 522 522 D vold : Preparing: /data/media/0
03-14 03:51:04.993 1496 1621 D CompatibilityChangeReporter: Compat change id reported: 168419799; UID 10081; state: DISABLED
03-14 03:51:04.994 1496 1907 I ActivityTaskManager: FOREGROUND_APPLICATION_CHANGED to com.android.systemui.usb.UsbDebuggingActivity
03-14 03:51:04.994 522 522 D vold : Preparing: /data/data
03-14 03:51:04.994 522 522 I vold : Verified that /data/system_ce/0 has the encryption policy f8545a209f208f2988ac67059d4821b0 v2 modes 1/4 flags 0xa
03-14 03:51:04.994 522 522 I vold : Verified that /data/misc_ce/0 has the encryption policy f8545a209f208f2988ac67059d4821b0 v2 modes 1/4 flags 0xa
03-14 03:51:04.994 522 522 I vold : Verified that /data/vendor_ce/0 has the encryption policy f8545a209f208f2988ac67059d4821b0 v2 modes 1/4 flags 0xa
03-14 03:51:04.994 522 522 I vold : Verified that /data/media/0 has the encryption policy f8545a209f208f2988ac67059d4821b0 v2 modes 1/4 flags 0xa
03-14 03:51:04.994 522 522 I vold : Verified that /data/data has the encryption policy f8545a209f208f2988ac67059d4821b0 v2 modes 1/4 flags 0xa
03-14 03:51:04.994 522 522 D vold : Starting restorecon of /data/system_ce/0
03-14 03:51:04.995 1496 1907 I ActivityTaskManager: The Process com.android.systemui Already Exists in BG. So sending its PID: 2011
03-14 03:51:04.995 1496 1907 I wm_restart_activity: [0,239644355,8,com.android.systemui/.usb.UsbDebuggingActivity]
03-14 03:51:04.996 1496 1907 I wm_set_resumed_activity: [0,com.android.systemui/.usb.UsbDebuggingActivity,minimalResumeActivityLocked]
03-14 03:51:04.997 1496 1907 D CompatibilityChangeReporter: Compat change id reported: 181136395; UID 1000; state: DISABLED
03-14 03:51:04.997 1496 1907 D CompatibilityChangeReporter: Compat change id reported: 174042936; UID 1000; state: DISABLED
03-14 03:51:04.997 522 522 D vold : Finished restorecon of /data/system_ce/0
03-14 03:51:04.997 522 522 D vold : Starting restorecon of /data/vendor_ce/0
03-14 03:51:04.997 1496 1907 D CompatibilityChangeReporter: Compat change id reported: 174042980; UID 1000; state: DISABLED
03-14 03:51:04.995 2675 2675 I auditd : type=1400 audit(0.0:246): avc: denied { ptrace } for comm="crash_dump64" scontext=u:r:crash_dump:s0 tcontext=u:r:init:s0 tclass=process permissive=0
03-14 03:51:04.999 1496 2142 I am_uid_running: 10070
03-14 03:51:05.000 1496 2142 D CompatibilityChangeReporter: Compat change id reported: 135634846; UID 10070; state: DISABLED
03-14 03:51:05.000 2671 2671 F libc : crash_dump helper failed to exec, or was killed
03-14 03:51:05.000 1496 2142 D CompatibilityChangeReporter: Compat change id reported: 177438394; UID 10070; state: DISABLED
03-14 03:51:05.000 522 522 D vold : Finished restorecon of /data/vendor_ce/0
03-14 03:51:05.000 1496 2142 D CompatibilityChangeReporter: Compat change id reported: 135772972; UID 10070; state: DISABLED
03-14 03:51:05.000 522 522 D vold : Starting restorecon of /data/misc_ce/0
03-14 03:51:05.000 1496 2142 D CompatibilityChangeReporter: Compat change id reported: 135754954; UID 10070; state: ENABLED
03-14 03:51:05.000 1496 1622 D CompatibilityChangeReporter: Compat change id reported: 143937733; UID 10070; state: ENABLED
03-14 03:51:05.000 1496 1614 D ColorDisplayService: onNightDisplayAutoModeChanged: autoMode=0
03-14 03:51:05.000 1496 1614 I ColorDisplayService: Turning off night display
03-14 03:51:05.000 1496 1614 D ColorDisplayService: Setting bright color reduction level: 50
03-14 03:51:05.001 1496 1638 V DisplayPowerController[0]: Brightness [1.0] manual adjustment.
03-14 03:51:05.002 1496 1614 I sysui_multi_action: [757,803,799,window_time_0,802,3]
03-14 03:51:05.003 522 522 D vold : Finished restorecon of /data/misc_ce/0
03-14 03:51:05.003 522 522 D vold : /system/bin/vold_prepare_subdirs
03-14 03:51:05.003 522 522 D vold : prepare
03-14 03:51:05.003 522 522 D vold :
03-14 03:51:05.003 522 522 D vold : 0
03-14 03:51:05.003 522 522 D vold : 2
03-14 03:51:05.009 1496 1622 I am_proc_start: [0,2682,10070,com.qualcomm.location,broadcast,{com.qualcomm.location/com.qualcomm.location.LocationServiceReceiver}]
03-14 03:51:05.009 1496 1622 I ActivityManager: Start proc 2682:com.qualcomm.location/u0a70 for broadcast {com.qualcomm.location/com.qualcomm.location.LocationServiceReceiver}
03-14 03:51:05.012 1496 2142 D Fingerprint21: Daemon was null, reconnecting, current operation: null
03-14 03:51:05.013 1496 2142 D Fingerprint21: Fingerprint HAL ready, HAL ID: 5326416
03-14 03:51:05.014 1496 1496 D BiometricScheduler/Fingerprint21: [Added] {[0] FingerprintUpdateActiveUserClient, proto=1, owner=android, cookie=0, requestId=-1, userId=0}, new queue size: 1
03-14 03:51:05.014 1496 1496 D BiometricScheduler/Fingerprint21: [Polled] {[0] FingerprintUpdateActiveUserClient, proto=1, owner=android, cookie=0, requestId=-1, userId=0}, State: 0
03-14 03:51:05.014 1496 1496 D BiometricScheduler/Fingerprint21: [Starting] {[0] FingerprintUpdateActiveUserClient, proto=1, owner=android, cookie=0, requestId=-1, userId=0}, State: 0
03-14 03:51:05.014 1496 1496 D BiometricScheduler/Fingerprint21: [Started] {[0] FingerprintUpdateActiveUserClient, proto=1, owner=android, cookie=0, requestId=-1, userId=0}
01-01 08:00:14.764 0 0 W : Boot completed
01-01 08:00:14.797 0 0 D qbt : qbt_open: entry minor_no=0 fd_available=1
01-01 08:00:14.797 0 0 D qbt : qbt_open: exit : 0 fd_available=0
01-01 08:00:14.797 0 0 D qbt : qbt_open: entry minor_no=1 fd_available=0
01-01 08:00:14.797 0 0 D qbt : qbt_open: exit : 0 fd_available=0
01-01 08:00:14.797 0 0 D qbt : qbt_ioctl: cmd received 107
01-01 08:00:14.797 0 0 D qbt : qbt_ioctl: Acquiring wakelock
01-01 08:00:14.803 0 0 D cnss : Processing driver event: COLD_BOOT_CAL_DONE(6), state: 0x20001
01-01 08:00:14.803 0 0 D cnss : Processing driver event: SERVER_EXIT(1), state: 0x20001
01-01 08:00:14.803 0 0 I cnss : QMI WLFW service disconnected, state: 0x20000
01-01 08:00:14.803 0 0 D cnss : PM relax, state: 0x0, count: 0
01-01 08:00:14.803 0 0 D cnss : PM stay awake, state: 0x0, count: 1
01-01 08:00:14.803 0 0 D cnss : PM relax, state: 0x0, count: 0
01-01 08:00:14.803 0 0 D cnss : Posting event: REGISTER_DRIVER(7)-sync, state: 0x0 flags: 0x5
01-01 08:00:14.803 0 0 D cnss : PM stay awake, state: 0x0, count: 1
01-01 08:00:14.804 0 0 D cnss : Processing driver event: REGISTER_DRIVER-sync(7), state: 0x0
01-01 08:00:14.804 0 0 D cnss : Regulator vdd-wlan-io is being enabled
01-01 08:00:14.804 0 0 D cnss : Regulator wlan-ant-switch is being enabled
01-01 08:00:14.804 0 0 D cnss : Regulator vdd-wlan-aon is being enabled
01-01 08:00:14.804 0 0 D cnss : Regulator vdd-wlan-dig is being enabled
01-01 08:00:14.804 0 0 D cnss : Regulator vdd-wlan-rfa1 is being enabled
01-01 08:00:14.804 0 0 D cnss : Regulator vdd-wlan-rfa2 is being enabled
01-01 08:00:14.804 0 0 D cnss : BT_EN_GPIO State: On
01-01 08:00:14.805 0 0 D cnss : Assert WLAN_EN GPIO successfully
01-01 08:00:14.805 0 0 D cnss : Resuming PCI link
01-01 08:00:14.805 0 0 I msm_pcie_enable: PCIe: Assert the reset of endpoint of RC0.
01-01 08:00:14.806 0 0 W QSEECOM : qseecom_load_app: App (fingerpr) does'nt exist, loading apps for first time
01-01 08:00:14.809 0 0 I msm_pcie_enable: PCIe: RC0: PCIE20_PARF_INT_ALL_MASK: 0x7f80d202
03-14 03:51:05.029 1496 1611 V UserDataPreparer: Found /data/user/0 with serial number 0
03-14 03:51:05.029 1496 1611 V UserDataPreparer: Found /data/system_ce/0 with serial number 0
03-14 03:51:05.029 1496 1611 D UserDataPreparer: Setting property: sys.user.0.ce_available=true
01-01 08:00:14.812 0 0 I pcie_phy_init: PCIe RC0 PHY is ready!
01-01 08:00:14.815 0 0 I binder : 2682:2682 ioctl 40046210 7fe20508a4 returned -22
03-14 03:51:05.029 1496 1611 V PackageManager: reconcileAppsData for null u0 0x2 migrateAppData=false
03-14 03:51:05.034 1496 2664 W AdbDebuggingManager: Read failed with count -1
03-14 03:51:05.034 1496 2664 E AdbDebuggingManager: Caught an exception opening the socket: java.io.IOException: Connection refused
01-01 08:00:14.822 0 0 I msm_pcie_enable: PCIe: Release the reset of endpoint of RC0.
03-14 03:51:05.040 1496 2142 I am_proc_bound: [0,2682,com.qualcomm.location]
03-14 03:51:05.041 1496 2142 D CompatibilityChangeReporter: Compat change id reported: 168419799; UID 10070; state: DISABLED
03-14 03:51:05.042 1496 2142 I am_uid_active: 10070
01-01 08:00:14.834 0 0 I init : qssi copy & sync /metadata/vold/metadata_encryption/key/encrypted_key to /persist/key/encrypted_key_bak: No such file or directory
03-14 03:51:05.053 2011 2011 I wm_on_create_called: [239644355,com.android.systemui.usb.UsbDebuggingActivity,performCreate]
03-14 03:51:05.054 2011 2011 I wm_on_start_called: [239644355,com.android.systemui.usb.UsbDebuggingActivity,handleStartActivity]
03-14 03:51:05.055 2011 2011 I wm_on_resume_called: [239644355,com.android.systemui.usb.UsbDebuggingActivity,RESUME_ACTIVITY]
01-01 08:00:14.838 0 0 I msm_pcie_link_train: PCIe RC0 link initialized
01-01 08:00:14.840 0 0 I init : qssi copy & sync /metadata/vold/metadata_encryption/key/keymaster_key_blob to /persist/key/keymaster_key_blob_bak: No such file or directory
03-14 03:51:05.057 2011 2011 I wm_on_top_resumed_gained_called: [239644355,com.android.systemui.usb.UsbDebuggingActivity,topStateChangedWhenResumed]
01-01 08:00:14.841 0 0 I init : qssi copy & sync /metadata/vold/metadata_encryption/key/secdiscardable to /persist/key/secdiscardable_bak: No such file or directory
01-01 08:00:14.843 0 0 I init : qssi copy & sync /metadata/vold/metadata_encryption/key/stretching to /persist/key/stretching_bak: No such file or directory
01-01 08:00:14.845 0 0 I init : qssi copy & sync /metadata/vold/metadata_encryption/key/version to /persist/key/version_bak: No such file or directory
01-01 08:00:14.848 0 0 I : read descriptors
01-01 08:00:14.849 0 0 I : read strings
01-01 08:00:14.851 0 0 I cnss_pci 0000: 01:00.0: enabling device (0000 -> 0002)
01-01 08:00:14.851 0 0 D cnss : Config PCIe remap window register to 0x4000003f
01-01 08:00:14.851 0 0 D cnss : Read register offset 0x1f8031c, val = 0x6
01-01 08:00:14.851 0 0 D cnss : Write val 0x2 to register offset 0x1f8031c
01-01 08:00:14.851 0 0 D cnss : Setting MHI state: INIT(0)
01-01 08:00:14.851 0 0 D cnss : Setting MHI state: POWER_ON(2)
01-01 08:00:14.852 0 0 W cnss_pci 0000: 01:00.0: Falling back to syfs fallback for: qca6390/amss20.bin
01-01 08:00:14.854 0 0 I ueventd : firmware: loading 'qca6390/amss20.bin' for '/devices/platform/soc/1c00000.qcom,pcie/pci0000:00/0000:00:00.0/0000:01:00.0/firmware/qca6390!amss20.bin'
03-14 03:51:05.076 1496 1615 I input_focus: [Focus request 34735f6 com.android.systemui/com.android.systemui.usb.UsbDebuggingActivity,reason=UpdateInputWindows]
01-01 08:00:14.860 0 0 I ueventd : loading /devices/platform/soc/1c00000.qcom,pcie/pci0000:00/0000:00:00.0/0000:01:00.0/firmware/qca6390!amss20.bin took 6ms
03-14 03:51:05.113 1496 1611 V PackageManager: reconcileAppsData finished 138 packages
03-14 03:51:05.113 1496 1611 I ActivityManager: User 0 state changed from RUNNING_LOCKED to RUNNING_UNLOCKING
03-14 03:51:05.113 1496 1611 I am_user_state_changed: [0,2]
03-14 03:51:05.116 1496 1611 D ActivityManager: Unlocking user 0 progress 20
03-14 03:51:05.116 1496 1611 W Looper : Slow dispatch took 126ms android.fg h=android.os.Handler c=com.android.server.am.UserController$$ExternalSyntheticLambda3@7fc6039 m=0
03-14 03:51:05.116 1496 1621 I ssm_user_unlocking: 0
03-14 03:51:05.116 1496 1621 I SystemServerTimingAsync: ssm.UnlockingUser-0
03-14 03:51:05.116 1496 1621 I SystemServiceManager: Calling onUnlockingUser 0
03-14 03:51:05.116 1496 1621 I SystemServerTimingAsync: ssm.onUnlockingUser-0_com.android.server.security.FileIntegrityService
03-14 03:51:05.116 1496 1621 I SystemServerTimingAsync: ssm.onUnlockingUser-0_com.android.server.pm.Installer
03-14 03:51:05.116 1496 1621 I SystemServerTimingAsync: ssm.onUnlockingUser-0_com.android.server.os.DeviceIdentifiersPolicyService
03-14 03:51:05.116 1496 1621 I SystemServerTimingAsync: ssm.onUnlockingUser-0_com.android.server.uri.UriGrantsManagerService$Lifecycle
