11-11 00:01:02.611 2717 2717 I auditd : type=1400 audit(0.0:14294867): avc: denied { read } for comm="event_loop" lport=13400 scontext=u:r:hht_ota_mgr:s0 tcontext=u:r:hht_ota_mgr:s0 tclass=udp_socket permissive=0
11-11 00:01:02.611 2717 2717 I auditd : type=1400 audit(0.0:14294868): avc: denied { read } for comm="event_loop" lport=13400 scontext=u:r:hht_ota_mgr:s0 tcontext=u:r:hht_ota_mgr:s0 tclass=udp_socket permissive=0
11-11 00:01:02.611 2717 2717 I auditd : type=1400 audit(0.0:14294869): avc: denied { read } for comm="event_loop" lport=13400 scontext=u:r:hht_ota_mgr:s0 tcontext=u:r:hht_ota_mgr:s0 tclass=udp_socket permissive=0
01-01 08:02:07.823 0 0 W audit : audit_lost=14562843 audit_rate_limit=5 audit_backlog_limit=64
01-01 08:02:07.823 0 0 E audit : rate limit exceeded
11-11 00:01:03.611 2717 2717 I auditd : type=1400 audit(0.0:14563423): avc: denied { read } for comm="event_loop" lport=13400 scontext=u:r:hht_ota_mgr:s0 tcontext=u:r:hht_ota_mgr:s0 tclass=udp_socket permissive=0
11-11 00:01:03.615 2717 2717 I auditd : type=1400 audit(0.0:14563424): avc: denied { read } for comm="event_loop" lport=13400 scontext=u:r:hht_ota_mgr:s0 tcontext=u:r:hht_ota_mgr:s0 tclass=udp_socket permissive=0
11-11 00:01:03.615 2717 2717 I auditd : type=1400 audit(0.0:14563425): avc: denied { read } for comm="event_loop" lport=13400 scontext=u:r:hht_ota_mgr:s0 tcontext=u:r:hht_ota_mgr:s0 tclass=udp_socket permissive=0
11-11 00:01:03.615 2717 2717 I auditd : type=1400 audit(0.0:14563426): avc: denied { read } for comm="event_loop" lport=13400 scontext=u:r:hht_ota_mgr:s0 tcontext=u:r:hht_ota_mgr:s0 tclass=udp_socket permissive=0
11-11 00:01:03.615 2717 2717 I auditd : type=1400 audit(0.0:14563427): avc: denied { read } for comm="event_loop" lport=13400 scontext=u:r:hht_ota_mgr:s0 tcontext=u:r:hht_ota_mgr:s0 tclass=udp_socket permissive=0
01-01 08:02:08.827 0 0 W audit : audit_lost=14831310 audit_rate_limit=5 audit_backlog_limit=64
01-01 08:02:08.827 0 0 E audit : rate limit exceeded
11-11 00:01:04.615 2717 2717 I auditd : type=1400 audit(0.0:14831895): avc: denied { read } for comm="event_loop" lport=13400 scontext=u:r:hht_ota_mgr:s0 tcontext=u:r:hht_ota_mgr:s0 tclass=udp_socket permissive=0
11-11 00:01:04.619 2717 2717 I auditd : type=1400 audit(0.0:14831896): avc: denied { read } for comm="event_loop" lport=13400 scontext=u:r:hht_ota_mgr:s0 tcontext=u:r:hht_ota_mgr:s0 tclass=udp_socket permissive=0
11-11 00:01:04.619 2717 2717 I auditd : type=1400 audit(0.0:14831897): avc: denied { read } for comm="event_loop" lport=13400 scontext=u:r:hht_ota_mgr:s0 tcontext=u:r:hht_ota_mgr:s0 tclass=udp_socket permissive=0
11-11 00:01:04.619 2717 2717 I auditd : type=1400 audit(0.0:14831898): avc: denied { read } for comm="event_loop" lport=13400 scontext=u:r:hht_ota_mgr:s0 tcontext=u:r:hht_ota_mgr:s0 tclass=udp_socket permissive=0
11-11 00:01:04.619 2717 2717 I auditd : type=1400 audit(0.0:14831899): avc: denied { read } for comm="event_loop" lport=13400 scontext=u:r:hht_ota_mgr:s0 tcontext=u:r:hht_ota_mgr:s0 tclass=udp_socket permissive=0
11-11 00:01:05.623 2717 2717 I auditd : type=1400 audit(0.0:15099717): avc: denied { read } for comm="event_loop" lport=13400 scontext=u:r:hht_ota_mgr:s0 tcontext=u:r:hht_ota_mgr:s0 tclass=udp_socket permissive=0
11-11 00:01:05.623 2717 2717 I auditd : type=1400 audit(0.0:15099718): avc: denied { read } for comm="event_loop" lport=13400 scontext=u:r:hht_ota_mgr:s0 tcontext=u:r:hht_ota_mgr:s0 tclass=udp_socket permissive=0
11-11 00:01:05.623 2717 2717 I auditd : type=1400 audit(0.0:15099719): avc: denied { read } for comm="event_loop" lport=13400 scontext=u:r:hht_ota_mgr:s0 tcontext=u:r:hht_ota_mgr:s0 tclass=udp_socket permissive=0
11-11 00:01:05.623 2717 2717 I auditd : type=1400 audit(0.0:15099720): avc: denied { read } for comm="event_loop" lport=13400 scontext=u:r:hht_ota_mgr:s0 tcontext=u:r:hht_ota_mgr:s0 tclass=udp_socket permissive=0
11-11 00:01:05.623 2717 2717 I auditd : type=1400 audit(0.0:15099721): avc: denied { read } for comm="event_loop" lport=13400 scontext=u:r:hht_ota_mgr:s0 tcontext=u:r:hht_ota_mgr:s0 tclass=udp_socket permissive=0
01-01 08:02:09.831 0 0 W audit : audit_lost=15099127 audit_rate_limit=5 audit_backlog_limit=64
01-01 08:02:09.831 0 0 E audit : rate limit exceeded
11-11 00:01:06.627 2717 2717 I auditd : type=1400 audit(0.0:15368445): avc: denied { read } for comm="event_loop" lport=13400 scontext=u:r:hht_ota_mgr:s0 tcontext=u:r:hht_ota_mgr:s0 tclass=udp_socket permissive=0
11-11 00:01:06.627 2717 2717 I auditd : type=1400 audit(0.0:15368446): avc: denied { read } for comm="event_loop" lport=13400 scontext=u:r:hht_ota_mgr:s0 tcontext=u:r:hht_ota_mgr:s0 tclass=udp_socket permissive=0
11-11 00:01:06.627 2717 2717 I auditd : type=1400 audit(0.0:15368447): avc: denied { read } for comm="event_loop" lport=13400 scontext=u:r:hht_ota_mgr:s0 tcontext=u:r:hht_ota_mgr:s0 tclass=udp_socket permissive=0
11-11 00:01:06.627 2717 2717 I auditd : type=1400 audit(0.0:15368448): avc: denied { read } for comm="event_loop" lport=13400 scontext=u:r:hht_ota_mgr:s0 tcontext=u:r:hht_ota_mgr:s0 tclass=udp_socket permissive=0
11-11 00:01:06.627 2717 2717 I auditd : type=1400 audit(0.0:15368449): avc: denied { read } for comm="event_loop" lport=13400 scontext=u:r:hht_ota_mgr:s0 tcontext=u:r:hht_ota_mgr:s0 tclass=udp_socket permissive=0
01-01 08:02:10.835 0 0 W audit : audit_lost=15367850 audit_rate_limit=5 audit_backlog_limit=64
01-01 08:02:10.835 0 0 E audit : rate limit exceeded
11-11 00:01:07.503 1496 2059 I ntp_failure: [time.android.com/216.239.35.4,java.net.SocketTimeoutException: Poll timed out]
11-11 00:01:07.631 2717 2717 I auditd : type=1400 audit(0.0:15637886): avc: denied { read } for comm="event_loop" lport=13400 scontext=u:r:hht_ota_mgr:s0 tcontext=u:r:hht_ota_mgr:s0 tclass=udp_socket permissive=0
11-11 00:01:07.631 2717 2717 I auditd : type=1400 audit(0.0:15637887): avc: denied { read } for comm="event_loop" lport=13400 scontext=u:r:hht_ota_mgr:s0 tcontext=u:r:hht_ota_mgr:s0 tclass=udp_socket permissive=0
11-11 00:01:07.631 2717 2717 I auditd : type=1400 audit(0.0:15637888): avc: denied { read } for comm="event_loop" lport=13400 scontext=u:r:hht_ota_mgr:s0 tcontext=u:r:hht_ota_mgr:s0 tclass=udp_socket permissive=0
11-11 00:01:07.631 2717 2717 I auditd : type=1400 audit(0.0:15637889): avc: denied { read } for comm="event_loop" lport=13400 scontext=u:r:hht_ota_mgr:s0 tcontext=u:r:hht_ota_mgr:s0 tclass=udp_socket permissive=0
11-11 00:01:07.631 2717 2717 I auditd : type=1400 audit(0.0:15637890): avc: denied { read } for comm="event_loop" lport=13400 scontext=u:r:hht_ota_mgr:s0 tcontext=u:r:hht_ota_mgr:s0 tclass=udp_socket permissive=0
01-01 08:02:11.839 0 0 W audit : audit_lost=15637286 audit_rate_limit=5 audit_backlog_limit=64
01-01 08:02:11.839 0 0 E audit : rate limit exceeded
11-11 00:01:08.631 2717 2717 I auditd : type=1400 audit(0.0:15907374): avc: denied { read } for comm="event_loop" lport=13400 scontext=u:r:hht_ota_mgr:s0 tcontext=u:r:hht_ota_mgr:s0 tclass=udp_socket permissive=0
11-11 00:01:08.635 2717 2717 I auditd : type=1400 audit(0.0:15907375): avc: denied { read } for comm="event_loop" lport=13400 scontext=u:r:hht_ota_mgr:s0 tcontext=u:r:hht_ota_mgr:s0 tclass=udp_socket permissive=0
11-11 00:01:08.635 2717 2717 I auditd : type=1400 audit(0.0:15907376): avc: denied { read } for comm="event_loop" lport=13400 scontext=u:r:hht_ota_mgr:s0 tcontext=u:r:hht_ota_mgr:s0 tclass=udp_socket permissive=0
11-11 00:01:08.635 2717 2717 I auditd : type=1400 audit(0.0:15907377): avc: denied { read } for comm="event_loop" lport=13400 scontext=u:r:hht_ota_mgr:s0 tcontext=u:r:hht_ota_mgr:s0 tclass=udp_socket permissive=0
11-11 00:01:08.635 2717 2717 I auditd : type=1400 audit(0.0:15907378): avc: denied { read } for comm="event_loop" lport=13400 scontext=u:r:hht_ota_mgr:s0 tcontext=u:r:hht_ota_mgr:s0 tclass=udp_socket permissive=0
01-01 08:02:12.843 0 0 W audit : audit_lost=15906769 audit_rate_limit=5 audit_backlog_limit=64
01-01 08:02:12.843 0 0 E audit : rate limit exceeded
11-11 00:01:09.635 2717 2717 I auditd : type=1400 audit(0.0:16176489): avc: denied { read } for comm="event_loop" lport=13400 scontext=u:r:hht_ota_mgr:s0 tcontext=u:r:hht_ota_mgr:s0 tclass=udp_socket permissive=0
11-11 00:01:09.639 2717 2717 I auditd : type=1400 audit(0.0:16176490): avc: denied { read } for comm="event_loop" lport=13400 scontext=u:r:hht_ota_mgr:s0 tcontext=u:r:hht_ota_mgr:s0 tclass=udp_socket permissive=0
11-11 00:01:09.639 2717 2717 I auditd : type=1400 audit(0.0:16176491): avc: denied { read } for comm="event_loop" lport=13400 scontext=u:r:hht_ota_mgr:s0 tcontext=u:r:hht_ota_mgr:s0 tclass=udp_socket permissive=0
11-11 00:01:09.639 2717 2717 I auditd : type=1400 audit(0.0:16176492): avc: denied { read } for comm="event_loop" lport=13400 scontext=u:r:hht_ota_mgr:s0 tcontext=u:r:hht_ota_mgr:s0 tclass=udp_socket permissive=0
11-11 00:01:09.639 2717 2717 I auditd : type=1400 audit(0.0:16176493): avc: denied { read } for comm="event_loop" lport=13400 scontext=u:r:hht_ota_mgr:s0 tcontext=u:r:hht_ota_mgr:s0 tclass=udp_socket permissive=0
01-01 08:02:13.847 0 0 W audit : audit_lost=16175879 audit_rate_limit=5 audit_backlog_limit=64
01-01 08:02:13.847 0 0 E audit : rate limit exceeded
11-11 00:01:10.639 2717 2717 I auditd : type=1400 audit(0.0:16445679): avc: denied { read } for comm="event_loop" lport=13400 scontext=u:r:hht_ota_mgr:s0 tcontext=u:r:hht_ota_mgr:s0 tclass=udp_socket permissive=0
11-11 00:01:10.643 2717 2717 I auditd : type=1400 audit(0.0:16445680): avc: denied { read } for comm="event_loop" lport=13400 scontext=u:r:hht_ota_mgr:s0 tcontext=u:r:hht_ota_mgr:s0 tclass=udp_socket permissive=0
11-11 00:01:10.643 2717 2717 I auditd : type=1400 audit(0.0:16445681): avc: denied { read } for comm="event_loop" lport=13400 scontext=u:r:hht_ota_mgr:s0 tcontext=u:r:hht_ota_mgr:s0 tclass=udp_socket permissive=0
11-11 00:01:10.643 2717 2717 I auditd : type=1400 audit(0.0:16445682): avc: denied { read } for comm="event_loop" lport=13400 scontext=u:r:hht_ota_mgr:s0 tcontext=u:r:hht_ota_mgr:s0 tclass=udp_socket permissive=0
11-11 00:01:10.643 2717 2717 I auditd : type=1400 audit(0.0:16445683): avc: denied { read } for comm="event_loop" lport=13400 scontext=u:r:hht_ota_mgr:s0 tcontext=u:r:hht_ota_mgr:s0 tclass=udp_socket permissive=0
01-01 08:02:14.851 0 0 W audit : audit_lost=16445064 audit_rate_limit=5 audit_backlog_limit=64
01-01 08:02:14.851 0 0 E audit : rate limit exceeded
11-11 00:01:11.647 2717 2717 I auditd : type=1400 audit(0.0:16715453): avc: denied { read } for comm="event_loop" lport=13400 scontext=u:r:hht_ota_mgr:s0 tcontext=u:r:hht_ota_mgr:s0 tclass=udp_socket permissive=0
11-11 00:01:11.647 2717 2717 I auditd : type=1400 audit(0.0:16715454): avc: denied { read } for comm="event_loop" lport=13400 scontext=u:r:hht_ota_mgr:s0 tcontext=u:r:hht_ota_mgr:s0 tclass=udp_socket permissive=0
11-11 00:01:11.647 2717 2717 I auditd : type=1400 audit(0.0:16715455): avc: denied { read } for comm="event_loop" lport=13400 scontext=u:r:hht_ota_mgr:s0 tcontext=u:r:hht_ota_mgr:s0 tclass=udp_socket permissive=0
11-11 00:01:11.647 2717 2717 I auditd : type=1400 audit(0.0:16715456): avc: denied { read } for comm="event_loop" lport=13400 scontext=u:r:hht_ota_mgr:s0 tcontext=u:r:hht_ota_mgr:s0 tclass=udp_socket permissive=0
11-11 00:01:11.647 2717 2717 I auditd : type=1400 audit(0.0:16715457): avc: denied { read } for comm="event_loop" lport=13400 scontext=u:r:hht_ota_mgr:s0 tcontext=u:r:hht_ota_mgr:s0 tclass=udp_socket permissive=0
01-01 08:02:15.855 0 0 W audit : audit_lost=16714833 audit_rate_limit=5 audit_backlog_limit=64
01-01 08:02:15.855 0 0 E audit : rate limit exceeded
11-11 00:01:12.512 1496 2059 I ntp_failure: [time.android.com/216.239.35.12,java.net.SocketTimeoutException: Poll timed out]
11-11 00:01:12.651 2717 2717 I auditd : type=1400 audit(0.0:16985117): avc: denied { read } for comm="event_loop" lport=13400 scontext=u:r:hht_ota_mgr:s0 tcontext=u:r:hht_ota_mgr:s0 tclass=udp_socket permissive=0
11-11 00:01:12.651 2717 2717 I auditd : type=1400 audit(0.0:16985118): avc: denied { read } for comm="event_loop" lport=13400 scontext=u:r:hht_ota_mgr:s0 tcontext=u:r:hht_ota_mgr:s0 tclass=udp_socket permissive=0
11-11 00:01:12.651 2717 2717 I auditd : type=1400 audit(0.0:16985119): avc: denied { read } for comm="event_loop" lport=13400 scontext=u:r:hht_ota_mgr:s0 tcontext=u:r:hht_ota_mgr:s0 tclass=udp_socket permissive=0
11-11 00:01:12.651 2717 2717 I auditd : type=1400 audit(0.0:16985120): avc: denied { read } for comm="event_loop" lport=13400 scontext=u:r:hht_ota_mgr:s0 tcontext=u:r:hht_ota_mgr:s0 tclass=udp_socket permissive=0
11-11 00:01:12.651 2717 2717 I auditd : type=1400 audit(0.0:16985121): avc: denied { read } for comm="event_loop" lport=13400 scontext=u:r:hht_ota_mgr:s0 tcontext=u:r:hht_ota_mgr:s0 tclass=udp_socket permissive=0
01-01 08:02:16.859 0 0 W audit : audit_lost=16984492 audit_rate_limit=5 audit_backlog_limit=64
01-01 08:02:16.859 0 0 E audit : rate limit exceeded
11-11 00:01:13.156 1496 1742 I input_interaction: Interaction with: 377a679 com.thundercomm.screensaver/android.service.dreams.DreamActivity (server), edge-swipe (server), swipe-up (server), PointerEventDispatcher0 (server),
11-11 00:01:13.160 1496 2142 I wm_finish_activity: [0,197199676,32,com.thundercomm.screensaver/android.service.dreams.DreamActivity,finish-activity]
11-11 00:01:13.161 1496 2142 I wm_task_moved: [29,1,6]
11-11 00:01:13.162 1496 2142 I wm_task_moved: [30,1,2147483647]
11-11 00:01:13.162 1496 2142 I wm_task_to_front: [0,30]
11-11 00:01:13.162 1496 2142 I wm_focused_root_task: [0,0,29,32,finish-top adjustFocusToNextFocusableTask]
11-11 00:01:13.162 1496 2142 I wm_set_resumed_activity: [0,com.android.launcher3/.uioverrides.QuickstepLauncher,finish-top adjustFocusToNextFocusableTask]
11-11 00:01:13.163 1496 2142 I wm_pause_activity: [0,197199676,com.thundercomm.screensaver/android.service.dreams.DreamActivity,userLeaving=false,finish]
11-11 00:01:13.166 1496 2092 I DreamManagerService: Gently waking up from dream.
11-11 00:01:13.167 1496 1611 I DreamManagerService: Performing gentle wake from dream.
11-11 00:01:13.167 4887 4887 I wm_on_top_resumed_lost_called: [197199676,android.service.dreams.DreamActivity,topStateChangedWhenResumed]
11-11 00:01:13.168 4887 4887 I wm_on_paused_called: [197199676,android.service.dreams.DreamActivity,performPause]
11-11 00:01:13.168 1496 1614 I sysui_multi_action: [757,803,799,window_time_0,802,21]
11-11 00:01:13.169 1496 2092 I wm_add_to_stopping: [0,197199676,com.thundercomm.screensaver/android.service.dreams.DreamActivity,completeFinishing]
11-11 00:01:13.170 1496 2092 I ActivityTaskManager: FOREGROUND_APPLICATION_CHANGED to com.android.launcher3.uioverrides.QuickstepLauncher
11-11 00:01:13.171 1496 2092 I wm_set_resumed_activity: [0,com.android.launcher3/.uioverrides.QuickstepLauncher,resumeTopActivityInnerLocked]
11-11 00:01:13.172 1496 2092 I wm_resume_activity: [0,14757938,30,com.android.launcher3/.uioverrides.QuickstepLauncher]
11-11 00:01:13.178 1496 1742 I input_focus: [Focus leaving 377a679 com.thundercomm.screensaver/android.service.dreams.DreamActivity (server),reason=NO_WINDOW]
11-11 00:01:13.180 4887 4887 I view_enqueue_input_event: [Motion - Cancel,com.thundercomm.screensaver/android.service.dreams.DreamActivity]
11-11 00:01:13.180 1496 1742 I input_interaction: Interaction with: edge-swipe (server), swipe-up (server), PointerEventDispatcher0 (server),
11-11 00:01:13.183 1496 1614 I sysui_multi_action: [757,803,799,window_time_0,802,0]
11-11 00:01:13.183 2575 2575 I wm_on_restart_called: [14757938,com.android.launcher3.uioverrides.QuickstepLauncher,performRestartActivity]
11-11 00:01:13.184 2575 2575 I wm_on_start_called: [14757938,com.android.launcher3.uioverrides.QuickstepLauncher,handleStartActivity]
11-11 00:01:13.184 2575 2575 I wm_on_resume_called: [14757938,com.android.launcher3.uioverrides.QuickstepLauncher,RESUME_ACTIVITY]
11-11 00:01:13.184 2575 2575 I wm_on_top_resumed_gained_called: [14757938,com.android.launcher3.uioverrides.QuickstepLauncher,topWhenResuming]
11-11 00:01:13.190 1496 1620 I am_pss : [4686,10053,com.qualcomm.timeservice,4980736,3465216,0,89088000,0,19,4]
11-11 00:01:13.195 1496 1615 I input_focus: [Focus request 8156cee com.android.launcher3/com.android.launcher3.uioverrides.QuickstepLauncher,reason=UpdateInputWindows]
11-11 00:01:13.209 1496 1638 I PowerManagerService: Powering on display group fromDreaming (groupId=0, uid=1000, reason=WAKE_REASON_UNKNOWN, details=android.server.power:DREAM_FINISHED)...
11-11 00:01:13.209 1496 1638 I PowerManagerService: Waking up from Dreaming (uid=1000, reason=WAKE_REASON_UNKNOWN, details=android.server.power:DREAM_FINISHED)...
11-11 00:01:13.213 1496 1742 I input_focus: [Focus entering 8156cee com.android.launcher3/com.android.launcher3.uioverrides.QuickstepLauncher (server),reason=setFocusedWindow]
11-11 00:01:13.274 1496 2041 W FreeFormWindowHelper: Current Display FreeFormTask is null
11-11 00:01:13.444 1496 1614 I wm_destroy_activity: [0,197199676,32,com.thundercomm.screensaver/android.service.dreams.DreamActivity,finish-imm:idle]
11-11 00:01:13.468 4887 4887 I wm_on_stop_called: [197199676,android.service.dreams.DreamActivity,LIFECYCLER_STOP_ACTIVITY]
11-11 00:01:13.470 4887 4887 I wm_on_destroy_called: [197199676,android.service.dreams.DreamActivity,performDestroy]
11-11 00:01:13.470 1496 2092 I DreamManagerService: Leaving dreamland.
11-11 00:01:13.471 1496 1611 I DreamManagerService: Performing gentle wake from dream.
11-11 00:01:13.471 1496 1611 I DreamController: Stopping dream: name=ComponentInfo{com.thundercomm.screensaver/com.thundercomm.screensaver.service.SystemDream}, isTest=false, canDoze=false, userId=0, reason='finished self'(from 'finished self')
11-11 00:01:13.471 1496 1611 I sysui_multi_action: [757,222,758,2]
11-11 00:01:13.471 1496 1611 I sysui_multi_action: [757,804,799,dreaming_minutes,801,0,802,1]
11-11 00:01:13.481 1496 2092 I wm_task_removed: [32,removeChild:removeChild last r=ActivityRecord{bc1073c u0 com.thundercomm.screensaver/android.service.dreams.DreamActivity t-1 f}} in t=Task{73efc17 #32 type=dream A=10048:android:com.thundercomm.screensaver/dream U=0 visible=false mode=fullscreen translucent=true sz=0}]
11-11 00:01:13.481 1496 2092 I wm_task_removed: [32,removeChild]
11-11 00:01:13.482 1496 1615 W ActivityTaskManager: Can't find TaskDisplayArea to determine support for multi window. Task id=32 attached=false
11-11 00:01:13.655 2717 2717 I auditd : type=1400 audit(0.0:17254384): avc: denied { read } for comm="event_loop" lport=13400 scontext=u:r:hht_ota_mgr:s0 tcontext=u:r:hht_ota_mgr:s0 tclass=udp_socket permissive=0
11-11 00:01:13.655 2717 2717 I auditd : type=1400 audit(0.0:17254385): avc: denied { read } for comm="event_loop" lport=13400 scontext=u:r:hht_ota_mgr:s0 tcontext=u:r:hht_ota_mgr:s0 tclass=udp_socket permissive=0
11-11 00:01:13.655 2717 2717 I auditd : type=1400 audit(0.0:17254386): avc: denied { read } for comm="event_loop" lport=13400 scontext=u:r:hht_ota_mgr:s0 tcontext=u:r:hht_ota_mgr:s0 tclass=udp_socket permissive=0
11-11 00:01:13.655 2717 2717 I auditd : type=1400 audit(0.0:17254387): avc: denied { read } for comm="event_loop" lport=13400 scontext=u:r:hht_ota_mgr:s0 tcontext=u:r:hht_ota_mgr:s0 tclass=udp_socket permissive=0
11-11 00:01:13.655 2717 2717 I auditd : type=1400 audit(0.0:17254388): avc: denied { read } for comm="event_loop" lport=13400 scontext=u:r:hht_ota_mgr:s0 tcontext=u:r:hht_ota_mgr:s0 tclass=udp_socket permissive=0
01-01 08:02:17.863 0 0 W audit : audit_lost=17253754 audit_rate_limit=5 audit_backlog_limit=64
01-01 08:02:17.863 0 0 E audit : rate limit exceeded
01-01 08:02:18.867 0 0 W audit : audit_lost=17522706 audit_rate_limit=5 audit_backlog_limit=64
01-01 08:02:18.867 0 0 E audit : rate limit exceeded
11-11 00:01:14.655 2717 2717 I auditd : type=1400 audit(0.0:17523341): avc: denied { read } for comm="event_loop" lport=13400 scontext=u:r:hht_ota_mgr:s0 tcontext=u:r:hht_ota_mgr:s0 tclass=udp_socket permissive=0
11-11 00:01:14.659 2717 2717 I auditd : type=1400 audit(0.0:17523342): avc: denied { read } for comm="event_loop" lport=13400 scontext=u:r:hht_ota_mgr:s0 tcontext=u:r:hht_ota_mgr:s0 tclass=udp_socket permissive=0
11-11 00:01:14.659 2717 2717 I auditd : type=1400 audit(0.0:17523343): avc: denied { read } for comm="event_loop" lport=13400 scontext=u:r:hht_ota_mgr:s0 tcontext=u:r:hht_ota_mgr:s0 tclass=udp_socket permissive=0
11-11 00:01:14.659 2717 2717 I auditd : type=1400 audit(0.0:17523344): avc: denied { read } for comm="event_loop" lport=13400 scontext=u:r:hht_ota_mgr:s0 tcontext=u:r:hht_ota_mgr:s0 tclass=udp_socket permissive=0
11-11 00:01:14.659 2717 2717 I auditd : type=1400 audit(0.0:17523345): avc: denied { read } for comm="event_loop" lport=13400 scontext=u:r:hht_ota_mgr:s0 tcontext=u:r:hht_ota_mgr:s0 tclass=udp_socket permissive=0
11-11 00:01:15.663 2717 2717 I auditd : type=1400 audit(0.0:17792428): avc: denied { read } for comm="event_loop" lport=13400 scontext=u:r:hht_ota_mgr:s0 tcontext=u:r:hht_ota_mgr:s0 tclass=udp_socket permissive=0
11-11 00:01:15.663 2717 2717 I auditd : type=1400 audit(0.0:17792429): avc: denied { read } for comm="event_loop" lport=13400 scontext=u:r:hht_ota_mgr:s0 tcontext=u:r:hht_ota_mgr:s0 tclass=udp_socket permissive=0
11-11 00:01:15.663 2717 2717 I auditd : type=1400 audit(0.0:17792430): avc: denied { read } for comm="event_loop" lport=13400 scontext=u:r:hht_ota_mgr:s0 tcontext=u:r:hht_ota_mgr:s0 tclass=udp_socket permissive=0
11-11 00:01:15.663 2717 2717 I auditd : type=1400 audit(0.0:17792431): avc: denied { read } for comm="event_loop" lport=13400 scontext=u:r:hht_ota_mgr:s0 tcontext=u:r:hht_ota_mgr:s0 tclass=udp_socket permissive=0
11-11 00:01:15.663 2717 2717 I auditd : type=1400 audit(0.0:17792432): avc: denied { read } for comm="event_loop" lport=13400 scontext=u:r:hht_ota_mgr:s0 tcontext=u:r:hht_ota_mgr:s0 tclass=udp_socket permissive=0
01-01 08:02:19.871 0 0 W audit : audit_lost=17791788 audit_rate_limit=5 audit_backlog_limit=64
01-01 08:02:19.871 0 0 E audit : rate limit exceeded
01-01 08:02:20.875 0 0 W audit : audit_lost=18060531 audit_rate_limit=5 audit_backlog_limit=64
01-01 08:02:20.875 0 0 E audit : rate limit exceeded
11-11 00:01:16.667 2717 2717 I auditd : type=1400 audit(0.0:18061176): avc: denied { read } for comm="event_loop" lport=13400 scontext=u:r:hht_ota_mgr:s0 tcontext=u:r:hht_ota_mgr:s0 tclass=udp_socket permissive=0
11-11 00:01:16.667 2717 2717 I auditd : type=1400 audit(0.0:18061177): avc: denied { read } for comm="event_loop" lport=13400 scontext=u:r:hht_ota_mgr:s0 tcontext=u:r:hht_ota_mgr:s0 tclass=udp_socket permissive=0
11-11 00:01:16.667 2717 2717 I auditd : type=1400 audit(0.0:18061178): avc: denied { read } for comm="event_loop" lport=13400 scontext=u:r:hht_ota_mgr:s0 tcontext=u:r:hht_ota_mgr:s0 tclass=udp_socket permissive=0
11-11 00:01:16.667 2717 2717 I auditd : type=1400 audit(0.0:18061179): avc: denied { read } for comm="event_loop" lport=13400 scontext=u:r:hht_ota_mgr:s0 tcontext=u:r:hht_ota_mgr:s0 tclass=udp_socket permissive=0
11-11 00:01:16.667 2717 2717 I auditd : type=1400 audit(0.0:18061180): avc: denied { read } for comm="event_loop" lport=13400 scontext=u:r:hht_ota_mgr:s0 tcontext=u:r:hht_ota_mgr:s0 tclass=udp_socket permissive=0
11-11 00:01:17.667 2717 2717 I auditd : type=1400 audit(0.0:18330464): avc: denied { read } for comm="event_loop" lport=13400 scontext=u:r:hht_ota_mgr:s0 tcontext=u:r:hht_ota_mgr:s0 tclass=udp_socket permissive=0
11-11 00:01:17.671 2717 2717 I auditd : type=1400 audit(0.0:18330465): avc: denied { read } for comm="event_loop" lport=13400 scontext=u:r:hht_ota_mgr:s0 tcontext=u:r:hht_ota_mgr:s0 tclass=udp_socket permissive=0
11-11 00:01:17.671 2717 2717 I auditd : type=1400 audit(0.0:18330466): avc: denied { read } for comm="event_loop" lport=13400 scontext=u:r:hht_ota_mgr:s0 tcontext=u:r:hht_ota_mgr:s0 tclass=udp_socket permissive=0
11-11 00:01:17.671 2717 2717 I auditd : type=1400 audit(0.0:18330467): avc: denied { read } for comm="event_loop" lport=13400 scontext=u:r:hht_ota_mgr:s0 tcontext=u:r:hht_ota_mgr:s0 tclass=udp_socket permissive=0
11-11 00:01:17.671 2717 2717 I auditd : type=1400 audit(0.0:18330468): avc: denied { read } for comm="event_loop" lport=13400 scontext=u:r:hht_ota_mgr:s0 tcontext=u:r:hht_ota_mgr:s0 tclass=udp_socket permissive=0
01-01 08:02:21.879 0 0 W audit : audit_lost=18329814 audit_rate_limit=5 audit_backlog_limit=64
01-01 08:02:21.879 0 0 E audit : rate limit exceeded
11-11 00:01:18.675 2717 2717 I auditd : type=1400 audit(0.0:18599671): avc: denied { read } for comm="event_loop" lport=13400 scontext=u:r:hht_ota_mgr:s0 tcontext=u:r:hht_ota_mgr:s0 tclass=udp_socket permissive=0
11-11 00:01:18.675 2717 2717 I auditd : type=1400 audit(0.0:18599672): avc: denied { read } for comm="event_loop" lport=13400 scontext=u:r:hht_ota_mgr:s0 tcontext=u:r:hht_ota_mgr:s0 tclass=udp_socket permissive=0
11-11 00:01:18.675 2717 2717 I auditd : type=1400 audit(0.0:18599673): avc: denied { read } for comm="event_loop" lport=13400 scontext=u:r:hht_ota_mgr:s0 tcontext=u:r:hht_ota_mgr:s0 tclass=udp_socket permissive=0
11-11 00:01:18.675 2717 2717 I auditd : type=1400 audit(0.0:18599674): avc: denied { read } for comm="event_loop" lport=13400 scontext=u:r:hht_ota_mgr:s0 tcontext=u:r:hht_ota_mgr:s0 tclass=udp_socket permissive=0
11-11 00:01:18.675 2717 2717 I auditd : type=1400 audit(0.0:18599675): avc: denied { read } for comm="event_loop" lport=13400 scontext=u:r:hht_ota_mgr:s0 tcontext=u:r:hht_ota_mgr:s0 tclass=udp_socket permissive=0
01-01 08:02:22.883 0 0 W audit : audit_lost=18599016 audit_rate_limit=5 audit_backlog_limit=64
01-01 08:02:22.883 0 0 E audit : rate limit exceeded
11-11 00:01:19.348 1496 1621 I am_uid_idle: 10090
01-01 08:02:23.887 0 0 W audit : audit_lost=18868137 audit_rate_limit=5 audit_backlog_limit=64
01-01 08:02:23.887 0 0 E audit : rate limit exceeded
11-11 00:01:19.679 2717 2717 I auditd : type=1400 audit(0.0:18868797): avc: denied { read } for comm="event_loop" lport=13400 scontext=u:r:hht_ota_mgr:s0 tcontext=u:r:hht_ota_mgr:s0 tclass=udp_socket permissive=0
11-11 00:01:19.679 2717 2717 I auditd : type=1400 audit(0.0:18868798): avc: denied { read } for comm="event_loop" lport=13400 scontext=u:r:hht_ota_mgr:s0 tcontext=u:r:hht_ota_mgr:s0 tclass=udp_socket permissive=0
11-11 00:01:19.679 2717 2717 I auditd : type=1400 audit(0.0:18868799): avc: denied { read } for comm="event_loop" lport=13400 scontext=u:r:hht_ota_mgr:s0 tcontext=u:r:hht_ota_mgr:s0 tclass=udp_socket permissive=0
11-11 00:01:19.679 2717 2717 I auditd : type=1400 audit(0.0:18868800): avc: denied { read } for comm="event_loop" lport=13400 scontext=u:r:hht_ota_mgr:s0 tcontext=u:r:hht_ota_mgr:s0 tclass=udp_socket permissive=0
11-11 00:01:19.679 2717 2717 I auditd : type=1400 audit(0.0:18868801): avc: denied { read } for comm="event_loop" lport=13400 scontext=u:r:hht_ota_mgr:s0 tcontext=u:r:hht_ota_mgr:s0 tclass=udp_socket permissive=0
11-11 00:01:20.679 2717 2717 I auditd : type=1400 audit(0.0:19138130): avc: denied { read } for comm="event_loop" lport=13400 scontext=u:r:hht_ota_mgr:s0 tcontext=u:r:hht_ota_mgr:s0 tclass=udp_socket permissive=0
11-11 00:01:20.683 2717 2717 I auditd : type=1400 audit(0.0:19138131): avc: denied { read } for comm="event_loop" lport=13400 scontext=u:r:hht_ota_mgr:s0 tcontext=u:r:hht_ota_mgr:s0 tclass=udp_socket permissive=0
11-11 00:01:20.683 2717 2717 I auditd : type=1400 audit(0.0:19138132): avc: denied { read } for comm="event_loop" lport=13400 scontext=u:r:hht_ota_mgr:s0 tcontext=u:r:hht_ota_mgr:s0 tclass=udp_socket permissive=0
11-11 00:01:20.683 2717 2717 I auditd : type=1400 audit(0.0:19138133): avc: denied { read } for comm="event_loop" lport=13400 scontext=u:r:hht_ota_mgr:s0 tcontext=u:r:hht_ota_mgr:s0 tclass=udp_socket permissive=0
11-11 00:01:20.683 2717 2717 I auditd : type=1400 audit(0.0:19138134): avc: denied { read } for comm="event_loop" lport=13400 scontext=u:r:hht_ota_mgr:s0 tcontext=u:r:hht_ota_mgr:s0 tclass=udp_socket permissive=0
01-01 08:02:24.891 0 0 W audit : audit_lost=19137465 audit_rate_limit=5 audit_backlog_limit=64
01-01 08:02:24.891 0 0 E audit : rate limit exceeded
11-11 00:01:21.683 2717 2717 I auditd : type=1400 audit(0.0:19407556): avc: denied { read } for comm="event_loop" lport=13400 scontext=u:r:hht_ota_mgr:s0 tcontext=u:r:hht_ota_mgr:s0 tclass=udp_socket permissive=0
11-11 00:01:21.687 2717 2717 I auditd : type=1400 audit(0.0:19407557): avc: denied { read } for comm="event_loop" lport=13400 scontext=u:r:hht_ota_mgr:s0 tcontext=u:r:hht_ota_mgr:s0 tclass=udp_socket permissive=0
11-11 00:01:21.687 2717 2717 I auditd : type=1400 audit(0.0:19407558): avc: denied { read } for comm="event_loop" lport=13400 scontext=u:r:hht_ota_mgr:s0 tcontext=u:r:hht_ota_mgr:s0 tclass=udp_socket permissive=0
11-11 00:01:21.687 2717 2717 I auditd : type=1400 audit(0.0:19407559): avc: denied { read } for comm="event_loop" lport=13400 scontext=u:r:hht_ota_mgr:s0 tcontext=u:r:hht_ota_mgr:s0 tclass=udp_socket permissive=0
11-11 00:01:21.687 2717 2717 I auditd : type=1400 audit(0.0:19407560): avc: denied { read } for comm="event_loop" lport=13400 scontext=u:r:hht_ota_mgr:s0 tcontext=u:r:hht_ota_mgr:s0 tclass=udp_socket permissive=0
01-01 08:02:25.895 0 0 W audit : audit_lost=19406886 audit_rate_limit=5 audit_backlog_limit=64
01-01 08:02:25.895 0 0 E audit : rate limit exceeded
11-11 00:01:22.691 2717 2717 I auditd : type=1400 audit(0.0:19676883): avc: denied { read } for comm="event_loop" lport=13400 scontext=u:r:hht_ota_mgr:s0 tcontext=u:r:hht_ota_mgr:s0 tclass=udp_socket permissive=0
11-11 00:01:22.691 2717 2717 I auditd : type=1400 audit(0.0:19676884): avc: denied { read } for comm="event_loop" lport=13400 scontext=u:r:hht_ota_mgr:s0 tcontext=u:r:hht_ota_mgr:s0 tclass=udp_socket permissive=0
11-11 00:01:22.691 2717 2717 I auditd : type=1400 audit(0.0:19676885): avc: denied { read } for comm="event_loop" lport=13400 scontext=u:r:hht_ota_mgr:s0 tcontext=u:r:hht_ota_mgr:s0 tclass=udp_socket permissive=0
11-11 00:01:22.691 2717 2717 I auditd : type=1400 audit(0.0:19676886): avc: denied { read } for comm="event_loop" lport=13400 scontext=u:r:hht_ota_mgr:s0 tcontext=u:r:hht_ota_mgr:s0 tclass=udp_socket permissive=0
11-11 00:01:22.691 2717 2717 I auditd : type=1400 audit(0.0:19676887): avc: denied { read } for comm="event_loop" lport=13400 scontext=u:r:hht_ota_mgr:s0 tcontext=u:r:hht_ota_mgr:s0 tclass=udp_socket permissive=0
01-01 08:02:26.899 0 0 W audit : audit_lost=19676208 audit_rate_limit=5 audit_backlog_limit=64
01-01 08:02:26.899 0 0 E audit : rate limit exceeded
11-11 00:01:23.487 1496 1742 I input_interaction: Interaction with: 8156cee com.android.launcher3/com.android.launcher3.uioverrides.QuickstepLauncher (server), 90347fa com.android.systemui.ImageWallpaper (server), edge-swipe (server), swipe-up (server), PointerEventDispatcher0 (server),
11-11 00:01:23.595 1496 2092 I thunderperf: PlatormCompat.setOverrides: Uid1=10074 Pid1=2575 Uid2=10074 Pid2=2575
11-11 00:01:23.595 1496 2092 I thunderperf: PlatormCompat.setOverrides: needCheck:false
11-11 00:01:23.595 1496 2092 I thunderperf: CompatConfig.addOverrideUnsafe: bef-state=1
11-11 00:01:23.596 1496 2092 E thunderperf: CompatConfig.addOverrideUnsafe: exception:java.lang.SecurityException: Cannot override a change on a non-debuggable app and user build.
11-11 00:01:23.596 1496 2092 I thunderperf: CompatConfig.addOverrideUnsafe: aft-state=1
11-11 00:01:23.596 1496 2092 I thunderperf: CompatConfig.addOverrideUnsafe: bef-state=1
11-11 00:01:23.597 1496 2092 E thunderperf: CompatConfig.addOverrideUnsafe: exception:java.lang.SecurityException: Cannot override a change on a non-debuggable app and user build.
11-11 00:01:23.597 1496 2092 I thunderperf: CompatConfig.addOverrideUnsafe: aft-state=1
11-11 00:01:23.597 1496 2092 I thunderperf: CompatConfig.addOverrideUnsafe: bef-state=1
11-11 00:01:23.597 1496 2092 E thunderperf: CompatConfig.addOverrideUnsafe: exception:java.lang.SecurityException: Cannot override a change on a non-debuggable app and user build.
11-11 00:01:23.597 1496 2092 I thunderperf: CompatConfig.addOverrideUnsafe: aft-state=1
11-11 00:01:23.598 1496 2092 I thunderperf: CompatConfig.addOverrideUnsafe: bef-state=1
11-11 00:01:23.598 1496 2092 E thunderperf: CompatConfig.addOverrideUnsafe: exception:java.lang.SecurityException: Cannot override a change on a non-debuggable app and user build.
11-11 00:01:23.598 1496 2092 I thunderperf: CompatConfig.addOverrideUnsafe: aft-state=1
11-11 00:01:23.599 1496 2092 I thunderperf: CompatConfig.addOverrideUnsafe: bef-state=1
11-11 00:01:23.599 1496 2092 E thunderperf: CompatConfig.addOverrideUnsafe: exception:java.lang.SecurityException: Cannot override a change on a non-debuggable app and user build.
11-11 00:01:23.599 1496 2092 I thunderperf: CompatConfig.addOverrideUnsafe: aft-state=1
11-11 00:01:23.600 1496 2092 I thunderperf: CompatConfig.addOverrideUnsafe: bef-state=1
11-11 00:01:23.600 1496 2092 E thunderperf: CompatConfig.addOverrideUnsafe: exception:java.lang.SecurityException: Cannot override a change on a non-debuggable app and user build.
11-11 00:01:23.600 1496 2092 I thunderperf: CompatConfig.addOverrideUnsafe: aft-state=1
11-11 00:01:23.600 1496 2092 I thunderperf: CompatConfig.addOverrideUnsafe: bef-state=1
11-11 00:01:23.600 1496 2092 E thunderperf: CompatConfig.addOverrideUnsafe: exception:java.lang.SecurityException: Cannot override a change on a non-debuggable app and user build.
11-11 00:01:23.601 1496 2092 I thunderperf: CompatConfig.addOverrideUnsafe: aft-state=1
11-11 00:01:23.601 1496 2092 I thunderperf: CompatConfig.addOverrideUnsafe: bef-state=1
11-11 00:01:23.601 1496 2092 E thunderperf: CompatConfig.addOverrideUnsafe: exception:java.lang.SecurityException: Cannot override a change on a non-debuggable app and user build.
11-11 00:01:23.601 1496 2092 I thunderperf: CompatConfig.addOverrideUnsafe: aft-state=1
11-11 00:01:23.602 1496 2092 I thunderperf: CompatConfig.addOverrideUnsafe: bef-state=1
11-11 00:01:23.602 1496 2092 E thunderperf: CompatConfig.addOverrideUnsafe: exception:java.lang.SecurityException: Cannot override a change on a non-debuggable app and user build.
11-11 00:01:23.602 1496 2092 I thunderperf: CompatConfig.addOverrideUnsafe: aft-state=1
11-11 00:01:23.602 1496 2092 I thunderperf: CompatConfig.addOverrideUnsafe: bef-state=1
11-11 00:01:23.603 1496 2092 E thunderperf: CompatConfig.addOverrideUnsafe: exception:java.lang.SecurityException: Cannot override a change on a non-debuggable app and user build.
11-11 00:01:23.603 1496 2092 I thunderperf: CompatConfig.addOverrideUnsafe: aft-state=1
11-11 00:01:23.603 1496 2092 I thunderperf: CompatConfig.addOverrideUnsafe: bef-state=1
11-11 00:01:23.603 1496 2092 E thunderperf: CompatConfig.addOverrideUnsafe: exception:java.lang.SecurityException: Cannot override a change on a non-debuggable app and user build.
11-11 00:01:23.603 1496 2092 I thunderperf: CompatConfig.addOverrideUnsafe: aft-state=1
11-11 00:01:23.604 1496 2092 I thunderperf: CompatConfig.addOverrideUnsafe: bef-state=1
11-11 00:01:23.604 1496 2092 E thunderperf: CompatConfig.addOverrideUnsafe: exception:java.lang.SecurityException: Cannot override a change on a non-debuggable app and user build.
11-11 00:01:23.604 1496 2092 I thunderperf: CompatConfig.addOverrideUnsafe: aft-state=1
11-11 00:01:23.605 1496 2092 I thunderperf: CompatConfig.addOverrideUnsafe: bef-state=1
11-11 00:01:23.605 1496 2092 E thunderperf: CompatConfig.addOverrideUnsafe: exception:java.lang.SecurityException: Cannot override a change on a non-debuggable app and user build.
11-11 00:01:23.605 1496 2092 I thunderperf: CompatConfig.addOverrideUnsafe: aft-state=1
11-11 00:01:23.605 1496 2092 I thunderperf: CompatConfig.addOverrideUnsafe: bef-state=1
11-11 00:01:23.606 1496 2092 E thunderperf: CompatConfig.addOverrideUnsafe: exception:java.lang.SecurityException: Cannot override a change on a non-debuggable app and user build.
11-11 00:01:23.606 1496 2092 I thunderperf: CompatConfig.addOverrideUnsafe: aft-state=1
11-11 00:01:23.610 1496 2092 I ActivityTaskManager: START u0 {act=android.intent.action.MAIN cat=[android.intent.category.LAUNCHER] flg=0x10200000 cmp=com.android.music/.MusicBrowserActivity bnds=[2128,310][2314,510]} from uid 10074
11-11 00:01:23.612 1496 2092 I wm_task_moved: [31,1,6]
11-11 00:01:23.612 1496 2092 I wm_task_to_front: [0,31]
11-11 00:01:23.613 1496 2092 I wm_focused_root_task: [0,0,31,29,bringingFoundTaskToFront]
11-11 00:01:23.613 1496 2092 I wm_set_resumed_activity: [0,com.android.music/.MusicBrowserActivity,bringingFoundTaskToFront]
11-11 00:01:23.614 1496 2092 I wm_new_intent: [0,6077811,31,com.android.music/.MusicBrowserActivity,android.intent.action.MAIN,NULL,NULL,270532608]
11-11 00:01:23.616 1496 2092 I wm_pause_activity: [0,14757938,com.android.launcher3/.uioverrides.QuickstepLauncher,userLeaving=true,pauseBackTasks]
11-11 00:01:23.620 1496 2142 W FreeFormWindowHelper: Current Display FreeFormTask is null
11-11 00:01:23.622 2575 2575 I wm_on_top_resumed_lost_called: [14757938,com.android.launcher3.uioverrides.QuickstepLauncher,topStateChangedWhenResumed]
11-11 00:01:23.623 2575 2575 I wm_on_paused_called: [14757938,com.android.launcher3.uioverrides.QuickstepLauncher,performPause]
11-11 00:01:23.626 1496 2142 I ActivityTaskManager: FOREGROUND_APPLICATION_CHANGED to com.android.music.MusicBrowserActivity
11-11 00:01:23.628 1496 2142 I wm_set_resumed_activity: [0,com.android.music/.MusicBrowserActivity,resumeTopActivityInnerLocked]
11-11 00:01:23.628 1496 2142 I wm_add_to_stopping: [0,14757938,com.android.launcher3/.uioverrides.QuickstepLauncher,makeInvisible]
11-11 00:01:23.628 1496 1614 I am_uid_active: 10086
11-11 00:01:23.636 1496 2142 I wm_resume_activity: [0,6077811,31,com.android.music/.MusicBrowserActivity]
11-11 00:01:23.643 3484 3484 I wm_on_restart_called: [6077811,com.android.music.MusicBrowserActivity,performRestartActivity]
11-11 00:01:23.645 3484 3484 I wm_on_start_called: [6077811,com.android.music.MusicBrowserActivity,handleStartActivity]
11-11 00:01:23.647 3484 3484 I wm_on_resume_called: [6077811,com.android.music.MusicBrowserActivity,RESUME_ACTIVITY]
11-11 00:01:23.648 3484 3484 I wm_on_top_resumed_gained_called: [6077811,com.android.music.MusicBrowserActivity,topWhenResuming]
11-11 00:01:23.651 1496 1742 I input_focus: [Focus leaving 8156cee com.android.launcher3/com.android.launcher3.uioverrides.QuickstepLauncher (server),reason=NO_WINDOW]
11-11 00:01:23.652 1496 1614 I sysui_multi_action: [757,803,799,window_time_0,802,11]
11-11 00:01:23.658 1496 1615 I input_focus: [Focus request cfd09a1 com.android.music/com.android.music.MusicBrowserActivity,reason=UpdateInputWindows]
11-11 00:01:23.663 1496 1886 I GameModeConfig: isGameModeOn = false
11-11 00:01:23.663 1496 1886 I GameModeConfig: isGameModeOn = false
11-11 00:01:23.664 1496 1886 I GameModeConfig: isGameModeOn = false
11-11 00:01:23.669 1496 1742 I input_focus: [Focus entering cfd09a1 com.android.music/com.android.music.MusicBrowserActivity (server),reason=setFocusedWindow]
11-11 00:01:23.671 1496 1496 I notification_enqueue: [10086,3484,com.android.music,1,NULL,0,Notification(channel=Channel-music shortcut=null contentView=null vibrate=null sound=null defaults=0x0 flags=0x0 color=0x00000000 category=transport actions=4 vis=PRIVATE),1]
11-11 00:01:23.668 1496 1611 I sysui_multi_action: [319,40,321,34,322,54,325,145,757,761,758,9,759,4,806,com.android.music,871,com.android.music.MusicBrowserActivity,904,com.android.launcher3,905,0,1320,4,1321,1]
11-11 00:01:23.674 1496 1496 I notification_enqueue: [10086,3484,com.android.music,1,NULL,0,Notification(channel=Channel-music shortcut=null contentView=null vibrate=null sound=null defaults=0x0 flags=0x40 color=0x00000000 category=transport actions=4 vis=PRIVATE),1]
11-11 00:01:23.695 2717 2717 I auditd : type=1400 audit(0.0:19945933): avc: denied { read } for comm="event_loop" lport=13400 scontext=u:r:hht_ota_mgr:s0 tcontext=u:r:hht_ota_mgr:s0 tclass=udp_socket permissive=0
11-11 00:01:23.695 2717 2717 I auditd : type=1400 audit(0.0:19945934): avc: denied { read } for comm="event_loop" lport=13400 scontext=u:r:hht_ota_mgr:s0 tcontext=u:r:hht_ota_mgr:s0 tclass=udp_socket permissive=0
11-11 00:01:23.695 2717 2717 I auditd : type=1400 audit(0.0:19945935): avc: denied { read } for comm="event_loop" lport=13400 scontext=u:r:hht_ota_mgr:s0 tcontext=u:r:hht_ota_mgr:s0 tclass=udp_socket permissive=0
11-11 00:01:23.695 2717 2717 I auditd : type=1400 audit(0.0:19945936): avc: denied { read } for comm="event_loop" lport=13400 scontext=u:r:hht_ota_mgr:s0 tcontext=u:r:hht_ota_mgr:s0 tclass=udp_socket permissive=0
11-11 00:01:23.695 2717 2717 I auditd : type=1400 audit(0.0:19945937): avc: denied { read } for comm="event_loop" lport=13400 scontext=u:r:hht_ota_mgr:s0 tcontext=u:r:hht_ota_mgr:s0 tclass=udp_socket permissive=0
01-01 08:02:27.903 0 0 W audit : audit_lost=19945253 audit_rate_limit=5 audit_backlog_limit=64
01-01 08:02:27.903 0 0 E audit : rate limit exceeded
11-11 00:01:23.737 1496 2837 W FreeFormWindowHelper: Current Display FreeFormTask is null
11-11 00:01:23.873 1496 1496 I GameModeConfig: isGameModeOn = false
11-11 00:01:23.874 1496 1496 I GameModeConfig: isGameModeOn = false
11-11 00:01:24.192 1496 1614 I wm_stop_activity: [0,14757938,com.android.launcher3/.uioverrides.QuickstepLauncher]
11-11 00:01:24.210 2575 2575 I wm_on_stop_called: [14757938,com.android.launcher3.uioverrides.QuickstepLauncher,STOP_ACTIVITY_ITEM]
11-11 00:01:24.699 2717 2717 I auditd : type=1400 audit(0.0:20214388): avc: denied { read } for comm="event_loop" lport=13400 scontext=u:r:hht_ota_mgr:s0 tcontext=u:r:hht_ota_mgr:s0 tclass=udp_socket permissive=0
11-11 00:01:24.699 2717 2717 I auditd : type=1400 audit(0.0:20214389): avc: denied { read } for comm="event_loop" lport=13400 scontext=u:r:hht_ota_mgr:s0 tcontext=u:r:hht_ota_mgr:s0 tclass=udp_socket permissive=0
11-11 00:01:24.699 2717 2717 I auditd : type=1400 audit(0.0:20214390): avc: denied { read } for comm="event_loop" lport=13400 scontext=u:r:hht_ota_mgr:s0 tcontext=u:r:hht_ota_mgr:s0 tclass=udp_socket permissive=0
11-11 00:01:24.699 2717 2717 I auditd : type=1400 audit(0.0:20214391): avc: denied { read } for comm="event_loop" lport=13400 scontext=u:r:hht_ota_mgr:s0 tcontext=u:r:hht_ota_mgr:s0 tclass=udp_socket permissive=0
11-11 00:01:24.699 2717 2717 I auditd : type=1400 audit(0.0:20214392): avc: denied { read } for comm="event_loop" lport=13400 scontext=u:r:hht_ota_mgr:s0 tcontext=u:r:hht_ota_mgr:s0 tclass=udp_socket permissive=0
01-01 08:02:28.907 0 0 W audit : audit_lost=20213703 audit_rate_limit=5 audit_backlog_limit=64
01-01 08:02:28.907 0 0 E audit : rate limit exceeded
11-11 00:01:25.243 1496 1742 I input_interaction: Interaction with: cfd09a1 com.android.music/com.android.music.MusicBrowserActivity (server), edge-swipe (server), swipe-up (server), PointerEventDispatcher0 (server),
11-11 00:01:25.345 1496 1548 I MicroServiceManager: requestResult(requestAudioFocus) parameters is{"functionInfo":{"IDCM_AudioFocus":"AudioFocus_Media"}}.
11-11 00:01:25.351 1496 1886 I GameModeConfig: isGameModeOn = false
11-11 00:01:25.351 1496 1886 I GameModeConfig: isGameModeOn = false
11-11 00:01:25.352 1496 1886 I GameModeConfig: isGameModeOn = false
11-11 00:01:25.362 1496 1496 I notification_enqueue: [10086,3484,com.android.music,1,NULL,0,Notification(channel=Channel-music shortcut=null contentView=null vibrate=null sound=null defaults=0x0 flags=0x42 color=0x00000000 category=transport actions=4 vis=PRIVATE),1]
01-01 08:02:29.655 0 0 I afe_find_cal_topo_id_by_port: port id: 0x9000, dev_acdb_id: 0
01-01 08:02:29.655 0 0 I afe_find_cal_topo_id_by_port: top_id:112fc acdb_id:15 afe_port:0x9000
01-01 08:02:29.655 0 0 I afe_get_cal_topology_id: port_id = 0x9000 acdb_id = 15 topology_id = 0x112fc cal_type_index=8 ret=0
01-01 08:02:29.656 0 0 I afe_send_port_topology_id: AFE set topology id 0x112fc enable for port 0x9000 ret 0
01-01 08:02:29.656 0 0 I send_afe_cal_type: cal_index is 0
01-01 08:02:29.656 0 0 I send_afe_cal_type: dev_acdb_id[55] is 0
01-01 08:02:29.656 0 0 I send_afe_cal_type: Sending cal_index cal 0
01-01 08:02:29.656 0 0 E send_afe_cal_type: No cal sent for cal_index 0, port_id = 0x9000! ret -22
01-01 08:02:29.656 0 0 I afe_send_hw_delay: port_id 0x9000 rate 48000 delay_usec 474 status 0
11-11 00:01:25.563 1496 1496 I GameModeConfig: isGameModeOn = false
11-11 00:01:25.604 1496 1715 I commit_sys_config_file: [settings-2-0,4]
11-11 00:01:25.699 2717 2717 I auditd : type=1400 audit(0.0:20483928): avc: denied { read } for comm="event_loop" lport=13400 scontext=u:r:hht_ota_mgr:s0 tcontext=u:r:hht_ota_mgr:s0 tclass=udp_socket permissive=0
11-11 00:01:25.703 2717 2717 I auditd : type=1400 audit(0.0:20483929): avc: denied { read } for comm="event_loop" lport=13400 scontext=u:r:hht_ota_mgr:s0 tcontext=u:r:hht_ota_mgr:s0 tclass=udp_socket permissive=0
11-11 00:01:25.703 2717 2717 I auditd : type=1400 audit(0.0:20483930): avc: denied { read } for comm="event_loop" lport=13400 scontext=u:r:hht_ota_mgr:s0 tcontext=u:r:hht_ota_mgr:s0 tclass=udp_socket permissive=0
11-11 00:01:25.703 2717 2717 I auditd : type=1400 audit(0.0:20483931): avc: denied { read } for comm="event_loop" lport=13400 scontext=u:r:hht_ota_mgr:s0 tcontext=u:r:hht_ota_mgr:s0 tclass=udp_socket permissive=0
11-11 00:01:25.703 2717 2717 I auditd : type=1400 audit(0.0:20483932): avc: denied { read } for comm="event_loop" lport=13400 scontext=u:r:hht_ota_mgr:s0 tcontext=u:r:hht_ota_mgr:s0 tclass=udp_socket permissive=0
01-01 08:02:29.911 0 0 W audit : audit_lost=20483238 audit_rate_limit=5 audit_backlog_limit=64
01-01 08:02:29.911 0 0 E audit : rate limit exceeded
11-11 00:01:26.707 2717 2717 I auditd : type=1400 audit(0.0:20755293): avc: denied { read } for comm="event_loop" lport=13400 scontext=u:r:hht_ota_mgr:s0 tcontext=u:r:hht_ota_mgr:s0 tclass=udp_socket permissive=0
11-11 00:01:26.707 2717 2717 I auditd : type=1400 audit(0.0:20755294): avc: denied { read } for comm="event_loop" lport=13400 scontext=u:r:hht_ota_mgr:s0 tcontext=u:r:hht_ota_mgr:s0 tclass=udp_socket permissive=0
11-11 00:01:26.707 2717 2717 I auditd : type=1400 audit(0.0:20755295): avc: denied { read } for comm="event_loop" lport=13400 scontext=u:r:hht_ota_mgr:s0 tcontext=u:r:hht_ota_mgr:s0 tclass=udp_socket permissive=0
11-11 00:01:26.707 2717 2717 I auditd : type=1400 audit(0.0:20755296): avc: denied { read } for comm="event_loop" lport=13400 scontext=u:r:hht_ota_mgr:s0 tcontext=u:r:hht_ota_mgr:s0 tclass=udp_socket permissive=0
11-11 00:01:26.707 2717 2717 I auditd : type=1400 audit(0.0:20755297): avc: denied { read } for comm="event_loop" lport=13400 scontext=u:r:hht_ota_mgr:s0 tcontext=u:r:hht_ota_mgr:s0 tclass=udp_socket permissive=0
01-01 08:02:30.915 0 0 W audit : audit_lost=20754598 audit_rate_limit=5 audit_backlog_limit=64
01-01 08:02:30.915 0 0 E audit : rate limit exceeded
11-11 00:01:27.707 2717 2717 I auditd : type=1400 audit(0.0:21026194): avc: denied { read } for comm="event_loop" lport=13400 scontext=u:r:hht_ota_mgr:s0 tcontext=u:r:hht_ota_mgr:s0 tclass=udp_socket permissive=0
11-11 00:01:27.711 2717 2717 I auditd : type=1400 audit(0.0:21026195): avc: denied { read } for comm="event_loop" lport=13400 scontext=u:r:hht_ota_mgr:s0 tcontext=u:r:hht_ota_mgr:s0 tclass=udp_socket permissive=0
11-11 00:01:27.711 2717 2717 I auditd : type=1400 audit(0.0:21026196): avc: denied { read } for comm="event_loop" lport=13400 scontext=u:r:hht_ota_mgr:s0 tcontext=u:r:hht_ota_mgr:s0 tclass=udp_socket permissive=0
11-11 00:01:27.711 2717 2717 I auditd : type=1400 audit(0.0:21026197): avc: denied { read } for comm="event_loop" lport=13400 scontext=u:r:hht_ota_mgr:s0 tcontext=u:r:hht_ota_mgr:s0 tclass=udp_socket permissive=0
11-11 00:01:27.711 2717 2717 I auditd : type=1400 audit(0.0:21026198): avc: denied { read } for comm="event_loop" lport=13400 scontext=u:r:hht_ota_mgr:s0 tcontext=u:r:hht_ota_mgr:s0 tclass=udp_socket permissive=0
01-01 08:02:31.919 0 0 W audit : audit_lost=21025494 audit_rate_limit=5 audit_backlog_limit=64
01-01 08:02:31.919 0 0 E audit : rate limit exceeded
11-11 00:01:28.715 2717 2717 I auditd : type=1400 audit(0.0:21297086): avc: denied { read } for comm="event_loop" lport=13400 scontext=u:r:hht_ota_mgr:s0 tcontext=u:r:hht_ota_mgr:s0 tclass=udp_socket permissive=0
11-11 00:01:28.715 2717 2717 I auditd : type=1400 audit(0.0:21297087): avc: denied { read } for comm="event_loop" lport=13400 scontext=u:r:hht_ota_mgr:s0 tcontext=u:r:hht_ota_mgr:s0 tclass=udp_socket permissive=0
11-11 00:01:28.715 2717 2717 I auditd : type=1400 audit(0.0:21297088): avc: denied { read } for comm="event_loop" lport=13400 scontext=u:r:hht_ota_mgr:s0 tcontext=u:r:hht_ota_mgr:s0 tclass=udp_socket permissive=0
11-11 00:01:28.715 2717 2717 I auditd : type=1400 audit(0.0:21297089): avc: denied { read } for comm="event_loop" lport=13400 scontext=u:r:hht_ota_mgr:s0 tcontext=u:r:hht_ota_mgr:s0 tclass=udp_socket permissive=0
11-11 00:01:28.715 2717 2717 I auditd : type=1400 audit(0.0:21297090): avc: denied { read } for comm="event_loop" lport=13400 scontext=u:r:hht_ota_mgr:s0 tcontext=u:r:hht_ota_mgr:s0 tclass=udp_socket permissive=0
01-01 08:02:32.923 0 0 W audit : audit_lost=21296381 audit_rate_limit=5 audit_backlog_limit=64
01-01 08:02:32.923 0 0 E audit : rate limit exceeded
11-11 00:01:29.147 1496 1742 I input_interaction: Interaction with: e82f6ed StatusBar (server), edge-swipe (server), swipe-up (server), PointerEventDispatcher0 (server),
11-11 00:01:29.154 2011 2011 I sysui_multi_action: [757,803,799,panel_open,802,1]
11-11 00:01:29.157 2011 2011 I sysui_multi_action: [757,1328,758,4,1326,88,1327,1,1329,0]
11-11 00:01:29.235 1496 2092 I sysui_multi_action: [757,127,758,1]
11-11 00:01:29.235 1496 2092 I sysui_multi_action: [757,804,799,note_load,801,2,802,1]
