01-01 08:00:10.727 1399 1399 I auditd : type=1400 audit(0.0:123): avc: denied { read write } for comm="imsdatadaemon" name="diag" dev="tmpfs" ino=11936 scontext=u:r:vendor_ims:s0 tcontext=u:object_r:vendor_diag_device:s0 tclass=chr_file permissive=0
01-01 08:00:10.731 1399 1399 I auditd : type=1400 audit(0.0:124): avc: denied { read write } for comm="imsdatadaemon" name="diag" dev="tmpfs" ino=11936 scontext=u:r:vendor_ims:s0 tcontext=u:object_r:vendor_diag_device:s0 tclass=chr_file permissive=0
01-01 08:00:10.731 1399 1399 I auditd : type=1400 audit(0.0:125): avc: denied { read write } for comm="imsdatadaemon" name="diag" dev="tmpfs" ino=11936 scontext=u:r:vendor_ims:s0 tcontext=u:object_r:vendor_diag_device:s0 tclass=chr_file permissive=0
01-01 08:00:10.731 1399 1399 I auditd : type=1400 audit(0.0:126): avc: denied { read write } for comm="imsdatadaemon" name="diag" dev="tmpfs" ino=11936 scontext=u:r:vendor_ims:s0 tcontext=u:object_r:vendor_diag_device:s0 tclass=chr_file permissive=0
01-01 08:00:10.766 0 0 E msm-dwc3 a600000.ssusb: Could not get usb psy
01-01 08:00:10.778 0 0 I capability: warning: `msm_irqbalance' uses 32-bit capabilities (legacy support in use)
01-01 08:00:10.825 668 668 I boot_progress_preload_end: 8301
01-01 08:00:10.830 0 0 I IPv6 : ADDRCONF(NETDEV_UP): vlan0: link is not ready
01-01 08:00:10.831 1469 1469 I auditd : type=1400 audit(0.0:127): avc: denied { read } for comm="ip" name="rt_tables" dev="dm-10" ino=344 scontext=u:r:ethernet:s0 tcontext=u:object_r:net_data_file:s0 tclass=file permissive=0
01-01 08:00:10.839 1470 1470 I auditd : type=1400 audit(0.0:128): avc: denied { read } for comm="ip" name="rt_tables" dev="dm-10" ino=344 scontext=u:r:ethernet:s0 tcontext=u:object_r:net_data_file:s0 tclass=file permissive=0
01-01 08:00:10.860 0 0 E msm-dwc3 a600000.ssusb: Could not get usb psy
01-01 08:00:10.883 0 0 E bolero-codec soc: qcom,msm-audio-apr:qcom,q6core-audio:bolero-cdc: ASoC: unknown pin WSA AIF VI
01-01 08:00:10.883 990 990 I auditd : type=1400 audit(0.0:129): avc: denied { read write } for comm="sensors.qti" name="diag" dev="tmpfs" ino=11936 scontext=u:r:vendor_sensors_qti:s0 tcontext=u:object_r:vendor_diag_device:s0 tclass=chr_file permissive=0
01-01 08:00:10.891 0 0 E kona-asoc-snd soc: qcom,msm-audio-apr:qcom,q6core-audio:sound: ASoC: no source widget found for MIC BIAS1
01-01 08:00:10.891 0 0 E kona-asoc-snd soc: qcom,msm-audio-apr:qcom,q6core-audio:sound: ASoC: Failed to add route MIC BIAS1 -> direct -> AMIC1
01-01 08:00:10.891 0 0 E kona-asoc-snd soc: qcom,msm-audio-apr:qcom,q6core-audio:sound: ASoC: no sink widget found for MIC BIAS1
01-01 08:00:10.891 0 0 E kona-asoc-snd soc: qcom,msm-audio-apr:qcom,q6core-audio:sound: ASoC: Failed to add route Analog Mic1 -> direct -> MIC BIAS1
01-01 08:00:10.891 0 0 E kona-asoc-snd soc: qcom,msm-audio-apr:qcom,q6core-audio:sound: ASoC: no source widget found for MIC BIAS2
01-01 08:00:10.891 0 0 E kona-asoc-snd soc: qcom,msm-audio-apr:qcom,q6core-audio:sound: ASoC: Failed to add route MIC BIAS2 -> direct -> AMIC2
01-01 08:00:10.891 0 0 E kona-asoc-snd soc: qcom,msm-audio-apr:qcom,q6core-audio:sound: ASoC: no sink widget found for MIC BIAS2
01-01 08:00:10.891 0 0 E kona-asoc-snd soc: qcom,msm-audio-apr:qcom,q6core-audio:sound: ASoC: Failed to add route Analog Mic2 -> direct -> MIC BIAS2
01-01 08:00:10.891 0 0 E kona-asoc-snd soc: qcom,msm-audio-apr:qcom,q6core-audio:sound: ASoC: no source widget found for MIC BIAS3
01-01 08:00:10.891 0 0 E kona-asoc-snd soc: qcom,msm-audio-apr:qcom,q6core-audio:sound: ASoC: Failed to add route MIC BIAS3 -> direct -> AMIC3
01-01 08:00:10.891 0 0 E kona-asoc-snd soc: qcom,msm-audio-apr:qcom,q6core-audio:sound: ASoC: no sink widget found for MIC BIAS3
01-01 08:00:10.892 0 0 E kona-asoc-snd soc: qcom,msm-audio-apr:qcom,q6core-audio:sound: ASoC: Failed to add route Analog Mic3 -> direct -> MIC BIAS3
01-01 08:00:10.892 0 0 E kona-asoc-snd soc: qcom,msm-audio-apr:qcom,q6core-audio:sound: ASoC: no source widget found for MIC BIAS3
01-01 08:00:10.892 0 0 E kona-asoc-snd soc: qcom,msm-audio-apr:qcom,q6core-audio:sound: ASoC: Failed to add route MIC BIAS3 -> direct -> AMIC4
01-01 08:00:10.892 0 0 E kona-asoc-snd soc: qcom,msm-audio-apr:qcom,q6core-audio:sound: ASoC: no sink widget found for MIC BIAS3
01-01 08:00:10.892 0 0 E kona-asoc-snd soc: qcom,msm-audio-apr:qcom,q6core-audio:sound: ASoC: Failed to add route Analog Mic4 -> direct -> MIC BIAS3
01-01 08:00:10.892 0 0 E kona-asoc-snd soc: qcom,msm-audio-apr:qcom,q6core-audio:sound: ASoC: no source widget found for MIC BIAS4
01-01 08:00:10.892 0 0 E kona-asoc-snd soc: qcom,msm-audio-apr:qcom,q6core-audio:sound: ASoC: Failed to add route MIC BIAS4 -> direct -> AMIC5
01-01 08:00:10.892 0 0 E kona-asoc-snd soc: qcom,msm-audio-apr:qcom,q6core-audio:sound: ASoC: no sink widget found for MIC BIAS4
01-01 08:00:10.892 0 0 E kona-asoc-snd soc: qcom,msm-audio-apr:qcom,q6core-audio:sound: ASoC: Failed to add route Analog Mic5 -> direct -> MIC BIAS4
01-01 08:00:10.892 0 0 E kona-asoc-snd soc: qcom,msm-audio-apr:qcom,q6core-audio:sound: ASoC: no source widget found for MIC BIAS3
01-01 08:00:10.892 0 0 E kona-asoc-snd soc: qcom,msm-audio-apr:qcom,q6core-audio:sound: ASoC: Failed to add route MIC BIAS3 -> direct -> TX DMIC0
01-01 08:00:10.892 0 0 E kona-asoc-snd soc: qcom,msm-audio-apr:qcom,q6core-audio:sound: ASoC: no sink widget found for MIC BIAS3
01-01 08:00:10.892 0 0 E kona-asoc-snd soc: qcom,msm-audio-apr:qcom,q6core-audio:sound: ASoC: Failed to add route Digital Mic0 -> direct -> MIC BIAS3
01-01 08:00:10.892 0 0 E kona-asoc-snd soc: qcom,msm-audio-apr:qcom,q6core-audio:sound: ASoC: no source widget found for MIC BIAS3
01-01 08:00:10.892 0 0 E kona-asoc-snd soc: qcom,msm-audio-apr:qcom,q6core-audio:sound: ASoC: Failed to add route MIC BIAS3 -> direct -> TX DMIC1
01-01 08:00:10.892 0 0 E kona-asoc-snd soc: qcom,msm-audio-apr:qcom,q6core-audio:sound: ASoC: no sink widget found for MIC BIAS3
01-01 08:00:10.892 0 0 E kona-asoc-snd soc: qcom,msm-audio-apr:qcom,q6core-audio:sound: ASoC: Failed to add route Digital Mic1 -> direct -> MIC BIAS3
01-01 08:00:10.892 0 0 E kona-asoc-snd soc: qcom,msm-audio-apr:qcom,q6core-audio:sound: ASoC: no source widget found for MIC BIAS1
01-01 08:00:10.892 0 0 E kona-asoc-snd soc: qcom,msm-audio-apr:qcom,q6core-audio:sound: ASoC: Failed to add route MIC BIAS1 -> direct -> TX DMIC2
01-01 08:00:10.892 0 0 E kona-asoc-snd soc: qcom,msm-audio-apr:qcom,q6core-audio:sound: ASoC: no sink widget found for MIC BIAS1
01-01 08:00:10.892 0 0 E kona-asoc-snd soc: qcom,msm-audio-apr:qcom,q6core-audio:sound: ASoC: Failed to add route Digital Mic2 -> direct -> MIC BIAS1
01-01 08:00:10.892 0 0 E kona-asoc-snd soc: qcom,msm-audio-apr:qcom,q6core-audio:sound: ASoC: no source widget found for MIC BIAS1
01-01 08:00:10.892 0 0 E kona-asoc-snd soc: qcom,msm-audio-apr:qcom,q6core-audio:sound: ASoC: Failed to add route MIC BIAS1 -> direct -> TX DMIC3
01-01 08:00:10.892 0 0 E kona-asoc-snd soc: qcom,msm-audio-apr:qcom,q6core-audio:sound: ASoC: no sink widget found for MIC BIAS1
01-01 08:00:10.892 0 0 E kona-asoc-snd soc: qcom,msm-audio-apr:qcom,q6core-audio:sound: ASoC: Failed to add route Digital Mic3 -> direct -> MIC BIAS1
01-01 08:00:10.892 0 0 E kona-asoc-snd soc: qcom,msm-audio-apr:qcom,q6core-audio:sound: ASoC: no source widget found for MIC BIAS4
01-01 08:00:10.892 0 0 E kona-asoc-snd soc: qcom,msm-audio-apr:qcom,q6core-audio:sound: ASoC: Failed to add route MIC BIAS4 -> direct -> TX DMIC4
01-01 08:00:10.892 0 0 E kona-asoc-snd soc: qcom,msm-audio-apr:qcom,q6core-audio:sound: ASoC: no sink widget found for MIC BIAS4
01-01 08:00:10.892 0 0 E kona-asoc-snd soc: qcom,msm-audio-apr:qcom,q6core-audio:sound: ASoC: Failed to add route Digital Mic4 -> direct -> MIC BIAS4
01-01 08:00:10.892 0 0 E kona-asoc-snd soc: qcom,msm-audio-apr:qcom,q6core-audio:sound: ASoC: no source widget found for MIC BIAS4
01-01 08:00:10.892 0 0 E kona-asoc-snd soc: qcom,msm-audio-apr:qcom,q6core-audio:sound: ASoC: Failed to add route MIC BIAS4 -> direct -> TX DMIC5
01-01 08:00:10.893 0 0 E kona-asoc-snd soc: qcom,msm-audio-apr:qcom,q6core-audio:sound: ASoC: no sink widget found for MIC BIAS4
01-01 08:00:10.893 0 0 E kona-asoc-snd soc: qcom,msm-audio-apr:qcom,q6core-audio:sound: ASoC: Failed to add route Digital Mic5 -> direct -> MIC BIAS4
01-01 08:00:10.893 0 0 E kona-asoc-snd soc: qcom,msm-audio-apr:qcom,q6core-audio:sound: ASoC: no sink widget found for IN1_HPHL
01-01 08:00:10.893 0 0 E kona-asoc-snd soc: qcom,msm-audio-apr:qcom,q6core-audio:sound: ASoC: Failed to add route HPHL_OUT -> direct -> IN1_HPHL
01-01 08:00:10.893 0 0 E kona-asoc-snd soc: qcom,msm-audio-apr:qcom,q6core-audio:sound: ASoC: no sink widget found for IN2_HPHR
01-01 08:00:10.893 0 0 E kona-asoc-snd soc: qcom,msm-audio-apr:qcom,q6core-audio:sound: ASoC: Failed to add route HPHR_OUT -> direct -> IN2_HPHR
01-01 08:00:10.893 0 0 E kona-asoc-snd soc: qcom,msm-audio-apr:qcom,q6core-audio:sound: ASoC: no sink widget found for IN3_AUX
01-01 08:00:10.893 0 0 E kona-asoc-snd soc: qcom,msm-audio-apr:qcom,q6core-audio:sound: ASoC: Failed to add route AUX_OUT -> direct -> IN3_AUX
01-01 08:00:10.893 0 0 E kona-asoc-snd soc: qcom,msm-audio-apr:qcom,q6core-audio:sound: ASoC: no source widget found for ADC1_OUTPUT
01-01 08:00:10.893 0 0 E kona-asoc-snd soc: qcom,msm-audio-apr:qcom,q6core-audio:sound: ASoC: Failed to add route ADC1_OUTPUT -> direct -> TX SWR_ADC0
01-01 08:00:10.893 0 0 E kona-asoc-snd soc: qcom,msm-audio-apr:qcom,q6core-audio:sound: ASoC: no source widget found for ADC2_OUTPUT
01-01 08:00:10.893 0 0 E kona-asoc-snd soc: qcom,msm-audio-apr:qcom,q6core-audio:sound: ASoC: Failed to add route ADC2_OUTPUT -> direct -> TX SWR_ADC1
01-01 08:00:10.893 0 0 E kona-asoc-snd soc: qcom,msm-audio-apr:qcom,q6core-audio:sound: ASoC: no source widget found for ADC3_OUTPUT
01-01 08:00:10.893 0 0 E kona-asoc-snd soc: qcom,msm-audio-apr:qcom,q6core-audio:sound: ASoC: Failed to add route ADC3_OUTPUT -> direct -> TX SWR_ADC2
01-01 08:00:10.893 0 0 E kona-asoc-snd soc: qcom,msm-audio-apr:qcom,q6core-audio:sound: ASoC: no source widget found for ADC4_OUTPUT
01-01 08:00:10.893 0 0 E kona-asoc-snd soc: qcom,msm-audio-apr:qcom,q6core-audio:sound: ASoC: Failed to add route ADC4_OUTPUT -> direct -> TX SWR_ADC3
01-01 08:00:10.893 0 0 E kona-asoc-snd soc: qcom,msm-audio-apr:qcom,q6core-audio:sound: ASoC: no source widget found for DMIC1_OUTPUT
01-01 08:00:10.893 0 0 E kona-asoc-snd soc: qcom,msm-audio-apr:qcom,q6core-audio:sound: ASoC: Failed to add route DMIC1_OUTPUT -> direct -> TX SWR_DMIC0
01-01 08:00:10.893 0 0 E kona-asoc-snd soc: qcom,msm-audio-apr:qcom,q6core-audio:sound: ASoC: no source widget found for DMIC2_OUTPUT
01-01 08:00:10.893 0 0 E kona-asoc-snd soc: qcom,msm-audio-apr:qcom,q6core-audio:sound: ASoC: Failed to add route DMIC2_OUTPUT -> direct -> TX SWR_DMIC1
01-01 08:00:10.893 0 0 E kona-asoc-snd soc: qcom,msm-audio-apr:qcom,q6core-audio:sound: ASoC: no source widget found for DMIC3_OUTPUT
01-01 08:00:10.893 0 0 E kona-asoc-snd soc: qcom,msm-audio-apr:qcom,q6core-audio:sound: ASoC: Failed to add route DMIC3_OUTPUT -> direct -> TX SWR_DMIC2
01-01 08:00:10.893 0 0 E kona-asoc-snd soc: qcom,msm-audio-apr:qcom,q6core-audio:sound: ASoC: no source widget found for DMIC4_OUTPUT
01-01 08:00:10.893 0 0 E kona-asoc-snd soc: qcom,msm-audio-apr:qcom,q6core-audio:sound: ASoC: Failed to add route DMIC4_OUTPUT -> direct -> TX SWR_DMIC3
01-01 08:00:10.893 0 0 E kona-asoc-snd soc: qcom,msm-audio-apr:qcom,q6core-audio:sound: ASoC: no source widget found for DMIC5_OUTPUT
01-01 08:00:10.893 0 0 E kona-asoc-snd soc: qcom,msm-audio-apr:qcom,q6core-audio:sound: ASoC: Failed to add route DMIC5_OUTPUT -> direct -> TX SWR_DMIC4
01-01 08:00:10.893 0 0 E kona-asoc-snd soc: qcom,msm-audio-apr:qcom,q6core-audio:sound: ASoC: no source widget found for DMIC6_OUTPUT
01-01 08:00:10.893 0 0 E kona-asoc-snd soc: qcom,msm-audio-apr:qcom,q6core-audio:sound: ASoC: Failed to add route DMIC6_OUTPUT -> direct -> TX SWR_DMIC5
01-01 08:00:10.893 0 0 E kona-asoc-snd soc: qcom,msm-audio-apr:qcom,q6core-audio:sound: ASoC: no source widget found for DMIC7_OUTPUT
01-01 08:00:10.893 0 0 E kona-asoc-snd soc: qcom,msm-audio-apr:qcom,q6core-audio:sound: ASoC: Failed to add route DMIC7_OUTPUT -> direct -> TX SWR_DMIC6
01-01 08:00:10.893 0 0 E kona-asoc-snd soc: qcom,msm-audio-apr:qcom,q6core-audio:sound: ASoC: no source widget found for DMIC8_OUTPUT
01-01 08:00:10.893 0 0 E kona-asoc-snd soc: qcom,msm-audio-apr:qcom,q6core-audio:sound: ASoC: Failed to add route DMIC8_OUTPUT -> direct -> TX SWR_DMIC7
01-01 08:00:10.894 0 0 E kona-asoc-snd soc: qcom,msm-audio-apr:qcom,q6core-audio:sound: ASoC: no sink widget found for SpkrLeft IN
01-01 08:00:10.894 0 0 E kona-asoc-snd soc: qcom,msm-audio-apr:qcom,q6core-audio:sound: ASoC: Failed to add route WSA_SPK1 OUT -> direct -> SpkrLeft IN
01-01 08:00:10.894 0 0 E kona-asoc-snd soc: qcom,msm-audio-apr:qcom,q6core-audio:sound: ASoC: no sink widget found for SpkrRight IN
01-01 08:00:10.894 0 0 E kona-asoc-snd soc: qcom,msm-audio-apr:qcom,q6core-audio:sound: ASoC: Failed to add route WSA_SPK2 OUT -> direct -> SpkrRight IN
01-01 08:00:10.894 0 0 E kona-asoc-snd soc: qcom,msm-audio-apr:qcom,q6core-audio:sound: ASoC: no sink widget found for VA MIC BIAS3
01-01 08:00:10.894 0 0 E kona-asoc-snd soc: qcom,msm-audio-apr:qcom,q6core-audio:sound: ASoC: Failed to add route Digital Mic0 -> direct -> VA MIC BIAS3
01-01 08:00:10.894 0 0 E kona-asoc-snd soc: qcom,msm-audio-apr:qcom,q6core-audio:sound: ASoC: no sink widget found for VA MIC BIAS3
01-01 08:00:10.894 0 0 E kona-asoc-snd soc: qcom,msm-audio-apr:qcom,q6core-audio:sound: ASoC: Failed to add route Digital Mic1 -> direct -> VA MIC BIAS3
01-01 08:00:10.894 0 0 E kona-asoc-snd soc: qcom,msm-audio-apr:qcom,q6core-audio:sound: ASoC: no sink widget found for VA MIC BIAS4
01-01 08:00:10.894 0 0 E kona-asoc-snd soc: qcom,msm-audio-apr:qcom,q6core-audio:sound: ASoC: Failed to add route Digital Mic4 -> direct -> VA MIC BIAS4
01-01 08:00:10.894 0 0 E kona-asoc-snd soc: qcom,msm-audio-apr:qcom,q6core-audio:sound: ASoC: no sink widget found for VA MIC BIAS4
01-01 08:00:10.894 0 0 E kona-asoc-snd soc: qcom,msm-audio-apr:qcom,q6core-audio:sound: ASoC: Failed to add route Digital Mic5 -> direct -> VA MIC BIAS4
01-01 08:00:10.894 0 0 E kona-asoc-snd soc: qcom,msm-audio-apr:qcom,q6core-audio:sound: ASoC: no source widget found for VA MIC BIAS3
01-01 08:00:10.894 0 0 E kona-asoc-snd soc: qcom,msm-audio-apr:qcom,q6core-audio:sound: ASoC: Failed to add route VA MIC BIAS3 -> direct -> VA DMIC0
01-01 08:00:10.894 0 0 E kona-asoc-snd soc: qcom,msm-audio-apr:qcom,q6core-audio:sound: ASoC: no source widget found for VA MIC BIAS3
01-01 08:00:10.894 0 0 E kona-asoc-snd soc: qcom,msm-audio-apr:qcom,q6core-audio:sound: ASoC: Failed to add route VA MIC BIAS3 -> direct -> VA DMIC1
01-01 08:00:10.894 0 0 E kona-asoc-snd soc: qcom,msm-audio-apr:qcom,q6core-audio:sound: ASoC: no source widget found for VA MIC BIAS4
01-01 08:00:10.894 0 0 E kona-asoc-snd soc: qcom,msm-audio-apr:qcom,q6core-audio:sound: ASoC: Failed to add route VA MIC BIAS4 -> direct -> VA DMIC4
01-01 08:00:10.894 0 0 E kona-asoc-snd soc: qcom,msm-audio-apr:qcom,q6core-audio:sound: ASoC: no source widget found for VA MIC BIAS4
01-01 08:00:10.894 0 0 E kona-asoc-snd soc: qcom,msm-audio-apr:qcom,q6core-audio:sound: ASoC: Failed to add route VA MIC BIAS4 -> direct -> VA DMIC5
01-01 08:00:10.895 0 0 E kona-asoc-snd soc: qcom,msm-audio-apr:qcom,q6core-audio:sound: ASoC: no source widget found for ADC1_OUTPUT
01-01 08:00:10.895 0 0 E kona-asoc-snd soc: qcom,msm-audio-apr:qcom,q6core-audio:sound: ASoC: Failed to add route ADC1_OUTPUT -> direct -> VA SWR_ADC0
01-01 08:00:10.895 0 0 E kona-asoc-snd soc: qcom,msm-audio-apr:qcom,q6core-audio:sound: ASoC: no source widget found for ADC2_OUTPUT
01-01 08:00:10.895 0 0 E kona-asoc-snd soc: qcom,msm-audio-apr:qcom,q6core-audio:sound: ASoC: Failed to add route ADC2_OUTPUT -> direct -> VA SWR_ADC1
01-01 08:00:10.895 0 0 E kona-asoc-snd soc: qcom,msm-audio-apr:qcom,q6core-audio:sound: ASoC: no source widget found for ADC3_OUTPUT
01-01 08:00:10.895 0 0 E kona-asoc-snd soc: qcom,msm-audio-apr:qcom,q6core-audio:sound: ASoC: Failed to add route ADC3_OUTPUT -> direct -> VA SWR_ADC2
01-01 08:00:10.895 0 0 E kona-asoc-snd soc: qcom,msm-audio-apr:qcom,q6core-audio:sound: ASoC: no source widget found for ADC4_OUTPUT
01-01 08:00:10.895 0 0 E kona-asoc-snd soc: qcom,msm-audio-apr:qcom,q6core-audio:sound: ASoC: Failed to add route ADC4_OUTPUT -> direct -> VA SWR_ADC3
01-01 08:00:10.895 0 0 E kona-asoc-snd soc: qcom,msm-audio-apr:qcom,q6core-audio:sound: ASoC: no source widget found for DMIC1_OUTPUT
01-01 08:00:10.895 0 0 E kona-asoc-snd soc: qcom,msm-audio-apr:qcom,q6core-audio:sound: ASoC: Failed to add route DMIC1_OUTPUT -> direct -> VA SWR_MIC0
01-01 08:00:10.895 0 0 E kona-asoc-snd soc: qcom,msm-audio-apr:qcom,q6core-audio:sound: ASoC: no source widget found for DMIC2_OUTPUT
01-01 08:00:10.895 0 0 E kona-asoc-snd soc: qcom,msm-audio-apr:qcom,q6core-audio:sound: ASoC: Failed to add route DMIC2_OUTPUT -> direct -> VA SWR_MIC1
01-01 08:00:10.895 0 0 E kona-asoc-snd soc: qcom,msm-audio-apr:qcom,q6core-audio:sound: ASoC: no source widget found for DMIC3_OUTPUT
01-01 08:00:10.895 0 0 E kona-asoc-snd soc: qcom,msm-audio-apr:qcom,q6core-audio:sound: ASoC: Failed to add route DMIC3_OUTPUT -> direct -> VA SWR_MIC2
01-01 08:00:10.895 0 0 E kona-asoc-snd soc: qcom,msm-audio-apr:qcom,q6core-audio:sound: ASoC: no source widget found for DMIC4_OUTPUT
01-01 08:00:10.895 0 0 E kona-asoc-snd soc: qcom,msm-audio-apr:qcom,q6core-audio:sound: ASoC: Failed to add route DMIC4_OUTPUT -> direct -> VA SWR_MIC3
01-01 08:00:10.895 0 0 E kona-asoc-snd soc: qcom,msm-audio-apr:qcom,q6core-audio:sound: ASoC: no source widget found for DMIC5_OUTPUT
01-01 08:00:10.895 0 0 E kona-asoc-snd soc: qcom,msm-audio-apr:qcom,q6core-audio:sound: ASoC: Failed to add route DMIC5_OUTPUT -> direct -> VA SWR_MIC4
01-01 08:00:10.895 0 0 E kona-asoc-snd soc: qcom,msm-audio-apr:qcom,q6core-audio:sound: ASoC: no source widget found for DMIC6_OUTPUT
01-01 08:00:10.895 0 0 E kona-asoc-snd soc: qcom,msm-audio-apr:qcom,q6core-audio:sound: ASoC: Failed to add route DMIC6_OUTPUT -> direct -> VA SWR_MIC5
01-01 08:00:10.895 0 0 E kona-asoc-snd soc: qcom,msm-audio-apr:qcom,q6core-audio:sound: ASoC: no source widget found for DMIC7_OUTPUT
01-01 08:00:10.895 0 0 E kona-asoc-snd soc: qcom,msm-audio-apr:qcom,q6core-audio:sound: ASoC: Failed to add route DMIC7_OUTPUT -> direct -> VA SWR_MIC6
01-01 08:00:10.895 0 0 E kona-asoc-snd soc: qcom,msm-audio-apr:qcom,q6core-audio:sound: ASoC: no source widget found for DMIC8_OUTPUT
01-01 08:00:10.895 0 0 E kona-asoc-snd soc: qcom,msm-audio-apr:qcom,q6core-audio:sound: ASoC: Failed to add route DMIC8_OUTPUT -> direct -> VA SWR_MIC7
01-01 08:00:10.907 0 0 I kona-asoc-snd soc: qcom,msm-audio-apr:qcom,q6core-audio:sound: msm_asoc_machine_probe: Sound card kona-mtp-snd-card registered
01-01 08:00:10.909 0 0 E : [drm:dp_display_init_aux_switch][msm-dp-err][81 ]failed to register notifier (-22)
01-01 08:00:10.909 0 0 E register_client_adhoc: find path.src 1 dest 589
01-01 08:00:10.909 0 0 E register_client_adhoc: Failed to find path.src 1 dest 589
01-01 08:00:10.917 0 0 E swr-wcd rx_swr_ctrl: swrm_get_logical_dev_num: device 0xd01170224 is not ready
01-01 08:00:10.917 0 0 E swr_get_logical_dev_num: Error -22 to get logical addr for device d01170224
01-01 08:00:10.917 0 0 E swr-wcd rx_swr_ctrl: swrm_get_logical_dev_num: device 0xd01170224 is not ready
01-01 08:00:10.917 0 0 E swr_get_logical_dev_num: Error -22 to get logical addr for device d01170224
01-01 08:00:10.917 0 0 E swr-wcd rx_swr_ctrl: swrm_get_logical_dev_num: device 0xd01170224 is not ready
01-01 08:00:10.917 0 0 E swr_get_logical_dev_num: Error -22 to get logical addr for device d01170224
01-01 08:00:10.917 0 0 E swr-wcd rx_swr_ctrl: swrm_get_logical_dev_num: device 0xd01170224 is not ready
01-01 08:00:10.917 0 0 E swr_get_logical_dev_num: Error -22 to get logical addr for device d01170224
01-01 08:00:10.917 0 0 E swr-wcd rx_swr_ctrl: swrm_get_logical_dev_num: device 0xd01170224 is not ready
01-01 08:00:10.917 0 0 E swr_get_logical_dev_num: Error -22 to get logical addr for device d01170224
01-01 08:00:10.917 0 0 E wcd938x_codec wcd938x-codec: wcd938x_bind: Slave bind failed, ret = -517
01-01 08:00:10.939 0 0 W QSEECOM : qseecom_load_app: App (featenabler) does'nt exist, loading apps for first time
01-01 08:00:10.947 0 0 D cnss : Sending respond memory message, state: 0x9
01-01 08:00:10.947 0 0 D cnss : Memory for FW, va: 0x0000000000000000, pa: 0x00000000a1000000, size: 0x5e0000, type: 1
01-01 08:00:10.947 0 0 D cnss : Memory for FW, va: 0x0000000000000000, pa: 0x00000000a1600000, size: 0xd8000, type: 4
01-01 08:00:10.948 0 0 I android_work: sent uevent USB_STATE=CONNECTED
01-01 08:00:10.954 0 0 D cnss : PM relax, state: 0x9, count: 0
01-01 08:00:10.956 0 0 D cnss : Received QMI WLFW FW memory ready indication
01-01 08:00:10.956 0 0 D cnss : Posting event: FW_MEM_READY(3), state: 0x9 flags: 0x0
01-01 08:00:10.956 0 0 D cnss : PM stay awake, state: 0x9, count: 1
01-01 08:00:10.956 0 0 D cnss : PM relax, state: 0x9, count: 0
01-01 08:00:10.956 0 0 D cnss : PM stay awake, state: 0x9, count: 1
01-01 08:00:10.956 0 0 D cnss : Processing driver event: FW_MEM_READY(3), state: 0x9
01-01 08:00:10.956 0 0 D cnss : Sending target capability message, state: 0xb
01-01 08:00:10.967 0 0 D cnss : Voltage for CPR: 948mV
01-01 08:00:10.967 0 0 D cnss : Got voltage 800mV from i: 0, j: 0
01-01 08:00:10.967 0 0 D cnss : Got voltage 1012mV from i: 4, j: 1
01-01 08:00:10.967 0 0 D cnss : Update TCS CMD data address 0x000000000b2e5844 with voltage 950mV
01-01 08:00:10.967 0 0 D cnss : Device frequency is 24000000 HZ
01-01 08:00:10.967 0 0 D cnss : Target capability: chip_id: 0x0, chip_family: 0xb, board_id: 0xff, soc_id: 0xffffffff, fw_version: 0x101a0521, fw_build_timestamp: 2021-12-20 07:54, fw_build_id: QC_IMAGE_VERSION_STRING=WLAN.HST.1.0.1.r1-01313-QCAHSTSWPL_SILICONZ-1, otp_version: 0x0
01-01 08:00:10.967 0 0 D cnss : Sending BDF download message, state: 0xb, type: 4
01-01 08:00:10.967 0 0 D cnss : FW name added with prefix: qca6390/regdb.bin
01-01 08:00:10.967 0 0 W cnss2 b0000000.qcom,cnss-qca6390: Falling back to syfs fallback for: qca6390/regdb.bin
01-01 08:00:10.968 0 0 W QSEECOM : qseecom_load_app: App with id 5 (featenabler) now loaded
01-01 08:00:10.969 0 0 W subsys-pil-tz soc: qcom,kgsl-hyp: Falling back to syfs fallback for: a650_zap.mdt
01-01 08:00:10.969 0 0 E msm-dwc3 a600000.ssusb: Could not get usb psy
01-01 08:00:10.963 1502 1502 I auditd : type=1400 audit(0.0:130): avc: denied { getattr } for comm="hvdcp_opti" path="/dev/kmsg" dev="tmpfs" ino=13316 scontext=u:r:vendor_hvdcp:s0 tcontext=u:object_r:kmsg_device:s0 tclass=chr_file permissive=0
01-01 08:00:10.963 1502 1502 I auditd : type=1400 audit(0.0:131): avc: denied { write } for comm="hvdcp_opti" name="kmsg" dev="tmpfs" ino=13316 scontext=u:r:vendor_hvdcp:s0 tcontext=u:object_r:kmsg_device:s0 tclass=chr_file permissive=0
01-01 08:00:10.967 1502 1502 I auditd : type=1400 audit(0.0:132): avc: denied { read } for comm="hvdcp_opti" name="devices" dev="sysfs" ino=46880 scontext=u:r:vendor_hvdcp:s0 tcontext=u:object_r:sysfs:s0 tclass=dir permissive=0
01-01 08:00:10.973 0 0 E scm_call failed: func id 0x72000103, ret: -12, syscall returns: 0x0, 0x0, 0x0
01-01 08:00:10.977 0 0 I IPv6 : ADDRCONF(NETDEV_UP): vlan1: link is not ready
01-01 08:00:10.979 0 0 I configfs-gadget gadget: high-speed config #1: b
01-01 08:00:10.980 0 0 E msm-dwc3 a600000.ssusb: Could not get usb psy
01-01 08:00:10.980 0 0 I android_work: sent uevent USB_STATE=CONFIGURED
01-01 08:00:10.983 1522 1522 I auditd : type=1400 audit(0.0:133): avc: denied { read } for comm="ip" name="rt_tables" dev="dm-10" ino=344 scontext=u:r:ethernet:s0 tcontext=u:object_r:net_data_file:s0 tclass=file permissive=0
01-01 08:00:10.991 1524 1524 I auditd : type=1400 audit(0.0:134): avc: denied { read } for comm="ip" name="rt_tables" dev="dm-10" ino=344 scontext=u:r:ethernet:s0 tcontext=u:object_r:net_data_file:s0 tclass=file permissive=0
01-01 08:00:11.007 0 0 W QSEECOM : qseecom_load_app: App (fingerpr) does'nt exist, loading apps for first time
01-01 08:00:11.030 0 0 E cnss : Failed to load BDF: qca6390/regdb.bin
01-01 08:00:11.030 0 0 D cnss : Sending BDF download message, state: 0xb, type: 1
01-01 08:00:11.030 0 0 D cnss : FW name added with prefix: qca6390/bdwlan.elf
01-01 08:00:11.030 0 0 W cnss2 b0000000.qcom,cnss-qca6390: Falling back to syfs fallback for: qca6390/bdwlan.elf
01-01 08:00:11.035 0 0 D cnss : Downloading BDF: qca6390/bdwlan.elf, size: 57908
01-01 08:00:11.037 0 0 I subsys-pil-tz soc: qcom,kgsl-hyp: a650_zap: loading from 0x00000000fcd00000 to 0x00000000fcd01000
01-01 08:00:11.063 0 0 D cnss : FW name added with prefix: qca6390/m3.bin
01-01 08:00:11.063 0 0 W cnss_pci 0000: 01:00.0: Falling back to syfs fallback for: qca6390/m3.bin
01-01 08:00:11.067 0 0 D cnss : Sending M3 information message, state: 0xb
01-01 08:00:11.067 0 0 D cnss : M3 memory, va: 0x0000000000000000, pa: 0x00000000a1800000, size: 0x411bc
01-01 08:00:11.072 0 0 D cnss : PM relax, state: 0xb, count: 0
01-01 08:00:11.073 0 0 D cnss : Received QMI WLFW FW initialization done indication
01-01 08:00:11.073 0 0 D cnss : Posting event: FW_READY(4), state: 0xb flags: 0x0
01-01 08:00:11.073 0 0 D cnss : PM stay awake, state: 0xb, count: 1
01-01 08:00:11.073 0 0 D cnss : PM relax, state: 0xb, count: 0
01-01 08:00:11.073 0 0 D cnss : PM stay awake, state: 0xb, count: 1
01-01 08:00:11.073 0 0 D cnss : Processing driver event: FW_READY(4), state: 0xb
01-01 08:00:11.073 0 0 D cnss : PCIE Gen speed not setup
01-01 08:00:11.073 0 0 D cnss : Sending antenna switch sync request, state: 0xf
01-01 08:00:11.074 0 0 I binder : 1496:1496 ioctl 40046210 7fe2050be4 returned -22
01-01 08:00:11.075 0 0 E cnss : Antenna switch request failed, result: 1, err: 94
01-01 08:00:11.075 0 0 D cnss : Sending mode message, mode: CALIBRATION(7), state: 0xf
01-01 08:00:11.083 990 990 I auditd : type=1400 audit(0.0:135): avc: denied { read write } for comm="sensors.qti" name="diag" dev="tmpfs" ino=11936 scontext=u:r:vendor_sensors_qti:s0 tcontext=u:object_r:vendor_diag_device:s0 tclass=chr_file permissive=0
01-01 08:00:11.097 0 0 I IPv6 : ADDRCONF(NETDEV_UP): vlan2: link is not ready
01-01 08:00:11.095 1552 1552 I auditd : type=1400 audit(0.0:136): avc: denied { read } for comm="ip" name="rt_tables" dev="dm-10" ino=344 scontext=u:r:ethernet:s0 tcontext=u:object_r:net_data_file:s0 tclass=file permissive=0
01-01 08:00:11.104 1496 1496 I SystemServerTiming: InitBeforeStartServices
01-01 08:00:11.105 0 0 W QSEECOM : qseecom_load_app: App with id 6 (fingerpr) now loaded
01-01 08:00:11.107 0 0 W subsys-pil-tz soc: qcom,kgsl-hyp: Falling back to syfs fallback for: a650_zap.b02
01-01 08:00:11.107 1496 1496 I system_server_start: [1,8581,8581]
01-01 08:00:11.107 1496 1496 I SystemServer: Entered the Android system server!
01-01 08:00:11.107 1496 1496 I boot_progress_system_run: 8584
01-01 08:00:11.103 1553 1553 I auditd : type=1400 audit(0.0:137): avc: denied { read } for comm="ip" name="rt_tables" dev="dm-10" ino=344 scontext=u:r:ethernet:s0 tcontext=u:object_r:net_data_file:s0 tclass=file permissive=0
01-01 08:00:11.116 0 0 I subsys-pil-tz soc: qcom,kgsl-hyp: a650_zap: Brought out of reset
01-01 08:00:11.127 0 0 I binder : 1097:1135 ioctl 40046210 73843be144 returned -22
01-01 08:00:11.215 0 0 W QSEECOM : __qseecom_unload_app: App (6) is unloaded
01-01 08:00:11.216 0 0 D qbt : qbt_release: entry minor_no=0 fd_available=0
01-01 08:00:11.216 0 0 D qbt : qbt_release: Releasing wakelock
01-01 08:00:11.216 0 0 D qbt : qbt_release: exit : fd_available=1
01-01 08:00:11.216 0 0 D qbt : qbt_release: entry minor_no=1 fd_available=1
01-01 08:00:11.216 0 0 D qbt : qbt_release: exit : fd_available=1
01-01 08:00:11.211 1343 1343 I auditd : type=1400 audit(0.0:138): avc: denied { read write } for comm="qfp-daemon" name="diag" dev="tmpfs" ino=11936 scontext=u:r:vendor_qfp-daemon:s0 tcontext=u:object_r:vendor_diag_device:s0 tclass=chr_file permissive=0
01-01 08:00:11.222 0 0 I IPv6 : ADDRCONF(NETDEV_UP): vlan4: link is not ready
01-01 08:00:11.223 1576 1576 I auditd : type=1400 audit(0.0:139): avc: denied { read } for comm="ip" name="rt_tables" dev="dm-10" ino=344 scontext=u:r:ethernet:s0 tcontext=u:object_r:net_data_file:s0 tclass=file permissive=0
01-01 08:00:11.227 1577 1577 I auditd : type=1400 audit(0.0:140): avc: denied { read } for comm="ip" name="rt_tables" dev="dm-10" ino=344 scontext=u:r:ethernet:s0 tcontext=u:object_r:net_data_file:s0 tclass=file permissive=0
01-01 08:00:11.238 0 0 D cnss : Received QMI WLFW pin connect result indication
01-01 08:00:11.238 0 0 D cnss : Pin connect Result: pwr_pin: 0x1 phy_io_pin: 0x0 rf_io_pin: 0x0
01-01 08:00:11.238 0 0 D cnss : Removing vote for Regulator vdd-wlan-rfa2
01-01 08:00:11.238 0 0 D cnss : Removing vote for Regulator vdd-wlan-rfa1
01-01 08:00:11.238 0 0 D cnss : Removing vote for Regulator vdd-wlan-dig
01-01 08:00:11.238 0 0 D cnss : Removing vote for Regulator vdd-wlan-aon
01-01 08:00:11.238 0 0 D cnss : Removing vote for Regulator vdd-wlan-io
01-01 08:00:11.238 0 0 D cnss : PM relax, state: 0xf, count: 0
01-01 08:00:11.251 1496 1496 I SystemServerInitThreadPool: Creating instance with 8 threads
01-01 08:00:11.287 990 990 I auditd : type=1400 audit(0.0:141): avc: denied { read write } for comm="sensors.qti" name="diag" dev="tmpfs" ino=11936 scontext=u:r:vendor_sensors_qti:s0 tcontext=u:object_r:vendor_diag_device:s0 tclass=chr_file permissive=0
01-01 08:00:11.324 0 0 I IPv6 : ADDRCONF(NETDEV_UP): vlan8: link is not ready
01-01 08:00:11.323 1593 1593 I auditd : type=1400 audit(0.0:142): avc: denied { read } for comm="ip" name="rt_tables" dev="dm-10" ino=344 scontext=u:r:ethernet:s0 tcontext=u:object_r:net_data_file:s0 tclass=file permissive=0
01-01 08:00:11.331 1594 1594 I auditd : type=1400 audit(0.0:143): avc: denied { read } for comm="ip" name="rt_tables" dev="dm-10" ino=344 scontext=u:r:ethernet:s0 tcontext=u:object_r:net_data_file:s0 tclass=file permissive=0
01-01 08:00:11.357 0 0 E swr-wcd wsa_swr_ctrl: swrm_runtime_suspend: clk stop mode not supported or SSR entry
01-01 08:00:11.417 0 0 I IPv6 : ADDRCONF(NETDEV_UP): vlan11: link is not ready
01-01 08:00:11.419 1608 1608 I auditd : type=1400 audit(0.0:144): avc: denied { read } for comm="ip" name="rt_tables" dev="dm-10" ino=344 scontext=u:r:ethernet:s0 tcontext=u:object_r:net_data_file:s0 tclass=file permissive=0
01-01 08:00:11.423 1609 1609 I auditd : type=1400 audit(0.0:145): avc: denied { read } for comm="ip" name="rt_tables" dev="dm-10" ino=344 scontext=u:r:ethernet:s0 tcontext=u:object_r:net_data_file:s0 tclass=file permissive=0
01-01 08:00:11.423 1220 1220 I auditd : type=1400 audit(0.0:146): avc: denied { write } for comm="sh" name="ip_forward" dev="proc" ino=15095 scontext=u:r:ethernet:s0 tcontext=u:object_r:proc_net:s0 tclass=file permissive=0
01-01 08:00:11.423 1220 1220 I auditd : type=1400 audit(0.0:147): avc: denied { write } for comm="sh" name="ip_default_ttl" dev="proc" ino=26868 scontext=u:r:ethernet:s0 tcontext=u:object_r:proc_net:s0 tclass=file permissive=0
01-01 08:00:11.423 1220 1220 I auditd : type=1400 audit(0.0:148): avc: denied { write } for comm="sh" name="tcp_keepalive_probes" dev="proc" ino=26869 scontext=u:r:ethernet:s0 tcontext=u:object_r:proc_net:s0 tclass=file permissive=0
01-01 08:00:11.423 1220 1220 I auditd : type=1400 audit(0.0:149): avc: denied { write } for comm="sh" name="tcp_keepalive_intvl" dev="proc" ino=26870 scontext=u:r:ethernet:s0 tcontext=u:object_r:proc_net:s0 tclass=file permissive=0
01-01 08:00:11.423 1220 1220 I auditd : type=1400 audit(0.0:150): avc: denied { write } for comm="sh" name="tcp_keepalive_time" dev="proc" ino=26871 scontext=u:r:ethernet:s0 tcontext=u:object_r:proc_net:s0 tclass=file permissive=0
01-01 08:00:11.423 1220 1220 I auditd : type=1400 audit(0.0:151): avc: denied { write } for comm="sh" name="tcp_rmem" dev="proc" ino=26872 scontext=u:r:ethernet:s0 tcontext=u:object_r:proc_net:s0 tclass=file permissive=0
01-01 08:00:11.423 1220 1220 I auditd : type=1400 audit(0.0:152): avc: denied { write } for comm="sh" name="tcp_wmem" dev="proc" ino=26873 scontext=u:r:ethernet:s0 tcontext=u:object_r:proc_net:s0 tclass=file permissive=0
01-01 08:00:11.423 1220 1220 I auditd : type=1400 audit(0.0:153): avc: denied { write } for comm="sh" name="tcp_synack_retries" dev="proc" ino=18159 scontext=u:r:ethernet:s0 tcontext=u:object_r:proc_net:s0 tclass=file permissive=0
01-01 08:00:11.423 1220 1220 I auditd : type=1400 audit(0.0:154): avc: denied { write } for comm="sh" name="tcp_syn_retries" dev="proc" ino=18158 scontext=u:r:ethernet:s0 tcontext=u:object_r:proc_net:s0 tclass=file permissive=0
01-01 08:00:11.423 1220 1220 I auditd : type=1400 audit(0.0:155): avc: denied { write } for comm="sh" name="tcp_max_tw_buckets" dev="proc" ino=26874 scontext=u:r:ethernet:s0 tcontext=u:object_r:proc_net:s0 tclass=file permissive=0
01-01 08:00:11.423 1220 1220 I auditd : type=1400 audit(0.0:156): avc: denied { write } for comm="sh" name="tcp_retries2" dev="proc" ino=18161 scontext=u:r:ethernet:s0 tcontext=u:object_r:proc_net:s0 tclass=file permissive=0
01-01 08:00:11.423 1220 1220 I auditd : type=1400 audit(0.0:157): avc: denied { write } for comm="sh" name="icmp_echo_ignore_all" dev="proc" ino=26875 scontext=u:r:ethernet:s0 tcontext=u:object_r:proc_net:s0 tclass=file permissive=0
01-01 08:00:11.423 1220 1220 I auditd : type=1400 audit(0.0:158): avc: denied { write } for comm="sh" name="icmp_echo_ignore_broadcasts" dev="proc" ino=26876 scontext=u:r:ethernet:s0 tcontext=u:object_r:proc_net:s0 tclass=file permissive=0
01-01 08:00:11.423 1220 1220 I auditd : type=1400 audit(0.0:159): avc: denied { write } for comm="sh" name="tcp_window_scaling" dev="proc" ino=26877 scontext=u:r:ethernet:s0 tcontext=u:object_r:proc_net:s0 tclass=file permissive=0
01-01 08:00:11.423 1220 1220 I auditd : type=1400 audit(0.0:160): avc: denied { write } for comm="sh" name="drop_gratuitous_arp" dev="proc" ino=26878 scontext=u:r:ethernet:s0 tcontext=u:object_r:proc_net:s0 tclass=file permissive=0
01-01 08:00:11.423 1220 1220 I auditd : type=1400 audit(0.0:161): avc: denied { write } for comm="sh" name="arp_accept" dev="proc" ino=26879 scontext=u:r:ethernet:s0 tcontext=u:object_r:proc_net:s0 tclass=file permissive=0
01-01 08:00:11.423 1220 1220 I auditd : type=1400 audit(0.0:162): avc: denied { write } for comm="sh" name="arp_notify" dev="proc" ino=26880 scontext=u:r:ethernet:s0 tcontext=u:object_r:proc_net:s0 tclass=file permissive=0
01-01 08:00:11.423 1220 1220 I auditd : type=1400 audit(0.0:163): avc: denied { write } for comm="sh" name="arp_ignore" dev="proc" ino=26881 scontext=u:r:ethernet:s0 tcontext=u:object_r:proc_net:s0 tclass=file permissive=0
01-01 08:00:11.431 0 0 I init : Service 'ethernet' (pid 1220) exited with status 1 oneshot service took 1.066000 seconds in background
01-01 08:00:11.431 0 0 I init : Sending signal 9 to service 'ethernet' (pid 1220) process group...
01-01 08:00:11.431 0 0 I libprocessgroup: Successfully killed process cgroup uid 0 pid 1220 in 0ms
01-01 08:00:11.487 990 990 I auditd : type=1400 audit(0.0:164): avc: denied { read write } for comm="sensors.qti" name="diag" dev="tmpfs" ino=11936 scontext=u:r:vendor_sensors_qti:s0 tcontext=u:object_r:vendor_diag_device:s0 tclass=chr_file permissive=0
01-01 08:00:11.525 1496 1496 I SystemServerTiming: StartServices
01-01 08:00:11.526 1496 1496 I SystemServerTiming: startBootstrapServices
01-01 08:00:11.526 1496 1496 I SystemServerTiming: StartWatchdog
01-01 08:00:11.531 1496 1496 I SystemServer: Reading configuration...
01-01 08:00:11.531 1496 1496 I SystemServerTiming: ReadingSystemConfig
01-01 08:00:11.532 1496 1496 I SystemServerTiming: PlatformCompat
01-01 08:00:11.532 1496 1618 I SystemServerTimingAsync: InitThreadPoolExec:ReadingSystemConfig
01-01 08:00:11.533 1496 1618 I SystemConfig: Reading permissions from /system/etc/sysconfig/framework-sysconfig.xml
01-01 08:00:11.534 1496 1496 D CompatConfig: Found a config file: /system/etc/compatconfig/icu4j-platform-compat-config.xml
01-01 08:00:11.535 1496 1618 I SystemConfig: Reading permissions from /system/etc/sysconfig/preinstalled-packages-com.android.providers.media.module.xml
01-01 08:00:11.535 1496 1496 D CompatConfig: Adding: com.android.server.compat.config.Change@bf81f22
01-01 08:00:11.535 1496 1618 I SystemConfig: Reading permissions from /system/etc/sysconfig/hiddenapi-package-whitelist.xml
01-01 08:00:11.536 1496 1496 D CompatConfig: Found a config file: /system/etc/compatconfig/services-platform-compat-config.xml
01-01 08:00:11.536 1496 1618 I SystemConfig: Reading permissions from /system/etc/sysconfig/preinstalled-packages-platform-full-base.xml
01-01 08:00:11.536 1496 1618 I SystemConfig: Reading permissions from /system/etc/sysconfig/preinstalled-packages-platform.xml
01-01 08:00:11.537 1496 1496 D CompatConfig: Adding: com.android.server.compat.config.Change@aed920f
01-01 08:00:11.537 1496 1618 I SystemConfig: Reading permissions from /system/etc/sysconfig/qti_whitelist.xml
01-01 08:00:11.537 1496 1496 D CompatConfig: Adding: com.android.server.compat.config.Change@4a804a5
01-01 08:00:11.537 1496 1496 D CompatConfig: Adding: com.android.server.compat.config.Change@992707a
01-01 08:00:11.538 1496 1496 D CompatConfig: Adding: com.android.server.compat.config.Change@9fb402b
01-01 08:00:11.538 1496 1496 D CompatConfig: Adding: com.android.server.compat.config.Change@1b94621
01-01 08:00:11.538 1496 1618 I SystemConfig: Reading permissions from /system/etc/permissions/com.thundercomm.screensaver.xml
01-01 08:00:11.538 1496 1496 D CompatConfig: Adding: com.android.server.compat.config.Change@dc71a46
01-01 08:00:11.538 1496 1496 D CompatConfig: Adding: com.android.server.compat.config.Change@febb407
01-01 08:00:11.539 1496 1496 D CompatConfig: Adding: com.android.server.compat.config.Change@43235d
01-01 08:00:11.539 1496 1618 I SystemConfig: Reading permissions from /system/etc/permissions/com.android.networkstack.tethering.xml
01-01 08:00:11.539 1496 1496 D CompatConfig: Adding: com.android.server.compat.config.Change@84a94d2
01-01 08:00:11.539 1496 1496 D CompatConfig: Adding: com.android.server.compat.config.Change@d8589a3
01-01 08:00:11.539 1496 1618 I SystemConfig: Reading permissions from /system/etc/permissions/com.android.networkstack.xml
01-01 08:00:11.539 1496 1496 D CompatConfig: Adding: com.android.server.compat.config.Change@3939859
01-01 08:00:11.539 1496 1496 D CompatConfig: Adding: com.android.server.compat.config.Change@c192c1e
01-01 08:00:11.540 1496 1496 D CompatConfig: Adding: com.android.server.compat.config.Change@f5d1cff
01-01 08:00:11.540 1496 1618 I SystemConfig: Reading permissions from /system/etc/permissions/javax.obex.xml
01-01 08:00:11.540 1496 1496 D CompatConfig: Adding: com.android.server.compat.config.Change@bdc6115
01-01 08:00:11.540 1496 1496 D CompatConfig: Adding: com.android.server.compat.config.Change@da7ec2a
01-01 08:00:11.540 1496 1496 D CompatConfig: Adding: com.android.server.compat.config.Change@cf08a1b
01-01 08:00:11.540 1496 1618 I SystemConfig: Reading permissions from /system/etc/permissions/android.test.base.xml
01-01 08:00:11.541 1496 1496 D CompatConfig: Adding: com.android.server.compat.config.Change@aef991
01-01 08:00:11.541 1496 1496 D CompatConfig: Adding: com.android.server.compat.config.Change@1b0a0f6
01-01 08:00:11.541 1496 1496 D CompatConfig: Adding: com.android.server.compat.config.Change@d83acf7
01-01 08:00:11.541 1496 1618 I SystemConfig: Reading permissions from /system/etc/permissions/com.android.media.remotedisplay.xml
01-01 08:00:11.541 1496 1496 D CompatConfig: Adding: com.android.server.compat.config.Change@7389dcd
01-01 08:00:11.541 1496 1496 D CompatConfig: Adding: com.android.server.compat.config.Change@cbdd682
01-01 08:00:11.542 1496 1496 D CompatConfig: Adding: com.android.server.compat.config.Change@ebc2193
01-01 08:00:11.542 1496 1618 I SystemConfig: Reading permissions from /system/etc/permissions/privapp-permissions-platform.xml
01-01 08:00:11.542 1496 1496 D CompatConfig: Adding: com.android.server.compat.config.Change@3e49c9
01-01 08:00:11.542 1496 1496 D CompatConfig: Adding: com.android.server.compat.config.Change@f76d8ce
01-01 08:00:11.542 1496 1496 D CompatConfig: Adding: com.android.server.compat.config.Change@8fd43ef
01-01 08:00:11.542 1496 1496 D CompatConfig: Adding: com.android.server.compat.config.Change@862eefc
01-01 08:00:11.543 1496 1496 D CompatConfig: Adding: com.android.server.compat.config.Change@9d8b985
01-01 08:00:11.543 1496 1496 D CompatConfig: Adding: com.android.server.compat.config.Change@babb3da
01-01 08:00:11.543 1496 1496 D CompatConfig: Adding: com.android.server.compat.config.Change@d84300b
01-01 08:00:11.543 1496 1496 D CompatConfig: Adding: com.android.server.compat.config.Change@b6dfee8
01-01 08:00:11.543 1496 1496 D CompatConfig: Adding: com.android.server.compat.config.Change@f06901
01-01 08:00:11.544 1496 1496 D CompatConfig: Adding: com.android.server.compat.config.Change@e2133a6
01-01 08:00:11.544 1496 1496 D CompatConfig: Adding: com.android.server.compat.config.Change@a43c1e7
01-01 08:00:11.544 1496 1496 D CompatConfig: Adding: com.android.server.compat.config.Change@3982194
01-01 08:00:11.544 1496 1496 D CompatConfig: Adding: com.android.server.compat.config.Change@e79943d
01-01 08:00:11.544 1496 1496 D CompatConfig: Adding: com.android.server.compat.config.Change@91ce432
01-01 08:00:11.545 1496 1496 D CompatConfig: Adding: com.android.server.compat.config.Change@f809583
01-01 08:00:11.545 1496 1496 D CompatConfig: Adding: com.android.server.compat.config.Change@d9fc300
01-01 08:00:11.545 1496 1496 D CompatConfig: Adding: com.android.server.compat.config.Change@c703739
01-01 08:00:11.545 1496 1618 I SystemConfig: Reading permissions from /system/etc/permissions/privapp-permissions-qti.xml
01-01 08:00:11.545 1496 1496 D CompatConfig: Adding: com.android.server.compat.config.Change@32d06df
01-01 08:00:11.545 1496 1496 D CompatConfig: Adding: com.android.server.compat.config.Change@1be0f2c
01-01 08:00:11.546 1496 1496 D CompatConfig: Adding: com.android.server.compat.config.Change@e940df5
01-01 08:00:11.546 1496 1496 D CompatConfig: Adding: com.android.server.compat.config.Change@1c8c78a
01-01 08:00:11.546 1496 1496 D CompatConfig: Adding: com.android.server.compat.config.Change@e0531fb
01-01 08:00:11.546 1496 1496 D CompatConfig: Adding: com.android.server.compat.config.Change@92f218
01-01 08:00:11.546 1496 1496 D CompatConfig: Adding: com.android.server.compat.config.Change@ae49471
01-01 08:00:11.547 1496 1496 D CompatConfig: Adding: com.android.server.compat.config.Change@8f3d256
01-01 08:00:11.547 1496 1496 D CompatConfig: Adding: com.android.server.compat.config.Change@e6af2d7
01-01 08:00:11.547 1496 1618 I SystemConfig: Reading permissions from /system/etc/permissions/com.thundercomm.debugtools.xml
01-01 08:00:11.547 1496 1496 D CompatConfig: Adding: com.android.server.compat.config.Change@ddd06ad
01-01 08:00:11.547 1496 1496 D CompatConfig: Adding: com.android.server.compat.config.Change@5f2bde2
01-01 08:00:11.547 1496 1496 D CompatConfig: Adding: com.android.server.compat.config.Change@d01e573
01-01 08:00:11.548 1496 1496 D CompatConfig: Adding: com.android.server.compat.config.Change@7a9ec30
01-01 08:00:11.548 1496 1496 D CompatConfig: Found a config file: /system/etc/compatconfig/framework-platform-compat-config.xml
01-01 08:00:11.548 1496 1618 I SystemConfig: Reading permissions from /system/etc/permissions/com.baidu.input.xml
01-01 08:00:11.549 1496 1496 D CompatConfig: Adding: com.android.server.compat.config.Change@df99b5c
01-01 08:00:11.549 1496 1618 I SystemConfig: Reading permissions from /system/etc/permissions/android.test.mock.xml
01-01 08:00:11.549 1496 1496 D CompatConfig: Adding: com.android.server.compat.config.Change@5c55e65
01-01 08:00:11.549 1496 1618 I SystemConfig: Reading permissions from /system/etc/permissions/android.software.live_wallpaper.xml
01-01 08:00:11.549 1496 1496 D CompatConfig: Adding: com.android.server.compat.config.Change@2828feb
01-01 08:00:11.550 1496 1496 D CompatConfig: Adding: com.android.server.compat.config.Change@4331148
01-01 08:00:11.550 1496 1618 I SystemConfig: Reading permissions from /system/etc/permissions/android.test.runner.xml
01-01 08:00:11.550 1496 1496 D CompatConfig: Adding: com.android.server.compat.config.Change@4c37d06
01-01 08:00:11.550 1496 1496 D CompatConfig: Adding: com.android.server.compat.config.Change@ff83fc7
01-01 08:00:11.550 1496 1618 I SystemConfig: Reading permissions from /system/etc/permissions/com.android.nfc_extras.xml
01-01 08:00:11.550 1496 1496 D CompatConfig: Adding: com.android.server.compat.config.Change@f9f51d
01-01 08:00:11.550 1496 1496 D CompatConfig: Adding: com.android.server.compat.config.Change@48a6392
01-01 08:00:11.551 1496 1496 D CompatConfig: Adding: com.android.server.compat.config.Change@e2f1163
01-01 08:00:11.551 1496 1496 D CompatConfig: Adding: com.android.server.compat.config.Change@6e8c160
01-01 08:00:11.551 1496 1618 I SystemConfig: Reading permissions from /system/etc/permissions/com.android.location.provider.xml
01-01 08:00:11.551 1496 1496 D CompatConfig: Adding: com.android.server.compat.config.Change@c6726de
01-01 08:00:11.551 1496 1496 D CompatConfig: Adding: com.android.server.compat.config.Change@37760bf
01-01 08:00:11.552 1496 1496 D CompatConfig: Adding: com.android.server.compat.config.Change@6e3aad5
01-01 08:00:11.552 1496 1618 I SystemConfig: Reading permissions from /system/etc/permissions/com.android.mediadrm.signer.xml
01-01 08:00:11.552 1496 1496 D CompatConfig: Adding: com.android.server.compat.config.Change@2bad2ea
01-01 08:00:11.552 1496 1496 D CompatConfig: Adding: com.android.server.compat.config.Change@cb49db
01-01 08:00:11.552 1496 1618 I SystemConfig: Reading permissions from /system/etc/permissions/org.apache.http.legacy.xml
01-01 08:00:11.552 1496 1496 D CompatConfig: Adding: com.android.server.compat.config.Change@4411f51
01-01 08:00:11.553 1496 1496 D CompatConfig: Adding: com.android.server.compat.config.Change@eb33b6
01-01 08:00:11.553 1496 1618 I SystemConfig: Reading permissions from /system/etc/permissions/android.software.freeform_window_management.xml
01-01 08:00:11.553 1496 1496 D CompatConfig: Adding: com.android.server.compat.config.Change@69bc824
01-01 08:00:11.553 1496 1496 D CompatConfig: Adding: com.android.server.compat.config.Change@7275f8d
01-01 08:00:11.553 1496 1618 I SystemConfig: Reading permissions from /system/etc/permissions/com.android.documentsui.xml
01-01 08:00:11.553 1496 1496 D CompatConfig: Adding: com.android.server.compat.config.Change@3b71953
01-01 08:00:11.553 1496 1496 D CompatConfig: Adding: com.android.server.compat.config.Change@7df4290
01-01 08:00:11.554 1496 1618 I SystemConfig: Reading permissions from /system/etc/permissions/android.software.webview.xml
01-01 08:00:11.554 1496 1496 D CompatConfig: Adding: com.android.server.compat.config.Change@b99038e
01-01 08:00:11.554 1496 1496 D CompatConfig: Adding: com.android.server.compat.config.Change@d0ff7af
01-01 08:00:11.554 1496 1496 D CompatConfig: Adding: com.android.server.compat.config.Change@d9df7bc
01-01 08:00:11.554 1496 1618 I SystemConfig: Reading permissions from /system/etc/permissions/com.android.future.usb.accessory.xml
01-01 08:00:11.554 1496 1496 D CompatConfig: Adding: com.android.server.compat.config.Change@da5ca9a
01-01 08:00:11.555 1496 1618 I SystemConfig: Reading permissions from /system/etc/permissions/com.thundercomm.tcservice.xml
01-01 08:00:11.555 1496 1496 D CompatConfig: Adding: com.android.server.compat.config.Change@230d3a8
01-01 08:00:11.555 1496 1496 D CompatConfig: Adding: com.android.server.compat.config.Change@b377ec1
01-01 08:00:11.555 1496 1496 D CompatConfig: Adding: com.android.server.compat.config.Change@8012da7
01-01 08:00:11.555 1496 1618 I SystemConfig: Reading permissions from /system/etc/permissions/platform.xml
01-01 08:00:11.555 1496 1496 D CompatConfig: Adding: com.android.server.compat.config.Change@a938254
01-01 08:00:11.556 1496 1496 D CompatConfig: Adding: com.android.server.compat.config.Change@37c45fd
01-01 08:00:11.556 1496 1496 D CompatConfig: Adding: com.android.server.compat.config.Change@7eb12f2
01-01 08:00:11.556 1496 1496 D CompatConfig: Adding: com.android.server.compat.config.Change@808fd43
01-01 08:00:11.556 1496 1496 D CompatConfig: Adding: com.android.server.compat.config.Change@dd06fc0
01-01 08:00:11.556 1496 1496 D CompatConfig: Adding: com.android.server.compat.config.Change@24c44f9
01-01 08:00:11.557 1496 1496 D CompatConfig: Adding: com.android.server.compat.config.Change@9136c3e
01-01 08:00:11.557 1496 1496 D CompatConfig: Adding: com.android.server.compat.config.Change@e342a9f
01-01 08:00:11.557 1496 1496 D CompatConfig: Adding: com.android.server.compat.config.Change@72cc7ec
01-01 08:00:11.557 1496 1496 D CompatConfig: Adding: com.android.server.compat.config.Change@f8337b5
01-01 08:00:11.557 1496 1496 D CompatConfig: Adding: com.android.server.compat.config.Change@d60e4a
01-01 08:00:11.558 1496 1496 D CompatConfig: Adding: com.android.server.compat.config.Change@abad1bb
01-01 08:00:11.558 1496 1496 D CompatConfig: Adding: com.android.server.compat.config.Change@f1476d8
01-01 08:00:11.558 1496 1618 I SystemConfig: Reading permissions from /vendor/etc/permissions/handheld_core_hardware.xml
01-01 08:00:11.558 1496 1496 D CompatConfig: Adding: com.android.server.compat.config.Change@76ec516
01-01 08:00:11.558 1496 1496 D CompatConfig: Adding: com.android.server.compat.config.Change@f3ace97
01-01 08:00:11.558 1496 1496 D CompatConfig: Adding: com.android.server.compat.config.Change@6c62884
