11-11 00:01:43.360 1496 2041 I ActivityTaskManager: START u0 {cmp=com.tencent.qqmusicpad/.activity.MainActivity} from uid 10095
11-11 00:01:43.364 1496 2041 I wm_task_moved: [25,1,6]
11-11 00:01:43.364 1496 2041 I wm_set_resumed_activity: [0,com.tencent.qqmusicpad/.activity.AppStarterActivity,positionChildAt]
11-11 00:01:43.364 1496 2041 I wm_create_activity: [0,1592355,25,com.tencent.qqmusicpad/.activity.MainActivity,NULL,NULL,NULL,0]
11-11 00:01:43.365 1496 2041 I wm_pause_activity: [0,78778675,com.tencent.qqmusicpad/.activity.AppStarterActivity,userLeaving=true,resumeTopActivityInnerLocked]
11-11 00:01:43.367 1496 2041 I wm_finish_activity: [0,78778675,25,com.tencent.qqmusicpad/.activity.AppStarterActivity,app-request]
11-11 00:01:43.368 5348 5348 I wm_on_top_resumed_lost_called: [78778675,com.tencent.qqmusicpad.activity.AppStarterActivity,topStateChangedWhenResumed]
11-11 00:01:43.368 5348 5348 I wm_on_paused_called: [78778675,com.tencent.qqmusicpad.activity.AppStarterActivity,performPause]
11-11 00:01:43.369 1496 1548 I wm_add_to_stopping: [0,78778675,com.tencent.qqmusicpad/.activity.AppStarterActivity,completeFinishing]
11-11 00:01:43.369 1496 1548 I ActivityTaskManager: FOREGROUND_APPLICATION_CHANGED to com.tencent.qqmusicpad.activity.MainActivity
11-11 00:01:43.369 1496 1548 I ActivityTaskManager: The Process com.tencent.qqmusicpad Already Exists in BG. So sending its PID: 5348
11-11 00:01:43.369 1496 1548 W ActivityTaskManager: Tried to set launchTime (0) < mLastActivityLaunchTime (162520)
11-11 00:01:43.370 1496 1548 I wm_restart_activity: [0,1592355,25,com.tencent.qqmusicpad/.activity.MainActivity]
11-11 00:01:43.370 1496 1548 I wm_set_resumed_activity: [0,com.tencent.qqmusicpad/.activity.MainActivity,minimalResumeActivityLocked]
11-11 00:01:43.371 1496 1614 I sysui_multi_action: [757,803,799,window_time_0,802,3]
11-11 00:01:43.398 1496 1742 I input_focus: [Focus leaving fcc60c3 com.tencent.qqmusicpad/com.tencent.qqmusicpad.activity.AppStarterActivity (server),reason=NO_WINDOW]
11-11 00:01:43.420 5348 5348 I wm_on_create_called: [1592355,com.tencent.qqmusicpad.activity.MainActivity,performCreate]
11-11 00:01:43.428 5348 5348 I wm_on_start_called: [1592355,com.tencent.qqmusicpad.activity.MainActivity,handleStartActivity]
11-11 00:01:43.435 5348 5348 I wm_on_resume_called: [1592355,com.tencent.qqmusicpad.activity.MainActivity,RESUME_ACTIVITY]
11-11 00:01:43.438 5348 5348 I wm_on_top_resumed_gained_called: [1592355,com.tencent.qqmusicpad.activity.MainActivity,topStateChangedWhenResumed]
11-11 00:01:43.471 1496 1547 W FreeFormWindowHelper: Current Display FreeFormTask is null
11-11 00:01:43.524 1496 1615 I input_focus: [Focus request da89c4d com.tencent.qqmusicpad/com.tencent.qqmusicpad.activity.MainActivity,reason=UpdateInputWindows]
11-11 00:01:43.587 1496 1611 I wm_activity_launch_time: [0,1592355,com.tencent.qqmusicpad/.activity.MainActivity,226]
11-11 00:01:43.600 1496 1742 I input_focus: [Focus entering da89c4d com.tencent.qqmusicpad/com.tencent.qqmusicpad.activity.MainActivity (server),reason=Window became focusable. Previous reason: NOT_VISIBLE]
11-11 00:01:43.775 2717 2717 I auditd : type=1400 audit(0.0:25286886): avc: denied { read } for comm="event_loop" lport=13400 scontext=u:r:hht_ota_mgr:s0 tcontext=u:r:hht_ota_mgr:s0 tclass=udp_socket permissive=0
11-11 00:01:43.775 2717 2717 I auditd : type=1400 audit(0.0:25286887): avc: denied { read } for comm="event_loop" lport=13400 scontext=u:r:hht_ota_mgr:s0 tcontext=u:r:hht_ota_mgr:s0 tclass=udp_socket permissive=0
01-01 08:02:47.983 0 0 W audit : audit_lost=25286106 audit_rate_limit=5 audit_backlog_limit=64
01-01 08:02:47.983 0 0 E audit : rate limit exceeded
11-11 00:01:43.775 2717 2717 I auditd : type=1400 audit(0.0:25286888): avc: denied { read } for comm="event_loop" lport=13400 scontext=u:r:hht_ota_mgr:s0 tcontext=u:r:hht_ota_mgr:s0 tclass=udp_socket permissive=0
11-11 00:01:43.775 2717 2717 I auditd : type=1400 audit(0.0:25286889): avc: denied { read } for comm="event_loop" lport=13400 scontext=u:r:hht_ota_mgr:s0 tcontext=u:r:hht_ota_mgr:s0 tclass=udp_socket permissive=0
11-11 00:01:43.775 2717 2717 I auditd : type=1400 audit(0.0:25286890): avc: denied { read } for comm="event_loop" lport=13400 scontext=u:r:hht_ota_mgr:s0 tcontext=u:r:hht_ota_mgr:s0 tclass=udp_socket permissive=0
11-11 00:01:43.984 1496 1614 I wm_destroy_activity: [0,78778675,25,com.tencent.qqmusicpad/.activity.AppStarterActivity,finish-imm:idle]
11-11 00:01:44.005 5348 5348 I wm_on_stop_called: [78778675,com.tencent.qqmusicpad.activity.AppStarterActivity,LIFECYCLER_STOP_ACTIVITY]
11-11 00:01:44.010 5348 5348 I wm_on_destroy_called: [78778675,com.tencent.qqmusicpad.activity.AppStarterActivity,performDestroy]
11-11 00:01:44.775 2717 2717 I auditd : type=1400 audit(0.0:25556938): avc: denied { read } for comm="event_loop" lport=13400 scontext=u:r:hht_ota_mgr:s0 tcontext=u:r:hht_ota_mgr:s0 tclass=udp_socket permissive=0
11-11 00:01:44.779 2717 2717 I auditd : type=1400 audit(0.0:25556939): avc: denied { read } for comm="event_loop" lport=13400 scontext=u:r:hht_ota_mgr:s0 tcontext=u:r:hht_ota_mgr:s0 tclass=udp_socket permissive=0
11-11 00:01:44.779 2717 2717 I auditd : type=1400 audit(0.0:25556940): avc: denied { read } for comm="event_loop" lport=13400 scontext=u:r:hht_ota_mgr:s0 tcontext=u:r:hht_ota_mgr:s0 tclass=udp_socket permissive=0
11-11 00:01:44.779 2717 2717 I auditd : type=1400 audit(0.0:25556941): avc: denied { read } for comm="event_loop" lport=13400 scontext=u:r:hht_ota_mgr:s0 tcontext=u:r:hht_ota_mgr:s0 tclass=udp_socket permissive=0
11-11 00:01:44.779 2717 2717 I auditd : type=1400 audit(0.0:25556942): avc: denied { read } for comm="event_loop" lport=13400 scontext=u:r:hht_ota_mgr:s0 tcontext=u:r:hht_ota_mgr:s0 tclass=udp_socket permissive=0
01-01 08:02:48.987 0 0 W audit : audit_lost=25556153 audit_rate_limit=5 audit_backlog_limit=64
01-01 08:02:48.987 0 0 E audit : rate limit exceeded
11-11 00:01:45.779 2717 2717 I auditd : type=1400 audit(0.0:25826538): avc: denied { read } for comm="event_loop" lport=13400 scontext=u:r:hht_ota_mgr:s0 tcontext=u:r:hht_ota_mgr:s0 tclass=udp_socket permissive=0
01-01 08:02:49.991 0 0 W audit : audit_lost=25825748 audit_rate_limit=5 audit_backlog_limit=64
11-11 00:01:45.783 2717 2717 I auditd : type=1400 audit(0.0:25826539): avc: denied { read } for comm="event_loop" lport=13400 scontext=u:r:hht_ota_mgr:s0 tcontext=u:r:hht_ota_mgr:s0 tclass=udp_socket permissive=0
01-01 08:02:49.991 0 0 E audit : rate limit exceeded
11-11 00:01:45.783 2717 2717 I auditd : type=1400 audit(0.0:25826540): avc: denied { read } for comm="event_loop" lport=13400 scontext=u:r:hht_ota_mgr:s0 tcontext=u:r:hht_ota_mgr:s0 tclass=udp_socket permissive=0
11-11 00:01:45.783 2717 2717 I auditd : type=1400 audit(0.0:25826541): avc: denied { read } for comm="event_loop" lport=13400 scontext=u:r:hht_ota_mgr:s0 tcontext=u:r:hht_ota_mgr:s0 tclass=udp_socket permissive=0
11-11 00:01:45.783 2717 2717 I auditd : type=1400 audit(0.0:25826542): avc: denied { read } for comm="event_loop" lport=13400 scontext=u:r:hht_ota_mgr:s0 tcontext=u:r:hht_ota_mgr:s0 tclass=udp_socket permissive=0
01-01 08:02:50.038 0 0 W perfetto: disabled ftrace
11-11 00:01:45.847 1162 5351 I iorapd : Perfetto TraceBuffer saved to file: /data/misc/iorapd/com.tencent.qqmusicpad/5200/com.tencent.qqmusicpad.activity.AppStarterActivity/raw_traces/1668096105844899034.perfetto_trace.pb
11-11 00:01:46.102 1496 1817 I netstats_mobile_sample: [0,0,0,0,0,0,0,0,0,0,0,0,1668096106101]
11-11 00:01:46.102 1496 1817 I netstats_wifi_sample: [859299,2406,1200338,3530,859299,2406,1200338,3530,1334862,5881,766740,2302,1668096106101]
11-11 00:01:46.787 2717 2717 I auditd : type=1400 audit(0.0:26094533): avc: denied { read } for comm="event_loop" lport=13400 scontext=u:r:hht_ota_mgr:s0 tcontext=u:r:hht_ota_mgr:s0 tclass=udp_socket permissive=0
11-11 00:01:46.787 2717 2717 I auditd : type=1400 audit(0.0:26094534): avc: denied { read } for comm="event_loop" lport=13400 scontext=u:r:hht_ota_mgr:s0 tcontext=u:r:hht_ota_mgr:s0 tclass=udp_socket permissive=0
11-11 00:01:46.787 2717 2717 I auditd : type=1400 audit(0.0:26094535): avc: denied { read } for comm="event_loop" lport=13400 scontext=u:r:hht_ota_mgr:s0 tcontext=u:r:hht_ota_mgr:s0 tclass=udp_socket permissive=0
11-11 00:01:46.787 2717 2717 I auditd : type=1400 audit(0.0:26094536): avc: denied { read } for comm="event_loop" lport=13400 scontext=u:r:hht_ota_mgr:s0 tcontext=u:r:hht_ota_mgr:s0 tclass=udp_socket permissive=0
11-11 00:01:46.787 2717 2717 I auditd : type=1400 audit(0.0:26094537): avc: denied { read } for comm="event_loop" lport=13400 scontext=u:r:hht_ota_mgr:s0 tcontext=u:r:hht_ota_mgr:s0 tclass=udp_socket permissive=0
01-01 08:02:50.995 0 0 W audit : audit_lost=26093738 audit_rate_limit=5 audit_backlog_limit=64
01-01 08:02:50.995 0 0 E audit : rate limit exceeded
11-11 00:01:47.024 1496 1886 I GameModeConfig: isGameModeOn = false
11-11 00:01:47.204 1496 1886 I GameModeConfig: isGameModeOn = false
11-11 00:01:47.746 1496 1742 I input_interaction: Interaction with: da89c4d com.tencent.qqmusicpad/com.tencent.qqmusicpad.activity.MainActivity (server), edge-swipe (server), swipe-up (server), PointerEventDispatcher0 (server),
01-01 08:02:51.999 0 0 W audit : audit_lost=26363671 audit_rate_limit=5 audit_backlog_limit=64
01-01 08:02:51.999 0 0 E audit : rate limit exceeded
11-11 00:01:47.787 2717 2717 I auditd : type=1400 audit(0.0:26364471): avc: denied { read } for comm="event_loop" lport=13400 scontext=u:r:hht_ota_mgr:s0 tcontext=u:r:hht_ota_mgr:s0 tclass=udp_socket permissive=0
11-11 00:01:47.791 2717 2717 I auditd : type=1400 audit(0.0:26364472): avc: denied { read } for comm="event_loop" lport=13400 scontext=u:r:hht_ota_mgr:s0 tcontext=u:r:hht_ota_mgr:s0 tclass=udp_socket permissive=0
11-11 00:01:47.791 2717 2717 I auditd : type=1400 audit(0.0:26364473): avc: denied { read } for comm="event_loop" lport=13400 scontext=u:r:hht_ota_mgr:s0 tcontext=u:r:hht_ota_mgr:s0 tclass=udp_socket permissive=0
11-11 00:01:47.791 2717 2717 I auditd : type=1400 audit(0.0:26364474): avc: denied { read } for comm="event_loop" lport=13400 scontext=u:r:hht_ota_mgr:s0 tcontext=u:r:hht_ota_mgr:s0 tclass=udp_socket permissive=0
11-11 00:01:47.791 2717 2717 I auditd : type=1400 audit(0.0:26364475): avc: denied { read } for comm="event_loop" lport=13400 scontext=u:r:hht_ota_mgr:s0 tcontext=u:r:hht_ota_mgr:s0 tclass=udp_socket permissive=0
11-11 00:01:48.017 1496 2041 W BluetoothManagerService: psc is not null in bindBluetoothProfileService
11-11 00:01:48.084 1496 1547 I MicroServiceManager: requestResult(requestAudioFocus) parameters is{"functionInfo":{"IDCM_AudioFocus":"AudioFocus_Media"}}.
01-01 08:02:52.312 0 0 I afe_find_cal_topo_id_by_port: port id: 0x9000, dev_acdb_id: 0
01-01 08:02:52.312 0 0 I afe_find_cal_topo_id_by_port: top_id:112fc acdb_id:15 afe_port:0x9000
01-01 08:02:52.312 0 0 I afe_get_cal_topology_id: port_id = 0x9000 acdb_id = 15 topology_id = 0x112fc cal_type_index=8 ret=0
01-01 08:02:52.312 0 0 I afe_send_port_topology_id: AFE set topology id 0x112fc enable for port 0x9000 ret 0
01-01 08:02:52.312 0 0 I send_afe_cal_type: cal_index is 0
01-01 08:02:52.312 0 0 I send_afe_cal_type: dev_acdb_id[55] is 0
01-01 08:02:52.312 0 0 I send_afe_cal_type: Sending cal_index cal 0
01-01 08:02:52.312 0 0 E send_afe_cal_type: No cal sent for cal_index 0, port_id = 0x9000! ret -22
01-01 08:02:52.312 0 0 I afe_send_hw_delay: port_id 0x9000 rate 48000 delay_usec 474 status 0
11-11 00:01:48.605 1496 1496 I notification_enqueue: [10095,5348,com.tencent.qqmusicpad,1,NULL,0,Notification(channel=channel_notification_player shortcut=null contentView=com.tencent.qqmusicpad/0x7f0c020d vibrate=null sound=null tick defaults=0x0 flags=0x62 color=0x00000000 vis=SECRET),0]
01-01 08:02:53.003 0 0 W audit : audit_lost=26633082 audit_rate_limit=5 audit_backlog_limit=64
01-01 08:02:53.003 0 0 E audit : rate limit exceeded
11-11 00:01:48.795 2717 2717 I auditd : type=1400 audit(0.0:26633887): avc: denied { read } for comm="event_loop" lport=13400 scontext=u:r:hht_ota_mgr:s0 tcontext=u:r:hht_ota_mgr:s0 tclass=udp_socket permissive=0
11-11 00:01:48.795 2717 2717 I auditd : type=1400 audit(0.0:26633888): avc: denied { read } for comm="event_loop" lport=13400 scontext=u:r:hht_ota_mgr:s0 tcontext=u:r:hht_ota_mgr:s0 tclass=udp_socket permissive=0
11-11 00:01:48.795 2717 2717 I auditd : type=1400 audit(0.0:26633889): avc: denied { read } for comm="event_loop" lport=13400 scontext=u:r:hht_ota_mgr:s0 tcontext=u:r:hht_ota_mgr:s0 tclass=udp_socket permissive=0
11-11 00:01:48.795 2717 2717 I auditd : type=1400 audit(0.0:26633890): avc: denied { read } for comm="event_loop" lport=13400 scontext=u:r:hht_ota_mgr:s0 tcontext=u:r:hht_ota_mgr:s0 tclass=udp_socket permissive=0
11-11 00:01:48.795 2717 2717 I auditd : type=1400 audit(0.0:26633891): avc: denied { read } for comm="event_loop" lport=13400 scontext=u:r:hht_ota_mgr:s0 tcontext=u:r:hht_ota_mgr:s0 tclass=udp_socket permissive=0
11-11 00:01:48.807 1496 1496 I sysui_multi_action: [757,1501,758,1,793,204,794,0,795,204,796,1,806,com.tencent.qqmusicpad,857,channel_notification_player,858,2,947,0,1500,0,1688,1]
11-11 00:01:48.807 1496 1496 I sysui_multi_action: [757,804,799,note_interruptive,801,0,802,1]
11-11 00:01:48.807 1496 1496 I GameModeConfig: isGameModeOn = false
11-11 00:01:48.810 1496 1496 W NotificationHistory: Attempted to add notif for locked/gone/disabled user 0
11-11 00:01:49.558 1496 1621 I am_uid_idle: 10053
11-11 00:01:49.558 1496 1621 I am_uid_idle: 10021
11-11 00:01:49.799 2717 2717 I auditd : type=1400 audit(0.0:26904065): avc: denied { read } for comm="event_loop" lport=13400 scontext=u:r:hht_ota_mgr:s0 tcontext=u:r:hht_ota_mgr:s0 tclass=udp_socket permissive=0
11-11 00:01:49.799 2717 2717 I auditd : type=1400 audit(0.0:26904066): avc: denied { read } for comm="event_loop" lport=13400 scontext=u:r:hht_ota_mgr:s0 tcontext=u:r:hht_ota_mgr:s0 tclass=udp_socket permissive=0
11-11 00:01:49.799 2717 2717 I auditd : type=1400 audit(0.0:26904067): avc: denied { read } for comm="event_loop" lport=13400 scontext=u:r:hht_ota_mgr:s0 tcontext=u:r:hht_ota_mgr:s0 tclass=udp_socket permissive=0
11-11 00:01:49.799 2717 2717 I auditd : type=1400 audit(0.0:26904068): avc: denied { read } for comm="event_loop" lport=13400 scontext=u:r:hht_ota_mgr:s0 tcontext=u:r:hht_ota_mgr:s0 tclass=udp_socket permissive=0
11-11 00:01:49.799 2717 2717 I auditd : type=1400 audit(0.0:26904069): avc: denied { read } for comm="event_loop" lport=13400 scontext=u:r:hht_ota_mgr:s0 tcontext=u:r:hht_ota_mgr:s0 tclass=udp_socket permissive=0
01-01 08:02:54.007 0 0 W audit : audit_lost=26903255 audit_rate_limit=5 audit_backlog_limit=64
01-01 08:02:54.007 0 0 E audit : rate limit exceeded
11-11 00:01:50.338 1496 1886 I GameModeConfig: isGameModeOn = false
11-11 00:01:50.338 1496 1886 I GameModeConfig: isGameModeOn = false
11-11 00:01:50.403 1496 2837 I thunderperf: PlatormCompat.setOverrides: Uid1=10095 Pid1=5348 Uid2=10095 Pid2=5348
11-11 00:01:50.403 1496 2837 I thunderperf: PlatormCompat.setOverrides: needCheck:false
11-11 00:01:50.403 1496 2837 W PackageManager: MATCH_ANY_USER flag requires INTERACT_ACROSS_USERS permission: UID 10095 requires android.permission.INTERACT_ACROSS_USERS_FULL or android.permission.INTERACT_ACROSS_USERS to access user 0.
11-11 00:01:50.405 1496 2837 I ActivityTaskManager: START u0 {cmp=com.tencent.qqmusicpad/.activity.newplayeractivity.ui.PlayerActivityNew (has extras)} from uid 10095
11-11 00:01:50.411 1496 2837 I wm_task_moved: [25,1,6]
11-11 00:01:50.411 1496 2837 I wm_set_resumed_activity: [0,com.tencent.qqmusicpad/.activity.MainActivity,positionChildAt]
11-11 00:01:50.411 1496 2837 I wm_create_activity: [0,62415671,25,com.tencent.qqmusicpad/.activity.newplayeractivity.ui.PlayerActivityNew,NULL,NULL,NULL,276824064]
11-11 00:01:50.412 1496 2837 I wm_pause_activity: [0,1592355,com.tencent.qqmusicpad/.activity.MainActivity,userLeaving=true,resumeTopActivityInnerLocked]
11-11 00:01:50.414 5348 5348 I wm_on_top_resumed_lost_called: [1592355,com.tencent.qqmusicpad.activity.MainActivity,topStateChangedWhenResumed]
11-11 00:01:50.416 5348 5348 I wm_on_paused_called: [1592355,com.tencent.qqmusicpad.activity.MainActivity,performPause]
11-11 00:01:50.416 1496 2837 I ActivityTaskManager: FOREGROUND_APPLICATION_CHANGED to com.tencent.qqmusicpad.activity.newplayeractivity.ui.PlayerActivityNew
11-11 00:01:50.416 1496 2837 I ActivityTaskManager: The Process com.tencent.qqmusicpad Already Exists in BG. So sending its PID: 5348
11-11 00:01:50.416 1496 2837 W ActivityTaskManager: Tried to set launchTime (0) < mLastActivityLaunchTime (165053)
11-11 00:01:50.416 1496 2837 I wm_add_to_stopping: [0,1592355,com.tencent.qqmusicpad/.activity.MainActivity,makeInvisible]
11-11 00:01:50.417 1496 2837 I wm_restart_activity: [0,62415671,25,com.tencent.qqmusicpad/.activity.newplayeractivity.ui.PlayerActivityNew]
11-11 00:01:50.417 1496 2837 I wm_set_resumed_activity: [0,com.tencent.qqmusicpad/.activity.newplayeractivity.ui.PlayerActivityNew,minimalResumeActivityLocked]
11-11 00:01:50.419 1496 1614 I sysui_multi_action: [757,803,799,window_time_0,802,7]
11-11 00:01:50.448 1496 1742 I input_focus: [Focus leaving da89c4d com.tencent.qqmusicpad/com.tencent.qqmusicpad.activity.MainActivity (server),reason=NO_WINDOW]
11-11 00:01:50.467 5348 5348 I wm_on_create_called: [62415671,com.tencent.qqmusicpad.activity.newplayeractivity.ui.PlayerActivityNew,performCreate]
11-11 00:01:50.469 5348 5348 I wm_on_start_called: [62415671,com.tencent.qqmusicpad.activity.newplayeractivity.ui.PlayerActivityNew,handleStartActivity]
11-11 00:01:50.471 5348 5348 I wm_on_resume_called: [62415671,com.tencent.qqmusicpad.activity.newplayeractivity.ui.PlayerActivityNew,RESUME_ACTIVITY]
11-11 00:01:50.473 5348 5348 I wm_on_top_resumed_gained_called: [62415671,com.tencent.qqmusicpad.activity.newplayeractivity.ui.PlayerActivityNew,topStateChangedWhenResumed]
11-11 00:01:50.477 1496 1615 I input_focus: [Focus request 1e1b0be com.tencent.qqmusicpad/com.tencent.qqmusicpad.activity.newplayeractivity.ui.PlayerActivityNew,reason=UpdateInputWindows]
11-11 00:01:50.491 1496 1611 I wm_activity_launch_time: [0,62415671,com.tencent.qqmusicpad/.activity.newplayeractivity.ui.PlayerActivityNew,86]
11-11 00:01:50.499 1496 1742 I input_focus: [Focus entering 1e1b0be com.tencent.qqmusicpad/com.tencent.qqmusicpad.activity.newplayeractivity.ui.PlayerActivityNew (server),reason=setFocusedWindow]
11-11 00:01:50.518 1496 1548 W FreeFormWindowHelper: Current Display FreeFormTask is null
11-11 00:01:50.534 1496 1886 I GameModeConfig: isGameModeOn = false
11-11 00:01:50.698 1496 1614 I wm_stop_activity: [0,1592355,com.tencent.qqmusicpad/.activity.MainActivity]
11-11 00:01:50.719 5348 5348 I wm_on_stop_called: [1592355,com.tencent.qqmusicpad.activity.MainActivity,STOP_ACTIVITY_ITEM]
11-11 00:01:50.803 2717 2717 I auditd : type=1400 audit(0.0:27166979): avc: denied { read } for comm="event_loop" lport=13400 scontext=u:r:hht_ota_mgr:s0 tcontext=u:r:hht_ota_mgr:s0 tclass=udp_socket permissive=0
11-11 00:01:50.803 2717 2717 I auditd : type=1400 audit(0.0:27166980): avc: denied { read } for comm="event_loop" lport=13400 scontext=u:r:hht_ota_mgr:s0 tcontext=u:r:hht_ota_mgr:s0 tclass=udp_socket permissive=0
11-11 00:01:50.803 2717 2717 I auditd : type=1400 audit(0.0:27166981): avc: denied { read } for comm="event_loop" lport=13400 scontext=u:r:hht_ota_mgr:s0 tcontext=u:r:hht_ota_mgr:s0 tclass=udp_socket permissive=0
11-11 00:01:50.803 2717 2717 I auditd : type=1400 audit(0.0:27166982): avc: denied { read } for comm="event_loop" lport=13400 scontext=u:r:hht_ota_mgr:s0 tcontext=u:r:hht_ota_mgr:s0 tclass=udp_socket permissive=0
11-11 00:01:50.803 2717 2717 I auditd : type=1400 audit(0.0:27166983): avc: denied { read } for comm="event_loop" lport=13400 scontext=u:r:hht_ota_mgr:s0 tcontext=u:r:hht_ota_mgr:s0 tclass=udp_socket permissive=0
01-01 08:02:55.011 0 0 W audit : audit_lost=27166164 audit_rate_limit=5 audit_backlog_limit=64
01-01 08:02:55.011 0 0 E audit : rate limit exceeded
11-11 00:01:51.228 1496 1886 I GameModeConfig: isGameModeOn = false
11-11 00:01:51.228 1496 1886 I GameModeConfig: isGameModeOn = false
11-11 00:01:51.228 1496 1886 I GameModeConfig: isGameModeOn = false
11-11 00:01:51.288 1496 1620 I am_pss : [5348,10095,com.tencent.qqmusicpad,127100928,99028992,0,234893312,0,2,8]
11-11 00:01:51.348 1496 1886 I GameModeConfig: isGameModeOn = false
11-11 00:01:51.348 1496 1886 I GameModeConfig: isGameModeOn = false
11-11 00:01:51.348 1496 1886 I GameModeConfig: isGameModeOn = false
11-11 00:01:51.510 1496 1886 I GameModeConfig: isGameModeOn = false
11-11 00:01:51.510 1496 1886 I GameModeConfig: isGameModeOn = false
11-11 00:01:51.510 1496 1886 I GameModeConfig: isGameModeOn = false
11-11 00:01:51.563 1496 1886 I GameModeConfig: isGameModeOn = false
11-11 00:01:51.563 1496 1886 I GameModeConfig: isGameModeOn = false
11-11 00:01:51.564 1496 1886 I GameModeConfig: isGameModeOn = false
11-11 00:01:51.584 1496 1886 I GameModeConfig: isGameModeOn = false
11-11 00:01:51.584 1496 1886 I GameModeConfig: isGameModeOn = false
11-11 00:01:51.584 1496 1886 I GameModeConfig: isGameModeOn = false
11-11 00:01:51.597 1496 1886 I GameModeConfig: isGameModeOn = false
11-11 00:01:51.597 1496 1886 I GameModeConfig: isGameModeOn = false
11-11 00:01:51.597 1496 1886 I GameModeConfig: isGameModeOn = false
11-11 00:01:51.718 1496 1886 I GameModeConfig: isGameModeOn = false
11-11 00:01:51.718 1496 1886 I GameModeConfig: isGameModeOn = false
11-11 00:01:51.718 1496 1886 I GameModeConfig: isGameModeOn = false
11-11 00:01:51.807 2717 2717 I auditd : type=1400 audit(0.0:27431955): avc: denied { read } for comm="event_loop" lport=13400 scontext=u:r:hht_ota_mgr:s0 tcontext=u:r:hht_ota_mgr:s0 tclass=udp_socket permissive=0
11-11 00:01:51.807 2717 2717 I auditd : type=1400 audit(0.0:27431956): avc: denied { read } for comm="event_loop" lport=13400 scontext=u:r:hht_ota_mgr:s0 tcontext=u:r:hht_ota_mgr:s0 tclass=udp_socket permissive=0
11-11 00:01:51.807 2717 2717 I auditd : type=1400 audit(0.0:27431957): avc: denied { read } for comm="event_loop" lport=13400 scontext=u:r:hht_ota_mgr:s0 tcontext=u:r:hht_ota_mgr:s0 tclass=udp_socket permissive=0
11-11 00:01:51.807 2717 2717 I auditd : type=1400 audit(0.0:27431958): avc: denied { read } for comm="event_loop" lport=13400 scontext=u:r:hht_ota_mgr:s0 tcontext=u:r:hht_ota_mgr:s0 tclass=udp_socket permissive=0
11-11 00:01:51.807 2717 2717 I auditd : type=1400 audit(0.0:27431959): avc: denied { read } for comm="event_loop" lport=13400 scontext=u:r:hht_ota_mgr:s0 tcontext=u:r:hht_ota_mgr:s0 tclass=udp_socket permissive=0
01-01 08:02:56.015 0 0 W audit : audit_lost=27431135 audit_rate_limit=5 audit_backlog_limit=64
01-01 08:02:56.015 0 0 E audit : rate limit exceeded
11-11 00:01:52.807 2717 2717 I auditd : type=1400 audit(0.0:27699041): avc: denied { read } for comm="event_loop" lport=13400 scontext=u:r:hht_ota_mgr:s0 tcontext=u:r:hht_ota_mgr:s0 tclass=udp_socket permissive=0
11-11 00:01:52.811 2717 2717 I auditd : type=1400 audit(0.0:27699042): avc: denied { read } for comm="event_loop" lport=13400 scontext=u:r:hht_ota_mgr:s0 tcontext=u:r:hht_ota_mgr:s0 tclass=udp_socket permissive=0
11-11 00:01:52.811 2717 2717 I auditd : type=1400 audit(0.0:27699043): avc: denied { read } for comm="event_loop" lport=13400 scontext=u:r:hht_ota_mgr:s0 tcontext=u:r:hht_ota_mgr:s0 tclass=udp_socket permissive=0
11-11 00:01:52.811 2717 2717 I auditd : type=1400 audit(0.0:27699044): avc: denied { read } for comm="event_loop" lport=13400 scontext=u:r:hht_ota_mgr:s0 tcontext=u:r:hht_ota_mgr:s0 tclass=udp_socket permissive=0
11-11 00:01:52.811 2717 2717 I auditd : type=1400 audit(0.0:27699045): avc: denied { read } for comm="event_loop" lport=13400 scontext=u:r:hht_ota_mgr:s0 tcontext=u:r:hht_ota_mgr:s0 tclass=udp_socket permissive=0
01-01 08:02:57.019 0 0 W audit : audit_lost=27698216 audit_rate_limit=5 audit_backlog_limit=64
01-01 08:02:57.019 0 0 E audit : rate limit exceeded
01-01 08:02:58.023 0 0 W audit : audit_lost=27968485 audit_rate_limit=5 audit_backlog_limit=64
01-01 08:02:58.023 0 0 E audit : rate limit exceeded
11-11 00:01:53.815 2717 2717 I auditd : type=1400 audit(0.0:27969315): avc: denied { read } for comm="event_loop" lport=13400 scontext=u:r:hht_ota_mgr:s0 tcontext=u:r:hht_ota_mgr:s0 tclass=udp_socket permissive=0
11-11 00:01:53.815 2717 2717 I auditd : type=1400 audit(0.0:27969316): avc: denied { read } for comm="event_loop" lport=13400 scontext=u:r:hht_ota_mgr:s0 tcontext=u:r:hht_ota_mgr:s0 tclass=udp_socket permissive=0
11-11 00:01:53.815 2717 2717 I auditd : type=1400 audit(0.0:27969317): avc: denied { read } for comm="event_loop" lport=13400 scontext=u:r:hht_ota_mgr:s0 tcontext=u:r:hht_ota_mgr:s0 tclass=udp_socket permissive=0
11-11 00:01:53.815 2717 2717 I auditd : type=1400 audit(0.0:27969318): avc: denied { read } for comm="event_loop" lport=13400 scontext=u:r:hht_ota_mgr:s0 tcontext=u:r:hht_ota_mgr:s0 tclass=udp_socket permissive=0
11-11 00:01:53.815 2717 2717 I auditd : type=1400 audit(0.0:27969319): avc: denied { read } for comm="event_loop" lport=13400 scontext=u:r:hht_ota_mgr:s0 tcontext=u:r:hht_ota_mgr:s0 tclass=udp_socket permissive=0
11-11 00:01:54.819 2717 2717 I auditd : type=1400 audit(0.0:28240042): avc: denied { read } for comm="event_loop" lport=13400 scontext=u:r:hht_ota_mgr:s0 tcontext=u:r:hht_ota_mgr:s0 tclass=udp_socket permissive=0
11-11 00:01:54.819 2717 2717 I auditd : type=1400 audit(0.0:28240043): avc: denied { read } for comm="event_loop" lport=13400 scontext=u:r:hht_ota_mgr:s0 tcontext=u:r:hht_ota_mgr:s0 tclass=udp_socket permissive=0
11-11 00:01:54.819 2717 2717 I auditd : type=1400 audit(0.0:28240044): avc: denied { read } for comm="event_loop" lport=13400 scontext=u:r:hht_ota_mgr:s0 tcontext=u:r:hht_ota_mgr:s0 tclass=udp_socket permissive=0
11-11 00:01:54.819 2717 2717 I auditd : type=1400 audit(0.0:28240045): avc: denied { read } for comm="event_loop" lport=13400 scontext=u:r:hht_ota_mgr:s0 tcontext=u:r:hht_ota_mgr:s0 tclass=udp_socket permissive=0
11-11 00:01:54.819 2717 2717 I auditd : type=1400 audit(0.0:28240046): avc: denied { read } for comm="event_loop" lport=13400 scontext=u:r:hht_ota_mgr:s0 tcontext=u:r:hht_ota_mgr:s0 tclass=udp_socket permissive=0
01-01 08:02:59.027 0 0 W audit : audit_lost=28239207 audit_rate_limit=5 audit_backlog_limit=64
01-01 08:02:59.027 0 0 E audit : rate limit exceeded
11-11 00:01:55.823 2717 2717 I auditd : type=1400 audit(0.0:28510264): avc: denied { read } for comm="event_loop" lport=13400 scontext=u:r:hht_ota_mgr:s0 tcontext=u:r:hht_ota_mgr:s0 tclass=udp_socket permissive=0
11-11 00:01:55.823 2717 2717 I auditd : type=1400 audit(0.0:28510265): avc: denied { read } for comm="event_loop" lport=13400 scontext=u:r:hht_ota_mgr:s0 tcontext=u:r:hht_ota_mgr:s0 tclass=udp_socket permissive=0
11-11 00:01:55.823 2717 2717 I auditd : type=1400 audit(0.0:28510266): avc: denied { read } for comm="event_loop" lport=13400 scontext=u:r:hht_ota_mgr:s0 tcontext=u:r:hht_ota_mgr:s0 tclass=udp_socket permissive=0
11-11 00:01:55.823 2717 2717 I auditd : type=1400 audit(0.0:28510267): avc: denied { read } for comm="event_loop" lport=13400 scontext=u:r:hht_ota_mgr:s0 tcontext=u:r:hht_ota_mgr:s0 tclass=udp_socket permissive=0
11-11 00:01:55.823 2717 2717 I auditd : type=1400 audit(0.0:28510268): avc: denied { read } for comm="event_loop" lport=13400 scontext=u:r:hht_ota_mgr:s0 tcontext=u:r:hht_ota_mgr:s0 tclass=udp_socket permissive=0
01-01 08:03:00.031 0 0 W audit : audit_lost=28509424 audit_rate_limit=5 audit_backlog_limit=64
01-01 08:03:00.031 0 0 E audit : rate limit exceeded
11-11 00:01:56.823 2717 2717 I auditd : type=1400 audit(0.0:28780442): avc: denied { read } for comm="event_loop" lport=13400 scontext=u:r:hht_ota_mgr:s0 tcontext=u:r:hht_ota_mgr:s0 tclass=udp_socket permissive=0
01-01 08:03:01.035 0 0 W audit : audit_lost=28779597 audit_rate_limit=5 audit_backlog_limit=64
01-01 08:03:01.035 0 0 E audit : rate limit exceeded
11-11 00:01:56.827 2717 2717 I auditd : type=1400 audit(0.0:28780443): avc: denied { read } for comm="event_loop" lport=13400 scontext=u:r:hht_ota_mgr:s0 tcontext=u:r:hht_ota_mgr:s0 tclass=udp_socket permissive=0
11-11 00:01:56.827 2717 2717 I auditd : type=1400 audit(0.0:28780444): avc: denied { read } for comm="event_loop" lport=13400 scontext=u:r:hht_ota_mgr:s0 tcontext=u:r:hht_ota_mgr:s0 tclass=udp_socket permissive=0
11-11 00:01:56.827 2717 2717 I auditd : type=1400 audit(0.0:28780445): avc: denied { read } for comm="event_loop" lport=13400 scontext=u:r:hht_ota_mgr:s0 tcontext=u:r:hht_ota_mgr:s0 tclass=udp_socket permissive=0
11-11 00:01:56.827 2717 2717 I auditd : type=1400 audit(0.0:28780446): avc: denied { read } for comm="event_loop" lport=13400 scontext=u:r:hht_ota_mgr:s0 tcontext=u:r:hht_ota_mgr:s0 tclass=udp_socket permissive=0
11-11 00:01:57.708 1496 1742 I input_interaction: Interaction with: 1e1b0be com.tencent.qqmusicpad/com.tencent.qqmusicpad.activity.newplayeractivity.ui.PlayerActivityNew (server), edge-swipe (server), swipe-up (server), PointerEventDispatcher0 (server),
11-11 00:01:57.831 2717 2717 I auditd : type=1400 audit(0.0:29050585): avc: denied { read } for comm="event_loop" lport=13400 scontext=u:r:hht_ota_mgr:s0 tcontext=u:r:hht_ota_mgr:s0 tclass=udp_socket permissive=0
11-11 00:01:57.831 2717 2717 I auditd : type=1400 audit(0.0:29050586): avc: denied { read } for comm="event_loop" lport=13400 scontext=u:r:hht_ota_mgr:s0 tcontext=u:r:hht_ota_mgr:s0 tclass=udp_socket permissive=0
11-11 00:01:57.831 2717 2717 I auditd : type=1400 audit(0.0:29050587): avc: denied { read } for comm="event_loop" lport=13400 scontext=u:r:hht_ota_mgr:s0 tcontext=u:r:hht_ota_mgr:s0 tclass=udp_socket permissive=0
11-11 00:01:57.831 2717 2717 I auditd : type=1400 audit(0.0:29050588): avc: denied { read } for comm="event_loop" lport=13400 scontext=u:r:hht_ota_mgr:s0 tcontext=u:r:hht_ota_mgr:s0 tclass=udp_socket permissive=0
11-11 00:01:57.831 2717 2717 I auditd : type=1400 audit(0.0:29050589): avc: denied { read } for comm="event_loop" lport=13400 scontext=u:r:hht_ota_mgr:s0 tcontext=u:r:hht_ota_mgr:s0 tclass=udp_socket permissive=0
01-01 08:03:02.039 0 0 W audit : audit_lost=29049735 audit_rate_limit=5 audit_backlog_limit=64
01-01 08:03:02.039 0 0 E audit : rate limit exceeded
11-11 00:01:58.110 1496 1548 I MicroServiceManager: requestResult(abandonAudioFocus) parameters is{"functionInfo":{"IDCM_AudioFocus":"AudioFocus_Media"}}.
11-11 00:01:58.712 1496 1548 I MicroServiceManager: requestResult(abandonAudioFocus) parameters is{"functionInfo":{"IDCM_AudioFocus":"AudioFocus_Media"}}.
11-11 00:01:58.835 2717 2717 I auditd : type=1400 audit(0.0:29320114): avc: denied { read } for comm="event_loop" lport=13400 scontext=u:r:hht_ota_mgr:s0 tcontext=u:r:hht_ota_mgr:s0 tclass=udp_socket permissive=0
11-11 00:01:58.835 2717 2717 I auditd : type=1400 audit(0.0:29320115): avc: denied { read } for comm="event_loop" lport=13400 scontext=u:r:hht_ota_mgr:s0 tcontext=u:r:hht_ota_mgr:s0 tclass=udp_socket permissive=0
11-11 00:01:58.835 2717 2717 I auditd : type=1400 audit(0.0:29320116): avc: denied { read } for comm="event_loop" lport=13400 scontext=u:r:hht_ota_mgr:s0 tcontext=u:r:hht_ota_mgr:s0 tclass=udp_socket permissive=0
11-11 00:01:58.835 2717 2717 I auditd : type=1400 audit(0.0:29320117): avc: denied { read } for comm="event_loop" lport=13400 scontext=u:r:hht_ota_mgr:s0 tcontext=u:r:hht_ota_mgr:s0 tclass=udp_socket permissive=0
11-11 00:01:58.835 2717 2717 I auditd : type=1400 audit(0.0:29320118): avc: denied { read } for comm="event_loop" lport=13400 scontext=u:r:hht_ota_mgr:s0 tcontext=u:r:hht_ota_mgr:s0 tclass=udp_socket permissive=0
01-01 08:03:03.043 0 0 W audit : audit_lost=29319259 audit_rate_limit=5 audit_backlog_limit=64
01-01 08:03:03.043 0 0 E audit : rate limit exceeded
11-11 00:01:59.263 1496 1496 I notification_enqueue: [10095,5348,com.tencent.qqmusicpad,1,NULL,0,Notification(channel=channel_notification_player shortcut=null contentView=com.tencent.qqmusicpad/0x7f0c020d vibrate=null sound=null tick defaults=0x0 flags=0x62 color=0x00000000 vis=SECRET),1]
11-11 00:01:59.314 1496 1548 I MicroServiceManager: requestResult(requestAudioFocus) parameters is{"functionInfo":{"IDCM_AudioFocus":"AudioFocus_Media"}}.
11-11 00:01:59.465 1496 1496 I GameModeConfig: isGameModeOn = false
01-01 08:03:04.047 0 0 W audit : audit_lost=29589495 audit_rate_limit=5 audit_backlog_limit=64
01-01 08:03:04.047 0 0 E audit : rate limit exceeded
11-11 00:01:59.839 2717 2717 I auditd : type=1400 audit(0.0:29590355): avc: denied { read } for comm="event_loop" lport=13400 scontext=u:r:hht_ota_mgr:s0 tcontext=u:r:hht_ota_mgr:s0 tclass=udp_socket permissive=0
11-11 00:01:59.839 2717 2717 I auditd : type=1400 audit(0.0:29590356): avc: denied { read } for comm="event_loop" lport=13400 scontext=u:r:hht_ota_mgr:s0 tcontext=u:r:hht_ota_mgr:s0 tclass=udp_socket permissive=0
11-11 00:01:59.839 2717 2717 I auditd : type=1400 audit(0.0:29590357): avc: denied { read } for comm="event_loop" lport=13400 scontext=u:r:hht_ota_mgr:s0 tcontext=u:r:hht_ota_mgr:s0 tclass=udp_socket permissive=0
11-11 00:01:59.839 2717 2717 I auditd : type=1400 audit(0.0:29590358): avc: denied { read } for comm="event_loop" lport=13400 scontext=u:r:hht_ota_mgr:s0 tcontext=u:r:hht_ota_mgr:s0 tclass=udp_socket permissive=0
11-11 00:01:59.839 2717 2717 I auditd : type=1400 audit(0.0:29590359): avc: denied { read } for comm="event_loop" lport=13400 scontext=u:r:hht_ota_mgr:s0 tcontext=u:r:hht_ota_mgr:s0 tclass=udp_socket permissive=0
11-11 00:02:00.019 1496 1496 I notification_enqueue: [10095,5348,com.tencent.qqmusicpad,1,NULL,0,Notification(channel=channel_notification_player shortcut=null contentView=com.tencent.qqmusicpad/0x7f0c020d vibrate=null sound=null tick defaults=0x0 flags=0x62 color=0x00000000 vis=SECRET),1]
11-11 00:02:00.221 1496 1496 I GameModeConfig: isGameModeOn = false
11-11 00:02:00.388 1496 1817 I netstats_mobile_sample: [0,0,0,0,0,0,0,0,0,0,0,0,1668096120388]
11-11 00:02:00.389 1496 1817 I netstats_wifi_sample: [4641701,5278,1332089,5000,4641701,5278,1332089,5000,5151435,8970,874141,3706,1668096120388]
11-11 00:02:00.843 2717 2717 I auditd : type=1400 audit(0.0:29860169): avc: denied { read } for comm="event_loop" lport=13400 scontext=u:r:hht_ota_mgr:s0 tcontext=u:r:hht_ota_mgr:s0 tclass=udp_socket permissive=0
11-11 00:02:00.843 2717 2717 I auditd : type=1400 audit(0.0:29860170): avc: denied { read } for comm="event_loop" lport=13400 scontext=u:r:hht_ota_mgr:s0 tcontext=u:r:hht_ota_mgr:s0 tclass=udp_socket permissive=0
11-11 00:02:00.843 2717 2717 I auditd : type=1400 audit(0.0:29860171): avc: denied { read } for comm="event_loop" lport=13400 scontext=u:r:hht_ota_mgr:s0 tcontext=u:r:hht_ota_mgr:s0 tclass=udp_socket permissive=0
11-11 00:02:00.843 2717 2717 I auditd : type=1400 audit(0.0:29860172): avc: denied { read } for comm="event_loop" lport=13400 scontext=u:r:hht_ota_mgr:s0 tcontext=u:r:hht_ota_mgr:s0 tclass=udp_socket permissive=0
11-11 00:02:00.843 2717 2717 I auditd : type=1400 audit(0.0:29860173): avc: denied { read } for comm="event_loop" lport=13400 scontext=u:r:hht_ota_mgr:s0 tcontext=u:r:hht_ota_mgr:s0 tclass=udp_socket permissive=0
01-01 08:03:05.051 0 0 W audit : audit_lost=29859304 audit_rate_limit=5 audit_backlog_limit=64
01-01 08:03:05.051 0 0 E audit : rate limit exceeded
01-01 08:03:06.055 0 0 W audit : audit_lost=30129267 audit_rate_limit=5 audit_backlog_limit=64
01-01 08:03:06.055 0 0 E audit : rate limit exceeded
11-11 00:02:01.847 2717 2717 I auditd : type=1400 audit(0.0:30130137): avc: denied { read } for comm="event_loop" lport=13400 scontext=u:r:hht_ota_mgr:s0 tcontext=u:r:hht_ota_mgr:s0 tclass=udp_socket permissive=0
11-11 00:02:01.847 2717 2717 I auditd : type=1400 audit(0.0:30130138): avc: denied { read } for comm="event_loop" lport=13400 scontext=u:r:hht_ota_mgr:s0 tcontext=u:r:hht_ota_mgr:s0 tclass=udp_socket permissive=0
11-11 00:02:01.847 2717 2717 I auditd : type=1400 audit(0.0:30130139): avc: denied { read } for comm="event_loop" lport=13400 scontext=u:r:hht_ota_mgr:s0 tcontext=u:r:hht_ota_mgr:s0 tclass=udp_socket permissive=0
11-11 00:02:01.847 2717 2717 I auditd : type=1400 audit(0.0:30130140): avc: denied { read } for comm="event_loop" lport=13400 scontext=u:r:hht_ota_mgr:s0 tcontext=u:r:hht_ota_mgr:s0 tclass=udp_socket permissive=0
11-11 00:02:01.847 2717 2717 I auditd : type=1400 audit(0.0:30130141): avc: denied { read } for comm="event_loop" lport=13400 scontext=u:r:hht_ota_mgr:s0 tcontext=u:r:hht_ota_mgr:s0 tclass=udp_socket permissive=0
11-11 00:02:02.851 2717 2717 I auditd : type=1400 audit(0.0:30400617): avc: denied { read } for comm="event_loop" lport=13400 scontext=u:r:hht_ota_mgr:s0 tcontext=u:r:hht_ota_mgr:s0 tclass=udp_socket permissive=0
11-11 00:02:02.851 2717 2717 I auditd : type=1400 audit(0.0:30400618): avc: denied { read } for comm="event_loop" lport=13400 scontext=u:r:hht_ota_mgr:s0 tcontext=u:r:hht_ota_mgr:s0 tclass=udp_socket permissive=0
11-11 00:02:02.851 2717 2717 I auditd : type=1400 audit(0.0:30400619): avc: denied { read } for comm="event_loop" lport=13400 scontext=u:r:hht_ota_mgr:s0 tcontext=u:r:hht_ota_mgr:s0 tclass=udp_socket permissive=0
11-11 00:02:02.851 2717 2717 I auditd : type=1400 audit(0.0:30400620): avc: denied { read } for comm="event_loop" lport=13400 scontext=u:r:hht_ota_mgr:s0 tcontext=u:r:hht_ota_mgr:s0 tclass=udp_socket permissive=0
11-11 00:02:02.851 2717 2717 I auditd : type=1400 audit(0.0:30400621): avc: denied { read } for comm="event_loop" lport=13400 scontext=u:r:hht_ota_mgr:s0 tcontext=u:r:hht_ota_mgr:s0 tclass=udp_socket permissive=0
01-01 08:03:07.059 0 0 W audit : audit_lost=30399742 audit_rate_limit=5 audit_backlog_limit=64
01-01 08:03:07.059 0 0 E audit : rate limit exceeded
01-01 08:03:08.063 0 0 W audit : audit_lost=30670621 audit_rate_limit=5 audit_backlog_limit=64
01-01 08:03:08.063 0 0 E audit : rate limit exceeded
11-11 00:02:03.851 2717 2717 I auditd : type=1400 audit(0.0:30671501): avc: denied { read } for comm="event_loop" lport=13400 scontext=u:r:hht_ota_mgr:s0 tcontext=u:r:hht_ota_mgr:s0 tclass=udp_socket permissive=0
11-11 00:02:03.855 2717 2717 I auditd : type=1400 audit(0.0:30671502): avc: denied { read } for comm="event_loop" lport=13400 scontext=u:r:hht_ota_mgr:s0 tcontext=u:r:hht_ota_mgr:s0 tclass=udp_socket permissive=0
11-11 00:02:03.855 2717 2717 I auditd : type=1400 audit(0.0:30671503): avc: denied { read } for comm="event_loop" lport=13400 scontext=u:r:hht_ota_mgr:s0 tcontext=u:r:hht_ota_mgr:s0 tclass=udp_socket permissive=0
11-11 00:02:03.855 2717 2717 I auditd : type=1400 audit(0.0:30671504): avc: denied { read } for comm="event_loop" lport=13400 scontext=u:r:hht_ota_mgr:s0 tcontext=u:r:hht_ota_mgr:s0 tclass=udp_socket permissive=0
11-11 00:02:03.855 2717 2717 I auditd : type=1400 audit(0.0:30671505): avc: denied { read } for comm="event_loop" lport=13400 scontext=u:r:hht_ota_mgr:s0 tcontext=u:r:hht_ota_mgr:s0 tclass=udp_socket permissive=0
01-01 08:03:08.320 0 0 I qcom_rpmh DRV: apps_rsc TCS Busy, retrying RPMH message send: addr=0x40d00
11-11 00:02:04.639 1496 1620 I am_pss : [5348,10095,com.tencent.qqmusicpad,142576640,112726016,0,254402560,0,2,8]
11-11 00:02:04.859 2717 2717 I auditd : type=1400 audit(0.0:30940505): avc: denied { read } for comm="event_loop" lport=13400 scontext=u:r:hht_ota_mgr:s0 tcontext=u:r:hht_ota_mgr:s0 tclass=udp_socket permissive=0
11-11 00:02:04.859 2717 2717 I auditd : type=1400 audit(0.0:30940506): avc: denied { read } for comm="event_loop" lport=13400 scontext=u:r:hht_ota_mgr:s0 tcontext=u:r:hht_ota_mgr:s0 tclass=udp_socket permissive=0
11-11 00:02:04.859 2717 2717 I auditd : type=1400 audit(0.0:30940507): avc: denied { read } for comm="event_loop" lport=13400 scontext=u:r:hht_ota_mgr:s0 tcontext=u:r:hht_ota_mgr:s0 tclass=udp_socket permissive=0
11-11 00:02:04.859 2717 2717 I auditd : type=1400 audit(0.0:30940508): avc: denied { read } for comm="event_loop" lport=13400 scontext=u:r:hht_ota_mgr:s0 tcontext=u:r:hht_ota_mgr:s0 tclass=udp_socket permissive=0
11-11 00:02:04.859 2717 2717 I auditd : type=1400 audit(0.0:30940509): avc: denied { read } for comm="event_loop" lport=13400 scontext=u:r:hht_ota_mgr:s0 tcontext=u:r:hht_ota_mgr:s0 tclass=udp_socket permissive=0
01-01 08:03:09.067 0 0 W audit : audit_lost=30939620 audit_rate_limit=5 audit_backlog_limit=64
01-01 08:03:09.067 0 0 E audit : rate limit exceeded
11-11 00:02:04.909 1496 1548 I MicroServiceManager: requestResult(abandonAudioFocus) parameters is{"functionInfo":{"IDCM_AudioFocus":"AudioFocus_Media"}}.
11-11 00:02:05.510 1496 1548 I MicroServiceManager: requestResult(abandonAudioFocus) parameters is{"functionInfo":{"IDCM_AudioFocus":"AudioFocus_Media"}}.
11-11 00:02:05.567 1496 1496 I notification_enqueue: [10095,5348,com.tencent.qqmusicpad,1,NULL,0,Notification(channel=channel_notification_player shortcut=null contentView=com.tencent.qqmusicpad/0x7f0c020d vibrate=null sound=null tick defaults=0x0 flags=0x62 color=0x00000000 vis=SECRET),1]
11-11 00:02:05.769 1496 1496 I GameModeConfig: isGameModeOn = false
01-01 08:03:10.071 0 0 W audit : audit_lost=31208545 audit_rate_limit=5 audit_backlog_limit=64
01-01 08:03:10.071 0 0 E audit : rate limit exceeded
11-11 00:02:05.863 2717 2717 I auditd : type=1400 audit(0.0:31209435): avc: denied { read } for comm="event_loop" lport=13400 scontext=u:r:hht_ota_mgr:s0 tcontext=u:r:hht_ota_mgr:s0 tclass=udp_socket permissive=0
11-11 00:02:05.863 2717 2717 I auditd : type=1400 audit(0.0:31209436): avc: denied { read } for comm="event_loop" lport=13400 scontext=u:r:hht_ota_mgr:s0 tcontext=u:r:hht_ota_mgr:s0 tclass=udp_socket permissive=0
11-11 00:02:05.863 2717 2717 I auditd : type=1400 audit(0.0:31209437): avc: denied { read } for comm="event_loop" lport=13400 scontext=u:r:hht_ota_mgr:s0 tcontext=u:r:hht_ota_mgr:s0 tclass=udp_socket permissive=0
11-11 00:02:05.863 2717 2717 I auditd : type=1400 audit(0.0:31209438): avc: denied { read } for comm="event_loop" lport=13400 scontext=u:r:hht_ota_mgr:s0 tcontext=u:r:hht_ota_mgr:s0 tclass=udp_socket permissive=0
11-11 00:02:05.863 2717 2717 I auditd : type=1400 audit(0.0:31209439): avc: denied { read } for comm="event_loop" lport=13400 scontext=u:r:hht_ota_mgr:s0 tcontext=u:r:hht_ota_mgr:s0 tclass=udp_socket permissive=0
11-11 00:02:06.104 1496 1496 I notification_enqueue: [10095,5348,com.tencent.qqmusicpad,1,NULL,0,Notification(channel=channel_notification_player shortcut=null contentView=com.tencent.qqmusicpad/0x7f0c020d vibrate=null sound=null tick defaults=0x0 flags=0x62 color=0x00000000 vis=SECRET),1]
11-11 00:02:06.141 1496 2837 I MicroServiceManager: requestResult(requestAudioFocus) parameters is{"functionInfo":{"IDCM_AudioFocus":"AudioFocus_Media"}}.
11-11 00:02:06.305 1496 1496 I GameModeConfig: isGameModeOn = false
11-11 00:02:06.637 1496 2837 W NotificationService: Toast already killed. pkg=com.tencent.qqmusicpad token=android.os.BinderProxy@5b91939
11-11 00:02:06.650 1496 1496 I notification_enqueue: [10095,5348,com.tencent.qqmusicpad,1,NULL,0,Notification(channel=channel_notification_player shortcut=null contentView=com.tencent.qqmusicpad/0x7f0c020d vibrate=null sound=null tick defaults=0x0 flags=0x62 color=0x00000000 vis=SECRET),1]
11-11 00:02:06.852 1496 1496 I GameModeConfig: isGameModeOn = false
11-11 00:02:06.863 2717 2717 I auditd : type=1400 audit(0.0:31479642): avc: denied { read } for comm="event_loop" lport=13400 scontext=u:r:hht_ota_mgr:s0 tcontext=u:r:hht_ota_mgr:s0 tclass=udp_socket permissive=0
11-11 00:02:06.867 2717 2717 I auditd : type=1400 audit(0.0:31479643): avc: denied { read } for comm="event_loop" lport=13400 scontext=u:r:hht_ota_mgr:s0 tcontext=u:r:hht_ota_mgr:s0 tclass=udp_socket permissive=0
11-11 00:02:06.867 2717 2717 I auditd : type=1400 audit(0.0:31479644): avc: denied { read } for comm="event_loop" lport=13400 scontext=u:r:hht_ota_mgr:s0 tcontext=u:r:hht_ota_mgr:s0 tclass=udp_socket permissive=0
11-11 00:02:06.867 2717 2717 I auditd : type=1400 audit(0.0:31479645): avc: denied { read } for comm="event_loop" lport=13400 scontext=u:r:hht_ota_mgr:s0 tcontext=u:r:hht_ota_mgr:s0 tclass=udp_socket permissive=0
11-11 00:02:06.867 2717 2717 I auditd : type=1400 audit(0.0:31479646): avc: denied { read } for comm="event_loop" lport=13400 scontext=u:r:hht_ota_mgr:s0 tcontext=u:r:hht_ota_mgr:s0 tclass=udp_socket permissive=0
01-01 08:03:11.075 0 0 W audit : audit_lost=31478747 audit_rate_limit=5 audit_backlog_limit=64
01-01 08:03:11.075 0 0 E audit : rate limit exceeded
11-11 00:02:07.342 1496 1817 I netstats_mobile_sample: [0,0,0,0,0,0,0,0,0,0,0,0,1668096127342]
11-11 00:02:07.342 1496 1817 I netstats_wifi_sample: [9044950,8400,1431874,6419,9044950,8400,1431874,6419,9354382,11996,953570,5030,1668096127342]
01-01 08:03:12.079 0 0 W audit : audit_lost=31748544 audit_rate_limit=5 audit_backlog_limit=64
01-01 08:03:12.079 0 0 E audit : rate limit exceeded
11-11 00:02:07.871 2717 2717 I auditd : type=1400 audit(0.0:31749444): avc: denied { read } for comm="event_loop" lport=13400 scontext=u:r:hht_ota_mgr:s0 tcontext=u:r:hht_ota_mgr:s0 tclass=udp_socket permissive=0
11-11 00:02:07.871 2717 2717 I auditd : type=1400 audit(0.0:31749445): avc: denied { read } for comm="event_loop" lport=13400 scontext=u:r:hht_ota_mgr:s0 tcontext=u:r:hht_ota_mgr:s0 tclass=udp_socket permissive=0
11-11 00:02:07.871 2717 2717 I auditd : type=1400 audit(0.0:31749446): avc: denied { read } for comm="event_loop" lport=13400 scontext=u:r:hht_ota_mgr:s0 tcontext=u:r:hht_ota_mgr:s0 tclass=udp_socket permissive=0
11-11 00:02:07.871 2717 2717 I auditd : type=1400 audit(0.0:31749447): avc: denied { read } for comm="event_loop" lport=13400 scontext=u:r:hht_ota_mgr:s0 tcontext=u:r:hht_ota_mgr:s0 tclass=udp_socket permissive=0
11-11 00:02:07.871 2717 2717 I auditd : type=1400 audit(0.0:31749448): avc: denied { read } for comm="event_loop" lport=13400 scontext=u:r:hht_ota_mgr:s0 tcontext=u:r:hht_ota_mgr:s0 tclass=udp_socket permissive=0
11-11 00:02:08.640 1496 1614 W WindowManager: Unable to start animation, surface is null or no children.
11-11 00:02:08.875 2717 2717 I auditd : type=1400 audit(0.0:32019970): avc: denied { read } for comm="event_loop" lport=13400 scontext=u:r:hht_ota_mgr:s0 tcontext=u:r:hht_ota_mgr:s0 tclass=udp_socket permissive=0
11-11 00:02:08.875 2717 2717 I auditd : type=1400 audit(0.0:32019971): avc: denied { read } for comm="event_loop" lport=13400 scontext=u:r:hht_ota_mgr:s0 tcontext=u:r:hht_ota_mgr:s0 tclass=udp_socket permissive=0
11-11 00:02:08.875 2717 2717 I auditd : type=1400 audit(0.0:32019972): avc: denied { read } for comm="event_loop" lport=13400 scontext=u:r:hht_ota_mgr:s0 tcontext=u:r:hht_ota_mgr:s0 tclass=udp_socket permissive=0
11-11 00:02:08.875 2717 2717 I auditd : type=1400 audit(0.0:32019973): avc: denied { read } for comm="event_loop" lport=13400 scontext=u:r:hht_ota_mgr:s0 tcontext=u:r:hht_ota_mgr:s0 tclass=udp_socket permissive=0
11-11 00:02:08.875 2717 2717 I auditd : type=1400 audit(0.0:32019974): avc: denied { read } for comm="event_loop" lport=13400 scontext=u:r:hht_ota_mgr:s0 tcontext=u:r:hht_ota_mgr:s0 tclass=udp_socket permissive=0
01-01 08:03:13.083 0 0 W audit : audit_lost=32019065 audit_rate_limit=5 audit_backlog_limit=64
01-01 08:03:13.083 0 0 E audit : rate limit exceeded
11-11 00:02:09.507 1496 5343 I MicroServiceManager: requestResult(abandonAudioFocus) parameters is{"functionInfo":{"IDCM_AudioFocus":"AudioFocus_Media"}}.
11-11 00:02:09.875 2717 2717 I auditd : type=1400 audit(0.0:32288685): avc: denied { read } for comm="event_loop" lport=13400 scontext=u:r:hht_ota_mgr:s0 tcontext=u:r:hht_ota_mgr:s0 tclass=udp_socket permissive=0
11-11 00:02:09.879 2717 2717 I auditd : type=1400 audit(0.0:32288686): avc: denied { read } for comm="event_loop" lport=13400 scontext=u:r:hht_ota_mgr:s0 tcontext=u:r:hht_ota_mgr:s0 tclass=udp_socket permissive=0
11-11 00:02:09.879 2717 2717 I auditd : type=1400 audit(0.0:32288687): avc: denied { read } for comm="event_loop" lport=13400 scontext=u:r:hht_ota_mgr:s0 tcontext=u:r:hht_ota_mgr:s0 tclass=udp_socket permissive=0
11-11 00:02:09.879 2717 2717 I auditd : type=1400 audit(0.0:32288688): avc: denied { read } for comm="event_loop" lport=13400 scontext=u:r:hht_ota_mgr:s0 tcontext=u:r:hht_ota_mgr:s0 tclass=udp_socket permissive=0
11-11 00:02:09.879 2717 2717 I auditd : type=1400 audit(0.0:32288689): avc: denied { read } for comm="event_loop" lport=13400 scontext=u:r:hht_ota_mgr:s0 tcontext=u:r:hht_ota_mgr:s0 tclass=udp_socket permissive=0
01-01 08:03:14.087 0 0 W audit : audit_lost=32287775 audit_rate_limit=5 audit_backlog_limit=64
01-01 08:03:14.087 0 0 E audit : rate limit exceeded
11-11 00:02:10.037 1496 1496 I notification_enqueue: [10095,5348,com.tencent.qqmusicpad,1,NULL,0,Notification(channel=channel_notification_player shortcut=null contentView=com.tencent.qqmusicpad/0x7f0c020d vibrate=null sound=null tick defaults=0x0 flags=0x62 color=0x00000000 vis=SECRET),1]
11-11 00:02:10.108 1496 5343 I MicroServiceManager: requestResult(abandonAudioFocus) parameters is{"functionInfo":{"IDCM_AudioFocus":"AudioFocus_Media"}}.
11-11 00:02:10.239 1496 1496 I GameModeConfig: isGameModeOn = false
11-11 00:02:10.600 1496 1496 I notification_enqueue: [10095,5348,com.tencent.qqmusicpad,1,NULL,0,Notification(channel=channel_notification_player shortcut=null contentView=com.tencent.qqmusicpad/0x7f0c020d vibrate=null sound=null tick defaults=0x0 flags=0x62 color=0x00000000 vis=SECRET),1]
11-11 00:02:10.710 1496 5343 I MicroServiceManager: requestResult(requestAudioFocus) parameters is{"functionInfo":{"IDCM_AudioFocus":"AudioFocus_Media"}}.
11-11 00:02:10.802 1496 1496 I GameModeConfig: isGameModeOn = false
