03-14 03:51:03.898 1496 1496 D CompatibilityChangeReporter: Compat change id reported: 135754954; UID 10056; state: DISABLED
03-14 03:51:03.899 1496 1620 I netstats_mobile_sample: [0,0,0,0,0,0,0,0,0,0,0,0,1678737063899]
03-14 03:51:03.899 1496 1620 I netstats_wifi_sample: [0,0,0,0,0,0,0,0,0,0,0,0,1678737063899]
03-14 03:51:03.900 1496 1496 I am_uid_running: 10081
03-14 03:51:03.900 1496 1496 D CompatibilityChangeReporter: Compat change id reported: 135634846; UID 10081; state: DISABLED
03-14 03:51:03.900 1496 1496 D CompatibilityChangeReporter: Compat change id reported: 177438394; UID 10081; state: DISABLED
03-14 03:51:03.900 1496 1496 D CompatibilityChangeReporter: Compat change id reported: 135772972; UID 10081; state: DISABLED
03-14 03:51:03.900 1496 1496 D CompatibilityChangeReporter: Compat change id reported: 135754954; UID 10081; state: DISABLED
03-14 03:51:03.900 1496 2092 W PackageManager: Loading a package that does not exist for the calling user. package=null, user=0
03-14 03:51:03.901 1496 2092 W PackageManager: Loading a package that does not exist for the calling user. package=null, user=0
03-14 03:51:03.901 1496 1496 I am_uid_running: 1068
03-14 03:51:03.901 1496 1496 D CompatibilityChangeReporter: Compat change id reported: 135634846; UID 1068; state: DISABLED
03-14 03:51:03.903 1496 1496 I am_uid_running: 10061
03-14 03:51:03.903 1496 1496 D CompatibilityChangeReporter: Compat change id reported: 135634846; UID 10061; state: DISABLED
03-14 03:51:03.903 1496 1496 D CompatibilityChangeReporter: Compat change id reported: 177438394; UID 10061; state: DISABLED
03-14 03:51:03.904 1496 1496 D CompatibilityChangeReporter: Compat change id reported: 135772972; UID 10061; state: DISABLED
03-14 03:51:03.904 1496 1496 D CompatibilityChangeReporter: Compat change id reported: 135754954; UID 10061; state: ENABLED
03-14 03:51:03.904 1496 1496 I SystemServerTiming: startHomeOnAllDisplays
03-14 03:51:03.905 1496 1496 I ActivityTaskManager: START u0 {act=android.intent.action.MAIN cat=[android.intent.category.HOME] flg=0x10000100 cmp=com.android.settings/.FallbackHome (has extras)} from uid 0
03-14 03:51:03.906 1496 1620 I netstats_mobile_sample: [0,0,0,0,0,0,0,0,0,0,0,0,1678737063906]
03-14 03:51:03.906 1496 1620 I netstats_wifi_sample: [0,0,0,0,0,0,0,0,0,0,0,0,1678737063906]
03-14 03:51:03.909 1496 1620 I netstats_mobile_sample: [0,0,0,0,0,0,0,0,0,0,0,0,1678737063909]
03-14 03:51:03.909 1496 1620 I netstats_wifi_sample: [0,0,0,0,0,0,0,0,0,0,0,0,1678737063909]
03-14 03:51:03.910 1496 1496 D CompatibilityChangeReporter: Compat change id reported: 174042980; UID 1000; state: DISABLED
03-14 03:51:03.911 1992 2112 I bt_config_source: 1
03-14 03:51:03.907 990 990 I auditd : type=1400 audit(0.0:240): avc: denied { read write } for comm="sensors.qti" name="diag" dev="tmpfs" ino=11936 scontext=u:r:vendor_sensors_qti:s0 tcontext=u:object_r:vendor_diag_device:s0 tclass=chr_file permissive=0
03-14 03:51:03.911 1992 2112 I bt_config_source: 3
03-14 03:51:03.912 1496 1496 I wm_task_created: [4,-1]
03-14 03:51:03.913 1496 1496 I wm_task_moved: [4,1,2147483647]
03-14 03:51:03.913 1496 1496 I wm_task_moved: [1,1,2]
03-14 03:51:03.914 1496 1496 I wm_create_task: [0,4]
03-14 03:51:03.914 1496 1496 I wm_create_activity: [0,18514794,4,com.android.settings/.FallbackHome,android.intent.action.MAIN,NULL,NULL,276824320]
03-14 03:51:03.914 1496 1496 I wm_task_moved: [1,1,2]
03-14 03:51:03.914 1496 1496 I wm_task_moved: [4,1,2147483647]
03-14 03:51:03.914 1496 1496 I wm_task_to_front: [0,4]
03-14 03:51:03.914 1496 1620 I netstats_mobile_sample: [0,0,0,0,0,0,0,0,0,0,0,0,1678737063914]
03-14 03:51:03.914 1496 1620 I netstats_wifi_sample: [0,0,0,0,0,0,0,0,0,0,0,0,1678737063914]
01-01 08:00:13.704 0 0 I binder : 2111:2111 ioctl 40046210 7fe20508a4 returned -22
03-14 03:51:03.917 1496 1620 I netstats_mobile_sample: [0,0,0,0,0,0,0,0,0,0,0,0,1678737063917]
03-14 03:51:03.917 1496 1620 I netstats_wifi_sample: [0,0,0,0,0,0,0,0,0,0,0,0,1678737063917]
03-14 03:51:03.921 1496 1715 I commit_sys_config_file: [settings-0-0,1]
03-14 03:51:03.923 1496 1620 I netstats_mobile_sample: [0,0,0,0,0,0,0,0,0,0,0,0,1678737063923]
03-14 03:51:03.923 1496 1620 I netstats_wifi_sample: [0,0,0,0,0,0,0,0,0,0,0,0,1678737063923]
03-14 03:51:03.925 1496 2130 W ContextImpl: Calling a method in the system process without a qualified user: android.app.ContextImpl.bindService:1895 android.content.ContextWrapper.bindService:810 com.qualcomm.qti.activityextension.ActivityNotifier.bindToDynamicDDSService:103 com.qualcomm.qti.activityextension.ActivityNotifier.handleSendActivityInvokeNotification:184 com.qualcomm.qti.activityextension.ActivityNotifier.access$300:26
03-14 03:51:03.925 1496 1496 D CompatibilityChangeReporter: Compat change id reported: 168419799; UID 1000; state: DISABLED
03-14 03:51:03.925 1496 1620 I netstats_mobile_sample: [0,0,0,0,0,0,0,0,0,0,0,0,1678737063925]
03-14 03:51:03.925 1496 1620 I netstats_wifi_sample: [0,0,0,0,0,0,0,0,0,0,0,0,1678737063925]
03-14 03:51:03.926 1496 1496 I ActivityTaskManager: FOREGROUND_APPLICATION_CHANGED to com.android.settings.FallbackHome
03-14 03:51:03.927 1496 1496 I SystemServerTiming: showSystemReadyErrorDialogs
03-14 03:51:03.929 1496 1620 I netstats_mobile_sample: [0,0,0,0,0,0,0,0,0,0,0,0,1678737063929]
03-14 03:51:03.929 1496 1620 I netstats_wifi_sample: [0,0,0,0,0,0,0,0,0,0,0,0,1678737063929]
03-14 03:51:03.936 1496 1620 I netstats_mobile_sample: [0,0,0,0,0,0,0,0,0,0,0,0,1678737063936]
03-14 03:51:03.936 1496 1620 I netstats_wifi_sample: [0,0,0,0,0,0,0,0,0,0,0,0,1678737063936]
03-14 03:51:03.938 1496 1620 I netstats_mobile_sample: [0,0,0,0,0,0,0,0,0,0,0,0,1678737063938]
03-14 03:51:03.938 1496 1620 I netstats_wifi_sample: [0,0,0,0,0,0,0,0,0,0,0,0,1678737063938]
03-14 03:51:03.940 1496 1620 I netstats_mobile_sample: [0,0,0,0,0,0,0,0,0,0,0,0,1678737063940]
03-14 03:51:03.940 1496 1620 I netstats_wifi_sample: [0,0,0,0,0,0,0,0,0,0,0,0,1678737063940]
03-14 03:51:03.942 1496 1620 I netstats_mobile_sample: [0,0,0,0,0,0,0,0,0,0,0,0,1678737063942]
03-14 03:51:03.942 1496 1620 I netstats_wifi_sample: [0,0,0,0,0,0,0,0,0,0,0,0,1678737063942]
03-14 03:51:03.942 1496 1620 D TelephonyRegistry: listen oscl: mHasNotifySubscriptionInfoChangedOccurred==false no callback
03-14 03:51:03.943 1496 1620 D CountryDetector: Using custom country detector class: com.android.server.location.ComprehensiveCountryDetector
03-14 03:51:03.943 1496 1620 E CountryDetector: Could not instantiate the custom country detector class
03-14 03:51:03.943 1496 1620 D CountryDetector: Using default country detector
03-14 03:51:03.949 1162 1162 W iorapd : Readahead disabled by system property
03-14 03:51:03.950 1162 1162 W iorapd : Reconnect to package manager service: 1 times
03-14 03:51:03.954 1496 1496 I SystemServerTiming: sendUserStartBroadcast
03-14 03:51:03.954 1496 1496 I SystemServerTiming: resumeTopActivities
03-14 03:51:03.955 1496 1496 I SystemServerTiming: sendUserSwitchBroadcasts
03-14 03:51:03.955 1496 1496 I uc_send_user_broadcast: [0,android.intent.action.USER_FOREGROUND]
03-14 03:51:03.955 1496 1496 I uc_send_user_broadcast: [0,android.intent.action.USER_SWITCHED]
03-14 03:51:03.955 1496 1496 I SystemServerTiming: setBinderProxies
03-14 03:51:03.955 1496 1496 I SystemServerTiming: StartSystemUI
03-14 03:51:03.956 1496 1622 W ActivityManager: Slow operation: 65ms so far, now at startProcess: done updating battery stats
03-14 03:51:03.956 1496 1622 I am_proc_start: [0,2111,1000,com.thundercomm.gamemode,added application,com.thundercomm.gamemode]
03-14 03:51:03.956 1496 1622 W ActivityManager: Slow operation: 65ms so far, now at startProcess: building log message
03-14 03:51:03.956 1496 1622 I ActivityManager: Start proc 2111:com.thundercomm.gamemode/1000 for added application com.thundercomm.gamemode
03-14 03:51:03.956 1496 1622 W ActivityManager: Slow operation: 65ms so far, now at startProcess: starting to update pids map
03-14 03:51:03.956 1496 1622 W ActivityManager: Slow operation: 65ms so far, now at startProcess: done updating pids map
03-14 03:51:03.956 1496 1622 W ActivityManager: Slow operation: 63ms so far, now at startProcess: asking zygote to start proc
03-14 03:51:03.957 1496 1547 W ActivityManager: No pending application record for pid 2061 (IApplicationThread android.app.IApplicationThread$Stub$Proxy@8bf5828); dropping process
03-14 03:51:03.957 1496 1547 I am_drop_process: 2061
03-14 03:51:03.958 1496 2092 I am_proc_bound: [0,2111,com.thundercomm.gamemode]
03-14 03:51:03.958 1496 2130 W ContextImpl: Calling a method in the system process without a qualified user: android.app.ContextImpl.bindService:1895 android.content.ContextWrapper.bindService:810 com.qualcomm.qti.activityextension.ActivityNotifier.bindToDynamicDDSService:103 com.qualcomm.qti.activityextension.ActivityNotifier.handleSendActivityInvokeNotification:184 com.qualcomm.qti.activityextension.ActivityNotifier.access$300:26
03-14 03:51:03.960 1496 1622 W ActivityManager: Slow operation: 67ms so far, now at startProcess: returned from zygote!
03-14 03:51:03.961 1496 2142 I ActivityManager: Process WebViewLoader-armeabi-v7a (pid 2057) has died: psvc PER
03-14 03:51:03.962 1496 2142 I am_proc_died: [0,2057,WebViewLoader-armeabi-v7a,-700,0]
03-14 03:51:03.962 2152 2152 D iorap.prefetcherd: Installing minijail
03-14 03:51:03.962 2152 2152 W iorap.prefetcherd: No seccomp filter defined for this architecture.
03-14 03:51:03.963 1496 2142 I am_low_memory: 5
01-01 08:00:13.747 0 0 I binder : undelivered TRANSACTION_COMPLETE
01-01 08:00:13.747 0 0 I binder : undelivered transaction 19784, process died.
03-14 03:51:03.966 1496 1496 I SystemServerTiming: startMicroService
03-14 03:51:03.966 1496 1622 W ActivityManager: Slow operation: 73ms so far, now at startProcess: done updating battery stats
03-14 03:51:03.966 1496 1622 I am_proc_start: [0,2162,1000,com.thundercomm.microservice,added application,com.thundercomm.microservice]
03-14 03:51:03.966 1496 1622 W ActivityManager: Slow operation: 73ms so far, now at startProcess: building log message
03-14 03:51:03.966 1496 1622 I ActivityManager: Start proc 2162:com.thundercomm.microservice/1000 for added application com.thundercomm.microservice
03-14 03:51:03.967 1496 1622 W ActivityManager: Slow operation: 73ms so far, now at startProcess: starting to update pids map
03-14 03:51:03.967 1496 1622 W ActivityManager: Slow operation: 73ms so far, now at startProcess: done updating pids map
03-14 03:51:03.967 1496 1622 W ActivityManager: Slow operation: 72ms so far, now at startProcess: asking zygote to start proc
03-14 03:51:03.967 1496 1614 D CompatibilityChangeReporter: Compat change id reported: 135634846; UID 1000; state: DISABLED
03-14 03:51:03.967 1496 1614 D CompatibilityChangeReporter: Compat change id reported: 177438394; UID 1000; state: DISABLED
03-14 03:51:03.967 1496 1614 D CompatibilityChangeReporter: Compat change id reported: 135772972; UID 1000; state: DISABLED
03-14 03:51:03.968 1496 1614 D CompatibilityChangeReporter: Compat change id reported: 135754954; UID 1000; state: ENABLED
03-14 03:51:03.968 1496 1907 I ActivityManager: Process WebViewLoader-arm64-v8a (pid 2058) has died: psvc PER
03-14 03:51:03.968 1496 1907 I am_proc_died: [0,2058,WebViewLoader-arm64-v8a,-700,0]
03-14 03:51:03.968 1496 1907 I am_uid_stopped: 1037
03-14 03:51:03.969 1496 1907 I am_low_memory: 4
03-14 03:51:03.971 1496 1496 I SystemServerTiming: startRemoteControlService
03-14 03:51:03.971 1496 1496 I SystemServerTiming: startTcService
03-14 03:51:03.971 1496 1496 I SystemServerTiming: startBoostPerfService
03-14 03:51:03.974 1496 1622 W ActivityManager: Slow operation: 80ms so far, now at startProcess: returned from zygote!
03-14 03:51:03.974 1496 1622 W ActivityManager: Slow operation: 80ms so far, now at startProcess: done updating battery stats
03-14 03:51:03.975 1496 1622 I am_proc_start: [0,2173,1000,com.thundercomm.microsettings,added application,com.thundercomm.microsettings]
03-14 03:51:03.975 1496 1622 W ActivityManager: Slow operation: 80ms so far, now at startProcess: building log message
03-14 03:51:03.975 1496 1622 I ActivityManager: Start proc 2173:com.thundercomm.microsettings/1000 for added application com.thundercomm.microsettings
03-14 03:51:03.975 1496 1622 W ActivityManager: Slow operation: 80ms so far, now at startProcess: starting to update pids map
03-14 03:51:03.975 1496 1622 W ActivityManager: Slow operation: 80ms so far, now at startProcess: done updating pids map
03-14 03:51:03.975 1496 1622 W ActivityManager: Slow operation: 79ms so far, now at startProcess: asking zygote to start proc
03-14 03:51:03.975 1496 1496 W Looper : Slow delivery took 1936ms main h=android.app.PropertyInvalidatedCache$AutoCorker$1 c=null m=0
03-14 03:51:03.976 1496 2130 W ContextImpl: Calling a method in the system process without a qualified user: android.app.ContextImpl.bindService:1895 android.content.ContextWrapper.bindService:810 com.qualcomm.qti.activityextension.ActivityNotifier.bindToDynamicDDSService:103 com.qualcomm.qti.activityextension.ActivityNotifier.handleSendActivityInvokeNotification:184 com.qualcomm.qti.activityextension.ActivityNotifier.access$300:26
03-14 03:51:03.979 1496 1496 D ConditionProviders.SCP: onConnected
03-14 03:51:03.979 1496 1622 W ActivityManager: Slow operation: 83ms so far, now at startProcess: returned from zygote!
03-14 03:51:03.979 1496 1622 W ActivityManager: Slow operation: 83ms so far, now at startProcess: done updating battery stats
03-14 03:51:03.979 1496 1622 I am_proc_start: [0,2175,1001,.dataservices,added application,.dataservices]
03-14 03:51:03.979 1496 1622 W ActivityManager: Slow operation: 83ms so far, now at startProcess: building log message
03-14 03:51:03.979 1496 1622 I ActivityManager: Start proc 2175:.dataservices/1001 for added application .dataservices
03-14 03:51:03.979 1496 1622 W ActivityManager: Slow operation: 83ms so far, now at startProcess: starting to update pids map
03-14 03:51:03.979 1496 1622 W ActivityManager: Slow operation: 84ms so far, now at startProcess: done updating pids map
03-14 03:51:03.979 1496 1622 W ActivityManager: Slow operation: 83ms so far, now at startProcess: asking zygote to start proc
03-14 03:51:03.979 1496 1622 D CompatibilityChangeReporter: Compat change id reported: 143937733; UID 10056; state: DISABLED
03-14 03:51:03.979 1496 1496 I GameModeConfig: isGameModeOn = false
03-14 03:51:03.980 1496 1496 D ConditionProviders: Subscribing to condition://android/event?userId=-10000&calendar=&reply=1 with ComponentInfo{android/com.android.server.notification.EventConditionProvider}
03-14 03:51:03.980 1496 1496 D ConditionProviders: Subscribing to condition://android/schedule?days=1.2.3.4.5.6.7&start=22.0&end=7.0&exitAtAlarm=true with ComponentInfo{android/com.android.server.notification.ScheduleConditionProvider}
03-14 03:51:03.980 1496 1496 I notification_cancel_all: [1000,1496,android,0,0,0,20,NULL]
03-14 03:51:03.981 1496 1496 I am_uid_running: 10092
03-14 03:51:03.982 1496 1496 D CompatibilityChangeReporter: Compat change id reported: 135634846; UID 10092; state: DISABLED
03-14 03:51:03.982 1496 1496 D CompatibilityChangeReporter: Compat change id reported: 177438394; UID 10092; state: DISABLED
03-14 03:51:03.982 1496 1496 D CompatibilityChangeReporter: Compat change id reported: 135772972; UID 10092; state: DISABLED
03-14 03:51:03.982 1496 1496 D CompatibilityChangeReporter: Compat change id reported: 135754954; UID 10092; state: ENABLED
03-14 03:51:03.984 1496 2012 I am_proc_bound: [0,2162,com.thundercomm.microservice]
01-01 08:00:13.765 0 0 I binder : 2162:2162 ioctl 40046210 7fe20508a4 returned -22
03-14 03:51:03.984 1496 2012 D CompatibilityChangeReporter: Compat change id reported: 168419799; UID 1000; state: DISABLED
03-14 03:51:03.985 1496 1496 I GameModeConfig: isGameModeOn = false
03-14 03:51:03.986 1496 2012 D CompatibilityChangeReporter: Compat change id reported: 181136395; UID 1000; state: DISABLED
03-14 03:51:03.988 1496 1622 W ActivityManager: Slow operation: 91ms so far, now at startProcess: returned from zygote!
01-01 08:00:13.776 0 0 I binder : 2175:2175 ioctl 40046210 7fe20508a4 returned -22
01-01 08:00:13.777 0 0 I binder : 2173:2173 ioctl 40046210 7fe20508a4 returned -22
03-14 03:51:03.998 1496 2012 D CompatibilityChangeReporter: Compat change id reported: 174042936; UID 1000; state: DISABLED
03-14 03:51:03.999 1496 1622 W ActivityManager: Slow operation: 103ms so far, now at startProcess: done updating battery stats
03-14 03:51:04.000 1496 1622 I am_proc_start: [0,2192,10056,.qtidataservices,added application,.qtidataservices]
03-14 03:51:04.000 1496 1622 W ActivityManager: Slow operation: 103ms so far, now at startProcess: building log message
03-14 03:51:04.000 1496 1622 I ActivityManager: Start proc 2192:.qtidataservices/u0a56 for added application .qtidataservices
03-14 03:51:04.000 1496 1622 W ActivityManager: Slow operation: 103ms so far, now at startProcess: starting to update pids map
03-14 03:51:04.000 1496 1622 W ActivityManager: Slow operation: 103ms so far, now at startProcess: done updating pids map
03-14 03:51:04.000 1496 1622 W ActivityManager: Slow operation: 102ms so far, now at startProcess: asking zygote to start proc
01-01 08:00:13.784 0 0 I binder : 2192:2192 ioctl 40046210 7fe20508a4 returned -22
03-14 03:51:04.000 1496 1907 I am_proc_bound: [0,2175,.dataservices]
03-14 03:51:04.001 1496 1907 D CompatibilityChangeReporter: Compat change id reported: 168419799; UID 1001; state: DISABLED
03-14 03:51:04.003 1496 1907 I am_uid_active: 1001
03-14 03:51:04.005 1496 1907 D CompatibilityChangeReporter: Compat change id reported: 168419799; UID 1001; state: DISABLED
03-14 03:51:04.006 1496 1622 W ActivityManager: Slow operation: 109ms so far, now at startProcess: returned from zygote!
03-14 03:51:04.006 1496 1622 W ActivityManager: Slow operation: 109ms so far, now at startProcess: done updating battery stats
03-14 03:51:04.006 1496 1622 I am_proc_start: [0,2235,1000,com.thundercomm.tchttpserver,added application,com.thundercomm.tchttpserver]
03-14 03:51:04.006 1496 1622 W ActivityManager: Slow operation: 109ms so far, now at startProcess: building log message
03-14 03:51:04.006 1496 1622 I ActivityManager: Start proc 2235:com.thundercomm.tchttpserver/1000 for added application com.thundercomm.tchttpserver
03-14 03:51:04.006 1496 1622 W ActivityManager: Slow operation: 109ms so far, now at startProcess: starting to update pids map
03-14 03:51:04.007 1496 1622 W ActivityManager: Slow operation: 109ms so far, now at startProcess: done updating pids map
03-14 03:51:04.007 1496 1622 W ActivityManager: Slow operation: 108ms so far, now at startProcess: asking zygote to start proc
03-14 03:51:04.008 1496 2092 I am_proc_bound: [0,2173,com.thundercomm.microsettings]
03-14 03:51:04.009 1496 2092 D CompatibilityChangeReporter: Compat change id reported: 168419799; UID 1000; state: DISABLED
03-14 03:51:04.011 1496 2092 I am_proc_bound: [0,2192,.qtidataservices]
03-14 03:51:04.011 1496 2092 D CompatibilityChangeReporter: Compat change id reported: 168419799; UID 10056; state: DISABLED
03-14 03:51:04.012 1496 2041 I wm_task_created: [5,-1]
01-01 08:00:13.796 0 0 I binder : 1992:1992 ioctl 40046210 7fe204ff14 returned -22
03-14 03:51:04.013 1496 2092 I am_uid_active: 10056
03-14 03:51:04.014 1496 1622 W ActivityManager: Slow operation: 116ms so far, now at startProcess: returned from zygote!
03-14 03:51:04.015 1496 1622 W ActivityManager: Slow operation: 116ms so far, now at startProcess: done updating battery stats
03-14 03:51:04.015 1496 1622 I am_proc_start: [0,2240,1000,com.tc.logclient,added application,com.tc.logclient]
03-14 03:51:04.015 1496 1622 W ActivityManager: Slow operation: 116ms so far, now at startProcess: building log message
03-14 03:51:04.015 1496 1622 I ActivityManager: Start proc 2240:com.tc.logclient/1000 for added application com.tc.logclient
03-14 03:51:04.015 1496 1622 W ActivityManager: Slow operation: 116ms so far, now at startProcess: starting to update pids map
03-14 03:51:04.015 1496 1622 W ActivityManager: Slow operation: 116ms so far, now at startProcess: done updating pids map
03-14 03:51:04.015 1496 1622 W ActivityManager: Slow operation: 116ms so far, now at startProcess: asking zygote to start proc
03-14 03:51:04.022 1496 2041 I wm_task_created: [6,-1]
03-14 03:51:04.023 1496 1622 W ActivityManager: Slow operation: 124ms so far, now at startProcess: returned from zygote!
03-14 03:51:04.023 1496 2041 I wm_task_created: [7,-1]
03-14 03:51:04.023 1496 1622 W ActivityManager: Slow operation: 125ms so far, now at startProcess: done updating battery stats
03-14 03:51:04.023 1496 1622 I am_proc_start: [0,2247,1073,com.android.networkstack.process,added application,com.android.networkstack.process]
03-14 03:51:04.023 1496 1622 W ActivityManager: Slow operation: 125ms so far, now at startProcess: building log message
03-14 03:51:04.023 1496 1622 I ActivityManager: Start proc 2247:com.android.networkstack.process/1073 for added application com.android.networkstack.process
03-14 03:51:04.023 1496 1622 W ActivityManager: Slow operation: 125ms so far, now at startProcess: starting to update pids map
03-14 03:51:04.025 1496 1622 W ActivityManager: Slow operation: 126ms so far, now at startProcess: done updating pids map
03-14 03:51:04.025 1496 1622 W ActivityManager: Slow operation: 126ms so far, now at startProcess: asking zygote to start proc
03-14 03:51:04.028 1496 2041 I am_uid_running: 10062
03-14 03:51:04.028 1496 2041 D CompatibilityChangeReporter: Compat change id reported: 135634846; UID 10062; state: DISABLED
03-14 03:51:04.028 1496 2041 D CompatibilityChangeReporter: Compat change id reported: 177438394; UID 10062; state: DISABLED
03-14 03:51:04.028 1496 2041 D CompatibilityChangeReporter: Compat change id reported: 135772972; UID 10062; state: DISABLED
03-14 03:51:04.028 1496 2041 D CompatibilityChangeReporter: Compat change id reported: 135754954; UID 10062; state: ENABLED
03-14 03:51:04.030 1496 1622 W ActivityManager: Slow operation: 131ms so far, now at startProcess: returned from zygote!
03-14 03:51:04.030 1496 1622 W ActivityManager: Slow operation: 131ms so far, now at startProcess: done updating battery stats
03-14 03:51:04.030 1496 1622 I am_proc_start: [0,2248,1000,com.thundercomm.tcsetupwizard,added application,com.thundercomm.tcsetupwizard]
03-14 03:51:04.030 1496 1622 W ActivityManager: Slow operation: 131ms so far, now at startProcess: building log message
03-14 03:51:04.030 1496 1622 I ActivityManager: Start proc 2248:com.thundercomm.tcsetupwizard/1000 for added application com.thundercomm.tcsetupwizard
03-14 03:51:04.030 1496 1622 W ActivityManager: Slow operation: 131ms so far, now at startProcess: starting to update pids map
03-14 03:51:04.030 1496 1622 W ActivityManager: Slow operation: 131ms so far, now at startProcess: done updating pids map
03-14 03:51:04.030 1496 1622 W ActivityManager: Slow operation: 130ms so far, now at startProcess: asking zygote to start proc
03-14 03:51:04.035 1496 1622 W ActivityManager: Slow operation: 136ms so far, now at startProcess: returned from zygote!
03-14 03:51:04.035 1496 1622 W ActivityManager: Slow operation: 136ms so far, now at startProcess: done updating battery stats
03-14 03:51:04.035 1496 1622 I am_proc_start: [0,2250,1000,vendor.qti.qesdk.sysservice,added application,vendor.qti.qesdk.sysservice]
03-14 03:51:04.035 1496 1622 W ActivityManager: Slow operation: 136ms so far, now at startProcess: building log message
03-14 03:51:04.035 1496 1622 I ActivityManager: Start proc 2250:vendor.qti.qesdk.sysservice/1000 for added application vendor.qti.qesdk.sysservice
03-14 03:51:04.035 1496 1622 W ActivityManager: Slow operation: 136ms so far, now at startProcess: starting to update pids map
03-14 03:51:04.035 1496 1622 W ActivityManager: Slow operation: 136ms so far, now at startProcess: done updating pids map
03-14 03:51:04.036 1496 1622 W ActivityManager: Slow operation: 136ms so far, now at startProcess: asking zygote to start proc
03-14 03:51:04.036 1496 1622 D CompatibilityChangeReporter: Compat change id reported: 143937733; UID 10081; state: DISABLED
01-01 08:00:13.826 0 0 I binder : 2235:2235 ioctl 40046210 7fe20508a4 returned -22
01-01 08:00:13.828 0 0 I binder : 2240:2240 ioctl 40046210 7fe20508a4 returned -22
01-01 08:00:13.829 0 0 I binder : 2247:2247 ioctl 40046210 7fe20508a4 returned -22
03-14 03:51:04.048 1496 2092 I am_proc_bound: [0,2247,com.android.networkstack.process]
03-14 03:51:04.050 1496 2092 D CompatibilityChangeReporter: Compat change id reported: 168419799; UID 1073; state: DISABLED
03-14 03:51:04.051 1496 2092 I am_uid_active: 1073
03-14 03:51:04.052 1496 2092 D CompatibilityChangeReporter: Compat change id reported: 168419799; UID 1073; state: DISABLED
01-01 08:00:13.834 0 0 I binder : 2248:2248 ioctl 40046210 7fe20508a4 returned -22
03-14 03:51:04.053 1496 2012 I am_proc_bound: [0,2240,com.tc.logclient]
03-14 03:51:04.054 1496 2012 D CompatibilityChangeReporter: Compat change id reported: 168419799; UID 1000; state: DISABLED
03-14 03:51:04.055 1496 2092 I am_proc_bound: [0,2235,com.thundercomm.tchttpserver]
03-14 03:51:04.056 1496 2041 D CompatibilityChangeReporter: Compat change id reported: 171306433; UID 1000; state: ENABLED
03-14 03:51:04.056 1496 2092 D CompatibilityChangeReporter: Compat change id reported: 168419799; UID 1000; state: DISABLED
03-14 03:51:04.059 1496 2012 I am_proc_bound: [0,2248,com.thundercomm.tcsetupwizard]
03-14 03:51:04.060 1496 2012 D CompatibilityChangeReporter: Compat change id reported: 168419799; UID 1000; state: DISABLED
03-14 03:51:04.061 1496 1622 W ActivityManager: Slow operation: 162ms so far, now at startProcess: returned from zygote!
03-14 03:51:04.061 1496 1622 W ActivityManager: Slow operation: 162ms so far, now at startProcess: done updating battery stats
03-14 03:51:04.061 1496 1622 I am_proc_start: [0,2309,10081,com.qti.qualcomm.mstatssystemservice,added application,com.qti.qualcomm.mstatssystemservice]
03-14 03:51:04.061 1496 1622 W ActivityManager: Slow operation: 162ms so far, now at startProcess: building log message
03-14 03:51:04.061 1496 1622 I ActivityManager: Start proc 2309:com.qti.qualcomm.mstatssystemservice/u0a81 for added application com.qti.qualcomm.mstatssystemservice
03-14 03:51:04.061 1496 1622 W ActivityManager: Slow operation: 162ms so far, now at startProcess: starting to update pids map
03-14 03:51:04.062 1496 1496 I PackageWatchdog: Syncing health check requests for packages: {}
03-14 03:51:04.062 1496 1496 I ExplicitHealthCheckController: Service not ready to get health check supported packages. Binding...
03-14 03:51:04.065 1496 1622 W ActivityManager: Slow operation: 166ms so far, now at startProcess: done updating pids map
03-14 03:51:04.066 1496 1622 W ActivityManager: Slow operation: 165ms so far, now at startProcess: asking zygote to start proc
03-14 03:51:04.068 1496 1496 I ExplicitHealthCheckController: Explicit health check service is bound
01-01 08:00:13.853 0 0 I binder : 2250:2250 ioctl 40046210 7fe20508a4 returned -22
03-14 03:51:04.072 1496 1622 W ActivityManager: Slow operation: 171ms so far, now at startProcess: returned from zygote!
03-14 03:51:04.072 1496 1622 W ActivityManager: Slow operation: 172ms so far, now at startProcess: done updating battery stats
03-14 03:51:04.072 1496 1622 I am_proc_start: [0,2327,1068,com.android.se,added application,com.android.se]
03-14 03:51:04.072 1496 1622 W ActivityManager: Slow operation: 172ms so far, now at startProcess: building log message
03-14 03:51:04.072 1496 1622 I ActivityManager: Start proc 2327:com.android.se/1068 for added application com.android.se
03-14 03:51:04.072 1496 1622 W ActivityManager: Slow operation: 172ms so far, now at startProcess: starting to update pids map
03-14 03:51:04.072 1496 1622 W ActivityManager: Slow operation: 172ms so far, now at startProcess: done updating pids map
03-14 03:51:04.072 1496 1622 W ActivityManager: Slow operation: 170ms so far, now at startProcess: asking zygote to start proc
01-01 08:00:13.865 0 0 I binder : 2175:2330 ioctl 40046210 6d6fe119e4 returned -22
03-14 03:51:04.078 1496 1622 W ActivityManager: Slow operation: 175ms so far, now at startProcess: returned from zygote!
03-14 03:51:04.078 1496 1622 W ActivityManager: Slow operation: 176ms so far, now at startProcess: done updating battery stats
03-14 03:51:04.078 1496 1622 I am_proc_start: [0,2329,1000,com.thundercomm.remotecontrolservice,added application,com.thundercomm.remotecontrolservice]
03-14 03:51:04.078 1496 1622 W ActivityManager: Slow operation: 176ms so far, now at startProcess: building log message
03-14 03:51:04.078 1496 1622 I ActivityManager: Start proc 2329:com.thundercomm.remotecontrolservice/1000 for added application com.thundercomm.remotecontrolservice
03-14 03:51:04.078 1496 1622 W ActivityManager: Slow operation: 176ms so far, now at startProcess: starting to update pids map
03-14 03:51:04.079 1496 1622 W ActivityManager: Slow operation: 176ms so far, now at startProcess: done updating pids map
03-14 03:51:04.079 1496 1622 W ActivityManager: Slow operation: 176ms so far, now at startProcess: asking zygote to start proc
03-14 03:51:04.094 1496 2012 I am_proc_bound: [0,2250,vendor.qti.qesdk.sysservice]
01-01 08:00:13.876 0 0 I binder : 2309:2309 ioctl 40046210 7fe20508a4 returned -22
03-14 03:51:04.095 1496 2012 D CompatibilityChangeReporter: Compat change id reported: 168419799; UID 1000; state: DISABLED
03-14 03:51:04.098 2011 2011 W OneHandedController: Device doesn't support OneHanded feature
03-14 03:51:04.099 1496 1622 W ActivityManager: Slow operation: 196ms so far, now at startProcess: returned from zygote!
03-14 03:51:04.099 1496 1622 W ActivityManager: Slow operation: 196ms so far, now at startProcess: done updating battery stats
03-14 03:51:04.099 1496 1622 I am_proc_start: [0,2357,1000,com.thundercomm.tcservice,added application,com.thundercomm.tcservice]
03-14 03:51:04.099 1496 1622 W ActivityManager: Slow operation: 196ms so far, now at startProcess: building log message
03-14 03:51:04.099 1496 1622 I ActivityManager: Start proc 2357:com.thundercomm.tcservice/1000 for added application com.thundercomm.tcservice
03-14 03:51:04.099 1496 1622 W ActivityManager: Slow operation: 196ms so far, now at startProcess: starting to update pids map
03-14 03:51:04.099 1496 1622 W ActivityManager: Slow operation: 196ms so far, now at startProcess: done updating pids map
03-14 03:51:04.099 1496 1622 W ActivityManager: Slow operation: 196ms so far, now at startProcess: asking zygote to start proc
03-14 03:51:04.099 1496 1622 D CompatibilityChangeReporter: Compat change id reported: 143937733; UID 10061; state: ENABLED
03-14 03:51:04.100 1496 2142 I am_proc_bound: [0,2309,com.qti.qualcomm.mstatssystemservice]
03-14 03:51:04.101 1496 2142 D CompatibilityChangeReporter: Compat change id reported: 168419799; UID 10081; state: DISABLED
03-14 03:51:04.103 1496 2142 I am_uid_active: 10081
03-14 03:51:04.105 1496 1622 W ActivityManager: Slow operation: 202ms so far, now at startProcess: returned from zygote!
03-14 03:51:04.106 1496 1622 W ActivityManager: Slow operation: 202ms so far, now at startProcess: done updating battery stats
03-14 03:51:04.106 1496 1622 I am_proc_start: [0,2375,10061,com.qualcomm.qti.devicestatisticsservice,added application,com.qualcomm.qti.devicestatisticsservice]
03-14 03:51:04.106 1496 1622 W ActivityManager: Slow operation: 202ms so far, now at startProcess: building log message
03-14 03:51:04.106 1496 1622 I ActivityManager: Start proc 2375:com.qualcomm.qti.devicestatisticsservice/u0a61 for added application com.qualcomm.qti.devicestatisticsservice
03-14 03:51:04.106 1496 1622 W ActivityManager: Slow operation: 202ms so far, now at startProcess: starting to update pids map
03-14 03:51:04.106 1496 1622 W ActivityManager: Slow operation: 202ms so far, now at startProcess: done updating pids map
03-14 03:51:04.106 1496 1622 W ActivityManager: Slow operation: 202ms so far, now at startProcess: asking zygote to start proc
01-01 08:00:13.890 0 0 I binder : 2329:2329 ioctl 40046210 7fe20508a4 returned -22
01-01 08:00:13.893 0 0 I binder : 2327:2327 ioctl 40046210 7fe20508a4 returned -22
03-14 03:51:04.110 1496 2092 I am_proc_bound: [0,2329,com.thundercomm.remotecontrolservice]
03-14 03:51:04.107 990 990 I auditd : type=1400 audit(0.0:241): avc: denied { read write } for comm="sensors.qti" name="diag" dev="tmpfs" ino=11936 scontext=u:r:vendor_sensors_qti:s0 tcontext=u:object_r:vendor_diag_device:s0 tclass=chr_file permissive=0
03-14 03:51:04.111 1496 2092 D CompatibilityChangeReporter: Compat change id reported: 168419799; UID 1000; state: DISABLED
03-14 03:51:04.111 1496 1622 W ActivityManager: Slow operation: 208ms so far, now at startProcess: returned from zygote!
03-14 03:51:04.115 1496 1622 W ActivityManager: Slow operation: 211ms so far, now at startProcess: done updating battery stats
03-14 03:51:04.115 1496 1622 I am_proc_start: [0,2387,1000,com.qualcomm.qti.qdma,added application,com.qualcomm.qti.qdma]
03-14 03:51:04.115 1496 1622 W ActivityManager: Slow operation: 211ms so far, now at startProcess: building log message
03-14 03:51:04.115 1496 1622 I ActivityManager: Start proc 2387:com.qualcomm.qti.qdma/1000 for added application com.qualcomm.qti.qdma
03-14 03:51:04.115 1496 1622 W ActivityManager: Slow operation: 211ms so far, now at startProcess: starting to update pids map
03-14 03:51:04.115 1496 1622 W ActivityManager: Slow operation: 211ms so far, now at startProcess: done updating pids map
03-14 03:51:04.115 1496 1622 W ActivityManager: Slow operation: 148ms so far, now at startProcess: asking zygote to start proc
03-14 03:51:04.115 1496 2041 I am_proc_bound: [0,2327,com.android.se]
03-14 03:51:04.117 1496 2041 D CompatibilityChangeReporter: Compat change id reported: 168419799; UID 1068; state: DISABLED
03-14 03:51:04.117 2173 2173 W ContextImpl: Calling a method in the system process without a qualified user: android.app.ContextImpl.startService:1816 android.content.ContextWrapper.startService:774 com.thundercomm.microsettings.service.SettingsApplication.onCreate:30 android.app.Instrumentation.callApplicationOnCreate:1212 android.app.ActivityThread.handleBindApplication:6744
03-14 03:51:04.117 1496 2041 I am_uid_active: 1068
03-14 03:51:04.118 1496 2142 W ActivityManager: Unable to start service Intent { act=com.thundercomm.microsettings.SETTING_SERVICE pkg=com.thundercomm.microsettings } U=0: not found
03-14 03:51:04.118 2173 2173 W ContextImpl: Calling a method in the system process without a qualified user: android.app.ContextImpl.startService:1816 android.content.ContextWrapper.startService:774 com.thundercomm.microsettings.service.SettingsApplication.onCreate:36 android.app.Instrumentation.callApplicationOnCreate:1212 android.app.ActivityThread.handleBindApplication:6744
03-14 03:51:04.119 1496 2041 W ActivityManager: Unable to start service Intent { act=com.thundercomm.microsettings.EOL_SERVICE pkg=com.thundercomm.microsettings } U=0: not found
01-01 08:00:13.907 0 0 I binder : 2375:2375 ioctl 40046210 7fe20508a4 returned -22
03-14 03:51:04.122 2173 2173 D MicroServiceManager: add linkToDeath
03-14 03:51:04.122 2173 2173 D MicroServiceManager: bindMicroService: called already get service
03-14 03:51:04.123 2173 2173 I MicroServiceManager: addCommonCallbackListener add listener
03-14 03:51:04.123 2173 2173 I MicroServiceManager: addConnectChangedListener add listener
03-14 03:51:04.125 1496 1622 W ActivityManager: Slow operation: 159ms so far, now at startProcess: returned from zygote!
03-14 03:51:04.125 1496 1622 W ActivityManager: Slow operation: 159ms so far, now at startProcess: done updating battery stats
03-14 03:51:04.125 1496 1622 I am_proc_start: [0,2405,1000,com.android.settings,top-activity,{com.android.settings/com.android.settings.FallbackHome}]
03-14 03:51:04.125 1496 1622 W ActivityManager: Slow operation: 159ms so far, now at startProcess: building log message
03-14 03:51:04.125 1496 1622 I ActivityManager: Start proc 2405:com.android.settings/1000 for top-activity {com.android.settings/com.android.settings.FallbackHome}
03-14 03:51:04.125 1496 1622 W ActivityManager: Slow operation: 159ms so far, now at startProcess: starting to update pids map
03-14 03:51:04.125 1496 1622 W ActivityManager: Slow operation: 159ms so far, now at startProcess: done updating pids map
03-14 03:51:04.125 1496 1622 W ActivityManager: Slow operation: 144ms so far, now at startProcess: asking zygote to start proc
03-14 03:51:04.125 1496 1622 D CompatibilityChangeReporter: Compat change id reported: 143937733; UID 10092; state: ENABLED
03-14 03:51:04.126 1496 1496 D AccessibilityManagerService: Ignoring non-encryption-aware service ComponentInfo{com.tencent.android.qqdownloader/com.tencent.nucleus.manager.accessibility.YYBAccessibilityService}
03-14 03:51:04.127 1496 1496 I SystemServerTiming: ManagedServices.unbindOtherUserServices_current0
03-14 03:51:04.127 1496 1496 I SystemServerTiming: ManagedServices.unbindOtherUserServices_current0
03-14 03:51:04.128 1496 1496 I SystemServerTiming: ManagedServices.unbindOtherUserServices_current0
03-14 03:51:04.128 1496 1496 V NotificationAssistants: enabling notification assistant for 0: ComponentInfo{android.ext.services/android.ext.services.notification.Assistant}
03-14 03:51:04.128 1496 1496 V NotificationAssistants: binding: Intent { act=android.service.notification.NotificationAssistantService cmp=android.ext.services/.notification.Assistant (has extras) }
03-14 03:51:04.132 1496 2092 I am_proc_bound: [0,2375,com.qualcomm.qti.devicestatisticsservice]
01-01 08:00:13.916 0 0 I binder : 2357:2357 ioctl 40046210 7fe20508a4 returned -22
03-14 03:51:04.134 1496 2092 D CompatibilityChangeReporter: Compat change id reported: 168419799; UID 10061; state: DISABLED
03-14 03:51:04.135 1496 2092 I am_uid_active: 10061
03-14 03:51:04.141 1496 2041 I am_proc_bound: [0,2357,com.thundercomm.tcservice]
03-14 03:51:04.142 1496 2041 D CompatibilityChangeReporter: Compat change id reported: 168419799; UID 1000; state: DISABLED
03-14 03:51:04.142 1496 1622 W ActivityManager: Slow operation: 160ms so far, now at startProcess: returned from zygote!
01-01 08:00:13.926 0 0 I binder : 2415:2415 ioctl 40046210 7fe20508a4 returned -22
03-14 03:51:04.147 1496 1622 W ActivityManager: Slow operation: 165ms so far, now at startProcess: done updating battery stats
03-14 03:51:04.147 1496 1622 I am_proc_start: [0,2415,10092,android.ext.services,service,{android.ext.services/android.ext.services.autofill.InlineSuggestionRenderServiceImpl}]
03-14 03:51:04.147 1496 1622 W ActivityManager: Slow operation: 165ms so far, now at startProcess: building log message
03-14 03:51:04.147 1496 1622 I ActivityManager: Start proc 2415:android.ext.services/u0a92 for service {android.ext.services/android.ext.services.autofill.InlineSuggestionRenderServiceImpl}
03-14 03:51:04.147 1496 1622 W ActivityManager: Slow operation: 165ms so far, now at startProcess: starting to update pids map
03-14 03:51:04.147 1496 1622 W ActivityManager: Slow operation: 165ms so far, now at startProcess: done updating pids map
03-14 03:51:04.147 1496 1622 W ActivityManager: Slow operation: 118ms so far, now at startProcess: asking zygote to start proc
03-14 03:51:04.147 1496 1622 D CompatibilityChangeReporter: Compat change id reported: 143937733; UID 10062; state: ENABLED
03-14 03:51:04.148 1496 2092 I am_proc_bound: [0,2415,android.ext.services]
01-01 08:00:13.935 0 0 I binder : 2405:2405 ioctl 40046210 7fe20508a4 returned -22
01-01 08:00:13.935 0 0 I binder : 2387:2387 ioctl 40046210 7fe20508a4 returned -22
03-14 03:51:04.151 1496 2092 D CompatibilityChangeReporter: Compat change id reported: 168419799; UID 10092; state: DISABLED
03-14 03:51:04.152 1496 2092 I am_uid_active: 10092
03-14 03:51:04.156 1496 1622 W ActivityManager: Slow operation: 128ms so far, now at startProcess: returned from zygote!
03-14 03:51:04.164 1496 1622 W ActivityManager: Slow operation: 135ms so far, now at startProcess: done updating battery stats
03-14 03:51:04.164 1496 1622 I am_proc_start: [0,2469,10062,com.thundercomm.gamemode.provider,content provider,{com.thundercomm.gamemode.provider/com.thundercomm.gamemode.provider.SettingsProvider}]
03-14 03:51:04.164 1496 1622 W ActivityManager: Slow operation: 135ms so far, now at startProcess: building log message
03-14 03:51:04.164 1496 1622 I ActivityManager: Start proc 2469:com.thundercomm.gamemode.provider/u0a62 for content provider {com.thundercomm.gamemode.provider/com.thundercomm.gamemode.provider.SettingsProvider}
03-14 03:51:04.164 1496 1622 W ActivityManager: Slow operation: 135ms so far, now at startProcess: starting to update pids map
03-14 03:51:04.164 1496 1622 W ActivityManager: Slow operation: 135ms so far, now at startProcess: done updating pids map
03-14 03:51:04.166 1496 2092 I am_proc_bound: [0,2405,com.android.settings]
03-14 03:51:04.167 1496 2092 D CompatibilityChangeReporter: Compat change id reported: 168419799; UID 1000; state: DISABLED
03-14 03:51:04.170 1496 2092 I wm_restart_activity: [0,18514794,4,com.android.settings/.FallbackHome]
03-14 03:51:04.173 1496 2092 I wm_set_resumed_activity: [0,com.android.settings/.FallbackHome,minimalResumeActivityLocked]
03-14 03:51:04.175 1496 2141 I am_proc_bound: [0,2387,com.qualcomm.qti.qdma]
03-14 03:51:04.177 1496 2141 D CompatibilityChangeReporter: Compat change id reported: 168419799; UID 1000; state: DISABLED
01-01 08:00:13.963 0 0 I binder : 2327:2327 ioctl 40046210 7fe204f854 returned -22
03-14 03:51:04.185 1496 2041 I am_proc_bound: [0,2469,com.thundercomm.gamemode.provider]
01-01 08:00:13.966 0 0 I binder : 2469:2469 ioctl 40046210 7fe20508a4 returned -22
03-14 03:51:04.186 1496 2041 D CompatibilityChangeReporter: Compat change id reported: 168419799; UID 10062; state: DISABLED
03-14 03:51:04.189 1496 2041 I am_uid_active: 10062
01-01 08:00:13.977 0 0 I binder : 2357:2357 ioctl 40046210 7fe204f414 returned -22
03-14 03:51:04.197 1496 1715 I commit_sys_config_file: [settings-0-0,18]
03-14 03:51:04.201 2357 2357 W ContextImpl: Calling a method in the system process without a qualified user: android.app.ContextImpl.startService:1816 android.content.ContextWrapper.startService:774 com.thundercomm.tcservice.TCService.init:46 com.thundercomm.tcservice.TCService.onCreate:33 android.app.ActivityThread.handleCreateService:4488
03-14 03:51:04.202 1496 2092 D CompatibilityChangeReporter: Compat change id reported: 182478738; UID 1073; state: DISABLED
03-14 03:51:04.204 1496 2092 D TelephonyRegistry: listen oscl: mHasNotifySubscriptionInfoChangedOccurred==false no callback
03-14 03:51:04.215 1496 1907 D CompatibilityChangeReporter: Compat change id reported: 157233955; UID 10078; state: ENABLED
03-14 03:51:04.228 1496 1496 D BluetoothManagerService: Bluetooth Adapter name changed to 高合娱乐副屏 by android
03-14 03:51:04.228 1496 1496 D BluetoothManagerService: Stored Bluetooth name: 高合娱乐副屏
03-14 03:51:04.228 1496 1496 D ConditionProviders.SCP: onSubscribe condition://android/schedule?days=1.2.3.4.5.6.7&start=22.0&end=7.0&exitAtAlarm=true
03-14 03:51:04.229 1496 1496 D ConditionProviders.SCP: setRegistered true
03-14 03:51:04.230 1496 1611 D UsbDeviceManager: push notification:正在通过 USB 为此设备充电
03-14 03:51:04.231 1496 1496 D ConditionProviders.SCP: evaluateSubscriptionLocked cal=ScheduleCalendar[mDays={1, 2, 3, 4, 5, 6, 7}, mSchedule=ScheduleInfo{days=[1, 2, 3, 4, 5, 6, 7], startHour=22, startMinute=0, endHour=7, endMinute=0, exitAtAlarm=true, nextAlarm=Thu Jan 01 08:00:00 GMT+08:00 1970 (0)}], now=Tue Mar 14 03:51:04 GMT+08:00 2023 (1678737064229), nextUserAlarmTime=Thu Jan 01 08:00:00 GMT+08:00 1970 (0)
03-14 03:51:04.231 1496 1496 D ConditionProviders.SCP: notifyCondition condition://android/schedule?days=1.2.3.4.5.6.7&start=22.0&end=7.0&exitAtAlarm=true STATE_TRUE reason=meetsSchedule
03-14 03:51:04.232 1496 1496 D ConditionProviders.SCP: Scheduling evaluate for Tue Mar 14 07:00:00 GMT+08:00 2023 (1678748400000), in +3h8m55s771ms, now=Tue Mar 14 03:51:04 GMT+08:00 2023 (1678737064229)
03-14 03:51:04.233 1496 1496 D BluetoothManagerService: BluetoothServiceConnection: com.android.bluetooth.btservice.AdapterService
03-14 03:51:04.233 1496 1613 D BluetoothManagerService: MESSAGE_BLUETOOTH_SERVICE_CONNECTED: 1
03-14 03:51:04.234 1496 1887 W ActivityThread: Failed to find provider info for com.android.calendar (user not unlocked)
03-14 03:51:04.235 1496 1887 W ActivityThread: Failed to find provider info for com.android.calendar (user not unlocked)
03-14 03:51:04.235 1496 1613 D BluetoothManagerService: MESSAGE_INFORM_ADAPTER_SERVICE_UP
03-14 03:51:04.235 1496 1613 D BluetoothManagerService: Broadcasting onBluetoothServiceUp() to 3 receivers.
03-14 03:51:04.239 1496 1613 D BluetoothManagerService: MESSAGE_BLUETOOTH_STATE_CHANGE: OFF > BLE_TURNING_ON
03-14 03:51:04.239 1496 1613 D BluetoothManagerService: Sending BLE State Change: OFF > BLE_TURNING_ON
03-14 03:51:04.239 1496 1496 W BluetoothManagerService: bindBluetoothProfileService:Trying to bind to profile: 1, while Bluetooth is disabled
03-14 03:51:04.241 1496 1496 I Telecom : SystemStateHelper: Registering broadcast receiver: android.content.IntentFilter@90bf983: TS.init@AAA
03-14 03:51:04.241 1496 1496 I Telecom : SystemStateHelper: Registering broadcast receiver: android.content.IntentFilter@e715700: TS.init@AAA
03-14 03:51:04.241 1496 2520 I Telecom : BluetoothRouteManager: getBluetoothAudioConnectedDevice: no service available.
03-14 03:51:04.246 1496 2522 I Telecom : Logging.Events: Non-call EVENT: AUDIO_ROUTE, Entering state QuiescentEarpieceRoute
03-14 03:51:04.246 1496 2522 I Telecom : BluetoothRouteManager: getBluetoothAudioConnectedDevice: no service available.
03-14 03:51:04.251 1496 2524 I Telecom : CallAudioModeStateMachine: Message received: null.: TS.init->CAMSM.pM_1@AAA
03-14 03:51:04.252 1496 1496 I Telecom : MissedCallNotifierImpl: reloadFromDatabase: Boot not yet complete -- call log db may not be available. Deferring loading until boot complete for user 0: TS.init@AAA
03-14 03:51:04.253 1496 1907 D CompatibilityChangeReporter: Compat change id reported: 168419799; UID 1002; state: DISABLED
01-01 08:00:14.047 0 0 I binder : 2387:2387 ioctl 40046210 7fe204e884 returned -22
03-14 03:51:04.268 2405 2405 I wm_on_create_called: [18514794,com.android.settings.FallbackHome,performCreate]
03-14 03:51:04.269 2405 2405 I wm_on_start_called: [18514794,com.android.settings.FallbackHome,handleStartActivity]
03-14 03:51:04.270 2405 2405 I wm_on_resume_called: [18514794,com.android.settings.FallbackHome,RESUME_ACTIVITY]
01-01 08:00:14.058 0 0 E bt_ioctl: BT_CMD_PWR_CTRL pwr_cntrl:0
01-01 08:00:14.058 0 0 E bt_ioctl: BT state already:0 no change done
01-01 08:00:14.058 0 0 E bt_ioctl: BT_CMD_PWR_CTRL pwr_cntrl:1
01-01 08:00:14.058 0 0 I bt_power vendor: bt_qca6390: Linked as a consumer to regulator.9
01-01 08:00:14.059 0 0 E bt_vreg_enable: vreg_en successful for : qca,bt-vdd-aon
01-01 08:00:14.059 0 0 I bt_power vendor: bt_qca6390: Linked as a consumer to regulator.51
03-14 03:51:04.276 2405 2405 I wm_on_top_resumed_gained_called: [18514794,com.android.settings.FallbackHome,topStateChangedWhenResumed]
01-01 08:00:14.059 0 0 E bt_vreg_enable: vreg_en successful for : qca,bt-vdd-dig
01-01 08:00:14.059 0 0 I bt_power vendor: bt_qca6390: Linked as a consumer to regulator.8
01-01 08:00:14.059 0 0 E bt_vreg_enable: vreg_en successful for : qca,bt-vdd-rfa1
01-01 08:00:14.059 0 0 I bt_power vendor: bt_qca6390: Linked as a consumer to regulator.36
01-01 08:00:14.059 0 0 E bt_vreg_enable: vreg_en successful for : qca,bt-vdd-rfa2
01-01 08:00:14.059 0 0 I bt_power vendor: bt_qca6390: Linked as a consumer to regulator.27
01-01 08:00:14.060 0 0 E bt_vreg_enable: vreg_en successful for : qca,bt-vdd-asd
03-14 03:51:04.290 1496 1615 I input_focus: [Focus request 654ba76 com.android.settings/com.android.settings.FallbackHome,reason=UpdateInputWindows]
03-14 03:51:04.294 1496 1496 D TelephonyRegistry: listen oscl: mHasNotifySubscriptionInfoChangedOccurred==false no callback
03-14 03:51:04.294 1496 1496 I Telecom : MissedCallNotifierImpl: reloadFromDatabase: Boot not yet complete -- call log db may not be available. Deferring loading until boot complete for user 0: TS.init@AAA
03-14 03:51:04.294 1496 2012 I am_uid_running: 10082
03-14 03:51:04.295 1496 2012 D CompatibilityChangeReporter: Compat change id reported: 135634846; UID 10082; state: DISABLED
03-14 03:51:04.295 1496 2012 D CompatibilityChangeReporter: Compat change id reported: 177438394; UID 10082; state: DISABLED
03-14 03:51:04.295 1496 2012 D CompatibilityChangeReporter: Compat change id reported: 135772972; UID 10082; state: DISABLED
03-14 03:51:04.295 1496 2012 D CompatibilityChangeReporter: Compat change id reported: 135754954; UID 10082; state: ENABLED
03-14 03:51:04.295 1496 1496 I Telecom : Class: TelecomSystem.INSTANCE being set
03-14 03:51:04.297 1496 1622 D CompatibilityChangeReporter: Compat change id reported: 143937733; UID 10082; state: ENABLED
03-14 03:51:04.297 1496 1496 I AutofillManagerService: Updating for user 0: disabled=false
03-14 03:51:04.297 1496 1496 I ConnectivityModuleConnector: Networking module service connected
03-14 03:51:04.299 1496 1496 I ExplicitHealthCheckController: Explicit health check service is connected ComponentInfo{android.ext.services/android.ext.services.watchdog.ExplicitHealthCheckServiceImpl}
03-14 03:51:04.299 1496 1496 I ExplicitHealthCheckController: Service initialized, syncing requests
03-14 03:51:04.299 1496 1496 V NotificationAssistants: 0 notification assistant service connected: ComponentInfo{android.ext.services/android.ext.services.notification.Assistant}
03-14 03:51:04.299 1496 2041 I am_uid_running: 10074
03-14 03:51:04.299 1496 1496 I ConnectivityModuleConnector: Networking module service connected
