03-14 03:51:06.050 1496 1620 I am_pss : [2011,10078,com.android.systemui,168579072,145645568,0,320143360,2,1,10]
03-14 03:51:06.068 1496 1620 I am_pss : [1496,1000,system,211244032,112246784,0,520036352,2,0,16]
03-14 03:51:06.115 3307 3307 I auditd : type=1400 audit(0.0:255): avc: denied { read } for comm="ip" name="rt_tables" dev="dm-10" ino=344 scontext=u:r:ethernet:s0 tcontext=u:object_r:net_data_file:s0 tclass=file permissive=0
01-01 08:00:15.915 0 0 W audit : audit_lost=1 audit_rate_limit=5 audit_backlog_limit=64
01-01 08:00:15.915 0 0 E audit : rate limit exceeded
03-14 03:51:06.355 1496 1496 D MicroServiceManager: add linkToDeath
03-14 03:51:06.356 1496 1496 D MicroServiceManager: bindMicroService: called already get service
03-14 03:51:06.497 522 522 I vold : Bind mounting /mnt/runtime/default/emulated/0/Android/data on /mnt/user/0/emulated/0/Android/data
03-14 03:51:06.499 522 522 I vold : Bind mounted /mnt/runtime/default/emulated/0/Android/data on /mnt/user/0/emulated/0/Android/data
03-14 03:51:06.499 522 522 I vold : Bind mounting /mnt/runtime/default/emulated/0/Android/obb on /mnt/user/0/emulated/0/Android/obb
03-14 03:51:06.501 522 522 I vold : Bind mounted /mnt/runtime/default/emulated/0/Android/obb on /mnt/user/0/emulated/0/Android/obb
03-14 03:51:06.501 522 522 I vold : Bind mounting /mnt/runtime/write/emulated/0/Android/obb on /mnt/installer/0/emulated/0/Android/obb
03-14 03:51:06.501 522 522 I vold : Bind mounted /mnt/runtime/write/emulated/0/Android/obb on /mnt/installer/0/emulated/0/Android/obb
03-14 03:51:06.501 522 522 I vold : Configuring read_ahead of /mnt/user/0/emulated fuse filesystem to 256kb
03-14 03:51:06.502 522 522 I vold : Writing 256 to /sys/class/bdi/0:89/read_ahead_kb
03-14 03:51:06.502 522 522 I vold : Configuring max_ratio of /mnt/user/0/emulated fuse filesystem to 40
03-14 03:51:06.502 522 522 I vold : Writing 40 to /sys/class/bdi/0:89/max_ratio
03-14 03:51:06.503 1496 1768 I StorageManagerService: Mounted volume VolumeInfo{emulated;0}:
03-14 03:51:06.503 1496 1768 I StorageManagerService: type=EMULATED diskId=null partGuid= mountFlags=PRIMARY|VISIBLE
03-14 03:51:06.503 1496 1768 I StorageManagerService: mountUserId=0 state=MOUNTED
03-14 03:51:06.503 1496 1768 I StorageManagerService: fsType=null fsUuid=null fsLabel=null
03-14 03:51:06.503 1496 1768 I StorageManagerService: path=/storage/emulated internalPath=/data/media
03-14 03:51:06.503 1496 1768 I StorageSessionController: Notifying volume state changed for session with id: emulated;0
03-14 03:51:06.511 1496 1768 I StorageSessionController: Notifying volume state changed for session with id: emulated;0
03-14 03:51:06.515 1496 1768 I StorageSessionController: Notifying volume state changed for session with id: emulated;0
03-14 03:51:06.526 1496 1768 D StorageManagerService: Volume emulated;0 broadcasting checking to UserHandle{0}
03-14 03:51:06.527 1496 1768 D StorageManagerService: Volume emulated;0 broadcasting mounted to UserHandle{0}
03-14 03:51:06.565 1496 2837 D CompatibilityChangeReporter: Compat change id reported: 149924527; UID 10091; state: ENABLED
03-14 03:51:06.565 1496 2837 D CompatibilityChangeReporter: Compat change id reported: 132649864; UID 10091; state: DISABLED
03-14 03:51:06.566 1496 2837 D CompatibilityChangeReporter: Compat change id reported: 182734110; UID 10091; state: DISABLED
03-14 03:51:06.643 1496 2837 D CompatibilityChangeReporter: Compat change id reported: 172100307; UID 10091; state: DISABLED
01-01 08:00:16.677 0 0 W cnss-daemon: DMS thread joined succesfully
01-01 08:00:16.677 0 0 W cnss-daemon: wlfw_stop: Stop done: 0
01-01 08:00:16.677 0 0 W cnss-daemon: wlfw_start: Starting
01-01 08:00:16.678 0 0 W cnss-daemon: wlfw_service_request: Start the pthread: 0x0K
01-01 08:00:16.679 0 0 W cnss-daemon: ro.baseband : [apq]
01-01 08:00:16.679 0 0 W cnss-daemon: Hardware supports external modem
01-01 08:00:16.684 0 0 W cnss-daemon: pm_release_vote: pm_handle is NULL
01-01 08:00:16.684 0 0 W cnss-daemon: pm_release_vote: pm_handle is NULL
01-01 08:00:16.684 0 0 W cnss-daemon: wlfw_build_cal_table: not read /data/vendor/wifi/wlfw_cal_00.bin
01-01 08:00:16.686 0 0 W cnss-daemon: wlfw_build_cal_table: not read /data/vendor/wifi/wlfw_cal_02.bin
01-01 08:00:16.691 0 0 D cnss : Received QMI WLFW request memory indication
01-01 08:00:16.691 0 0 D cnss : FW requests for memory, size: 0x5e0000, type: 1
01-01 08:00:16.691 0 0 D cnss : FW requests for memory, size: 0xd8000, type: 4
01-01 08:00:16.691 0 0 D cnss : Posting event: REQUEST_MEM(2), state: 0x11 flags: 0x0
01-01 08:00:16.691 0 0 D cnss : PM stay awake, state: 0x11, count: 1
01-01 08:00:16.692 0 0 D cnss : Processing driver event: REQUEST_MEM(2), state: 0x11
01-01 08:00:16.692 0 0 D cnss : Sending respond memory message, state: 0x11
01-01 08:00:16.692 0 0 D cnss : Memory for FW, va: 0x0000000000000000, pa: 0x00000000a1000000, size: 0x5e0000, type: 1
01-01 08:00:16.692 0 0 D cnss : Memory for FW, va: 0x0000000000000000, pa: 0x00000000a1600000, size: 0xd8000, type: 4
01-01 08:00:16.697 0 0 D cnss : PM relax, state: 0x11, count: 0
01-01 08:00:16.698 0 0 D cnss : Received QMI WLFW FW memory ready indication
01-01 08:00:16.698 0 0 D cnss : Posting event: FW_MEM_READY(3), state: 0x11 flags: 0x0
01-01 08:00:16.698 0 0 D cnss : PM stay awake, state: 0x11, count: 1
01-01 08:00:16.698 0 0 D cnss : PM relax, state: 0x11, count: 0
01-01 08:00:16.698 0 0 D cnss : PM stay awake, state: 0x11, count: 1
01-01 08:00:16.698 0 0 D cnss : Processing driver event: FW_MEM_READY(3), state: 0x11
01-01 08:00:16.698 0 0 D cnss : Sending target capability message, state: 0x13
01-01 08:00:16.708 0 0 D cnss : Voltage for CPR: 948mV
01-01 08:00:16.708 0 0 D cnss : Update TCS CMD data address 0x000000000b2e5844 with voltage 950mV
01-01 08:00:16.708 0 0 D cnss : Device frequency is 24000000 HZ
01-01 08:00:16.708 0 0 D cnss : Target capability: chip_id: 0x0, chip_family: 0xb, board_id: 0xff, soc_id: 0xffffffff, fw_version: 0x101a0521, fw_build_timestamp: 2021-12-20 07:54, fw_build_id: QC_IMAGE_VERSION_STRING=WLAN.HST.1.0.1.r1-01313-QCAHSTSWPL_SILICONZ-1, otp_version: 0x480020
01-01 08:00:16.708 0 0 D cnss : Sending BDF download message, state: 0x13, type: 4
01-01 08:00:16.708 0 0 D cnss : FW name added with prefix: qca6390/regdb.bin
01-01 08:00:16.709 0 0 W cnss2 b0000000.qcom,cnss-qca6390: Falling back to syfs fallback for: qca6390/regdb.bin
01-01 08:00:16.716 0 0 I ueventd : firmware: loading 'qca6390/regdb.bin' for '/devices/platform/soc/b0000000.qcom,cnss-qca6390/firmware/qca6390!regdb.bin'
01-01 08:00:16.717 0 0 E ueventd : firmware: could not find firmware for qca6390/regdb.bin
01-01 08:00:16.717 0 0 E ueventd : firmware: attempted /etc/firmware/qca6390/regdb.bin, open failed: No such file or directory
01-01 08:00:16.717 0 0 E ueventd : firmware: attempted /odm/firmware/qca6390/regdb.bin, open failed: No such file or directory
01-01 08:00:16.717 0 0 E ueventd : firmware: attempted /vendor/firmware/qca6390/regdb.bin, open failed: No such file or directory
01-01 08:00:16.717 0 0 E ueventd : firmware: attempted /firmware/image/qca6390/regdb.bin, open failed: No such file or directory
01-01 08:00:16.717 0 0 E ueventd : firmware: attempted /vendor/firmware_mnt/image/qca6390/regdb.bin, open failed: No such file or directory
01-01 08:00:16.717 0 0 I ueventd : loading /devices/platform/soc/b0000000.qcom,cnss-qca6390/firmware/qca6390!regdb.bin took 1ms
01-01 08:00:16.718 0 0 E cnss : Failed to load BDF: qca6390/regdb.bin
01-01 08:00:16.718 0 0 D cnss : Sending BDF download message, state: 0x13, type: 1
01-01 08:00:16.718 0 0 D cnss : FW name added with prefix: qca6390/bdwlan.elf
01-01 08:00:16.718 0 0 W cnss2 b0000000.qcom,cnss-qca6390: Falling back to syfs fallback for: qca6390/bdwlan.elf
01-01 08:00:16.724 0 0 D cnss : Downloading BDF: qca6390/bdwlan.elf, size: 57908
01-01 08:00:16.754 0 0 D cnss : Sending M3 information message, state: 0x13
01-01 08:00:16.754 0 0 D cnss : M3 memory, va: 0x0000000000000000, pa: 0x00000000a1800000, size: 0x411bc
01-01 08:00:16.756 0 0 D cnss : PM relax, state: 0x13, count: 0
01-01 08:00:16.756 0 0 D cnss : Received QMI WLFW FW initialization done indication
01-01 08:00:16.756 0 0 D cnss : Posting event: FW_READY(4), state: 0x13 flags: 0x0
01-01 08:00:16.756 0 0 D cnss : PM stay awake, state: 0x13, count: 1
01-01 08:00:16.756 0 0 D cnss : PM relax, state: 0x13, count: 0
01-01 08:00:16.756 0 0 D cnss : PM stay awake, state: 0x13, count: 1
01-01 08:00:16.756 0 0 D cnss : Processing driver event: FW_READY(4), state: 0x13
01-01 08:00:16.756 0 0 D cnss : PCIE Gen speed not setup
01-01 08:00:16.765 0 0 W : (NULL device *): Falling back to syfs fallback for: wlan/qca_cld/qca6390/WCNSS_qcom_cfg.ini
01-01 08:00:16.780 0 0 I [kworke][0x12e0de7f][03:51:06.997750] wlan: [451:I:HDD] hdd_pm_qos_add_request: 9360: Set cpu_mask 0f for affine_cores
01-01 08:00:16.780 0 0 I [kworke][0x12e0df64][03:51:06.997762] wlan: [451:I:HDD] hdd_pm_qos_add_request: 9362: Set cpu_mask 0f for affine_cores
01-01 08:00:16.780 0 0 D cnss : Sending ini sync request, state: 0x17, fw_log_mode: 1
01-01 08:00:16.785 0 0 I [kworke][0x12e25272][03:51:07.002709] wlan: [451:I:HIF] Initializing Runtime PM wakelock &sc->prevent_linkdown_lock
01-01 08:00:16.785 0 0 I [kworke][0x12e25378][03:51:07.002723] wlan: [451:I:HIF] hif_pci_enable_bus: con_mode = 0x0, WLAN_SOC_device_id = 0x1101
01-01 08:00:16.785 0 0 I [kworke][0x12e25479][03:51:07.002736] wlan: [451:I:HIF] hif_pci_enable_bus: hif_enable_pci done
01-01 08:00:16.786 0 0 I [kworke][0x12e26b24][03:51:07.003038] wlan: [451:I:HIF] *********** QCA6390 *************
01-01 08:00:16.786 0 0 I [kworke][0x12e26d18][03:51:07.003064] wlan: [451:I:HIF] hif_pci_enable_bus: hif_type = 0x12, target_type = 0x17
01-01 08:00:16.786 0 0 I [kworke][0x12e26dad][03:51:07.003072] wlan: [451:I:HIF] hif_register_tbl_attach: HIF_TYPE_QCA6390
01-01 08:00:16.786 0 0 I [kworke][0x12e26e28][03:51:07.003078] wlan: [451:I:HIF] hif_target_register_tbl_attach: TARGET_TYPE_QCA6390
01-01 08:00:16.786 0 0 I [kworke][0x12e26e9c][03:51:07.003084] wlan: [451:I:HIF] hif_pci_enable_bus:Skip tgt_wake up for srng devices
01-01 08:00:16.786 0 0 E [kworke][0x12e289d7][03:51:07.003448] wlan: [451:E:TXRX] hif_print_hal_shadow_register_cfg: num_config 28
01-01 08:00:16.786 0 0 I [kworke][0x12e28b35][03:51:07.003466] wlan: [451:I:TXRX] hif_print_hal_shadow_register_cfg: i 0, val a3b034
01-01 08:00:16.786 0 0 I [kworke][0x12e28b9f][03:51:07.003471] wlan: [451:I:TXRX] hif_print_hal_shadow_register_cfg: i 1, val a3b03c
01-01 08:00:16.786 0 0 I [kworke][0x12e28ca9][03:51:07.003485] wlan: [451:I:TXRX] hif_print_hal_shadow_register_cfg: i 2, val a3b044
01-01 08:00:16.786 0 0 I [kworke][0x12e28d25][03:51:07.003492] wlan: [451:I:TXRX] hif_print_hal_shadow_register_cfg: i 3, val a3b04c
01-01 08:00:16.786 0 0 I [kworke][0x12e28d91][03:51:07.003497] wlan: [451:I:TXRX] hif_print_hal_shadow_register_cfg: i 4, val a3b054
01-01 08:00:16.786 0 0 I [kworke][0x12e28dfd][03:51:07.003503] wlan: [451:I:TXRX] hif_print_hal_shadow_register_cfg: i 5, val a3b028
01-01 08:00:16.786 0 0 I [kworke][0x12e28e6f][03:51:07.003509] wlan: [451:I:TXRX] hif_print_hal_shadow_register_cfg: i 6, val a3b020
01-01 08:00:16.786 0 0 I [kworke][0x12e28eda][03:51:07.003514] wlan: [451:I:TXRX] hif_print_hal_shadow_register_cfg: i 7, val a3b06c
01-01 08:00:16.786 0 0 I [kworke][0x12e28f4a][03:51:07.003520] wlan: [451:I:TXRX] hif_print_hal_shadow_register_cfg: i 8, val a46000
01-01 08:00:16.786 0 0 I [kworke][0x12e28fb0][03:51:07.003526] wlan: [451:I:TXRX] hif_print_hal_shadow_register_cfg: i 9, val a46008
01-01 08:00:16.786 0 0 I [kworke][0x12e29016][03:51:07.003531] wlan: [451:I:TXRX] hif_print_hal_shadow_register_cfg: i 10, val a46010
01-01 08:00:16.786 0 0 I [kworke][0x12e2907d][03:51:07.003536] wlan: [451:I:TXRX] hif_print_hal_shadow_register_cfg: i 11, val a46018
01-01 08:00:16.786 0 0 I [kworke][0x12e290e3][03:51:07.003542] wlan: [451:I:TXRX] hif_print_hal_shadow_register_cfg: i 12, val a46034
01-01 08:00:16.786 0 0 I [kworke][0x12e2914f][03:51:07.003547] wlan: [451:I:TXRX] hif_print_hal_shadow_register_cfg: i 13, val a370b0
01-01 08:00:16.786 0 0 I [kworke][0x12e291b5][03:51:07.003552] wlan: [451:I:TXRX] hif_print_hal_shadow_register_cfg: i 14, val a37018
01-01 08:00:16.786 0 0 I [kworke][0x12e2921b][03:51:07.003558] wlan: [451:I:TXRX] hif_print_hal_shadow_register_cfg: i 15, val a370c4
01-01 08:00:16.786 0 0 I [kworke][0x12e29280][03:51:07.003563] wlan: [451:I:TXRX] hif_print_hal_shadow_register_cfg: i 16, val a370cc
01-01 08:00:16.786 0 0 I [kworke][0x12e292e6][03:51:07.003568] wlan: [451:I:TXRX] hif_print_hal_shadow_register_cfg: i 17, val a370d4
01-01 08:00:16.786 0 0 I [kworke][0x12e29356][03:51:07.003574] wlan: [451:I:TXRX] hif_print_hal_shadow_register_cfg: i 18, val a370dc
01-01 08:00:16.786 0 0 I [kworke][0x12e293c6][03:51:07.003580] wlan: [451:I:TXRX] hif_print_hal_shadow_register_cfg: i 19, val a00400
01-01 08:00:16.786 0 0 I [kworke][0x12e294bc][03:51:07.003593] wlan: [451:I:TXRX] hif_print_hal_shadow_register_cfg: i 20, val a03400
01-01 08:00:16.786 0 0 I [kworke][0x12e29534][03:51:07.003599] wlan: [451:I:TXRX] hif_print_hal_shadow_register_cfg: i 21, val a0340c
01-01 08:00:16.786 0 0 I [kworke][0x12e295aa][03:51:07.003605] wlan: [451:I:TXRX] hif_print_hal_shadow_register_cfg: i 22, val a05400
01-01 08:00:16.786 0 0 I [kworke][0x12e29621][03:51:07.003611] wlan: [451:I:TXRX] hif_print_hal_shadow_register_cfg: i 23, val a0540c
01-01 08:00:16.786 0 0 I [kworke][0x12e2969e][03:51:07.003618] wlan: [451:I:TXRX] hif_print_hal_shadow_register_cfg: i 24, val a06400
01-01 08:00:16.786 0 0 I [kworke][0x12e29712][03:51:07.003624] wlan: [451:I:TXRX] hif_print_hal_shadow_register_cfg: i 25, val a08400
01-01 08:00:16.786 0 0 I [kworke][0x12e2977e][03:51:07.003630] wlan: [451:I:TXRX] hif_print_hal_shadow_register_cfg: i 26, val a0b400
01-01 08:00:16.786 0 0 I [kworke][0x12e297e3][03:51:07.003635] wlan: [451:I:TXRX] hif_print_hal_shadow_register_cfg: i 27, val a0b40c
01-01 08:00:16.786 0 0 D cnss : Mode: 0, config: 0000000000000000, host_version: 5.2.022.10G
01-01 08:00:16.786 0 0 D cnss : Sending WLAN config message, state: 0x17
01-01 08:00:16.787 0 0 D cnss : Sending mode message, mode: MISSION(0), state: 0x17
01-01 08:00:16.813 0 0 D cnss : Received QMI WLFW pin connect result indication
01-01 08:00:16.813 0 0 D cnss : Pin connect Result: pwr_pin: 0x1 phy_io_pin: 0x0 rf_io_pin: 0x0
01-01 08:00:16.814 0 0 D cnss : Assign MSI to user: CE, num_vectors: 10, user_base_data: 803, base_vector: 3
01-01 08:00:16.814 0 0 I [kworke][0x12eaaf23][03:51:07.031252] wlan: [451:I:HIF] ce_srng_dest_ring_setup: ce_id 1
01-01 08:00:16.814 0 0 D cnss : Assign MSI to user: CE, num_vectors: 10, user_base_data: 803, base_vector: 3
01-01 08:00:16.814 0 0 I [kworke][0x12eab8fc][03:51:07.031383] wlan: [451:I:HIF] ce_srng_status_ring_setup: ce_id 1
01-01 08:00:16.814 0 0 D cnss : Assign MSI to user: CE, num_vectors: 10, user_base_data: 803, base_vector: 3
01-01 08:00:16.814 0 0 I [kworke][0x12eac080][03:51:07.031483] wlan: [451:I:HIF] ce_srng_dest_ring_setup: ce_id 2
01-01 08:00:16.814 0 0 D cnss : Assign MSI to user: CE, num_vectors: 10, user_base_data: 803, base_vector: 3
01-01 08:00:16.814 0 0 I [kworke][0x12eac889][03:51:07.031590] wlan: [451:I:HIF] ce_srng_status_ring_setup: ce_id 2
01-01 08:00:16.814 0 0 D cnss : Assign MSI to user: CE, num_vectors: 10, user_base_data: 803, base_vector: 3
01-01 08:00:16.814 0 0 D cnss : Assign MSI to user: CE, num_vectors: 10, user_base_data: 803, base_vector: 3
01-01 08:00:16.814 0 0 I [kworke][0x12eadcca][03:51:07.031860] wlan: [451:I:HIF] ce_srng_dest_ring_setup: ce_id 5
01-01 08:00:16.814 0 0 D cnss : Assign MSI to user: CE, num_vectors: 10, user_base_data: 803, base_vector: 3
01-01 08:00:16.815 0 0 I [kworke][0x12eae53b][03:51:07.031973] wlan: [451:I:HIF] ce_srng_status_ring_setup: ce_id 5
01-01 08:00:16.815 0 0 D cnss : Assign MSI to user: CE, num_vectors: 10, user_base_data: 803, base_vector: 3
01-01 08:00:16.815 0 0 I [kworke][0x12eaed35][03:51:07.032079] wlan: [451:I:HIF] hif_configure_irq: E
01-01 08:00:16.815 0 0 D cnss : Assign MSI to user: WAKE, num_vectors: 1, user_base_data: 813, base_vector: 13
01-01 08:00:16.815 0 0 D cnss : Get IRQ number 363 for vector index 13
01-01 08:00:16.815 0 0 D cnss : Assign MSI to user: CE, num_vectors: 10, user_base_data: 803, base_vector: 3
01-01 08:00:16.815 0 0 D cnss : Get IRQ number 353 for vector index 3
01-01 08:00:16.815 0 0 D cnss : Get IRQ number 354 for vector index 4
01-01 08:00:16.815 0 0 D cnss : Get IRQ number 355 for vector index 5
01-01 08:00:16.815 0 0 D cnss : Get IRQ number 356 for vector index 6
01-01 08:00:16.815 0 0 D cnss : Get IRQ number 358 for vector index 8
01-01 08:00:16.815 0 0 D cnss : Get IRQ number 359 for vector index 9
01-01 08:00:16.815 0 0 D cnss : Get IRQ number 361 for vector index 11
01-01 08:00:16.815 0 0 E [kworke][0x12eb139d][03:51:07.032591] wlan: [451:E:mlme] mlme_init_reg_cfg: 2374: null pdev
01-01 08:00:16.815 0 0 E [kworke][0x12eb18c4][03:51:07.032660] wlan: [451:E:WMI] WMI handle is NULL
01-01 08:00:16.815 0 0 I [kworke][0x12eb1b3d][03:51:07.032693] wlan: [451:I:HIF] Initializing Runtime PM wakelock &p2p_soc_obj->roc_runtime_lock
01-01 08:00:16.815 0 0 D cnss : Platform cap_flag is 0x4
01-01 08:00:16.815 0 0 E [kworke][0x12eb1dc7][03:51:07.032727] wlan: [451:E:QDF] cds_get_context: 1486: Module ID 66 context is Null
01-01 08:00:16.818 0 0 E [kworke][0x12ebca11][03:51:07.035024] wlan: [451:E:QDF] cds_get_context: 1486: Module ID 66 context is Null
01-01 08:00:16.821 0 0 I [kworke][0x12ecc185][03:51:07.038323] wlan: [451:I:HIF] Initializing Runtime PM wakelock &psoc_wakelock->wmi_cmd_rsp_runtime_lock
01-01 08:00:16.821 0 0 F [kworke][0x12eccfb0][03:51:07.038512] wlan: [451:F:WMA] WMA --> wmi_unified_attach - success
01-01 08:00:16.821 0 0 I [kworke][0x12ece144][03:51:07.038747] wlan: [451:I:HIF] Initializing Runtime PM wakelock &vdev->vdev_set_key_runtime_wakelock
01-01 08:00:16.822 0 0 I [kworke][0x12eceea7][03:51:07.038925] wlan: [451:I:HIF] Initializing Runtime PM wakelock &vdev->vdev_set_key_runtime_wakelock
01-01 08:00:16.822 0 0 I [kworke][0x12ecfe57][03:51:07.039134] wlan: [451:I:HIF] Initializing Runtime PM wakelock &vdev->vdev_set_key_runtime_wakelock
01-01 08:00:16.822 0 0 I [kworke][0x12ed2b43][03:51:07.039733] wlan: [451:I:HIF] Initializing Runtime PM wakelock &vdev->vdev_set_key_runtime_wakelock
01-01 08:00:16.823 0 0 I [kworke][0x12ed3a1c][03:51:07.039931] wlan: [451:I:HIF] Initializing Runtime PM wakelock &vdev->vdev_set_key_runtime_wakelock
01-01 08:00:16.823 0 0 I [kworke][0x12ed486b][03:51:07.040122] wlan: [451:I:HIF] Initializing Runtime PM wakelock &vdev->vdev_set_key_runtime_wakelock
01-01 08:00:16.824 0 0 I [kworke][0x12ed8d61][03:51:07.041042] wlan: [451:I:HIF] Initializing Runtime PM wakelock &wma_handle->wmi_cmd_rsp_runtime_lock
01-01 08:00:16.824 0 0 I [kworke][0x12ed8f3e][03:51:07.041066] wlan: [451:I:HIF] Initializing Runtime PM wakelock &wma_handle->sap_prevent_runtime_pm_lock
01-01 08:00:16.827 0 0 E [kworke][0x12ee799b][03:51:07.044191] wlan: [451:E:QDF] htc_wait_target: 684: Target Ready! TX resource : 1 size:2176, MaxMsgsPerHTCBundle = 1
01-01 08:00:16.827 0 0 E [kworke][0x12ee7ad0][03:51:07.044207] wlan: [451:E:QDF] htc_setup_target_buffer_assignments: 576: SVS Index : 1 TX : 0x100 : alloc:1
01-01 08:00:16.827 0 0 D cnss : Assign MSI to user: DP, num_vectors: 18, user_base_data: 814, base_vector: 14
01-01 08:00:16.827 0 0 I [kworke][0x12ee8ad6][03:51:07.044421] wlan: [451:I:HIF] +hif_update_pipe_callback pipeid 5
01-01 08:00:16.827 0 0 I [kworke][0x12ee8b50][03:51:07.044427] wlan: [451:I:HIF] -hif_update_pipe_callback
01-01 08:00:16.827 0 0 D cnss : Assign MSI to user: DP, num_vectors: 18, user_base_data: 814, base_vector: 14
01-01 08:00:16.828 0 0 E [kworke][0x12eec4c4][03:51:07.045193] wlan: [451:E:DP] dp_srng_get_str_from_hal_ring_type: 7726: Invalid ring type
01-01 08:00:16.828 0 0 D cnss : Assign MSI to user: DP, num_vectors: 18, user_base_data: 814, base_vector: 14
01-01 08:00:16.829 0 0 D cnss : Assign MSI to user: DP, num_vectors: 18, user_base_data: 814, base_vector: 14
01-01 08:00:16.829 0 0 D cnss : Assign MSI to user: DP, num_vectors: 18, user_base_data: 814, base_vector: 14
01-01 08:00:16.829 0 0 D cnss : Assign MSI to user: DP, num_vectors: 18, user_base_data: 814, base_vector: 14
01-01 08:00:16.829 0 0 D cnss : Assign MSI to user: DP, num_vectors: 18, user_base_data: 814, base_vector: 14
01-01 08:00:16.829 0 0 D cnss : Assign MSI to user: DP, num_vectors: 18, user_base_data: 814, base_vector: 14
01-01 08:00:16.829 0 0 D cnss : Assign MSI to user: DP, num_vectors: 18, user_base_data: 814, base_vector: 14
01-01 08:00:16.829 0 0 D cnss : Assign MSI to user: DP, num_vectors: 18, user_base_data: 814, base_vector: 14
01-01 08:00:16.829 0 0 I [kworke][0x12ef2b5f][03:51:07.046561] wlan: [451:I:DP] dp_tx_soc_attach Tx Desc Alloc num_pool = 4, descs = 4096
01-01 08:00:16.830 0 0 I [kworke][0x12ef625a][03:51:07.047294] wlan: [451:I:DP] dp_tx_soc_attach MSDU Ext Desc Alloc 4, descs = 4096
01-01 08:00:16.831 0 0 I [kworke][0x12efa92b][03:51:07.048239] wlan: [451:I:DP] dp_tx_soc_attach HAL Tx init Success
01-01 08:00:16.831 0 0 D cnss : Assign MSI to user: DP, num_vectors: 18, user_base_data: 814, base_vector: 14
01-01 08:00:16.831 0 0 D cnss : Assign MSI to user: DP, num_vectors: 18, user_base_data: 814, base_vector: 14
01-01 08:00:16.831 0 0 I [kworke][0x12efb65b][03:51:07.048414] wlan: [451:I:DP] dp_soc_cmn_setup: 3274: num_reo_dest_rings 4
01-01 08:00:16.831 0 0 D cnss : Assign MSI to user: DP, num_vectors: 18, user_base_data: 814, base_vector: 14
01-01 08:00:16.831 0 0 D cnss : Assign MSI to user: DP, num_vectors: 18, user_base_data: 814, base_vector: 14
01-01 08:00:16.831 0 0 D cnss : Assign MSI to user: DP, num_vectors: 18, user_base_data: 814, base_vector: 14
01-01 08:00:16.831 0 0 D cnss : Assign MSI to user: DP, num_vectors: 18, user_base_data: 814, base_vector: 14
01-01 08:00:16.831 0 0 D cnss : Assign MSI to user: DP, num_vectors: 18, user_base_data: 814, base_vector: 14
01-01 08:00:16.831 0 0 D cnss : Assign MSI to user: DP, num_vectors: 18, user_base_data: 814, base_vector: 14
01-01 08:00:16.831 0 0 D cnss : Assign MSI to user: DP, num_vectors: 18, user_base_data: 814, base_vector: 14
01-01 08:00:16.832 0 0 D cnss : Assign MSI to user: DP, num_vectors: 18, user_base_data: 814, base_vector: 14
01-01 08:00:16.832 0 0 D cnss : Assign MSI to user: DP, num_vectors: 18, user_base_data: 814, base_vector: 14
01-01 08:00:16.832 0 0 D cnss : Assign MSI to user: DP, num_vectors: 18, user_base_data: 814, base_vector: 14
01-01 08:00:16.832 0 0 D cnss : Assign MSI to user: DP, num_vectors: 18, user_base_data: 814, base_vector: 14
01-01 08:00:16.832 0 0 I [kworke][0x12effccf][03:51:07.049354] wlan: [451:I:HAL] hal_reo_set_err_dst_remap_6390: 1024: HWIO_REO_R0_ERROR_DESTINATION_MAPPING_IX_0 0x28005b6d
01-01 08:00:16.832 0 0 D cnss : Assign MSI to user: DP, num_vectors: 18, user_base_data: 814, base_vector: 14
01-01 08:00:16.832 0 0 D cnss : Assign MSI to user: DP, num_vectors: 18, user_base_data: 814, base_vector: 14
01-01 08:00:16.832 0 0 D cnss : Assign MSI to user: DP, num_vectors: 18, user_base_data: 814, base_vector: 14
01-01 08:00:16.832 0 0 D cnss : Assign MSI to user: DP, num_vectors: 18, user_base_data: 814, base_vector: 14
01-01 08:00:16.832 0 0 D cnss : Assign MSI to user: DP, num_vectors: 18, user_base_data: 814, base_vector: 14
01-01 08:00:16.832 0 0 D cnss : Assign MSI to user: DP, num_vectors: 18, user_base_data: 814, base_vector: 14
01-01 08:00:16.840 0 0 I [kworke][0x12f2433a][03:51:07.057119] wlan: [451:I:DP] Peer pool init
01-01 08:00:16.840 0 0 W [kworke][0x12f24aa8][03:51:07.057218] wlan: [451:W:DP] dp_rx_pdev_mon_attach: pdev attach id=0
01-01 08:00:16.841 0 0 D cnss : Assign MSI to user: DP, num_vectors: 18, user_base_data: 814, base_vector: 14
01-01 08:00:16.841 0 0 D cnss : Get IRQ number 364 for vector index 14
01-01 08:00:16.841 0 0 D cnss : Assign MSI to user: DP, num_vectors: 18, user_base_data: 814, base_vector: 14
01-01 08:00:16.841 0 0 D cnss : Get IRQ number 365 for vector index 15
01-01 08:00:16.841 0 0 D cnss : Assign MSI to user: DP, num_vectors: 18, user_base_data: 814, base_vector: 14
01-01 08:00:16.841 0 0 D cnss : Get IRQ number 366 for vector index 16
01-01 08:00:16.841 0 0 D cnss : Assign MSI to user: DP, num_vectors: 18, user_base_data: 814, base_vector: 14
01-01 08:00:16.841 0 0 D cnss : Get IRQ number 367 for vector index 17
01-01 08:00:16.841 0 0 D cnss : Assign MSI to user: DP, num_vectors: 18, user_base_data: 814, base_vector: 14
01-01 08:00:16.841 0 0 D cnss : Assign MSI to user: DP, num_vectors: 18, user_base_data: 814, base_vector: 14
01-01 08:00:16.841 0 0 D cnss : Get IRQ number 369 for vector index 19
01-01 08:00:16.841 0 0 D cnss : Assign MSI to user: DP, num_vectors: 18, user_base_data: 814, base_vector: 14
01-01 08:00:16.841 0 0 D cnss : Get IRQ number 370 for vector index 20
01-01 08:00:16.843 0 0 I [kworke][0x12f3385b][03:51:07.060388] wlan: [329:I:WMA] wma_rx_service_ready_event: Firmware build version : 101a0521
01-01 08:00:16.843 0 0 I [kworke][0x12f33a28][03:51:07.060412] wlan: [329:I:WMA] wma_rx_service_ready_event: Board id: 0, Board version: 8 0 0 0 6
01-01 08:00:16.846 0 0 I [kworke][0x12f3fd32][03:51:07.063012] wlan: [329:I:WMA] wma_is_dbs_mandatory: 5417: MAC0 does not support both bands 2 DBS is mandatory
01-01 08:00:16.846 0 0 E [kworke][0x12f40235][03:51:07.063079] wlan: [329:E:QDF] copy_fw_abi_version_tlv: 6979: copy_fw_abi_version_tlv: INIT_CMD version: 1, 0, 0x5f414351, 0x4c4d, 0x0, 0x0
03-14 03:51:07.134 1496 1613 I commit_sys_config_file: [jobs,4]
01-01 08:00:17.038 0 0 E [kworke][0x132c55db][03:51:07.255341] wlan: [335:E:QDF] ready_extract_init_status_tlv: 8884: ready_extract_init_status_tlv:0
01-01 08:00:17.038 0 0 E [kworke][0x132c5ccb][03:51:07.255434] wlan: [335:E:QDF] cds_get_context: 1486: Module ID 65 context is Null
01-01 08:00:17.038 0 0 F [kworke][0x132c5d8e][03:51:07.255444] wlan: [335:F:DP] cdp_ipa_set_uc_tx_partition_base invalid instance
01-01 08:00:17.038 0 0 I [kworke][0x132c5e8f][03:51:07.255457] wlan: [335:I:WMA] wma_he_update_tgt_services: 996: 11ax is enabled
01-01 08:00:17.042 0 0 I [kworke][0x132d8099][03:51:07.259324] wlan: [335:I:HIF] Initializing Runtime PM wakelock &mgmt_txrx_pdev_ctx->wakelock_tx_runtime_cmp
01-01 08:00:17.042 0 0 I [kworke][0x132d8b9b][03:51:07.259471] wlan: [335:I:dfs] WLAN_DEBUG_DFS_ALWAYS : wlan_dfs_pdev_obj_create_notification: 421: dfs_offload 1
01-01 08:00:17.042 0 0 I [kworke][0x132d8c9a][03:51:07.259484] wlan: [335:I:SPECTRAL] null_get_capability: 1715: SPECTRAL : get_capability not registered
01-01 08:00:17.042 0 0 I [kworke][0x132d8d11][03:51:07.259491] wlan: [335:I:SPECTRAL] target_if_pdev_spectral_init: 2249: HAL_CAP_PHYDIAG : Capable
01-01 08:00:17.042 0 0 I [kworke][0x132d8d82][03:51:07.259496] wlan: [335:I:SPECTRAL] null_get_capability: 1715: SPECTRAL : get_capability not registered
01-01 08:00:17.042 0 0 I [kworke][0x132d8deb][03:51:07.259502] wlan: [335:I:SPECTRAL] target_if_pdev_spectral_init: 2253: HAL_CAP_RADAR : Capable
01-01 08:00:17.042 0 0 I [kworke][0x132d8e55][03:51:07.259507] wlan: [335:I:SPECTRAL] null_get_capability: 1715: SPECTRAL : get_capability not registered
01-01 08:00:17.042 0 0 I [kworke][0x132d8ec0][03:51:07.259513] wlan: [335:I:SPECTRAL] target_if_pdev_spectral_init: 2258: HAL_CAP_SPECTRAL_SCAN : Capable
01-01 08:00:17.042 0 0 I [kworke][0x132d8f30][03:51:07.259519] wlan: [335:I:SPECTRAL] null_get_tsf64: 1703: SPECTRAL : get_tsf64 not registered
01-01 08:00:17.042 0 0 I [kworke][0x132d9015][03:51:07.259531] wlan: [335:I:GREEN_AP] wlan_green_ap_pdev_obj_create_notification: 106: Green AP creation successful, green ap ctx: 0000000000000000, pdev: 0000000000000000
01-01 08:00:17.042 0 0 I [kworke][0x132d9217][03:51:07.259558] wlan: [335:I:IPA] wlan_ipa_wdi_init: 540: ipa_over_gsi: 1, is_smmu_enabled: 1
01-01 08:00:17.044 0 0 I [kworke][0x132e1f84][03:51:07.261443] wlan: [335:I:REGULATORY] reg_set_band: 483: set band bitmap: 3
01-01 08:00:17.045 0 0 I [kworke][0x132e5d51][03:51:07.262267] wlan: [335:I:HIF] Initializing Runtime PM wakelock &ctx->dfs
01-01 08:00:17.045 0 0 I [kworke][0x132e5dec][03:51:07.262275] wlan: [335:I:HIF] Initializing Runtime PM wakelock &ctx->connect
01-01 08:00:17.045 0 0 I [kworke][0x132e6aa6][03:51:07.262445] wlan: [335:I:HIF] Initializing Runtime PM wakelock &ctx->user
01-01 08:00:17.045 0 0 I [kworke][0x132e6b38][03:51:07.262453] wlan: [335:I:HIF] Initializing Runtime PM wakelock &scan_priv->runtime_pm_lock
01-01 08:00:17.045 0 0 I [kworke][0x132e6d31][03:51:07.262479] wlan: [335:I:GREEN_AP] target_if_green_ap_register_egap_event_handler: 131: Set the Enhance Green AP event handler
01-01 08:00:17.045 0 0 E [kworke][0x132e6e32][03:51:07.262492] wlan: [335:E:QDF] dp_peer_map_attach_wifi3: 10048: dp_peer_map_attach_wifi3 max_peers 55, max_ast_index: 144
01-01 08:00:17.045 0 0 I [kworke][0x132e6f79][03:51:07.262509] wlan: [335:I:DP]
01-01 08:00:17.045 0 0 I : <=== cfg max peer id 55 ====>
01-01 08:00:17.045 0 0 I [kworke][0x132e7025][03:51:07.262518] wlan: [335:I:DP]
01-01 08:00:17.045 0 0 I : <=== cfg max ast idx 144 ====>
01-01 08:00:17.045 0 0 I [kworke][0x132e70a3][03:51:07.262525] wlan: [335:I:DP] ast hash_elems: 512, max_ast_idx: 144
01-01 08:00:17.045 0 0 I [kworke][0x132e770f][03:51:07.262611] wlan: [451:I:WMA] wma_wait_for_ready_event: 6926: FW ready event received
01-01 08:00:17.046 0 0 E [kworke][0x132ecb8e][03:51:07.263737] wlan: [451:E:WMI] send_action_oui_cmd_tlv: 220: Invalid action id
01-01 08:00:17.046 0 0 E [kworke][0x132ecd18][03:51:07.263758] wlan: [451:E:action_oui] ucfg_action_oui_send: 160: Failed to send: 7
01-01 08:00:17.046 0 0 E [kworke][0x132ece2f][03:51:07.263772] wlan: [451:E:WMI] send_action_oui_cmd_tlv: 220: Invalid action id
01-01 08:00:17.046 0 0 E [kworke][0x132ecf17][03:51:07.263784] wlan: [451:E:action_oui] ucfg_action_oui_send: 160: Failed to send: 9
01-01 08:00:17.046 0 0 E [kworke][0x132ecfba][03:51:07.263793] wlan: [451:E:HDD] hdd_action_oui_send: 13281: Failed to send one or all action_ouis
01-01 08:00:17.050 0 0 D cnss : dma-coherent is enabled
01-01 08:00:17.050 0 0 D cnss : IOMMU map: iova b0000000, len 4096
01-01 08:00:17.050 0 0 D cnss : IOMMU map: iova_addr b0000040
01-01 08:00:17.050 0 0 D cnss : dma-coherent is enabled
01-01 08:00:17.050 0 0 D cnss : IOMMU map: iova b0001000, len 4096
01-01 08:00:17.050 0 0 D cnss : IOMMU map: iova_addr b0001018
01-01 08:00:17.050 0 0 I [kworke][0x13300132][03:51:07.267866] wlan: [451:I:SYS] Creating periodic timer for OLBC UPDATE CACHE TIMEOUT
01-01 08:00:17.051 0 0 E [kworke][0x13300f84][03:51:07.268057] wlan: [451:E:TXRX] dp_rxdma_ring_config: 5022: DBS enabled max_mac_rings 2
01-01 08:00:17.051 0 0 E [kworke][0x13301096][03:51:07.268071] wlan: [451:E:TXRX] dp_rxdma_ring_config: 5033: pdev_id 0 max_mac_rings 2
01-01 08:00:17.051 0 0 E [kworke][0x13301143][03:51:07.268080] wlan: [451:E:TXRX] dp_rxdma_ring_config: 5050: mac_id 0
01-01 08:00:17.051 0 0 E [kworke][0x1330171f][03:51:07.268158] wlan: [451:E:TXRX] dp_rxdma_ring_config: 5050: mac_id 1
01-01 08:00:17.051 0 0 I [kworke][0x13302ccf][03:51:07.268447] wlan: [451:I:POLICY_MGR] policy_mgr_update_5g_scc_prefer: 398: overwrite pm_second_connection_pcl_dbs_2x2_table, index 2 mode 3 system prefer 0 new pcl 6
01-01 08:00:17.051 0 0 I [kworke][0x13302d59][03:51:07.268454] wlan: [451:I:POLICY_MGR] policy_mgr_update_5g_scc_prefer: 404: overwrite pm_second_connection_pcl_dbs_2x2_table, index 3 mode 3 system prefer 0 new pcl 6
01-01 08:00:17.051 0 0 E [kworke][0x133046cf][03:51:07.268794] wlan: [451:E:REGULATORY] reg_freq_width_to_chan_op_class: 512: no op class for frequency 5745
01-01 08:00:17.052 0 0 I [kworke][0x13305fb3][03:51:07.269126] wlan: [451:I:HIF] hif_pm_runtime_start: Enabling RUNTIME PM, Delay: 500 ms
01-01 08:00:17.053 0 0 E cnss_utils: WLAN MAC address is not set, type 0
01-01 08:00:17.053 0 0 W cnss_pci 0000: 01:00.0: Falling back to syfs fallback for: wlan/qca_cld/qca6390/wlan_mac.bin
01-01 08:00:17.067 0 0 I [kworke][0x1334c600][03:51:07.284143] wlan: [451:I:HDD] hdd_initialize_mac_address: 12589: using default MAC address
03-14 03:51:07.298 1496 1817 I service_manager_stats: [710,310,5398]
01-01 08:00:17.084 0 0 D cnss : Host time = 16799800 us, device time = 2260690 us, offset = 14539110 us
01-01 08:00:17.084 0 0 D cnss : Updated time sync regs [0x984] = 0xddd966, [0x988] = 0x0
01-01 08:00:17.084 0 0 D cnss : Removing vote for Regulator vdd-wlan-rfa2
01-01 08:00:17.084 0 0 D cnss : Removing vote for Regulator vdd-wlan-rfa1
01-01 08:00:17.084 0 0 D cnss : Removing vote for Regulator vdd-wlan-dig
01-01 08:00:17.084 0 0 D cnss : Removing vote for Regulator vdd-wlan-aon
01-01 08:00:17.084 0 0 D cnss : Removing vote for Regulator vdd-wlan-io
01-01 08:00:17.084 0 0 D cnss : PM relax, state: 0x107, count: 0
03-14 03:51:07.301 832 832 I android.hardware.wifi@1.0-service: Wifi HAL started
01-01 08:00:17.088 0 0 I : Wifi Turning On from UI
01-01 08:00:17.089 0 0 I [wifi@1][0x133b38f3][03:51:07.306156] wlan: [832:I:DP] dp_vdev_attach_wifi3: wlan_cfg_ap_bridge_enabled 0
01-01 08:00:17.089 0 0 I [wifi@1][0x133b3a4f][03:51:07.306174] wlan: [832:I:DP] 00000000: 73 f4 75 9a 56 bb 2b b5 10 5d e3 ab 82 09 cc 20
01-01 08:00:17.089 0 0 I [wifi@1][0x133b3a6e][03:51:07.306175] wlan: [832:I:DP] 00000010: cd f8 87 c7
01-01 08:00:17.089 0 0 I [wifi@1][0x133b3a9e][03:51:07.306178] wlan: [832:I:DP] 00000000: ed 54 36 52 40 ba 97 8a a3 4c 91 a7 f0 c9 42 fb
01-01 08:00:17.089 0 0 I [wifi@1][0x133b3abb][03:51:07.306179] wlan: [832:I:DP] 00000010: ff f9 18 c7 66 f4 f1 98 13 fa 12 86 16 90 b7 a4
01-01 08:00:17.089 0 0 I [wifi@1][0x133b3ad6][03:51:07.306181] wlan: [832:I:DP] 00000020: a0 fd e8 18 48 2b 7f 5f dc 70 4e 44
01-01 08:00:17.089 0 0 I IPv6 : ADDRCONF(NETDEV_UP): wlan0: link is not ready
01-01 08:00:17.095 0 0 I [lowi-s][0x133d01b0][03:51:07.312246] wlan: [1412:I:wifipos] wifi_pos_get_ch_info: 461: num channels: 26
03-14 03:51:07.307 1496 1817 I netstats_mobile_sample: [0,0,0,0,0,0,0,0,0,0,0,0,1678737067305]
03-14 03:51:07.307 1496 1817 I netstats_wifi_sample: [0,0,0,0,0,0,0,0,0,0,0,0,1678737067305]
03-14 03:51:07.307 832 832 I android.hardware.wifi@1.0-service: Adding interface handle for p2p0
03-14 03:51:07.307 832 832 I android.hardware.wifi@1.0-service: Adding interface handle for wlan0
03-14 03:51:07.307 832 832 I android.hardware.wifi@1.0-service: Adding interface handle for wifi-aware0
03-14 03:51:07.307 832 832 W android.hardware.wifi@1.0-service: No active wlan interfaces in use! Using default
03-14 03:51:07.307 832 832 W android.hardware.wifi@1.0-service: No active wlan interfaces in use! Using default
03-14 03:51:07.308 832 832 I android.hardware.wifi@1.0-service: Configured chip in mode 3
03-14 03:51:07.308 832 832 W android.hardware.wifi@1.0-service: No active wlan interfaces in use! Using default
03-14 03:51:07.310 832 832 W android.hardware.wifi@1.0-service: No active wlan interfaces in use! Using default
03-14 03:51:07.313 1496 1817 I netstats_mobile_sample: [0,0,0,0,0,0,0,0,0,0,0,0,1678737067313]
03-14 03:51:07.313 1496 1817 I netstats_wifi_sample: [0,0,0,0,0,0,0,0,0,0,0,0,1678737067313]
01-01 08:00:17.099 0 0 E [wifi@1][0x133e5060][03:51:07.316708] wlan: [3362:E:wifipos] wifi_pos_process_app_reg_req: 608: Received App Req Req pid(1275069248), len(16)
01-01 08:00:17.100 0 0 I [wifi@1][0x133e7e69][03:51:07.317322] wlan: [3362:I:wifipos] wifi_pos_get_ch_info: 461: num channels: 26
01-01 08:00:17.100 0 0 I [wifi@1][0x133e9782][03:51:07.317657] wlan: [3362:I:wifipos] wifi_pos_get_ch_info: 461: num channels: 26
01-01 08:00:17.102 0 0 I [wifi@1][0x133f3dce][03:51:07.319874] wlan: [832:I:DP] dp_vdev_attach_wifi3: wlan_cfg_ap_bridge_enabled 1
01-01 08:00:17.103 0 0 E [wifi@1][0x133f45b0][03:51:07.319979] wlan: [832:E:PMO] pmo_register_wow_wakeup_events: 88: Skipping wake event configuration for vdev_opmode 16
01-01 08:00:17.103 0 0 E [wifi@1][0x133f4a22][03:51:07.320038] wlan: [832:E:SME] sme_get_nss_chain_shift: 4045: Device mode 16 invalid
01-01 08:00:17.103 0 0 E [wifi@1][0x133f4a90][03:51:07.320044] wlan: [832:E:SME] sme_get_nss_chain_shift: 4045: Device mode 16 invalid
01-01 08:00:17.104 0 0 I IPv6 : ADDRCONF(NETDEV_UP): wifi-aware0: link is not ready
03-14 03:51:07.324 1208 1208 I wificond: createClientInterface: wiphy_index 0 iface_name wlan0
03-14 03:51:07.324 1496 1968 D CompatibilityChangeReporter: Compat change id reported: 171306433; UID 1000; state: ENABLED
03-14 03:51:07.324 1208 1208 I wificond: create scanner for interface with index: 17
03-14 03:51:07.324 1208 1208 I wificond: subscribe scan result for interface with index: 17
03-14 03:51:07.325 1208 1208 I wificond: add channel type 0 support at wiphy index: 0
03-14 03:51:07.325 1208 1208 I wificond: add channel type 1 support at wiphy index: 0
03-14 03:51:07.331 1496 2741 V BackupManagerConstants: getKeyValueBackupIntervalMilliseconds(...) returns 14400000
03-14 03:51:07.331 1496 2741 V BackupManagerConstants: getKeyValueBackupFuzzMilliseconds(...) returns 600000
03-14 03:51:07.331 1496 2741 V BackupManagerConstants: getKeyValueBackupRequiredNetworkType(...) returns 1
03-14 03:51:07.331 1496 2741 V BackupManagerConstants: getKeyValueBackupRequireCharging(...) returns true
03-14 03:51:07.331 1496 2741 V KeyValueBackupJob: Scheduling k/v pass in 240 minutes
01-01 08:00:17.150 0 0 I init : starting service 'wpa_supplicant'...
01-01 08:00:17.152 0 0 I init : Created socket '/dev/socket/vendor_wpa_wlan0', mode 660, user 1010, group 1010
01-01 08:00:17.157 0 0 I init : Control message: Processed ctl.interface_start for 'android.hardware.wifi.supplicant@1.0::ISupplicant/default' from pid: 508 (/system/bin/hwservicemanager)
03-14 03:51:07.538 1496 1715 I commit_sys_config_file: [settings-0-0,6]
01-01 08:00:17.515 0 0 I [schedu][0x13b81dcc][03:51:07.732460] wlan: [3355:I:HIF] Deinitializing Runtime PM wakelock &vdev->vdev_set_key_runtime_wakelock
01-01 08:00:17.516 0 0 I [schedu][0x13b86df9][03:51:07.733529] wlan: [3355:I:HIF] Initializing Runtime PM wakelock &vdev->vdev_set_key_runtime_wakelock
01-01 08:00:17.593 0 0 I [schedu][0x13cf179f][03:51:07.810885] wlan: [3355:I:HIF] Deinitializing Runtime PM wakelock &vdev->vdev_set_key_runtime_wakelock
01-01 08:00:17.594 0 0 I [schedu][0x13cf4a62][03:51:07.811562] wlan: [3355:I:HIF] Initializing Runtime PM wakelock &vdev->vdev_set_key_runtime_wakelock
01-01 08:00:17.605 0 0 I [wifi@1][0x13d2859c][03:51:07.822591] wlan: [832:I:DP] dp_vdev_attach_wifi3: wlan_cfg_ap_bridge_enabled 0
01-01 08:00:17.620 0 0 E [wifi@1][0x13d6d31d][03:51:07.837278] wlan: [3362:E:wifipos] wifi_pos_process_app_reg_req: 608: Received App Req Req pid(1275069248), len(16)
01-01 08:00:17.620 0 0 I [wifi@1][0x13d6f5ee][03:51:07.837742] wlan: [3362:I:wifipos] wifi_pos_get_ch_info: 461: num channels: 26
01-01 08:00:17.621 0 0 I [wifi@1][0x13d712c1][03:51:07.838126] wlan: [3362:I:wifipos] wifi_pos_get_ch_info: 461: num channels: 26
03-14 03:51:08.018 1496 1614 D ColorDisplayService: NightDisplayTintController Animation cancelled: false to matrix:
03-14 03:51:08.018 1496 1614 D ColorDisplayService: 1.000000 0.000000 0.000000 0.000000 0.000000 1.000000 0.000000 0.000000 0.000000 0.000000 1.000000 0.000000 0.000000 0.000000 0.000000 1.000000 min matrix coefficients:
03-14 03:51:08.018 1496 1614 D ColorDisplayService: 1.000000 0.000000 0.000000 0.000000 0.000000 1.000000 0.000000 0.000000 0.000000 0.000000 1.000000 0.000000 0.000000 0.000000 0.000000 1.000000 max matrix coefficients:
03-14 03:51:08.018 1496 1614 D ColorDisplayService: 1.000000 0.000000 0.000000 0.000000 0.000000 1.000000 0.000000 0.000000 0.000000 0.000000 1.000000 0.000000 0.000000 0.000000 0.000000 1.000000
01-01 08:00:17.874 0 0 I [schedu][0x14213aef][03:51:08.091249] wlan: [3355:I:OSIF] scan start scan id 40961
03-14 03:51:08.118 1496 1629 W BatteryExternalStatsWorker: error reading modem stats:ERROR_PHONE_NOT_AVAILABLE
03-14 03:51:08.123 1496 1496 W Looper : Slow dispatch took 417ms main h=android.app.ActivityThread$H c=android.app.LoadedApk$ReceiverDispatcher$Args$$ExternalSyntheticLambda0@7131e91 m=0
03-14 03:51:08.123 1496 1496 W Looper : Slow delivery took 417ms main h=android.app.ActivityThread$H c=android.app.LoadedApk$ReceiverDispatcher$Args$$ExternalSyntheticLambda0@b9a61f6 m=0
03-14 03:51:08.125 1496 1496 I Telecom : DefaultDialerCache: Refreshing default dialer for user 0: now null: DDC.oR@AA4
03-14 03:51:08.126 1496 1496 W Looper : Drained
03-14 03:51:08.126 1496 1496 I Telecom : MissedCallNotifierImpl: reloadAfterBootComplete: user=0: TSBCR.oR@AA8
03-14 03:51:08.127 1496 1496 I Telecom : MissedCallNotifierImpl: reloadAfterBootComplete: user=0: TSBCR.oR@AA8
03-14 03:51:08.131 1496 1496 D CompatibilityChangeReporter: Compat change id reported: 135634846; UID 1000; state: DISABLED
03-14 03:51:08.131 1496 1496 D CompatibilityChangeReporter: Compat change id reported: 177438394; UID 1000; state: DISABLED
03-14 03:51:08.131 1496 1496 D CompatibilityChangeReporter: Compat change id reported: 135772972; UID 1000; state: DISABLED
03-14 03:51:08.131 1496 1496 D CompatibilityChangeReporter: Compat change id reported: 135754954; UID 1000; state: ENABLED
03-14 03:51:08.140 1496 1622 I am_proc_start: [0,3377,1000,com.android.dynsystem,broadcast,{com.android.dynsystem/com.android.dynsystem.BootCompletedReceiver}]
03-14 03:51:08.140 1496 1622 I ActivityManager: Start proc 3377:com.android.dynsystem/1000 for broadcast {com.android.dynsystem/com.android.dynsystem.BootCompletedReceiver}
03-14 03:51:08.154 1496 1496 I Telecom : BluetoothDeviceManager: Got BluetoothHeadset: com.android.server.telecom.BluetoothHeadsetProxy@a13c0c4: BMSL.oSC@ABQ
03-14 03:51:08.168 1496 2741 I backup_transport_lifecycle: [com.android.localtransport/.LocalTransportService,1]
03-14 03:51:08.174 1496 1622 I am_proc_start: [0,3381,1000,com.android.localtransport,service,{com.android.localtransport/com.android.localtransport.LocalTransportService}]
03-14 03:51:08.174 1496 1622 I ActivityManager: Start proc 3381:com.android.localtransport/1000 for service {com.android.localtransport/com.android.localtransport.LocalTransportService}
01-01 08:00:17.963 0 0 I binder : 3377:3377 ioctl 40046210 7fe20508a4 returned -22
03-14 03:51:08.182 1496 1907 I am_proc_bound: [0,3377,com.android.dynsystem]
03-14 03:51:08.183 1496 1907 D CompatibilityChangeReporter: Compat change id reported: 168419799; UID 1000; state: DISABLED
03-14 03:51:08.184 1496 1629 E KernelCpuSpeedReader: Failed to read cpu-freq: /sys/devices/system/cpu/cpu4/cpufreq/stats/time_in_state: open failed: ENOENT (No such file or directory)
03-14 03:51:08.184 1496 1629 E KernelCpuSpeedReader: Failed to read cpu-freq: /sys/devices/system/cpu/cpu0/cpufreq/stats/time_in_state: open failed: ENOENT (No such file or directory)
03-14 03:51:08.185 1496 1629 W BatteryStatsImpl: Attempted to remove untracked isolated uid (1037)
01-01 08:00:17.975 0 0 I binder : 3381:3381 ioctl 40046210 7fe20508a4 returned -22
03-14 03:51:08.193 1496 1547 W BluetoothManagerService: psc is not null in bindBluetoothProfileService
03-14 03:51:08.198 1496 1547 I am_proc_bound: [0,3381,com.android.localtransport]
03-14 03:51:08.199 1496 1547 D CompatibilityChangeReporter: Compat change id reported: 168419799; UID 1000; state: DISABLED
03-14 03:51:08.216 1496 1620 I sysui_multi_action: [757,1717,758,1,759,0]
03-14 03:51:08.216 1496 1620 I sysui_multi_action: [757,1717,758,2,759,0]
03-14 03:51:08.216 1496 1620 I sysui_multi_action: [757,1717,758,3,759,0]
03-14 03:51:08.227 1496 1907 D CompatibilityChangeReporter: Compat change id reported: 135634846; UID 1000; state: DISABLED
03-14 03:51:08.227 1496 1907 D CompatibilityChangeReporter: Compat change id reported: 177438394; UID 1000; state: DISABLED
03-14 03:51:08.227 1496 1907 D CompatibilityChangeReporter: Compat change id reported: 135772972; UID 1000; state: DISABLED
03-14 03:51:08.227 1496 1907 D CompatibilityChangeReporter: Compat change id reported: 135754954; UID 1000; state: ENABLED
03-14 03:51:08.234 1496 2142 D CompatibilityChangeReporter: Compat change id reported: 168419799; UID 10074; state: DISABLED
03-14 03:51:08.238 1496 1622 I am_proc_start: [0,3415,1000,com.android.dynsystem:dynsystem,service,{com.android.dynsystem/com.android.dynsystem.DynamicSystemInstallationService}]
03-14 03:51:08.238 1496 1622 I ActivityManager: Start proc 3415:com.android.dynsystem:dynsystem/1000 for service {com.android.dynsystem/com.android.dynsystem.DynamicSystemInstallationService}
03-14 03:51:08.239 1496 2092 I am_uid_running: 10067
03-14 03:51:08.239 1496 2092 D CompatibilityChangeReporter: Compat change id reported: 135634846; UID 10067; state: DISABLED
03-14 03:51:08.239 1496 2092 D CompatibilityChangeReporter: Compat change id reported: 177438394; UID 10067; state: DISABLED
03-14 03:51:08.239 1496 2092 D CompatibilityChangeReporter: Compat change id reported: 135772972; UID 10067; state: DISABLED
03-14 03:51:08.239 1496 2092 D CompatibilityChangeReporter: Compat change id reported: 135754954; UID 10067; state: ENABLED
03-14 03:51:08.240 1496 1622 D CompatibilityChangeReporter: Compat change id reported: 143937733; UID 10067; state: ENABLED
03-14 03:51:08.240 1496 1496 I backup_transport_connection: [com.android.localtransport/.LocalTransportService,1]
03-14 03:51:08.240 1496 1496 I TransportClient: LocalTransportService#0: Notifying [TransportManager.registerTransport()] transport = IBackupTransport
01-01 08:00:18.027 0 0 I binder : 3415:3415 ioctl 40046210 7fe20508a4 returned -22
03-14 03:51:08.246 1496 1622 I am_proc_start: [0,3430,10067,com.android.inputmethod.latin,broadcast,{com.android.inputmethod.latin/com.android.inputmethod.latin.SystemBroadcastReceiver}]
03-14 03:51:08.246 1496 1622 I ActivityManager: Start proc 3430:com.android.inputmethod.latin/u0a67 for broadcast {com.android.inputmethod.latin/com.android.inputmethod.latin.SystemBroadcastReceiver}
03-14 03:51:08.248 1496 2741 D BackupTransportManager: Transport com.android.localtransport/.LocalTransportService registered
03-14 03:51:08.248 1496 2741 D BackupManagerService: [UserID:0] Transport com.android.localtransport/.LocalTransport registered 3088ms after first request (delay = 3000ms)
03-14 03:51:08.249 1496 2741 I backup_transport_lifecycle: [com.android.localtransport/.LocalTransportService,0]
03-14 03:51:08.249 1496 2741 I backup_transport_connection: [com.android.localtransport/.LocalTransportService,0]
03-14 03:51:08.251 1496 2741 I BackupManagerService: [UserID:0] Found 1 stale backup journal(s), scheduling.
03-14 03:51:08.252 1496 2092 I am_proc_bound: [0,3415,com.android.dynsystem:dynsystem]
03-14 03:51:08.254 1496 2741 I BackupManagerService: [UserID:0] Stale backup journals: Scheduled 8 package(s) total
01-01 08:00:18.058 0 0 I binder : 3430:3430 ioctl 40046210 7fe20508a4 returned -22
03-14 03:51:08.277 1496 2092 D CompatibilityChangeReporter: Compat change id reported: 168419799; UID 1000; state: DISABLED
03-14 03:51:08.278 1496 2092 I am_proc_bound: [0,3430,com.android.inputmethod.latin]
03-14 03:51:08.278 2011 2011 I sysui_multi_action: [757,803,799,note_peek,802,1]
03-14 03:51:08.279 1496 2092 D CompatibilityChangeReporter: Compat change id reported: 168419799; UID 10067; state: DISABLED
03-14 03:51:08.280 1496 2092 I am_uid_active: 10067
03-14 03:51:08.281 1496 2837 I sysui_multi_action: [757,127,758,1]
03-14 03:51:08.281 1496 2837 I sysui_multi_action: [757,804,799,note_load,801,1,802,1]
03-14 03:51:08.281 1496 2837 I notification_panel_revealed: 1
03-14 03:51:08.284 2011 2011 I sysui_heads_up_status: [-1|android|26|null|1000,1]
03-14 03:51:08.288 1496 1886 I GameModeConfig: isGameModeOn = false
03-14 03:51:08.288 1496 1886 I GameModeConfig: isGameModeOn = false
03-14 03:51:08.288 1496 1886 I GameModeConfig: isGameModeOn = false
03-14 03:51:08.291 1496 1907 I DynamicSystemService: isInstalled(): false
03-14 03:51:08.322 1496 2837 I ActivityTaskManager: START u0 {act=android.intent.action.MAIN cat=[android.intent.category.HOME] flg=0x10010000 pkg=com.android.launcher3 cmp=com.android.launcher3/.uioverrides.QuickstepLauncher} from uid 10074
03-14 03:51:08.327 1496 2837 D CompatibilityChangeReporter: Compat change id reported: 184838306; UID 10074; state: DISABLED
03-14 03:51:08.328 1496 2837 D CompatibilityChangeReporter: Compat change id reported: 185004937; UID 10074; state: DISABLED
03-14 03:51:08.328 1496 2837 D CompatibilityChangeReporter: Compat change id reported: 181136395; UID 10074; state: DISABLED
03-14 03:51:08.329 1496 2837 D CompatibilityChangeReporter: Compat change id reported: 174042936; UID 10074; state: DISABLED
03-14 03:51:08.329 1496 2837 D CompatibilityChangeReporter: Compat change id reported: 174042980; UID 10074; state: DISABLED
03-14 03:51:08.334 1496 2837 I wm_task_created: [29,-1]
03-14 03:51:08.334 1496 2837 W ActivityTaskManager: Can't find TaskDisplayArea to determine support for multi window. Task id=29 attached=false
03-14 03:51:08.335 1496 2837 I wm_task_created: [30,-1]
03-14 03:51:08.335 1496 2837 I wm_task_moved: [30,0,-2147483648]
03-14 03:51:08.336 1496 2837 I wm_create_task: [0,30]
03-14 03:51:08.336 1496 2837 I wm_create_activity: [0,14757938,30,com.android.launcher3/.uioverrides.QuickstepLauncher,android.intent.action.MAIN,NULL,NULL,268500992]
03-14 03:51:08.337 1496 2837 I ActivityTaskManager: The Process com.android.launcher3 Already Exists in BG. So sending its PID: 2575
03-14 03:51:08.337 1496 2837 I wm_restart_activity: [0,14757938,30,com.android.launcher3/.uioverrides.QuickstepLauncher]
03-14 03:51:08.338 1496 2837 I wm_add_to_stopping: [0,14757938,com.android.launcher3/.uioverrides.QuickstepLauncher,preloadRecents]
03-14 03:51:08.363 1496 2092 I ActivityManager: Process com.android.inputmethod.latin (pid 3430) has died: fg RCVR
