01-01 08:57:54.867 0 0 I afe_get_cal_topology_id: port_id = 0x9000 acdb_id = 15 topology_id = 0x112fc cal_type_index=8 ret=0
01-01 08:57:54.867 0 0 I afe_send_port_topology_id: AFE set topology id 0x112fc enable for port 0x9000 ret 0
01-01 08:57:54.867 0 0 I send_afe_cal_type: cal_index is 0
01-01 08:57:54.867 0 0 I send_afe_cal_type: dev_acdb_id[55] is 0
01-01 08:57:54.867 0 0 I send_afe_cal_type: Sending cal_index cal 0
01-01 08:57:54.867 0 0 E send_afe_cal_type: No cal sent for cal_index 0, port_id = 0x9000! ret -22
01-01 08:57:54.876 0 0 I afe_send_hw_delay: port_id 0x9000 rate 48000 delay_usec 474 status 0
01-01 08:57:55.816 0 0 I msm_vidc: err : ffffffff: .....: DBLP Set: status 0
03-14 04:43:02.761 954 1066 I am_uid_idle: 10086
01-01 08:57:56.678 0 0 E DTC_ETH,link_delay_work_func: 3003, SQI=0, link=0
01-01 08:57:56.714 0 0 I logd : logdr: UID=1000 GID=1000 PID=21116 n tail=127 logMask=19 pid=0 start=0ns deadline=0ns
01-01 08:57:56.827 0 0 I logd : logdr: UID=1000 GID=1000 PID=21118 n tail=127 logMask=80 pid=0 start=0ns deadline=0ns
03-14 04:43:04.807 954 1638 I input_interaction: Interaction with: becfa8e com.microsoft.emmx/com.microsoft.ruby.Main (server), edge-swipe (server), swipe-up (server), PointerEventDispatcher0 (server),
03-14 04:43:04.861 6630 6630 I view_enqueue_input_event: [Motion - Cancel,com.microsoft.emmx/com.microsoft.ruby.Main]
03-14 04:43:04.872 954 1638 I input_interaction: Interaction with: WindowManager (server), edge-swipe (server), swipe-up (server), PointerEventDispatcher0 (server),
01-01 08:57:58.726 0 0 E thermal cooling_device4: DTC_Fan: ERROR, avg(0) out of range(1680, 2800)
at stat(1)
03-14 04:43:05.646 954 1638 I input_interaction: Interaction with: becfa8e com.microsoft.emmx/com.microsoft.ruby.Main (server), edge-swipe (server), swipe-up (server), PointerEventDispatcher0 (server),
03-14 04:43:05.696 6630 6630 I view_enqueue_input_event: [Motion - Cancel,com.microsoft.emmx/com.microsoft.ruby.Main]
03-14 04:43:05.698 954 1638 I input_interaction: Interaction with: WindowManager (server), edge-swipe (server), swipe-up (server), PointerEventDispatcher0 (server),
01-01 08:57:59.149 0 0 E [wifi@1][0xe1efaec3d][04:43:05.924606] wlan: [925:E:QDF] cds_flush_logs: 2424: Bug report already in progress - dropping! type:0, indicator=1 reason_code=0
01-01 08:57:59.165 0 0 E [wifi@1][0xe1eff8aba][04:43:05.940372] wlan: [925:E:HDD] __wlan_hdd_cfg80211_wifi_logger_get_ring_data: 9840: Failed to trigger bug report
01-01 08:57:59.187 0 0 I logd : logdr: UID=1000 GID=1000 PID=21356 n tail=127 logMask=19 pid=0 start=0ns deadline=0ns
01-01 08:57:59.296 0 0 I logd : logdr: UID=1000 GID=1000 PID=21374 n tail=127 logMask=80 pid=0 start=0ns deadline=0ns
03-14 04:43:06.374 954 1638 I input_interaction: Interaction with: becfa8e com.microsoft.emmx/com.microsoft.ruby.Main (server), edge-swipe (server), swipe-up (server), PointerEventDispatcher0 (server),
03-14 04:43:06.482 6630 6630 I view_enqueue_input_event: [Motion - Cancel,com.microsoft.emmx/com.microsoft.ruby.Main]
03-14 04:43:06.483 954 1638 I input_interaction: Interaction with: WindowManager (server), edge-swipe (server), swipe-up (server), PointerEventDispatcher0 (server),
03-14 04:43:07.147 954 1638 I input_interaction: Interaction with: becfa8e com.microsoft.emmx/com.microsoft.ruby.Main (server), edge-swipe (server), swipe-up (server), PointerEventDispatcher0 (server),
03-14 04:43:07.184 6630 6630 I view_enqueue_input_event: [Motion - Cancel,com.microsoft.emmx/com.microsoft.ruby.Main]
03-14 04:43:07.196 954 1638 I input_interaction: Interaction with: WindowManager (server), edge-swipe (server), swipe-up (server), PointerEventDispatcher0 (server),
03-14 04:43:07.324 954 1047 I wm_finish_activity: [0,133159800,56,com.microsoft.emmx/com.microsoft.ruby.Main,finish-activity]
03-14 04:43:07.324 954 1047 I wm_task_moved: [1,1,7]
03-14 04:43:07.325 954 1047 I wm_set_resumed_activity: [0,com.android.launcher3/.uioverrides.QuickstepLauncher,positionChildAt]
03-14 04:43:07.325 954 1047 I wm_task_moved: [12,1,2147483647]
03-14 04:43:07.325 954 1047 I wm_task_to_front: [0,12]
03-14 04:43:07.325 954 1047 I wm_focused_root_task: [0,0,1,-1,finish-top adjustFocusToNextFocusableTask]
03-14 04:43:07.325 954 1047 I wm_set_resumed_activity: [0,com.android.launcher3/.uioverrides.QuickstepLauncher,finish-top]
03-14 04:43:07.326 954 1047 I wm_pause_activity: [0,133159800,com.microsoft.emmx/com.microsoft.ruby.Main,userLeaving=false,finish]
03-14 04:43:07.329 954 1047 I input_focus: [Focus request fca4b77 com.android.launcher3/com.android.launcher3.uioverrides.QuickstepLauncher,reason=UpdateInputWindows]
03-14 04:43:07.333 954 1638 I input_focus: [Focus leaving becfa8e com.microsoft.emmx/com.microsoft.ruby.Main (server),reason=NOT_VISIBLE]
03-14 04:43:07.340 954 1046 I sysui_multi_action: [757,803,799,window_time_0,802,19]
03-14 04:43:07.347 6630 6630 I wm_on_top_resumed_lost_called: [133159800,com.microsoft.ruby.Main,topStateChangedWhenResumed]
03-14 04:43:07.347 2598 2598 I wm_on_top_resumed_gained_called: [194529402,com.android.launcher3.uioverrides.QuickstepLauncher,topStateChangedWhenResumed]
03-14 04:43:07.350 954 1638 I input_focus: [Focus entering fca4b77 com.android.launcher3/com.android.launcher3.uioverrides.QuickstepLauncher (server),reason=setFocusedWindow]
03-14 04:43:07.369 6630 6630 I wm_on_paused_called: [133159800,com.microsoft.ruby.Main,performPause]
03-14 04:43:07.369 954 10386 I wm_destroy_activity: [0,133159800,56,com.microsoft.emmx/com.microsoft.ruby.Main,finish-imm:completePausedLocked]
03-14 04:43:07.382 954 1046 I sysui_multi_action: [757,803,799,window_time_0,802,0]
03-14 04:43:07.404 6630 6630 I wm_on_stop_called: [133159800,com.microsoft.ruby.Main,LIFECYCLER_STOP_ACTIVITY]
03-14 04:43:07.432 954 14421 I am_kill : [0,18762,com.microsoft.emmx:sandboxed_process0:org.chromium.content.app.SandboxedProcessService0:34,0,isolated not needed]
03-14 04:43:07.452 6630 6630 I wm_on_destroy_called: [133159800,com.microsoft.ruby.Main,performDestroy]
03-14 04:43:07.464 954 10386 I wm_task_removed: [56,removeChild:removeChild last r=ActivityRecord{7efdb78 u0 com.microsoft.emmx/com.microsoft.ruby.Main t-1 f}} in t=Task{64864db #56 type=standard A=10033:com.microsoft.emmx U=0 visible=false mode=freeform translucent=true sz=0}]
03-14 04:43:07.464 954 10386 I wm_task_removed: [56,removeChild]
03-14 04:43:07.477 954 14421 I am_kill : [0,21089,com.microsoft.emmx:sandboxed_process0:org.chromium.content.app.SandboxedProcessService0:38,0,isolated not needed]
03-14 04:43:07.484 954 10386 I am_kill : [0,20360,com.microsoft.emmx:sandboxed_process0:org.chromium.content.app.SandboxedProcessService0:36,0,isolated not needed]
01-01 08:58:00.738 0 0 I binder : undelivered transaction 1131331, process died.
01-01 08:58:00.738 0 0 I binder : undelivered transaction 1131334, process died.
01-01 08:58:00.739 0 0 I binder : undelivered transaction 1131330, process died.
03-14 04:43:07.515 954 8433 I am_proc_died: [0,18762,com.microsoft.emmx:sandboxed_process0:org.chromium.content.app.SandboxedProcessService0:34,0,10]
03-14 04:43:07.515 954 8433 I am_uid_stopped: 90000
03-14 04:43:07.531 954 8433 I am_proc_died: [0,21089,com.microsoft.emmx:sandboxed_process0:org.chromium.content.app.SandboxedProcessService0:38,0,10]
03-14 04:43:07.532 954 8433 I am_uid_stopped: 90004
03-14 04:43:07.538 954 8433 I am_proc_died: [0,20360,com.microsoft.emmx:sandboxed_process0:org.chromium.content.app.SandboxedProcessService0:36,0,10]
03-14 04:43:07.538 954 1064 I am_pss : [18375,10023,com.android.documentsui,10958848,8736768,27648,101752832,0,19,6]
03-14 04:43:07.538 954 8433 I am_uid_stopped: 90002
01-01 08:58:01.558 0 0 I logd : logdr: UID=1000 GID=1000 PID=21851 n tail=127 logMask=19 pid=0 start=0ns deadline=0ns
01-01 08:58:01.664 0 0 I logd : logdr: UID=1000 GID=1000 PID=21853 n tail=127 logMask=80 pid=0 start=0ns deadline=0ns
03-14 04:43:08.499 0 0 I auditd : type=1400 audit(0.0:9068): avc: denied { kill } for comm="swapper/3" capability=5 scontext=u:r:kernel:s0 tcontext=u:r:kernel:s0 tclass=capability permissive=1
01-01 08:58:01.799 0 0 E DTC_ETH,link_delay_work_func: 3003, SQI=0, link=0
01-01 08:58:03.272 0 0 I msm_vidc: err : ffffffff: .....: DBLP Set: status 0
03-14 04:43:10.193 954 1638 I input_interaction: Interaction with: fca4b77 com.android.launcher3/com.android.launcher3.uioverrides.QuickstepLauncher (server), 45b849f com.android.systemui.ImageWallpaper (server), edge-swipe (server), swipe-up (server), PointerEventDispatcher0 (server),
01-01 08:58:03.891 0 0 E [wifi@1][0xe2467f1c0][04:43:10.665799] wlan: [925:E:QDF] cds_flush_logs: 2424: Bug report already in progress - dropping! type:0, indicator=1 reason_code=0
01-01 08:58:03.908 0 0 E [wifi@1][0xe246d01e4][04:43:10.683081] wlan: [925:E:HDD] __wlan_hdd_cfg80211_wifi_logger_get_ring_data: 9840: Failed to trigger bug report
01-01 08:58:03.943 0 0 I logd : logdr: UID=1000 GID=1000 PID=21859 n tail=127 logMask=19 pid=0 start=0ns deadline=0ns
01-01 08:58:04.061 0 0 I logd : logdr: UID=1000 GID=1000 PID=21861 n tail=127 logMask=80 pid=0 start=0ns deadline=0ns
03-14 04:43:11.379 954 18689 I wm_task_created: [58,-1]
03-14 04:43:11.382 954 18689 I wm_task_moved: [58,1,7]
03-14 04:43:11.382 954 18689 I wm_task_to_front: [0,58]
03-14 04:43:11.382 954 18689 I wm_create_task: [0,58]
03-14 04:43:11.382 954 18689 I wm_create_activity: [0,237572017,58,com.microsoft.emmx/com.microsoft.ruby.Main,android.intent.action.MAIN,NULL,NULL,270532608]
03-14 04:43:11.382 954 18689 I wm_task_moved: [58,1,7]
03-14 04:43:11.384 954 18689 I wm_restart_activity: [0,237572017,58,com.microsoft.emmx/com.microsoft.ruby.Main]
03-14 04:43:11.384 954 18689 I wm_set_resumed_activity: [0,com.microsoft.emmx/com.microsoft.ruby.Main,minimalResumeActivityLocked]
03-14 04:43:11.387 2598 2598 I wm_on_top_resumed_lost_called: [194529402,com.android.launcher3.uioverrides.QuickstepLauncher,topStateChangedWhenResumed]
03-14 04:43:11.435 6630 6630 I wm_on_create_called: [237572017,com.microsoft.ruby.Main,performCreate]
03-14 04:43:11.437 6630 6630 I wm_on_start_called: [237572017,com.microsoft.ruby.Main,handleStartActivity]
03-14 04:43:11.441 6630 6630 I wm_on_resume_called: [237572017,com.microsoft.ruby.Main,RESUME_ACTIVITY]
03-14 04:43:11.450 954 1047 I input_focus: [Focus request ef2db0f com.microsoft.emmx/com.microsoft.ruby.Main,reason=UpdateInputWindows]
03-14 04:43:11.452 6630 6630 I wm_on_top_resumed_gained_called: [237572017,com.microsoft.ruby.Main,topStateChangedWhenResumed]
03-14 04:43:11.454 954 2139 I am_uid_running: 90005
03-14 04:43:11.460 954 1067 I am_proc_start: [0,21890,90005,com.microsoft.emmx:sandboxed_process0:org.chromium.content.app.SandboxedProcessService0:39,,{com.microsoft.emmx/org.chromium.content.app.SandboxedProcessService0:39}]
01-01 08:58:04.692 0 0 I binder : 21890:21890 ioctl 40046210 7ffedd5054 returned -22
03-14 04:43:11.469 954 14421 I am_proc_bound: [0,21890,com.microsoft.emmx:sandboxed_process0:org.chromium.content.app.SandboxedProcessService0:39]
03-14 04:43:11.470 954 14421 I am_uid_active: 90005
03-14 04:43:11.474 954 1638 I input_focus: [Focus leaving fca4b77 com.android.launcher3/com.android.launcher3.uioverrides.QuickstepLauncher (server),reason=Waiting for window because NOT_VISIBLE]
03-14 04:43:11.604 954 12775 I am_uid_running: 90006
03-14 04:43:11.610 954 1067 I am_proc_start: [0,21924,90006,com.microsoft.emmx:sandboxed_process0:org.chromium.content.app.SandboxedProcessService0:40,,{com.microsoft.emmx/org.chromium.content.app.SandboxedProcessService0:40}]
03-14 04:43:11.624 954 1638 I input_focus: [Focus entering ef2db0f com.microsoft.emmx/com.microsoft.ruby.Main (server),reason=Window became focusable. Previous reason: NOT_VISIBLE]
03-14 04:43:11.626 954 1043 I sysui_multi_action: [319,246,322,245,325,3162,757,761,758,8,759,2,806,com.microsoft.emmx,871,com.microsoft.ruby.Main,904,com.android.launcher3,905,0,1320,4,1321,2]
03-14 04:43:11.627 954 1043 I wm_activity_launch_time: [0,237572017,com.microsoft.emmx/com.microsoft.ruby.Main,245]
03-14 04:43:11.632 954 12635 I am_proc_bound: [0,21924,com.microsoft.emmx:sandboxed_process0:org.chromium.content.app.SandboxedProcessService0:40]
01-01 08:58:04.855 0 0 I binder : 21924:21924 ioctl 40046210 7ffedd5054 returned -22
03-14 04:43:11.633 954 12635 I am_uid_active: 90006
01-01 08:58:05.326 0 0 E msm_pcm_playback_close: CMD_EOS failed, cmd_pending 0x8
01-01 08:58:05.337 0 0 I afe_close: port_id = 0x9000
01-01 08:58:05.357 0 0 I afe_find_cal_topo_id_by_port: port id: 0x9000, dev_acdb_id: 0
01-01 08:58:05.357 0 0 I afe_find_cal_topo_id_by_port: top_id:112fc acdb_id:15 afe_port:0x9000
01-01 08:58:05.357 0 0 I afe_get_cal_topology_id: port_id = 0x9000 acdb_id = 15 topology_id = 0x112fc cal_type_index=8 ret=0
01-01 08:58:05.358 0 0 I afe_send_port_topology_id: AFE set topology id 0x112fc enable for port 0x9000 ret 0
01-01 08:58:05.358 0 0 I send_afe_cal_type: cal_index is 0
01-01 08:58:05.358 0 0 I send_afe_cal_type: dev_acdb_id[55] is 0
01-01 08:58:05.358 0 0 I send_afe_cal_type: Sending cal_index cal 0
01-01 08:58:05.358 0 0 E send_afe_cal_type: No cal sent for cal_index 0, port_id = 0x9000! ret -22
01-01 08:58:05.366 0 0 I afe_send_hw_delay: port_id 0x9000 rate 48000 delay_usec 474 status 0
03-14 04:43:12.499 0 0 I auditd : type=1400 audit(0.0:9069): avc: denied { kill } for comm="swapper/4" capability=5 scontext=u:r:kernel:s0 tcontext=u:r:kernel:s0 tclass=capability permissive=1
03-14 04:43:12.893 954 1638 I input_interaction: Interaction with: ef2db0f com.microsoft.emmx/com.microsoft.ruby.Main (server), edge-swipe (server), swipe-up (server), PointerEventDispatcher0 (server),
03-14 04:43:13.124 954 1685 I netstats_mobile_sample: [0,0,0,0,0,0,0,0,0,0,0,0,1678740193124]
03-14 04:43:13.124 954 1685 I netstats_wifi_sample: [12369872,32907,5683883,39622,12369872,32907,5683883,39622,9214479,20826,4208143,30622,1678740193124]
03-14 04:43:13.119 674 674 I auditd : type=1400 audit(0.0:9070): avc: denied { add_name } for comm="Binder:674_1" name="globalAlert" scontext=u:r:netd:s0 tcontext=u:object_r:proc_net:s0 tclass=dir permissive=1
03-14 04:43:13.119 674 674 I auditd : type=1400 audit(0.0:9071): avc: denied { create } for comm="Binder:674_1" name="globalAlert" scontext=u:r:netd:s0 tcontext=u:object_r:proc_net:s0 tclass=file permissive=1
01-01 08:58:06.881 0 0 I logd : logdr: UID=1000 GID=1000 PID=21983 n tail=127 logMask=19 pid=0 start=0ns deadline=0ns
01-01 08:58:06.918 0 0 E DTC_ETH,link_delay_work_func: 3003, SQI=0, link=0
01-01 08:58:06.995 0 0 I logd : logdr: UID=1000 GID=1000 PID=22001 n tail=127 logMask=80 pid=0 start=0ns deadline=0ns
03-14 04:43:13.799 6630 6630 I view_enqueue_input_event: [Motion - Cancel,com.microsoft.emmx/com.microsoft.ruby.Main]
03-14 04:43:13.801 954 1638 I input_interaction: Interaction with: WindowManager (server), edge-swipe (server), swipe-up (server), PointerEventDispatcher0 (server),
03-14 04:43:14.486 954 1638 I input_interaction: Interaction with: ef2db0f com.microsoft.emmx/com.microsoft.ruby.Main (server), edge-swipe (server), swipe-up (server), PointerEventDispatcher0 (server),
03-14 04:43:14.499 0 0 I auditd : type=1400 audit(0.0:9072): avc: denied { kill } for comm="swapper/1" capability=5 scontext=u:r:kernel:s0 tcontext=u:r:kernel:s0 tclass=capability permissive=1
03-14 04:43:14.651 6630 6630 I view_enqueue_input_event: [Motion - Cancel,com.microsoft.emmx/com.microsoft.ruby.Main]
03-14 04:43:14.656 954 1638 I input_interaction: Interaction with: WindowManager (server), edge-swipe (server), swipe-up (server), PointerEventDispatcher0 (server),
03-14 04:43:14.712 954 1064 I sysui_multi_action: [757,1717,758,1,759,0]
03-14 04:43:14.712 954 1064 I sysui_multi_action: [757,1717,758,2,759,0]
03-14 04:43:14.712 954 1064 I sysui_multi_action: [757,1717,758,3,759,0]
03-14 04:43:15.323 954 1638 I input_interaction: Interaction with: ef2db0f com.microsoft.emmx/com.microsoft.ruby.Main (server), edge-swipe (server), swipe-up (server), PointerEventDispatcher0 (server),
03-14 04:43:15.438 6630 6630 I view_enqueue_input_event: [Motion - Cancel,com.microsoft.emmx/com.microsoft.ruby.Main]
03-14 04:43:15.447 954 1638 I input_interaction: Interaction with: WindowManager (server), edge-swipe (server), swipe-up (server), PointerEventDispatcher0 (server),
03-14 04:43:15.463 954 1066 I am_uid_idle: 10090
03-14 04:43:15.498 954 4806 I am_uid_running: 90007
03-14 04:43:15.506 954 1067 I am_proc_start: [0,22306,90007,com.microsoft.emmx:sandboxed_process0:org.chromium.content.app.SandboxedProcessService0:41,,{com.microsoft.emmx/org.chromium.content.app.SandboxedProcessService0:41}]
01-01 08:58:08.748 0 0 I binder : 22306:22306 ioctl 40046210 7ffedd5054 returned -22
03-14 04:43:15.529 954 4590 I am_proc_bound: [0,22306,com.microsoft.emmx:sandboxed_process0:org.chromium.content.app.SandboxedProcessService0:41]
03-14 04:43:15.533 954 4590 I am_uid_active: 90007
03-14 04:43:15.637 954 4590 I am_uid_running: 90008
03-14 04:43:15.660 954 4590 I am_kill : [0,21924,com.microsoft.emmx:sandboxed_process0:org.chromium.content.app.SandboxedProcessService0:40,0,isolated not needed]
03-14 04:43:15.661 954 1067 I am_proc_start: [0,22347,90008,com.microsoft.emmx:sandboxed_process0:org.chromium.content.app.SandboxedProcessService0:42,,{com.microsoft.emmx/org.chromium.content.app.SandboxedProcessService0:42}]
01-01 08:58:08.904 0 0 I binder : 22347:22347 ioctl 40046210 7ffedd5054 returned -22
03-14 04:43:15.682 954 12635 I am_proc_bound: [0,22347,com.microsoft.emmx:sandboxed_process0:org.chromium.content.app.SandboxedProcessService0:42]
03-14 04:43:15.684 954 12635 I am_uid_active: 90008
03-14 04:43:15.717 954 4590 I am_proc_died: [0,21924,com.microsoft.emmx:sandboxed_process0:org.chromium.content.app.SandboxedProcessService0:40,0,10]
03-14 04:43:15.717 954 4590 I am_uid_stopped: 90006
03-14 04:43:15.822 954 954 I service_manager_stats: [100,54,30200]
01-01 08:58:09.487 0 0 E [wifi@1][0xe2acf5b02][04:43:16.261656] wlan: [925:E:QDF] cds_flush_logs: 2424: Bug report already in progress - dropping! type:0, indicator=1 reason_code=0
01-01 08:58:09.502 0 0 E [wifi@1][0xe2ad3f469][04:43:16.277355] wlan: [925:E:HDD] __wlan_hdd_cfg80211_wifi_logger_get_ring_data: 9840: Failed to trigger bug report
01-01 08:58:09.529 0 0 I logd : logdr: UID=1000 GID=1000 PID=22402 n tail=127 logMask=19 pid=0 start=0ns deadline=0ns
03-14 04:43:16.394 954 1638 I input_interaction: Interaction with: ef2db0f com.microsoft.emmx/com.microsoft.ruby.Main (server), edge-swipe (server), swipe-up (server), PointerEventDispatcher0 (server),
01-01 08:58:09.646 0 0 I logd : logdr: UID=1000 GID=1000 PID=22409 n tail=127 logMask=80 pid=0 start=0ns deadline=0ns
03-14 04:43:16.499 0 0 I auditd : type=1400 audit(0.0:9073): avc: denied { kill } for comm="swapper/1" capability=5 scontext=u:r:kernel:s0 tcontext=u:r:kernel:s0 tclass=capability permissive=1
03-14 04:43:16.639 6630 6630 I view_enqueue_input_event: [Motion - Cancel,com.microsoft.emmx/com.microsoft.ruby.Main]
03-14 04:43:16.641 954 1638 I input_interaction: Interaction with: WindowManager (server), edge-swipe (server), swipe-up (server), PointerEventDispatcher0 (server),
01-01 08:58:09.900 0 0 E [wifi@1][0xe2b4891f5][04:43:16.675402] wlan: [925:E:QDF] cds_flush_logs: 2424: Bug report already in progress - dropping! type:0, indicator=1 reason_code=0
01-01 08:58:09.916 0 0 E [wifi@1][0xe2b4d3a57][04:43:16.691301] wlan: [925:E:HDD] __wlan_hdd_cfg80211_wifi_logger_get_ring_data: 9840: Failed to trigger bug report
01-01 08:58:09.931 0 0 I logd : logdr: UID=1000 GID=1000 PID=22439 n tail=127 logMask=19 pid=0 start=0ns deadline=0ns
01-01 08:58:10.031 0 0 I logd : logdr: UID=1000 GID=1000 PID=22443 n tail=127 logMask=80 pid=0 start=0ns deadline=0ns
03-14 04:43:17.302 954 1638 I input_interaction: Interaction with: ef2db0f com.microsoft.emmx/com.microsoft.ruby.Main (server), edge-swipe (server), swipe-up (server), PointerEventDispatcher0 (server),
03-14 04:43:17.408 6630 6630 I view_enqueue_input_event: [Motion - Cancel,com.microsoft.emmx/com.microsoft.ruby.Main]
03-14 04:43:17.410 954 1638 I input_interaction: Interaction with: WindowManager (server), edge-swipe (server), swipe-up (server), PointerEventDispatcher0 (server),
03-14 04:43:18.727 954 1638 I input_interaction: Interaction with: ef2db0f com.microsoft.emmx/com.microsoft.ruby.Main (server), edge-swipe (server), swipe-up (server), PointerEventDispatcher0 (server),
03-14 04:43:18.794 6630 6630 I view_enqueue_input_event: [Motion - Cancel,com.microsoft.emmx/com.microsoft.ruby.Main]
01-01 08:58:12.038 0 0 E DTC_ETH,link_delay_work_func: 3003, SQI=0, link=0
03-14 04:43:18.823 954 1638 I input_interaction: Interaction with: WindowManager (server), edge-swipe (server), swipe-up (server), PointerEventDispatcher0 (server),
03-14 04:43:19.223 954 1638 I input_interaction: Interaction with: ef2db0f com.microsoft.emmx/com.microsoft.ruby.Main (server), edge-swipe (server), swipe-up (server), PointerEventDispatcher0 (server),
03-14 04:43:19.380 6630 6630 I view_enqueue_input_event: [Motion - Cancel,com.microsoft.emmx/com.microsoft.ruby.Main]
03-14 04:43:19.384 954 1638 I input_interaction: Interaction with: WindowManager (server), edge-swipe (server), swipe-up (server), PointerEventDispatcher0 (server),
03-14 04:43:20.089 954 1638 I input_interaction: Interaction with: ef2db0f com.microsoft.emmx/com.microsoft.ruby.Main (server), edge-swipe (server), swipe-up (server), PointerEventDispatcher0 (server),
03-14 04:43:20.198 6630 6630 I view_enqueue_input_event: [Motion - Cancel,com.microsoft.emmx/com.microsoft.ruby.Main]
03-14 04:43:20.209 954 1638 I input_interaction: Interaction with: WindowManager (server), edge-swipe (server), swipe-up (server), PointerEventDispatcher0 (server),
03-14 04:43:20.942 954 1638 I input_interaction: Interaction with: ef2db0f com.microsoft.emmx/com.microsoft.ruby.Main (server), edge-swipe (server), swipe-up (server), PointerEventDispatcher0 (server),
03-14 04:43:21.002 6630 6630 I view_enqueue_input_event: [Motion - Cancel,com.microsoft.emmx/com.microsoft.ruby.Main]
03-14 04:43:21.008 954 1638 I input_interaction: Interaction with: WindowManager (server), edge-swipe (server), swipe-up (server), PointerEventDispatcher0 (server),
03-14 04:43:21.547 954 1638 I input_interaction: Interaction with: ef2db0f com.microsoft.emmx/com.microsoft.ruby.Main (server), edge-swipe (server), swipe-up (server), PointerEventDispatcher0 (server),
03-14 04:43:21.602 6630 6630 I view_enqueue_input_event: [Motion - Cancel,com.microsoft.emmx/com.microsoft.ruby.Main]
03-14 04:43:21.604 954 1638 I input_interaction: Interaction with: WindowManager (server), edge-swipe (server), swipe-up (server), PointerEventDispatcher0 (server),
03-14 04:43:22.289 954 1638 I input_interaction: Interaction with: ef2db0f com.microsoft.emmx/com.microsoft.ruby.Main (server), edge-swipe (server), swipe-up (server), PointerEventDispatcher0 (server),
03-14 04:43:22.336 6630 6630 I view_enqueue_input_event: [Motion - Cancel,com.microsoft.emmx/com.microsoft.ruby.Main]
03-14 04:43:22.341 954 1638 I input_interaction: Interaction with: WindowManager (server), edge-swipe (server), swipe-up (server), PointerEventDispatcher0 (server),
03-14 04:43:22.396 6630 6630 I service_manager_stats: [200,48,30949]
01-01 08:58:15.822 0 0 E msm_pcm_playback_close: CMD_EOS failed, cmd_pending 0x8
01-01 08:58:15.834 0 0 I afe_close: port_id = 0x9000
01-01 08:58:15.853 0 0 I afe_find_cal_topo_id_by_port: port id: 0x9000, dev_acdb_id: 0
01-01 08:58:15.853 0 0 I afe_find_cal_topo_id_by_port: top_id:112fc acdb_id:15 afe_port:0x9000
01-01 08:58:15.853 0 0 I afe_get_cal_topology_id: port_id = 0x9000 acdb_id = 15 topology_id = 0x112fc cal_type_index=8 ret=0
01-01 08:58:15.853 0 0 I afe_send_port_topology_id: AFE set topology id 0x112fc enable for port 0x9000 ret 0
01-01 08:58:15.853 0 0 I send_afe_cal_type: cal_index is 0
01-01 08:58:15.853 0 0 I send_afe_cal_type: dev_acdb_id[55] is 0
01-01 08:58:15.853 0 0 I send_afe_cal_type: Sending cal_index cal 0
01-01 08:58:15.853 0 0 E send_afe_cal_type: No cal sent for cal_index 0, port_id = 0x9000! ret -22
01-01 08:58:15.862 0 0 I afe_send_hw_delay: port_id 0x9000 rate 48000 delay_usec 474 status 0
03-14 04:43:22.826 954 1638 I input_interaction: Interaction with: ef2db0f com.microsoft.emmx/com.microsoft.ruby.Main (server), edge-swipe (server), swipe-up (server), PointerEventDispatcher0 (server),
03-14 04:43:22.905 6630 6630 I view_enqueue_input_event: [Motion - Cancel,com.microsoft.emmx/com.microsoft.ruby.Main]
03-14 04:43:22.906 954 1638 I input_interaction: Interaction with: WindowManager (server), edge-swipe (server), swipe-up (server), PointerEventDispatcher0 (server),
03-14 04:43:23.263 979 979 I auditd : type=1400 audit(0.0:9074): avc: denied { add_name } for comm="perf@2.2-servic" name="min_cpus" scontext=u:r:vendor_hal_perf_default:s0 tcontext=u:object_r:sysfs_devices_system_cpu:s0 tclass=dir permissive=1
03-14 04:43:23.263 979 979 I auditd : type=1400 audit(0.0:9075): avc: denied { create } for comm="perf@2.2-servic" name="min_cpus" scontext=u:r:vendor_hal_perf_default:s0 tcontext=u:object_r:sysfs_devices_system_cpu:s0 tclass=file permissive=1
03-14 04:43:23.267 979 979 I auditd : type=1400 audit(0.0:9076): avc: denied { add_name } for comm="perf@2.2-servic" name="min_freq" scontext=u:r:vendor_hal_perf_default:s0 tcontext=u:object_r:vendor_sysfs_devfreq:s0 tclass=dir permissive=1
03-14 04:43:23.267 979 979 I auditd : type=1400 audit(0.0:9077): avc: denied { create } for comm="perf@2.2-servic" name="min_freq" scontext=u:r:vendor_hal_perf_default:s0 tcontext=u:object_r:vendor_sysfs_devfreq:s0 tclass=file permissive=1
03-14 04:43:23.267 979 979 I auditd : type=1400 audit(0.0:9078): avc: denied { add_name } for comm="perf@2.2-servic" name="cpu_min_freq" scontext=u:r:vendor_hal_perf_default:s0 tcontext=u:object_r:vendor_sysfs_msm_perf:s0 tclass=dir permissive=1
03-14 04:43:23.267 979 979 I auditd : type=1400 audit(0.0:9079): avc: denied { create } for comm="perf@2.2-servic" name="cpu_min_freq" scontext=u:r:vendor_hal_perf_default:s0 tcontext=u:object_r:vendor_sysfs_msm_perf:s0 tclass=file permissive=1
03-14 04:43:23.266 954 1638 I input_interaction: Interaction with: ef2db0f com.microsoft.emmx/com.microsoft.ruby.Main (server), edge-swipe (server), swipe-up (server), PointerEventDispatcher0 (server),
03-14 04:43:23.289 6630 6630 I view_enqueue_input_event: [Motion - Cancel,com.microsoft.emmx/com.microsoft.ruby.Main]
03-14 04:43:23.295 954 1638 I input_interaction: Interaction with: WindowManager (server), edge-swipe (server), swipe-up (server), PointerEventDispatcher0 (server),
03-14 04:43:23.582 954 1638 I input_interaction: Interaction with: ef2db0f com.microsoft.emmx/com.microsoft.ruby.Main (server), edge-swipe (server), swipe-up (server), PointerEventDispatcher0 (server),
03-14 04:43:23.612 6630 6630 I view_enqueue_input_event: [Motion - Cancel,com.microsoft.emmx/com.microsoft.ruby.Main]
03-14 04:43:23.623 954 1638 I input_interaction: Interaction with: WindowManager (server), edge-swipe (server), swipe-up (server), PointerEventDispatcher0 (server),
03-14 04:43:23.903 954 1638 I input_interaction: Interaction with: ef2db0f com.microsoft.emmx/com.microsoft.ruby.Main (server), edge-swipe (server), swipe-up (server), PointerEventDispatcher0 (server),
03-14 04:43:23.924 954 1638 I input_interaction: Interaction with: WindowManager (server), edge-swipe (server), swipe-up (server), PointerEventDispatcher0 (server),
03-14 04:43:23.926 6630 6630 I view_enqueue_input_event: [Motion - Cancel,com.microsoft.emmx/com.microsoft.ruby.Main]
01-01 08:58:17.158 0 0 E DTC_ETH,link_delay_work_func: 3003, SQI=0, link=0
03-14 04:43:24.161 954 1638 I input_interaction: Interaction with: ef2db0f com.microsoft.emmx/com.microsoft.ruby.Main (server), edge-swipe (server), swipe-up (server), PointerEventDispatcher0 (server),
03-14 04:43:24.194 6630 6630 I view_enqueue_input_event: [Motion - Cancel,com.microsoft.emmx/com.microsoft.ruby.Main]
03-14 04:43:24.199 954 1638 I input_interaction: Interaction with: WindowManager (server), edge-swipe (server), swipe-up (server), PointerEventDispatcher0 (server),
03-14 04:43:24.491 954 1638 I input_interaction: Interaction with: ef2db0f com.microsoft.emmx/com.microsoft.ruby.Main (server), edge-swipe (server), swipe-up (server), PointerEventDispatcher0 (server),
03-14 04:43:24.527 6630 6630 I view_enqueue_input_event: [Motion - Cancel,com.microsoft.emmx/com.microsoft.ruby.Main]
03-14 04:43:24.776 6630 6630 I view_enqueue_input_event: [Motion - Cancel,com.microsoft.emmx/com.microsoft.ruby.Main]
03-14 04:43:25.075 6630 6630 I view_enqueue_input_event: [Motion - Cancel,com.microsoft.emmx/com.microsoft.ruby.Main]
03-14 04:43:25.078 954 1638 I input_interaction: Interaction with: WindowManager (server), edge-swipe (server), swipe-up (server), PointerEventDispatcher0 (server),
03-14 04:43:25.426 954 1638 I input_interaction: Interaction with: ef2db0f com.microsoft.emmx/com.microsoft.ruby.Main (server), edge-swipe (server), swipe-up (server), PointerEventDispatcher0 (server),
03-14 04:43:25.462 6630 6630 I view_enqueue_input_event: [Motion - Cancel,com.microsoft.emmx/com.microsoft.ruby.Main]
03-14 04:43:25.464 954 1638 I input_interaction: Interaction with: WindowManager (server), edge-swipe (server), swipe-up (server), PointerEventDispatcher0 (server),
03-14 04:43:25.744 954 1638 I input_interaction: Interaction with: ef2db0f com.microsoft.emmx/com.microsoft.ruby.Main (server), edge-swipe (server), swipe-up (server), PointerEventDispatcher0 (server),
03-14 04:43:25.779 6630 6630 I view_enqueue_input_event: [Motion - Cancel,com.microsoft.emmx/com.microsoft.ruby.Main]
03-14 04:43:25.780 954 1638 I input_interaction: Interaction with: WindowManager (server), edge-swipe (server), swipe-up (server), PointerEventDispatcher0 (server),
01-01 08:58:22.088 0 0 I msm_vidc: err : ffffffff: .....: DBLP Set: status 0
01-01 08:58:22.278 0 0 E DTC_ETH,link_delay_work_func: 3003, SQI=0, link=0
03-14 04:43:30.415 954 1638 I input_interaction: Interaction with: ef2db0f com.microsoft.emmx/com.microsoft.ruby.Main (server), edge-swipe (server), swipe-up (server), PointerEventDispatcher0 (server),
03-14 04:43:30.506 6630 6630 I view_enqueue_input_event: [Motion - Cancel,com.microsoft.emmx/com.microsoft.ruby.Main]
03-14 04:43:30.514 954 1638 I input_interaction: Interaction with: WindowManager (server), edge-swipe (server), swipe-up (server), PointerEventDispatcher0 (server),
03-14 04:43:30.854 954 1638 I input_interaction: Interaction with: ef2db0f com.microsoft.emmx/com.microsoft.ruby.Main (server), edge-swipe (server), swipe-up (server), PointerEventDispatcher0 (server),
03-14 04:43:30.873 6630 6630 I view_enqueue_input_event: [Motion - Cancel,com.microsoft.emmx/com.microsoft.ruby.Main]
03-14 04:43:30.878 954 1638 I input_interaction: Interaction with: WindowManager (server), edge-swipe (server), swipe-up (server), PointerEventDispatcher0 (server),
03-14 04:43:31.142 954 1638 I input_interaction: Interaction with: fca4b77 com.android.launcher3/com.android.launcher3.uioverrides.QuickstepLauncher (server), 45b849f com.android.systemui.ImageWallpaper (server), edge-swipe (server), swipe-up (server), PointerEventDispatcher0 (server),
03-14 04:43:31.418 954 1638 I input_interaction: Interaction with: ef2db0f com.microsoft.emmx/com.microsoft.ruby.Main (server), edge-swipe (server), swipe-up (server), PointerEventDispatcher0 (server),
03-14 04:43:31.441 6630 6630 I view_enqueue_input_event: [Motion - Cancel,com.microsoft.emmx/com.microsoft.ruby.Main]
03-14 04:43:31.444 954 1638 I input_interaction: Interaction with: WindowManager (server), edge-swipe (server), swipe-up (server), PointerEventDispatcher0 (server),
03-14 04:43:31.694 954 1638 I input_interaction: Interaction with: ef2db0f com.microsoft.emmx/com.microsoft.ruby.Main (server), edge-swipe (server), swipe-up (server), PointerEventDispatcher0 (server),
03-14 04:43:31.726 6630 6630 I view_enqueue_input_event: [Motion - Cancel,com.microsoft.emmx/com.microsoft.ruby.Main]
03-14 04:43:31.737 954 1638 I input_interaction: Interaction with: WindowManager (server), edge-swipe (server), swipe-up (server), PointerEventDispatcher0 (server),
03-14 04:43:31.987 954 1638 I input_interaction: Interaction with: ef2db0f com.microsoft.emmx/com.microsoft.ruby.Main (server), edge-swipe (server), swipe-up (server), PointerEventDispatcher0 (server),
03-14 04:43:32.010 6630 6630 I view_enqueue_input_event: [Motion - Cancel,com.microsoft.emmx/com.microsoft.ruby.Main]
03-14 04:43:32.020 954 1638 I input_interaction: Interaction with: WindowManager (server), edge-swipe (server), swipe-up (server), PointerEventDispatcher0 (server),
03-14 04:43:32.300 954 1638 I input_interaction: Interaction with: ef2db0f com.microsoft.emmx/com.microsoft.ruby.Main (server), edge-swipe (server), swipe-up (server), PointerEventDispatcher0 (server),
03-14 04:43:32.344 6630 6630 I view_enqueue_input_event: [Motion - Cancel,com.microsoft.emmx/com.microsoft.ruby.Main]
03-14 04:43:32.350 954 1638 I input_interaction: Interaction with: WindowManager (server), edge-swipe (server), swipe-up (server), PointerEventDispatcher0 (server),
01-01 08:58:26.318 0 0 E msm_pcm_playback_close: CMD_EOS failed, cmd_pending 0x8
01-01 08:58:26.331 0 0 I afe_close: port_id = 0x9000
01-01 08:58:26.352 0 0 I afe_find_cal_topo_id_by_port: port id: 0x9000, dev_acdb_id: 0
01-01 08:58:26.352 0 0 I afe_find_cal_topo_id_by_port: top_id:112fc acdb_id:15 afe_port:0x9000
01-01 08:58:26.352 0 0 I afe_get_cal_topology_id: port_id = 0x9000 acdb_id = 15 topology_id = 0x112fc cal_type_index=8 ret=0
01-01 08:58:26.352 0 0 I afe_send_port_topology_id: AFE set topology id 0x112fc enable for port 0x9000 ret 0
01-01 08:58:26.352 0 0 I send_afe_cal_type: cal_index is 0
01-01 08:58:26.352 0 0 I send_afe_cal_type: dev_acdb_id[55] is 0
01-01 08:58:26.352 0 0 I send_afe_cal_type: Sending cal_index cal 0
01-01 08:58:26.352 0 0 E send_afe_cal_type: No cal sent for cal_index 0, port_id = 0x9000! ret -22
01-01 08:58:26.361 0 0 I afe_send_hw_delay: port_id 0x9000 rate 48000 delay_usec 474 status 0
03-14 04:43:33.153 954 1638 I input_interaction: Interaction with: ef2db0f com.microsoft.emmx/com.microsoft.ruby.Main (server), edge-swipe (server), swipe-up (server), PointerEventDispatcher0 (server),
03-14 04:43:33.196 6630 6630 I view_enqueue_input_event: [Motion - Cancel,com.microsoft.emmx/com.microsoft.ruby.Main]
03-14 04:43:33.206 954 1638 I input_interaction: Interaction with: WindowManager (server), edge-swipe (server), swipe-up (server), PointerEventDispatcher0 (server),
03-14 04:43:33.882 954 1638 I input_interaction: Interaction with: ef2db0f com.microsoft.emmx/com.microsoft.ruby.Main (server), edge-swipe (server), swipe-up (server), PointerEventDispatcher0 (server),
03-14 04:43:33.914 6630 6630 I view_enqueue_input_event: [Motion - Cancel,com.microsoft.emmx/com.microsoft.ruby.Main]
03-14 04:43:33.920 954 1638 I input_interaction: Interaction with: WindowManager (server), edge-swipe (server), swipe-up (server), PointerEventDispatcher0 (server),
03-14 04:43:34.044 6630 6630 I service_manager_stats: [200,55,11648]
01-01 08:58:27.398 0 0 E DTC_ETH,link_delay_work_func: 3003, SQI=0, link=0
03-14 04:43:34.666 954 1638 I input_interaction: Interaction with: ef2db0f com.microsoft.emmx/com.microsoft.ruby.Main (server), edge-swipe (server), swipe-up (server), PointerEventDispatcher0 (server),
03-14 04:43:34.733 6630 6630 I view_enqueue_input_event: [Motion - Cancel,com.microsoft.emmx/com.microsoft.ruby.Main]
03-14 04:43:34.733 954 1638 I input_interaction: Interaction with: WindowManager (server), edge-swipe (server), swipe-up (server), PointerEventDispatcher0 (server),
03-14 04:43:35.190 954 1638 I input_interaction: Interaction with: ef2db0f com.microsoft.emmx/com.microsoft.ruby.Main (server), edge-swipe (server), swipe-up (server), PointerEventDispatcher0 (server),
03-14 04:43:35.219 6630 6630 I view_enqueue_input_event: [Motion - Cancel,com.microsoft.emmx/com.microsoft.ruby.Main]
03-14 04:43:35.227 954 1638 I input_interaction: Interaction with: WindowManager (server), edge-swipe (server), swipe-up (server), PointerEventDispatcher0 (server),
03-14 04:43:35.534 954 1638 I input_interaction: Interaction with: ef2db0f com.microsoft.emmx/com.microsoft.ruby.Main (server), edge-swipe (server), swipe-up (server), PointerEventDispatcher0 (server),
03-14 04:43:35.584 954 1638 I input_interaction: Interaction with: WindowManager (server), edge-swipe (server), swipe-up (server), PointerEventDispatcher0 (server),
03-14 04:43:35.585 6630 6630 I view_enqueue_input_event: [Motion - Cancel,com.microsoft.emmx/com.microsoft.ruby.Main]
03-14 04:43:36.317 954 1638 I input_interaction: Interaction with: ef2db0f com.microsoft.emmx/com.microsoft.ruby.Main (server), edge-swipe (server), swipe-up (server), PointerEventDispatcher0 (server),
03-14 04:43:36.554 6630 6630 I view_enqueue_input_event: [Motion - Cancel,com.microsoft.emmx/com.microsoft.ruby.Main]
03-14 04:43:36.560 954 1638 I input_interaction: Interaction with: WindowManager (server), edge-swipe (server), swipe-up (server), PointerEventDispatcher0 (server),
01-01 08:58:32.518 0 0 E DTC_ETH,link_delay_work_func: 3003, SQI=0, link=0
01-01 08:58:34.120 0 0 I msm_vidc: err : ffffffff: .....: DBLP Set: status 0
03-14 04:43:42.804 954 1638 I input_interaction: Interaction with: ef2db0f com.microsoft.emmx/com.microsoft.ruby.Main (server), edge-swipe (server), swipe-up (server), PointerEventDispatcher0 (server),
03-14 04:43:42.954 6630 6630 I view_enqueue_input_event: [Motion - Cancel,com.microsoft.emmx/com.microsoft.ruby.Main]
03-14 04:43:42.966 954 1638 I input_interaction: Interaction with: WindowManager (server), edge-swipe (server), swipe-up (server), PointerEventDispatcher0 (server),
01-01 08:58:36.814 0 0 E msm_pcm_playback_close: CMD_EOS failed, cmd_pending 0x8
01-01 08:58:36.826 0 0 I afe_close: port_id = 0x9000
01-01 08:58:36.845 0 0 I afe_find_cal_topo_id_by_port: port id: 0x9000, dev_acdb_id: 0
01-01 08:58:36.845 0 0 I afe_find_cal_topo_id_by_port: top_id:112fc acdb_id:15 afe_port:0x9000
01-01 08:58:36.845 0 0 I afe_get_cal_topology_id: port_id = 0x9000 acdb_id = 15 topology_id = 0x112fc cal_type_index=8 ret=0
01-01 08:58:36.845 0 0 I afe_send_port_topology_id: AFE set topology id 0x112fc enable for port 0x9000 ret 0
01-01 08:58:36.845 0 0 I send_afe_cal_type: cal_index is 0
01-01 08:58:36.845 0 0 I send_afe_cal_type: dev_acdb_id[55] is 0
01-01 08:58:36.845 0 0 I send_afe_cal_type: Sending cal_index cal 0
01-01 08:58:36.845 0 0 E send_afe_cal_type: No cal sent for cal_index 0, port_id = 0x9000! ret -22
01-01 08:58:36.853 0 0 I afe_send_hw_delay: port_id 0x9000 rate 48000 delay_usec 474 status 0
03-14 04:43:44.055 954 1638 I input_interaction: Interaction with: ef2db0f com.microsoft.emmx/com.microsoft.ruby.Main (server), edge-swipe (server), swipe-up (server), PointerEventDispatcher0 (server),
03-14 04:43:44.088 6630 6630 I view_enqueue_input_event: [Motion - Cancel,com.microsoft.emmx/com.microsoft.ruby.Main]
03-14 04:43:44.093 954 1638 I input_interaction: Interaction with: WindowManager (server), edge-swipe (server), swipe-up (server), PointerEventDispatcher0 (server),
01-01 08:58:37.638 0 0 E DTC_ETH,link_delay_work_func: 3003, SQI=0, link=0
03-14 04:43:44.454 954 1638 I input_interaction: Interaction with: ef2db0f com.microsoft.emmx/com.microsoft.ruby.Main (server), edge-swipe (server), swipe-up (server), PointerEventDispatcher0 (server),
03-14 04:43:44.540 6630 6630 I view_enqueue_input_event: [Motion - Cancel,com.microsoft.emmx/com.microsoft.ruby.Main]
03-14 04:43:44.547 954 1638 I input_interaction: Interaction with: WindowManager (server), edge-swipe (server), swipe-up (server), PointerEventDispatcher0 (server),
03-14 04:43:44.813 954 1638 I input_interaction: Interaction with: ef2db0f com.microsoft.emmx/com.microsoft.ruby.Main (server), edge-swipe (server), swipe-up (server), PointerEventDispatcher0 (server),
03-14 04:43:44.842 6630 6630 I view_enqueue_input_event: [Motion - Cancel,com.microsoft.emmx/com.microsoft.ruby.Main]
03-14 04:43:44.850 954 1638 I input_interaction: Interaction with: WindowManager (server), edge-swipe (server), swipe-up (server), PointerEventDispatcher0 (server),
03-14 04:43:45.116 954 1638 I input_interaction: Interaction with: ef2db0f com.microsoft.emmx/com.microsoft.ruby.Main (server), edge-swipe (server), swipe-up (server), PointerEventDispatcher0 (server),
03-14 04:43:45.141 954 1638 I input_interaction: Interaction with: WindowManager (server), edge-swipe (server), swipe-up (server), PointerEventDispatcher0 (server),
03-14 04:43:45.144 6630 6630 I view_enqueue_input_event: [Motion - Cancel,com.microsoft.emmx/com.microsoft.ruby.Main]
03-14 04:43:45.416 954 1638 I input_interaction: Interaction with: ef2db0f com.microsoft.emmx/com.microsoft.ruby.Main (server), edge-swipe (server), swipe-up (server), PointerEventDispatcher0 (server),
03-14 04:43:45.441 6630 6630 I view_enqueue_input_event: [Motion - Cancel,com.microsoft.emmx/com.microsoft.ruby.Main]
03-14 04:43:45.441 954 1638 I input_interaction: Interaction with: WindowManager (server), edge-swipe (server), swipe-up (server), PointerEventDispatcher0 (server),
03-14 04:43:46.256 954 1638 I input_interaction: Interaction with: ef2db0f com.microsoft.emmx/com.microsoft.ruby.Main (server), edge-swipe (server), swipe-up (server), PointerEventDispatcher0 (server),
03-14 04:43:46.310 6630 6630 I view_enqueue_input_event: [Motion - Cancel,com.microsoft.emmx/com.microsoft.ruby.Main]
03-14 04:43:46.322 954 1638 I input_interaction: Interaction with: WindowManager (server), edge-swipe (server), swipe-up (server), PointerEventDispatcher0 (server),
03-14 04:43:46.606 954 1685 I netstats_mobile_sample: [0,0,0,0,0,0,0,0,0,0,0,0,1678740226606]
03-14 04:43:46.606 954 1685 I netstats_wifi_sample: [13496392,38689,6724386,47361,13496392,38689,6724386,47361,9591672,23407,5146832,37573,1678740226606]
03-14 04:43:46.603 674 674 I auditd : type=1400 audit(0.0:9080): avc: denied { add_name } for comm="Binder:674_1" name="globalAlert" scontext=u:r:netd:s0 tcontext=u:object_r:proc_net:s0 tclass=dir permissive=1
03-14 04:43:46.603 674 674 I auditd : type=1400 audit(0.0:9081): avc: denied { create } for comm="Binder:674_1" name="globalAlert" scontext=u:r:netd:s0 tcontext=u:object_r:proc_net:s0 tclass=file permissive=1
03-14 04:43:47.150 954 1638 I input_interaction: Interaction with: ef2db0f com.microsoft.emmx/com.microsoft.ruby.Main (server), edge-swipe (server), swipe-up (server), PointerEventDispatcher0 (server),
03-14 04:43:47.151 954 954 I service_manager_stats: [100,94,31328]
03-14 04:43:47.196 6630 6630 I view_enqueue_input_event: [Motion - Cancel,com.microsoft.emmx/com.microsoft.ruby.Main]
03-14 04:43:47.202 954 1638 I input_interaction: Interaction with: WindowManager (server), edge-swipe (server), swipe-up (server), PointerEventDispatcher0 (server),
03-14 04:43:47.499 13583 13583 I auditd : type=1400 audit(0.0:9082): avc: denied { kill } for comm="kworker/0:0" capability=5 scontext=u:r:kernel:s0 tcontext=u:r:kernel:s0 tclass=capability permissive=1
03-14 04:43:49.020 954 1638 I input_interaction: Interaction with: ef2db0f com.microsoft.emmx/com.microsoft.ruby.Main (server), edge-swipe (server), swipe-up (server), PointerEventDispatcher0 (server),
01-01 08:58:42.272 0 0 I logd : logdr: UID=1000 GID=1000 PID=24273 n tail=127 logMask=19 pid=0 start=0ns deadline=0ns
03-14 04:43:49.083 6630 6630 I view_enqueue_input_event: [Motion - Cancel,com.microsoft.emmx/com.microsoft.ruby.Main]
03-14 04:43:49.086 954 1638 I input_interaction: Interaction with: WindowManager (server), edge-swipe (server), swipe-up (server), PointerEventDispatcher0 (server),
01-01 08:58:42.369 0 0 I logd : logdr: UID=1000 GID=1000 PID=24282 n tail=127 logMask=80 pid=0 start=0ns deadline=0ns
01-01 08:58:42.758 0 0 E DTC_ETH,link_delay_work_func: 3003, SQI=0, link=0
03-14 04:43:49.875 954 1638 I input_interaction: Interaction with: ef2db0f com.microsoft.emmx/com.microsoft.ruby.Main (server), edge-swipe (server), swipe-up (server), PointerEventDispatcher0 (server),
03-14 04:43:49.953 6630 6630 I view_enqueue_input_event: [Motion - Cancel,com.microsoft.emmx/com.microsoft.ruby.Main]
03-14 04:43:49.956 954 1638 I input_interaction: Interaction with: WindowManager (server), edge-swipe (server), swipe-up (server), PointerEventDispatcher0 (server),
03-14 04:43:50.865 954 1638 I input_interaction: Interaction with: ef2db0f com.microsoft.emmx/com.microsoft.ruby.Main (server), edge-swipe (server), swipe-up (server), PointerEventDispatcher0 (server),
03-14 04:43:50.905 6630 6630 I view_enqueue_input_event: [Motion - Cancel,com.microsoft.emmx/com.microsoft.ruby.Main]
03-14 04:43:50.905 954 1638 I input_interaction: Interaction with: WindowManager (server), edge-swipe (server), swipe-up (server), PointerEventDispatcher0 (server),
03-14 04:43:51.319 954 1638 I input_interaction: Interaction with: ef2db0f com.microsoft.emmx/com.microsoft.ruby.Main (server), edge-swipe (server), swipe-up (server), PointerEventDispatcher0 (server),
03-14 04:43:51.333 954 6613 I am_kill : [0,22347,com.microsoft.emmx:sandboxed_process0:org.chromium.content.app.SandboxedProcessService0:42,0,isolated not needed]
03-14 04:43:51.341 6630 6630 I view_enqueue_input_event: [Motion - Cancel,com.microsoft.emmx/com.microsoft.ruby.Main]
03-14 04:43:51.349 954 1638 I input_interaction: Interaction with: WindowManager (server), edge-swipe (server), swipe-up (server), PointerEventDispatcher0 (server),
03-14 04:43:51.391 954 6613 I am_proc_died: [0,22347,com.microsoft.emmx:sandboxed_process0:org.chromium.content.app.SandboxedProcessService0:42,0,10]
03-14 04:43:51.391 954 6613 I am_uid_stopped: 90008
03-14 04:43:51.406 954 1064 I am_pss : [21890,90005,com.microsoft.emmx:sandboxed_process0:org.chromium.content.app.SandboxedProcessService0:39,37408768,9150464,28672,173756416,0,3,7]
03-14 04:43:51.416 954 1064 I am_pss : [22306,90007,com.microsoft.emmx:sandboxed_process0:org.chromium.content.app.SandboxedProcessService0:41,48670720,19623936,28672,186253312,0,3,8]
03-14 04:43:51.422 954 1064 I am_pss : [8500,10067,com.android.inputmethod.latin,10832896,3420160,6469632,56750080,0,19,5]
03-14 04:43:51.625 954 1638 I input_interaction: Interaction with: ef2db0f com.microsoft.emmx/com.microsoft.ruby.Main (server), edge-swipe (server), swipe-up (server), PointerEventDispatcher0 (server),
03-14 04:43:51.657 6630 6630 I view_enqueue_input_event: [Motion - Cancel,com.microsoft.emmx/com.microsoft.ruby.Main]
03-14 04:43:51.664 954 1638 I input_interaction: Interaction with: WindowManager (server), edge-swipe (server), swipe-up (server), PointerEventDispatcher0 (server),
03-14 04:43:51.728 6630 6630 I service_manager_stats: [200,61,17684]
03-14 04:43:51.799 954 1066 I am_uid_idle: 10062
03-14 04:43:51.928 954 1638 I input_interaction: Interaction with: ef2db0f com.microsoft.emmx/com.microsoft.ruby.Main (server), edge-swipe (server), swipe-up (server), PointerEventDispatcher0 (server),
03-14 04:43:51.961 6630 6630 I view_enqueue_input_event: [Motion - Cancel,com.microsoft.emmx/com.microsoft.ruby.Main]
03-14 04:43:51.966 954 1638 I input_interaction: Interaction with: WindowManager (server), edge-swipe (server), swipe-up (server), PointerEventDispatcher0 (server),
03-14 04:43:52.355 954 2215 I am_uid_running: 90009
03-14 04:43:52.364 954 1067 I am_proc_start: [0,24530,90009,com.microsoft.emmx:sandboxed_process0:org.chromium.content.app.SandboxedProcessService0:43,,{com.microsoft.emmx/org.chromium.content.app.SandboxedProcessService0:43}]
01-01 08:58:45.597 0 0 I binder : 24530:24530 ioctl 40046210 7ffedd5054 returned -22
03-14 04:43:52.374 954 2215 I am_proc_bound: [0,24530,com.microsoft.emmx:sandboxed_process0:org.chromium.content.app.SandboxedProcessService0:43]
03-14 04:43:52.375 954 2215 I am_uid_active: 90009
01-01 08:58:46.342 0 0 E [soft_i][0xe54fcf3cf][04:43:53.117454] wlan: [0:E:DATA] __hdd_tx_timeout: Transmission timeout occurred jiffies 4295693248
01-01 08:58:46.355 0 0 E [soft_i][0xe5500a471][04:43:53.130049] wlan: [0:E:DP] No of pool map received 1
01-01 08:58:46.363 0 0 E [soft_i][0xe550327f4][04:43:53.138629] wlan: [0:E:DP] No of pool unmap received 0
01-01 08:58:46.372 0 0 E [soft_i][0xe5505b8e3][04:43:53.147388] wlan: [0:E:DP] Pkt dropped due to unavailablity of pool 0
01-01 08:58:46.382 0 0 E [soft_i][0xe5508add2][04:43:53.157480] wlan: [0:E:DP]
01-01 08:58:46.390 0 0 E [soft_i][0xe550afb83][04:43:53.165343] wlan: [0:E:DP] Flow_pool_id 0 :: status 2
01-01 08:58:46.399 0 0 E [soft_i][0xe550d850d][04:43:53.174003] wlan: [0:E:DP] Total 4096 :: Available 846
01-01 08:58:46.408 0 0 E [soft_i][0xe55101655][04:43:53.182767] wlan: [0:E:DP] Level 0 :: Start threshold 1024 :: Stop threshold 614
01-01 08:58:46.419 0 0 E [soft_i][0xe551354a7][04:43:53.193838] wlan: [0:E:DP] Level 0 :: Maximun pause time 10792 ms
01-01 08:58:46.428 0 0 E [soft_i][0xe55162df0][04:43:53.203562] wlan: [0:E:DP] Level 0 :: Latest pause timestamp 17182767600
01-01 08:58:46.439 0 0 E [soft_i][0xe5519378a][04:43:53.213930] wlan: [0:E:DP] Level 1 :: Start threshold 819 :: Stop threshold 491
01-01 08:58:46.450 0 0 E [soft_i][0xe551c6f44][04:43:53.224913] wlan: [0:E:DP] Level 1 :: Maximun pause time 0 ms
01-01 08:58:46.459 0 0 E [soft_i][0xe551f2ed3][04:43:53.234294] wlan: [0:E:DP] Level 1 :: Latest pause timestamp 0
01-01 08:58:46.469 0 0 E [soft_i][0xe5521f50b][04:43:53.243763] wlan: [0:E:DP] Level 2 :: Start threshold 614 :: Stop threshold 368
01-01 08:58:46.480 0 0 E [soft_i][0xe55252c1e][04:43:53.254738] wlan: [0:E:DP] Level 2 :: Maximun pause time 0 ms
01-01 08:58:46.489 0 0 E [soft_i][0xe5527eba2][04:43:53.264118] wlan: [0:E:DP] Level 2 :: Latest pause timestamp 0
01-01 08:58:46.498 0 0 E [soft_i][0xe552ab19b][04:43:53.273584] wlan: [0:E:DP] Level 3 :: Start threshold 409 :: Stop threshold 245
