01-01 08:48:48.838 0 0 E DTC_ETH,link_delay_work_func: 3003, SQI=0, link=0
01-01 08:48:49.038 0 0 E msm_pcm_playback_close: CMD_EOS failed, cmd_pending 0x8
01-01 08:48:49.051 0 0 I afe_close: port_id = 0x9000
01-01 08:48:49.074 0 0 I afe_find_cal_topo_id_by_port: port id: 0x9000, dev_acdb_id: 0
01-01 08:48:49.074 0 0 I afe_find_cal_topo_id_by_port: top_id:112fc acdb_id:15 afe_port:0x9000
01-01 08:48:49.074 0 0 I afe_get_cal_topology_id: port_id = 0x9000 acdb_id = 15 topology_id = 0x112fc cal_type_index=8 ret=0
01-01 08:48:49.074 0 0 I afe_send_port_topology_id: AFE set topology id 0x112fc enable for port 0x9000 ret 0
01-01 08:48:49.074 0 0 I send_afe_cal_type: cal_index is 0
01-01 08:48:49.074 0 0 I send_afe_cal_type: dev_acdb_id[55] is 0
01-01 08:48:49.074 0 0 I send_afe_cal_type: Sending cal_index cal 0
01-01 08:48:49.074 0 0 E send_afe_cal_type: No cal sent for cal_index 0, port_id = 0x9000! ret -22
01-01 08:48:49.083 0 0 I afe_send_hw_delay: port_id 0x9000 rate 48000 delay_usec 474 status 0
01-01 08:48:53.958 0 0 E DTC_ETH,link_delay_work_func: 3003, SQI=0, link=0
01-01 08:48:55.816 0 0 I msm_vidc: err : ffffffff: .....: DBLP Set: status 0
01-01 08:48:56.698 0 0 W perfetto: enabled ftrace
01-01 08:48:56.708 0 0 I binder : 9624:9624 ioctl 40046210 7ffedd5de4 returned -22
01-01 08:48:56.906 0 0 I binder : 9650:9650 ioctl 40046210 7ffedd5de4 returned -22
01-01 08:48:57.007 0 0 I binder : 9624:9644 ioctl 40046210 7b3fcc51f4 returned -22
01-01 08:48:57.045 0 0 W audit : audit_lost=5625 audit_rate_limit=5 audit_backlog_limit=64
01-01 08:48:57.045 0 0 E audit : rate limit exceeded
03-14 04:34:03.829 9624 9624 W CarrierConfigManager: Error getting config for subId -1 ICarrierConfigLoader is null
03-14 04:34:03.857 954 5436 D TelephonyRegistry: listen oscl: mHasNotifySubscriptionInfoChangedOccurred==false no callback
03-14 04:34:03.863 954 2135 D TelephonyRegistry: listen oscl: mHasNotifySubscriptionInfoChangedOccurred==false no callback
01-01 08:48:57.129 0 0 I [schedu][0xbb2afdc69][04:34:03.904128] wlan: [3419:I:OSIF] scan start scan id 40974
01-01 08:48:58.293 0 0 I [schedu][0xbb404f8e1][04:34:05.068455] wlan: [3419:I:OSIF] vdev 0, scan id 40974 type COMPLETED(1) reason COMPLETED(1) scan found 20 bss
01-01 08:48:58.688 0 0 W audit : audit_lost=5627 audit_rate_limit=5 audit_backlog_limit=64
01-01 08:48:58.688 0 0 E audit : rate limit exceeded
01-01 08:48:59.078 0 0 E DTC_ETH,link_delay_work_func: 3003, SQI=0, link=0
01-01 08:48:59.534 0 0 E msm_pcm_playback_close: CMD_EOS failed, cmd_pending 0x8
01-01 08:48:59.547 0 0 I afe_close: port_id = 0x9000
01-01 08:48:59.568 0 0 I afe_find_cal_topo_id_by_port: port id: 0x9000, dev_acdb_id: 0
01-01 08:48:59.568 0 0 I afe_find_cal_topo_id_by_port: top_id:112fc acdb_id:15 afe_port:0x9000
01-01 08:48:59.568 0 0 I afe_get_cal_topology_id: port_id = 0x9000 acdb_id = 15 topology_id = 0x112fc cal_type_index=8 ret=0
01-01 08:48:59.569 0 0 I afe_send_port_topology_id: AFE set topology id 0x112fc enable for port 0x9000 ret 0
01-01 08:48:59.569 0 0 I send_afe_cal_type: cal_index is 0
01-01 08:48:59.569 0 0 I send_afe_cal_type: dev_acdb_id[55] is 0
01-01 08:48:59.569 0 0 I send_afe_cal_type: Sending cal_index cal 0
01-01 08:48:59.569 0 0 E send_afe_cal_type: No cal sent for cal_index 0, port_id = 0x9000! ret -22
01-01 08:48:59.577 0 0 I afe_send_hw_delay: port_id 0x9000 rate 48000 delay_usec 474 status 0
01-01 08:49:01.698 0 0 W perfetto: disabled ftrace
01-01 08:49:04.198 0 0 E DTC_ETH,link_delay_work_func: 3003, SQI=0, link=0
01-01 08:49:07.240 0 0 I msm_vidc: err : ffffffff: .....: DBLP Set: status 0
01-01 08:49:09.318 0 0 E DTC_ETH,link_delay_work_func: 3003, SQI=0, link=0
01-01 08:49:10.030 0 0 E msm_pcm_playback_close: CMD_EOS failed, cmd_pending 0x8
01-01 08:49:10.043 0 0 I afe_close: port_id = 0x9000
01-01 08:49:10.068 0 0 I afe_find_cal_topo_id_by_port: port id: 0x9000, dev_acdb_id: 0
01-01 08:49:10.068 0 0 I afe_find_cal_topo_id_by_port: top_id:112fc acdb_id:15 afe_port:0x9000
01-01 08:49:10.068 0 0 I afe_get_cal_topology_id: port_id = 0x9000 acdb_id = 15 topology_id = 0x112fc cal_type_index=8 ret=0
01-01 08:49:10.068 0 0 I afe_send_port_topology_id: AFE set topology id 0x112fc enable for port 0x9000 ret 0
01-01 08:49:10.068 0 0 I send_afe_cal_type: cal_index is 0
01-01 08:49:10.068 0 0 I send_afe_cal_type: dev_acdb_id[55] is 0
01-01 08:49:10.068 0 0 I send_afe_cal_type: Sending cal_index cal 0
01-01 08:49:10.068 0 0 E send_afe_cal_type: No cal sent for cal_index 0, port_id = 0x9000! ret -22
01-01 08:49:10.076 0 0 I afe_send_hw_delay: port_id 0x9000 rate 48000 delay_usec 474 status 0
01-01 08:49:14.438 0 0 E DTC_ETH,link_delay_work_func: 3003, SQI=0, link=0
01-01 08:49:19.558 0 0 E DTC_ETH,link_delay_work_func: 3003, SQI=0, link=0
01-01 08:49:20.526 0 0 E msm_pcm_playback_close: CMD_EOS failed, cmd_pending 0x8
01-01 08:49:20.539 0 0 I afe_close: port_id = 0x9000
01-01 08:49:20.559 0 0 I afe_find_cal_topo_id_by_port: port id: 0x9000, dev_acdb_id: 0
01-01 08:49:20.559 0 0 I afe_find_cal_topo_id_by_port: top_id:112fc acdb_id:15 afe_port:0x9000
01-01 08:49:20.559 0 0 I afe_get_cal_topology_id: port_id = 0x9000 acdb_id = 15 topology_id = 0x112fc cal_type_index=8 ret=0
01-01 08:49:20.560 0 0 I afe_send_port_topology_id: AFE set topology id 0x112fc enable for port 0x9000 ret 0
01-01 08:49:20.560 0 0 I send_afe_cal_type: cal_index is 0
01-01 08:49:20.560 0 0 I send_afe_cal_type: dev_acdb_id[55] is 0
01-01 08:49:20.560 0 0 I send_afe_cal_type: Sending cal_index cal 0
01-01 08:49:20.560 0 0 E send_afe_cal_type: No cal sent for cal_index 0, port_id = 0x9000! ret -22
01-01 08:49:20.568 0 0 I afe_send_hw_delay: port_id 0x9000 rate 48000 delay_usec 474 status 0
01-01 08:49:23.816 0 0 I msm_vidc: err : ffffffff: .....: DBLP Set: status 0
01-01 08:49:24.678 0 0 E DTC_ETH,link_delay_work_func: 3003, SQI=0, link=0
01-01 08:49:29.798 0 0 E DTC_ETH,link_delay_work_func: 3003, SQI=0, link=0
01-01 08:49:31.022 0 0 E msm_pcm_playback_close: CMD_EOS failed, cmd_pending 0x8
01-01 08:49:31.035 0 0 I afe_close: port_id = 0x9000
01-01 08:49:31.060 0 0 I afe_find_cal_topo_id_by_port: port id: 0x9000, dev_acdb_id: 0
01-01 08:49:31.060 0 0 I afe_find_cal_topo_id_by_port: top_id:112fc acdb_id:15 afe_port:0x9000
01-01 08:49:31.060 0 0 I afe_get_cal_topology_id: port_id = 0x9000 acdb_id = 15 topology_id = 0x112fc cal_type_index=8 ret=0
01-01 08:49:31.060 0 0 I afe_send_port_topology_id: AFE set topology id 0x112fc enable for port 0x9000 ret 0
01-01 08:49:31.060 0 0 I send_afe_cal_type: cal_index is 0
01-01 08:49:31.060 0 0 I send_afe_cal_type: dev_acdb_id[55] is 0
01-01 08:49:31.060 0 0 I send_afe_cal_type: Sending cal_index cal 0
01-01 08:49:31.060 0 0 E send_afe_cal_type: No cal sent for cal_index 0, port_id = 0x9000! ret -22
01-01 08:49:31.068 0 0 I afe_send_hw_delay: port_id 0x9000 rate 48000 delay_usec 474 status 0
01-01 08:49:34.918 0 0 E DTC_ETH,link_delay_work_func: 3003, SQI=0, link=0
01-01 08:49:40.038 0 0 E DTC_ETH,link_delay_work_func: 3003, SQI=0, link=0
01-01 08:49:40.761 0 0 I logd : start watching /data/system/packages.list ...
01-01 08:49:40.772 0 0 I logd : ReadPackageList, total packages: 109
01-01 08:49:41.518 0 0 E msm_pcm_playback_close: CMD_EOS failed, cmd_pending 0x8
01-01 08:49:41.531 0 0 I afe_close: port_id = 0x9000
01-01 08:49:41.551 0 0 I afe_find_cal_topo_id_by_port: port id: 0x9000, dev_acdb_id: 0
01-01 08:49:41.551 0 0 I afe_find_cal_topo_id_by_port: top_id:112fc acdb_id:15 afe_port:0x9000
01-01 08:49:41.551 0 0 I afe_get_cal_topology_id: port_id = 0x9000 acdb_id = 15 topology_id = 0x112fc cal_type_index=8 ret=0
01-01 08:49:41.551 0 0 I afe_send_port_topology_id: AFE set topology id 0x112fc enable for port 0x9000 ret 0
01-01 08:49:41.551 0 0 I send_afe_cal_type: cal_index is 0
01-01 08:49:41.551 0 0 I send_afe_cal_type: dev_acdb_id[55] is 0
01-01 08:49:41.551 0 0 I send_afe_cal_type: Sending cal_index cal 0
01-01 08:49:41.551 0 0 E send_afe_cal_type: No cal sent for cal_index 0, port_id = 0x9000! ret -22
01-01 08:49:41.560 0 0 I afe_send_hw_delay: port_id 0x9000 rate 48000 delay_usec 474 status 0
01-01 08:49:43.580 0 0 I binder : 9749:9749 ioctl 40046210 7ffedd5de4 returned -22
01-01 08:49:45.158 0 0 E DTC_ETH,link_delay_work_func: 3003, SQI=0, link=0
01-01 08:49:47.272 0 0 I msm_vidc: err : ffffffff: .....: DBLP Set: status 0
01-01 08:49:50.278 0 0 E DTC_ETH,link_delay_work_func: 3003, SQI=0, link=0
01-01 08:49:52.014 0 0 E msm_pcm_playback_close: CMD_EOS failed, cmd_pending 0x8
01-01 08:49:52.028 0 0 I afe_close: port_id = 0x9000
01-01 08:49:52.052 0 0 I afe_find_cal_topo_id_by_port: port id: 0x9000, dev_acdb_id: 0
01-01 08:49:52.052 0 0 I afe_find_cal_topo_id_by_port: top_id:112fc acdb_id:15 afe_port:0x9000
01-01 08:49:52.052 0 0 I afe_get_cal_topology_id: port_id = 0x9000 acdb_id = 15 topology_id = 0x112fc cal_type_index=8 ret=0
01-01 08:49:52.052 0 0 I afe_send_port_topology_id: AFE set topology id 0x112fc enable for port 0x9000 ret 0
01-01 08:49:52.052 0 0 I send_afe_cal_type: cal_index is 0
01-01 08:49:52.052 0 0 I send_afe_cal_type: dev_acdb_id[55] is 0
01-01 08:49:52.052 0 0 I send_afe_cal_type: Sending cal_index cal 0
01-01 08:49:52.052 0 0 E send_afe_cal_type: No cal sent for cal_index 0, port_id = 0x9000! ret -22
01-01 08:49:52.061 0 0 I afe_send_hw_delay: port_id 0x9000 rate 48000 delay_usec 474 status 0
01-01 08:49:55.398 0 0 E DTC_ETH,link_delay_work_func: 3003, SQI=0, link=0
01-01 08:49:57.590 0 0 W perfetto: enabled ftrace
01-01 08:49:57.598 0 0 I binder : 9797:9797 ioctl 40046210 fffa1908 returned -22
01-01 08:49:57.828 0 0 I binder : 9797:9855 ioctl 40046210 b72fbd38 returned -22
01-01 08:49:57.858 0 0 W audit : audit_lost=5628 audit_rate_limit=5 audit_backlog_limit=64
01-01 08:49:57.858 0 0 E audit : rate limit exceeded
01-01 08:49:57.883 0 0 I binder : 9915:9915 ioctl 40046210 fffa1908 returned -22
01-01 08:49:58.066 0 0 I binder : 9915:9956 ioctl 40046210 b8b3bd38 returned -22
01-01 08:49:59.735 0 0 I binder : 9988:9988 ioctl 40046210 fffa1908 returned -22
01-01 08:49:59.864 0 0 W audit : audit_lost=5645 audit_rate_limit=5 audit_backlog_limit=64
01-01 08:49:59.864 0 0 E audit : rate limit exceeded
01-01 08:50:00.518 0 0 E DTC_ETH,link_delay_work_func: 3003, SQI=0, link=0
01-01 08:50:01.420 0 0 W audit : audit_lost=5660 audit_rate_limit=5 audit_backlog_limit=64
01-01 08:50:01.420 0 0 E audit : rate limit exceeded
01-01 08:50:02.065 0 0 I logd : logdr: UID=10101 GID=10101 PID=10223 n tail=0 logMask=99 pid=0 start=0ns deadline=0ns
01-01 08:50:02.510 0 0 E msm_pcm_playback_close: CMD_EOS failed, cmd_pending 0x8
01-01 08:50:02.522 0 0 I afe_close: port_id = 0x9000
01-01 08:50:02.539 0 0 I afe_find_cal_topo_id_by_port: port id: 0x9000, dev_acdb_id: 0
01-01 08:50:02.539 0 0 I afe_find_cal_topo_id_by_port: top_id:112fc acdb_id:15 afe_port:0x9000
01-01 08:50:02.539 0 0 I afe_get_cal_topology_id: port_id = 0x9000 acdb_id = 15 topology_id = 0x112fc cal_type_index=8 ret=0
01-01 08:50:02.539 0 0 I afe_send_port_topology_id: AFE set topology id 0x112fc enable for port 0x9000 ret 0
01-01 08:50:02.539 0 0 I send_afe_cal_type: cal_index is 0
01-01 08:50:02.539 0 0 I send_afe_cal_type: dev_acdb_id[55] is 0
01-01 08:50:02.539 0 0 I send_afe_cal_type: Sending cal_index cal 0
01-01 08:50:02.539 0 0 E send_afe_cal_type: No cal sent for cal_index 0, port_id = 0x9000! ret -22
01-01 08:50:02.548 0 0 I afe_send_hw_delay: port_id 0x9000 rate 48000 delay_usec 474 status 0
01-01 08:50:02.587 0 0 W perfetto: disabled ftrace
01-01 08:50:03.112 0 0 W audit : audit_lost=6340 audit_rate_limit=5 audit_backlog_limit=64
01-01 08:50:03.112 0 0 E audit : rate limit exceeded
01-01 08:50:04.883 0 0 I binder : 10290:10290 ioctl 40046210 fffa1058 returned -22
01-01 08:50:05.638 0 0 E DTC_ETH,link_delay_work_func: 3003, SQI=0, link=0
01-01 08:50:06.199 0 0 W audit : audit_lost=6343 audit_rate_limit=5 audit_backlog_limit=64
01-01 08:50:06.199 0 0 E audit : rate limit exceeded
01-01 08:50:10.758 0 0 E DTC_ETH,link_delay_work_func: 3003, SQI=0, link=0
01-01 08:50:10.907 0 0 I binder : undelivered transaction 854253, process died.
01-01 08:50:10.907 0 0 I binder : undelivered transaction 854250, process died.
01-01 08:50:11.076 0 0 I logd : start watching /data/system/packages.list ...
01-01 08:50:11.078 0 0 I logd : ReadPackageList, total packages: 109
01-01 08:50:13.006 0 0 E msm_pcm_playback_close: CMD_EOS failed, cmd_pending 0x8
01-01 08:50:13.019 0 0 I afe_close: port_id = 0x9000
01-01 08:50:13.044 0 0 I afe_find_cal_topo_id_by_port: port id: 0x9000, dev_acdb_id: 0
01-01 08:50:13.044 0 0 I afe_find_cal_topo_id_by_port: top_id:112fc acdb_id:15 afe_port:0x9000
01-01 08:50:13.044 0 0 I afe_get_cal_topology_id: port_id = 0x9000 acdb_id = 15 topology_id = 0x112fc cal_type_index=8 ret=0
01-01 08:50:13.044 0 0 I afe_send_port_topology_id: AFE set topology id 0x112fc enable for port 0x9000 ret 0
01-01 08:50:13.044 0 0 I send_afe_cal_type: cal_index is 0
01-01 08:50:13.044 0 0 I send_afe_cal_type: dev_acdb_id[55] is 0
01-01 08:50:13.044 0 0 I send_afe_cal_type: Sending cal_index cal 0
01-01 08:50:13.044 0 0 E send_afe_cal_type: No cal sent for cal_index 0, port_id = 0x9000! ret -22
01-01 08:50:13.052 0 0 I afe_send_hw_delay: port_id 0x9000 rate 48000 delay_usec 474 status 0
01-01 08:50:13.306 0 0 I [schedu][0xc09dd73ce][04:35:20.081507] wlan: [3419:I:OSIF] scan start scan id 40975
01-01 08:50:14.467 0 0 I [schedu][0xc0b31891b][04:35:21.242324] wlan: [3419:I:OSIF] vdev 0, scan id 40975 type COMPLETED(1) reason COMPLETED(1) scan found 15 bss
01-01 08:50:15.880 0 0 E DTC_ETH,link_delay_work_func: 3003, SQI=0, link=0
01-01 08:50:19.368 0 0 I msm_vidc: err : ffffffff: .....: DBLP Set: status 0
01-01 08:50:20.998 0 0 E DTC_ETH,link_delay_work_func: 3003, SQI=0, link=0
01-01 08:50:23.361 0 0 I [schedu][0xc155f0b8b][04:35:30.135797] wlan: [3419:I:OSIF] scan start scan id 40976
01-01 08:50:23.502 0 0 E msm_pcm_playback_close: CMD_EOS failed, cmd_pending 0x8
01-01 08:50:23.516 0 0 I afe_close: port_id = 0x9000
01-01 08:50:23.538 0 0 I afe_find_cal_topo_id_by_port: port id: 0x9000, dev_acdb_id: 0
01-01 08:50:23.538 0 0 I afe_find_cal_topo_id_by_port: top_id:112fc acdb_id:15 afe_port:0x9000
01-01 08:50:23.538 0 0 I afe_get_cal_topology_id: port_id = 0x9000 acdb_id = 15 topology_id = 0x112fc cal_type_index=8 ret=0
01-01 08:50:23.539 0 0 I afe_send_port_topology_id: AFE set topology id 0x112fc enable for port 0x9000 ret 0
01-01 08:50:23.539 0 0 I send_afe_cal_type: cal_index is 0
01-01 08:50:23.539 0 0 I send_afe_cal_type: dev_acdb_id[55] is 0
01-01 08:50:23.539 0 0 I send_afe_cal_type: Sending cal_index cal 0
01-01 08:50:23.539 0 0 E send_afe_cal_type: No cal sent for cal_index 0, port_id = 0x9000! ret -22
01-01 08:50:23.547 0 0 I afe_send_hw_delay: port_id 0x9000 rate 48000 delay_usec 474 status 0
01-01 08:50:24.525 0 0 I [schedu][0xc16b42fa6][04:35:31.300225] wlan: [3419:I:OSIF] vdev 0, scan id 40976 type COMPLETED(1) reason COMPLETED(1) scan found 21 bss
01-01 08:50:24.984 0 0 I binder : 10420:10420 ioctl 40046210 fffa1908 returned -22
01-01 08:50:25.527 0 0 W audit : audit_lost=6995 audit_rate_limit=5 audit_backlog_limit=64
01-01 08:50:25.527 0 0 E audit : rate limit exceeded
01-01 08:50:26.118 0 0 E DTC_ETH,link_delay_work_func: 3003, SQI=0, link=0
01-01 08:50:29.416 0 0 I msm_vidc: err : ffffffff: .....: DBLP Set: status 0
01-01 08:50:30.509 0 0 W audit : audit_lost=7008 audit_rate_limit=5 audit_backlog_limit=64
01-01 08:50:30.509 0 0 E audit : rate limit exceeded
01-01 08:50:31.238 0 0 E DTC_ETH,link_delay_work_func: 3003, SQI=0, link=0
01-01 08:50:32.870 0 0 I binder : 10518:10518 ioctl 40046210 7ffedd5de4 returned -22
01-01 08:50:34.002 0 0 E msm_pcm_playback_close: CMD_EOS failed, cmd_pending 0x8
01-01 08:50:34.016 0 0 I afe_close: port_id = 0x9000
01-01 08:50:34.039 0 0 I afe_find_cal_topo_id_by_port: port id: 0x9000, dev_acdb_id: 0
01-01 08:50:34.039 0 0 I afe_find_cal_topo_id_by_port: top_id:112fc acdb_id:15 afe_port:0x9000
01-01 08:50:34.039 0 0 I afe_get_cal_topology_id: port_id = 0x9000 acdb_id = 15 topology_id = 0x112fc cal_type_index=8 ret=0
01-01 08:50:34.039 0 0 I afe_send_port_topology_id: AFE set topology id 0x112fc enable for port 0x9000 ret 0
01-01 08:50:34.039 0 0 I send_afe_cal_type: cal_index is 0
01-01 08:50:34.039 0 0 I send_afe_cal_type: dev_acdb_id[55] is 0
01-01 08:50:34.039 0 0 I send_afe_cal_type: Sending cal_index cal 0
01-01 08:50:34.039 0 0 E send_afe_cal_type: No cal sent for cal_index 0, port_id = 0x9000! ret -22
01-01 08:50:34.048 0 0 I afe_send_hw_delay: port_id 0x9000 rate 48000 delay_usec 474 status 0
03-14 04:35:41.320 9624 9624 W CarrierConfigManager: Error getting config for subId -1 ICarrierConfigLoader is null
03-14 04:35:41.378 954 2215 D TelephonyRegistry: listen oscl: mHasNotifySubscriptionInfoChangedOccurred==false no callback
03-14 04:35:41.381 954 2139 D TelephonyRegistry: listen oscl: mHasNotifySubscriptionInfoChangedOccurred==false no callback
01-01 08:50:34.724 0 0 I [schedu][0xc22601779][04:35:41.498943] wlan: [3419:I:OSIF] scan start scan id 40977
01-01 08:50:35.893 0 0 I [schedu][0xc23b6b25e][04:35:42.668368] wlan: [3419:I:OSIF] vdev 0, scan id 40977 type COMPLETED(1) reason COMPLETED(1) scan found 25 bss
01-01 08:50:36.363 0 0 E DTC_ETH,link_delay_work_func: 3003, SQI=0, link=0
03-14 04:35:44.962 954 2215 D TelephonyRegistry: listen oscl: mHasNotifySubscriptionInfoChangedOccurred==false no callback
03-14 04:35:44.965 954 4808 D TelephonyRegistry: listen oscl: mHasNotifySubscriptionInfoChangedOccurred==false no callback
01-01 08:50:38.459 0 0 I [schedu][0xc26a65eb0][04:35:45.234079] wlan: [3419:I:OSIF] scan start scan id 40978
01-01 08:50:39.618 0 0 I [schedu][0xc27f9e799][04:35:46.393024] wlan: [3419:I:OSIF] vdev 0, scan id 40978 type COMPLETED(1) reason COMPLETED(1) scan found 23 bss
01-01 08:50:41.478 0 0 E DTC_ETH,link_delay_work_func: 3003, SQI=0, link=0
01-01 08:50:42.628 0 0 I [schedu][0xc2b6bc689][04:35:49.403143] wlan: [3419:I:HIF] Deinitializing Runtime PM wakelock &vdev->vdev_set_key_runtime_wakelock
01-01 08:50:42.629 0 0 I [schedu][0xc2b6c3502][04:35:49.404616] wlan: [3419:I:HIF] Initializing Runtime PM wakelock &vdev->vdev_set_key_runtime_wakelock
01-01 08:50:42.631 0 0 I [wifi@1][0xc2b6cc36b][04:35:49.406515] wlan: [925:I:DP] dp_vdev_attach_wifi3: wlan_cfg_ap_bridge_enabled 0
01-01 08:50:42.643 0 0 E [wifi@1][0xc2b703099][04:35:49.418211] wlan: [3466:E:wifipos] wifi_pos_process_app_reg_req: 608: Received App Req Req pid(1283457949), len(16)
01-01 08:50:42.659 0 0 I [wifi@1][0xc2b74bc95][04:35:49.433731] wlan: [3466:I:wifipos] wifi_pos_get_ch_info: 461: num channels: 26
01-01 08:50:42.659 0 0 I [wifi@1][0xc2b74dad0][04:35:49.434134] wlan: [3466:I:wifipos] wifi_pos_get_ch_info: 461: num channels: 26
01-01 08:50:42.895 0 0 I [wpa_su][0xc2bba150e][04:35:49.670430] wlan: [3485:I:SME] vdev-0: Connecting to 傻fufu d6:44:3b:15:39:91 rssi: -63 freq: 2457 akm 9 cipher: uc 6 mc 6, CC:
01-01 08:50:42.895 0 0 E [wpa_su][0xc2bba2019][04:35:49.670578] wlan: [3485:E:QDF] Cannot malloc 0 bytes @ csr_get_cfg_max_tx_power:14199
01-01 08:50:42.909 0 0 I [schedu][0xc2bbe361d][04:35:49.684524] wlan: [3419:I:WMI] send_vdev_start_cmd_tlv: 1062: send_vdev_start_cmd_tlv: vdev_id 0 freq 2457 chanmode 11 ch_info: 0xb is_dfs 0 beacon interval 100 dtim 0 center_chan 2457 center_freq2 0 reg_info_1: 0x140000 reg_info_2: 0x1400, req->max_txpow: 0x14 Tx SS 1, Rx SS 1, ldpc_rx: 0, cac 0, regd 4, HE ops: 0req->dis_hw_ack: 0
01-01 08:50:42.926 0 0 I [soft_i][0xc2bc31e0e][04:35:49.701271] wlan: [0:I:TXRX] HTT_T2H_MSG_TYPE_PEER_MAP msg for peer id 8 vdev id 0 n
01-01 08:50:42.926 0 0 E [soft_i][0xc2bc3219e][04:35:49.701318] wlan: [0:E:DP] dp_peer_find_add_id: peer 0000000000000000 ID 8 vid 0 mac d6:44:3b:15:39:91
01-01 08:50:42.940 0 0 I [soft_i][0xc2bc70a47][04:35:49.714660] wlan: [0:I:DP] dp_peer_find_add_id: ref_cnt: 2
01-01 08:50:42.940 0 0 E [soft_i][0xc2bc70bd6][04:35:49.714681] wlan: [0:E:DP] dp_peer_map_ast: peer 0000000000000000 ID 10 vid 0 mac d6:44:3b:15:39:91
01-01 08:50:43.069 0 0 I [schedu][0xc2becee89][04:35:49.843997] wlan: [3419:I:PE] Auth TX: seq 1 seq num 2049 status 0 WEP 0 to d6:44:3b:15:39:91
01-01 08:50:43.109 0 0 I [schedu][0xc2bf8b87b][04:35:49.884236] wlan: [3419:I:PE] Auth TX: success
01-01 08:50:43.111 0 0 I [schedu][0xc2bf96921][04:35:49.886591] wlan: [3419:I:PE] Auth RX: vdev 0 sys role 3 lim_state 5 from d6:44:3b:15:39:91 rssi -61 auth_alg 0 seq 422
01-01 08:50:43.112 0 0 I [schedu][0xc2bf97890][04:35:49.886797] wlan: [3419:I:PE] Assoc req TX: vdev 0 to d6:44:3b:15:39:91 seq num 2050
01-01 08:50:43.115 0 0 I [schedu][0xc2bfa6d62][04:35:49.890061] wlan: [3419:I:PE] Assoc req TX: success
01-01 08:50:43.121 0 0 I [schedu][0xc2bfc1ab2][04:35:49.895785] wlan: [3419:I:PE] Assoc rsp RX: subtype 0 vdev 0 sys role 3 lim state 10 rssi -62 from d6:44:3b:15:39:91
01-01 08:50:43.138 0 0 E [schedu][0xc2c01402c][04:35:49.913352] wlan: [3419:E:QDF] Cannot malloc 0 bytes @ csr_get_cfg_max_tx_power:14199
01-01 08:50:43.156 0 0 E [schedu][0xc2c0686cf][04:35:49.931361] wlan: [3419:E:QDF] Cannot malloc 0 bytes @ csr_get_cfg_max_tx_power:14199
01-01 08:50:43.169 0 0 E [soft_i][0xc2c0a46ec][04:35:49.944162] wlan: [0:E:DP] dp_tx_initialize_threshold: tx flow control threshold is set, pool size is 4096
01-01 08:50:43.182 0 0 I [schedu][0xc2c0e3930][04:35:49.957632] wlan: [3419:I:HDD] wlan0(vdevid-0): b2:69:a0:5d:ba:36 connected to d6:44:3b:15:39:91
01-01 08:50:43.191 0 0 I [dp_rx_][0xc2c10cd05][04:35:49.966430] wlan: [3430:I:QDF] EAPOL-1 RX: SA:d6:44:3b:15:39:91 DA:b2:69:a0:5d:ba:36
01-01 08:50:43.215 0 0 I [soft_i][0xc2c17a82c][04:35:49.989832] wlan: [0:I:QDF] EAPOL-2 TX: SA:b2:69:a0:5d:ba:36 DA:d6:44:3b:15:39:91 msdu_id:0 status: succ
01-01 08:50:43.245 0 0 I [dp_rx_][0xc2c2084fe][04:35:50.020083] wlan: [3430:I:QDF] EAPOL-3 RX: SA:d6:44:3b:15:39:91 DA:b2:69:a0:5d:ba:36
01-01 08:50:43.257 0 0 E [schedu][0xc2c23eafc][04:35:50.031683] wlan: [3419:E:QDF] Cannot malloc 0 bytes @ csr_get_cfg_max_tx_power:14199
01-01 08:50:43.258 0 0 I [soft_i][0xc2c245761][04:35:50.033128] wlan: [0:I:QDF] EAPOL-4 TX: SA:b2:69:a0:5d:ba:36 DA:d6:44:3b:15:39:91 msdu_id:0 status: succ
01-01 08:50:43.282 0 0 I [schedu][0xc2c2b71f9][04:35:50.057376] wlan: [3419:I:WMI] LFR3:OKC enabled
01-01 08:50:43.282 0 0 I [schedu][0xc2c2b72a0][04:35:50.057385] wlan: [3419:I:WMI] LFR3:PMKSA caching enabled
01-01 08:50:43.376 0 0 E [wifi@1][0xc2c46e0b5][04:35:50.151012] wlan: [925:E:HDD] hdd_enable_ns_offload: 484: Failed to cache ns request; status:4
01-01 08:50:43.432 0 0 I [soft_i][0xc2c573b7c][04:35:50.206836] wlan: [0:I:QDF] DHCP-D TX: SA:b2:69:a0:5d:ba:36 DA:ff:ff:ff:ff:ff:ff msdu_id:1 status: succ
01-01 08:50:43.437 0 0 I [dp_rx_][0xc2c58d7fb][04:35:50.212336] wlan: [3430:I:QDF] DHCP-D RX: SA:b2:69:a0:5d:ba:36 DA:ff:ff:ff:ff:ff:ff
01-01 08:50:44.371 0 0 I [soft_i][0xc2d6a8519][04:35:51.146485] wlan: [0:I:QDF] DHCP-D TX: SA:b2:69:a0:5d:ba:36 DA:ff:ff:ff:ff:ff:ff msdu_id:1 status: succ
01-01 08:50:44.406 0 0 I [dp_rx_][0xc2d74b980][04:35:51.181317] wlan: [3430:I:QDF] DHCP-D RX: SA:b2:69:a0:5d:ba:36 DA:ff:ff:ff:ff:ff:ff
01-01 08:50:44.442 0 0 I [soft_i][0xc2d7f5a39][04:35:51.217593] wlan: [0:I:DP] dp_addba_requestprocess_wifi3 restore BA win 64 based on addba req
01-01 08:50:44.494 0 0 E msm_pcm_playback_close: CMD_EOS failed, cmd_pending 0x8
01-01 08:50:44.507 0 0 I afe_close: port_id = 0x9000
01-01 08:50:44.529 0 0 I afe_find_cal_topo_id_by_port: port id: 0x9000, dev_acdb_id: 0
01-01 08:50:44.529 0 0 I afe_find_cal_topo_id_by_port: top_id:112fc acdb_id:15 afe_port:0x9000
01-01 08:50:44.529 0 0 I afe_get_cal_topology_id: port_id = 0x9000 acdb_id = 15 topology_id = 0x112fc cal_type_index=8 ret=0
01-01 08:50:44.529 0 0 I afe_send_port_topology_id: AFE set topology id 0x112fc enable for port 0x9000 ret 0
01-01 08:50:44.529 0 0 I send_afe_cal_type: cal_index is 0
01-01 08:50:44.529 0 0 I send_afe_cal_type: dev_acdb_id[55] is 0
01-01 08:50:44.529 0 0 I send_afe_cal_type: Sending cal_index cal 0
01-01 08:50:44.529 0 0 E send_afe_cal_type: No cal sent for cal_index 0, port_id = 0x9000! ret -22
01-01 08:50:44.538 0 0 I afe_send_hw_delay: port_id 0x9000 rate 48000 delay_usec 474 status 0
01-01 08:50:44.590 0 0 W cnss-daemon: Invalid mac address
01-01 08:50:44.590 0 0 W cnss-daemon: failed to update gateway
01-01 08:50:44.654 0 0 I binder : 10615:10615 ioctl 40046210 fffa1908 returned -22
01-01 08:50:44.694 0 0 I [schedu][0xc2dc92119][04:35:51.469418] wlan: [3419:I:OSIF] scan start scan id 40979
01-01 08:50:44.733 0 0 I binder : 10662:10662 ioctl 40046210 fffa1908 returned -22
01-01 08:50:45.830 0 0 I [dp_rx_][0xc2f15d013][04:35:52.604977] wlan: [3430:I:QDF] DHCP-O RX: SA:d6:44:3b:15:39:91 DA:b2:69:a0:5d:ba:36
01-01 08:50:46.269 0 0 I binder : 10788:10788 ioctl 40046210 fffa1058 returned -22
01-01 08:50:46.347 0 0 I [soft_i][0xc2fad51cd][04:35:53.122120] wlan: [0:I:QDF] DHCP-R TX: SA:b2:69:a0:5d:ba:36 DA:ff:ff:ff:ff:ff:ff msdu_id:18 status: succ
01-01 08:50:46.353 0 0 I [dp_rx_][0xc2faf2805][04:35:53.128390] wlan: [3430:I:QDF] DHCP-R RX: SA:b2:69:a0:5d:ba:36 DA:ff:ff:ff:ff:ff:ff
01-01 08:50:46.356 0 0 I [dp_rx_][0xc2faff60a][04:35:53.131137] wlan: [3430:I:QDF] DHCP-A RX: SA:d6:44:3b:15:39:91 DA:b2:69:a0:5d:ba:36
01-01 08:50:46.598 0 0 E DTC_ETH,link_delay_work_func: 3003, SQI=0, link=0
01-01 08:50:46.729 0 0 I [schedu][0xc301d5be6][04:35:53.504548] wlan: [3419:I:OSIF] vdev 0, scan id 40979 type COMPLETED(1) reason COMPLETED(1) scan found 21 bss
01-01 08:50:47.004 0 0 I [soft_i][0xc306dc4a7][04:35:53.779012] wlan: [0:I:DP] dp_addba_requestprocess_wifi3 restore BA win 64 based on addba req
01-01 08:50:47.075 0 0 I [soft_i][0xc3082b57e][04:35:53.850489] wlan: [0:I:DP] dp_addba_requestprocess_wifi3 restore BA win 64 based on addba req
01-01 08:50:47.463 0 0 I [soft_i][0xc30f45f78][04:35:54.238462] wlan: [0:I:DP] dp_addba_requestprocess_wifi3 restore BA win 64 based on addba req
01-01 08:50:47.717 0 0 I [soft_i][0xc313e8f85][04:35:54.491690] wlan: [0:I:DP] dp_addba_requestprocess_wifi3 restore BA win 64 based on addba req
01-01 08:50:49.365 0 0 I [soft_i][0xc33219830][04:35:56.140445] wlan: [0:I:DP] dp_addba_requestprocess_wifi3 restore BA win 64 based on addba req
01-01 08:50:49.605 0 0 W audit : audit_lost=7678 audit_rate_limit=5 audit_backlog_limit=64
01-01 08:50:49.605 0 0 E audit : rate limit exceeded
01-01 08:50:51.592 0 0 I msm_vidc: err : ffffffff: .....: DBLP Set: status 0
01-01 08:50:51.718 0 0 E DTC_ETH,link_delay_work_func: 3003, SQI=0, link=0
01-01 08:50:54.742 0 0 I [schedu][0xc3948c8ef][04:36:01.517095] wlan: [3419:I:OSIF] scan start scan id 40980
01-01 08:50:54.990 0 0 E msm_pcm_playback_close: CMD_EOS failed, cmd_pending 0x8
01-01 08:50:55.004 0 0 I afe_close: port_id = 0x9000
01-01 08:50:55.027 0 0 I afe_find_cal_topo_id_by_port: port id: 0x9000, dev_acdb_id: 0
01-01 08:50:55.027 0 0 I afe_find_cal_topo_id_by_port: top_id:112fc acdb_id:15 afe_port:0x9000
01-01 08:50:55.027 0 0 I afe_get_cal_topology_id: port_id = 0x9000 acdb_id = 15 topology_id = 0x112fc cal_type_index=8 ret=0
01-01 08:50:55.027 0 0 I afe_send_port_topology_id: AFE set topology id 0x112fc enable for port 0x9000 ret 0
01-01 08:50:55.027 0 0 I send_afe_cal_type: cal_index is 0
01-01 08:50:55.027 0 0 I send_afe_cal_type: dev_acdb_id[55] is 0
01-01 08:50:55.027 0 0 I send_afe_cal_type: Sending cal_index cal 0
01-01 08:50:55.027 0 0 E send_afe_cal_type: No cal sent for cal_index 0, port_id = 0x9000! ret -22
01-01 08:50:55.036 0 0 I afe_send_hw_delay: port_id 0x9000 rate 48000 delay_usec 474 status 0
01-01 08:50:55.816 0 0 I msm_vidc: err : ffffffff: .....: DBLP Set: status 0
01-01 08:50:56.838 0 0 E DTC_ETH,link_delay_work_func: 3003, SQI=0, link=0
01-01 08:50:57.074 0 0 I [schedu][0xc3bf3e759][04:36:03.848808] wlan: [3419:I:OSIF] vdev 0, scan id 40980 type COMPLETED(1) reason COMPLETED(1) scan found 19 bss
01-01 08:51:01.958 0 0 E DTC_ETH,link_delay_work_func: 3003, SQI=0, link=0
01-01 08:51:01.966 0 0 I msm_vidc: err : ffffffff: .....: DBLP Set: status 0
01-01 08:51:04.746 0 0 I msm_vidc: err : ffffffff: .....: DBLP Set: status 0
01-01 08:51:04.778 0 0 I [schedu][0xc44c519e7][04:36:11.553375] wlan: [3419:I:OSIF] scan start scan id 40981
01-01 08:51:05.486 0 0 E msm_pcm_playback_close: CMD_EOS failed, cmd_pending 0x8
01-01 08:51:05.498 0 0 I afe_close: port_id = 0x9000
01-01 08:51:05.518 0 0 I afe_find_cal_topo_id_by_port: port id: 0x9000, dev_acdb_id: 0
01-01 08:51:05.518 0 0 I afe_find_cal_topo_id_by_port: top_id:112fc acdb_id:15 afe_port:0x9000
01-01 08:51:05.518 0 0 I afe_get_cal_topology_id: port_id = 0x9000 acdb_id = 15 topology_id = 0x112fc cal_type_index=8 ret=0
01-01 08:51:05.518 0 0 I afe_send_port_topology_id: AFE set topology id 0x112fc enable for port 0x9000 ret 0
01-01 08:51:05.518 0 0 I send_afe_cal_type: cal_index is 0
01-01 08:51:05.518 0 0 I send_afe_cal_type: dev_acdb_id[55] is 0
01-01 08:51:05.518 0 0 I send_afe_cal_type: Sending cal_index cal 0
01-01 08:51:05.518 0 0 E send_afe_cal_type: No cal sent for cal_index 0, port_id = 0x9000! ret -22
01-01 08:51:05.526 0 0 I afe_send_hw_delay: port_id 0x9000 rate 48000 delay_usec 474 status 0
01-01 08:51:06.903 0 0 I [schedu][0xc4733a82d][04:36:13.678365] wlan: [3419:I:OSIF] vdev 0, scan id 40981 type COMPLETED(1) reason COMPLETED(1) scan found 15 bss
01-01 08:51:07.078 0 0 E DTC_ETH,link_delay_work_func: 3003, SQI=0, link=0
01-01 08:51:11.752 0 0 I msm_vidc: err : ffffffff: .....: DBLP Set: status 0
01-01 08:51:12.198 0 0 E DTC_ETH,link_delay_work_func: 3003, SQI=0, link=0
01-01 08:51:13.840 0 0 I binder : 11433:11433 ioctl 40046210 7ffedd5054 returned -22
01-01 08:51:14.810 0 0 I [schedu][0xc504019d8][04:36:21.585161] wlan: [3419:I:OSIF] scan start scan id 40982
01-01 08:51:15.982 0 0 E msm_pcm_playback_close: CMD_EOS failed, cmd_pending 0x8
01-01 08:51:15.996 0 0 I afe_close: port_id = 0x9000
01-01 08:51:16.020 0 0 I afe_find_cal_topo_id_by_port: port id: 0x9000, dev_acdb_id: 0
01-01 08:51:16.020 0 0 I afe_find_cal_topo_id_by_port: top_id:112fc acdb_id:15 afe_port:0x9000
01-01 08:51:16.020 0 0 I afe_get_cal_topology_id: port_id = 0x9000 acdb_id = 15 topology_id = 0x112fc cal_type_index=8 ret=0
01-01 08:51:16.020 0 0 I afe_send_port_topology_id: AFE set topology id 0x112fc enable for port 0x9000 ret 0
01-01 08:51:16.020 0 0 I send_afe_cal_type: cal_index is 0
01-01 08:51:16.020 0 0 I send_afe_cal_type: dev_acdb_id[55] is 0
01-01 08:51:16.020 0 0 I send_afe_cal_type: Sending cal_index cal 0
01-01 08:51:16.020 0 0 E send_afe_cal_type: No cal sent for cal_index 0, port_id = 0x9000! ret -22
01-01 08:51:16.029 0 0 I afe_send_hw_delay: port_id 0x9000 rate 48000 delay_usec 474 status 0
01-01 08:51:16.632 0 0 I [schedu][0xc5255ecd7][04:36:23.407281] wlan: [3419:I:OSIF] vdev 0, scan id 40982 type COMPLETED(1) reason COMPLETED(1) scan found 9 bss
01-01 08:51:17.318 0 0 E DTC_ETH,link_delay_work_func: 3003, SQI=0, link=0
01-01 08:51:20.135 0 0 D cnss : Host time = 2759802870 us, device time = 2716814260 us, offset = 42988610 us
01-01 08:51:20.135 0 0 D cnss : Updated time sync regs [0x984] = 0x28ff442, [0x988] = 0x0
01-01 08:51:21.084 0 0 I binder : 954:1612 ioctl 400c620e 7af8e5c5d8 returned -22
01-01 08:51:21.086 0 0 I binder : 954:1612 ioctl c00c620f 7af8e5c5b8 returned -22
01-01 08:51:21.480 0 0 I msm_vidc: err : ffffffff: .....: DBLP Set: status 0
01-01 08:51:21.818 0 0 W audit : audit_lost=7722 audit_rate_limit=5 audit_backlog_limit=64
01-01 08:51:21.818 0 0 E audit : rate limit exceeded
01-01 08:51:22.153 0 0 I binder : 11565:11565 ioctl 40046210 7ffedd5de4 returned -22
01-01 08:51:22.440 0 0 E DTC_ETH,link_delay_work_func: 3003, SQI=0, link=0
01-01 08:51:24.798 0 0 W audit : audit_lost=7738 audit_rate_limit=5 audit_backlog_limit=64
01-01 08:51:24.798 0 0 E audit : rate limit exceeded
01-01 08:51:25.384 0 0 I msm_vidc: err : ffffffff: .....: DBLP Set: status 0
01-01 08:51:26.482 0 0 E msm_pcm_playback_close: CMD_EOS failed, cmd_pending 0x8
01-01 08:51:26.496 0 0 I afe_close: port_id = 0x9000
01-01 08:51:26.519 0 0 I afe_find_cal_topo_id_by_port: port id: 0x9000, dev_acdb_id: 0
01-01 08:51:26.519 0 0 I afe_find_cal_topo_id_by_port: top_id:112fc acdb_id:15 afe_port:0x9000
01-01 08:51:26.519 0 0 I afe_get_cal_topology_id: port_id = 0x9000 acdb_id = 15 topology_id = 0x112fc cal_type_index=8 ret=0
01-01 08:51:26.519 0 0 I afe_send_port_topology_id: AFE set topology id 0x112fc enable for port 0x9000 ret 0
01-01 08:51:26.519 0 0 I send_afe_cal_type: cal_index is 0
01-01 08:51:26.519 0 0 I send_afe_cal_type: dev_acdb_id[55] is 0
01-01 08:51:26.519 0 0 I send_afe_cal_type: Sending cal_index cal 0
01-01 08:51:26.519 0 0 E send_afe_cal_type: No cal sent for cal_index 0, port_id = 0x9000! ret -22
01-01 08:51:26.528 0 0 I afe_send_hw_delay: port_id 0x9000 rate 48000 delay_usec 474 status 0
01-01 08:51:26.785 0 0 I nf_conntrack: default automatic helper assignment has been turned off for security reasons and CT-based firewall rule not found. Use the iptables CT target to attach helpers instead.
01-01 08:51:26.798 0 0 E [soft_i][0xc5df826ea][04:36:33.572962] wlan: [0:E:DP] dp_tx_comp_process_tx_status: 3431: peer is null or deletion in progress
01-01 08:51:26.839 0 0 I binder : 11707:11707 ioctl 40046210 7ffedd5054 returned -22
01-01 08:51:27.021 0 0 I binder : 11744:11744 ioctl 40046210 7ffedd5054 returned -22
01-01 08:51:27.326 0 0 I [soft_i][0xc5e92c974][04:36:34.100783] wlan: [0:I:QDF] ARP-RQ TX: SA:b2:69:a0:5d:ba:36 DA:ff:ff:ff:ff:ff:ff msdu_id:14 status: nack
01-01 08:51:27.558 0 0 E DTC_ETH,link_delay_work_func: 3003, SQI=0, link=0
01-01 08:51:27.566 0 0 E [soft_i][0xc5ed930bb][04:36:34.341093] wlan: [0:E:DP] dp_tx_comp_process_tx_status: 3431: peer is null or deletion in progress
01-01 08:51:27.728 0 0 W audit : audit_lost=7741 audit_rate_limit=5 audit_backlog_limit=64
01-01 08:51:27.728 0 0 E audit : rate limit exceeded
01-01 08:51:28.334 0 0 E [soft_i][0xc5fba2f24][04:36:35.109071] wlan: [0:E:DP] dp_tx_comp_process_tx_status: 3431: peer is null or deletion in progress
01-01 08:51:28.738 0 0 W audit : audit_lost=7742 audit_rate_limit=5 audit_backlog_limit=64
01-01 08:51:28.738 0 0 E audit : rate limit exceeded
01-01 08:51:28.911 0 0 I binder : 11824:11824 ioctl 40046210 7ffedd5054 returned -22
01-01 08:51:29.017 0 0 I binder : undelivered transaction 901349, process died.
01-01 08:51:29.740 0 0 I binder : 11846:11846 ioctl 40046210 7ffedd5054 returned -22
01-01 08:51:29.769 0 0 I binder : 11858:11858 ioctl 40046210 7ffedd5054 returned -22
01-01 08:51:29.862 0 0 I binder : undelivered transaction 901696, process died.
01-01 08:51:29.862 0 0 I binder : undelivered transaction 901697, process died.
01-01 08:51:29.862 0 0 I binder : undelivered transaction 901694, process died.
01-01 08:51:29.872 0 0 I binder : undelivered transaction 901717, process died.
01-01 08:51:29.872 0 0 I binder : undelivered transaction 901718, process died.
01-01 08:51:29.956 0 0 I binder : 11894:11894 ioctl 40046210 7ffedd5054 returned -22
01-01 08:51:29.974 0 0 I binder : 11906:11906 ioctl 40046210 7ffedd5054 returned -22
01-01 08:51:30.058 0 0 I binder : undelivered transaction 901968, process died.
01-01 08:51:30.058 0 0 I binder : undelivered transaction 901969, process died.
01-01 08:51:30.058 0 0 I binder : undelivered transaction 901966, process died.
01-01 08:51:30.065 0 0 I binder : undelivered transaction 901987, process died.
01-01 08:51:32.473 0 0 I binder : 11977:11977 ioctl 40046210 7ffedd5054 returned -22
01-01 08:51:32.486 0 0 I binder : 11987:11987 ioctl 40046210 7ffedd5054 returned -22
01-01 08:51:32.678 0 0 E DTC_ETH,link_delay_work_func: 3003, SQI=0, link=0
01-01 08:51:33.361 0 0 W audit : audit_lost=7744 audit_rate_limit=5 audit_backlog_limit=64
01-01 08:51:33.361 0 0 E audit : rate limit exceeded
01-01 08:51:35.144 0 0 I msm_vidc: err : ffffffff: .....: DBLP Set: status 0
01-01 08:51:35.869 0 0 W audit : audit_lost=7780 audit_rate_limit=5 audit_backlog_limit=64
01-01 08:51:35.869 0 0 E audit : rate limit exceeded
01-01 08:51:36.974 0 0 E msm_pcm_playback_close: CMD_EOS failed, cmd_pending 0x8
01-01 08:51:36.988 0 0 I afe_close: port_id = 0x9000
01-01 08:51:37.011 0 0 I afe_find_cal_topo_id_by_port: port id: 0x9000, dev_acdb_id: 0
01-01 08:51:37.011 0 0 I afe_find_cal_topo_id_by_port: top_id:112fc acdb_id:15 afe_port:0x9000
01-01 08:51:37.011 0 0 I afe_get_cal_topology_id: port_id = 0x9000 acdb_id = 15 topology_id = 0x112fc cal_type_index=8 ret=0
01-01 08:51:37.011 0 0 I afe_send_port_topology_id: AFE set topology id 0x112fc enable for port 0x9000 ret 0
01-01 08:51:37.011 0 0 I send_afe_cal_type: cal_index is 0
01-01 08:51:37.011 0 0 I send_afe_cal_type: dev_acdb_id[55] is 0
01-01 08:51:37.011 0 0 I send_afe_cal_type: Sending cal_index cal 0
01-01 08:51:37.011 0 0 E send_afe_cal_type: No cal sent for cal_index 0, port_id = 0x9000! ret -22
01-01 08:51:37.019 0 0 I afe_send_hw_delay: port_id 0x9000 rate 48000 delay_usec 474 status 0
01-01 08:51:37.798 0 0 E DTC_ETH,link_delay_work_func: 3003, SQI=0, link=0 --------- beginning of events
03-14 04:36:46.512 954 3426 I wm_restart_activity: [0,106747052,48,com.microsoft.emmx/org.chromium.chrome.browser.edge_settings.EdgeSettingsActivity]
03-14 04:36:46.513 954 3426 I wm_set_resumed_activity: [0,com.microsoft.emmx/org.chromium.chrome.browser.edge_settings.EdgeSettingsActivity,minimalResumeActivityLocked]
03-14 04:36:46.514 954 1046 I sysui_multi_action: [757,803,799,window_time_0,802,4]
03-14 04:36:46.523 954 1064 I am_pss : [5012,10086,com.android.music,43293696,34312192,4668416,142688256,0,10,8]
03-14 04:36:46.524 6630 6630 I wm_on_create_called: [106747052,org.chromium.chrome.browser.edge_settings.EdgeSettingsActivity,performCreate]
03-14 04:36:46.530 6630 6630 I wm_on_start_called: [106747052,org.chromium.chrome.browser.edge_settings.EdgeSettingsActivity,handleStartActivity]
03-14 04:36:46.530 954 1638 I input_focus: [Focus leaving b46f87 com.microsoft.emmx/org.chromium.chrome.browser.edge_settings.EdgeSettingsActivity (server),reason=NO_WINDOW]
03-14 04:36:46.531 6630 6630 I wm_on_resume_called: [106747052,org.chromium.chrome.browser.edge_settings.EdgeSettingsActivity,RESUME_ACTIVITY]
03-14 04:36:46.534 6630 6630 I wm_on_top_resumed_gained_called: [106747052,org.chromium.chrome.browser.edge_settings.EdgeSettingsActivity,topStateChangedWhenResumed]
03-14 04:36:46.539 954 1047 I input_focus: [Focus request ad0d57b com.microsoft.emmx/org.chromium.chrome.browser.edge_settings.EdgeSettingsActivity,reason=UpdateInputWindows]
03-14 04:36:46.573 954 1043 I wm_activity_launch_time: [0,106747052,com.microsoft.emmx/org.chromium.chrome.browser.edge_settings.EdgeSettingsActivity,95]
03-14 04:36:46.582 954 1638 I input_focus: [Focus entering ad0d57b com.microsoft.emmx/org.chromium.chrome.browser.edge_settings.EdgeSettingsActivity (server),reason=Window became focusable. Previous reason: NOT_VISIBLE]
03-14 04:36:46.966 954 1046 I wm_stop_activity: [0,87562760,com.microsoft.emmx/org.chromium.chrome.browser.edge_settings.EdgeSettingsActivity]
03-14 04:36:46.991 6630 6630 I wm_on_stop_called: [87562760,org.chromium.chrome.browser.edge_settings.EdgeSettingsActivity,STOP_ACTIVITY_ITEM]
03-14 04:36:47.133 954 1067 I am_proc_start: [0,12135,10101,com.tencent.mtt:patch,service,{com.tencent.mtt/com.tencent.tinker.lib.service.TinkerPatchForeService}]
01-01 08:51:40.377 0 0 I binder : 12135:12135 ioctl 40046210 fffa1908 returned -22
03-14 04:36:47.159 954 3426 I am_proc_bound: [0,12135,com.tencent.mtt:patch]
03-14 04:36:47.294 954 1638 I input_interaction: Interaction with: ad0d57b com.microsoft.emmx/org.chromium.chrome.browser.edge_settings.EdgeSettingsActivity (server), PointerEventDispatcher0 (server),
03-14 04:36:47.499 0 0 I auditd : type=1400 audit(0.0:7440): avc: denied { kill } for comm="swapper/7" capability=5 scontext=u:r:kernel:s0 tcontext=u:r:kernel:s0 tclass=capability permissive=1
01-01 08:51:42.918 0 0 E DTC_ETH,link_delay_work_func: 3003, SQI=0, link=0
03-14 04:36:51.415 954 1638 I input_interaction: Interaction with: ad0d57b com.microsoft.emmx/org.chromium.chrome.browser.edge_settings.EdgeSettingsActivity (server), edge-swipe (server), swipe-up (server), PointerEventDispatcher0 (server),
03-14 04:36:51.527 954 2468 I wm_finish_activity: [0,106747052,48,com.microsoft.emmx/org.chromium.chrome.browser.edge_settings.EdgeSettingsActivity,app-request]
03-14 04:36:51.540 954 2468 I wm_pause_activity: [0,106747052,com.microsoft.emmx/org.chromium.chrome.browser.edge_settings.EdgeSettingsActivity,userLeaving=false,finish]
03-14 04:36:51.547 6630 6630 I wm_on_top_resumed_lost_called: [106747052,org.chromium.chrome.browser.edge_settings.EdgeSettingsActivity,topStateChangedWhenResumed]
03-14 04:36:51.555 6630 6630 I wm_on_paused_called: [106747052,org.chromium.chrome.browser.edge_settings.EdgeSettingsActivity,performPause]
03-14 04:36:51.556 954 2468 I wm_add_to_stopping: [0,106747052,com.microsoft.emmx/org.chromium.chrome.browser.edge_settings.EdgeSettingsActivity,completeFinishing]
03-14 04:36:51.557 954 2468 I wm_set_resumed_activity: [0,com.microsoft.emmx/org.chromium.chrome.browser.edge_settings.EdgeSettingsActivity,resumeTopActivityInnerLocked]
03-14 04:36:51.560 954 1638 I input_focus: [Focus leaving ad0d57b com.microsoft.emmx/org.chromium.chrome.browser.edge_settings.EdgeSettingsActivity (server),reason=NO_WINDOW]
03-14 04:36:51.560 954 2468 I wm_resume_activity: [0,87562760,48,com.microsoft.emmx/org.chromium.chrome.browser.edge_settings.EdgeSettingsActivity]
03-14 04:36:51.568 954 1046 I sysui_multi_action: [757,803,799,window_time_0,802,5]
03-14 04:36:51.569 6630 6630 I wm_on_restart_called: [87562760,org.chromium.chrome.browser.edge_settings.EdgeSettingsActivity,performRestartActivity]
03-14 04:36:51.571 6630 6630 I wm_on_start_called: [87562760,org.chromium.chrome.browser.edge_settings.EdgeSettingsActivity,handleStartActivity]
03-14 04:36:51.573 6630 6630 I wm_on_resume_called: [87562760,org.chromium.chrome.browser.edge_settings.EdgeSettingsActivity,RESUME_ACTIVITY]
03-14 04:36:51.573 6630 6630 I wm_on_top_resumed_gained_called: [87562760,org.chromium.chrome.browser.edge_settings.EdgeSettingsActivity,topWhenResuming]
03-14 04:36:51.579 954 1047 I input_focus: [Focus request b46f87 com.microsoft.emmx/org.chromium.chrome.browser.edge_settings.EdgeSettingsActivity,reason=UpdateInputWindows]
03-14 04:36:51.610 954 1638 I input_focus: [Focus entering b46f87 com.microsoft.emmx/org.chromium.chrome.browser.edge_settings.EdgeSettingsActivity (server),reason=Window became focusable. Previous reason: NOT_VISIBLE]
03-14 04:36:51.614 954 1064 I am_pss : [9624,1000,com.android.settings,128399360,120705024,0,258461696,0,15,10]
03-14 04:36:51.619 954 1064 I am_pss : [11565,1000,com.qti.diagservices,6122496,4292608,0,90783744,0,10,5]
03-14 04:36:51.624 954 1064 I am_pss : [10615,10066,com.android.webview:webview_apk,12478464,3190784,3174400,74108928,0,19,5]
03-14 04:36:51.629 954 1064 I am_pss : [10662,10094,com.sohu.sohuvideo:sync,10101760,2772992,2862080,64397312,0,19,4]
03-14 04:36:51.636 954 1064 I am_pss : [10518,10018,android.process.acore,12119040,6574080,3799040,77950976,0,19,5]
03-14 04:36:51.978 954 1046 I wm_destroy_activity: [0,106747052,48,com.microsoft.emmx/org.chromium.chrome.browser.edge_settings.EdgeSettingsActivity,finish-imm:idle]
03-14 04:36:51.985 6630 6630 I wm_on_stop_called: [106747052,org.chromium.chrome.browser.edge_settings.EdgeSettingsActivity,LIFECYCLER_STOP_ACTIVITY]
03-14 04:36:51.993 6630 6630 I wm_on_destroy_called: [106747052,org.chromium.chrome.browser.edge_settings.EdgeSettingsActivity,performDestroy]
03-14 04:36:54.000 954 1638 I input_interaction: Interaction with: b46f87 com.microsoft.emmx/org.chromium.chrome.browser.edge_settings.EdgeSettingsActivity (server), edge-swipe (server), swipe-up (server), PointerEventDispatcher0 (server),
03-14 04:36:54.087 979 979 I auditd : type=1400 audit(0.0:7441): avc: denied { add_name } for comm="perf@2.2-servic" name="cpu_max_freq" scontext=u:r:vendor_hal_perf_default:s0 tcontext=u:object_r:vendor_sysfs_msm_perf:s0 tclass=dir permissive=1
03-14 04:36:54.087 979 979 I auditd : type=1400 audit(0.0:7442): avc: denied { create } for comm="perf@2.2-servic" name="cpu_max_freq" scontext=u:r:vendor_hal_perf_default:s0 tcontext=u:object_r:vendor_sysfs_msm_perf:s0 tclass=file permissive=1
03-14 04:36:54.092 954 2468 I wm_task_moved: [48,1,7]
03-14 04:36:54.092 954 2468 I wm_set_resumed_activity: [0,com.microsoft.emmx/org.chromium.chrome.browser.edge_settings.EdgeSettingsActivity,positionChildAt]
03-14 04:36:54.092 954 2468 I wm_create_activity: [0,38734622,48,com.microsoft.emmx/org.chromium.chrome.browser.edge_settings.EdgeSettingsActivity,android.intent.action.MAIN,NULL,NULL,0]
03-14 04:36:54.093 954 2468 I wm_pause_activity: [0,87562760,com.microsoft.emmx/org.chromium.chrome.browser.edge_settings.EdgeSettingsActivity,userLeaving=true,resumeTopActivityInnerLocked]
03-14 04:36:54.096 6630 6630 I wm_on_top_resumed_lost_called: [87562760,org.chromium.chrome.browser.edge_settings.EdgeSettingsActivity,topStateChangedWhenResumed]
03-14 04:36:54.099 6630 6630 I wm_on_paused_called: [87562760,org.chromium.chrome.browser.edge_settings.EdgeSettingsActivity,performPause]
03-14 04:36:54.100 954 2468 I wm_add_to_stopping: [0,87562760,com.microsoft.emmx/org.chromium.chrome.browser.edge_settings.EdgeSettingsActivity,makeInvisible]
03-14 04:36:54.101 954 2468 I wm_restart_activity: [0,38734622,48,com.microsoft.emmx/org.chromium.chrome.browser.edge_settings.EdgeSettingsActivity]
03-14 04:36:54.101 954 2468 I wm_set_resumed_activity: [0,com.microsoft.emmx/org.chromium.chrome.browser.edge_settings.EdgeSettingsActivity,minimalResumeActivityLocked]
03-14 04:36:54.103 954 1046 I sysui_multi_action: [757,803,799,window_time_0,802,2]
03-14 04:36:54.119 954 1064 I am_pss : [6630,10033,com.microsoft.emmx,181156864,158269440,61440,361582592,0,2,13]
03-14 04:36:54.124 6630 6630 I wm_on_create_called: [38734622,org.chromium.chrome.browser.edge_settings.EdgeSettingsActivity,performCreate]
03-14 04:36:54.127 954 1064 I am_pss : [11707,90001,com.microsoft.emmx:sandboxed_process0:org.chromium.content.app.SandboxedProcessService0:13,29122560,8396800,0,163127296,0,3,7]
03-14 04:36:54.129 6630 6630 I wm_on_start_called: [38734622,org.chromium.chrome.browser.edge_settings.EdgeSettingsActivity,handleStartActivity]
03-14 04:36:54.130 6630 6630 I wm_on_resume_called: [38734622,org.chromium.chrome.browser.edge_settings.EdgeSettingsActivity,RESUME_ACTIVITY]
03-14 04:36:54.132 954 1638 I input_focus: [Focus leaving b46f87 com.microsoft.emmx/org.chromium.chrome.browser.edge_settings.EdgeSettingsActivity (server),reason=NO_WINDOW]
03-14 04:36:54.132 6630 6630 I wm_on_top_resumed_gained_called: [38734622,org.chromium.chrome.browser.edge_settings.EdgeSettingsActivity,topStateChangedWhenResumed]
03-14 04:36:54.135 954 1047 I input_focus: [Focus request 2b70c15 com.microsoft.emmx/org.chromium.chrome.browser.edge_settings.EdgeSettingsActivity,reason=UpdateInputWindows]
03-14 04:36:54.137 954 1064 I am_pss : [11744,90002,com.microsoft.emmx:sandboxed_process0:org.chromium.content.app.SandboxedProcessService0:14,59538432,37613568,0,195129344,0,3,9]
03-14 04:36:54.145 954 1064 I am_pss : [6742,10033,com.microsoft.emmx:privileged_process0,45655040,26193920,3460096,159875072,0,3,8]
03-14 04:36:54.152 954 1064 I am_pss : [11433,90000,com.microsoft.emmx:sandboxed_process0:org.chromium.content.app.SandboxedProcessService0:12,14581760,4759552,0,129716224,0,3,6]
03-14 04:36:54.153 954 1043 I wm_activity_launch_time: [0,38734622,com.microsoft.emmx/org.chromium.chrome.browser.edge_settings.EdgeSettingsActivity,64]
03-14 04:36:54.171 954 1638 I input_focus: [Focus entering 2b70c15 com.microsoft.emmx/org.chromium.chrome.browser.edge_settings.EdgeSettingsActivity (server),reason=setFocusedWindow]
01-01 08:51:47.470 0 0 E msm_pcm_playback_close: CMD_EOS failed, cmd_pending 0x8
01-01 08:51:47.483 0 0 I afe_close: port_id = 0x9000
01-01 08:51:47.502 0 0 I afe_find_cal_topo_id_by_port: port id: 0x9000, dev_acdb_id: 0
01-01 08:51:47.502 0 0 I afe_find_cal_topo_id_by_port: top_id:112fc acdb_id:15 afe_port:0x9000
01-01 08:51:47.502 0 0 I afe_get_cal_topology_id: port_id = 0x9000 acdb_id = 15 topology_id = 0x112fc cal_type_index=8 ret=0
01-01 08:51:47.502 0 0 I afe_send_port_topology_id: AFE set topology id 0x112fc enable for port 0x9000 ret 0
01-01 08:51:47.502 0 0 I send_afe_cal_type: cal_index is 0
01-01 08:51:47.502 0 0 I send_afe_cal_type: dev_acdb_id[55] is 0
01-01 08:51:47.502 0 0 I send_afe_cal_type: Sending cal_index cal 0
01-01 08:51:47.502 0 0 E send_afe_cal_type: No cal sent for cal_index 0, port_id = 0x9000! ret -22
01-01 08:51:47.511 0 0 I afe_send_hw_delay: port_id 0x9000 rate 48000 delay_usec 474 status 0
03-14 04:36:54.499 0 0 I auditd : type=1400 audit(0.0:7443): avc: denied { kill } for comm="swapper/1" capability=5 scontext=u:r:kernel:s0 tcontext=u:r:kernel:s0 tclass=capability permissive=1
03-14 04:36:54.551 954 1046 I wm_stop_activity: [0,87562760,com.microsoft.emmx/org.chromium.chrome.browser.edge_settings.EdgeSettingsActivity]
03-14 04:36:54.572 6630 6630 I wm_on_stop_called: [87562760,org.chromium.chrome.browser.edge_settings.EdgeSettingsActivity,STOP_ACTIVITY_ITEM]
01-01 08:51:48.042 0 0 E DTC_ETH,link_delay_work_func: 3003, SQI=0, link=0
03-14 04:36:57.481 954 1638 I input_interaction: Interaction with: 2b70c15 com.microsoft.emmx/org.chromium.chrome.browser.edge_settings.EdgeSettingsActivity (server), edge-swipe (server), swipe-up (server), PointerEventDispatcher0 (server),
03-14 04:36:57.589 954 2139 I wm_finish_activity: [0,38734622,48,com.microsoft.emmx/org.chromium.chrome.browser.edge_settings.EdgeSettingsActivity,app-request]
03-14 04:36:57.597 954 2139 I wm_pause_activity: [0,38734622,com.microsoft.emmx/org.chromium.chrome.browser.edge_settings.EdgeSettingsActivity,userLeaving=false,finish]
03-14 04:36:57.601 6630 6630 I wm_on_top_resumed_lost_called: [38734622,org.chromium.chrome.browser.edge_settings.EdgeSettingsActivity,topStateChangedWhenResumed]
