03-14 04:45:10.115 954 1064 I am_pss : [25921,90012,com.microsoft.emmx:sandboxed_process0:org.chromium.content.app.SandboxedProcessService0:46,48460800,19259392,29696,186580992,0,3,14]
03-14 04:45:10.126 954 1064 I am_pss : [27072,10093,com.qiyi.video:downloader,38562816,15458304,22528,134799360,0,19,10]
01-01 09:00:04.678 0 0 E DTC_ETH,link_delay_work_func: 3003, SQI=0, link=0
03-14 04:45:11.534 954 1066 I am_uid_idle: 10062
03-14 04:45:13.318 954 23233 I am_uid_running: 90016
03-14 04:45:13.319 954 23233 D CompatibilityChangeReporter: Compat change id reported: 135634846; UID 10033; state: DISABLED
03-14 04:45:13.319 954 23233 D CompatibilityChangeReporter: Compat change id reported: 177438394; UID 10033; state: DISABLED
03-14 04:45:13.319 954 23233 D CompatibilityChangeReporter: Compat change id reported: 135772972; UID 10033; state: DISABLED
03-14 04:45:13.319 954 23233 D CompatibilityChangeReporter: Compat change id reported: 135754954; UID 10033; state: ENABLED
03-14 04:45:13.320 954 1067 D CompatibilityChangeReporter: Compat change id reported: 143937733; UID 10033; state: ENABLED
03-14 04:45:13.343 954 1067 I am_proc_start: [0,27217,90016,com.microsoft.emmx:sandboxed_process0:org.chromium.content.app.SandboxedProcessService0:50,,{com.microsoft.emmx/org.chromium.content.app.SandboxedProcessService0:50}]
03-14 04:45:13.343 954 1067 I ActivityManager: Start proc 27217:com.microsoft.emmx:sandboxed_process0:org.chromium.content.app.SandboxedProcessService0:50/u0ai16 for {com.microsoft.emmx/org.chromium.content.app.SandboxedProcessService0:50}
01-01 09:00:06.584 0 0 I binder : 27217:27217 ioctl 40046210 7ffedd5054 returned -22
03-14 04:45:13.364 954 23233 I am_proc_bound: [0,27217,com.microsoft.emmx:sandboxed_process0:org.chromium.content.app.SandboxedProcessService0:50]
03-14 04:45:13.367 954 23233 I am_uid_active: 90016
03-14 04:45:13.499 0 0 I auditd : type=1400 audit(0.0:9149): avc: denied { kill } for comm="swapper/2" capability=5 scontext=u:r:kernel:s0 tcontext=u:r:kernel:s0 tclass=capability permissive=1
01-01 09:00:08.519 0 0 E [soft_i][0xeb30802e5][04:45:15.293655] wlan: [0:E:DATA] __hdd_tx_timeout: Transmission timeout occurred jiffies 4295713792
01-01 09:00:08.531 0 0 E [soft_i][0xeb30bb840][04:45:15.306313] wlan: [0:E:DP] No of pool map received 1
01-01 09:00:08.540 0 0 E [soft_i][0xeb30e3bf4][04:45:15.314895] wlan: [0:E:DP] No of pool unmap received 0
01-01 09:00:08.549 0 0 E [soft_i][0xeb310cceb][04:45:15.323655] wlan: [0:E:DP] Pkt dropped due to unavailablity of pool 0
01-01 09:00:08.559 0 0 E [soft_i][0xeb313c286][04:45:15.333756] wlan: [0:E:DP]
01-01 09:00:08.567 0 0 E [soft_i][0xeb31612a1][04:45:15.341651] wlan: [0:E:DP] Flow_pool_id 0 :: status 2
01-01 09:00:08.575 0 0 E [soft_i][0xeb3189c6f][04:45:15.350321] wlan: [0:E:DP] Total 4096 :: Available 906
01-01 09:00:08.584 0 0 E [soft_i][0xeb31b2d8a][04:45:15.359077] wlan: [0:E:DP] Level 0 :: Start threshold 1024 :: Stop threshold 614
01-01 09:00:08.595 0 0 E [soft_i][0xeb31e6bfd][04:45:15.370149] wlan: [0:E:DP] Level 0 :: Maximun pause time 10792 ms
01-01 09:00:08.605 0 0 E [soft_i][0xeb32145b9][04:45:15.379885] wlan: [0:E:DP] Level 0 :: Latest pause timestamp 17182849064
01-01 09:00:08.615 0 0 E [soft_i][0xeb3244f93][04:45:15.390250] wlan: [0:E:DP] Level 1 :: Start threshold 819 :: Stop threshold 491
01-01 09:00:08.626 0 0 E [soft_i][0xeb3278818][04:45:15.401244] wlan: [0:E:DP] Level 1 :: Maximun pause time 0 ms
01-01 09:00:08.635 0 0 E [soft_i][0xeb32a482d][04:45:15.410632] wlan: [0:E:DP] Level 1 :: Latest pause timestamp 0
01-01 09:00:08.645 0 0 E [soft_i][0xeb32d0f76][04:45:15.420115] wlan: [0:E:DP] Level 2 :: Start threshold 614 :: Stop threshold 368
01-01 09:00:08.656 0 0 E [soft_i][0xeb330469c][04:45:15.431091] wlan: [0:E:DP] Level 2 :: Maximun pause time 0 ms
01-01 09:00:08.665 0 0 E [soft_i][0xeb33305b9][04:45:15.440466] wlan: [0:E:DP] Level 2 :: Latest pause timestamp 0
01-01 09:00:08.675 0 0 E [soft_i][0xeb335cc5e][04:45:15.449941] wlan: [0:E:DP] Level 3 :: Start threshold 409 :: Stop threshold 245
01-01 09:00:08.686 0 0 E [soft_i][0xeb339040e][04:45:15.460923] wlan: [0:E:DP] Level 3 :: Maximun pause time 0 ms
01-01 09:00:08.695 0 0 E [soft_i][0xeb33bc3d0][04:45:15.470307] wlan: [0:E:DP] Level 3 :: Latest pause timestamp 0
01-01 09:00:08.705 0 0 E [soft_i][0xeb33e8a5e][04:45:15.479781] wlan: [0:E:DP] Member flow_id 0 :: flow_type 0
01-01 09:00:08.714 0 0 E [soft_i][0xeb3413c74][04:45:15.488988] wlan: [0:E:DP] Pkt dropped due to unavailablity of descriptors 0
01-01 09:00:09.798 0 0 E DTC_ETH,link_delay_work_func: 3003, SQI=0, link=0
01-01 09:00:09.903 0 0 I logd : logdr: UID=1000 GID=1000 PID=27244 n tail=127 logMask=19 pid=0 start=0ns deadline=0ns
01-01 09:00:10.022 0 0 I logd : logdr: UID=1000 GID=1000 PID=27246 n tail=127 logMask=80 pid=0 start=0ns deadline=0ns
01-01 09:00:11.278 0 0 E msm_pcm_playback_close: CMD_EOS failed, cmd_pending 0x8
01-01 09:00:11.291 0 0 I afe_close: port_id = 0x9000
01-01 09:00:11.313 0 0 I afe_find_cal_topo_id_by_port: port id: 0x9000, dev_acdb_id: 0
01-01 09:00:11.313 0 0 I afe_find_cal_topo_id_by_port: top_id:112fc acdb_id:15 afe_port:0x9000
01-01 09:00:11.313 0 0 I afe_get_cal_topology_id: port_id = 0x9000 acdb_id = 15 topology_id = 0x112fc cal_type_index=8 ret=0
01-01 09:00:11.314 0 0 I afe_send_port_topology_id: AFE set topology id 0x112fc enable for port 0x9000 ret 0
01-01 09:00:11.314 0 0 I send_afe_cal_type: cal_index is 0
01-01 09:00:11.314 0 0 I send_afe_cal_type: dev_acdb_id[55] is 0
01-01 09:00:11.314 0 0 I send_afe_cal_type: Sending cal_index cal 0
01-01 09:00:11.314 0 0 E send_afe_cal_type: No cal sent for cal_index 0, port_id = 0x9000! ret -22
01-01 09:00:11.322 0 0 I afe_send_hw_delay: port_id 0x9000 rate 48000 delay_usec 474 status 0
01-01 09:00:12.913 0 0 E [wifi@1][0xeb80f7e0b][04:45:19.688257] wlan: [925:E:QDF] cds_flush_logs: 2424: Bug report already in progress - dropping! type:0, indicator=1 reason_code=0
01-01 09:00:12.929 0 0 E [wifi@1][0xeb81411cb][04:45:19.703880] wlan: [925:E:HDD] __wlan_hdd_cfg80211_wifi_logger_get_ring_data: 9840: Failed to trigger bug report
01-01 09:00:12.962 0 0 I logd : logdr: UID=1000 GID=1000 PID=27251 n tail=127 logMask=19 pid=0 start=0ns deadline=0ns
01-01 09:00:13.082 0 0 I logd : logdr: UID=1000 GID=1000 PID=27253 n tail=127 logMask=80 pid=0 start=0ns deadline=0ns
01-01 09:00:14.918 0 0 E DTC_ETH,link_delay_work_func: 3003, SQI=0, link=0
03-14 04:45:23.978 954 1123 V DisplayPowerController[0]: Brightness [0.05] reason changing to: 'manual [ dim ]', previous reason: 'manual'.
03-14 04:45:23.978 954 1123 I sysui_multi_action: [757,1696,758,6,759,2]
03-14 04:45:23.979 954 1123 W PowerManagerService: Screen on took 295676 ms
03-14 04:45:23.986 954 1954 E DisplayDeviceConfig: requesting nits when no mapping exists.
03-14 04:45:23.987 954 1954 E DisplayDeviceConfig: requesting nits when no mapping exists.
03-14 04:45:23.987 954 1066 I am_wtf : [0,954,system_server,-1,DisplayDeviceConfig,requesting nits when no mapping exists.]
03-14 04:45:23.988 954 1066 I DropBoxManagerService: add tag=system_server_wtf isTagEnabled=true flags=0x2
03-14 04:45:23.990 954 1066 I am_wtf : [0,954,system_server,-1,DisplayDeviceConfig,requesting nits when no mapping exists.]
03-14 04:45:23.991 954 1066 I DropBoxManagerService: add tag=system_server_wtf isTagEnabled=true flags=0x2
03-14 04:45:24.002 954 1954 E DisplayDeviceConfig: requesting nits when no mapping exists.
03-14 04:45:24.002 954 1954 E DisplayDeviceConfig: requesting nits when no mapping exists.
03-14 04:45:24.003 954 1066 I am_wtf : [0,954,system_server,-1,DisplayDeviceConfig,requesting nits when no mapping exists.]
03-14 04:45:24.004 954 1066 I DropBoxManagerService: add tag=system_server_wtf isTagEnabled=true flags=0x2
03-14 04:45:24.004 954 1066 I am_wtf : [0,954,system_server,-1,DisplayDeviceConfig,requesting nits when no mapping exists.]
03-14 04:45:24.005 954 1066 I DropBoxManagerService: add tag=system_server_wtf isTagEnabled=true flags=0x2
03-14 04:45:24.019 954 1954 E DisplayDeviceConfig: requesting nits when no mapping exists.
03-14 04:45:24.019 954 1954 E DisplayDeviceConfig: requesting nits when no mapping exists.
03-14 04:45:24.020 954 1066 I am_wtf : [0,954,system_server,-1,DisplayDeviceConfig,requesting nits when no mapping exists.]
03-14 04:45:24.020 954 1066 I DropBoxManagerService: add tag=system_server_wtf isTagEnabled=true flags=0x2
03-14 04:45:24.021 954 1066 I am_wtf : [0,954,system_server,-1,DisplayDeviceConfig,requesting nits when no mapping exists.]
03-14 04:45:24.035 954 1954 E DisplayDeviceConfig: requesting nits when no mapping exists.
03-14 04:45:24.036 954 1954 E DisplayDeviceConfig: requesting nits when no mapping exists.
03-14 04:45:24.036 954 1066 I am_wtf : [0,954,system_server,-1,DisplayDeviceConfig,requesting nits when no mapping exists.]
03-14 04:45:24.037 954 1066 I am_wtf : [0,954,system_server,-1,DisplayDeviceConfig,requesting nits when no mapping exists.]
03-14 04:45:24.052 954 1954 E DisplayDeviceConfig: requesting nits when no mapping exists.
03-14 04:45:24.053 954 1066 I am_wtf : [0,954,system_server,-1,DisplayDeviceConfig,requesting nits when no mapping exists.]
03-14 04:45:24.053 954 1954 E DisplayDeviceConfig: requesting nits when no mapping exists.
03-14 04:45:24.054 954 1066 I am_wtf : [0,954,system_server,-1,DisplayDeviceConfig,requesting nits when no mapping exists.]
03-14 04:45:24.069 954 1954 E DisplayDeviceConfig: requesting nits when no mapping exists.
03-14 04:45:24.069 954 1066 I am_wtf : [0,954,system_server,-1,DisplayDeviceConfig,requesting nits when no mapping exists.]
03-14 04:45:24.069 954 1954 E DisplayDeviceConfig: requesting nits when no mapping exists.
03-14 04:45:24.070 954 1066 I am_wtf : [0,954,system_server,-1,DisplayDeviceConfig,requesting nits when no mapping exists.]
03-14 04:45:24.086 954 1954 E DisplayDeviceConfig: requesting nits when no mapping exists.
03-14 04:45:24.086 954 1066 I am_wtf : [0,954,system_server,-1,DisplayDeviceConfig,requesting nits when no mapping exists.]
03-14 04:45:24.086 954 1954 E DisplayDeviceConfig: requesting nits when no mapping exists.
03-14 04:45:24.087 954 1066 I am_wtf : [0,954,system_server,-1,DisplayDeviceConfig,requesting nits when no mapping exists.]
03-14 04:45:24.102 954 1954 E DisplayDeviceConfig: requesting nits when no mapping exists.
03-14 04:45:24.103 954 1954 E DisplayDeviceConfig: requesting nits when no mapping exists.
03-14 04:45:24.103 954 1066 I am_wtf : [0,954,system_server,-1,DisplayDeviceConfig,requesting nits when no mapping exists.]
03-14 04:45:24.103 954 1066 I am_wtf : [0,954,system_server,-1,DisplayDeviceConfig,requesting nits when no mapping exists.]
03-14 04:45:24.119 954 1954 E DisplayDeviceConfig: requesting nits when no mapping exists.
03-14 04:45:24.119 954 1954 E DisplayDeviceConfig: requesting nits when no mapping exists.
03-14 04:45:24.120 954 1066 I am_wtf : [0,954,system_server,-1,DisplayDeviceConfig,requesting nits when no mapping exists.]
03-14 04:45:24.121 954 1066 I am_wtf : [0,954,system_server,-1,DisplayDeviceConfig,requesting nits when no mapping exists.]
03-14 04:45:24.136 954 1954 E DisplayDeviceConfig: requesting nits when no mapping exists.
03-14 04:45:24.136 954 1954 E DisplayDeviceConfig: requesting nits when no mapping exists.
03-14 04:45:24.136 954 1066 I am_wtf : [0,954,system_server,-1,DisplayDeviceConfig,requesting nits when no mapping exists.]
03-14 04:45:24.137 954 1066 I am_wtf : [0,954,system_server,-1,DisplayDeviceConfig,requesting nits when no mapping exists.]
03-14 04:45:24.152 954 1954 E DisplayDeviceConfig: requesting nits when no mapping exists.
03-14 04:45:24.153 954 1954 E DisplayDeviceConfig: requesting nits when no mapping exists.
03-14 04:45:24.153 954 1066 I am_wtf : [0,954,system_server,-1,DisplayDeviceConfig,requesting nits when no mapping exists.]
03-14 04:45:24.154 954 1066 I am_wtf : [0,954,system_server,-1,DisplayDeviceConfig,requesting nits when no mapping exists.]
03-14 04:45:24.169 954 1954 E DisplayDeviceConfig: requesting nits when no mapping exists.
03-14 04:45:24.170 954 1066 I am_wtf : [0,954,system_server,-1,DisplayDeviceConfig,requesting nits when no mapping exists.]
03-14 04:45:24.170 954 1954 E DisplayDeviceConfig: requesting nits when no mapping exists.
03-14 04:45:24.170 954 1066 I am_wtf : [0,954,system_server,-1,DisplayDeviceConfig,requesting nits when no mapping exists.]
03-14 04:45:24.186 954 1954 E DisplayDeviceConfig: requesting nits when no mapping exists.
03-14 04:45:24.186 954 1066 I am_wtf : [0,954,system_server,-1,DisplayDeviceConfig,requesting nits when no mapping exists.]
03-14 04:45:24.186 954 1954 E DisplayDeviceConfig: requesting nits when no mapping exists.
03-14 04:45:24.187 954 1066 I am_wtf : [0,954,system_server,-1,DisplayDeviceConfig,requesting nits when no mapping exists.]
03-14 04:45:24.202 954 1954 E DisplayDeviceConfig: requesting nits when no mapping exists.
03-14 04:45:24.203 954 1066 I am_wtf : [0,954,system_server,-1,DisplayDeviceConfig,requesting nits when no mapping exists.]
03-14 04:45:24.203 954 1954 E DisplayDeviceConfig: requesting nits when no mapping exists.
03-14 04:45:24.204 954 1066 I am_wtf : [0,954,system_server,-1,DisplayDeviceConfig,requesting nits when no mapping exists.]
03-14 04:45:24.219 954 1954 E DisplayDeviceConfig: requesting nits when no mapping exists.
03-14 04:45:24.220 954 1954 E DisplayDeviceConfig: requesting nits when no mapping exists.
03-14 04:45:24.220 954 1066 I am_wtf : [0,954,system_server,-1,DisplayDeviceConfig,requesting nits when no mapping exists.]
03-14 04:45:24.220 954 1066 I am_wtf : [0,954,system_server,-1,DisplayDeviceConfig,requesting nits when no mapping exists.]
03-14 04:45:24.236 954 1954 E DisplayDeviceConfig: requesting nits when no mapping exists.
03-14 04:45:24.236 954 1066 I am_wtf : [0,954,system_server,-1,DisplayDeviceConfig,requesting nits when no mapping exists.]
03-14 04:45:24.236 954 1954 E DisplayDeviceConfig: requesting nits when no mapping exists.
03-14 04:45:24.237 954 1066 I am_wtf : [0,954,system_server,-1,DisplayDeviceConfig,requesting nits when no mapping exists.]
03-14 04:45:24.238 954 1066 I service_manager_stats: [100,63,72593]
03-14 04:45:24.253 954 1954 E DisplayDeviceConfig: requesting nits when no mapping exists.
03-14 04:45:24.253 954 1066 I am_wtf : [0,954,system_server,-1,DisplayDeviceConfig,requesting nits when no mapping exists.]
03-14 04:45:24.253 954 1954 E DisplayDeviceConfig: requesting nits when no mapping exists.
03-14 04:45:24.254 954 1066 I am_wtf : [0,954,system_server,-1,DisplayDeviceConfig,requesting nits when no mapping exists.]
03-14 04:45:24.269 954 1954 E DisplayDeviceConfig: requesting nits when no mapping exists.
03-14 04:45:24.270 954 1066 I am_wtf : [0,954,system_server,-1,DisplayDeviceConfig,requesting nits when no mapping exists.]
03-14 04:45:24.270 954 1954 E DisplayDeviceConfig: requesting nits when no mapping exists.
03-14 04:45:24.270 954 1066 I am_wtf : [0,954,system_server,-1,DisplayDeviceConfig,requesting nits when no mapping exists.]
03-14 04:45:24.286 954 1954 E DisplayDeviceConfig: requesting nits when no mapping exists.
03-14 04:45:24.286 954 1066 I am_wtf : [0,954,system_server,-1,DisplayDeviceConfig,requesting nits when no mapping exists.]
03-14 04:45:24.286 954 1954 E DisplayDeviceConfig: requesting nits when no mapping exists.
03-14 04:45:24.287 954 1066 I am_wtf : [0,954,system_server,-1,DisplayDeviceConfig,requesting nits when no mapping exists.]
03-14 04:45:24.303 954 1954 E DisplayDeviceConfig: requesting nits when no mapping exists.
03-14 04:45:24.303 954 1066 I am_wtf : [0,954,system_server,-1,DisplayDeviceConfig,requesting nits when no mapping exists.]
03-14 04:45:24.303 954 1954 E DisplayDeviceConfig: requesting nits when no mapping exists.
03-14 04:45:24.304 954 1066 I am_wtf : [0,954,system_server,-1,DisplayDeviceConfig,requesting nits when no mapping exists.]
03-14 04:45:24.319 954 1954 E DisplayDeviceConfig: requesting nits when no mapping exists.
03-14 04:45:24.320 954 1954 E DisplayDeviceConfig: requesting nits when no mapping exists.
03-14 04:45:24.320 954 1066 I am_wtf : [0,954,system_server,-1,DisplayDeviceConfig,requesting nits when no mapping exists.]
03-14 04:45:24.321 954 1066 I am_wtf : [0,954,system_server,-1,DisplayDeviceConfig,requesting nits when no mapping exists.]
03-14 04:45:24.336 954 1954 E DisplayDeviceConfig: requesting nits when no mapping exists.
03-14 04:45:24.337 954 1954 E DisplayDeviceConfig: requesting nits when no mapping exists.
03-14 04:45:24.337 954 1066 I am_wtf : [0,954,system_server,-1,DisplayDeviceConfig,requesting nits when no mapping exists.]
03-14 04:45:24.338 954 1066 I am_wtf : [0,954,system_server,-1,DisplayDeviceConfig,requesting nits when no mapping exists.]
03-14 04:45:24.353 954 1954 E DisplayDeviceConfig: requesting nits when no mapping exists.
03-14 04:45:24.353 954 1066 I am_wtf : [0,954,system_server,-1,DisplayDeviceConfig,requesting nits when no mapping exists.]
03-14 04:45:24.353 954 1954 E DisplayDeviceConfig: requesting nits when no mapping exists.
03-14 04:45:24.354 954 1066 I am_wtf : [0,954,system_server,-1,DisplayDeviceConfig,requesting nits when no mapping exists.]
03-14 04:45:24.370 954 1954 E DisplayDeviceConfig: requesting nits when no mapping exists.
03-14 04:45:24.370 954 1066 I am_wtf : [0,954,system_server,-1,DisplayDeviceConfig,requesting nits when no mapping exists.]
03-14 04:45:24.370 954 1954 E DisplayDeviceConfig: requesting nits when no mapping exists.
03-14 04:45:24.371 954 1066 I am_wtf : [0,954,system_server,-1,DisplayDeviceConfig,requesting nits when no mapping exists.]
03-14 04:45:24.386 954 1954 E DisplayDeviceConfig: requesting nits when no mapping exists.
03-14 04:45:24.387 954 1066 I am_wtf : [0,954,system_server,-1,DisplayDeviceConfig,requesting nits when no mapping exists.]
03-14 04:45:24.387 954 1954 E DisplayDeviceConfig: requesting nits when no mapping exists.
03-14 04:45:24.387 954 1066 I am_wtf : [0,954,system_server,-1,DisplayDeviceConfig,requesting nits when no mapping exists.]
03-14 04:45:24.403 954 1954 E DisplayDeviceConfig: requesting nits when no mapping exists.
03-14 04:45:24.403 954 1066 I am_wtf : [0,954,system_server,-1,DisplayDeviceConfig,requesting nits when no mapping exists.]
03-14 04:45:24.403 954 1954 E DisplayDeviceConfig: requesting nits when no mapping exists.
03-14 04:45:24.404 954 1066 I am_wtf : [0,954,system_server,-1,DisplayDeviceConfig,requesting nits when no mapping exists.]
03-14 04:45:24.420 954 1954 E DisplayDeviceConfig: requesting nits when no mapping exists.
03-14 04:45:24.420 954 1066 I am_wtf : [0,954,system_server,-1,DisplayDeviceConfig,requesting nits when no mapping exists.]
03-14 04:45:24.420 954 1954 E DisplayDeviceConfig: requesting nits when no mapping exists.
03-14 04:45:24.421 954 1066 I am_wtf : [0,954,system_server,-1,DisplayDeviceConfig,requesting nits when no mapping exists.]
03-14 04:45:24.436 954 1954 E DisplayDeviceConfig: requesting nits when no mapping exists.
03-14 04:45:24.437 954 1066 I am_wtf : [0,954,system_server,-1,DisplayDeviceConfig,requesting nits when no mapping exists.]
03-14 04:45:24.437 954 1954 E DisplayDeviceConfig: requesting nits when no mapping exists.
03-14 04:45:24.438 954 1066 I am_wtf : [0,954,system_server,-1,DisplayDeviceConfig,requesting nits when no mapping exists.]
03-14 04:45:24.453 954 1954 E DisplayDeviceConfig: requesting nits when no mapping exists.
03-14 04:45:24.453 954 1066 I am_wtf : [0,954,system_server,-1,DisplayDeviceConfig,requesting nits when no mapping exists.]
03-14 04:45:24.453 954 1954 E DisplayDeviceConfig: requesting nits when no mapping exists.
03-14 04:45:24.454 954 1066 I am_wtf : [0,954,system_server,-1,DisplayDeviceConfig,requesting nits when no mapping exists.]
03-14 04:45:24.470 954 1954 E DisplayDeviceConfig: requesting nits when no mapping exists.
03-14 04:45:24.470 954 1954 E DisplayDeviceConfig: requesting nits when no mapping exists.
03-14 04:45:24.470 954 1066 I am_wtf : [0,954,system_server,-1,DisplayDeviceConfig,requesting nits when no mapping exists.]
03-14 04:45:24.471 954 1066 I am_wtf : [0,954,system_server,-1,DisplayDeviceConfig,requesting nits when no mapping exists.]
03-14 04:45:24.487 954 1954 E DisplayDeviceConfig: requesting nits when no mapping exists.
03-14 04:45:24.487 954 1066 I am_wtf : [0,954,system_server,-1,DisplayDeviceConfig,requesting nits when no mapping exists.]
03-14 04:45:24.488 954 1954 E DisplayDeviceConfig: requesting nits when no mapping exists.
03-14 04:45:24.488 954 1066 I am_wtf : [0,954,system_server,-1,DisplayDeviceConfig,requesting nits when no mapping exists.]
03-14 04:45:24.503 954 1954 E DisplayDeviceConfig: requesting nits when no mapping exists.
03-14 04:45:24.503 954 1066 I am_wtf : [0,954,system_server,-1,DisplayDeviceConfig,requesting nits when no mapping exists.]
03-14 04:45:24.503 954 1954 E DisplayDeviceConfig: requesting nits when no mapping exists.
03-14 04:45:24.504 954 1066 I am_wtf : [0,954,system_server,-1,DisplayDeviceConfig,requesting nits when no mapping exists.]
03-14 04:45:24.520 954 1954 E DisplayDeviceConfig: requesting nits when no mapping exists.
03-14 04:45:24.520 954 1066 I am_wtf : [0,954,system_server,-1,DisplayDeviceConfig,requesting nits when no mapping exists.]
03-14 04:45:24.520 954 1954 E DisplayDeviceConfig: requesting nits when no mapping exists.
03-14 04:45:24.521 954 1066 I am_wtf : [0,954,system_server,-1,DisplayDeviceConfig,requesting nits when no mapping exists.]
03-14 04:45:24.537 954 1954 E DisplayDeviceConfig: requesting nits when no mapping exists.
03-14 04:45:24.537 954 1066 I am_wtf : [0,954,system_server,-1,DisplayDeviceConfig,requesting nits when no mapping exists.]
03-14 04:45:24.537 954 1954 E DisplayDeviceConfig: requesting nits when no mapping exists.
03-14 04:45:24.538 954 1066 I am_wtf : [0,954,system_server,-1,DisplayDeviceConfig,requesting nits when no mapping exists.]
03-14 04:45:24.553 954 1954 E DisplayDeviceConfig: requesting nits when no mapping exists.
03-14 04:45:24.554 954 1954 E DisplayDeviceConfig: requesting nits when no mapping exists.
03-14 04:45:24.554 954 1066 I am_wtf : [0,954,system_server,-1,DisplayDeviceConfig,requesting nits when no mapping exists.]
03-14 04:45:24.554 954 1066 I am_wtf : [0,954,system_server,-1,DisplayDeviceConfig,requesting nits when no mapping exists.]
03-14 04:45:24.570 954 1954 E DisplayDeviceConfig: requesting nits when no mapping exists.
03-14 04:45:24.570 954 1954 E DisplayDeviceConfig: requesting nits when no mapping exists.
03-14 04:45:24.570 954 1066 I am_wtf : [0,954,system_server,-1,DisplayDeviceConfig,requesting nits when no mapping exists.]
03-14 04:45:24.571 954 1066 I am_wtf : [0,954,system_server,-1,DisplayDeviceConfig,requesting nits when no mapping exists.]
03-14 04:45:24.588 954 1954 E DisplayDeviceConfig: requesting nits when no mapping exists.
03-14 04:45:24.589 954 1954 E DisplayDeviceConfig: requesting nits when no mapping exists.
03-14 04:45:24.589 954 1066 I am_wtf : [0,954,system_server,-1,DisplayDeviceConfig,requesting nits when no mapping exists.]
03-14 04:45:24.590 954 1066 I am_wtf : [0,954,system_server,-1,DisplayDeviceConfig,requesting nits when no mapping exists.]
03-14 04:45:24.604 954 1954 E DisplayDeviceConfig: requesting nits when no mapping exists.
03-14 04:45:24.604 954 1954 E DisplayDeviceConfig: requesting nits when no mapping exists.
03-14 04:45:24.604 954 1066 I am_wtf : [0,954,system_server,-1,DisplayDeviceConfig,requesting nits when no mapping exists.]
03-14 04:45:24.605 954 1066 I am_wtf : [0,954,system_server,-1,DisplayDeviceConfig,requesting nits when no mapping exists.]
03-14 04:45:24.620 954 1954 E DisplayDeviceConfig: requesting nits when no mapping exists.
03-14 04:45:24.621 954 1954 E DisplayDeviceConfig: requesting nits when no mapping exists.
03-14 04:45:24.621 954 1066 I am_wtf : [0,954,system_server,-1,DisplayDeviceConfig,requesting nits when no mapping exists.]
03-14 04:45:24.622 954 1066 I am_wtf : [0,954,system_server,-1,DisplayDeviceConfig,requesting nits when no mapping exists.]
03-14 04:45:24.637 954 1954 E DisplayDeviceConfig: requesting nits when no mapping exists.
03-14 04:45:24.638 954 1954 E DisplayDeviceConfig: requesting nits when no mapping exists.
03-14 04:45:24.638 954 1066 I am_wtf : [0,954,system_server,-1,DisplayDeviceConfig,requesting nits when no mapping exists.]
03-14 04:45:24.639 954 1066 I am_wtf : [0,954,system_server,-1,DisplayDeviceConfig,requesting nits when no mapping exists.]
03-14 04:45:24.654 954 1954 E DisplayDeviceConfig: requesting nits when no mapping exists.
03-14 04:45:24.654 954 1954 E DisplayDeviceConfig: requesting nits when no mapping exists.
03-14 04:45:24.654 954 1066 I am_wtf : [0,954,system_server,-1,DisplayDeviceConfig,requesting nits when no mapping exists.]
03-14 04:45:24.655 954 1066 I am_wtf : [0,954,system_server,-1,DisplayDeviceConfig,requesting nits when no mapping exists.]
03-14 04:45:24.670 954 1954 E DisplayDeviceConfig: requesting nits when no mapping exists.
03-14 04:45:24.671 954 1954 E DisplayDeviceConfig: requesting nits when no mapping exists.
03-14 04:45:24.671 954 1066 I am_wtf : [0,954,system_server,-1,DisplayDeviceConfig,requesting nits when no mapping exists.]
03-14 04:45:24.672 954 1066 I am_wtf : [0,954,system_server,-1,DisplayDeviceConfig,requesting nits when no mapping exists.]
03-14 04:45:24.687 954 1954 E DisplayDeviceConfig: requesting nits when no mapping exists.
03-14 04:45:24.687 954 1954 E DisplayDeviceConfig: requesting nits when no mapping exists.
03-14 04:45:24.688 954 1066 I am_wtf : [0,954,system_server,-1,DisplayDeviceConfig,requesting nits when no mapping exists.]
03-14 04:45:24.688 954 1066 I am_wtf : [0,954,system_server,-1,DisplayDeviceConfig,requesting nits when no mapping exists.]
03-14 04:45:24.703 954 1954 E DisplayDeviceConfig: requesting nits when no mapping exists.
03-14 04:45:24.704 954 1954 E DisplayDeviceConfig: requesting nits when no mapping exists.
03-14 04:45:24.704 954 1066 I am_wtf : [0,954,system_server,-1,DisplayDeviceConfig,requesting nits when no mapping exists.]
03-14 04:45:24.705 954 1066 I am_wtf : [0,954,system_server,-1,DisplayDeviceConfig,requesting nits when no mapping exists.]
03-14 04:45:24.720 954 1954 E DisplayDeviceConfig: requesting nits when no mapping exists.
03-14 04:45:24.721 954 1066 I am_wtf : [0,954,system_server,-1,DisplayDeviceConfig,requesting nits when no mapping exists.]
03-14 04:45:24.721 954 1954 E DisplayDeviceConfig: requesting nits when no mapping exists.
03-14 04:45:24.722 954 1066 I am_wtf : [0,954,system_server,-1,DisplayDeviceConfig,requesting nits when no mapping exists.]
03-14 04:45:24.737 954 1954 E DisplayDeviceConfig: requesting nits when no mapping exists.
03-14 04:45:24.738 954 1066 I am_wtf : [0,954,system_server,-1,DisplayDeviceConfig,requesting nits when no mapping exists.]
03-14 04:45:24.738 954 1954 E DisplayDeviceConfig: requesting nits when no mapping exists.
03-14 04:45:24.738 954 1066 I am_wtf : [0,954,system_server,-1,DisplayDeviceConfig,requesting nits when no mapping exists.]
03-14 04:45:24.754 954 1954 E DisplayDeviceConfig: requesting nits when no mapping exists.
03-14 04:45:24.754 954 1066 I am_wtf : [0,954,system_server,-1,DisplayDeviceConfig,requesting nits when no mapping exists.]
03-14 04:45:24.754 954 1954 E DisplayDeviceConfig: requesting nits when no mapping exists.
03-14 04:45:24.755 954 1066 I am_wtf : [0,954,system_server,-1,DisplayDeviceConfig,requesting nits when no mapping exists.]
03-14 04:45:24.770 954 1954 E DisplayDeviceConfig: requesting nits when no mapping exists.
03-14 04:45:24.771 954 1954 E DisplayDeviceConfig: requesting nits when no mapping exists.
03-14 04:45:24.771 954 1066 I am_wtf : [0,954,system_server,-1,DisplayDeviceConfig,requesting nits when no mapping exists.]
03-14 04:45:24.772 954 1066 I am_wtf : [0,954,system_server,-1,DisplayDeviceConfig,requesting nits when no mapping exists.]
03-14 04:45:24.787 954 1954 E DisplayDeviceConfig: requesting nits when no mapping exists.
03-14 04:45:24.788 954 1066 I am_wtf : [0,954,system_server,-1,DisplayDeviceConfig,requesting nits when no mapping exists.]
03-14 04:45:24.788 954 1954 E DisplayDeviceConfig: requesting nits when no mapping exists.
03-14 04:45:24.789 954 1066 I am_wtf : [0,954,system_server,-1,DisplayDeviceConfig,requesting nits when no mapping exists.]
03-14 04:45:24.804 954 1954 E DisplayDeviceConfig: requesting nits when no mapping exists.
03-14 04:45:24.804 954 1954 E DisplayDeviceConfig: requesting nits when no mapping exists.
03-14 04:45:24.804 954 1066 I am_wtf : [0,954,system_server,-1,DisplayDeviceConfig,requesting nits when no mapping exists.]
03-14 04:45:24.805 954 1066 I am_wtf : [0,954,system_server,-1,DisplayDeviceConfig,requesting nits when no mapping exists.]
03-14 04:45:24.821 954 1954 E DisplayDeviceConfig: requesting nits when no mapping exists.
03-14 04:45:24.821 954 1954 E DisplayDeviceConfig: requesting nits when no mapping exists.
03-14 04:45:24.821 954 1066 I am_wtf : [0,954,system_server,-1,DisplayDeviceConfig,requesting nits when no mapping exists.]
03-14 04:45:24.822 954 1066 I am_wtf : [0,954,system_server,-1,DisplayDeviceConfig,requesting nits when no mapping exists.]
03-14 04:45:24.837 954 1954 E DisplayDeviceConfig: requesting nits when no mapping exists.
03-14 04:45:24.838 954 1066 I am_wtf : [0,954,system_server,-1,DisplayDeviceConfig,requesting nits when no mapping exists.]
03-14 04:45:24.838 954 1954 E DisplayDeviceConfig: requesting nits when no mapping exists.
03-14 04:45:24.839 954 1066 I am_wtf : [0,954,system_server,-1,DisplayDeviceConfig,requesting nits when no mapping exists.]
03-14 04:45:24.854 954 1954 E DisplayDeviceConfig: requesting nits when no mapping exists.
03-14 04:45:24.855 954 1954 E DisplayDeviceConfig: requesting nits when no mapping exists.
03-14 04:45:24.855 954 1066 I am_wtf : [0,954,system_server,-1,DisplayDeviceConfig,requesting nits when no mapping exists.]
03-14 04:45:24.856 954 1066 I am_wtf : [0,954,system_server,-1,DisplayDeviceConfig,requesting nits when no mapping exists.]
03-14 04:45:24.870 954 1954 E DisplayDeviceConfig: requesting nits when no mapping exists.
03-14 04:45:24.871 954 1066 I am_wtf : [0,954,system_server,-1,DisplayDeviceConfig,requesting nits when no mapping exists.]
03-14 04:45:24.871 954 1954 E DisplayDeviceConfig: requesting nits when no mapping exists.
03-14 04:45:24.872 954 1066 I am_wtf : [0,954,system_server,-1,DisplayDeviceConfig,requesting nits when no mapping exists.]
03-14 04:45:24.888 954 1954 E DisplayDeviceConfig: requesting nits when no mapping exists.
03-14 04:45:24.888 954 1066 I am_wtf : [0,954,system_server,-1,DisplayDeviceConfig,requesting nits when no mapping exists.]
03-14 04:45:24.889 954 1954 E DisplayDeviceConfig: requesting nits when no mapping exists.
03-14 04:45:24.890 954 1066 I am_wtf : [0,954,system_server,-1,DisplayDeviceConfig,requesting nits when no mapping exists.]
03-14 04:45:24.904 954 1954 E DisplayDeviceConfig: requesting nits when no mapping exists.
03-14 04:45:24.904 954 1954 E DisplayDeviceConfig: requesting nits when no mapping exists.
03-14 04:45:24.904 954 1066 I am_wtf : [0,954,system_server,-1,DisplayDeviceConfig,requesting nits when no mapping exists.]
03-14 04:45:24.905 954 1066 I am_wtf : [0,954,system_server,-1,DisplayDeviceConfig,requesting nits when no mapping exists.]
03-14 04:45:24.921 954 1954 E DisplayDeviceConfig: requesting nits when no mapping exists.
03-14 04:45:24.921 954 1954 E DisplayDeviceConfig: requesting nits when no mapping exists.
03-14 04:45:24.921 954 1066 I am_wtf : [0,954,system_server,-1,DisplayDeviceConfig,requesting nits when no mapping exists.]
03-14 04:45:24.922 954 1066 I am_wtf : [0,954,system_server,-1,DisplayDeviceConfig,requesting nits when no mapping exists.]
03-14 04:45:24.938 954 1954 E DisplayDeviceConfig: requesting nits when no mapping exists.
03-14 04:45:24.938 954 1066 I am_wtf : [0,954,system_server,-1,DisplayDeviceConfig,requesting nits when no mapping exists.]
03-14 04:45:24.938 954 1954 E DisplayDeviceConfig: requesting nits when no mapping exists.
03-14 04:45:24.939 954 1066 I am_wtf : [0,954,system_server,-1,DisplayDeviceConfig,requesting nits when no mapping exists.]
01-01 09:00:20.038 0 0 E DTC_ETH,link_delay_work_func: 3003, SQI=0, link=0
01-01 09:00:20.776 0 0 I logd : logdr: UID=1000 GID=1000 PID=27261 n tail=127 logMask=19 pid=0 start=0ns deadline=0ns
01-01 09:00:20.891 0 0 I logd : logdr: UID=1000 GID=1000 PID=27264 n tail=127 logMask=80 pid=0 start=0ns deadline=0ns
03-14 04:45:28.315 508 508 I auditd : avc: denied { find } for pid=7666 uid=10097 name=com.qihoo360.rootserver scontext=u:r:untrusted_app_27:s0:c97,c256,c512,c768 tcontext=u:object_r:default_android_service:s0 tclass=service_manager permissive=1
03-14 04:45:28.499 0 0 I auditd : type=1400 audit(0.0:9150): avc: denied { kill } for comm="swapper/2" capability=5 scontext=u:r:kernel:s0 tcontext=u:r:kernel:s0 tclass=capability permissive=1
01-01 09:00:21.774 0 0 E msm_pcm_playback_close: CMD_EOS failed, cmd_pending 0x8
01-01 09:00:21.788 0 0 I afe_close: port_id = 0x9000
01-01 09:00:21.809 0 0 I afe_find_cal_topo_id_by_port: port id: 0x9000, dev_acdb_id: 0
01-01 09:00:21.809 0 0 I afe_find_cal_topo_id_by_port: top_id:112fc acdb_id:15 afe_port:0x9000
01-01 09:00:21.809 0 0 I afe_get_cal_topology_id: port_id = 0x9000 acdb_id = 15 topology_id = 0x112fc cal_type_index=8 ret=0
01-01 09:00:21.809 0 0 I afe_send_port_topology_id: AFE set topology id 0x112fc enable for port 0x9000 ret 0
01-01 09:00:21.809 0 0 I send_afe_cal_type: cal_index is 0
01-01 09:00:21.809 0 0 I send_afe_cal_type: dev_acdb_id[55] is 0
01-01 09:00:21.809 0 0 I send_afe_cal_type: Sending cal_index cal 0
01-01 09:00:21.809 0 0 E send_afe_cal_type: No cal sent for cal_index 0, port_id = 0x9000! ret -22
01-01 09:00:21.818 0 0 I afe_send_hw_delay: port_id 0x9000 rate 48000 delay_usec 474 status 0
03-14 04:45:28.620 954 6613 I ActivityManager: Killing 25921:com.microsoft.emmx:sandboxed_process0:org.chromium.content.app.SandboxedProcessService0:46/u0a33i-8988 (adj 0): isolated not needed
03-14 04:45:28.620 954 6613 I am_kill : [0,25921,com.microsoft.emmx:sandboxed_process0:org.chromium.content.app.SandboxedProcessService0:46,0,isolated not needed]
03-14 04:45:28.652 954 6613 I am_proc_died: [0,25921,com.microsoft.emmx:sandboxed_process0:org.chromium.content.app.SandboxedProcessService0:46,0,10]
03-14 04:45:28.653 954 6613 I am_uid_stopped: 90012
03-14 04:45:28.661 954 1064 I am_pss : [27172,10065,com.android.gallery3d,7320576,5193728,27648,90284032,0,19,6]
03-14 04:45:28.662 954 1099 E KernelCpuSpeedReader: Failed to read cpu-freq: /sys/devices/system/cpu/cpu4/cpufreq/stats/time_in_state: open failed: ENOENT (No such file or directory)
03-14 04:45:28.663 954 1099 E KernelCpuSpeedReader: Failed to read cpu-freq: /sys/devices/system/cpu/cpu0/cpufreq/stats/time_in_state: open failed: ENOENT (No such file or directory)
03-14 04:45:28.671 954 1064 I am_pss : [7686,10097,cn.kuwo.player:QS,183781376,172355584,7313408,246145024,0,10,9]
03-14 04:45:28.988 508 508 I auditd : avc: denied { find } for pid=8584 uid=10094 name=com.qihoo360.rootserver scontext=u:r:untrusted_app:s0:c94,c256,c512,c768 tcontext=u:object_r:default_android_service:s0 tclass=service_manager permissive=1
03-14 04:45:29.111 954 27171 W ActivityManager: Background start not allowed: service Intent { cmp=com.sohu.sohuvideo/.control.push.GexinIntentService (has extras) } to com.sohu.sohuvideo/.control.push.GexinIntentService from pid=8584 uid=10094 pkg=com.sohu.sohuvideo startFg?=false
03-14 04:45:30.972 954 1123 I PowerManagerService: Napping display group (groupId=0, uid=1000)...
03-14 04:45:30.972 954 1123 I PowerManagerService: Nap time (uid 1000)...
03-14 04:45:30.974 954 1123 I DreamManagerService: Entering dreamland.
03-14 04:45:30.975 954 1123 I PowerManagerService: Dreaming...
03-14 04:45:30.979 954 1043 I DreamController: Starting dream: name=ComponentInfo{com.thundercomm.screensaver/com.thundercomm.screensaver.service.SystemDream}, isTest=false, canDoze=false, userId=0
03-14 04:45:30.979 954 1043 I sysui_multi_action: [757,222,758,1]
03-14 04:45:30.984 954 1043 I am_uid_active: 10050
03-14 04:45:30.990 954 1064 I am_pss : [27072,10093,com.qiyi.video:downloader,38765568,15650816,22528,135168000,0,19,8]
03-14 04:45:31.005 954 1043 I service_manager_slow: [16,platform_compat]
03-14 04:45:31.005 954 1043 D CompatibilityChangeReporter: Compat change id reported: 168419799; UID 10050; state: DISABLED
03-14 04:45:31.006 954 1043 D AutofillManagerService: Close system dialogs
03-14 04:45:31.011 954 6613 I ActivityTaskManager: START u0 {flg=0x10000000 pkg=com.thundercomm.screensaver cmp=com.thundercomm.screensaver/android.service.dreams.DreamActivity (has extras)} from uid 10050
03-14 04:45:31.015 954 6613 I wm_task_created: [60,-1]
03-14 04:45:31.015 954 6613 W ActivityTaskManager: Can't find TaskDisplayArea to determine support for multi window. Task id=60 attached=false
03-14 04:45:31.015 979 979 I auditd : type=1400 audit(0.0:9151): avc: denied { add_name } for comm="perf@2.2-servic" name="cpu_max_freq" scontext=u:r:vendor_hal_perf_default:s0 tcontext=u:object_r:vendor_sysfs_msm_perf:s0 tclass=dir permissive=1
03-14 04:45:31.015 979 979 I auditd : type=1400 audit(0.0:9152): avc: denied { create } for comm="perf@2.2-servic" name="cpu_max_freq" scontext=u:r:vendor_hal_perf_default:s0 tcontext=u:object_r:vendor_sysfs_msm_perf:s0 tclass=file permissive=1
03-14 04:45:31.020 954 6613 I wm_task_moved: [60,1,8]
03-14 04:45:31.020 954 6613 I wm_task_to_front: [0,60]
03-14 04:45:31.020 954 6613 I wm_create_task: [0,60]
03-14 04:45:31.020 954 6613 I wm_create_activity: [0,262020074,60,com.thundercomm.screensaver/android.service.dreams.DreamActivity,NULL,NULL,NULL,276824064]
03-14 04:45:31.020 954 6613 I wm_task_moved: [60,1,8]
03-14 04:45:31.020 6630 6630 I wm_on_top_resumed_lost_called: [134572307,com.microsoft.ruby.Main,topStateChangedWhenResumed]
03-14 04:45:31.021 954 6613 I wm_pause_activity: [0,194529402,com.android.launcher3/.uioverrides.QuickstepLauncher,userLeaving=true,pauseBackTasks]
03-14 04:45:31.022 2598 2598 I wm_on_paused_called: [194529402,com.android.launcher3.uioverrides.QuickstepLauncher,performPause]
03-14 04:45:31.022 954 6613 W WindowManager: updateScale : 0.45565748
03-14 04:45:31.024 954 970 I ActivityTaskManager: FOREGROUND_APPLICATION_CHANGED to android.service.dreams.DreamActivity
03-14 04:45:31.024 954 970 I ActivityTaskManager: The Process com.thundercomm.screensaver Already Exists in BG. So sending its PID: 13800
03-14 04:45:31.025 954 970 W ActivityTaskManager: Tried to set launchTime (0) < mLastActivityLaunchTime (2989676)
03-14 04:45:31.025 954 970 I wm_add_to_stopping: [0,194529402,com.android.launcher3/.uioverrides.QuickstepLauncher,makeInvisible]
03-14 04:45:31.025 954 970 I wm_restart_activity: [0,262020074,60,com.thundercomm.screensaver/android.service.dreams.DreamActivity]
03-14 04:45:31.026 954 970 I wm_set_resumed_activity: [0,com.thundercomm.screensaver/android.service.dreams.DreamActivity,minimalResumeActivityLocked]
03-14 04:45:31.030 954 1046 I sysui_multi_action: [757,803,799,window_time_0,802,83]
03-14 04:45:31.031 13800 13800 I wm_on_create_called: [262020074,android.service.dreams.DreamActivity,performCreate]
03-14 04:45:31.031 13800 13800 I wm_on_start_called: [262020074,android.service.dreams.DreamActivity,handleStartActivity]
03-14 04:45:31.032 13800 13800 I wm_on_resume_called: [262020074,android.service.dreams.DreamActivity,RESUME_ACTIVITY]
03-14 04:45:31.033 954 27171 I am_uid_active: 10062
03-14 04:45:31.033 954 970 W WindowManager: Failed looking up window session=Session{71e68db 13800:u0a10050} callers=com.android.server.wm.WindowManagerService.windowForClientLocked:5628 com.android.server.wm.Session.insetsModified:629 android.view.IWindowSession$Stub.onTransact:1151
03-14 04:45:31.034 13800 13800 I wm_on_top_resumed_gained_called: [262020074,android.service.dreams.DreamActivity,topStateChangedWhenResumed]
03-14 04:45:31.040 954 970 W WindowManager: updateScale : 0.45565748
03-14 04:45:31.042 954 1047 I input_focus: [Focus request 97cc924 com.thundercomm.screensaver/android.service.dreams.DreamActivity,reason=UpdateInputWindows]
03-14 04:45:31.046 954 1047 W WindowManager: updateScale : 0.45565748
03-14 04:45:31.051 954 1638 I input_focus: [Focus leaving 52265f com.microsoft.emmx/com.microsoft.ruby.Main (server),reason=Waiting for window because NOT_VISIBLE]
03-14 04:45:31.052 954 1047 W WindowManager: updateScale : 0.45565748
03-14 04:45:31.053 954 1043 I sysui_multi_action: [319,41,322,39,325,3301,757,761,758,8,759,2,806,com.thundercomm.screensaver,871,android.service.dreams.DreamActivity,904,com.thundercomm.screensaver,905,0,1320,4,1321,2]
03-14 04:45:31.053 954 1043 I wm_activity_launch_time: [0,262020074,com.thundercomm.screensaver/android.service.dreams.DreamActivity,39]
03-14 04:45:31.054 954 1047 W WindowManager: updateScale : 0.45565748
03-14 04:45:31.054 954 1123 V DisplayPowerController[0]: Brightness [1.0] reason changing to: 'manual', previous reason: 'manual [ dim ]'.
03-14 04:45:31.055 954 1123 I sysui_multi_action: [757,1696,758,6,759,3]
03-14 04:45:31.055 954 1046 W WindowManager: updateScale : 0.45565748
03-14 04:45:31.056 954 1046 W WindowManager: updateScale : 0.45565748
03-14 04:45:31.066 954 1954 E DisplayDeviceConfig: requesting nits when no mapping exists.
03-14 04:45:31.066 954 1954 E DisplayDeviceConfig: requesting nits when no mapping exists.
03-14 04:45:31.066 954 1066 I am_wtf : [0,954,system_server,-1,DisplayDeviceConfig,requesting nits when no mapping exists.]
03-14 04:45:31.066 954 1066 I am_wtf : [0,954,system_server,-1,DisplayDeviceConfig,requesting nits when no mapping exists.]
03-14 04:45:31.074 954 1954 E DisplayDeviceConfig: requesting nits when no mapping exists.
03-14 04:45:31.074 954 1954 E DisplayDeviceConfig: requesting nits when no mapping exists.
03-14 04:45:31.074 954 1066 I am_wtf : [0,954,system_server,-1,DisplayDeviceConfig,requesting nits when no mapping exists.]
03-14 04:45:31.074 954 1066 I am_wtf : [0,954,system_server,-1,DisplayDeviceConfig,requesting nits when no mapping exists.]
03-14 04:45:31.075 954 1638 I input_focus: [Focus entering 97cc924 com.thundercomm.screensaver/android.service.dreams.DreamActivity (server),reason=Window became focusable. Previous reason: NOT_VISIBLE]
03-14 04:45:31.090 954 1954 E DisplayDeviceConfig: requesting nits when no mapping exists.
03-14 04:45:31.091 954 1954 E DisplayDeviceConfig: requesting nits when no mapping exists.
03-14 04:45:31.091 954 1066 I am_wtf : [0,954,system_server,-1,DisplayDeviceConfig,requesting nits when no mapping exists.]
03-14 04:45:31.091 954 1066 I am_wtf : [0,954,system_server,-1,DisplayDeviceConfig,requesting nits when no mapping exists.]
03-14 04:45:31.107 954 1954 E DisplayDeviceConfig: requesting nits when no mapping exists.
03-14 04:45:31.107 954 1954 E DisplayDeviceConfig: requesting nits when no mapping exists.
03-14 04:45:31.107 954 1066 I am_wtf : [0,954,system_server,-1,DisplayDeviceConfig,requesting nits when no mapping exists.]
03-14 04:45:31.108 954 1066 I am_wtf : [0,954,system_server,-1,DisplayDeviceConfig,requesting nits when no mapping exists.]
03-14 04:45:31.124 954 1954 E DisplayDeviceConfig: requesting nits when no mapping exists.
03-14 04:45:31.124 954 1954 E DisplayDeviceConfig: requesting nits when no mapping exists.
03-14 04:45:31.124 954 1066 I am_wtf : [0,954,system_server,-1,DisplayDeviceConfig,requesting nits when no mapping exists.]
03-14 04:45:31.125 954 1066 I am_wtf : [0,954,system_server,-1,DisplayDeviceConfig,requesting nits when no mapping exists.]
03-14 04:45:31.125 954 1066 I service_manager_stats: [100,59,6887]
03-14 04:45:31.129 954 970 W FreeFormWindowHelper: Current Display FreeFormTask is Task{b6bc505 #59 type=standard A=10033:com.microsoft.emmx U=0 visible=false mode=freeform translucent=true sz=1}
03-14 04:45:31.129 954 970 W FreeFormWindowHelper: Current Display FreeFormTask is Task{b6bc505 #59 type=standard A=10033:com.microsoft.emmx U=0 visible=false mode=freeform translucent=true sz=1}
03-14 04:45:31.141 954 1954 E DisplayDeviceConfig: requesting nits when no mapping exists.
03-14 04:45:31.141 954 1954 E DisplayDeviceConfig: requesting nits when no mapping exists.
03-14 04:45:31.141 954 1066 I am_wtf : [0,954,system_server,-1,DisplayDeviceConfig,requesting nits when no mapping exists.]
03-14 04:45:31.141 954 1066 I am_wtf : [0,954,system_server,-1,DisplayDeviceConfig,requesting nits when no mapping exists.]
03-14 04:45:31.157 954 1954 E DisplayDeviceConfig: requesting nits when no mapping exists.
03-14 04:45:31.157 954 1954 E DisplayDeviceConfig: requesting nits when no mapping exists.
03-14 04:45:31.157 954 1066 I am_wtf : [0,954,system_server,-1,DisplayDeviceConfig,requesting nits when no mapping exists.]
03-14 04:45:31.158 954 1066 I am_wtf : [0,954,system_server,-1,DisplayDeviceConfig,requesting nits when no mapping exists.]
03-14 04:45:31.174 954 1954 E DisplayDeviceConfig: requesting nits when no mapping exists.
03-14 04:45:31.174 954 1954 E DisplayDeviceConfig: requesting nits when no mapping exists.
03-14 04:45:31.174 954 1066 I am_wtf : [0,954,system_server,-1,DisplayDeviceConfig,requesting nits when no mapping exists.]
03-14 04:45:31.175 954 1066 I am_wtf : [0,954,system_server,-1,DisplayDeviceConfig,requesting nits when no mapping exists.]
03-14 04:45:31.191 954 1954 E DisplayDeviceConfig: requesting nits when no mapping exists.
03-14 04:45:31.191 954 1954 E DisplayDeviceConfig: requesting nits when no mapping exists.
03-14 04:45:31.191 954 1066 I am_wtf : [0,954,system_server,-1,DisplayDeviceConfig,requesting nits when no mapping exists.]
03-14 04:45:31.191 954 1066 I am_wtf : [0,954,system_server,-1,DisplayDeviceConfig,requesting nits when no mapping exists.]
03-14 04:45:31.207 954 1954 E DisplayDeviceConfig: requesting nits when no mapping exists.
03-14 04:45:31.208 954 1954 E DisplayDeviceConfig: requesting nits when no mapping exists.
03-14 04:45:31.208 954 1066 I am_wtf : [0,954,system_server,-1,DisplayDeviceConfig,requesting nits when no mapping exists.]
03-14 04:45:31.208 954 1066 I am_wtf : [0,954,system_server,-1,DisplayDeviceConfig,requesting nits when no mapping exists.]
03-14 04:45:31.224 954 1954 E DisplayDeviceConfig: requesting nits when no mapping exists.
03-14 04:45:31.224 954 1954 E DisplayDeviceConfig: requesting nits when no mapping exists.
03-14 04:45:31.224 954 1066 I am_wtf : [0,954,system_server,-1,DisplayDeviceConfig,requesting nits when no mapping exists.]
03-14 04:45:31.225 954 1066 I am_wtf : [0,954,system_server,-1,DisplayDeviceConfig,requesting nits when no mapping exists.]
03-14 04:45:31.241 954 1954 E DisplayDeviceConfig: requesting nits when no mapping exists.
03-14 04:45:31.241 954 1954 E DisplayDeviceConfig: requesting nits when no mapping exists.
03-14 04:45:31.241 954 1066 I am_wtf : [0,954,system_server,-1,DisplayDeviceConfig,requesting nits when no mapping exists.]
03-14 04:45:31.242 954 1066 I am_wtf : [0,954,system_server,-1,DisplayDeviceConfig,requesting nits when no mapping exists.]
03-14 04:45:31.258 954 1954 E DisplayDeviceConfig: requesting nits when no mapping exists.
03-14 04:45:31.258 954 1954 E DisplayDeviceConfig: requesting nits when no mapping exists.
03-14 04:45:31.258 954 1066 I am_wtf : [0,954,system_server,-1,DisplayDeviceConfig,requesting nits when no mapping exists.]
03-14 04:45:31.258 954 1066 I am_wtf : [0,954,system_server,-1,DisplayDeviceConfig,requesting nits when no mapping exists.]
03-14 04:45:31.274 954 1954 E DisplayDeviceConfig: requesting nits when no mapping exists.
03-14 04:45:31.274 954 1954 E DisplayDeviceConfig: requesting nits when no mapping exists.
03-14 04:45:31.274 954 1066 I am_wtf : [0,954,system_server,-1,DisplayDeviceConfig,requesting nits when no mapping exists.]
03-14 04:45:31.275 954 1066 I am_wtf : [0,954,system_server,-1,DisplayDeviceConfig,requesting nits when no mapping exists.]
03-14 04:45:31.291 954 1954 E DisplayDeviceConfig: requesting nits when no mapping exists.
03-14 04:45:31.291 954 1954 E DisplayDeviceConfig: requesting nits when no mapping exists.
03-14 04:45:31.291 954 1066 I am_wtf : [0,954,system_server,-1,DisplayDeviceConfig,requesting nits when no mapping exists.]
03-14 04:45:31.292 954 1066 I am_wtf : [0,954,system_server,-1,DisplayDeviceConfig,requesting nits when no mapping exists.]
03-14 04:45:31.308 954 1954 E DisplayDeviceConfig: requesting nits when no mapping exists.
03-14 04:45:31.308 954 1954 E DisplayDeviceConfig: requesting nits when no mapping exists.
03-14 04:45:31.308 954 1066 I am_wtf : [0,954,system_server,-1,DisplayDeviceConfig,requesting nits when no mapping exists.]
03-14 04:45:31.308 954 1066 I am_wtf : [0,954,system_server,-1,DisplayDeviceConfig,requesting nits when no mapping exists.]
03-14 04:45:31.324 954 1954 E DisplayDeviceConfig: requesting nits when no mapping exists.
03-14 04:45:31.325 954 1954 E DisplayDeviceConfig: requesting nits when no mapping exists.
03-14 04:45:31.325 954 1066 I am_wtf : [0,954,system_server,-1,DisplayDeviceConfig,requesting nits when no mapping exists.]
03-14 04:45:31.325 954 1066 I am_wtf : [0,954,system_server,-1,DisplayDeviceConfig,requesting nits when no mapping exists.]
03-14 04:45:31.342 954 1954 E DisplayDeviceConfig: requesting nits when no mapping exists.
03-14 04:45:31.342 954 1954 E DisplayDeviceConfig: requesting nits when no mapping exists.
03-14 04:45:31.342 954 1066 I am_wtf : [0,954,system_server,-1,DisplayDeviceConfig,requesting nits when no mapping exists.]
03-14 04:45:31.342 954 1047 W WindowManager: updateScale : 0.45565748
03-14 04:45:31.342 954 1066 I am_wtf : [0,954,system_server,-1,DisplayDeviceConfig,requesting nits when no mapping exists.]
03-14 04:45:31.343 954 1046 I wm_stop_activity: [0,194529402,com.android.launcher3/.uioverrides.QuickstepLauncher]
