01-01 08:57:12.885 0 0 I afe_get_cal_topology_id: port_id = 0x9000 acdb_id = 15 topology_id = 0x112fc cal_type_index=8 ret=0
01-01 08:57:12.885 0 0 I afe_send_port_topology_id: AFE set topology id 0x112fc enable for port 0x9000 ret 0
01-01 08:57:12.885 0 0 I send_afe_cal_type: cal_index is 0
01-01 08:57:12.885 0 0 I send_afe_cal_type: dev_acdb_id[55] is 0
01-01 08:57:12.885 0 0 I send_afe_cal_type: Sending cal_index cal 0
01-01 08:57:12.885 0 0 E send_afe_cal_type: No cal sent for cal_index 0, port_id = 0x9000! ret -22
01-01 08:57:12.893 0 0 I afe_send_hw_delay: port_id 0x9000 rate 48000 delay_usec 474 status 0
03-14 04:42:20.127 954 1638 I input_interaction: Interaction with: 504cb18 com.microsoft.emmx/com.microsoft.ruby.Main (server), edge-swipe (server), swipe-up (server), PointerEventDispatcher0 (server),
03-14 04:42:20.130 954 954 I service_manager_stats: [100,66,38156]
03-14 04:42:20.186 6630 6630 I view_enqueue_input_event: [Motion - Cancel,com.microsoft.emmx/com.microsoft.ruby.Main]
03-14 04:42:20.193 954 1638 I input_interaction: Interaction with: WindowManager (server), edge-swipe (server), swipe-up (server), PointerEventDispatcher0 (server),
03-14 04:42:21.115 954 1685 I netstats_mobile_sample: [0,0,0,0,0,0,0,0,0,0,0,0,1678740141115]
03-14 04:42:21.115 954 1685 I netstats_wifi_sample: [10955322,23091,4932001,31493,10955322,23091,4932001,31493,9055199,20223,3717543,25441,1678740141115]
03-14 04:42:21.111 674 674 I auditd : type=1400 audit(0.0:9054): avc: denied { add_name } for comm="Binder:674_1" name="globalAlert" scontext=u:r:netd:s0 tcontext=u:object_r:proc_net:s0 tclass=dir permissive=1
03-14 04:42:21.111 674 674 I auditd : type=1400 audit(0.0:9055): avc: denied { create } for comm="Binder:674_1" name="globalAlert" scontext=u:r:netd:s0 tcontext=u:object_r:proc_net:s0 tclass=file permissive=1
01-01 08:57:14.596 0 0 I [schedu][0xdebfe3be2][04:42:21.371428] wlan: [3419:I:WMA] [04:42:20.409000] [ROAM_TRIGGER]: VDEV[0] Reason: "HIGH RSSI"
01-01 08:57:14.596 0 0 I [schedu][0xdebfe3fca][04:42:21.371480] wlan: [3419:I:WMA] [04:42:20.409000] [ROAM_SCAN]: VDEV[0] Scan_type: PARTIAL {5180 5200 5220 5240 5260 5280 5300 5320 5745 5765 5785 5805 5825 }
01-01 08:57:14.596 0 0 I [schedu][0xdebfe41a8][04:42:21.371505] wlan: [3419:I:WMA] ============================================================================================================================
01-01 08:57:14.596 0 0 I [schedu][0xdebfe4262][04:42:21.371514] wlan: [3419:I:WMA] AP BSSID TSTAMP CH TY ETP RSSI/SCR CU%/SCR TOT_SCR BL_RSN BL_SRC BL_TSTAMP BL_TIMEOUT(ms)
01-01 08:57:14.596 0 0 I [schedu][0xdebfe42e7][04:42:21.371521] wlan: [3419:I:WMA] ============================================================================================================================
01-01 08:57:14.596 0 0 I [schedu][0xdebfe43da][04:42:21.371534] wlan: [3419:I:WMA] d6:44:3b:15:39:91 [04:42:20.409000] 2457 P_AP 0 65/0 0/0 4936 0 0 [00:00:00.000000] 0
01-01 08:57:14.596 0 0 I [schedu][0xdebfe4498][04:42:21.371544] wlan: [3419:I:WMA] [04:42:21.370000] [ROAM_RESULT]: VDEV[0] FAILED Reason: NO AP FOUND
03-14 04:42:21.516 954 1638 I input_interaction: Interaction with: 504cb18 com.microsoft.emmx/com.microsoft.ruby.Main (server), edge-swipe (server), swipe-up (server), PointerEventDispatcher0 (server),
03-14 04:42:21.574 6630 6630 I view_enqueue_input_event: [Motion - Cancel,com.microsoft.emmx/com.microsoft.ruby.Main]
03-14 04:42:21.581 954 1638 I input_interaction: Interaction with: WindowManager (server), edge-swipe (server), swipe-up (server), PointerEventDispatcher0 (server),
03-14 04:42:21.922 954 1047 I wm_finish_activity: [0,155301170,55,com.microsoft.emmx/com.microsoft.ruby.Main,finish-activity]
03-14 04:42:21.922 954 1047 I wm_task_moved: [1,1,6]
03-14 04:42:21.923 954 1047 I wm_set_resumed_activity: [0,com.android.launcher3/.uioverrides.QuickstepLauncher,positionChildAt]
03-14 04:42:21.923 954 1047 I wm_task_moved: [12,1,2147483647]
03-14 04:42:21.923 954 1047 I wm_task_to_front: [0,12]
03-14 04:42:21.923 954 1047 I wm_focused_root_task: [0,0,1,-1,finish-top adjustFocusToNextFocusableTask]
03-14 04:42:21.923 954 1047 I wm_set_resumed_activity: [0,com.android.launcher3/.uioverrides.QuickstepLauncher,finish-top]
03-14 04:42:21.923 954 1047 I wm_pause_activity: [0,155301170,com.microsoft.emmx/com.microsoft.ruby.Main,userLeaving=false,finish]
03-14 04:42:21.924 954 1638 I input_focus: [Focus leaving 504cb18 com.microsoft.emmx/com.microsoft.ruby.Main (server),reason=NOT_VISIBLE]
03-14 04:42:21.925 954 1047 I input_focus: [Focus request fca4b77 com.android.launcher3/com.android.launcher3.uioverrides.QuickstepLauncher,reason=UpdateInputWindows]
03-14 04:42:21.940 954 1638 I input_focus: [Focus entering fca4b77 com.android.launcher3/com.android.launcher3.uioverrides.QuickstepLauncher (server),reason=setFocusedWindow]
03-14 04:42:21.945 954 1046 I sysui_multi_action: [757,803,799,window_time_0,802,102]
03-14 04:42:21.968 6630 6630 I wm_on_top_resumed_lost_called: [155301170,com.microsoft.ruby.Main,topStateChangedWhenResumed]
03-14 04:42:21.968 2598 2598 I wm_on_top_resumed_gained_called: [194529402,com.android.launcher3.uioverrides.QuickstepLauncher,topStateChangedWhenResumed]
03-14 04:42:21.991 6630 6630 I wm_on_paused_called: [155301170,com.microsoft.ruby.Main,performPause]
03-14 04:42:21.992 954 2460 I wm_destroy_activity: [0,155301170,55,com.microsoft.emmx/com.microsoft.ruby.Main,finish-imm:completePausedLocked]
03-14 04:42:21.995 954 1046 I am_kill : [0,6407,com.huawei.appmarket:query,985,empty #31]
03-14 04:42:22.000 954 1046 I am_kill : [0,8907,com.sohu.inputmethod.sogou.car,985,empty #32]
03-14 04:42:22.001 954 1046 I am_kill : [0,7923,android.process.media,995,empty #33]
03-14 04:42:22.002 954 1046 I sysui_multi_action: [757,803,799,window_time_0,802,0]
03-14 04:42:22.030 6630 6630 I wm_on_stop_called: [155301170,com.microsoft.ruby.Main,LIFECYCLER_STOP_ACTIVITY]
03-14 04:42:22.051 954 10386 I am_kill : [0,14359,com.microsoft.emmx:sandboxed_process0:org.chromium.content.app.SandboxedProcessService0:32,0,isolated not needed]
03-14 04:42:22.061 954 10386 I am_proc_died: [0,6407,com.huawei.appmarket:query,985,19]
03-14 04:42:22.065 6630 6630 I wm_on_destroy_called: [155301170,com.microsoft.ruby.Main,performDestroy]
03-14 04:42:22.076 954 10386 I wm_task_removed: [55,removeChild:removeChild last r=ActivityRecord{941b532 u0 com.microsoft.emmx/com.microsoft.ruby.Main t-1 f}} in t=Task{1db093d #55 type=standard A=10033:com.microsoft.emmx U=0 visible=false mode=freeform translucent=true sz=0}]
03-14 04:42:22.076 954 10386 I wm_task_removed: [55,removeChild]
03-14 04:42:22.084 954 10386 I am_proc_died: [0,14359,com.microsoft.emmx:sandboxed_process0:org.chromium.content.app.SandboxedProcessService0:32,0,10]
03-14 04:42:22.084 954 10386 I am_uid_stopped: 90000
01-01 08:57:15.309 0 0 I binder : undelivered transaction 1071660, process died.
01-01 08:57:15.309 0 0 I binder : undelivered transaction 1071664, process died.
01-01 08:57:15.309 0 0 I binder : undelivered transaction 1071659, process died.
03-14 04:42:22.089 954 10386 I am_kill : [0,14384,com.microsoft.emmx:sandboxed_process0:org.chromium.content.app.SandboxedProcessService0:33,0,isolated not needed]
03-14 04:42:22.112 954 2460 I am_proc_died: [0,7923,android.process.media,995,19]
03-14 04:42:22.112 954 2460 I am_uid_stopped: 10017
03-14 04:42:22.126 954 10386 I am_proc_died: [0,14384,com.microsoft.emmx:sandboxed_process0:org.chromium.content.app.SandboxedProcessService0:33,0,10]
03-14 04:42:22.126 954 10386 I am_uid_stopped: 90001
03-14 04:42:22.138 954 2139 I am_proc_died: [0,8907,com.sohu.inputmethod.sogou.car,985,19]
03-14 04:42:22.138 954 2139 I am_uid_stopped: 10022
01-01 08:57:15.718 0 0 E DTC_ETH,link_delay_work_func: 3003, SQI=0, link=0
03-14 04:42:25.235 954 1638 I input_interaction: Interaction with: fca4b77 com.android.launcher3/com.android.launcher3.uioverrides.QuickstepLauncher (server), 45b849f com.android.systemui.ImageWallpaper (server), edge-swipe (server), swipe-up (server), PointerEventDispatcher0 (server),
03-14 04:42:26.404 954 2135 I sysui_multi_action: [757,127,758,1]
03-14 04:42:26.404 954 2135 I sysui_multi_action: [757,804,799,note_load,801,3,802,1]
03-14 04:42:26.404 954 2135 I notification_panel_revealed: 3
03-14 04:42:26.409 954 2135 I sysui_multi_action: [757,128,758,1,793,3078479,794,0,795,3078479,796,26,798,0,806,android,857,DEVELOPER_IMPORTANT,858,4,947,0,1395,3,1500,3078151,1688,1]
03-14 04:42:26.409 954 2135 I sysui_multi_action: [757,804,799,note_freshness,801,3078479,802,1]
03-14 04:42:26.409 954 2135 I notification_visibility: [-1|android|26|null|1000,1,3078479,3078479,0,0]
03-14 04:42:26.409 954 2135 I sysui_multi_action: [757,128,758,1,793,3078404,794,0,795,3078404,796,55,798,1,806,android,857,DEVELOPER,858,2,947,0,1395,3,1500,3078148,1688,1]
03-14 04:42:26.409 954 2135 I sysui_multi_action: [757,804,799,note_freshness,801,3078404,802,1]
03-14 04:42:26.409 954 2135 I notification_visibility: [-1|android|55|null|1000,1,3078404,3078404,0,1]
03-14 04:42:26.409 954 2135 I sysui_multi_action: [757,128,758,1,793,3079139,794,0,795,3079139,796,32,798,2,806,android,857,USB,858,1,947,0,1395,3,1500,3078862,1688,1]
03-14 04:42:26.410 954 2135 I sysui_multi_action: [757,804,799,note_freshness,801,3079139,802,1]
03-14 04:42:26.410 954 2135 I notification_visibility: [-1|android|32|null|1000,1,3079139,3079139,0,2]
03-14 04:42:26.421 954 1047 I input_focus: [Focus request bf09f58 NotificationShade,reason=UpdateInputWindows]
03-14 04:42:26.435 954 1638 I input_focus: [Focus leaving fca4b77 com.android.launcher3/com.android.launcher3.uioverrides.QuickstepLauncher (server),reason=setFocusedWindow]
03-14 04:42:26.435 954 1638 I input_focus: [Focus entering bf09f58 NotificationShade (server),reason=setFocusedWindow]
03-14 04:42:26.441 954 1638 I input_interaction: Interaction with: fca4b77 com.android.launcher3/com.android.launcher3.uioverrides.QuickstepLauncher (server), 45b849f com.android.systemui.ImageWallpaper (server), bf09f58 NotificationShade (server), edge-swipe (server), swipe-up (server), PointerEventDispatcher0 (server),
03-14 04:42:26.444 2598 2598 I view_enqueue_input_event: [Motion - Cancel,com.android.launcher3/com.android.launcher3.uioverrides.QuickstepLauncher]
03-14 04:42:26.455 954 1638 I input_interaction: Interaction with: 45b849f com.android.systemui.ImageWallpaper (server), bf09f58 NotificationShade (server), edge-swipe (server), swipe-up (server), PointerEventDispatcher0 (server),
03-14 04:42:26.502 954 1047 I input_focus: [Focus request fca4b77 com.android.launcher3/com.android.launcher3.uioverrides.QuickstepLauncher,reason=UpdateInputWindows]
03-14 04:42:26.521 954 1047 I input_focus: [Focus request bf09f58 NotificationShade,reason=UpdateInputWindows]
03-14 04:42:26.526 2007 2007 I sysui_latency: [0,130]
03-14 04:42:26.535 954 1638 I input_focus: [Focus leaving bf09f58 NotificationShade (server),reason=NOT_FOCUSABLE]
03-14 04:42:26.535 954 1638 I input_focus: [Focus entering fca4b77 com.android.launcher3/com.android.launcher3.uioverrides.QuickstepLauncher (server),reason=setFocusedWindow]
03-14 04:42:26.551 954 1638 I input_focus: [Focus leaving fca4b77 com.android.launcher3/com.android.launcher3.uioverrides.QuickstepLauncher (server),reason=setFocusedWindow]
03-14 04:42:26.551 954 1638 I input_focus: [Focus entering bf09f58 NotificationShade (server),reason=setFocusedWindow]
03-14 04:42:26.861 954 1047 I input_focus: [Focus request fca4b77 com.android.launcher3/com.android.launcher3.uioverrides.QuickstepLauncher,reason=UpdateInputWindows]
03-14 04:42:26.871 954 2135 I sysui_multi_action: [757,128,758,2,793,3078941,794,462,795,3078941,796,26,798,0,806,android,857,DEVELOPER_IMPORTANT,858,4,947,0,1395,3,1500,3078613,1688,1]
03-14 04:42:26.871 954 2135 I notification_visibility: [-1|android|26|null|1000,0,3078941,3078941,0,0]
03-14 04:42:26.871 954 2135 I sysui_multi_action: [757,128,758,2,793,3078866,794,462,795,3078866,796,55,798,1,806,android,857,DEVELOPER,858,2,947,0,1395,3,1500,3078610,1688,1]
03-14 04:42:26.872 954 2135 I notification_visibility: [-1|android|55|null|1000,0,3078866,3078866,0,1]
03-14 04:42:26.872 954 2135 I sysui_multi_action: [757,128,758,2,793,3079602,794,463,795,3079602,796,32,798,2,806,android,857,USB,858,1,947,0,1395,3,1500,3079325,1688,1]
03-14 04:42:26.872 954 2135 I notification_visibility: [-1|android|32|null|1000,0,3079602,3079602,0,2]
03-14 04:42:26.872 954 969 I sysui_multi_action: [757,127,758,2]
03-14 04:42:26.872 954 969 I notification_panel_hidden:
03-14 04:42:26.886 954 1638 I input_focus: [Focus leaving bf09f58 NotificationShade (server),reason=NO_WINDOW]
03-14 04:42:26.886 954 1638 I input_focus: [Focus entering fca4b77 com.android.launcher3/com.android.launcher3.uioverrides.QuickstepLauncher (server),reason=setFocusedWindow]
03-14 04:42:27.012 954 1638 I input_interaction: Interaction with: fca4b77 com.android.launcher3/com.android.launcher3.uioverrides.QuickstepLauncher (server), 45b849f com.android.systemui.ImageWallpaper (server), edge-swipe (server), swipe-up (server), PointerEventDispatcher0 (server),
03-14 04:42:27.123 954 954 I auditd : type=1400 audit(0.0:9056): avc: denied { getpgid } for comm="ActivityManager" scontext=u:r:system_server:s0 tcontext=u:r:app_zygote:s0:c512,c768 tclass=process permissive=1
01-01 08:57:20.838 0 0 E DTC_ETH,link_delay_work_func: 3003, SQI=0, link=0
03-14 04:42:28.199 954 2135 I wm_task_created: [56,-1]
03-14 04:42:28.202 954 2135 I wm_task_moved: [56,1,6]
03-14 04:42:28.202 954 2135 I wm_task_to_front: [0,56]
03-14 04:42:28.202 954 2135 I wm_create_task: [0,56]
03-14 04:42:28.202 954 2135 I wm_create_activity: [0,133159800,56,com.microsoft.emmx/com.microsoft.ruby.Main,android.intent.action.MAIN,NULL,NULL,270532608]
03-14 04:42:28.202 954 2135 I wm_task_moved: [56,1,6]
03-14 04:42:28.204 954 2135 I wm_restart_activity: [0,133159800,56,com.microsoft.emmx/com.microsoft.ruby.Main]
03-14 04:42:28.204 954 2135 I wm_set_resumed_activity: [0,com.microsoft.emmx/com.microsoft.ruby.Main,minimalResumeActivityLocked]
03-14 04:42:28.208 2598 2598 I wm_on_top_resumed_lost_called: [194529402,com.android.launcher3.uioverrides.QuickstepLauncher,topStateChangedWhenResumed]
03-14 04:42:28.258 6630 6630 I wm_on_create_called: [133159800,com.microsoft.ruby.Main,performCreate]
03-14 04:42:28.260 6630 6630 I wm_on_start_called: [133159800,com.microsoft.ruby.Main,handleStartActivity]
03-14 04:42:28.264 6630 6630 I wm_on_resume_called: [133159800,com.microsoft.ruby.Main,RESUME_ACTIVITY]
03-14 04:42:28.267 6630 6630 I wm_on_top_resumed_gained_called: [133159800,com.microsoft.ruby.Main,topStateChangedWhenResumed]
03-14 04:42:28.271 954 1047 I input_focus: [Focus request becfa8e com.microsoft.emmx/com.microsoft.ruby.Main,reason=UpdateInputWindows]
03-14 04:42:28.275 954 2135 I am_uid_running: 90000
03-14 04:42:28.303 954 1638 I input_focus: [Focus leaving fca4b77 com.android.launcher3/com.android.launcher3.uioverrides.QuickstepLauncher (server),reason=Waiting for window because NOT_VISIBLE]
03-14 04:42:28.371 954 1067 I am_proc_start: [0,18762,90000,com.microsoft.emmx:sandboxed_process0:org.chromium.content.app.SandboxedProcessService0:34,,{com.microsoft.emmx/org.chromium.content.app.SandboxedProcessService0:34}]
01-01 08:57:21.602 0 0 I binder : 18762:18762 ioctl 40046210 7ffedd5054 returned -22
03-14 04:42:28.378 954 2136 I am_proc_bound: [0,18762,com.microsoft.emmx:sandboxed_process0:org.chromium.content.app.SandboxedProcessService0:34]
03-14 04:42:28.380 954 2136 I am_uid_active: 90000
03-14 04:42:28.407 954 2136 I am_uid_running: 90001
03-14 04:42:28.411 954 1064 I am_pss : [14452,10032,com.android.musicfx,5585920,3850240,27648,87465984,0,19,5]
03-14 04:42:28.415 954 1067 I am_proc_start: [0,18786,90001,com.microsoft.emmx:sandboxed_process0:org.chromium.content.app.SandboxedProcessService0:35,,{com.microsoft.emmx/org.chromium.content.app.SandboxedProcessService0:35}]
03-14 04:42:28.418 954 1064 I am_pss : [14427,10086,com.android.music,11324416,8683520,26624,103206912,0,19,5]
01-01 08:57:21.656 0 0 I binder : 18786:18786 ioctl 40046210 7ffedd5054 returned -22
03-14 04:42:28.434 954 5679 I am_proc_bound: [0,18786,com.microsoft.emmx:sandboxed_process0:org.chromium.content.app.SandboxedProcessService0:35]
03-14 04:42:28.436 954 5679 I am_uid_active: 90001
03-14 04:42:28.461 954 1043 I sysui_multi_action: [319,263,322,263,325,3118,757,761,758,8,759,2,806,com.microsoft.emmx,871,com.microsoft.ruby.Main,904,com.android.launcher3,905,0,1320,4,1321,2]
03-14 04:42:28.462 954 1043 I wm_activity_launch_time: [0,133159800,com.microsoft.emmx/com.microsoft.ruby.Main,263]
03-14 04:42:28.470 954 1638 I input_focus: [Focus entering becfa8e com.microsoft.emmx/com.microsoft.ruby.Main (server),reason=Window became focusable. Previous reason: NOT_VISIBLE]
03-14 04:42:28.499 0 0 I auditd : type=1400 audit(0.0:9057): avc: denied { kill } for comm="swapper/0" capability=5 scontext=u:r:kernel:s0 tcontext=u:r:kernel:s0 tclass=capability permissive=1
03-14 04:42:29.200 954 1638 I input_interaction: Interaction with: becfa8e com.microsoft.emmx/com.microsoft.ruby.Main (server), edge-swipe (server), swipe-up (server), PointerEventDispatcher0 (server),
01-01 08:57:23.342 0 0 E msm_pcm_playback_close: CMD_EOS failed, cmd_pending 0x8
01-01 08:57:23.353 0 0 I afe_close: port_id = 0x9000
03-14 04:42:30.133 6630 6630 I service_manager_stats: [200,53,46704]
01-01 08:57:23.375 0 0 I afe_find_cal_topo_id_by_port: port id: 0x9000, dev_acdb_id: 0
01-01 08:57:23.375 0 0 I afe_find_cal_topo_id_by_port: top_id:112fc acdb_id:15 afe_port:0x9000
01-01 08:57:23.375 0 0 I afe_get_cal_topology_id: port_id = 0x9000 acdb_id = 15 topology_id = 0x112fc cal_type_index=8 ret=0
01-01 08:57:23.375 0 0 I afe_send_port_topology_id: AFE set topology id 0x112fc enable for port 0x9000 ret 0
01-01 08:57:23.375 0 0 I send_afe_cal_type: cal_index is 0
01-01 08:57:23.375 0 0 I send_afe_cal_type: dev_acdb_id[55] is 0
01-01 08:57:23.375 0 0 I send_afe_cal_type: Sending cal_index cal 0
01-01 08:57:23.375 0 0 E send_afe_cal_type: No cal sent for cal_index 0, port_id = 0x9000! ret -22
01-01 08:57:23.384 0 0 I afe_send_hw_delay: port_id 0x9000 rate 48000 delay_usec 474 status 0
03-14 04:42:30.896 6630 6630 I view_enqueue_input_event: [Motion - Cancel,com.microsoft.emmx/com.microsoft.ruby.Main]
03-14 04:42:30.909 954 1638 I input_interaction: Interaction with: WindowManager (server), edge-swipe (server), swipe-up (server), PointerEventDispatcher0 (server),
03-14 04:42:31.541 954 1064 I sysui_multi_action: [757,1717,758,1,759,0]
03-14 04:42:31.542 954 1064 I sysui_multi_action: [757,1717,758,2,759,0]
03-14 04:42:31.542 954 1064 I sysui_multi_action: [757,1717,758,3,759,0]
03-14 04:42:31.639 954 1638 I input_interaction: Interaction with: becfa8e com.microsoft.emmx/com.microsoft.ruby.Main (server), edge-swipe (server), swipe-up (server), PointerEventDispatcher0 (server),
03-14 04:42:31.715 6630 6630 I view_enqueue_input_event: [Motion - Cancel,com.microsoft.emmx/com.microsoft.ruby.Main]
03-14 04:42:31.718 954 1638 I input_interaction: Interaction with: WindowManager (server), edge-swipe (server), swipe-up (server), PointerEventDispatcher0 (server),
03-14 04:42:32.450 954 1638 I input_interaction: Interaction with: becfa8e com.microsoft.emmx/com.microsoft.ruby.Main (server), edge-swipe (server), swipe-up (server), PointerEventDispatcher0 (server),
03-14 04:42:32.499 6630 6630 I view_enqueue_input_event: [Motion - Cancel,com.microsoft.emmx/com.microsoft.ruby.Main]
03-14 04:42:32.505 954 1638 I input_interaction: Interaction with: WindowManager (server), edge-swipe (server), swipe-up (server), PointerEventDispatcher0 (server),
01-01 08:57:25.958 0 0 E DTC_ETH,link_delay_work_func: 3003, SQI=0, link=0
03-14 04:42:32.972 954 1638 I input_interaction: Interaction with: becfa8e com.microsoft.emmx/com.microsoft.ruby.Main (server), edge-swipe (server), swipe-up (server), PointerEventDispatcher0 (server),
03-14 04:42:33.036 6630 6630 I view_enqueue_input_event: [Motion - Cancel,com.microsoft.emmx/com.microsoft.ruby.Main]
03-14 04:42:33.041 954 1638 I input_interaction: Interaction with: WindowManager (server), edge-swipe (server), swipe-up (server), PointerEventDispatcher0 (server),
03-14 04:42:33.523 954 1638 I input_interaction: Interaction with: becfa8e com.microsoft.emmx/com.microsoft.ruby.Main (server), edge-swipe (server), swipe-up (server), PointerEventDispatcher0 (server),
03-14 04:42:33.604 6630 6630 I view_enqueue_input_event: [Motion - Cancel,com.microsoft.emmx/com.microsoft.ruby.Main]
03-14 04:42:33.615 954 1638 I input_interaction: Interaction with: WindowManager (server), edge-swipe (server), swipe-up (server), PointerEventDispatcher0 (server),
03-14 04:42:34.749 954 1638 I input_interaction: Interaction with: becfa8e com.microsoft.emmx/com.microsoft.ruby.Main (server), edge-swipe (server), swipe-up (server), PointerEventDispatcher0 (server),
03-14 04:42:34.805 6630 6630 I view_enqueue_input_event: [Motion - Cancel,com.microsoft.emmx/com.microsoft.ruby.Main]
03-14 04:42:34.817 954 1638 I input_interaction: Interaction with: WindowManager (server), edge-swipe (server), swipe-up (server), PointerEventDispatcher0 (server),
03-14 04:42:35.987 954 1638 I input_interaction: Interaction with: becfa8e com.microsoft.emmx/com.microsoft.ruby.Main (server), edge-swipe (server), swipe-up (server), PointerEventDispatcher0 (server),
03-14 04:42:36.043 6630 6630 I view_enqueue_input_event: [Motion - Cancel,com.microsoft.emmx/com.microsoft.ruby.Main]
03-14 04:42:36.052 954 1638 I input_interaction: Interaction with: WindowManager (server), edge-swipe (server), swipe-up (server), PointerEventDispatcher0 (server),
01-01 08:57:31.078 0 0 E DTC_ETH,link_delay_work_func: 3003, SQI=0, link=0
03-14 04:42:38.186 954 1638 I input_interaction: Interaction with: becfa8e com.microsoft.emmx/com.microsoft.ruby.Main (server), edge-swipe (server), swipe-up (server), PointerEventDispatcher0 (server),
03-14 04:42:38.231 6630 6630 I view_enqueue_input_event: [Motion - Cancel,com.microsoft.emmx/com.microsoft.ruby.Main]
03-14 04:42:38.237 954 1638 I input_interaction: Interaction with: WindowManager (server), edge-swipe (server), swipe-up (server), PointerEventDispatcher0 (server),
03-14 04:42:38.855 954 1638 I input_interaction: Interaction with: becfa8e com.microsoft.emmx/com.microsoft.ruby.Main (server), edge-swipe (server), swipe-up (server), PointerEventDispatcher0 (server),
03-14 04:42:38.898 6630 6630 I view_enqueue_input_event: [Motion - Cancel,com.microsoft.emmx/com.microsoft.ruby.Main]
03-14 04:42:38.900 954 1638 I input_interaction: Interaction with: WindowManager (server), edge-swipe (server), swipe-up (server), PointerEventDispatcher0 (server),
03-14 04:42:39.323 954 1638 I input_interaction: Interaction with: becfa8e com.microsoft.emmx/com.microsoft.ruby.Main (server), edge-swipe (server), swipe-up (server), PointerEventDispatcher0 (server),
03-14 04:42:39.350 6630 6630 I view_enqueue_input_event: [Motion - Cancel,com.microsoft.emmx/com.microsoft.ruby.Main]
03-14 04:42:39.362 954 1638 I input_interaction: Interaction with: WindowManager (server), edge-swipe (server), swipe-up (server), PointerEventDispatcher0 (server),
03-14 04:42:39.698 954 1638 I input_interaction: Interaction with: becfa8e com.microsoft.emmx/com.microsoft.ruby.Main (server), edge-swipe (server), swipe-up (server), PointerEventDispatcher0 (server),
03-14 04:42:39.734 954 1638 I input_interaction: Interaction with: WindowManager (server), edge-swipe (server), swipe-up (server), PointerEventDispatcher0 (server),
03-14 04:42:39.735 6630 6630 I view_enqueue_input_event: [Motion - Cancel,com.microsoft.emmx/com.microsoft.ruby.Main]
03-14 04:42:40.026 954 1638 I input_interaction: Interaction with: becfa8e com.microsoft.emmx/com.microsoft.ruby.Main (server), edge-swipe (server), swipe-up (server), PointerEventDispatcher0 (server),
03-14 04:42:40.067 6630 6630 I view_enqueue_input_event: [Motion - Cancel,com.microsoft.emmx/com.microsoft.ruby.Main]
03-14 04:42:40.093 954 1638 I input_interaction: Interaction with: WindowManager (server), edge-swipe (server), swipe-up (server), PointerEventDispatcher0 (server),
03-14 04:42:40.354 954 1638 I input_interaction: Interaction with: becfa8e com.microsoft.emmx/com.microsoft.ruby.Main (server), edge-swipe (server), swipe-up (server), PointerEventDispatcher0 (server),
03-14 04:42:40.402 6630 6630 I view_enqueue_input_event: [Motion - Cancel,com.microsoft.emmx/com.microsoft.ruby.Main]
03-14 04:42:40.406 954 1638 I input_interaction: Interaction with: WindowManager (server), edge-swipe (server), swipe-up (server), PointerEventDispatcher0 (server),
01-01 08:57:33.838 0 0 E msm_pcm_playback_close: CMD_EOS failed, cmd_pending 0x8
01-01 08:57:33.850 0 0 I afe_close: port_id = 0x9000
01-01 08:57:33.870 0 0 I afe_find_cal_topo_id_by_port: port id: 0x9000, dev_acdb_id: 0
01-01 08:57:33.870 0 0 I afe_find_cal_topo_id_by_port: top_id:112fc acdb_id:15 afe_port:0x9000
01-01 08:57:33.870 0 0 I afe_get_cal_topology_id: port_id = 0x9000 acdb_id = 15 topology_id = 0x112fc cal_type_index=8 ret=0
01-01 08:57:33.870 0 0 I afe_send_port_topology_id: AFE set topology id 0x112fc enable for port 0x9000 ret 0
01-01 08:57:33.870 0 0 I send_afe_cal_type: cal_index is 0
01-01 08:57:33.870 0 0 I send_afe_cal_type: dev_acdb_id[55] is 0
01-01 08:57:33.870 0 0 I send_afe_cal_type: Sending cal_index cal 0
01-01 08:57:33.870 0 0 E send_afe_cal_type: No cal sent for cal_index 0, port_id = 0x9000! ret -22
01-01 08:57:33.878 0 0 I afe_send_hw_delay: port_id 0x9000 rate 48000 delay_usec 474 status 0
03-14 04:42:42.308 954 1638 I input_interaction: Interaction with: becfa8e com.microsoft.emmx/com.microsoft.ruby.Main (server), edge-swipe (server), swipe-up (server), PointerEventDispatcher0 (server),
03-14 04:42:42.340 6630 6630 I view_enqueue_input_event: [Motion - Cancel,com.microsoft.emmx/com.microsoft.ruby.Main]
03-14 04:42:42.346 954 1638 I input_interaction: Interaction with: WindowManager (server), edge-swipe (server), swipe-up (server), PointerEventDispatcher0 (server),
01-01 08:57:36.198 0 0 E DTC_ETH,link_delay_work_func: 3003, SQI=0, link=0
03-14 04:42:43.489 954 1638 I input_interaction: Interaction with: becfa8e com.microsoft.emmx/com.microsoft.ruby.Main (server), edge-swipe (server), swipe-up (server), PointerEventDispatcher0 (server),
03-14 04:42:43.560 6630 6630 I view_enqueue_input_event: [Motion - Cancel,com.microsoft.emmx/com.microsoft.ruby.Main]
03-14 04:42:43.568 954 1638 I input_interaction: Interaction with: WindowManager (server), edge-swipe (server), swipe-up (server), PointerEventDispatcher0 (server),
03-14 04:42:43.748 954 5679 I am_uid_running: 90002
03-14 04:42:43.757 954 1067 I am_proc_start: [0,20360,90002,com.microsoft.emmx:sandboxed_process0:org.chromium.content.app.SandboxedProcessService0:36,,{com.microsoft.emmx/org.chromium.content.app.SandboxedProcessService0:36}]
03-14 04:42:43.767 954 5679 I am_proc_bound: [0,20360,com.microsoft.emmx:sandboxed_process0:org.chromium.content.app.SandboxedProcessService0:36]
01-01 08:57:36.990 0 0 I binder : 20360:20360 ioctl 40046210 7ffedd5054 returned -22
03-14 04:42:43.769 954 5679 I am_uid_active: 90002
03-14 04:42:43.832 954 5679 I am_uid_running: 90003
03-14 04:42:43.845 954 1067 I am_proc_start: [0,20394,90003,com.microsoft.emmx:sandboxed_process0:org.chromium.content.app.SandboxedProcessService0:37,,{com.microsoft.emmx/org.chromium.content.app.SandboxedProcessService0:37}]
01-01 08:57:37.078 0 0 I binder : 20394:20394 ioctl 40046210 7ffedd5054 returned -22
03-14 04:42:43.855 954 2139 I am_proc_bound: [0,20394,com.microsoft.emmx:sandboxed_process0:org.chromium.content.app.SandboxedProcessService0:37]
03-14 04:42:43.856 954 2139 I am_uid_active: 90003
03-14 04:42:43.860 954 5679 I am_kill : [0,18786,com.microsoft.emmx:sandboxed_process0:org.chromium.content.app.SandboxedProcessService0:35,0,isolated not needed]
03-14 04:42:43.912 954 2139 I am_proc_died: [0,18786,com.microsoft.emmx:sandboxed_process0:org.chromium.content.app.SandboxedProcessService0:35,0,10]
03-14 04:42:43.912 954 2139 I am_uid_stopped: 90001
03-14 04:42:43.930 954 1064 I am_pss : [8217,10094,com.sohu.sohuvideo,101986304,74711040,1912832,234295296,0,19,11]
03-14 04:42:43.935 954 1064 I am_pss : [8306,99000,com.android.webview:sandboxed_process0:org.chromium.content.app.SandboxedProcessService0:0,7631872,2203648,3135488,52649984,0,19,4]
03-14 04:42:43.941 954 1064 I am_pss : [8471,10094,com.sohu.sohuvideo:pushcore,17827840,6975488,1979392,96890880,0,19,5]
03-14 04:42:43.948 954 1064 I am_pss : [18375,10023,com.android.documentsui,10839040,8732672,26624,101752832,0,19,6]
03-14 04:42:43.958 954 1064 I am_pss : [13864,10101,com.tencent.mtt,80171008,30367744,8192,211419136,0,19,9]
03-14 04:42:43.966 954 1064 I am_pss : [13991,10101,com.tencent.mtt:service,65741824,16621568,8192,190627840,0,19,7]
03-14 04:42:43.971 954 1064 I am_pss : [8584,10094,com.sohu.sohuvideo:pushservice,16727040,6250496,2471936,88817664,0,19,5]
03-14 04:42:43.977 954 1064 I am_pss : [11565,1000,com.qti.diagservices,6131712,4308992,25600,89411584,0,10,5]
03-14 04:42:44.302 954 1638 I input_interaction: Interaction with: becfa8e com.microsoft.emmx/com.microsoft.ruby.Main (server), edge-swipe (server), swipe-up (server), PointerEventDispatcher0 (server),
03-14 04:42:44.363 6630 6630 I view_enqueue_input_event: [Motion - Cancel,com.microsoft.emmx/com.microsoft.ruby.Main]
03-14 04:42:44.369 954 1638 I input_interaction: Interaction with: WindowManager (server), edge-swipe (server), swipe-up (server), PointerEventDispatcher0 (server),
03-14 04:42:45.141 954 1638 I input_interaction: Interaction with: becfa8e com.microsoft.emmx/com.microsoft.ruby.Main (server), edge-swipe (server), swipe-up (server), PointerEventDispatcher0 (server),
03-14 04:42:45.230 6630 6630 I view_enqueue_input_event: [Motion - Cancel,com.microsoft.emmx/com.microsoft.ruby.Main]
03-14 04:42:45.233 954 1638 I input_interaction: Interaction with: WindowManager (server), edge-swipe (server), swipe-up (server), PointerEventDispatcher0 (server),
03-14 04:42:45.499 0 0 I auditd : type=1400 audit(0.0:9058): avc: denied { kill } for comm="swapper/2" capability=5 scontext=u:r:kernel:s0 tcontext=u:r:kernel:s0 tclass=capability permissive=1
03-14 04:42:45.571 954 1638 I input_interaction: Interaction with: fca4b77 com.android.launcher3/com.android.launcher3.uioverrides.QuickstepLauncher (server), 45b849f com.android.systemui.ImageWallpaper (server), edge-swipe (server), swipe-up (server), PointerEventDispatcher0 (server),
03-14 04:42:45.623 954 954 I service_manager_stats: [100,67,25493]
03-14 04:42:45.657 954 18689 I wm_task_created: [57,-1]
03-14 04:42:45.660 954 18689 I wm_task_moved: [57,1,7]
03-14 04:42:45.660 954 18689 I wm_task_to_front: [0,57]
03-14 04:42:45.660 954 18689 I wm_create_task: [0,57]
03-14 04:42:45.660 954 18689 I wm_create_activity: [0,230196248,57,com.hht.lebocast/.GuidanceActivity,android.intent.action.MAIN,NULL,NULL,270532608]
03-14 04:42:45.660 954 18689 I wm_task_moved: [57,1,7]
03-14 04:42:45.662 954 18689 I wm_pause_activity: [0,194529402,com.android.launcher3/.uioverrides.QuickstepLauncher,userLeaving=true,pauseBackTasks]
03-14 04:42:45.665 2598 2598 I wm_on_paused_called: [194529402,com.android.launcher3.uioverrides.QuickstepLauncher,performPause]
03-14 04:42:45.669 954 1048 I wm_add_to_stopping: [0,194529402,com.android.launcher3/.uioverrides.QuickstepLauncher,makeInvisible]
03-14 04:42:45.680 6630 6630 I wm_on_top_resumed_lost_called: [133159800,com.microsoft.ruby.Main,topStateChangedWhenResumed]
03-14 04:42:45.680 954 18689 I wm_restart_activity: [0,230196248,57,com.hht.lebocast/.GuidanceActivity]
03-14 04:42:45.683 954 18689 I wm_set_resumed_activity: [0,com.hht.lebocast/.GuidanceActivity,minimalResumeActivityLocked]
03-14 04:42:45.690 954 1046 I sysui_multi_action: [757,803,799,window_time_0,802,24]
03-14 04:42:45.788 954 5436 I am_uid_active: 10062
03-14 04:42:45.797 2953 2953 I wm_on_create_called: [230196248,com.hht.lebocast.GuidanceActivity,performCreate]
03-14 04:42:45.798 2953 2953 I wm_on_start_called: [230196248,com.hht.lebocast.GuidanceActivity,handleStartActivity]
03-14 04:42:45.799 2953 2953 I wm_on_resume_called: [230196248,com.hht.lebocast.GuidanceActivity,RESUME_ACTIVITY]
03-14 04:42:45.804 2953 2953 I wm_on_top_resumed_gained_called: [230196248,com.hht.lebocast.GuidanceActivity,topStateChangedWhenResumed]
03-14 04:42:45.819 954 1047 I input_focus: [Focus request b843f1d com.hht.lebocast/com.hht.lebocast.GuidanceActivity,reason=UpdateInputWindows]
01-01 08:57:39.046 0 0 I binder : 2953:2953 ioctl 40046210 fffa11f0 returned -22
03-14 04:42:45.845 954 1638 I input_focus: [Focus leaving becfa8e com.microsoft.emmx/com.microsoft.ruby.Main (server),reason=Waiting for window because NOT_VISIBLE]
03-14 04:42:45.908 954 1043 I sysui_multi_action: [319,54,321,51,322,255,325,3136,757,761,758,8,759,1,806,com.hht.lebocast,871,com.hht.lebocast.GuidanceActivity,904,com.android.launcher3,905,0,1320,4,1321,2]
03-14 04:42:45.908 954 1043 I wm_activity_launch_time: [0,230196248,com.hht.lebocast/.GuidanceActivity,255]
03-14 04:42:45.907 979 979 I auditd : type=1400 audit(0.0:9059): avc: denied { add_name } for comm="perf@2.2-servic" name="clkscale_enable" scontext=u:r:vendor_hal_perf_default:s0 tcontext=u:object_r:sysfs:s0 tclass=dir permissive=1
03-14 04:42:45.907 979 979 I auditd : type=1400 audit(0.0:9060): avc: denied { create } for comm="perf@2.2-servic" name="clkscale_enable" scontext=u:r:vendor_hal_perf_default:s0 tcontext=u:object_r:sysfs:s0 tclass=file permissive=1
03-14 04:42:45.912 954 1638 I input_focus: [Focus entering b843f1d com.hht.lebocast/com.hht.lebocast.GuidanceActivity (server),reason=Window became focusable. Previous reason: NOT_VISIBLE]
03-14 04:42:46.231 954 1046 I wm_stop_activity: [0,194529402,com.android.launcher3/.uioverrides.QuickstepLauncher]
03-14 04:42:46.247 2598 2598 I wm_on_stop_called: [194529402,com.android.launcher3.uioverrides.QuickstepLauncher,STOP_ACTIVITY_ITEM]
03-14 04:42:46.255 954 1638 I input_interaction: Interaction with: becfa8e com.microsoft.emmx/com.microsoft.ruby.Main (server), edge-swipe (server), swipe-up (server), PointerEventDispatcher0 (server),
03-14 04:42:46.256 954 1046 I wm_task_moved: [56,1,7]
03-14 04:42:46.256 954 1046 I wm_task_to_front: [0,56]
03-14 04:42:46.258 954 1046 I wm_set_resumed_activity: [0,com.microsoft.emmx/com.microsoft.ruby.Main,positionChildAt]
03-14 04:42:46.258 2953 2953 I wm_on_top_resumed_lost_called: [230196248,com.hht.lebocast.GuidanceActivity,topStateChangedWhenResumed]
03-14 04:42:46.258 954 1046 I wm_focused_root_task: [0,0,56,57,setFocusedTask]
03-14 04:42:46.258 954 1046 I wm_set_resumed_activity: [0,com.microsoft.emmx/com.microsoft.ruby.Main,setFocusedTask]
03-14 04:42:46.258 954 1047 I input_focus: [Focus request becfa8e com.microsoft.emmx/com.microsoft.ruby.Main,reason=UpdateInputWindows]
03-14 04:42:46.258 6630 6630 I wm_on_top_resumed_gained_called: [133159800,com.microsoft.ruby.Main,topStateChangedWhenResumed]
03-14 04:42:46.279 954 1638 I input_focus: [Focus leaving b843f1d com.hht.lebocast/com.hht.lebocast.GuidanceActivity (server),reason=setFocusedWindow]
03-14 04:42:46.279 954 1638 I input_focus: [Focus entering becfa8e com.microsoft.emmx/com.microsoft.ruby.Main (server),reason=setFocusedWindow]
03-14 04:42:46.315 6630 6630 I view_enqueue_input_event: [Motion - Cancel,com.microsoft.emmx/com.microsoft.ruby.Main]
03-14 04:42:46.321 954 1638 I input_interaction: Interaction with: WindowManager (server), edge-swipe (server), swipe-up (server), PointerEventDispatcher0 (server),
03-14 04:42:46.791 954 1638 I input_interaction: Interaction with: becfa8e com.microsoft.emmx/com.microsoft.ruby.Main (server), edge-swipe (server), swipe-up (server), PointerEventDispatcher0 (server),
03-14 04:42:46.850 6630 6630 I view_enqueue_input_event: [Motion - Cancel,com.microsoft.emmx/com.microsoft.ruby.Main]
03-14 04:42:46.857 954 1638 I input_interaction: Interaction with: WindowManager (server), edge-swipe (server), swipe-up (server), PointerEventDispatcher0 (server),
03-14 04:42:47.218 954 1638 I input_interaction: Interaction with: becfa8e com.microsoft.emmx/com.microsoft.ruby.Main (server), edge-swipe (server), swipe-up (server), PointerEventDispatcher0 (server),
03-14 04:42:47.250 6630 6630 I view_enqueue_input_event: [Motion - Cancel,com.microsoft.emmx/com.microsoft.ruby.Main]
03-14 04:42:47.256 954 1638 I input_interaction: Interaction with: WindowManager (server), edge-swipe (server), swipe-up (server), PointerEventDispatcher0 (server),
03-14 04:42:47.659 979 979 I auditd : type=1400 audit(0.0:9061): avc: denied { add_name } for comm="perf@2.2-servic" name="force_rail_on" scontext=u:r:vendor_hal_perf_default:s0 tcontext=u:object_r:vendor_sysfs_kgsl:s0 tclass=dir permissive=1
03-14 04:42:47.659 979 979 I auditd : type=1400 audit(0.0:9062): avc: denied { create } for comm="perf@2.2-servic" name="force_rail_on" scontext=u:r:vendor_hal_perf_default:s0 tcontext=u:object_r:vendor_sysfs_kgsl:s0 tclass=file permissive=1
03-14 04:42:47.659 979 979 I auditd : type=1400 audit(0.0:9063): avc: denied { add_name } for comm="perf@2.2-servic" name="min_freq" scontext=u:r:vendor_hal_perf_default:s0 tcontext=u:object_r:vendor_sysfs_devfreq:s0 tclass=dir permissive=1
03-14 04:42:47.659 979 979 I auditd : type=1400 audit(0.0:9064): avc: denied { create } for comm="perf@2.2-servic" name="min_freq" scontext=u:r:vendor_hal_perf_default:s0 tcontext=u:object_r:vendor_sysfs_devfreq:s0 tclass=file permissive=1
01-01 08:57:40.890 0 0 W audit : audit_lost=9244 audit_rate_limit=5 audit_backlog_limit=64
01-01 08:57:40.890 0 0 E audit : rate limit exceeded
03-14 04:42:47.659 979 979 I auditd : type=1400 audit(0.0:9065): avc: denied { add_name } for comm="perf@2.2-servic" name="cpu_min_freq" scontext=u:r:vendor_hal_perf_default:s0 tcontext=u:object_r:vendor_sysfs_msm_perf:s0 tclass=dir permissive=1
03-14 04:42:47.823 954 1638 I input_interaction: Interaction with: b843f1d com.hht.lebocast/com.hht.lebocast.GuidanceActivity (server), edge-swipe (server), swipe-up (server), PointerEventDispatcher0 (server),
03-14 04:42:47.827 954 1046 I wm_task_moved: [57,1,7]
03-14 04:42:47.827 954 1046 I wm_task_to_front: [0,57]
03-14 04:42:47.834 954 1046 I wm_set_resumed_activity: [0,com.hht.lebocast/.GuidanceActivity,positionChildAt]
03-14 04:42:47.834 954 1046 I wm_focused_root_task: [0,0,57,56,setFocusedTask]
03-14 04:42:47.834 954 1046 I wm_set_resumed_activity: [0,com.hht.lebocast/.GuidanceActivity,setFocusedTask]
03-14 04:42:47.836 954 1047 I input_focus: [Focus request b843f1d com.hht.lebocast/com.hht.lebocast.GuidanceActivity,reason=UpdateInputWindows]
03-14 04:42:47.838 6630 6630 I wm_on_top_resumed_lost_called: [133159800,com.microsoft.ruby.Main,topStateChangedWhenResumed]
03-14 04:42:47.845 2953 2953 I wm_on_top_resumed_gained_called: [230196248,com.hht.lebocast.GuidanceActivity,topStateChangedWhenResumed]
03-14 04:42:47.851 954 1638 I input_focus: [Focus leaving becfa8e com.microsoft.emmx/com.microsoft.ruby.Main (server),reason=setFocusedWindow]
03-14 04:42:47.851 954 1638 I input_focus: [Focus entering b843f1d com.hht.lebocast/com.hht.lebocast.GuidanceActivity (server),reason=setFocusedWindow]
03-14 04:42:47.855 954 5436 I wm_task_moved: [1,0,0]
03-14 04:42:47.855 954 5436 I wm_task_moved: [1,0,6]
03-14 04:42:47.856 2953 2953 I view_enqueue_input_event: [Motion - Cancel,com.hht.lebocast/com.hht.lebocast.GuidanceActivity]
03-14 04:42:47.862 954 1638 I input_interaction: Interaction with: edge-swipe (server), swipe-up (server), PointerEventDispatcher0 (server),
03-14 04:42:47.863 2598 2598 I wm_on_restart_called: [194529402,com.android.launcher3.uioverrides.QuickstepLauncher,performRestartActivity]
03-14 04:42:47.871 954 1047 I input_focus: [Focus request recents_animation_input_consumer,reason=UpdateInputWindows]
03-14 04:42:47.890 2598 2598 I wm_on_start_called: [194529402,com.android.launcher3.uioverrides.QuickstepLauncher,handleStartActivity]
03-14 04:42:47.898 2598 2598 I sysui_latency: [1,75]
03-14 04:42:47.900 954 1638 I input_focus: [Focus leaving b843f1d com.hht.lebocast/com.hht.lebocast.GuidanceActivity (server),reason=NOT_FOCUSABLE]
03-14 04:42:47.900 954 1638 I input_focus: [Focus entering recents_animation_input_consumer (server),reason=setFocusedWindow]
03-14 04:42:47.916 954 1043 I sysui_multi_action: [319,5,322,50,325,3138,757,761,758,9,759,5,806,com.android.launcher3,871,com.android.launcher3.uioverrides.QuickstepLauncher,905,0,1320,4,1321,1]
03-14 04:42:48.095 954 1610 I commit_sys_config_file: [settings-1-0,6]
01-01 08:57:41.318 0 0 E DTC_ETH,link_delay_work_func: 3003, SQI=0, link=0
03-14 04:42:48.206 954 1064 I sysui_latency: [8,69]
03-14 04:42:48.627 954 5436 I wm_task_moved: [1,1,7]
03-14 04:42:48.628 954 5436 I wm_task_moved: [12,1,2147483647]
03-14 04:42:48.628 954 5436 I wm_task_to_front: [0,12]
03-14 04:42:48.628 2953 2953 I wm_on_top_resumed_lost_called: [230196248,com.hht.lebocast.GuidanceActivity,topStateChangedWhenResumed]
03-14 04:42:48.628 954 5436 I wm_focused_root_task: [0,0,1,57,RecentsAnimation.onAnimationFinished()]
03-14 04:42:48.628 954 5436 I wm_set_resumed_activity: [0,com.android.launcher3/.uioverrides.QuickstepLauncher,RecentsAnimation.onAnimationFinished()]
03-14 04:42:48.631 954 5436 I wm_pause_activity: [0,230196248,com.hht.lebocast/.GuidanceActivity,userLeaving=true,pauseBackTasks]
03-14 04:42:48.632 954 5436 I wm_add_to_stopping: [0,230196248,com.hht.lebocast/.GuidanceActivity,makeInvisible]
03-14 04:42:48.635 954 5436 I wm_set_resumed_activity: [0,com.android.launcher3/.uioverrides.QuickstepLauncher,resumeTopActivityInnerLocked]
03-14 04:42:48.638 954 5436 I wm_resume_activity: [0,194529402,12,com.android.launcher3/.uioverrides.QuickstepLauncher]
03-14 04:42:48.639 2598 2598 I wm_on_resume_called: [194529402,com.android.launcher3.uioverrides.QuickstepLauncher,RESUME_ACTIVITY]
03-14 04:42:48.643 954 1047 I input_focus: [Focus request fca4b77 com.android.launcher3/com.android.launcher3.uioverrides.QuickstepLauncher,reason=UpdateInputWindows]
03-14 04:42:48.645 2598 2598 I wm_on_top_resumed_gained_called: [194529402,com.android.launcher3.uioverrides.QuickstepLauncher,topStateChangedWhenResumed]
03-14 04:42:48.645 2953 2953 I wm_on_paused_called: [230196248,com.hht.lebocast.GuidanceActivity,performPause]
03-14 04:42:48.652 954 1638 I input_focus: [Focus leaving recents_animation_input_consumer (server),reason=NOT_VISIBLE]
03-14 04:42:48.652 954 1638 I input_focus: [Focus entering fca4b77 com.android.launcher3/com.android.launcher3.uioverrides.QuickstepLauncher (server),reason=setFocusedWindow]
03-14 04:42:48.653 954 1638 I input_interaction: Interaction with: becfa8e com.microsoft.emmx/com.microsoft.ruby.Main (server), edge-swipe (server), swipe-up (server), PointerEventDispatcher0 (server),
03-14 04:42:48.655 954 5436 I wm_stop_activity: [0,230196248,com.hht.lebocast/.GuidanceActivity]
03-14 04:42:48.658 954 1046 I sysui_multi_action: [757,803,799,window_time_0,802,3]
03-14 04:42:48.662 954 1046 I sysui_multi_action: [757,803,799,window_time_0,802,0]
03-14 04:42:48.663 2953 2953 I wm_on_stop_called: [230196248,com.hht.lebocast.GuidanceActivity,STOP_ACTIVITY_ITEM]
03-14 04:42:48.667 954 1046 I wm_task_moved: [56,1,7]
03-14 04:42:48.667 954 1046 I wm_task_to_front: [0,56]
03-14 04:42:48.670 954 1046 I wm_set_resumed_activity: [0,com.microsoft.emmx/com.microsoft.ruby.Main,positionChildAt]
03-14 04:42:48.670 954 1046 I wm_focused_root_task: [0,0,56,1,setFocusedTask]
03-14 04:42:48.670 954 1046 I wm_set_resumed_activity: [0,com.microsoft.emmx/com.microsoft.ruby.Main,setFocusedTask]
03-14 04:42:48.671 954 1047 I input_focus: [Focus request becfa8e com.microsoft.emmx/com.microsoft.ruby.Main,reason=UpdateInputWindows]
03-14 04:42:48.672 2598 2598 I wm_on_top_resumed_lost_called: [194529402,com.android.launcher3.uioverrides.QuickstepLauncher,topStateChangedWhenResumed]
03-14 04:42:48.674 6630 6630 I wm_on_top_resumed_gained_called: [133159800,com.microsoft.ruby.Main,topStateChangedWhenResumed]
03-14 04:42:48.677 954 1064 I am_pss : [18762,90000,com.microsoft.emmx:sandboxed_process0:org.chromium.content.app.SandboxedProcessService0:34,31804416,10362880,27648,173834240,0,3,9]
03-14 04:42:48.684 954 1064 I am_pss : [14427,10086,com.android.music,11243520,8683520,25600,103206912,0,19,5]
03-14 04:42:48.704 954 1638 I input_focus: [Focus leaving fca4b77 com.android.launcher3/com.android.launcher3.uioverrides.QuickstepLauncher (server),reason=setFocusedWindow]
03-14 04:42:48.705 954 1638 I input_focus: [Focus entering becfa8e com.microsoft.emmx/com.microsoft.ruby.Main (server),reason=setFocusedWindow]
03-14 04:42:48.723 6630 6630 I view_enqueue_input_event: [Motion - Cancel,com.microsoft.emmx/com.microsoft.ruby.Main]
03-14 04:42:48.729 954 1638 I input_interaction: Interaction with: WindowManager (server), edge-swipe (server), swipe-up (server), PointerEventDispatcher0 (server),
03-14 04:42:50.162 954 1638 I input_interaction: Interaction with: becfa8e com.microsoft.emmx/com.microsoft.ruby.Main (server), edge-swipe (server), swipe-up (server), PointerEventDispatcher0 (server),
03-14 04:42:50.260 6630 6630 I view_enqueue_input_event: [Motion - Cancel,com.microsoft.emmx/com.microsoft.ruby.Main]
03-14 04:42:50.270 954 1638 I input_interaction: Interaction with: WindowManager (server), edge-swipe (server), swipe-up (server), PointerEventDispatcher0 (server),
01-01 08:57:44.334 0 0 E msm_pcm_playback_close: CMD_EOS failed, cmd_pending 0x8
01-01 08:57:44.346 0 0 I afe_close: port_id = 0x9000
01-01 08:57:44.369 0 0 I afe_find_cal_topo_id_by_port: port id: 0x9000, dev_acdb_id: 0
01-01 08:57:44.369 0 0 I afe_find_cal_topo_id_by_port: top_id:112fc acdb_id:15 afe_port:0x9000
01-01 08:57:44.369 0 0 I afe_get_cal_topology_id: port_id = 0x9000 acdb_id = 15 topology_id = 0x112fc cal_type_index=8 ret=0
01-01 08:57:44.369 0 0 I afe_send_port_topology_id: AFE set topology id 0x112fc enable for port 0x9000 ret 0
01-01 08:57:44.369 0 0 I send_afe_cal_type: cal_index is 0
01-01 08:57:44.369 0 0 I send_afe_cal_type: dev_acdb_id[55] is 0
01-01 08:57:44.369 0 0 I send_afe_cal_type: Sending cal_index cal 0
01-01 08:57:44.369 0 0 E send_afe_cal_type: No cal sent for cal_index 0, port_id = 0x9000! ret -22
01-01 08:57:44.378 0 0 I afe_send_hw_delay: port_id 0x9000 rate 48000 delay_usec 474 status 0
03-14 04:42:51.336 954 1982 I sync : [com.sohu.sohuvideo.alive.provider,0,4,792861887]
03-14 04:42:51.354 954 1982 I sync : [com.sohu.sohuvideo.alive.provider,1,4,792861887]
03-14 04:42:51.358 954 1638 I input_interaction: Interaction with: becfa8e com.microsoft.emmx/com.microsoft.ruby.Main (server), edge-swipe (server), swipe-up (server), PointerEventDispatcher0 (server),
03-14 04:42:51.395 6630 6630 I view_enqueue_input_event: [Motion - Cancel,com.microsoft.emmx/com.microsoft.ruby.Main]
03-14 04:42:51.396 954 1638 I input_interaction: Interaction with: WindowManager (server), edge-swipe (server), swipe-up (server), PointerEventDispatcher0 (server),
03-14 04:42:51.447 6630 6630 I service_manager_stats: [200,46,21314]
03-14 04:42:52.444 954 1638 I input_interaction: Interaction with: becfa8e com.microsoft.emmx/com.microsoft.ruby.Main (server), edge-swipe (server), swipe-up (server), PointerEventDispatcher0 (server),
03-14 04:42:52.584 6630 6630 I view_enqueue_input_event: [Motion - Cancel,com.microsoft.emmx/com.microsoft.ruby.Main]
03-14 04:42:52.584 954 1638 I input_interaction: Interaction with: WindowManager (server), edge-swipe (server), swipe-up (server), PointerEventDispatcher0 (server),
01-01 08:57:46.438 0 0 E DTC_ETH,link_delay_work_func: 3003, SQI=0, link=0
03-14 04:42:53.333 954 1638 I input_interaction: Interaction with: becfa8e com.microsoft.emmx/com.microsoft.ruby.Main (server), edge-swipe (server), swipe-up (server), PointerEventDispatcher0 (server),
03-14 04:42:53.363 954 1045 I commit_sys_config_file: [jobs,6]
03-14 04:42:53.400 6630 6630 I view_enqueue_input_event: [Motion - Cancel,com.microsoft.emmx/com.microsoft.ruby.Main]
03-14 04:42:53.402 954 1638 I input_interaction: Interaction with: WindowManager (server), edge-swipe (server), swipe-up (server), PointerEventDispatcher0 (server),
03-14 04:42:56.499 0 0 I auditd : type=1400 audit(0.0:9067): avc: denied { kill } for comm="swapper/1" capability=5 scontext=u:r:kernel:s0 tcontext=u:r:kernel:s0 tclass=capability permissive=1
01-01 08:57:51.558 0 0 E DTC_ETH,link_delay_work_func: 3003, SQI=0, link=0
01-01 08:57:51.944 0 0 I msm_vidc: err : ffffffff: .....: DBLP Set: status 0
03-14 04:42:59.115 954 5649 I am_kill : [0,20394,com.microsoft.emmx:sandboxed_process0:org.chromium.content.app.SandboxedProcessService0:37,0,isolated not needed]
03-14 04:42:59.154 954 5649 I am_proc_died: [0,20394,com.microsoft.emmx:sandboxed_process0:org.chromium.content.app.SandboxedProcessService0:37,0,10]
03-14 04:42:59.155 954 5649 I am_uid_stopped: 90003
03-14 04:43:00.141 954 5649 I am_uid_running: 90004
03-14 04:43:00.164 954 1067 I am_proc_start: [0,21089,90004,com.microsoft.emmx:sandboxed_process0:org.chromium.content.app.SandboxedProcessService0:38,,{com.microsoft.emmx/org.chromium.content.app.SandboxedProcessService0:38}]
01-01 08:57:53.406 0 0 I binder : 21089:21089 ioctl 40046210 7ffedd5054 returned -22
03-14 04:43:00.187 954 5649 I am_proc_bound: [0,21089,com.microsoft.emmx:sandboxed_process0:org.chromium.content.app.SandboxedProcessService0:38]
03-14 04:43:00.190 954 5649 I am_uid_active: 90004
01-01 08:57:54.830 0 0 E msm_pcm_playback_close: CMD_EOS failed, cmd_pending 0x8
01-01 08:57:54.844 0 0 I afe_close: port_id = 0x9000
01-01 08:57:54.867 0 0 I afe_find_cal_topo_id_by_port: port id: 0x9000, dev_acdb_id: 0
01-01 08:57:54.867 0 0 I afe_find_cal_topo_id_by_port: top_id:112fc acdb_id:15 afe_port:0x9000
