03-14 04:52:41.252 13864 13864 I wm_on_top_resumed_gained_called: [265790938,com.tencent.mtt.MainActivity,topStateChangedWhenResumed]
03-14 04:52:41.262 954 1638 I input_focus: [Focus leaving fca4b77 com.android.launcher3/com.android.launcher3.uioverrides.QuickstepLauncher (server),reason=setFocusedWindow]
03-14 04:52:41.262 954 1638 I input_focus: [Focus entering c8dcfcf com.tencent.mtt/com.tencent.mtt.MainActivity (server),reason=setFocusedWindow]
03-14 04:52:41.463 954 1638 I input_interaction: Interaction with: WindowManager (server), edge-swipe (server), swipe-up (server), PointerEventDispatcher0 (server),
03-14 04:52:41.464 13864 13864 I view_enqueue_input_event: [Motion - Cancel,com.tencent.mtt/com.tencent.mtt.MainActivity]
03-14 04:52:41.478 954 1047 D FreeFormWindowHelper: refreshTipWindow mTipWindowTitle : freeform_top_left_tip_window
03-14 04:52:41.480 954 1047 I ActivityTaskManager: clear resize flag in freeform mode
03-14 04:52:41.481 954 1047 W WindowManager: updateScale : 0.79357797
03-14 04:52:41.494 954 1047 D FreeFormWindowHelper: refreshTipWindow mTipWindowTitle : freeform_top_left_tip_window
03-14 04:52:41.495 954 1047 I ActivityTaskManager: clear resize flag in freeform mode
03-14 04:52:41.495 954 1047 W WindowManager: updateScale : 0.79357797
03-14 04:52:41.511 954 1047 D FreeFormWindowHelper: refreshTipWindow mTipWindowTitle : freeform_top_left_tip_window
03-14 04:52:41.512 954 1047 I ActivityTaskManager: clear resize flag in freeform mode
03-14 04:52:41.512 954 1047 W WindowManager: updateScale : 0.79357797
03-14 04:52:41.514 954 23231 W WindowManager: updateScale : 0.79357797
03-14 04:52:41.528 954 1047 D FreeFormWindowHelper: refreshTipWindow mTipWindowTitle : freeform_top_left_tip_window
03-14 04:52:41.528 954 1047 I ActivityTaskManager: clear resize flag in freeform mode
03-14 04:52:41.529 954 1047 W WindowManager: updateScale : 0.79357797
03-14 04:52:41.544 954 1047 D FreeFormWindowHelper: refreshTipWindow mTipWindowTitle : freeform_top_left_tip_window
03-14 04:52:41.545 954 1047 I ActivityTaskManager: clear resize flag in freeform mode
03-14 04:52:41.545 954 1047 W WindowManager: updateScale : 0.79357797
03-14 04:52:41.551 954 970 W WindowManager: updateScale : 0.79357797
03-14 04:52:41.561 954 1064 I sysui_multi_action: [757,1717,758,1,759,0]
03-14 04:52:41.561 954 1047 D FreeFormWindowHelper: refreshTipWindow mTipWindowTitle : freeform_top_left_tip_window
03-14 04:52:41.562 954 1047 I ActivityTaskManager: clear resize flag in freeform mode
03-14 04:52:41.562 954 1047 W WindowManager: updateScale : 0.79357797
03-14 04:52:41.563 954 1064 I sysui_multi_action: [757,1717,758,2,759,0]
03-14 04:52:41.564 954 1064 I sysui_multi_action: [757,1717,758,3,759,0]
03-14 04:52:41.573 954 954 I service_manager_stats: [100,52,13434]
03-14 04:52:41.578 954 1047 D FreeFormWindowHelper: refreshTipWindow mTipWindowTitle : null
03-14 04:52:41.578 954 1047 I ActivityTaskManager: clear resize flag in freeform mode
03-14 04:52:41.579 954 1047 W WindowManager: updateScale : 0.79357797
03-14 04:52:41.611 954 23231 W WindowManager: updateScale : 0.79357797
03-14 04:52:41.613 954 1047 D FreeFormWindowHelper: refreshTipWindow mTipWindowTitle : null
03-14 04:52:41.614 954 1047 I ActivityTaskManager: clear resize flag in freeform mode
03-14 04:52:41.614 954 1047 W WindowManager: updateScale : 0.79357797
03-14 04:52:41.628 954 1047 D FreeFormWindowHelper: refreshTipWindow mTipWindowTitle : null
03-14 04:52:41.628 954 1047 I ActivityTaskManager: clear resize flag in freeform mode
03-14 04:52:41.629 954 1047 W WindowManager: updateScale : 0.79357797
03-14 04:52:41.631 954 23231 W WindowManager: updateScale : 0.79357797
03-14 04:52:41.645 954 1047 D FreeFormWindowHelper: refreshTipWindow mTipWindowTitle : null
03-14 04:52:41.645 954 1047 I ActivityTaskManager: clear resize flag in freeform mode
03-14 04:52:41.645 954 1047 W WindowManager: updateScale : 0.79357797
03-14 04:52:41.646 954 23231 W WindowManager: updateScale : 0.79357797
03-14 04:52:41.657 954 23231 W WindowManager: updateScale : 0.79357797
03-14 04:52:41.662 954 1047 D FreeFormWindowHelper: refreshTipWindow mTipWindowTitle : null
03-14 04:52:41.662 954 1047 I ActivityTaskManager: clear resize flag in freeform mode
03-14 04:52:41.662 954 1047 W WindowManager: updateScale : 0.79357797
03-14 04:52:41.678 954 1047 D FreeFormWindowHelper: refreshTipWindow mTipWindowTitle : null
03-14 04:52:41.679 954 1047 I ActivityTaskManager: clear resize flag in freeform mode
03-14 04:52:41.679 954 1047 W WindowManager: updateScale : 0.79357797
03-14 04:52:41.695 954 1047 D FreeFormWindowHelper: refreshTipWindow mTipWindowTitle : null
03-14 04:52:41.695 954 1047 I ActivityTaskManager: clear resize flag in freeform mode
03-14 04:52:41.696 954 1047 W WindowManager: updateScale : 0.79357797
03-14 04:52:41.711 954 1047 D FreeFormWindowHelper: refreshTipWindow mTipWindowTitle : null
03-14 04:52:41.712 954 1047 I ActivityTaskManager: clear resize flag in freeform mode
03-14 04:52:41.712 954 1047 W WindowManager: updateScale : 0.79357797
03-14 04:52:41.728 954 23231 W WindowManager: updateScale : 0.79357797
03-14 04:52:41.729 954 1047 D FreeFormWindowHelper: refreshTipWindow mTipWindowTitle : null
03-14 04:52:41.730 954 1047 I ActivityTaskManager: clear resize flag in freeform mode
03-14 04:52:41.730 954 1047 W WindowManager: updateScale : 0.79357797
03-14 04:52:41.745 954 23231 W WindowManager: updateScale : 0.79357797
03-14 04:52:41.746 954 1047 D FreeFormWindowHelper: refreshTipWindow mTipWindowTitle : null
03-14 04:52:41.747 954 1047 I ActivityTaskManager: clear resize flag in freeform mode
03-14 04:52:41.747 954 1047 W WindowManager: updateScale : 0.79357797
03-14 04:52:41.793 954 1047 D WindowManager: updateWindowDragBounds: mIsSwipeYtrue
03-14 04:52:41.793 954 1047 D WindowManager: updateWindowDragBounds: mIsTopfalse
03-14 04:52:41.831 954 1048 I ActivityTaskManager: clear resize flag in freeform mode
03-14 04:52:41.832 954 1048 W WindowManager: updateScale : 0.79357797
03-14 04:52:41.846 954 1048 I ActivityTaskManager: clear resize flag in freeform mode
03-14 04:52:41.846 954 1048 W WindowManager: updateScale : 0.79357797
03-14 04:52:41.864 954 1048 I ActivityTaskManager: clear resize flag in freeform mode
03-14 04:52:41.864 954 1048 W WindowManager: updateScale : 0.79357797
03-14 04:52:41.880 954 1048 I ActivityTaskManager: clear resize flag in freeform mode
03-14 04:52:41.881 954 1048 W WindowManager: updateScale : 0.79357797
03-14 04:52:41.896 954 1048 I ActivityTaskManager: clear resize flag in freeform mode
03-14 04:52:41.897 954 1048 W WindowManager: updateScale : 0.79357797
03-14 04:52:41.912 954 23231 W WindowManager: updateScale : 0.79357797
03-14 04:52:41.915 954 1048 I ActivityTaskManager: clear resize flag in freeform mode
03-14 04:52:41.915 954 1048 W WindowManager: updateScale : 0.79357797
03-14 04:52:41.931 954 1048 I ActivityTaskManager: clear resize flag in freeform mode
03-14 04:52:41.932 954 1048 W WindowManager: updateScale : 0.79357797
03-14 04:52:41.946 954 1048 I ActivityTaskManager: clear resize flag in freeform mode
03-14 04:52:41.947 954 1048 W WindowManager: updateScale : 0.79357797
03-14 04:52:41.963 954 1048 I ActivityTaskManager: clear resize flag in freeform mode
03-14 04:52:41.963 954 1048 W WindowManager: updateScale : 0.79357797
03-14 04:52:41.980 954 1048 I ActivityTaskManager: clear resize flag in freeform mode
03-14 04:52:41.980 954 1048 W WindowManager: updateScale : 0.79357797
03-14 04:52:41.982 954 23231 W WindowManager: updateScale : 0.79357797
03-14 04:52:41.997 954 1048 I ActivityTaskManager: clear resize flag in freeform mode
03-14 04:52:41.997 954 1048 W WindowManager: updateScale : 0.79357797
03-14 04:52:42.010 954 23231 W WindowManager: updateScale : 0.79357797
03-14 04:52:42.013 954 1048 I ActivityTaskManager: clear resize flag in freeform mode
03-14 04:52:42.013 954 1048 W WindowManager: updateScale : 0.79357797
01-01 09:07:35.238 0 0 E DTC_ETH,link_delay_work_func: 3003, SQI=0, link=0
03-14 04:52:42.030 954 1048 I ActivityTaskManager: clear resize flag in freeform mode
03-14 04:52:42.030 954 1048 W WindowManager: updateScale : 0.79357797
03-14 04:52:42.032 954 970 W WindowManager: updateScale : 0.79357797
03-14 04:52:42.046 954 1048 I ActivityTaskManager: clear resize flag in freeform mode
03-14 04:52:42.047 954 1048 W WindowManager: updateScale : 0.79357797
03-14 04:52:42.047 954 970 W WindowManager: updateScale : 0.79357797
03-14 04:52:42.062 954 970 W WindowManager: updateScale : 0.79357797
03-14 04:52:42.064 954 1048 I ActivityTaskManager: clear resize flag in freeform mode
03-14 04:52:42.064 954 1048 W WindowManager: updateScale : 0.79357797
03-14 04:52:42.080 954 1048 I ActivityTaskManager: clear resize flag in freeform mode
03-14 04:52:42.081 954 1048 W WindowManager: updateScale : 0.79357797
03-14 04:52:42.087 674 674 I auditd : type=1400 audit(0.0:10603): avc: denied { add_name } for comm="Binder:674_1" name="globalAlert" scontext=u:r:netd:s0 tcontext=u:object_r:proc_net:s0 tclass=dir permissive=1
03-14 04:52:42.087 674 674 I auditd : type=1400 audit(0.0:10604): avc: denied { create } for comm="Binder:674_1" name="globalAlert" scontext=u:r:netd:s0 tcontext=u:object_r:proc_net:s0 tclass=file permissive=1
03-14 04:52:42.088 954 1685 I netstats_mobile_sample: [0,0,0,0,0,0,0,0,0,0,0,0,1678740762088]
03-14 04:52:42.088 954 1685 I netstats_wifi_sample: [102789514,141336,15481391,127728,102789514,141336,15481391,127728,83691529,91728,12075991,102279,1678740762088]
03-14 04:52:42.095 954 23231 W WindowManager: updateScale : 0.79357797
03-14 04:52:42.098 954 1048 I ActivityTaskManager: clear resize flag in freeform mode
03-14 04:52:42.099 954 1048 W WindowManager: updateScale : 0.79357797
03-14 04:52:42.113 954 1048 I ActivityTaskManager: clear resize flag in freeform mode
03-14 04:52:42.114 954 1048 W WindowManager: updateScale : 0.79357797
03-14 04:52:42.119 954 23231 W WindowManager: updateScale : 0.79357797
03-14 04:52:42.130 954 1048 I ActivityTaskManager: clear resize flag in freeform mode
03-14 04:52:42.130 954 1048 W WindowManager: updateScale : 0.79357797
03-14 04:52:42.538 954 1638 I input_interaction: Interaction with: fca4b77 com.android.launcher3/com.android.launcher3.uioverrides.QuickstepLauncher (server), 45b849f com.android.systemui.ImageWallpaper (server), edge-swipe (server), swipe-up (server), PointerEventDispatcher0 (server),
01-01 09:07:36.232 0 0 W perfetto: disabled ftrace
03-14 04:52:43.048 1271 31194 I iorapd : Perfetto TraceBuffer saved to file: /data/misc/iorapd/com.tencent.tmgp.sgame/802010901/com.tencent.tmgp.sgame.SGameActivity/raw_traces/1678740763046731921.perfetto_trace.pb
01-01 09:07:36.302 0 0 E [wifi@1][0x10b37a8a2d][04:52:43.077005] wlan: [925:E:QDF] cds_flush_logs: 2424: Bug report already in progress - dropping! type:0, indicator=1 reason_code=0
01-01 09:07:36.318 0 0 E [wifi@1][0x10b37f2a93][04:52:43.092797] wlan: [925:E:HDD] __wlan_hdd_cfg80211_wifi_logger_get_ring_data: 9840: Failed to trigger bug report
01-01 09:07:36.341 0 0 I logd : logdr: UID=1000 GID=1000 PID=31376 n tail=127 logMask=19 pid=0 start=0ns deadline=0ns
01-01 09:07:36.464 0 0 I logd : logdr: UID=1000 GID=1000 PID=31378 n tail=127 logMask=80 pid=0 start=0ns deadline=0ns
03-14 04:52:43.499 28596 28596 I auditd : type=1400 audit(0.0:10605): avc: denied { kill } for comm="kworker/u17:4" capability=5 scontext=u:r:kernel:s0 tcontext=u:r:kernel:s0 tclass=capability permissive=1
03-14 04:52:45.594 954 970 I thunderperf: PlatormCompat.setOverrides: Uid1=10074 Pid1=2598 Uid2=10074 Pid2=2598
03-14 04:52:45.594 954 970 I thunderperf: PlatormCompat.setOverrides: needCheck:false
03-14 04:52:45.594 954 970 I thunderperf: CompatConfig.addOverrideUnsafe: bef-state=0
03-14 04:52:45.594 954 970 I thunderperf: CompatConfig.addOverrideUnsafe: aft-state=0
03-14 04:52:45.595 954 970 I thunderperf: CompatConfig.addOverrideUnsafe: bef-state=0
03-14 04:52:45.595 954 970 I thunderperf: CompatConfig.addOverrideUnsafe: aft-state=0
03-14 04:52:45.595 954 970 I thunderperf: CompatConfig.addOverrideUnsafe: bef-state=0
03-14 04:52:45.595 954 970 I thunderperf: CompatConfig.addOverrideUnsafe: aft-state=0
03-14 04:52:45.596 954 970 I thunderperf: CompatConfig.addOverrideUnsafe: bef-state=0
03-14 04:52:45.596 954 970 I thunderperf: CompatConfig.addOverrideUnsafe: aft-state=0
03-14 04:52:45.596 954 970 I thunderperf: CompatConfig.addOverrideUnsafe: bef-state=0
03-14 04:52:45.596 954 970 I thunderperf: CompatConfig.addOverrideUnsafe: aft-state=0
03-14 04:52:45.597 954 970 I thunderperf: CompatConfig.addOverrideUnsafe: bef-state=0
03-14 04:52:45.597 954 970 I thunderperf: CompatConfig.addOverrideUnsafe: aft-state=0
03-14 04:52:45.597 954 970 I thunderperf: CompatConfig.addOverrideUnsafe: bef-state=0
03-14 04:52:45.597 954 970 I thunderperf: CompatConfig.addOverrideUnsafe: aft-state=0
03-14 04:52:45.597 954 970 I thunderperf: CompatConfig.addOverrideUnsafe: bef-state=0
03-14 04:52:45.597 954 970 I thunderperf: CompatConfig.addOverrideUnsafe: aft-state=0
03-14 04:52:45.598 954 970 I thunderperf: CompatConfig.addOverrideUnsafe: bef-state=0
03-14 04:52:45.598 954 970 I thunderperf: CompatConfig.addOverrideUnsafe: aft-state=0
03-14 04:52:45.598 954 970 I thunderperf: CompatConfig.addOverrideUnsafe: bef-state=0
03-14 04:52:45.598 954 970 I thunderperf: CompatConfig.addOverrideUnsafe: aft-state=0
03-14 04:52:45.599 954 970 I thunderperf: CompatConfig.addOverrideUnsafe: bef-state=0
03-14 04:52:45.599 954 970 I thunderperf: CompatConfig.addOverrideUnsafe: aft-state=0
03-14 04:52:45.599 954 970 I thunderperf: CompatConfig.addOverrideUnsafe: bef-state=0
03-14 04:52:45.599 954 970 I thunderperf: CompatConfig.addOverrideUnsafe: aft-state=0
03-14 04:52:45.599 954 970 I thunderperf: CompatConfig.addOverrideUnsafe: bef-state=0
03-14 04:52:45.599 954 970 I thunderperf: CompatConfig.addOverrideUnsafe: aft-state=0
03-14 04:52:45.600 954 970 I thunderperf: CompatConfig.addOverrideUnsafe: bef-state=0
03-14 04:52:45.600 954 970 I thunderperf: CompatConfig.addOverrideUnsafe: aft-state=0
03-14 04:52:45.608 954 970 I ActivityTaskManager: START u0 {act=android.intent.action.MAIN cat=[android.intent.category.LAUNCHER] flg=0x10200000 cmp=com.youku.phone/.ActivityWelcome} from uid 10074
03-14 04:52:45.635 979 979 I auditd : type=1400 audit(0.0:10606): avc: denied { add_name } for comm="perf@2.2-servic" name="cpu_max_freq" scontext=u:r:vendor_hal_perf_default:s0 tcontext=u:object_r:vendor_sysfs_msm_perf:s0 tclass=dir permissive=1
03-14 04:52:45.640 954 970 I wm_task_created: [79,-1]
03-14 04:52:45.641 954 970 W ActivityTaskManager: Can't find TaskDisplayArea to determine support for multi window. Task id=79 attached=false
03-14 04:52:45.635 979 979 I auditd : type=1400 audit(0.0:10607): avc: denied { create } for comm="perf@2.2-servic" name="cpu_max_freq" scontext=u:r:vendor_hal_perf_default:s0 tcontext=u:object_r:vendor_sysfs_msm_perf:s0 tclass=file permissive=1
03-14 04:52:45.641 954 970 D FreeFormWindowHelper: finish old freeform task = ActivityRecord{fd7a5da u0 com.tencent.mtt/.MainActivity t76}
03-14 04:52:45.642 954 970 I wm_finish_activity: [0,265790938,76,com.tencent.mtt/.MainActivity,app-request]
03-14 04:52:45.642 954 970 I wm_task_moved: [1,1,9]
03-14 04:52:45.643 954 970 I wm_set_resumed_activity: [0,com.android.launcher3/.uioverrides.QuickstepLauncher,positionChildAt]
03-14 04:52:45.643 954 970 I wm_task_moved: [12,1,2147483647]
03-14 04:52:45.643 954 970 I wm_task_to_front: [0,12]
03-14 04:52:45.643 954 970 I wm_focused_root_task: [0,0,1,-1,finish-top adjustFocusToNextFocusableTask]
03-14 04:52:45.643 954 970 I wm_set_resumed_activity: [0,com.android.launcher3/.uioverrides.QuickstepLauncher,finish-top]
03-14 04:52:45.651 13864 13864 I wm_on_top_resumed_lost_called: [265790938,com.tencent.mtt.MainActivity,topStateChangedWhenResumed]
03-14 04:52:45.651 954 970 I wm_pause_activity: [0,265790938,com.tencent.mtt/.MainActivity,userLeaving=false,finish]
03-14 04:52:45.652 954 970 D FreeFormWindowHelper: Add freeform task=Task{d3f7fc4 #79 type=standard ?? U=0 visible=false mode=freeform translucent=true sz=0}
03-14 04:52:45.653 954 970 D CompatibilityChangeReporter: Compat change id reported: 174042980; UID 10098; state: DISABLED
03-14 04:52:45.653 954 970 D CompatibilityChangeReporter: Compat change id reported: 184838306; UID 10098; state: DISABLED
03-14 04:52:45.654 954 970 D CompatibilityChangeReporter: Compat change id reported: 185004937; UID 10098; state: DISABLED
03-14 04:52:45.654 954 970 D CompatibilityChangeReporter: Compat change id reported: 181136395; UID 10098; state: DISABLED
03-14 04:52:45.654 954 970 D CompatibilityChangeReporter: Compat change id reported: 174042936; UID 10098; state: DISABLED
03-14 04:52:45.655 954 970 I wm_task_moved: [79,1,9]
03-14 04:52:45.655 954 970 I wm_task_to_front: [0,79]
03-14 04:52:45.655 954 970 I wm_focused_root_task: [0,0,79,1,reuseOrNewTask]
03-14 04:52:45.655 954 970 I wm_create_task: [0,79]
03-14 04:52:45.655 954 970 I wm_create_activity: [0,42946221,79,com.youku.phone/.ActivityWelcome,android.intent.action.MAIN,NULL,NULL,270532608]
03-14 04:52:45.655 954 970 I wm_task_moved: [79,1,9]
03-14 04:52:45.656 954 970 V SplashScreenExceptionList: SplashScreen checking exception for package com.youku.phone (target sdk:29) -> false
03-14 04:52:45.661 954 1047 I input_focus: [Focus request fca4b77 com.android.launcher3/com.android.launcher3.uioverrides.QuickstepLauncher,reason=UpdateInputWindows]
03-14 04:52:45.670 954 1638 I input_focus: [Focus leaving c8dcfcf com.tencent.mtt/com.tencent.mtt.MainActivity (server),reason=NO_WINDOW]
03-14 04:52:45.670 954 1638 I input_focus: [Focus entering fca4b77 com.android.launcher3/com.android.launcher3.uioverrides.QuickstepLauncher (server),reason=setFocusedWindow]
01-01 09:07:38.899 0 0 W perfetto: enabled ftrace
03-14 04:52:45.676 13864 13864 I wm_on_paused_called: [265790938,com.tencent.mtt.MainActivity,performPause]
03-14 04:52:45.677 954 970 I wm_add_to_stopping: [0,265790938,com.tencent.mtt/.MainActivity,completeFinishing]
03-14 04:52:45.677 954 970 I ActivityTaskManager: FOREGROUND_APPLICATION_CHANGED to com.youku.phone.ActivityWelcome
03-14 04:52:45.678 954 970 I ActivityTaskManager: clear resize flag in freeform mode
03-14 04:52:45.680 954 1046 I am_uid_running: 10098
03-14 04:52:45.681 954 1046 D CompatibilityChangeReporter: Compat change id reported: 135634846; UID 10098; state: DISABLED
03-14 04:52:45.681 954 1046 I sysui_multi_action: [757,803,799,window_time_0,802,6]
03-14 04:52:45.682 954 1067 D CompatibilityChangeReporter: Compat change id reported: 143937733; UID 10098; state: DISABLED
03-14 04:52:45.688 954 1067 I am_proc_start: [0,31401,10098,com.youku.phone,top-activity,{com.youku.phone/com.youku.phone.ActivityWelcome}]
03-14 04:52:45.688 954 1067 I ActivityManager: Start proc 31401:com.youku.phone/u0a98 for top-activity {com.youku.phone/com.youku.phone.ActivityWelcome}
03-14 04:52:45.696 954 1064 I am_pss : [30194,10093,com.qiyi.video:plugin1,35254272,17768448,44032,148451328,0,10,8]
01-01 09:07:38.924 0 0 I binder : 31401:31401 ioctl 40046210 fffa1908 returned -22
03-14 04:52:45.702 954 970 I am_proc_bound: [0,31401,com.youku.phone]
03-14 04:52:45.705 954 970 I wm_restart_activity: [0,42946221,79,com.youku.phone/.ActivityWelcome]
03-14 04:52:45.706 954 970 I wm_set_resumed_activity: [0,com.youku.phone/.ActivityWelcome,minimalResumeActivityLocked]
03-14 04:52:45.707 954 1046 I am_uid_active: 10098
03-14 04:52:45.763 31401 31401 I auditd : type=1400 audit(0.0:10608): avc: denied { read } for comm="com.youku.phone" name="version" dev="proc" ino=4026532247 scontext=u:r:untrusted_app_29:s0:c98,c256,c512,c768 tcontext=u:object_r:proc_version:s0 tclass=file permissive=1 app=com.youku.phone
03-14 04:52:45.763 31401 31401 I auditd : type=1400 audit(0.0:10609): avc: denied { open } for comm="com.youku.phone" path="/proc/version" dev="proc" ino=4026532247 scontext=u:r:untrusted_app_29:s0:c98,c256,c512,c768 tcontext=u:object_r:proc_version:s0 tclass=file permissive=1 app=com.youku.phone
03-14 04:52:45.763 31401 31401 I auditd : type=1400 audit(0.0:10610): avc: denied { getattr } for comm="com.youku.phone" path="/proc/version" dev="proc" ino=4026532247 scontext=u:r:untrusted_app_29:s0:c98,c256,c512,c768 tcontext=u:object_r:proc_version:s0 tclass=file permissive=1 app=com.youku.phone
03-14 04:52:45.767 31401 31401 I auditd : type=1400 audit(0.0:10611): avc: denied { open } for comm="CrashSDKBkgdHan" path="/proc/uptime" dev="proc" ino=4026532246 scontext=u:r:untrusted_app_29:s0:c98,c256,c512,c768 tcontext=u:object_r:proc_uptime:s0 tclass=file permissive=1 app=com.youku.phone
03-14 04:52:45.767 31401 31401 I auditd : type=1400 audit(0.0:10612): avc: denied { getattr } for comm="CrashSDKBkgdHan" path="/proc/uptime" dev="proc" ino=4026532246 scontext=u:r:untrusted_app_29:s0:c98,c256,c512,c768 tcontext=u:object_r:proc_uptime:s0 tclass=file permissive=1 app=com.youku.phone
03-14 04:52:45.775 31401 31401 E ActivityThread: Failed to find provider info for null
03-14 04:52:45.775 31401 31401 E ActivityThread: Failed to find provider info for null
03-14 04:52:45.776 31401 31401 E ActivityThread: Failed to find provider info for null
01-01 09:07:39.001 0 0 W audit : audit_lost=10616 audit_rate_limit=5 audit_backlog_limit=64
01-01 09:07:39.001 0 0 E audit : rate limit exceeded
03-14 04:52:45.780 954 4509 W FreeFormWindowHelper: Current Display FreeFormTask is Task{d3f7fc4 #79 type=standard A=10098:com.youku.phone U=0 visible=true mode=freeform translucent=false sz=1}
03-14 04:52:45.931 31401 31401 I wm_on_create_called: [42946221,com.youku.phone.ActivityWelcome,performCreate]
03-14 04:52:45.931 31401 31401 I wm_on_start_called: [42946221,com.youku.phone.ActivityWelcome,handleStartActivity]
03-14 04:52:45.932 31401 31401 I wm_on_resume_called: [42946221,com.youku.phone.ActivityWelcome,RESUME_ACTIVITY]
03-14 04:52:45.932 954 4509 W WindowManager: Failed looking up window session=Session{85e3024 31401:u0a10098} callers=com.android.server.wm.WindowManagerService.windowForClientLocked:5628 com.android.server.wm.Session.insetsModified:629 android.view.IWindowSession$Stub.onTransact:1151
03-14 04:52:45.933 31401 31401 I wm_on_top_resumed_gained_called: [42946221,com.youku.phone.ActivityWelcome,topStateChangedWhenResumed]
03-14 04:52:45.942 954 2460 W WindowManager: updateScale : 0.79357797
03-14 04:52:45.942 954 2460 W WindowManager: updateScale : 0.79357797
03-14 04:52:45.943 954 1047 I input_focus: [Focus request e8aa153 com.youku.phone/com.youku.phone.ActivityWelcome,reason=UpdateInputWindows]
01-01 09:07:39.183 0 0 I binder : 31401:31433 ioctl 40046210 b727bd38 returned -22
03-14 04:52:45.970 954 1638 I input_focus: [Focus leaving fca4b77 com.android.launcher3/com.android.launcher3.uioverrides.QuickstepLauncher (server),reason=Waiting for window because NOT_VISIBLE]
03-14 04:52:45.995 954 4509 W WindowManager: updateScale : 0.79357797
03-14 04:52:45.995 954 4509 W WindowManager: updateScale : 0.79357797
03-14 04:52:46.004 954 1047 W WindowManager: updateScale : 0.79357797
03-14 04:52:46.004 954 1047 W WindowManager: updateScale : 0.79357797
03-14 04:52:46.005 954 12775 W WindowManager: updateScale : 0.79357797
03-14 04:52:46.005 954 12775 W WindowManager: updateScale : 0.79357797
03-14 04:52:46.007 954 12775 W WindowManager: updateScale : 0.79357797
03-14 04:52:46.007 954 12775 W WindowManager: updateScale : 0.79357797
03-14 04:52:46.009 954 12775 W WindowManager: updateScale : 0.79357797
03-14 04:52:46.009 954 12775 W WindowManager: updateScale : 0.79357797
03-14 04:52:46.011 954 1043 I sysui_multi_action: [319,399,322,398,325,3736,757,761,758,7,759,2,806,com.youku.phone,871,com.youku.phone.ActivityWelcome,904,com.android.launcher3,905,0,945,96,1320,4,1321,4]
03-14 04:52:46.011 954 1043 I wm_activity_launch_time: [0,42946221,com.youku.phone/.ActivityWelcome,398]
03-14 04:52:46.020 954 2460 W WindowManager: updateScale : 0.79357797
01-01 09:07:39.245 0 0 I logd : logdr: UID=1000 GID=1000 PID=31451 n tail=127 logMask=19 pid=0 start=0ns deadline=0ns
03-14 04:52:46.020 954 2460 W WindowManager: updateScale : 0.79357797
03-14 04:52:46.024 954 1638 I input_focus: [Focus entering e8aa153 com.youku.phone/com.youku.phone.ActivityWelcome (server),reason=Window became focusable. Previous reason: NOT_VISIBLE]
01-01 09:07:39.348 0 0 I logd : logdr: UID=1000 GID=1000 PID=31456 n tail=127 logMask=80 pid=0 start=0ns deadline=0ns
03-14 04:52:46.187 954 6613 W WindowManager: updateScale : 0.79357797
03-14 04:52:46.187 954 6613 W WindowManager: updateScale : 0.79357797
03-14 04:52:46.304 954 1046 I wm_destroy_activity: [0,265790938,76,com.tencent.mtt/.MainActivity,finish-imm:idle]
03-14 04:52:46.306 954 1047 W WindowManager: updateScale : 0.79357797
03-14 04:52:46.306 954 1047 W WindowManager: updateScale : 0.79357797
03-14 04:52:46.341 13864 13864 I wm_on_stop_called: [265790938,com.tencent.mtt.MainActivity,LIFECYCLER_STOP_ACTIVITY]
03-14 04:52:46.488 13864 13864 I wm_on_destroy_called: [265790938,com.tencent.mtt.MainActivity,performDestroy]
03-14 04:52:46.491 954 4806 W WindowManager: updateScale : 0.79357797
03-14 04:52:46.491 954 4806 W WindowManager: updateScale : 0.79357797
03-14 04:52:46.493 954 4806 I wm_task_removed: [76,removeChild:removeChild last r=ActivityRecord{fd7a5da u0 com.tencent.mtt/.MainActivity t-1 f}} in t=Task{e2dd6f7 #76 type=standard A=10101:com.tencent.mtt U=0 visible=false mode=freeform translucent=true sz=0}]
03-14 04:52:46.493 954 4806 I wm_task_removed: [76,removeChild]
01-01 09:07:40.358 0 0 E DTC_ETH,link_delay_work_func: 3003, SQI=0, link=0
03-14 04:52:47.363 954 1638 I input_interaction: Interaction with: e8aa153 com.youku.phone/com.youku.phone.ActivityWelcome (server), edge-swipe (server), swipe-up (server), PointerEventDispatcher0 (server),
03-14 04:52:47.510 954 4806 D CompatibilityChangeReporter: Compat change id reported: 149924527; UID 10098; state: ENABLED
03-14 04:52:47.511 954 4806 D CompatibilityChangeReporter: Compat change id reported: 132649864; UID 10098; state: DISABLED
03-14 04:52:47.519 31401 31401 I auditd : type=1400 audit(0.0:10617): avc: granted { nlmsg_readpriv } for comm=416C70686120546872656164202332 scontext=u:r:untrusted_app_29:s0:c98,c256,c512,c768 tcontext=u:r:untrusted_app_29:s0:c98,c256,c512,c768 tclass=netlink_route_socket app=com.youku.phone
03-14 04:52:47.519 31401 31401 I auditd : type=1400 audit(0.0:10618): avc: granted { nlmsg_readpriv } for comm=416C70686120546872656164202332 scontext=u:r:untrusted_app_29:s0:c98,c256,c512,c768 tcontext=u:r:untrusted_app_29:s0:c98,c256,c512,c768 tclass=netlink_route_socket app=com.youku.phone
03-14 04:52:47.572 954 4806 I thunderperf: PlatormCompat.setOverrides: Uid1=10098 Pid1=31401 Uid2=10098 Pid2=31401
03-14 04:52:47.572 954 4806 I thunderperf: PlatormCompat.setOverrides: needCheck:false
03-14 04:52:47.572 954 4806 I thunderperf: CompatConfig.addOverrideUnsafe: bef-state=0
03-14 04:52:47.572 954 4806 I thunderperf: CompatConfig.addOverrideUnsafe: aft-state=0
03-14 04:52:47.572 954 4806 W PackageManager: MATCH_ANY_USER flag requires INTERACT_ACROSS_USERS permission: UID 10098 requires android.permission.INTERACT_ACROSS_USERS_FULL or android.permission.INTERACT_ACROSS_USERS to access user 0.
03-14 04:52:47.573 954 4806 I ActivityTaskManager: START u0 {flg=0x20000 cmp=com.youku.phone/com.youku.v2.HomePageEntry} from uid 10098
03-14 04:52:47.575 954 4806 I wm_task_moved: [79,1,8]
03-14 04:52:47.575 954 4806 I wm_set_resumed_activity: [0,com.youku.phone/.ActivityWelcome,positionChildAt]
03-14 04:52:47.575 954 4806 I wm_create_activity: [0,180600074,79,com.youku.phone/com.youku.v2.HomePageEntry,NULL,NULL,NULL,131072]
03-14 04:52:47.576 954 4806 I wm_pause_activity: [0,42946221,com.youku.phone/.ActivityWelcome,userLeaving=true,resumeTopActivityInnerLocked]
03-14 04:52:47.576 954 4806 W WindowManager: updateScale : 0.79357797
03-14 04:52:47.576 954 4806 W WindowManager: updateScale : 0.79357797
03-14 04:52:47.575 31401 31401 I auditd : type=1400 audit(0.0:10619): avc: granted { nlmsg_readpriv } for comm="OST-Cpu-3" scontext=u:r:untrusted_app_29:s0:c98,c256,c512,c768 tcontext=u:r:untrusted_app_29:s0:c98,c256,c512,c768 tclass=netlink_route_socket app=com.youku.phone
03-14 04:52:47.579 31401 31401 I auditd : type=1400 audit(0.0:10620): avc: granted { nlmsg_readpriv } for comm="OST-Cpu-3" scontext=u:r:untrusted_app_29:s0:c98,c256,c512,c768 tcontext=u:r:untrusted_app_29:s0:c98,c256,c512,c768 tclass=netlink_route_socket app=com.youku.phone
03-14 04:52:47.586 954 4806 W WindowManager: updateScale : 0.79357797
03-14 04:52:47.586 954 4806 W WindowManager: updateScale : 0.79357797
03-14 04:52:47.588 954 1047 I input_focus: [Focus request df729a com.youku.phone/com.youku.phone.ActivityWelcome,reason=UpdateInputWindows]
03-14 04:52:47.594 31401 31401 I wm_on_top_resumed_lost_called: [42946221,com.youku.phone.ActivityWelcome,topStateChangedWhenResumed]
03-14 04:52:47.603 31401 31401 I wm_on_paused_called: [42946221,com.youku.phone.ActivityWelcome,performPause]
03-14 04:52:47.604 954 6613 I ActivityTaskManager: FOREGROUND_APPLICATION_CHANGED to com.youku.v2.HomePageEntry
03-14 04:52:47.604 954 6613 I ActivityTaskManager: The Process com.youku.phone Already Exists in BG. So sending its PID: 31401
03-14 04:52:47.604 954 6613 W ActivityTaskManager: Tried to set launchTime (0) < mLastActivityLaunchTime (3736396)
03-14 04:52:47.605 954 6613 I wm_restart_activity: [0,180600074,79,com.youku.phone/com.youku.v2.HomePageEntry]
03-14 04:52:47.606 954 6613 I wm_set_resumed_activity: [0,com.youku.phone/com.youku.v2.HomePageEntry,minimalResumeActivityLocked]
03-14 04:52:47.607 954 6613 W WindowManager: updateScale : 0.79357797
03-14 04:52:47.607 954 6613 W WindowManager: updateScale : 0.79357797
03-14 04:52:47.608 954 1046 I sysui_multi_action: [757,803,799,window_time_2,802,2]
03-14 04:52:47.611 954 1638 I input_focus: [Focus entering df729a com.youku.phone/com.youku.phone.ActivityWelcome (server),reason=setFocusedWindow]
03-14 04:52:47.623 31401 31401 I auditd : type=1400 audit(0.0:10621): avc: granted { execute } for comm="U4StartupTask_1" path="/data/user/0/com.youku.phone/app_cyclone/libdec7zmt-arm25977809.so" dev="dm-10" ino=13058 scontext=u:r:untrusted_app_29:s0:c98,c256,c512,c768 tcontext=u:object_r:app_data_file:s0:c98,c256,c512,c768 tclass=file app=com.youku.phone
03-14 04:52:47.653 954 4590 I am_uid_active: 10066
03-14 04:52:47.655 954 4590 D CompatibilityChangeReporter: Compat change id reported: 168419799; UID 10066; state: DISABLED
03-14 04:52:47.671 954 4590 D TelephonyRegistry: listen oscl: mHasNotifySubscriptionInfoChangedOccurred==false no callback
03-14 04:52:47.710 954 6613 W FreeFormWindowHelper: Current Display FreeFormTask is Task{d3f7fc4 #79 type=standard A=10098:com.youku.phone U=0 visible=true mode=freeform translucent=false sz=2}
03-14 04:52:47.718 954 1610 I commit_sys_config_file: [settings-3-0,4]
03-14 04:52:47.824 954 1047 W WindowManager: updateScale : 0.79357797
03-14 04:52:47.841 954 1047 W WindowManager: updateScale : 0.79357797
03-14 04:52:47.845 954 1685 I netstats_mobile_sample: [0,0,0,0,0,0,0,0,0,0,0,0,1678740767845]
03-14 04:52:47.845 954 1685 I netstats_wifi_sample: [105206615,143233,15609729,129585,105206615,143233,15609729,129585,86102829,93564,12189797,104061,1678740767845]
01-01 09:07:41.070 0 0 W audit : audit_lost=10620 audit_rate_limit=5 audit_backlog_limit=64
01-01 09:07:41.070 0 0 E audit : rate limit exceeded
03-14 04:52:48.006 954 1171 I commit_sys_config_file: [package-user-0,3]
03-14 04:52:48.010 954 1638 I input_interaction: Interaction with: df729a com.youku.phone/com.youku.phone.ActivityWelcome (server), edge-swipe (server), swipe-up (server), PointerEventDispatcher0 (server),
01-01 09:07:41.273 0 0 I logd : logdr: UID=10098 GID=10098 PID=31663 n tail=3000 logMask=d pid=0 start=0ns deadline=0ns
01-01 09:07:41.336 0 0 E HL6111R : is_dc_online: DC psy unavailable
01-01 09:07:41.339 0 0 I init : Untracked pid 31672 exited with status 0
03-14 04:52:48.143 31401 31637 E ActivityThread: Failed to find provider info for telephony
03-14 04:52:48.159 31401 31632 F libc : Fatal signal 7 (SIGBUS), code 1 (BUS_ADRALN), fault addr 0xab5f9302 in tid 31632 (NativeThread), pid 31401 (com.youku.phone)
01-01 09:07:41.384 0 0 I init : Untracked pid 31668 exited with status 0
01-01 09:07:41.384 0 0 I init : Untracked pid 31671 exited with status 0
01-01 09:07:41.384 0 0 I init : Untracked pid 31673 exited with status 1
01-01 09:07:41.384 0 0 I init : Untracked pid 31674 exited with status 0
01-01 09:07:41.384 0 0 I init : Untracked pid 31676 exited with status 0
03-14 04:52:48.300 954 5436 D PackageManager: Instant App installer not found with android.intent.action.INSTALL_INSTANT_APP_PACKAGE
03-14 04:52:48.300 954 5436 D PackageManager: Clear ephemeral installer activity
03-14 04:52:48.453 954 6613 D CompatibilityChangeReporter: Compat change id reported: 168419799; UID 10098; state: DISABLED
03-14 04:52:48.478 31401 31401 I wm_on_create_called: [180600074,com.youku.v2.HomePageEntry,performCreate]
03-14 04:52:48.482 31401 31401 I wm_on_start_called: [180600074,com.youku.v2.HomePageEntry,handleStartActivity]
03-14 04:52:48.490 31401 31401 I wm_on_resume_called: [180600074,com.youku.v2.HomePageEntry,RESUME_ACTIVITY]
03-14 04:52:48.510 954 5436 E WindowManager: startPositioningLocked: Unable to transfer touch focus
03-14 04:52:48.528 31401 31401 I wm_on_top_resumed_gained_called: [180600074,com.youku.v2.HomePageEntry,topStateChangedWhenResumed]
03-14 04:52:48.536 954 5436 W ActivityManager: Unable to start service Intent { act=com.ali.user.ucc.laxin pkg=com.taobao.taobao } U=0: not found
01-01 09:07:41.744 0 0 E [wifi@1][0x10b9b4fa56][04:52:48.519354] wlan: [925:E:QDF] cds_flush_logs: 2424: Bug report already in progress - dropping! type:0, indicator=1 reason_code=0
01-01 09:07:41.761 0 0 E [wifi@1][0x10b9b9db10][04:52:48.536004] wlan: [925:E:HDD] __wlan_hdd_cfg80211_wifi_logger_get_ring_data: 9840: Failed to trigger bug report
03-14 04:52:48.554 954 2468 W WindowManager: updateScale : 0.79357797
03-14 04:52:48.554 954 2468 W WindowManager: updateScale : 0.79357797
03-14 04:52:48.555 954 1047 I input_focus: [Focus request f37b9e8 com.youku.phone/com.youku.v2.HomePageEntry,reason=UpdateInputWindows]
03-14 04:52:48.559 954 1047 W WindowManager: updateScale : 0.79357797
03-14 04:52:48.560 954 1047 W WindowManager: updateScale : 0.79357797
03-14 04:52:48.567 31401 31401 I auditd : type=1400 audit(0.0:10650): avc: denied { read } for comm=474C54687265616420333033 name="devfreq" dev="sysfs" ino=46744 scontext=u:r:untrusted_app_29:s0:c98,c256,c512,c768 tcontext=u:object_r:vendor_sysfs_devfreq:s0 tclass=dir permissive=1 app=com.youku.phone
03-14 04:52:48.567 31401 31401 I auditd : type=1400 audit(0.0:10651): avc: denied { open } for comm=474C54687265616420333033 path="/sys/class/devfreq" dev="sysfs" ino=46744 scontext=u:r:untrusted_app_29:s0:c98,c256,c512,c768 tcontext=u:object_r:vendor_sysfs_devfreq:s0 tclass=dir permissive=1 app=com.youku.phone
03-14 04:52:48.567 31401 31401 I auditd : type=1400 audit(0.0:10652): avc: denied { search } for comm=474C54687265616420333033 name="devfreq" dev="sysfs" ino=46744 scontext=u:r:untrusted_app_29:s0:c98,c256,c512,c768 tcontext=u:object_r:vendor_sysfs_devfreq:s0 tclass=dir permissive=1 app=com.youku.phone
03-14 04:52:48.567 31401 31401 I auditd : type=1400 audit(0.0:10653): avc: denied { read } for comm=474C54687265616420333033 name="max_freq" dev="sysfs" ino=66715 scontext=u:r:untrusted_app_29:s0:c98,c256,c512,c768 tcontext=u:object_r:vendor_sysfs_kgsl:s0 tclass=file permissive=1 app=com.youku.phone
03-14 04:52:48.567 31401 31401 I auditd : type=1400 audit(0.0:10654): avc: denied { open } for comm=474C54687265616420333033 path="/sys/devices/platform/soc/3d00000.qcom,kgsl-3d0/devfreq/3d00000.qcom,kgsl-3d0/max_freq" dev="sysfs" ino=66715 scontext=u:r:untrusted_app_29:s0:c98,c256,c512,c768 tcontext=u:object_r:vendor_sysfs_kgsl:s0 tclass=file permissive=1 app=com.youku.phone
01-01 09:07:41.797 0 0 I logd : logdr: UID=1000 GID=1000 PID=31752 n tail=127 logMask=19 pid=0 start=0ns deadline=0ns
03-14 04:52:48.578 954 1638 I input_focus: [Focus leaving df729a com.youku.phone/com.youku.phone.ActivityWelcome (server),reason=Waiting for window because NOT_VISIBLE]
03-14 04:52:48.598 954 1047 W WindowManager: updateScale : 0.79357797
03-14 04:52:48.598 954 1047 W WindowManager: updateScale : 0.79357797
03-14 04:52:48.600 954 1043 I wm_activity_launch_time: [0,180600074,com.youku.phone/com.youku.v2.HomePageEntry,1026]
03-14 04:52:48.600 954 1047 W WindowManager: updateScale : 0.79357797
03-14 04:52:48.600 954 1047 W WindowManager: updateScale : 0.79357797
03-14 04:52:48.612 954 1638 I input_focus: [Focus entering f37b9e8 com.youku.phone/com.youku.v2.HomePageEntry (server),reason=Window became focusable. Previous reason: NOT_VISIBLE]
01-01 09:07:41.904 0 0 I logd : logdr: UID=1000 GID=1000 PID=31764 n tail=127 logMask=80 pid=0 start=0ns deadline=0ns
03-14 04:52:48.769 954 2467 W WindowManager: updateScale : 0.79357797
03-14 04:52:48.769 954 2467 W WindowManager: updateScale : 0.79357797
03-14 04:52:48.770 954 2467 W WindowManager: updateScale : 0.79357797
03-14 04:52:48.770 954 2467 W WindowManager: updateScale : 0.79357797
01-01 09:07:42.028 0 0 I logd : logdr: UID=10098 GID=10098 PID=31697 n tail=0 logMask=8 pid=31401 start=0ns deadline=0ns
03-14 04:52:48.807 954 2467 W WindowManager: updateScale : 0.79357797
03-14 04:52:48.807 954 2467 W WindowManager: updateScale : 0.79357797
01-01 09:07:42.037 0 0 I logd : logdr: UID=10098 GID=10098 PID=31697 n tail=0 logMask=1 pid=31401 start=0ns deadline=0ns
03-14 04:52:48.825 31697 31697 F DEBUG : *** *** *** *** *** *** *** *** *** *** *** *** *** *** *** ***
03-14 04:52:48.825 31697 31697 F DEBUG : Build fingerprint: 'TC/figure_CN/figure:12/SKQ1.220201.001/2464:user/test-keys'
03-14 04:52:48.825 31697 31697 F DEBUG : Revision: '0'
03-14 04:52:48.825 31697 31697 F DEBUG : ABI: 'arm'
03-14 04:52:48.825 31697 31697 F DEBUG : Timestamp: 2023-03-14 04:52:48.249754419+0800
03-14 04:52:48.825 31697 31697 F DEBUG : Process uptime: 0s
03-14 04:52:48.825 31697 31697 F DEBUG : Cmdline: com.youku.phone
03-14 04:52:48.825 31697 31697 F DEBUG : pid: 31401, tid: 31632, name: NativeThread >>> com.youku.phone <<<
03-14 04:52:48.825 31697 31697 F DEBUG : uid: 10098
03-14 04:52:48.825 31697 31697 F DEBUG : signal 7 (SIGBUS), code 1 (BUS_ADRALN), fault addr 0xab5f9302
03-14 04:52:48.825 31697 31697 F DEBUG : r0 ab0b1ea0 r1 ab5f9302 r2 00000000 r3 00000000
03-14 04:52:48.825 31697 31697 F DEBUG : r4 ab0b1ea0 r5 00000031 r6 ab0b1ec0 r7 ab0b1f00
03-14 04:52:48.825 31697 31697 F DEBUG : r8 00000000 r9 ebacac40 r10 00000000 r11 00000000
03-14 04:52:48.825 31697 31697 F DEBUG : ip eaafa1d0 sp ab0b1e78 lr e93bcca7 pc e699f65a
03-14 04:52:48.825 31697 31697 F DEBUG : backtrace:
03-14 04:52:48.825 31697 31697 F DEBUG : #00 pc 0001465a /system/lib/libmediadrm.so (android::DrmHal::createPlugin(unsigned char const*, android::String8 const&)+810) (BuildId: a09142dabde5c71f42cad8e0554d4644)
03-14 04:52:48.825 31697 31697 F DEBUG : #01 pc 00011e3d /system/lib/libmediandk.so (AMediaDrm_createByUUID+808) (BuildId: 61b96ce3f03e71f3fb954f85fb05b3e5)
03-14 04:52:48.825 31697 31697 F DEBUG : #02 pc 0009b54f /data/app/~~baUxgMHIYKn7_X648yXuOA==/com.youku.phone-uDneQB3yG46gb-imm0WiLw==/lib/arm/libsgmainso-6.5.15274894.so
03-14 04:52:48.825 31697 31697 F DEBUG : #03 pc 000a4e00 /data/app/~~baUxgMHIYKn7_X648yXuOA==/com.youku.phone-uDneQB3yG46gb-imm0WiLw==/lib/arm/libsgmainso-6.5.15274894.so
03-14 04:52:48.861 954 31810 I am_crash: [954,0,com.youku.phone,951598660,Native crash,Bus error,unknown,0]
03-14 04:52:48.866 954 31811 I DropBoxManagerService: add tag=data_app_native_crash isTagEnabled=true flags=0x2
03-14 04:52:48.867 954 31810 W ActivityTaskManager: Force finishing activity com.youku.phone/com.youku.v2.HomePageEntry
03-14 04:52:48.867 954 31810 I wm_finish_activity: [0,180600074,79,com.youku.phone/com.youku.v2.HomePageEntry,force-crash]
03-14 04:52:48.873 954 1601 I BootReceiver: Copying /data/tombstones/tombstone_02 to DropBox (SYSTEM_TOMBSTONE)
01-01 09:07:42.100 0 0 I init : Untracked pid 31697 exited with status 0
03-14 04:52:48.873 954 1601 I DropBoxManagerService: add tag=SYSTEM_TOMBSTONE isTagEnabled=true flags=0x6
03-14 04:52:48.878 954 1601 I dropbox_file_copy: [/data/tombstones/tombstone_02,98304,SYSTEM_TOMBSTONE]
03-14 04:52:48.880 954 1601 I commit_sys_config_file: [log-files,3702466]
03-14 04:52:48.882 954 1601 I DropBoxManagerService: add tag=SYSTEM_TOMBSTONE_PROTO isTagEnabled=true flags=0x4
01-01 09:07:42.113 0 0 I init : Untracked pid 31710 exited with status 0
01-01 09:07:42.114 0 0 I init : Untracked pid 31663 exited with status 0
01-01 09:07:42.114 0 0 I init : Untracked pid 31678 exited with status 0
03-14 04:52:48.889 954 31810 I wm_pause_activity: [0,180600074,com.youku.phone/com.youku.v2.HomePageEntry,userLeaving=false,finish]
03-14 04:52:48.893 954 31810 W ActivityTaskManager: Force finishing activity com.youku.phone/.ActivityWelcome
03-14 04:52:48.893 954 31810 I wm_finish_activity: [0,42946221,79,com.youku.phone/.ActivityWelcome,force-crash]
03-14 04:52:48.893 954 31810 I wm_task_moved: [1,1,8]
03-14 04:52:48.895 954 31810 I wm_set_resumed_activity: [0,com.android.launcher3/.uioverrides.QuickstepLauncher,positionChildAt]
03-14 04:52:48.895 954 31810 I wm_task_moved: [12,1,2147483647]
03-14 04:52:48.895 954 31810 I wm_task_to_front: [0,12]
03-14 04:52:48.895 954 31810 I wm_focused_root_task: [0,0,1,-1,finish-top adjustFocusToNextFocusableTask]
03-14 04:52:48.895 954 31810 I wm_set_resumed_activity: [0,com.android.launcher3/.uioverrides.QuickstepLauncher,finish-top]
03-14 04:52:48.897 954 31810 I ActivityTaskManager: FOREGROUND_APPLICATION_CHANGED to com.android.launcher3.uioverrides.QuickstepLauncher
03-14 04:52:48.897 954 31810 I wm_destroy_activity: [0,42946221,79,com.youku.phone/.ActivityWelcome,finish-imm:finishIfPossible]
03-14 04:52:48.903 954 1601 I commit_sys_config_file: [log-files,3702489]
03-14 04:52:48.907 954 1047 I input_focus: [Focus request fca4b77 com.android.launcher3/com.android.launcher3.uioverrides.QuickstepLauncher,reason=UpdateInputWindows]
03-14 04:52:48.908 954 31810 I sysui_multi_action: [757,316,758,4,759,-1]
03-14 04:52:48.914 954 1638 I input_focus: [Focus leaving f37b9e8 com.youku.phone/com.youku.v2.HomePageEntry (server),reason=NOT_VISIBLE]
01-01 09:07:42.142 0 0 I binder : undelivered transaction 1485648, process died.
01-01 09:07:42.142 0 0 I binder : undelivered transaction 1485650, process died.
01-01 09:07:42.142 0 0 I binder : undelivered transaction 1485595, process died.
01-01 09:07:42.142 0 0 I binder : undelivered transaction 1485623, process died.
01-01 09:07:42.142 0 0 I binder : undelivered transaction 1485624, process died.
01-01 09:07:42.143 0 0 I binder : undelivered transaction 1485644, process died.
01-01 09:07:42.143 0 0 I binder : undelivered transaction 1485645, process died.
01-01 09:07:42.143 0 0 I binder : undelivered transaction 1485709, process died.
01-01 09:07:42.143 0 0 I binder : undelivered transaction 1485587, process died.
01-01 09:07:42.143 0 0 I binder : undelivered transaction 1485594, process died.
01-01 09:07:42.149 0 0 I init : Untracked pid 31748 received signal 9
03-14 04:52:48.918 954 10386 I ActivityManager: Process com.youku.phone (pid 31401) has died: fg TOP
03-14 04:52:48.918 954 10386 I am_proc_died: [0,31401,com.youku.phone,0,2]
03-14 04:52:48.918 954 23231 I WindowManager: WIN DEATH: Window{f37b9e8 u0 com.youku.phone/com.youku.v2.HomePageEntry}
03-14 04:52:48.922 954 5679 I WindowManager: WIN DEATH: Window{df729a u0 com.youku.phone/com.youku.phone.ActivityWelcome}
03-14 04:52:48.925 954 10386 I am_uid_stopped: 10098
03-14 04:52:48.925 954 10386 I wm_task_removed: [79,removeChild:removeChild last r=ActivityRecord{ac3bd0a u0 com.youku.phone/com.youku.v2.HomePageEntry t-1 f}} in t=Task{d3f7fc4 #79 type=standard A=10098:com.youku.phone U=0 visible=false mode=freeform translucent=true sz=0}]
03-14 04:52:48.925 954 10386 I wm_task_removed: [79,removeChild]
03-14 04:52:48.926 954 10386 D FreeFormWindowHelper: Remove freefrom task=Task{d3f7fc4 #79 type=standard A=10098:com.youku.phone U=0 visible=false mode=freeform translucent=true sz=0}
03-14 04:52:48.927 954 1046 W ActivityManager: setHasOverlayUi called on unknown pid: 31401
03-14 04:52:48.932 954 1638 I input_focus: [Focus entering fca4b77 com.android.launcher3/com.android.launcher3.uioverrides.QuickstepLauncher (server),reason=setFocusedWindow]
03-14 04:52:49.001 954 1638 I input_interaction: Interaction with: fca4b77 com.android.launcher3/com.android.launcher3.uioverrides.QuickstepLauncher (server), 45b849f com.android.systemui.ImageWallpaper (server), edge-swipe (server), swipe-up (server), PointerEventDispatcher0 (server),
03-14 04:52:49.310 954 1043 D CompanionDeviceManagerService: onPackageModified(packageName = com.youku.phone)
03-14 04:52:49.316 954 1613 D CompatibilityChangeReporter: Compat change id reported: 168419799; UID 10090; state: DISABLED
03-14 04:52:49.319 954 954 I Telecom : DefaultDialerCache: Refreshing default dialer for user 0: now null: DDC.oR@ADo
03-14 04:52:49.348 954 1064 W VoiceInteractionManager: no available voice recognition services found for user 0
01-01 09:07:42.606 0 0 E msm_pcm_playback_close: CMD_EOS failed, cmd_pending 0x8
03-14 04:52:49.389 954 1046 W ActivityTaskManager: Activity top resumed state loss timeout for ActivityRecord{ac3bd0a u0 com.youku.phone/com.youku.v2.HomePageEntry t-1 f}}
03-14 04:52:49.390 2598 2598 I wm_on_top_resumed_gained_called: [194529402,com.android.launcher3.uioverrides.QuickstepLauncher,topStateChangedWhenResumed]
01-01 09:07:42.618 0 0 I afe_close: port_id = 0x9000
01-01 09:07:42.638 0 0 I afe_find_cal_topo_id_by_port: port id: 0x9000, dev_acdb_id: 0
01-01 09:07:42.638 0 0 I afe_find_cal_topo_id_by_port: top_id:112fc acdb_id:15 afe_port:0x9000
01-01 09:07:42.638 0 0 I afe_get_cal_topology_id: port_id = 0x9000 acdb_id = 15 topology_id = 0x112fc cal_type_index=8 ret=0
01-01 09:07:42.638 0 0 I afe_send_port_topology_id: AFE set topology id 0x112fc enable for port 0x9000 ret 0
01-01 09:07:42.638 0 0 I send_afe_cal_type: cal_index is 0
01-01 09:07:42.638 0 0 I send_afe_cal_type: dev_acdb_id[55] is 0
01-01 09:07:42.638 0 0 I send_afe_cal_type: Sending cal_index cal 0
01-01 09:07:42.638 0 0 E send_afe_cal_type: No cal sent for cal_index 0, port_id = 0x9000! ret -22
01-01 09:07:42.646 0 0 I afe_send_hw_delay: port_id 0x9000 rate 48000 delay_usec 474 status 0
01-01 09:07:42.728 0 0 W audit : audit_lost=10691 audit_rate_limit=5 audit_backlog_limit=64
01-01 09:07:42.728 0 0 E audit : rate limit exceeded
03-14 04:52:49.687 954 2964 E TaskPersister: File error accessing recents directory (directory doesn't exist?).
01-01 09:07:43.893 0 0 W perfetto: disabled ftrace
03-14 04:52:50.825 1271 31396 I iorapd : Perfetto TraceBuffer saved to file: /data/misc/iorapd/com.youku.phone/461/com.youku.phone.ActivityWelcome/raw_traces/1678740770819955095.perfetto_trace.pb
01-01 09:07:44.093 0 0 I logd : logdr: UID=1000 GID=1000 PID=31833 n tail=127 logMask=19 pid=0 start=0ns deadline=0ns
01-01 09:07:44.202 0 0 I logd : logdr: UID=1000 GID=1000 PID=31835 n tail=127 logMask=80 pid=0 start=0ns deadline=0ns
03-14 04:52:51.360 954 1064 I commit_sys_config_file: [sync-status,1019773]
01-01 09:07:44.617 0 0 I binder : 954:1612 ioctl 400c620e 7af8e5c5d8 returned -22
03-14 04:52:51.392 954 1612 D ActivityManager: freezing 10662 com.sohu.sohuvideo:sync
03-14 04:52:51.392 954 1612 E ActivityManager: Unable to freeze binder for 10662 com.sohu.sohuvideo:sync
01-01 09:07:44.619 0 0 I binder : 954:1612 ioctl c00c620f 7af8e5c5b8 returned -22
03-14 04:52:51.394 954 1612 D ActivityManager: froze 10662 com.sohu.sohuvideo:sync
03-14 04:52:51.394 954 1612 I am_freeze: [10662,com.sohu.sohuvideo:sync]
03-14 04:52:51.394 954 1612 E ActivityManager: Unable to freeze binder for 10662 com.sohu.sohuvideo:sync
03-14 04:52:51.396 954 1612 I ActivityManager: Killing 10662:com.sohu.sohuvideo:sync/u0a94 (adj 975): Unable to freeze binder interface
03-14 04:52:51.396 954 1612 I am_kill : [0,10662,com.sohu.sohuvideo:sync,975,Unable to freeze binder interface]
03-14 04:52:51.422 954 14421 I am_proc_died: [0,10662,com.sohu.sohuvideo:sync,975,19]
03-14 04:52:51.433 954 1064 I am_pss : [29159,10022,com.sohu.inputmethod.sogou.car,17248256,11423744,48128,110710784,0,19,6]
03-14 04:52:51.440 954 1064 I am_pss : [29271,10093,com.qiyi.video:QS,18725888,7561216,49152,118149120,0,10,6]
03-14 04:52:51.455 954 14421 I thunderperf: PlatormCompat.setOverrides: Uid1=10074 Pid1=2598 Uid2=10074 Pid2=2598
03-14 04:52:51.455 954 14421 I thunderperf: PlatormCompat.setOverrides: needCheck:false
03-14 04:52:51.456 954 14421 I thunderperf: CompatConfig.addOverrideUnsafe: bef-state=0
03-14 04:52:51.456 954 14421 I thunderperf: CompatConfig.addOverrideUnsafe: aft-state=0
03-14 04:52:51.456 954 14421 I thunderperf: CompatConfig.addOverrideUnsafe: bef-state=0
03-14 04:52:51.456 954 14421 I thunderperf: CompatConfig.addOverrideUnsafe: aft-state=0
03-14 04:52:51.457 954 14421 I thunderperf: CompatConfig.addOverrideUnsafe: bef-state=0
03-14 04:52:51.457 954 14421 I thunderperf: CompatConfig.addOverrideUnsafe: aft-state=0
03-14 04:52:51.457 954 14421 I thunderperf: CompatConfig.addOverrideUnsafe: bef-state=0
03-14 04:52:51.457 954 14421 I thunderperf: CompatConfig.addOverrideUnsafe: aft-state=0
03-14 04:52:51.458 954 14421 I thunderperf: CompatConfig.addOverrideUnsafe: bef-state=0
03-14 04:52:51.458 954 14421 I thunderperf: CompatConfig.addOverrideUnsafe: aft-state=0
03-14 04:52:51.458 954 14421 I thunderperf: CompatConfig.addOverrideUnsafe: bef-state=0
03-14 04:52:51.458 954 14421 I thunderperf: CompatConfig.addOverrideUnsafe: aft-state=0
