03-14 04:49:32.663 954 2640 I ActivityTaskManager: START u0 {act=android.intent.action.MAIN cat=[android.intent.category.LAUNCHER] flg=0x10200000 cmp=com.microsoft.emmx/com.microsoft.ruby.Main} from uid 10074
03-14 04:49:32.665 954 2640 I wm_task_moved: [62,1,7]
03-14 04:49:32.665 954 2640 I wm_task_to_front: [0,62]
03-14 04:49:32.665 954 2640 I wm_focused_root_task: [0,0,62,1,bringingFoundTaskToFront]
03-14 04:49:32.666 954 2640 I wm_set_resumed_activity: [0,com.microsoft.emmx/com.microsoft.ruby.Main,bringingFoundTaskToFront]
03-14 04:49:32.667 954 2640 D CompatibilityChangeReporter: Compat change id reported: 174042980; UID 10033; state: DISABLED
03-14 04:49:32.667 954 2640 D CompatibilityChangeReporter: Compat change id reported: 184838306; UID 10033; state: DISABLED
03-14 04:49:32.668 954 2640 D CompatibilityChangeReporter: Compat change id reported: 185004937; UID 10033; state: DISABLED
03-14 04:49:32.668 954 2640 D CompatibilityChangeReporter: Compat change id reported: 181136395; UID 10033; state: DISABLED
03-14 04:49:32.669 954 2640 D CompatibilityChangeReporter: Compat change id reported: 174042936; UID 10033; state: DISABLED
03-14 04:49:32.671 954 2640 D FreeFormWindowHelper: Add freeform task=Task{2f5c0f4 #62 type=standard A=10033:com.microsoft.emmx U=0 visible=true mode=freeform translucent=true sz=1}
03-14 04:49:32.671 954 2640 I ActivityTaskManager: clear resize flag in freeform mode
03-14 04:49:32.672 954 2640 I ActivityTaskManager: FOREGROUND_APPLICATION_CHANGED to org.chromium.chrome.browser.ChromeTabbedActivity
03-14 04:49:32.672 954 2640 I wm_set_resumed_activity: [0,com.microsoft.emmx/com.microsoft.ruby.Main,resumeTopActivityInnerLocked]
03-14 04:49:32.673 954 2640 I wm_resume_activity: [0,187295290,62,com.microsoft.emmx/com.microsoft.ruby.Main]
03-14 04:49:32.675 954 2640 I wm_new_intent: [0,187295290,62,com.microsoft.emmx/com.microsoft.ruby.Main,android.intent.action.MAIN,NULL,NULL,270532608]
03-14 04:49:32.680 954 2640 D CompatibilityChangeReporter: Compat change id reported: 168419799; UID 10033; state: DISABLED
03-14 04:49:32.688 2598 2598 I wm_on_top_resumed_lost_called: [194529402,com.android.launcher3.uioverrides.QuickstepLauncher,topStateChangedWhenResumed]
03-14 04:49:32.718 6630 6630 I wm_on_restart_called: [187295290,com.microsoft.ruby.Main,performRestartActivity]
03-14 04:49:32.730 6630 6630 I wm_on_start_called: [187295290,com.microsoft.ruby.Main,handleStartActivity]
03-14 04:49:32.744 6630 6630 I wm_on_resume_called: [187295290,com.microsoft.ruby.Main,RESUME_ACTIVITY]
03-14 04:49:32.761 6630 6630 I wm_on_paused_called: [187295290,com.microsoft.ruby.Main,performPause]
03-14 04:49:32.776 6630 6630 I wm_on_resume_called: [187295290,com.microsoft.ruby.Main,LIFECYCLER_RESUME_ACTIVITY]
03-14 04:49:32.782 954 2467 W WindowManager: updateScale : 0.79357797
03-14 04:49:32.785 954 1047 I input_focus: [Focus request 6f1a2b6 com.microsoft.emmx/com.microsoft.ruby.Main,reason=UpdateInputWindows]
03-14 04:49:32.802 6630 6630 I wm_on_top_resumed_gained_called: [187295290,com.microsoft.ruby.Main,topStateChangedWhenResumed]
03-14 04:49:32.807 954 1638 I input_focus: [Focus leaving fca4b77 com.android.launcher3/com.android.launcher3.uioverrides.QuickstepLauncher (server),reason=Waiting for window because NOT_VISIBLE]
03-14 04:49:32.831 954 1047 W WindowManager: updateScale : 0.79357797
03-14 04:49:32.833 954 1047 W WindowManager: updateScale : 0.79357797
03-14 04:49:32.834 954 1047 W WindowManager: updateScale : 0.79357797
03-14 04:49:32.840 954 1638 I input_focus: [Focus entering 6f1a2b6 com.microsoft.emmx/com.microsoft.ruby.Main (server),reason=Window became focusable. Previous reason: NOT_VISIBLE]
03-14 04:49:32.845 954 1043 I sysui_multi_action: [319,170,322,169,325,3543,757,761,758,9,759,2,806,com.microsoft.emmx,871,com.microsoft.ruby.Main,904,com.android.launcher3,905,0,1320,4,1321,2]
03-14 04:49:33.109 954 1047 W WindowManager: updateScale : 0.79357797
03-14 04:49:33.976 954 1638 I input_interaction: Interaction with: 6f1a2b6 com.microsoft.emmx/com.microsoft.ruby.Main (server), edge-swipe (server), swipe-up (server), PointerEventDispatcher0 (server),
03-14 04:49:34.150 954 1048 I ActivityTaskManager: clear resize flag in freeform mode
03-14 04:49:34.150 954 1048 W WindowManager: updateScale : 0.72782874
03-14 04:49:34.151 954 1048 W WindowManager: updateScale : 0.72782874
03-14 04:49:34.163 954 1048 I ActivityTaskManager: clear resize flag in freeform mode
03-14 04:49:34.163 954 1048 W WindowManager: updateScale : 0.675841
03-14 04:49:34.179 954 1048 I ActivityTaskManager: clear resize flag in freeform mode
03-14 04:49:34.179 954 1048 W WindowManager: updateScale : 0.6284404
03-14 04:49:34.182 954 2467 W WindowManager: updateScale : 0.6284404
03-14 04:49:34.195 954 1048 I ActivityTaskManager: clear resize flag in freeform mode
03-14 04:49:34.196 954 1048 W WindowManager: updateScale : 0.5902141
03-14 04:49:34.212 954 1048 I ActivityTaskManager: clear resize flag in freeform mode
03-14 04:49:34.212 954 1048 W WindowManager: updateScale : 0.559633
03-14 04:49:34.227 954 2467 W WindowManager: updateScale : 0.559633
03-14 04:49:34.229 954 1048 I ActivityTaskManager: clear resize flag in freeform mode
03-14 04:49:34.229 954 1048 W WindowManager: updateScale : 0.5351682
03-14 04:49:34.245 954 1048 I ActivityTaskManager: clear resize flag in freeform mode
03-14 04:49:34.245 954 1048 W WindowManager: updateScale : 0.5152905
03-14 04:49:34.262 954 1048 I ActivityTaskManager: clear resize flag in freeform mode
03-14 04:49:34.262 954 1048 W WindowManager: updateScale : 0.5
03-14 04:49:34.264 954 2640 W WindowManager: updateScale : 0.5
03-14 04:49:34.278 954 1048 I ActivityTaskManager: clear resize flag in freeform mode
03-14 04:49:34.279 954 1048 W WindowManager: updateScale : 0.48776758
03-14 04:49:34.295 954 1048 I ActivityTaskManager: clear resize flag in freeform mode
03-14 04:49:34.295 954 1048 W WindowManager: updateScale : 0.47859326
03-14 04:49:34.312 954 1048 I ActivityTaskManager: clear resize flag in freeform mode
03-14 04:49:34.312 954 1048 W WindowManager: updateScale : 0.470948
03-14 04:49:34.329 954 1048 I ActivityTaskManager: clear resize flag in freeform mode
03-14 04:49:34.329 954 1048 W WindowManager: updateScale : 0.46636087
03-14 04:49:34.346 954 1048 I ActivityTaskManager: clear resize flag in freeform mode
03-14 04:49:34.347 954 1048 W WindowManager: updateScale : 0.4617737
03-14 04:49:34.363 954 1048 I ActivityTaskManager: clear resize flag in freeform mode
03-14 04:49:34.363 954 1048 W WindowManager: updateScale : 0.46024466
03-14 04:49:34.373 954 2467 W WindowManager: updateScale : 0.46024466
03-14 04:49:34.379 954 1048 I ActivityTaskManager: clear resize flag in freeform mode
03-14 04:49:34.379 954 1048 W WindowManager: updateScale : 0.4587156
03-14 04:49:34.392 954 2640 W WindowManager: updateScale : 0.4587156
03-14 04:49:34.395 954 1048 I ActivityTaskManager: clear resize flag in freeform mode
03-14 04:49:34.396 954 1048 W WindowManager: updateScale : 0.45718655
03-14 04:49:34.407 954 2467 W WindowManager: updateScale : 0.45718655
03-14 04:49:34.412 954 1048 I ActivityTaskManager: clear resize flag in freeform mode
03-14 04:49:34.412 954 1048 W WindowManager: updateScale : 0.45565748
03-14 04:49:34.425 954 2640 W WindowManager: updateScale : 0.45565748
03-14 04:49:34.429 954 1048 I ActivityTaskManager: clear resize flag in freeform mode
03-14 04:49:34.429 954 1048 W WindowManager: updateScale : 0.45565748
03-14 04:49:34.440 954 2640 W WindowManager: updateScale : 0.45565748
03-14 04:49:34.457 954 2640 W WindowManager: updateScale : 0.45565748
03-14 04:49:34.814 6630 6630 I view_enqueue_input_event: [Motion - Cancel,com.microsoft.emmx/com.microsoft.ruby.Main]
03-14 04:49:34.825 954 1638 I input_interaction: Interaction with: WindowManager (server), edge-swipe (server), swipe-up (server), PointerEventDispatcher0 (server),
03-14 04:49:34.830 954 1047 I ActivityTaskManager: clear resize flag in freeform mode
03-14 04:49:34.830 954 1047 W WindowManager: updateScale : 0.45565748
03-14 04:49:34.846 954 1047 I ActivityTaskManager: clear resize flag in freeform mode
03-14 04:49:34.846 954 1047 W WindowManager: updateScale : 0.45565748
03-14 04:49:34.863 954 1047 I ActivityTaskManager: clear resize flag in freeform mode
03-14 04:49:34.863 954 1047 W WindowManager: updateScale : 0.45565748
03-14 04:49:34.880 954 1047 I ActivityTaskManager: clear resize flag in freeform mode
03-14 04:49:34.880 954 1047 W WindowManager: updateScale : 0.45565748
03-14 04:49:34.896 954 1047 I ActivityTaskManager: clear resize flag in freeform mode
03-14 04:49:34.897 954 1047 W WindowManager: updateScale : 0.45565748
03-14 04:49:34.913 954 1047 I ActivityTaskManager: clear resize flag in freeform mode
03-14 04:49:34.913 954 1047 W WindowManager: updateScale : 0.45565748
03-14 04:49:34.915 954 2640 W WindowManager: updateScale : 0.45565748
03-14 04:49:34.930 954 1047 I ActivityTaskManager: clear resize flag in freeform mode
03-14 04:49:34.930 954 1047 W WindowManager: updateScale : 0.45565748
03-14 04:49:34.939 954 2640 W WindowManager: updateScale : 0.45565748
03-14 04:49:34.946 954 1047 I ActivityTaskManager: clear resize flag in freeform mode
03-14 04:49:34.946 954 1047 W WindowManager: updateScale : 0.45565748
03-14 04:49:34.963 954 1047 I ActivityTaskManager: clear resize flag in freeform mode
03-14 04:49:34.963 954 1047 W WindowManager: updateScale : 0.45565748
03-14 04:49:34.979 954 1047 I ActivityTaskManager: clear resize flag in freeform mode
03-14 04:49:34.980 954 1047 W WindowManager: updateScale : 0.45565748
03-14 04:49:34.996 954 1047 I ActivityTaskManager: clear resize flag in freeform mode
03-14 04:49:34.997 954 1047 W WindowManager: updateScale : 0.45565748
03-14 04:49:35.013 954 1047 I ActivityTaskManager: clear resize flag in freeform mode
03-14 04:49:35.013 954 1047 W WindowManager: updateScale : 0.45565748
03-14 04:49:35.030 954 1047 I ActivityTaskManager: clear resize flag in freeform mode
03-14 04:49:35.030 954 1047 W WindowManager: updateScale : 0.45565748
03-14 04:49:35.046 954 1047 I ActivityTaskManager: clear resize flag in freeform mode
03-14 04:49:35.047 954 1047 W WindowManager: updateScale : 0.45565748
03-14 04:49:35.063 954 1047 I ActivityTaskManager: clear resize flag in freeform mode
03-14 04:49:35.064 954 1047 W WindowManager: updateScale : 0.45565748
03-14 04:49:35.080 954 1047 I ActivityTaskManager: clear resize flag in freeform mode
03-14 04:49:35.080 954 1047 W WindowManager: updateScale : 0.45565748
03-14 04:49:35.097 954 1047 I ActivityTaskManager: clear resize flag in freeform mode
03-14 04:49:35.097 954 1047 W WindowManager: updateScale : 0.45565748
03-14 04:49:35.142 954 1047 D WindowManager: updateWindowDragBounds: mIsSwipeYtrue
03-14 04:49:35.142 954 1047 D WindowManager: updateWindowDragBounds: mIsTopfalse
03-14 04:49:35.165 954 1048 I ActivityTaskManager: clear resize flag in freeform mode
03-14 04:49:35.166 954 1048 W WindowManager: updateScale : 0.45565748
03-14 04:49:35.182 954 1048 I ActivityTaskManager: clear resize flag in freeform mode
03-14 04:49:35.182 954 1048 W WindowManager: updateScale : 0.45565748
03-14 04:49:35.197 954 1048 I ActivityTaskManager: clear resize flag in freeform mode
03-14 04:49:35.197 954 1048 W WindowManager: updateScale : 0.45565748
03-14 04:49:35.214 954 1048 I ActivityTaskManager: clear resize flag in freeform mode
03-14 04:49:35.214 954 1048 W WindowManager: updateScale : 0.45565748
03-14 04:49:35.230 954 1048 I ActivityTaskManager: clear resize flag in freeform mode
03-14 04:49:35.231 954 1048 W WindowManager: updateScale : 0.45565748
03-14 04:49:35.248 954 1048 I ActivityTaskManager: clear resize flag in freeform mode
03-14 04:49:35.249 954 1048 W WindowManager: updateScale : 0.45565748
03-14 04:49:35.266 954 1048 I ActivityTaskManager: clear resize flag in freeform mode
03-14 04:49:35.266 954 1048 W WindowManager: updateScale : 0.45565748
03-14 04:49:35.280 954 1048 I ActivityTaskManager: clear resize flag in freeform mode
03-14 04:49:35.281 954 1048 W WindowManager: updateScale : 0.45565748
03-14 04:49:35.297 954 1048 I ActivityTaskManager: clear resize flag in freeform mode
03-14 04:49:35.298 954 1048 W WindowManager: updateScale : 0.45565748
03-14 04:49:35.314 954 1048 I ActivityTaskManager: clear resize flag in freeform mode
03-14 04:49:35.314 954 1048 W WindowManager: updateScale : 0.45565748
03-14 04:49:35.317 954 2467 W WindowManager: updateScale : 0.45565748
03-14 04:49:35.331 954 1048 I ActivityTaskManager: clear resize flag in freeform mode
03-14 04:49:35.331 954 1048 W WindowManager: updateScale : 0.45565748
03-14 04:49:35.338 954 2467 W WindowManager: updateScale : 0.45565748
03-14 04:49:35.347 954 1048 I ActivityTaskManager: clear resize flag in freeform mode
03-14 04:49:35.348 954 1048 W WindowManager: updateScale : 0.45565748
03-14 04:49:35.351 954 2467 W WindowManager: updateScale : 0.45565748
03-14 04:49:35.361 954 2640 W WindowManager: updateScale : 0.45565748
03-14 04:49:35.365 954 1048 I ActivityTaskManager: clear resize flag in freeform mode
03-14 04:49:35.365 954 1048 W WindowManager: updateScale : 0.45565748
03-14 04:49:35.378 954 2640 W WindowManager: updateScale : 0.45565748
03-14 04:49:35.381 954 1048 I ActivityTaskManager: clear resize flag in freeform mode
03-14 04:49:35.381 954 1048 W WindowManager: updateScale : 0.45565748
03-14 04:49:35.399 954 1048 I ActivityTaskManager: clear resize flag in freeform mode
03-14 04:49:35.399 954 1048 W WindowManager: updateScale : 0.45565748
03-14 04:49:35.414 954 1048 I ActivityTaskManager: clear resize flag in freeform mode
03-14 04:49:35.414 954 1048 W WindowManager: updateScale : 0.45565748
03-14 04:49:35.431 954 1048 I ActivityTaskManager: clear resize flag in freeform mode
03-14 04:49:35.431 954 1048 W WindowManager: updateScale : 0.45565748
03-14 04:49:35.447 954 1048 I ActivityTaskManager: clear resize flag in freeform mode
03-14 04:49:35.448 954 1048 W WindowManager: updateScale : 0.45565748
03-14 04:49:35.676 954 2964 E TaskPersister: File error accessing recents directory (directory doesn't exist?).
03-14 04:49:35.736 954 1638 I input_interaction: Interaction with: 6f1a2b6 com.microsoft.emmx/com.microsoft.ruby.Main (server), edge-swipe (server), swipe-up (server), PointerEventDispatcher0 (server),
03-14 04:49:35.783 6630 6630 I view_enqueue_input_event: [Motion - Cancel,com.microsoft.emmx/com.microsoft.ruby.Main]
03-14 04:49:35.792 954 1638 I input_interaction: Interaction with: WindowManager (server), edge-swipe (server), swipe-up (server), PointerEventDispatcher0 (server),
03-14 04:49:35.799 954 1047 I ActivityTaskManager: clear resize flag in freeform mode
03-14 04:49:35.799 954 1047 W WindowManager: updateScale : 0.45565748
03-14 04:49:35.815 954 1047 I ActivityTaskManager: clear resize flag in freeform mode
03-14 04:49:35.815 954 1047 W WindowManager: updateScale : 0.45565748
03-14 04:49:35.832 954 1047 I ActivityTaskManager: clear resize flag in freeform mode
03-14 04:49:35.832 954 1047 W WindowManager: updateScale : 0.45565748
03-14 04:49:35.848 954 1047 I ActivityTaskManager: clear resize flag in freeform mode
03-14 04:49:35.849 954 1047 W WindowManager: updateScale : 0.45565748
03-14 04:49:35.864 954 2640 W WindowManager: updateScale : 0.45565748
03-14 04:49:35.866 954 1047 I ActivityTaskManager: clear resize flag in freeform mode
03-14 04:49:35.866 954 1047 W WindowManager: updateScale : 0.45565748
03-14 04:49:35.882 954 1047 I ActivityTaskManager: clear resize flag in freeform mode
03-14 04:49:35.882 954 1047 W WindowManager: updateScale : 0.45565748
03-14 04:49:35.898 954 1047 I ActivityTaskManager: clear resize flag in freeform mode
03-14 04:49:35.899 954 1047 W WindowManager: updateScale : 0.45565748
03-14 04:49:35.913 954 12775 W WindowManager: updateScale : 0.45565748
03-14 04:49:35.915 954 1047 I ActivityTaskManager: clear resize flag in freeform mode
03-14 04:49:35.916 954 1047 W WindowManager: updateScale : 0.45565748
03-14 04:49:35.932 954 1047 I ActivityTaskManager: clear resize flag in freeform mode
03-14 04:49:35.932 954 1047 W WindowManager: updateScale : 0.45565748
03-14 04:49:35.949 954 1047 I ActivityTaskManager: clear resize flag in freeform mode
03-14 04:49:35.949 954 1047 W WindowManager: updateScale : 0.45565748
03-14 04:49:35.965 954 1047 I ActivityTaskManager: clear resize flag in freeform mode
03-14 04:49:35.966 954 1047 W WindowManager: updateScale : 0.45565748
03-14 04:49:35.982 954 1047 I ActivityTaskManager: clear resize flag in freeform mode
03-14 04:49:35.982 954 1047 W WindowManager: updateScale : 0.45565748
03-14 04:49:35.999 954 1047 I ActivityTaskManager: clear resize flag in freeform mode
03-14 04:49:35.999 954 1047 W WindowManager: updateScale : 0.45565748
03-14 04:49:36.001 954 12775 W WindowManager: updateScale : 0.45565748
03-14 04:49:36.016 954 2467 W WindowManager: updateScale : 0.45565748
03-14 04:49:36.036 954 1047 D WindowManager: updateWindowDragBounds: mIsSwipeYtrue
03-14 04:49:36.036 954 1047 D WindowManager: updateWindowDragBounds: mIsTopfalse
03-14 04:49:36.068 954 1048 I ActivityTaskManager: clear resize flag in freeform mode
03-14 04:49:36.069 954 1048 W WindowManager: updateScale : 0.45565748
03-14 04:49:36.080 954 12775 W WindowManager: updateScale : 0.45565748
03-14 04:49:36.082 954 1048 I ActivityTaskManager: clear resize flag in freeform mode
03-14 04:49:36.083 954 1048 W WindowManager: updateScale : 0.45565748
03-14 04:49:36.099 954 1048 I ActivityTaskManager: clear resize flag in freeform mode
03-14 04:49:36.100 954 1048 W WindowManager: updateScale : 0.45565748
03-14 04:49:36.116 954 1048 I ActivityTaskManager: clear resize flag in freeform mode
03-14 04:49:36.117 954 1048 W WindowManager: updateScale : 0.45565748
03-14 04:49:36.132 954 1048 I ActivityTaskManager: clear resize flag in freeform mode
03-14 04:49:36.133 954 1048 W WindowManager: updateScale : 0.45565748
03-14 04:49:36.136 954 2640 W WindowManager: updateScale : 0.45565748
03-14 04:49:36.150 954 1048 I ActivityTaskManager: clear resize flag in freeform mode
03-14 04:49:36.150 954 1048 W WindowManager: updateScale : 0.45565748
03-14 04:49:36.158 954 12635 W WindowManager: updateScale : 0.45565748
03-14 04:49:36.167 954 1048 I ActivityTaskManager: clear resize flag in freeform mode
03-14 04:49:36.167 954 1048 W WindowManager: updateScale : 0.45565748
03-14 04:49:36.170 954 2640 W WindowManager: updateScale : 0.45565748
03-14 04:49:36.181 954 2640 W WindowManager: updateScale : 0.45565748
03-14 04:49:36.183 954 1048 I ActivityTaskManager: clear resize flag in freeform mode
03-14 04:49:36.184 954 1048 W WindowManager: updateScale : 0.45565748
03-14 04:49:36.200 954 1048 I ActivityTaskManager: clear resize flag in freeform mode
03-14 04:49:36.201 954 1048 W WindowManager: updateScale : 0.45565748
03-14 04:49:36.202 954 2640 W WindowManager: updateScale : 0.45565748
03-14 04:49:36.216 954 1048 I ActivityTaskManager: clear resize flag in freeform mode
03-14 04:49:36.217 954 1048 W WindowManager: updateScale : 0.45565748
03-14 04:49:36.225 954 12775 W WindowManager: updateScale : 0.45565748
03-14 04:49:36.234 954 1048 I ActivityTaskManager: clear resize flag in freeform mode
03-14 04:49:36.234 954 1048 W WindowManager: updateScale : 0.45565748
03-14 04:49:36.235 954 12775 W WindowManager: updateScale : 0.45565748
03-14 04:49:36.245 954 12775 W WindowManager: updateScale : 0.45565748
03-14 04:49:36.249 954 1048 I ActivityTaskManager: clear resize flag in freeform mode
03-14 04:49:36.250 954 1048 W WindowManager: updateScale : 0.45565748
03-14 04:49:36.266 954 1048 I ActivityTaskManager: clear resize flag in freeform mode
03-14 04:49:36.267 954 1048 W WindowManager: updateScale : 0.45565748
03-14 04:49:36.283 954 1048 I ActivityTaskManager: clear resize flag in freeform mode
03-14 04:49:36.283 954 1048 W WindowManager: updateScale : 0.45565748
03-14 04:49:36.300 954 1048 I ActivityTaskManager: clear resize flag in freeform mode
03-14 04:49:36.300 954 1048 W WindowManager: updateScale : 0.45565748
03-14 04:49:36.317 954 1048 I ActivityTaskManager: clear resize flag in freeform mode
03-14 04:49:36.317 954 1048 W WindowManager: updateScale : 0.45565748
03-14 04:49:36.333 954 1048 I ActivityTaskManager: clear resize flag in freeform mode
03-14 04:49:36.333 954 1048 W WindowManager: updateScale : 0.45565748
03-14 04:49:36.350 954 1048 I ActivityTaskManager: clear resize flag in freeform mode
03-14 04:49:36.350 954 1048 W WindowManager: updateScale : 0.45565748
03-14 04:49:36.740 954 1638 I input_interaction: Interaction with: 6f1a2b6 com.microsoft.emmx/com.microsoft.ruby.Main (server), edge-swipe (server), swipe-up (server), PointerEventDispatcher0 (server),
03-14 04:49:36.819 6630 6630 I view_enqueue_input_event: [Motion - Cancel,com.microsoft.emmx/com.microsoft.ruby.Main]
03-14 04:49:36.819 954 1638 I input_interaction: Interaction with: WindowManager (server), edge-swipe (server), swipe-up (server), PointerEventDispatcher0 (server),
03-14 04:49:36.835 954 1047 I ActivityTaskManager: clear resize flag in freeform mode
03-14 04:49:36.835 954 1047 W WindowManager: updateScale : 0.45565748
03-14 04:49:36.851 954 1047 I ActivityTaskManager: clear resize flag in freeform mode
03-14 04:49:36.851 954 1047 W WindowManager: updateScale : 0.45565748
03-14 04:49:36.867 954 1047 I ActivityTaskManager: clear resize flag in freeform mode
03-14 04:49:36.868 954 1047 W WindowManager: updateScale : 0.45565748
03-14 04:49:36.881 954 4806 W WindowManager: updateScale : 0.45565748
03-14 04:49:36.884 954 1047 I ActivityTaskManager: clear resize flag in freeform mode
03-14 04:49:36.884 954 1047 W WindowManager: updateScale : 0.45565748
03-14 04:49:36.901 954 1047 I ActivityTaskManager: clear resize flag in freeform mode
03-14 04:49:36.901 954 1047 W WindowManager: updateScale : 0.45565748
03-14 04:49:36.916 954 4806 W WindowManager: updateScale : 0.45565748
03-14 04:49:36.918 954 1047 I ActivityTaskManager: clear resize flag in freeform mode
03-14 04:49:36.918 954 1047 W WindowManager: updateScale : 0.45565748
03-14 04:49:36.934 954 1047 I ActivityTaskManager: clear resize flag in freeform mode
03-14 04:49:36.935 954 1047 W WindowManager: updateScale : 0.45565748
03-14 04:49:36.951 954 1047 I ActivityTaskManager: clear resize flag in freeform mode
03-14 04:49:36.952 954 1047 W WindowManager: updateScale : 0.45565748
03-14 04:49:36.970 954 1047 I ActivityTaskManager: clear resize flag in freeform mode
03-14 04:49:36.970 954 1047 W WindowManager: updateScale : 0.45565748
03-14 04:49:36.984 954 1047 I ActivityTaskManager: clear resize flag in freeform mode
03-14 04:49:36.985 954 1047 W WindowManager: updateScale : 0.45565748
03-14 04:49:36.998 954 12775 W WindowManager: updateScale : 0.45565748
03-14 04:49:37.001 954 1047 I ActivityTaskManager: clear resize flag in freeform mode
03-14 04:49:37.001 954 1047 W WindowManager: updateScale : 0.45565748
03-14 04:49:37.018 954 1047 I ActivityTaskManager: clear resize flag in freeform mode
03-14 04:49:37.018 954 1047 W WindowManager: updateScale : 0.45565748
03-14 04:49:37.056 954 1685 I netstats_mobile_sample: [0,0,0,0,0,0,0,0,0,0,0,0,1678740577056]
03-14 04:49:37.056 954 1685 I netstats_wifi_sample: [55592476,94453,11313205,91115,55592476,94453,11313205,91115,44210013,55588,8459769,69739,1678740577056]
03-14 04:49:37.069 954 1047 D WindowManager: updateWindowDragBounds: mIsSwipeYtrue
03-14 04:49:37.069 954 1047 D WindowManager: updateWindowDragBounds: mIsTopfalse
03-14 04:49:37.103 954 1048 I ActivityTaskManager: clear resize flag in freeform mode
03-14 04:49:37.104 954 1048 W WindowManager: updateScale : 0.45565748
03-14 04:49:37.116 954 12775 W WindowManager: updateScale : 0.45565748
03-14 04:49:37.119 954 1048 I ActivityTaskManager: clear resize flag in freeform mode
03-14 04:49:37.119 954 1048 W WindowManager: updateScale : 0.45565748
03-14 04:49:37.136 954 1048 I ActivityTaskManager: clear resize flag in freeform mode
03-14 04:49:37.136 954 1048 W WindowManager: updateScale : 0.45565748
03-14 04:49:37.152 954 1048 I ActivityTaskManager: clear resize flag in freeform mode
03-14 04:49:37.152 954 1048 W WindowManager: updateScale : 0.45565748
03-14 04:49:37.170 954 1048 I ActivityTaskManager: clear resize flag in freeform mode
03-14 04:49:37.170 954 1048 W WindowManager: updateScale : 0.45565748
03-14 04:49:37.185 954 1048 I ActivityTaskManager: clear resize flag in freeform mode
03-14 04:49:37.185 954 1048 W WindowManager: updateScale : 0.45565748
03-14 04:49:37.202 954 1048 I ActivityTaskManager: clear resize flag in freeform mode
03-14 04:49:37.202 954 1048 W WindowManager: updateScale : 0.45565748
03-14 04:49:37.220 954 1048 I ActivityTaskManager: clear resize flag in freeform mode
03-14 04:49:37.220 954 1048 W WindowManager: updateScale : 0.45565748
03-14 04:49:37.235 954 1048 I ActivityTaskManager: clear resize flag in freeform mode
03-14 04:49:37.235 954 1048 W WindowManager: updateScale : 0.45565748
03-14 04:49:37.236 954 2640 W WindowManager: updateScale : 0.45565748
03-14 04:49:37.253 954 1048 I ActivityTaskManager: clear resize flag in freeform mode
03-14 04:49:37.254 954 1048 W WindowManager: updateScale : 0.45565748
03-14 04:49:37.254 954 2640 W WindowManager: updateScale : 0.45565748
03-14 04:49:37.268 954 1048 I ActivityTaskManager: clear resize flag in freeform mode
03-14 04:49:37.269 954 1048 W WindowManager: updateScale : 0.45565748
03-14 04:49:37.285 954 1048 I ActivityTaskManager: clear resize flag in freeform mode
03-14 04:49:37.285 954 1048 W WindowManager: updateScale : 0.45565748
03-14 04:49:37.303 954 1048 I ActivityTaskManager: clear resize flag in freeform mode
03-14 04:49:37.303 954 1048 W WindowManager: updateScale : 0.45565748
03-14 04:49:37.319 954 1048 I ActivityTaskManager: clear resize flag in freeform mode
03-14 04:49:37.319 954 1048 W WindowManager: updateScale : 0.45565748
03-14 04:49:37.335 954 1048 I ActivityTaskManager: clear resize flag in freeform mode
03-14 04:49:37.336 954 1048 W WindowManager: updateScale : 0.45565748
03-14 04:49:37.353 954 1048 I ActivityTaskManager: clear resize flag in freeform mode
03-14 04:49:37.353 954 1048 W WindowManager: updateScale : 0.45565748
03-14 04:49:37.366 954 4806 W WindowManager: updateScale : 0.45565748
03-14 04:49:37.369 954 1048 I ActivityTaskManager: clear resize flag in freeform mode
03-14 04:49:37.370 954 1048 W WindowManager: updateScale : 0.45565748
03-14 04:49:37.386 954 1048 I ActivityTaskManager: clear resize flag in freeform mode
03-14 04:49:37.386 954 1048 W WindowManager: updateScale : 0.45565748
03-14 04:49:37.675 954 1638 I input_interaction: Interaction with: 6f1a2b6 com.microsoft.emmx/com.microsoft.ruby.Main (server), edge-swipe (server), swipe-up (server), PointerEventDispatcher0 (server),
01-01 09:04:30.918 0 0 E DTC_ETH,link_delay_work_func: 3003, SQI=0, link=0
03-14 04:49:37.805 6630 6630 I view_enqueue_input_event: [Motion - Cancel,com.microsoft.emmx/com.microsoft.ruby.Main]
03-14 04:49:37.813 954 1638 I input_interaction: Interaction with: WindowManager (server), edge-swipe (server), swipe-up (server), PointerEventDispatcher0 (server),
03-14 04:49:37.821 954 1047 I ActivityTaskManager: clear resize flag in freeform mode
03-14 04:49:37.821 954 1047 W WindowManager: updateScale : 0.45565748
03-14 04:49:37.837 954 1047 I ActivityTaskManager: clear resize flag in freeform mode
03-14 04:49:37.837 954 1047 W WindowManager: updateScale : 0.45565748
03-14 04:49:37.853 954 1047 I ActivityTaskManager: clear resize flag in freeform mode
03-14 04:49:37.853 954 1047 W WindowManager: updateScale : 0.45565748
03-14 04:49:37.870 954 1047 I ActivityTaskManager: clear resize flag in freeform mode
03-14 04:49:37.870 954 1047 W WindowManager: updateScale : 0.45565748
03-14 04:49:37.886 954 12775 W WindowManager: updateScale : 0.45565748
03-14 04:49:37.888 954 1047 I ActivityTaskManager: clear resize flag in freeform mode
03-14 04:49:37.888 954 1047 W WindowManager: updateScale : 0.45565748
03-14 04:49:37.901 954 12635 W WindowManager: updateScale : 0.45565748
03-14 04:49:37.903 954 1047 I ActivityTaskManager: clear resize flag in freeform mode
03-14 04:49:37.903 954 1047 W WindowManager: updateScale : 0.45565748
03-14 04:49:37.920 954 1047 I ActivityTaskManager: clear resize flag in freeform mode
03-14 04:49:37.920 954 1047 W WindowManager: updateScale : 0.45565748
03-14 04:49:37.937 954 1047 I ActivityTaskManager: clear resize flag in freeform mode
03-14 04:49:37.938 954 1047 W WindowManager: updateScale : 0.45565748
03-14 04:49:37.953 954 1047 I ActivityTaskManager: clear resize flag in freeform mode
03-14 04:49:37.954 954 1047 W WindowManager: updateScale : 0.45565748
03-14 04:49:37.967 954 12635 W WindowManager: updateScale : 0.45565748
03-14 04:49:37.970 954 1047 I ActivityTaskManager: clear resize flag in freeform mode
03-14 04:49:37.970 954 1047 W WindowManager: updateScale : 0.45565748
03-14 04:49:37.987 954 1047 I ActivityTaskManager: clear resize flag in freeform mode
03-14 04:49:37.987 954 1047 W WindowManager: updateScale : 0.45565748
03-14 04:49:38.004 954 1047 I ActivityTaskManager: clear resize flag in freeform mode
03-14 04:49:38.004 954 1047 W WindowManager: updateScale : 0.45565748
03-14 04:49:38.005 954 12635 W WindowManager: updateScale : 0.45565748
03-14 04:49:38.021 954 1047 I ActivityTaskManager: clear resize flag in freeform mode
03-14 04:49:38.021 954 1047 W WindowManager: updateScale : 0.45565748
03-14 04:49:38.037 954 1047 I ActivityTaskManager: clear resize flag in freeform mode
03-14 04:49:38.037 954 1047 W WindowManager: updateScale : 0.45565748
03-14 04:49:38.051 954 12635 W WindowManager: updateScale : 0.45565748
03-14 04:49:38.073 954 1047 D WindowManager: updateWindowDragBounds: mIsSwipeYtrue
03-14 04:49:38.073 954 1047 D WindowManager: updateWindowDragBounds: mIsToptrue
03-14 04:49:38.076 954 1047 I wm_finish_activity: [0,187295290,62,com.microsoft.emmx/com.microsoft.ruby.Main,finish-activity]
03-14 04:49:38.076 954 1047 I wm_task_moved: [1,1,7]
03-14 04:49:38.077 954 1047 I wm_set_resumed_activity: [0,com.android.launcher3/.uioverrides.QuickstepLauncher,positionChildAt]
03-14 04:49:38.077 954 1047 I wm_task_moved: [12,1,2147483647]
03-14 04:49:38.077 954 1047 I wm_task_to_front: [0,12]
03-14 04:49:38.077 954 1047 I wm_focused_root_task: [0,0,1,-1,finish-top adjustFocusToNextFocusableTask]
03-14 04:49:38.077 954 1047 I wm_set_resumed_activity: [0,com.android.launcher3/.uioverrides.QuickstepLauncher,finish-top]
03-14 04:49:38.077 954 1047 I wm_pause_activity: [0,187295290,com.microsoft.emmx/com.microsoft.ruby.Main,userLeaving=false,finish]
03-14 04:49:38.080 954 1047 I input_focus: [Focus request fca4b77 com.android.launcher3/com.android.launcher3.uioverrides.QuickstepLauncher,reason=UpdateInputWindows]
03-14 04:49:38.089 954 1638 I input_focus: [Focus leaving 6f1a2b6 com.microsoft.emmx/com.microsoft.ruby.Main (server),reason=NOT_VISIBLE]
03-14 04:49:38.091 954 2964 E TaskPersister: File error accessing recents directory (directory doesn't exist?).
03-14 04:49:38.095 954 1046 I sysui_multi_action: [757,803,799,window_time_0,802,21]
03-14 04:49:38.101 6630 6630 I wm_on_top_resumed_lost_called: [187295290,com.microsoft.ruby.Main,topStateChangedWhenResumed]
03-14 04:49:38.102 2598 2598 I wm_on_top_resumed_gained_called: [194529402,com.android.launcher3.uioverrides.QuickstepLauncher,topStateChangedWhenResumed]
03-14 04:49:38.106 954 1638 I input_focus: [Focus entering fca4b77 com.android.launcher3/com.android.launcher3.uioverrides.QuickstepLauncher (server),reason=setFocusedWindow]
03-14 04:49:38.118 6630 6630 I wm_on_paused_called: [187295290,com.microsoft.ruby.Main,performPause]
03-14 04:49:38.118 954 10386 I ActivityTaskManager: FOREGROUND_APPLICATION_CHANGED to com.android.launcher3.uioverrides.QuickstepLauncher
03-14 04:49:38.118 954 10386 I wm_destroy_activity: [0,187295290,62,com.microsoft.emmx/com.microsoft.ruby.Main,finish-imm:completePausedLocked]
03-14 04:49:38.121 954 1046 I sysui_multi_action: [757,803,799,window_time_0,802,0]
03-14 04:49:38.164 6630 6630 I wm_on_stop_called: [187295290,com.microsoft.ruby.Main,LIFECYCLER_STOP_ACTIVITY]
03-14 04:49:38.205 954 12775 I ActivityManager: Killing 27981:com.microsoft.emmx:sandboxed_process0:org.chromium.content.app.SandboxedProcessService0:53/u0a33i-8981 (adj 0): isolated not needed
03-14 04:49:38.205 954 12775 I am_kill : [0,27981,com.microsoft.emmx:sandboxed_process0:org.chromium.content.app.SandboxedProcessService0:53,0,isolated not needed]
03-14 04:49:38.224 954 4806 W FreeFormWindowHelper: Current Display FreeFormTask is Task{2f5c0f4 #62 type=standard A=10033:com.microsoft.emmx U=0 visible=false mode=freeform translucent=true sz=1}
03-14 04:49:38.224 954 12775 W FreeFormWindowHelper: Current Display FreeFormTask is Task{2f5c0f4 #62 type=standard A=10033:com.microsoft.emmx U=0 visible=false mode=freeform translucent=true sz=1}
03-14 04:49:38.230 6630 6630 I wm_on_destroy_called: [187295290,com.microsoft.ruby.Main,performDestroy]
03-14 04:49:38.236 954 5679 I wm_task_removed: [62,removeChild:removeChild last r=ActivityRecord{b29e63a u0 com.microsoft.emmx/com.microsoft.ruby.Main t-1 f}} in t=Task{2f5c0f4 #62 type=standard A=10033:com.microsoft.emmx U=0 visible=false mode=freeform translucent=true sz=0}]
03-14 04:49:38.236 954 5679 I wm_task_removed: [62,removeChild]
03-14 04:49:38.236 954 5679 D FreeFormWindowHelper: Remove freefrom task=Task{2f5c0f4 #62 type=standard A=10033:com.microsoft.emmx U=0 visible=false mode=freeform translucent=true sz=0}
03-14 04:49:38.250 954 5679 I ActivityManager: Killing 28015:com.microsoft.emmx:sandboxed_process0:org.chromium.content.app.SandboxedProcessService0:54/u0a33i-8980 (adj 0): isolated not needed
03-14 04:49:38.251 954 5679 I am_kill : [0,28015,com.microsoft.emmx:sandboxed_process0:org.chromium.content.app.SandboxedProcessService0:54,0,isolated not needed]
01-01 09:04:31.499 0 0 I binder : undelivered transaction 1341646, process died.
03-14 04:49:38.274 954 5679 I am_proc_died: [0,27981,com.microsoft.emmx:sandboxed_process0:org.chromium.content.app.SandboxedProcessService0:53,0,10]
03-14 04:49:38.274 954 5679 I am_uid_stopped: 90019
03-14 04:49:38.277 954 1099 E KernelCpuSpeedReader: Failed to read cpu-freq: /sys/devices/system/cpu/cpu4/cpufreq/stats/time_in_state: open failed: ENOENT (No such file or directory)
03-14 04:49:38.278 954 1099 E KernelCpuSpeedReader: Failed to read cpu-freq: /sys/devices/system/cpu/cpu0/cpufreq/stats/time_in_state: open failed: ENOENT (No such file or directory)
03-14 04:49:38.278 954 1099 D KernelCpuUidUserSysTimeReader: Removing uids 90013-90013
03-14 04:49:38.278 954 1099 D KernelCpuUidUserSysTimeReader: Removing uids 90014-90014
03-14 04:49:38.278 954 1099 D KernelCpuUidUserSysTimeReader: Removing uids 99001-99001
03-14 04:49:38.313 954 4806 I am_proc_died: [0,28015,com.microsoft.emmx:sandboxed_process0:org.chromium.content.app.SandboxedProcessService0:54,0,10]
03-14 04:49:38.314 954 4806 I am_uid_stopped: 90020
03-14 04:49:38.315 954 1099 E KernelCpuSpeedReader: Failed to read cpu-freq: /sys/devices/system/cpu/cpu4/cpufreq/stats/time_in_state: open failed: ENOENT (No such file or directory)
03-14 04:49:38.315 954 1099 E KernelCpuSpeedReader: Failed to read cpu-freq: /sys/devices/system/cpu/cpu0/cpufreq/stats/time_in_state: open failed: ENOENT (No such file or directory)
01-01 09:04:33.682 0 0 E msm_pcm_playback_close: CMD_EOS failed, cmd_pending 0x8
01-01 09:04:33.696 0 0 I afe_close: port_id = 0x9000
01-01 09:04:33.719 0 0 I afe_find_cal_topo_id_by_port: port id: 0x9000, dev_acdb_id: 0
01-01 09:04:33.719 0 0 I afe_find_cal_topo_id_by_port: top_id:112fc acdb_id:15 afe_port:0x9000
01-01 09:04:33.719 0 0 I afe_get_cal_topology_id: port_id = 0x9000 acdb_id = 15 topology_id = 0x112fc cal_type_index=8 ret=0
01-01 09:04:33.719 0 0 I afe_send_port_topology_id: AFE set topology id 0x112fc enable for port 0x9000 ret 0
01-01 09:04:33.719 0 0 I send_afe_cal_type: cal_index is 0
01-01 09:04:33.719 0 0 I send_afe_cal_type: dev_acdb_id[55] is 0
01-01 09:04:33.719 0 0 I send_afe_cal_type: Sending cal_index cal 0
01-01 09:04:33.719 0 0 E send_afe_cal_type: No cal sent for cal_index 0, port_id = 0x9000! ret -22
01-01 09:04:33.727 0 0 I afe_send_hw_delay: port_id 0x9000 rate 48000 delay_usec 474 status 0
03-14 04:49:40.540 954 1685 I netstats_mobile_sample: [0,0,0,0,0,0,0,0,0,0,0,0,1678740580539]
03-14 04:49:40.540 954 1685 I netstats_wifi_sample: [58101588,99231,11878257,95068,58101588,99231,11878257,95068,44322176,56886,8947751,72491,1678740580539]
01-01 09:04:34.152 0 0 I msm_vidc: err : ffffffff: .....: DBLP Set: status 0
03-14 04:49:41.245 954 2964 E TaskPersister: File error accessing recents directory (directory doesn't exist?).
01-01 09:04:36.038 0 0 E DTC_ETH,link_delay_work_func: 3003, SQI=0, link=0
03-14 04:49:43.311 954 954 I auditd : type=1400 audit(0.0:9160): avc: denied { getpgid } for comm="ActivityManager" scontext=u:r:system_server:s0 tcontext=u:r:app_zygote:s0:c512,c768 tclass=process permissive=1
01-01 09:04:37.192 0 0 I msm_vidc: err : ffffffff: .....: DBLP Set: status 0
01-01 09:04:41.158 0 0 E DTC_ETH,link_delay_work_func: 3003, SQI=0, link=0
03-14 04:49:48.088 954 1046 W ActivityTaskManager: Launch timeout has expired, giving up wake lock!
01-01 09:04:44.174 0 0 E msm_pcm_playback_close: CMD_EOS failed, cmd_pending 0x8
01-01 09:04:44.187 0 0 I afe_close: port_id = 0x9000
01-01 09:04:44.209 0 0 I afe_find_cal_topo_id_by_port: port id: 0x9000, dev_acdb_id: 0
01-01 09:04:44.209 0 0 I afe_find_cal_topo_id_by_port: top_id:112fc acdb_id:15 afe_port:0x9000
01-01 09:04:44.209 0 0 I afe_get_cal_topology_id: port_id = 0x9000 acdb_id = 15 topology_id = 0x112fc cal_type_index=8 ret=0
01-01 09:04:44.209 0 0 I afe_send_port_topology_id: AFE set topology id 0x112fc enable for port 0x9000 ret 0
01-01 09:04:44.209 0 0 I send_afe_cal_type: cal_index is 0
01-01 09:04:44.209 0 0 I send_afe_cal_type: dev_acdb_id[55] is 0
01-01 09:04:44.209 0 0 I send_afe_cal_type: Sending cal_index cal 0
01-01 09:04:44.209 0 0 E send_afe_cal_type: No cal sent for cal_index 0, port_id = 0x9000! ret -22
01-01 09:04:44.218 0 0 I afe_send_hw_delay: port_id 0x9000 rate 48000 delay_usec 474 status 0
01-01 09:04:46.278 0 0 E DTC_ETH,link_delay_work_func: 3003, SQI=0, link=0
01-01 09:04:51.398 0 0 E DTC_ETH,link_delay_work_func: 3003, SQI=0, link=0
01-01 09:04:54.670 0 0 E msm_pcm_playback_close: CMD_EOS failed, cmd_pending 0x8
01-01 09:04:54.683 0 0 I afe_close: port_id = 0x9000
01-01 09:04:54.706 0 0 I afe_find_cal_topo_id_by_port: port id: 0x9000, dev_acdb_id: 0
01-01 09:04:54.706 0 0 I afe_find_cal_topo_id_by_port: top_id:112fc acdb_id:15 afe_port:0x9000
01-01 09:04:54.706 0 0 I afe_get_cal_topology_id: port_id = 0x9000 acdb_id = 15 topology_id = 0x112fc cal_type_index=8 ret=0
01-01 09:04:54.706 0 0 I afe_send_port_topology_id: AFE set topology id 0x112fc enable for port 0x9000 ret 0
01-01 09:04:54.706 0 0 I send_afe_cal_type: cal_index is 0
01-01 09:04:54.706 0 0 I send_afe_cal_type: dev_acdb_id[55] is 0
01-01 09:04:54.706 0 0 I send_afe_cal_type: Sending cal_index cal 0
01-01 09:04:54.706 0 0 E send_afe_cal_type: No cal sent for cal_index 0, port_id = 0x9000! ret -22
01-01 09:04:54.714 0 0 I afe_send_hw_delay: port_id 0x9000 rate 48000 delay_usec 474 status 0
03-14 04:50:02.239 954 1066 I am_uid_idle: 10050
01-01 09:04:55.816 0 0 I msm_vidc: err : ffffffff: .....: DBLP Set: status 0
01-01 09:04:56.518 0 0 E DTC_ETH,link_delay_work_func: 3003, SQI=0, link=0
03-14 04:50:04.253 954 1638 I input_interaction: Interaction with: fca4b77 com.android.launcher3/com.android.launcher3.uioverrides.QuickstepLauncher (server), 45b849f com.android.systemui.ImageWallpaper (server), edge-swipe (server), swipe-up (server), PointerEventDispatcher0 (server),
03-14 04:50:05.413 954 10386 I thunderperf: PlatormCompat.setOverrides: Uid1=10074 Pid1=2598 Uid2=10074 Pid2=2598
03-14 04:50:05.413 954 10386 I thunderperf: PlatormCompat.setOverrides: needCheck:false
03-14 04:50:05.413 954 10386 I thunderperf: CompatConfig.addOverrideUnsafe: bef-state=0
03-14 04:50:05.413 954 10386 I thunderperf: CompatConfig.addOverrideUnsafe: aft-state=0
03-14 04:50:05.414 954 10386 I thunderperf: CompatConfig.addOverrideUnsafe: bef-state=0
03-14 04:50:05.414 954 10386 I thunderperf: CompatConfig.addOverrideUnsafe: aft-state=0
03-14 04:50:05.415 954 10386 I thunderperf: CompatConfig.addOverrideUnsafe: bef-state=0
03-14 04:50:05.415 954 10386 I thunderperf: CompatConfig.addOverrideUnsafe: aft-state=0
03-14 04:50:05.415 954 10386 I thunderperf: CompatConfig.addOverrideUnsafe: bef-state=0
03-14 04:50:05.415 954 10386 I thunderperf: CompatConfig.addOverrideUnsafe: aft-state=0
03-14 04:50:05.416 954 10386 I thunderperf: CompatConfig.addOverrideUnsafe: bef-state=0
03-14 04:50:05.416 954 10386 I thunderperf: CompatConfig.addOverrideUnsafe: aft-state=0
03-14 04:50:05.416 954 10386 I thunderperf: CompatConfig.addOverrideUnsafe: bef-state=0
03-14 04:50:05.416 954 10386 I thunderperf: CompatConfig.addOverrideUnsafe: aft-state=0
03-14 04:50:05.417 954 10386 I thunderperf: CompatConfig.addOverrideUnsafe: bef-state=0
03-14 04:50:05.417 954 10386 I thunderperf: CompatConfig.addOverrideUnsafe: aft-state=0
03-14 04:50:05.417 954 10386 I thunderperf: CompatConfig.addOverrideUnsafe: bef-state=0
03-14 04:50:05.417 954 10386 I thunderperf: CompatConfig.addOverrideUnsafe: aft-state=0
03-14 04:50:05.418 954 10386 I thunderperf: CompatConfig.addOverrideUnsafe: bef-state=0
03-14 04:50:05.418 954 10386 I thunderperf: CompatConfig.addOverrideUnsafe: aft-state=0
03-14 04:50:05.418 954 10386 I thunderperf: CompatConfig.addOverrideUnsafe: bef-state=0
03-14 04:50:05.418 954 10386 I thunderperf: CompatConfig.addOverrideUnsafe: aft-state=0
03-14 04:50:05.419 954 10386 I thunderperf: CompatConfig.addOverrideUnsafe: bef-state=0
03-14 04:50:05.419 954 10386 I thunderperf: CompatConfig.addOverrideUnsafe: aft-state=0
03-14 04:50:05.419 954 10386 I thunderperf: CompatConfig.addOverrideUnsafe: bef-state=0
03-14 04:50:05.419 954 10386 I thunderperf: CompatConfig.addOverrideUnsafe: aft-state=0
03-14 04:50:05.420 954 10386 I thunderperf: CompatConfig.addOverrideUnsafe: bef-state=0
03-14 04:50:05.420 954 10386 I thunderperf: CompatConfig.addOverrideUnsafe: aft-state=0
03-14 04:50:05.420 954 10386 I thunderperf: CompatConfig.addOverrideUnsafe: bef-state=0
03-14 04:50:05.420 954 10386 I thunderperf: CompatConfig.addOverrideUnsafe: aft-state=0
03-14 04:50:05.424 954 10386 I ActivityTaskManager: START u0 {act=android.intent.action.MAIN cat=[android.intent.category.LAUNCHER] flg=0x10200000 cmp=com.microsoft.emmx/com.microsoft.ruby.Main bnds=[112,84][388,358]} from uid 10074
03-14 04:50:05.427 954 10386 I wm_task_created: [63,-1]
03-14 04:50:05.427 954 10386 W ActivityTaskManager: Can't find TaskDisplayArea to determine support for multi window. Task id=63 attached=false
03-14 04:50:05.429 954 10386 I wm_task_moved: [63,1,7]
03-14 04:50:05.429 954 10386 I wm_task_to_front: [0,63]
03-14 04:50:05.430 954 10386 I wm_create_task: [0,63]
03-14 04:50:05.430 954 10386 I wm_create_activity: [0,129654695,63,com.microsoft.emmx/com.microsoft.ruby.Main,android.intent.action.MAIN,NULL,NULL,270532608]
03-14 04:50:05.430 954 10386 I wm_task_moved: [63,1,7]
03-14 04:50:05.431 2007 2166 D PhoneStartingWindowTypeAlgorithm: preferredStartingWindowType newTask:true taskSwitch:true processRunning:true allowTaskSnapshot:true activityCreated:false useEmptySplashScreen:false legacySplashScreen:false topIsHome:false
03-14 04:50:05.431 954 10386 I wm_pause_activity: [0,194529402,com.android.launcher3/.uioverrides.QuickstepLauncher,userLeaving=true,pauseBackTasks]
03-14 04:50:05.431 2007 2166 D StartingSurfaceDrawer: addSplashScreen com.microsoft.emmx theme=7f150632 task=63 suggestType=1
03-14 04:50:05.431 2007 2168 D StartingSurfaceDrawer: window attributes color: fffcfcff icon null duration 0 brandImage null
03-14 04:50:05.433 954 12775 W FreeFormWindowHelper: Current Display FreeFormTask is null
03-14 04:50:05.433 2598 2598 I wm_on_top_resumed_lost_called: [194529402,com.android.launcher3.uioverrides.QuickstepLauncher,topStateChangedWhenResumed]
03-14 04:50:05.434 2598 2598 I wm_on_paused_called: [194529402,com.android.launcher3.uioverrides.QuickstepLauncher,performPause]
03-14 04:50:05.434 954 6613 I ActivityTaskManager: FOREGROUND_APPLICATION_CHANGED to org.chromium.chrome.browser.ChromeTabbedActivity
03-14 04:50:05.435 954 6613 I ActivityTaskManager: The Process com.microsoft.emmx Already Exists in BG. So sending its PID: 6630
03-14 04:50:05.435 954 6613 W ActivityTaskManager: Tried to set launchTime (0) < mLastActivityLaunchTime (3525656)
03-14 04:50:05.435 954 6613 I wm_add_to_stopping: [0,194529402,com.android.launcher3/.uioverrides.QuickstepLauncher,makeInvisible]
03-14 04:50:05.435 2007 2168 D StartingSurfaceDrawer: FgMainColor=ff0c73c0 BgMainColor=fff8f8f8 IsBgComplex=false FromCache=true ThemeColor=fffcfcff
03-14 04:50:05.435 2007 2168 D StartingSurfaceDrawer: isRgbSimilarInHsv a: fffcfcff b fff8f8f8 contrast ratio: 1.0370965
03-14 04:50:05.435 2007 2168 D StartingSurfaceDrawer: makeSplashScreenContentView: choose fg icon
03-14 04:50:05.435 954 6613 I wm_restart_activity: [0,129654695,63,com.microsoft.emmx/com.microsoft.ruby.Main]
03-14 04:50:05.436 2007 2168 D StartingSurfaceDrawer: fillViewWithIcon surfaceWindowView android.window.SplashScreenView{6a24bea V.E...... ......ID 0,0-0,0}
03-14 04:50:05.436 954 6613 I wm_set_resumed_activity: [0,com.microsoft.emmx/com.microsoft.ruby.Main,minimalResumeActivityLocked]
03-14 04:50:05.442 954 1046 I sysui_multi_action: [757,803,799,window_time_0,802,28]
03-14 04:50:05.443 954 1046 W ProcessStats: Tracking association SourceState{a2b0eed cn.kuwo.player:pushservice/10097 BTopFgs #3420} whose proc state 2 is better than process ProcessState{b2fc122 cn.kuwo.player/10097 pkg=cn.kuwo.player} proc state 3 (11 skipped)
03-14 04:50:05.453 954 1064 I am_pss : [13800,10050,com.thundercomm.screensaver,36036608,31588352,29696,142864384,0,19,7]
03-14 04:50:05.469 954 1638 I input_focus: [Focus leaving fca4b77 com.android.launcher3/com.android.launcher3.uioverrides.QuickstepLauncher (server),reason=NO_WINDOW]
03-14 04:50:05.489 6630 6630 I wm_on_create_called: [129654695,com.microsoft.ruby.Main,performCreate]
03-14 04:50:05.491 6630 6630 I wm_on_start_called: [129654695,com.microsoft.ruby.Main,handleStartActivity]
03-14 04:50:05.495 6630 6630 I wm_on_resume_called: [129654695,com.microsoft.ruby.Main,RESUME_ACTIVITY]
03-14 04:50:05.498 6630 6630 I wm_on_top_resumed_gained_called: [129654695,com.microsoft.ruby.Main,topStateChangedWhenResumed]
03-14 04:50:05.503 954 1047 I input_focus: [Focus request 2a68f33 com.microsoft.emmx/com.microsoft.ruby.Main,reason=UpdateInputWindows]
03-14 04:50:05.499 0 0 I auditd : type=1400 audit(0.0:9161): avc: denied { kill } for comm="swapper/2" capability=5 scontext=u:r:kernel:s0 tcontext=u:r:kernel:s0 tclass=capability permissive=1
03-14 04:50:05.506 954 4806 I am_uid_running: 90000
03-14 04:50:05.506 954 4806 D CompatibilityChangeReporter: Compat change id reported: 135634846; UID 10033; state: DISABLED
03-14 04:50:05.506 954 4806 D CompatibilityChangeReporter: Compat change id reported: 177438394; UID 10033; state: DISABLED
03-14 04:50:05.506 954 4806 D CompatibilityChangeReporter: Compat change id reported: 135772972; UID 10033; state: DISABLED
03-14 04:50:05.506 954 4806 D CompatibilityChangeReporter: Compat change id reported: 135754954; UID 10033; state: ENABLED
03-14 04:50:05.506 954 1067 D CompatibilityChangeReporter: Compat change id reported: 143937733; UID 10033; state: ENABLED
03-14 04:50:05.537 954 2467 W FreeFormWindowHelper: Current Display FreeFormTask is null
03-14 04:50:05.537 954 12635 W FreeFormWindowHelper: Current Display FreeFormTask is null
03-14 04:50:05.574 954 1638 I input_interaction: Interaction with: edge-swipe (server), swipe-up (server), PointerEventDispatcher0 (server),
03-14 04:50:05.600 954 1067 W ActivityManager: Slow operation: 94ms so far, now at startProcess: returned from zygote!
03-14 04:50:05.600 954 1067 W ActivityManager: Slow operation: 94ms so far, now at startProcess: done updating battery stats
03-14 04:50:05.600 954 1067 I am_proc_start: [0,28401,90000,com.microsoft.emmx:sandboxed_process0:org.chromium.content.app.SandboxedProcessService0:55,,{com.microsoft.emmx/org.chromium.content.app.SandboxedProcessService0:55}]
03-14 04:50:05.600 954 1067 W ActivityManager: Slow operation: 94ms so far, now at startProcess: building log message
03-14 04:50:05.600 954 1067 I ActivityManager: Start proc 28401:com.microsoft.emmx:sandboxed_process0:org.chromium.content.app.SandboxedProcessService0:55/u0ai0 for {com.microsoft.emmx/org.chromium.content.app.SandboxedProcessService0:55}
03-14 04:50:05.600 954 1067 W ActivityManager: Slow operation: 94ms so far, now at startProcess: starting to update pids map
03-14 04:50:05.600 954 1067 W ActivityManager: Slow operation: 94ms so far, now at startProcess: done updating pids map
01-01 09:04:58.831 0 0 I binder : 28401:28401 ioctl 40046210 7ffedd5054 returned -22
03-14 04:50:05.608 954 12635 I am_proc_bound: [0,28401,com.microsoft.emmx:sandboxed_process0:org.chromium.content.app.SandboxedProcessService0:55]
03-14 04:50:05.609 954 12635 I am_uid_active: 90000
03-14 04:50:05.636 954 6613 I am_uid_running: 90001
03-14 04:50:05.637 954 6613 D CompatibilityChangeReporter: Compat change id reported: 135634846; UID 10033; state: DISABLED
03-14 04:50:05.637 954 6613 D CompatibilityChangeReporter: Compat change id reported: 177438394; UID 10033; state: DISABLED
03-14 04:50:05.637 954 6613 D CompatibilityChangeReporter: Compat change id reported: 135772972; UID 10033; state: DISABLED
03-14 04:50:05.637 954 6613 D CompatibilityChangeReporter: Compat change id reported: 135754954; UID 10033; state: ENABLED
