03-14 04:52:31.037 954 1064 I sysui_multi_action: [757,1717,758,1,759,0]
03-14 04:52:31.038 954 1064 I sysui_multi_action: [757,1717,758,2,759,0]
03-14 04:52:31.038 954 1064 I sysui_multi_action: [757,1717,758,3,759,0]
03-14 04:52:31.143 954 18689 W WindowManager: updateScale : 0.79357797
03-14 04:52:31.143 954 18689 W WindowManager: updateScale : 0.79357797
03-14 04:52:31.143 954 18689 W WindowManager: updateScale : 0.79357797
03-14 04:52:31.167 954 2468 I wm_finish_activity: [0,185465188,76,com.tencent.mtt/.SplashActivity,app-request]
03-14 04:52:31.168 954 2468 I wm_destroy_activity: [0,185465188,76,com.tencent.mtt/.SplashActivity,finish-imm:finishIfPossible]
03-14 04:52:31.171 954 2468 W WindowManager: updateScale : 0.79357797
03-14 04:52:31.171 954 2468 W WindowManager: updateScale : 0.79357797
03-14 04:52:31.178 13864 13864 I wm_on_stop_called: [185465188,com.tencent.mtt.SplashActivity,LIFECYCLER_STOP_ACTIVITY]
03-14 04:52:31.179 13864 13864 I wm_on_destroy_called: [185465188,com.tencent.mtt.SplashActivity,performDestroy]
03-14 04:52:31.180 954 5649 W WindowManager: updateScale : 0.79357797
03-14 04:52:31.180 954 5649 W WindowManager: updateScale : 0.79357797
03-14 04:52:31.188 13864 14021 E ActivityThread: Failed to find provider info for com.tencent.mm.sdk.comm.provider
03-14 04:52:31.453 954 1047 W WindowManager: updateScale : 0.79357797
03-14 04:52:31.453 954 1047 W WindowManager: updateScale : 0.79357797
03-14 04:52:31.454 954 1047 W WindowManager: updateScale : 0.79357797
03-14 04:52:31.454 954 1047 W WindowManager: updateScale : 0.79357797
03-14 04:52:31.471 954 1047 W WindowManager: updateScale : 0.79357797
03-14 04:52:31.471 954 1047 W WindowManager: updateScale : 0.79357797
03-14 04:52:31.495 30893 30893 I auditd : type=1400 audit(0.0:9876): avc: denied { open } for comm="getprop" path="/dev/__properties__/u:object_r:ab_update_gki_prop:s0" dev="tmpfs" ino=3266 scontext=u:r:untrusted_app_29:s0:c101,c256,c512,c768 tcontext=u:object_r:ab_update_gki_prop:s0 tclass=file permissive=1 app=com.tencent.mtt
01-01 09:07:24.725 0 0 I logd : logdr: UID=10101 GID=10101 PID=30894 n tail=0 logMask=99 pid=0 start=0ns deadline=0ns
03-14 04:52:31.495 30893 30893 I auditd : type=1400 audit(0.0:9877): avc: denied { getattr } for comm="getprop" path="/dev/__properties__/u:object_r:ab_update_gki_prop:s0" dev="tmpfs" ino=3266 scontext=u:r:untrusted_app_29:s0:c101,c256,c512,c768 tcontext=u:object_r:ab_update_gki_prop:s0 tclass=file permissive=1 app=com.tencent.mtt
03-14 04:52:31.495 30893 30893 I auditd : type=1400 audit(0.0:9878): avc: denied { map } for comm="getprop" path="/dev/__properties__/u:object_r:ab_update_gki_prop:s0" dev="tmpfs" ino=3266 scontext=u:r:untrusted_app_29:s0:c101,c256,c512,c768 tcontext=u:object_r:ab_update_gki_prop:s0 tclass=file permissive=1 app=com.tencent.mtt
03-14 04:52:31.495 30893 30893 I auditd : type=1400 audit(0.0:9879): avc: denied { open } for comm="getprop" path="/dev/__properties__/u:object_r:adbd_prop:s0" dev="tmpfs" ino=3268 scontext=u:r:untrusted_app_29:s0:c101,c256,c512,c768 tcontext=u:object_r:adbd_prop:s0 tclass=file permissive=1 app=com.tencent.mtt
03-14 04:52:31.495 30893 30893 I auditd : type=1400 audit(0.0:9880): avc: denied { getattr } for comm="getprop" path="/dev/__properties__/u:object_r:adbd_prop:s0" dev="tmpfs" ino=3268 scontext=u:r:untrusted_app_29:s0:c101,c256,c512,c768 tcontext=u:object_r:adbd_prop:s0 tclass=file permissive=1 app=com.tencent.mtt
03-14 04:52:31.558 954 4509 E PackageDexUsage: Unsupported context?
03-14 04:52:31.663 954 4509 D CompatibilityChangeReporter: Compat change id reported: 149924527; UID 10101; state: ENABLED
03-14 04:52:31.663 954 4509 D CompatibilityChangeReporter: Compat change id reported: 132649864; UID 10101; state: DISABLED
03-14 04:52:31.666 954 4509 D CompatibilityChangeReporter: Compat change id reported: 182734110; UID 10101; state: DISABLED
03-14 04:52:31.670 954 2468 W ContentProviderHelper: Permission Denial: opening provider com.android.launcher3.LauncherProvider from ProcessRecord{2fef779 13864:com.tencent.mtt/u0a101} (pid=13864, uid=10101) requires com.android.launcher3.permission.READ_SETTINGS or com.android.launcher3.permission.WRITE_SETTINGS
03-14 04:52:31.675 954 1064 W NotificationHistory: Attempted to remove conversation for locked/gone/disabled user 0
01-01 09:07:24.999 0 0 E DTC_ETH,link_delay_work_func: 3003, SQI=0, link=0
01-01 09:07:25.050 0 0 W perfetto: disabled ftrace
03-14 04:52:31.868 1271 30415 I iorapd : Perfetto TraceBuffer saved to file: /data/misc/iorapd/com.ss.android.lark/5300450/com.ss.android.lark.main.app.MainActivity/raw_traces/1678740751866315728.perfetto_trace.pb
03-14 04:52:31.929 954 1045 I commit_sys_config_file: [notification-policy,3688145]
01-01 09:07:25.231 0 0 W audit : audit_lost=10594 audit_rate_limit=5 audit_backlog_limit=64
01-01 09:07:25.231 0 0 E audit : rate limit exceeded
03-14 04:52:32.426 954 4509 I am_uid_running: 99004
03-14 04:52:32.426 954 4509 D CompatibilityChangeReporter: Compat change id reported: 135634846; UID 10096; state: DISABLED
03-14 04:52:32.427 954 1067 D CompatibilityChangeReporter: Compat change id reported: 143937733; UID 10096; state: ENABLED
03-14 04:52:32.436 954 1067 I am_proc_start: [0,30967,99004,com.android.webview:sandboxed_process0:org.chromium.content.app.SandboxedProcessService0:0,,{com.ss.android.lark/org.chromium.content.app.SandboxedProcessService0:0}]
03-14 04:52:32.437 954 1067 I ActivityManager: Start proc 30967:com.android.webview:sandboxed_process0:org.chromium.content.app.SandboxedProcessService0:0/u0i4 for {com.ss.android.lark/org.chromium.content.app.SandboxedProcessService0:0}
01-01 09:07:25.673 0 0 I binder : 30967:30967 ioctl 40046210 fffa1058 returned -22
03-14 04:52:32.451 954 5649 I am_proc_bound: [0,30967,com.android.webview:sandboxed_process0:org.chromium.content.app.SandboxedProcessService0:0]
03-14 04:52:32.454 954 5649 D CompatibilityChangeReporter: Compat change id reported: 168419799; UID 10096; state: DISABLED
03-14 04:52:32.499 0 0 I auditd : type=1400 audit(0.0:10559): avc: denied { kill } for comm="swapper/7" capability=5 scontext=u:r:kernel:s0 tcontext=u:r:kernel:s0 tclass=capability permissive=1
03-14 04:52:32.509 954 5649 I am_uid_running: 10066
03-14 04:52:32.510 954 5649 D CompatibilityChangeReporter: Compat change id reported: 135634846; UID 10066; state: DISABLED
03-14 04:52:32.510 954 1067 D CompatibilityChangeReporter: Compat change id reported: 143937733; UID 10066; state: ENABLED
03-14 04:52:32.518 954 1067 I am_proc_start: [0,31000,10066,com.android.webview:webview_service,service,{com.android.webview/org.chromium.android_webview.services.ComponentsProviderService}]
03-14 04:52:32.519 954 1067 I ActivityManager: Start proc 31000:com.android.webview:webview_service/u0a66 for service {com.android.webview/org.chromium.android_webview.services.ComponentsProviderService}
01-01 09:07:25.759 0 0 I binder : 31000:31000 ioctl 40046210 fffa1908 returned -22
03-14 04:52:32.540 954 5649 I am_proc_bound: [0,31000,com.android.webview:webview_service]
03-14 04:52:33.180 954 4509 W WindowManager: updateScale : 0.79357797
03-14 04:52:33.182 954 4509 W WindowManager: updateScale : 0.79357797
03-14 04:52:33.183 954 1047 I input_focus: [Focus request c8dcfcf com.tencent.mtt/com.tencent.mtt.MainActivity,reason=UpdateInputWindows]
03-14 04:52:33.208 954 1638 I input_focus: [Focus entering c8dcfcf com.tencent.mtt/com.tencent.mtt.MainActivity (server),reason=setFocusedWindow]
03-14 04:52:33.225 954 2460 I thunderperf: PlatormCompat.setOverrides: Uid1=10101 Pid1=13991 Uid2=10101 Pid2=13991
03-14 04:52:33.225 954 2460 I thunderperf: PlatormCompat.setOverrides: needCheck:false
03-14 04:52:33.225 954 2460 I thunderperf: CompatConfig.addOverrideUnsafe: bef-state=0
03-14 04:52:33.225 954 2460 I thunderperf: CompatConfig.addOverrideUnsafe: aft-state=0
03-14 04:52:33.225 954 2460 W PackageManager: MATCH_ANY_USER flag requires INTERACT_ACROSS_USERS permission: UID 10101 requires android.permission.INTERACT_ACROSS_USERS_FULL or android.permission.INTERACT_ACROSS_USERS to access user 0.
03-14 04:52:33.226 954 2460 I ActivityTaskManager: START u0 {flg=0x10000000 cmp=com.tencent.mtt/.backstageopen.BackstageTaskActivity} from uid 10101
03-14 04:52:33.229 954 2460 I wm_task_created: [77,-1]
03-14 04:52:33.229 954 2460 W ActivityTaskManager: Can't find TaskDisplayArea to determine support for multi window. Task id=77 attached=false
03-14 04:52:33.231 954 2460 I wm_task_moved: [77,1,8]
03-14 04:52:33.231 954 2460 I wm_task_to_front: [0,77]
03-14 04:52:33.231 954 2460 I wm_create_task: [0,77]
03-14 04:52:33.231 954 2460 I wm_create_activity: [0,13666414,77,com.tencent.mtt/.backstageopen.BackstageTaskActivity,NULL,NULL,NULL,276824064]
03-14 04:52:33.231 954 2460 I wm_task_moved: [77,1,8]
03-14 04:52:33.231 954 2460 V SplashScreenExceptionList: SplashScreen checking exception for package com.tencent.mtt (target sdk:29) -> false
03-14 04:52:33.232 954 2460 I wm_pause_activity: [0,194529402,com.android.launcher3/.uioverrides.QuickstepLauncher,userLeaving=true,pauseBackTasks]
03-14 04:52:33.232 2598 2598 I wm_on_paused_called: [194529402,com.android.launcher3.uioverrides.QuickstepLauncher,performPause]
03-14 04:52:33.232 954 2460 W WindowManager: updateScale : 0.79357797
03-14 04:52:33.233 954 5649 I ActivityTaskManager: FOREGROUND_APPLICATION_CHANGED to com.tencent.mtt.backstageopen.BackstageTaskActivity
03-14 04:52:33.234 954 5649 I ActivityTaskManager: The Process com.tencent.mtt:service Already Exists in BG. So sending its PID: 13991
03-14 04:52:33.234 954 5649 I wm_restart_activity: [0,13666414,77,com.tencent.mtt/.backstageopen.BackstageTaskActivity]
03-14 04:52:33.236 954 5649 I wm_set_resumed_activity: [0,com.tencent.mtt/.backstageopen.BackstageTaskActivity,minimalResumeActivityLocked]
03-14 04:52:33.239 13864 13864 I wm_on_top_resumed_lost_called: [265790938,com.tencent.mtt.MainActivity,topStateChangedWhenResumed]
03-14 04:52:33.243 954 2460 D CompatibilityChangeReporter: Compat change id reported: 171306433; UID 10101; state: DISABLED
03-14 04:52:33.246 954 1046 I sysui_multi_action: [757,803,799,window_time_2,802,3]
03-14 04:52:33.247 954 2468 I am_uid_active: 10062
03-14 04:52:33.267 954 1685 I netstats_mobile_sample: [0,0,0,0,0,0,0,0,0,0,0,0,1678740753267]
03-14 04:52:33.267 954 1685 I netstats_wifi_sample: [97524106,137293,15223078,123837,97524106,137293,15223078,123837,78432450,87752,11837316,98468,1678740753267]
03-14 04:52:33.263 674 674 I auditd : type=1400 audit(0.0:10560): avc: denied { add_name } for comm="Binder:674_1" name="globalAlert" scontext=u:r:netd:s0 tcontext=u:object_r:proc_net:s0 tclass=dir permissive=1
03-14 04:52:33.263 674 674 I auditd : type=1400 audit(0.0:10561): avc: denied { create } for comm="Binder:674_1" name="globalAlert" scontext=u:r:netd:s0 tcontext=u:object_r:proc_net:s0 tclass=file permissive=1
03-14 04:52:33.289 13991 13991 I wm_on_create_called: [13666414,com.tencent.mtt.backstageopen.BackstageTaskActivity,performCreate]
03-14 04:52:33.298 13991 13991 I wm_on_start_called: [13666414,com.tencent.mtt.backstageopen.BackstageTaskActivity,handleStartActivity]
03-14 04:52:33.315 954 4509 I ActivityTaskManager: moveTaskToBack: Task{ce1a45d #77 type=standard A=10101:backstageopen.BackstageTaskActivity U=0 visible=true mode=fullscreen translucent=true sz=1}
03-14 04:52:33.315 954 4509 I wm_task_moved: [77,0,0]
03-14 04:52:33.315 954 4509 W WindowManager: updateScale : 0.79357797
03-14 04:52:33.316 954 4509 I wm_focused_root_task: [0,0,76,77,moveTaskToBackLocked]
03-14 04:52:33.316 954 4509 I wm_add_to_stopping: [0,13666414,com.tencent.mtt/.backstageopen.BackstageTaskActivity,makeInvisible]
03-14 04:52:33.317 13991 13991 I wm_on_resume_called: [13666414,com.tencent.mtt.backstageopen.BackstageTaskActivity,RESUME_ACTIVITY]
03-14 04:52:33.317 954 1047 I input_focus: [Focus request c8dcfcf com.tencent.mtt/com.tencent.mtt.MainActivity,reason=UpdateInputWindows]
03-14 04:52:33.317 954 1046 I sysui_multi_action: [757,1144,758,8,806,com.tencent.mtt,871,com.tencent.mtt.backstageopen.BackstageTaskActivity]
03-14 04:52:33.319 954 1047 W WindowManager: updateScale : 0.79357797
03-14 04:52:33.320 954 1046 I wm_pause_activity: [0,13666414,com.tencent.mtt/.backstageopen.BackstageTaskActivity,userLeaving=false,pauseBackTasks]
03-14 04:52:33.321 954 1046 I ActivityTaskManager: FOREGROUND_APPLICATION_CHANGED to com.android.launcher3.uioverrides.QuickstepLauncher
03-14 04:52:33.322 954 1046 I wm_resume_activity: [0,194529402,12,com.android.launcher3/.uioverrides.QuickstepLauncher]
03-14 04:52:33.322 954 1046 I wm_stop_activity: [0,13666414,com.tencent.mtt/.backstageopen.BackstageTaskActivity]
03-14 04:52:33.324 2598 2598 I wm_on_resume_called: [194529402,com.android.launcher3.uioverrides.QuickstepLauncher,RESUME_ACTIVITY]
03-14 04:52:33.324 954 1047 W WindowManager: updateScale : 0.79357797
01-01 09:07:26.550 0 0 W audit : audit_lost=10597 audit_rate_limit=5 audit_backlog_limit=64
01-01 09:07:26.550 0 0 E audit : rate limit exceeded
03-14 04:52:33.329 954 1047 W WindowManager: updateScale : 0.79357797
03-14 04:52:33.331 954 1046 I sysui_multi_action: [757,803,799,window_time_0,802,1]
03-14 04:52:33.334 954 1046 I am_uid_running: 10086
03-14 04:52:33.334 13991 13991 I wm_on_top_resumed_gained_called: [13666414,com.tencent.mtt.backstageopen.BackstageTaskActivity,topStateChangedWhenResumed]
03-14 04:52:33.334 954 1046 D CompatibilityChangeReporter: Compat change id reported: 135634846; UID 10086; state: DISABLED
03-14 04:52:33.334 954 1046 D CompatibilityChangeReporter: Compat change id reported: 177438394; UID 10086; state: DISABLED
03-14 04:52:33.334 954 1046 D CompatibilityChangeReporter: Compat change id reported: 135772972; UID 10086; state: DISABLED
03-14 04:52:33.334 954 1046 D CompatibilityChangeReporter: Compat change id reported: 135754954; UID 10086; state: ENABLED
03-14 04:52:33.334 954 1067 D CompatibilityChangeReporter: Compat change id reported: 143937733; UID 10086; state: ENABLED
03-14 04:52:33.340 13991 13991 I wm_on_top_resumed_lost_called: [13666414,com.tencent.mtt.backstageopen.BackstageTaskActivity,topStateChangedWhenResumed]
03-14 04:52:33.341 954 5649 W WindowManager: updateScale : 0.79357797
03-14 04:52:33.342 13991 13991 I wm_on_paused_called: [13666414,com.tencent.mtt.backstageopen.BackstageTaskActivity,performPause]
03-14 04:52:33.342 954 1067 I am_proc_start: [0,31088,10086,com.android.music,NULL,]
03-14 04:52:33.342 954 1067 I ActivityManager: Start proc 31088:com.android.music/u0a86 for null
03-14 04:52:33.319 13991 13991 I auditd : type=1400 audit(0.0:10562): avc: denied { open } for comm="vrpool-2-thread" path="/dev/__properties__/u:object_r:net_dns_prop:s0" dev="tmpfs" ino=3415 scontext=u:r:untrusted_app_29:s0:c101,c256,c512,c768 tcontext=u:object_r:net_dns_prop:s0 tclass=file permissive=1 app=com.tencent.mtt
03-14 04:52:33.319 13991 13991 I auditd : type=1400 audit(0.0:10563): avc: denied { getattr } for comm="vrpool-2-thread" path="/dev/__properties__/u:object_r:net_dns_prop:s0" dev="tmpfs" ino=3415 scontext=u:r:untrusted_app_29:s0:c101,c256,c512,c768 tcontext=u:object_r:net_dns_prop:s0 tclass=file permissive=1 app=com.tencent.mtt
03-14 04:52:33.357 13864 13864 I wm_on_top_resumed_gained_called: [265790938,com.tencent.mtt.MainActivity,topStateChangedWhenResumed]
01-01 09:07:26.584 0 0 I binder : 31088:31088 ioctl 40046210 7ffedd5de4 returned -22
03-14 04:52:33.362 954 4509 I am_proc_bound: [0,31088,com.android.music]
03-14 04:52:33.366 13991 13991 I wm_on_stop_called: [13666414,com.tencent.mtt.backstageopen.BackstageTaskActivity,STOP_ACTIVITY_ITEM]
03-14 04:52:33.367 954 4509 D CompatibilityChangeReporter: Compat change id reported: 168419799; UID 10086; state: DISABLED
03-14 04:52:33.373 954 4509 I wm_finish_activity: [0,13666414,77,com.tencent.mtt/.backstageopen.BackstageTaskActivity,recent-task-trimmed]
03-14 04:52:33.373 954 4509 I ActivityTaskManager: FOREGROUND_APPLICATION_CHANGED to com.tencent.mtt.MainActivity
03-14 04:52:33.373 954 4509 I wm_destroy_activity: [0,13666414,77,com.tencent.mtt/.backstageopen.BackstageTaskActivity,finish-imm:finishIfPossible]
03-14 04:52:33.377 954 1046 I sysui_multi_action: [757,803,799,window_time_2,802,0]
03-14 04:52:33.397 954 4509 W WindowManager: updateScale : 0.79357797
03-14 04:52:33.400 13991 13991 I wm_on_destroy_called: [13666414,com.tencent.mtt.backstageopen.BackstageTaskActivity,performDestroy]
03-14 04:52:33.400 954 2468 W WindowManager: updateScale : 0.79357797
03-14 04:52:33.402 954 2468 I wm_task_removed: [77,removeChild:removeChild last r=ActivityRecord{d0886e u0 com.tencent.mtt/.backstageopen.BackstageTaskActivity t-1 f}} in t=Task{ce1a45d #77 type=standard A=10101:backstageopen.BackstageTaskActivity U=0 visible=false mode=fullscreen translucent=true sz=0}]
03-14 04:52:33.402 954 2468 I wm_task_removed: [77,removeChild]
03-14 04:52:33.475 954 5649 W FreeFormWindowHelper: Current Display FreeFormTask is Task{e2dd6f7 #76 type=standard A=10101:com.tencent.mtt U=0 visible=true mode=freeform translucent=false sz=1}
03-14 04:52:33.793 954 2964 E TaskPersister: File error accessing recents directory (directory doesn't exist?).
03-14 04:52:34.007 954 1171 I commit_sys_config_file: [package-user-0,1]
03-14 04:52:34.499 0 0 I auditd : type=1400 audit(0.0:10565): avc: denied { kill } for comm="swapper/5" capability=5 scontext=u:r:kernel:s0 tcontext=u:r:kernel:s0 tclass=capability permissive=1
03-14 04:52:34.695 954 1064 I sysui_multi_action: [757,1717,758,1,759,0]
03-14 04:52:34.695 954 1064 I sysui_multi_action: [757,1717,758,2,759,0]
03-14 04:52:34.695 954 1064 I sysui_multi_action: [757,1717,758,3,759,0]
03-14 04:52:35.235 979 979 I auditd : type=1400 audit(0.0:10566): avc: denied { add_name } for comm="perf@2.2-servic" name="force_rail_on" scontext=u:r:vendor_hal_perf_default:s0 tcontext=u:object_r:vendor_sysfs_kgsl:s0 tclass=dir permissive=1
03-14 04:52:35.235 979 979 I auditd : type=1400 audit(0.0:10567): avc: denied { create } for comm="perf@2.2-servic" name="force_rail_on" scontext=u:r:vendor_hal_perf_default:s0 tcontext=u:object_r:vendor_sysfs_kgsl:s0 tclass=file permissive=1
03-14 04:52:35.235 979 979 I auditd : type=1400 audit(0.0:10568): avc: denied { add_name } for comm="perf@2.2-servic" name="min_freq" scontext=u:r:vendor_hal_perf_default:s0 tcontext=u:object_r:vendor_sysfs_devfreq:s0 tclass=dir permissive=1
01-01 09:07:28.465 0 0 W audit : audit_lost=10598 audit_rate_limit=5 audit_backlog_limit=64
01-01 09:07:28.465 0 0 E audit : rate limit exceeded
03-14 04:52:35.235 979 979 I auditd : type=1400 audit(0.0:10569): avc: denied { create } for comm="perf@2.2-servic" name="min_freq" scontext=u:r:vendor_hal_perf_default:s0 tcontext=u:object_r:vendor_sysfs_devfreq:s0 tclass=file permissive=1
03-14 04:52:36.497 954 1066 I am_uid_idle: 10028
03-14 04:52:36.497 954 1066 I am_uid_idle: 10023
03-14 04:52:36.497 954 1066 I am_uid_idle: 10017
01-01 09:07:30.122 0 0 E DTC_ETH,link_delay_work_func: 3003, SQI=0, link=0
03-14 04:52:37.804 954 1685 I netstats_mobile_sample: [0,0,0,0,0,0,0,0,0,0,0,0,1678740757804]
03-14 04:52:37.804 954 1685 I netstats_wifi_sample: [100375844,139411,15345178,125832,100375844,139411,15345178,125832,81287532,89880,11953566,100449,1678740757804]
03-14 04:52:37.803 674 674 I auditd : type=1400 audit(0.0:10574): avc: denied { add_name } for comm="Binder:674_1" name="globalAlert" scontext=u:r:netd:s0 tcontext=u:object_r:proc_net:s0 tclass=dir permissive=1
03-14 04:52:37.803 674 674 I auditd : type=1400 audit(0.0:10575): avc: denied { create } for comm="Binder:674_1" name="globalAlert" scontext=u:r:netd:s0 tcontext=u:object_r:proc_net:s0 tclass=file permissive=1
03-14 04:52:37.964 954 2468 I thunderperf: PlatormCompat.setOverrides: Uid1=10074 Pid1=2598 Uid2=10074 Pid2=2598
03-14 04:52:37.964 954 2468 I thunderperf: PlatormCompat.setOverrides: needCheck:false
03-14 04:52:37.966 954 2468 I thunderperf: CompatConfig.addOverrideUnsafe: bef-state=0
03-14 04:52:37.966 954 2468 I thunderperf: CompatConfig.addOverrideUnsafe: aft-state=0
03-14 04:52:37.967 954 2468 I thunderperf: CompatConfig.addOverrideUnsafe: bef-state=0
03-14 04:52:37.967 954 2468 I thunderperf: CompatConfig.addOverrideUnsafe: aft-state=0
03-14 04:52:37.967 954 2468 I thunderperf: CompatConfig.addOverrideUnsafe: bef-state=0
03-14 04:52:37.967 954 2468 I thunderperf: CompatConfig.addOverrideUnsafe: aft-state=0
03-14 04:52:37.967 954 2468 I thunderperf: CompatConfig.addOverrideUnsafe: bef-state=0
03-14 04:52:37.967 954 2468 I thunderperf: CompatConfig.addOverrideUnsafe: aft-state=0
03-14 04:52:37.968 954 2468 I thunderperf: CompatConfig.addOverrideUnsafe: bef-state=0
03-14 04:52:37.968 954 2468 I thunderperf: CompatConfig.addOverrideUnsafe: aft-state=0
03-14 04:52:37.969 954 2468 I thunderperf: CompatConfig.addOverrideUnsafe: bef-state=0
03-14 04:52:37.969 954 2468 I thunderperf: CompatConfig.addOverrideUnsafe: aft-state=0
03-14 04:52:37.969 954 2468 I thunderperf: CompatConfig.addOverrideUnsafe: bef-state=0
03-14 04:52:37.969 954 2468 I thunderperf: CompatConfig.addOverrideUnsafe: aft-state=0
03-14 04:52:37.969 954 2468 I thunderperf: CompatConfig.addOverrideUnsafe: bef-state=0
03-14 04:52:37.969 954 2468 I thunderperf: CompatConfig.addOverrideUnsafe: aft-state=0
03-14 04:52:37.970 954 2468 I thunderperf: CompatConfig.addOverrideUnsafe: bef-state=0
03-14 04:52:37.970 954 2468 I thunderperf: CompatConfig.addOverrideUnsafe: aft-state=0
03-14 04:52:37.970 954 2468 I thunderperf: CompatConfig.addOverrideUnsafe: bef-state=0
03-14 04:52:37.971 954 2468 I thunderperf: CompatConfig.addOverrideUnsafe: aft-state=0
03-14 04:52:37.971 954 2468 I thunderperf: CompatConfig.addOverrideUnsafe: bef-state=0
03-14 04:52:37.971 954 2468 I thunderperf: CompatConfig.addOverrideUnsafe: aft-state=0
03-14 04:52:37.971 954 2468 I thunderperf: CompatConfig.addOverrideUnsafe: bef-state=0
03-14 04:52:37.971 954 2468 I thunderperf: CompatConfig.addOverrideUnsafe: aft-state=0
03-14 04:52:37.972 954 2468 I thunderperf: CompatConfig.addOverrideUnsafe: bef-state=0
03-14 04:52:37.972 954 2468 I thunderperf: CompatConfig.addOverrideUnsafe: aft-state=0
03-14 04:52:37.972 954 2468 I thunderperf: CompatConfig.addOverrideUnsafe: bef-state=0
03-14 04:52:37.972 954 2468 I thunderperf: CompatConfig.addOverrideUnsafe: aft-state=0
03-14 04:52:37.977 954 2468 I ActivityTaskManager: START u0 {act=android.intent.action.MAIN cat=[android.intent.category.LAUNCHER] flg=0x10200000 cmp=com.tencent.tmgp.sgame/.SGameActivity bnds=[664,358][940,632]} from uid 10074
03-14 04:52:37.981 954 2468 I wm_task_created: [78,-1]
03-14 04:52:37.981 954 2468 W ActivityTaskManager: Can't find TaskDisplayArea to determine support for multi window. Task id=78 attached=false
03-14 04:52:37.983 954 2468 D CompatibilityChangeReporter: Compat change id reported: 174042980; UID 10099; state: DISABLED
03-14 04:52:37.983 954 2468 D CompatibilityChangeReporter: Compat change id reported: 184838306; UID 10099; state: DISABLED
03-14 04:52:37.985 954 2468 D CompatibilityChangeReporter: Compat change id reported: 185004937; UID 10099; state: DISABLED
03-14 04:52:37.985 954 2468 D CompatibilityChangeReporter: Compat change id reported: 181136395; UID 10099; state: DISABLED
03-14 04:52:37.985 954 2468 D CompatibilityChangeReporter: Compat change id reported: 174042936; UID 10099; state: DISABLED
03-14 04:52:37.986 954 2468 I wm_task_moved: [78,1,8]
03-14 04:52:37.986 954 2468 I wm_task_to_front: [0,78]
03-14 04:52:37.986 954 2468 I wm_create_task: [0,78]
03-14 04:52:37.986 954 2468 I wm_create_activity: [0,24311392,78,com.tencent.tmgp.sgame/.SGameActivity,android.intent.action.MAIN,NULL,NULL,270532608]
03-14 04:52:37.986 954 2468 I wm_task_moved: [78,1,8]
03-14 04:52:37.986 954 2468 V SplashScreenExceptionList: SplashScreen checking exception for package com.tencent.tmgp.sgame (target sdk:29) -> false
03-14 04:52:37.987 2007 2166 D PhoneStartingWindowTypeAlgorithm: preferredStartingWindowType newTask:true taskSwitch:true processRunning:false allowTaskSnapshot:true activityCreated:false useEmptySplashScreen:false legacySplashScreen:false topIsHome:false
03-14 04:52:37.987 954 2468 I wm_pause_activity: [0,194529402,com.android.launcher3/.uioverrides.QuickstepLauncher,userLeaving=true,pauseBackTasks]
03-14 04:52:37.987 2007 2166 D StartingSurfaceDrawer: addSplashScreen com.tencent.tmgp.sgame theme=7f0c0002 task=78 suggestType=1
03-14 04:52:37.988 954 2468 W WindowManager: updateScale : 0.79357797
03-14 04:52:37.989 2007 2168 D StartingSurfaceDrawer: window attributes color: 0 icon null duration 0 brandImage null
03-14 04:52:37.989 954 5649 W FreeFormWindowHelper: Current Display FreeFormTask is Task{e2dd6f7 #76 type=standard A=10101:com.tencent.mtt U=0 visible=true mode=freeform translucent=false sz=1}
03-14 04:52:37.990 2598 2598 I wm_on_paused_called: [194529402,com.android.launcher3.uioverrides.QuickstepLauncher,performPause]
03-14 04:52:37.990 954 1046 I am_uid_running: 10099
03-14 04:52:37.991 954 5649 I ActivityTaskManager: FOREGROUND_APPLICATION_CHANGED to com.tencent.tmgp.sgame.SGameActivity
03-14 04:52:37.993 954 5649 I wm_add_to_stopping: [0,194529402,com.android.launcher3/.uioverrides.QuickstepLauncher,makeInvisible]
03-14 04:52:37.994 2007 2168 D StartingSurfaceDrawer: The icon is not an AdaptiveIconDrawable
03-14 04:52:37.995 2007 2168 D StartingSurfaceDrawer: fillViewWithIcon surfaceWindowView android.window.SplashScreenView{2ea46e9 V.E...... ......ID 0,0-0,0}
03-14 04:52:37.998 954 1046 D CompatibilityChangeReporter: Compat change id reported: 135634846; UID 10099; state: DISABLED
03-14 04:52:37.998 954 1046 D CompatibilityChangeReporter: Compat change id reported: 177438394; UID 10099; state: DISABLED
03-14 04:52:37.999 954 1046 D CompatibilityChangeReporter: Compat change id reported: 135772972; UID 10099; state: DISABLED
03-14 04:52:37.999 954 1046 D CompatibilityChangeReporter: Compat change id reported: 135754954; UID 10099; state: DISABLED
03-14 04:52:37.999 13864 13864 I wm_on_top_resumed_lost_called: [265790938,com.tencent.mtt.MainActivity,topStateChangedWhenResumed]
03-14 04:52:37.999 954 1067 D CompatibilityChangeReporter: Compat change id reported: 143937733; UID 10099; state: DISABLED
03-14 04:52:37.999 954 1046 I sysui_multi_action: [757,803,799,window_time_2,802,4]
03-14 04:52:38.005 954 2468 W WindowManager: updateScale : 0.79357797
03-14 04:52:38.006 954 1067 I am_proc_start: [0,31198,10099,com.tencent.tmgp.sgame,pre-top-activity,{com.tencent.tmgp.sgame/com.tencent.tmgp.sgame.SGameActivity}]
03-14 04:52:38.006 954 1067 I ActivityManager: Start proc 31198:com.tencent.tmgp.sgame/u0a99 for pre-top-activity {com.tencent.tmgp.sgame/com.tencent.tmgp.sgame.SGameActivity}
03-14 04:52:38.010 954 31199 W ContextImpl: Calling a method in the system process without a qualified user: android.app.ContextImpl.sendBroadcast:1173 com.qualcomm.qti.Performance$SendGameLaunchBroadcast.run:217 java.lang.Thread.run:920
03-14 04:52:38.016 954 1047 W WindowManager: updateScale : 0.79357797
01-01 09:07:31.240 0 0 W perfetto: enabled ftrace
03-14 04:52:38.020 954 1064 I am_pss : [27072,10093,com.qiyi.video:downloader,37067776,19771392,41984,149614592,0,10,8]
03-14 04:52:38.021 954 1047 W WindowManager: updateScale : 0.79357797
03-14 04:52:38.021 954 1047 W WindowManager: updateScale : 0.79357797
01-01 09:07:31.250 0 0 I binder : 31198:31198 ioctl 40046210 7ffedd5de4 returned -22
03-14 04:52:38.027 954 2468 I am_proc_bound: [0,31198,com.tencent.tmgp.sgame]
03-14 04:52:38.029 954 2468 I wm_restart_activity: [0,24311392,78,com.tencent.tmgp.sgame/.SGameActivity]
03-14 04:52:38.031 954 2468 I wm_set_resumed_activity: [0,com.tencent.tmgp.sgame/.SGameActivity,minimalResumeActivityLocked]
03-14 04:52:38.031 954 1046 I am_uid_active: 10099
03-14 04:52:38.041 2221 3845 W ContextImpl: Calling a method in the system process without a qualified user: android.app.ContextImpl.startService:1816 android.content.ContextWrapper.startService:774 com.thundercomm.gamemode.ingame.services.GameModeActionUtils.startGameModeService:118 com.thundercomm.gamemode.ingame.services.GameModeActionUtils.startGameModeEntry:29 com.thundercomm.gamemode.ingame.services.ActivityMonitoringService$1.onActivityLaunch:140
03-14 04:52:38.044 954 954 I GameModeConfig: Current uri is uri = content://com.thundercomm.gamemode.api/gamemode_settings/gamemode_isgaming
03-14 04:52:38.046 954 954 I GameModeConfig: isGameModeOn = false
03-14 04:52:38.046 954 954 I GameModeConfig: isGameModeOn = false
03-14 04:52:38.046 954 954 I GameModeConfig: isDisableVoice = true
03-14 04:52:38.063 31198 31198 I auditd : type=1400 audit(0.0:10576): avc: denied { open } for comm="cent.tmgp.sgame" path="/dev/__properties__/u:object_r:vendor_default_prop:s0" dev="tmpfs" ino=3519 scontext=u:r:untrusted_app_29:s0:c99,c256,c512,c768 tcontext=u:object_r:vendor_default_prop:s0 tclass=file permissive=1 app=com.tencent.tmgp.sgame
03-14 04:52:38.063 31198 31198 I auditd : type=1400 audit(0.0:10577): avc: denied { getattr } for comm="cent.tmgp.sgame" path="/dev/__properties__/u:object_r:vendor_default_prop:s0" dev="tmpfs" ino=3519 scontext=u:r:untrusted_app_29:s0:c99,c256,c512,c768 tcontext=u:object_r:vendor_default_prop:s0 tclass=file permissive=1 app=com.tencent.tmgp.sgame
03-14 04:52:38.063 31198 31198 I auditd : type=1400 audit(0.0:10578): avc: denied { map } for comm="cent.tmgp.sgame" path="/dev/__properties__/u:object_r:vendor_default_prop:s0" dev="tmpfs" ino=3519 scontext=u:r:untrusted_app_29:s0:c99,c256,c512,c768 tcontext=u:object_r:vendor_default_prop:s0 tclass=file permissive=1 app=com.tencent.tmgp.sgame
03-14 04:52:38.070 31198 31222 D ActivityThread: Loading provider com.tencent.tmgp.sgame.XG_SETTINGS_PROVIDER: com.tencent.tpns.baseapi.base.SettingsContentProvider
03-14 04:52:38.094 954 4509 W FreeFormWindowHelper: Current Display FreeFormTask is Task{e2dd6f7 #76 type=standard A=10101:com.tencent.mtt U=0 visible=false mode=freeform translucent=true sz=1}
03-14 04:52:38.103 954 954 W WindowManager: removeWindowToken: Attempted to remove non-existing token: android.os.Binder@4f69771
03-14 04:52:38.122 954 1638 I input_interaction: Interaction with: edge-swipe (server), swipe-up (server), PointerEventDispatcher0 (server),
01-01 09:07:31.348 0 0 W audit : audit_lost=10602 audit_rate_limit=5 audit_backlog_limit=64
01-01 09:07:31.348 0 0 E audit : rate limit exceeded
03-14 04:52:38.300 954 2468 W WindowManager: Failed looking up window session=Session{ad846fd 31198:u0a10099} callers=com.android.server.wm.WindowManagerService.windowForClientLocked:5628 com.android.server.wm.Session.insetsModified:629 android.view.IWindowSession$Stub.onTransact:1151
03-14 04:52:38.302 31198 31198 I wm_on_create_called: [24311392,com.tencent.tmgp.sgame.SGameActivity,performCreate]
03-14 04:52:38.303 31198 31198 I wm_on_start_called: [24311392,com.tencent.tmgp.sgame.SGameActivity,handleStartActivity]
03-14 04:52:38.303 31198 31198 I wm_on_resume_called: [24311392,com.tencent.tmgp.sgame.SGameActivity,RESUME_ACTIVITY]
03-14 04:52:38.305 31198 31198 I wm_on_top_resumed_gained_called: [24311392,com.tencent.tmgp.sgame.SGameActivity,topStateChangedWhenResumed]
03-14 04:52:38.310 954 18689 W WindowManager: updateScale : 0.79357797
03-14 04:52:38.311 954 1047 I input_focus: [Focus request f9924c0 com.tencent.tmgp.sgame/com.tencent.tmgp.sgame.SGameActivity,reason=UpdateInputWindows]
01-01 09:07:31.553 0 0 I binder : 31198:31225 ioctl 40046210 7b3270a1f4 returned -22
03-14 04:52:38.336 954 1638 I input_focus: [Focus leaving c8dcfcf com.tencent.mtt/com.tencent.mtt.MainActivity (server),reason=Waiting for window because NOT_VISIBLE]
03-14 04:52:38.355 954 4590 W WindowManager: updateScale : 0.79357797
03-14 04:52:38.358 954 1047 W WindowManager: updateScale : 0.79357797
03-14 04:52:38.359 954 1047 W WindowManager: updateScale : 0.79357797
03-14 04:52:38.360 954 1047 W WindowManager: updateScale : 0.79357797
03-14 04:52:38.361 2007 2166 D StartingSurfaceDrawer: Task start finish, remove starting surface for task 78
03-14 04:52:38.361 2007 2166 V StartingSurfaceDrawer: Removing splash screen window for task: 78
03-14 04:52:38.361 954 1043 I sysui_multi_action: [319,43,321,39,322,383,325,3728,757,761,758,7,759,1,806,com.tencent.tmgp.sgame,871,com.tencent.tmgp.sgame.SGameActivity,904,com.android.launcher3,905,0,945,51,1320,4,1321,4]
03-14 04:52:38.362 954 1043 I wm_activity_launch_time: [0,24311392,com.tencent.tmgp.sgame/.SGameActivity,383]
03-14 04:52:38.370 954 1638 I input_focus: [Focus entering f9924c0 com.tencent.tmgp.sgame/com.tencent.tmgp.sgame.SGameActivity (server),reason=Window became focusable. Previous reason: NOT_VISIBLE]
03-14 04:52:38.555 954 1047 W WindowManager: updateScale : 0.79357797
03-14 04:52:38.556 954 1046 I wm_stop_activity: [0,194529402,com.android.launcher3/.uioverrides.QuickstepLauncher]
03-14 04:52:38.571 954 969 W WindowManager: updateScale : 0.79357797
03-14 04:52:38.573 2598 2598 I wm_on_stop_called: [194529402,com.android.launcher3.uioverrides.QuickstepLauncher,STOP_ACTIVITY_ITEM]
03-14 04:52:38.718 954 18689 W WindowManager: updateScale : 0.79357797
03-14 04:52:38.719 954 4590 W WindowManager: updateScale : 0.79357797
03-14 04:52:38.872 954 1047 W WindowManager: updateScale : 0.79357797
03-14 04:52:38.872 954 1047 W WindowManager: updateScale : 0.79357797
03-14 04:52:38.888 954 1047 W WindowManager: updateScale : 0.79357797
03-14 04:52:38.892 954 1638 I input_interaction: Interaction with: f9924c0 com.tencent.tmgp.sgame/com.tencent.tmgp.sgame.SGameActivity (server), edge-swipe (server), swipe-up (server), PointerEventDispatcher0 (server),
01-01 09:07:32.110 0 0 E msm_pcm_playback_close: CMD_EOS failed, cmd_pending 0x8
03-14 04:52:38.895 954 4590 W FreeFormWindowHelper: Current Display FreeFormTask is Task{e2dd6f7 #76 type=standard A=10101:com.tencent.mtt U=0 visible=false mode=freeform translucent=true sz=1}
03-14 04:52:38.895 954 4590 W FreeFormWindowHelper: Current Display FreeFormTask is Task{e2dd6f7 #76 type=standard A=10101:com.tencent.mtt U=0 visible=false mode=freeform translucent=true sz=1}
03-14 04:52:38.896 954 4590 W FreeFormWindowHelper: Current Display FreeFormTask is Task{e2dd6f7 #76 type=standard A=10101:com.tencent.mtt U=0 visible=false mode=freeform translucent=true sz=1}
01-01 09:07:32.121 0 0 I afe_close: port_id = 0x9000
03-14 04:52:38.897 954 18689 I wm_task_moved: [1,0,0]
03-14 04:52:38.897 954 18689 I wm_task_moved: [1,0,7]
03-14 04:52:38.897 954 4590 W FreeFormWindowHelper: Current Display FreeFormTask is Task{e2dd6f7 #76 type=standard A=10101:com.tencent.mtt U=0 visible=false mode=freeform translucent=true sz=1}
03-14 04:52:38.898 954 18689 W WindowManager: updateScale : 0.79357797
03-14 04:52:38.902 2598 2598 I wm_on_restart_called: [194529402,com.android.launcher3.uioverrides.QuickstepLauncher,performRestartActivity]
03-14 04:52:38.903 954 4590 W FreeFormWindowHelper: Current Display FreeFormTask is Task{e2dd6f7 #76 type=standard A=10101:com.tencent.mtt U=0 visible=false mode=freeform translucent=true sz=1}
03-14 04:52:38.904 954 18689 W FreeFormWindowHelper: Current Display FreeFormTask is Task{e2dd6f7 #76 type=standard A=10101:com.tencent.mtt U=0 visible=false mode=freeform translucent=true sz=1}
03-14 04:52:38.923 2598 2598 I wm_on_start_called: [194529402,com.android.launcher3.uioverrides.QuickstepLauncher,handleStartActivity]
01-01 09:07:32.141 0 0 I afe_find_cal_topo_id_by_port: port id: 0x9000, dev_acdb_id: 0
01-01 09:07:32.141 0 0 I afe_find_cal_topo_id_by_port: top_id:112fc acdb_id:15 afe_port:0x9000
01-01 09:07:32.141 0 0 I afe_get_cal_topology_id: port_id = 0x9000 acdb_id = 15 topology_id = 0x112fc cal_type_index=8 ret=0
03-14 04:52:38.926 954 4590 W WindowManager: updateScale : 0.79357797
01-01 09:07:32.141 0 0 I afe_send_port_topology_id: AFE set topology id 0x112fc enable for port 0x9000 ret 0
01-01 09:07:32.141 0 0 I send_afe_cal_type: cal_index is 0
01-01 09:07:32.141 0 0 I send_afe_cal_type: dev_acdb_id[55] is 0
01-01 09:07:32.141 0 0 I send_afe_cal_type: Sending cal_index cal 0
01-01 09:07:32.141 0 0 E send_afe_cal_type: No cal sent for cal_index 0, port_id = 0x9000! ret -22
01-01 09:07:32.150 0 0 I afe_send_hw_delay: port_id 0x9000 rate 48000 delay_usec 474 status 0
03-14 04:52:38.928 954 4590 W FreeFormWindowHelper: Current Display FreeFormTask is Task{e2dd6f7 #76 type=standard A=10101:com.tencent.mtt U=0 visible=false mode=freeform translucent=true sz=1}
03-14 04:52:38.928 954 4590 W FreeFormWindowHelper: Current Display FreeFormTask is Task{e2dd6f7 #76 type=standard A=10101:com.tencent.mtt U=0 visible=false mode=freeform translucent=true sz=1}
03-14 04:52:38.931 31198 31198 I view_enqueue_input_event: [Motion - Cancel,com.tencent.tmgp.sgame/com.tencent.tmgp.sgame.SGameActivity]
03-14 04:52:38.932 954 1043 D AutofillManagerService: Close system dialogs
03-14 04:52:38.932 2598 2598 I sysui_latency: [1,36]
03-14 04:52:38.934 954 1047 I input_focus: [Focus request recents_animation_input_consumer,reason=UpdateInputWindows]
03-14 04:52:38.934 954 1047 W WindowManager: updateScale : 0.79357797
03-14 04:52:38.934 954 1047 W WindowManager: updateScale : 0.79357797
03-14 04:52:38.935 954 1047 W WindowManager: updateScale : 0.79357797
03-14 04:52:38.937 954 1043 I sysui_multi_action: [319,3,322,38,325,3729,757,761,758,9,759,5,806,com.android.launcher3,871,com.android.launcher3.uioverrides.QuickstepLauncher,905,0,1320,4,1321,1]
03-14 04:52:38.937 954 18689 W FreeFormWindowHelper: Current Display FreeFormTask is Task{e2dd6f7 #76 type=standard A=10101:com.tencent.mtt U=0 visible=false mode=freeform translucent=true sz=1}
03-14 04:52:38.937 954 18689 W FreeFormWindowHelper: Current Display FreeFormTask is Task{e2dd6f7 #76 type=standard A=10101:com.tencent.mtt U=0 visible=false mode=freeform translucent=true sz=1}
03-14 04:52:38.938 954 1638 I input_focus: [Focus leaving f9924c0 com.tencent.tmgp.sgame/com.tencent.tmgp.sgame.SGameActivity (server),reason=NOT_FOCUSABLE]
03-14 04:52:38.938 954 1638 I input_focus: [Focus entering recents_animation_input_consumer (server),reason=setFocusedWindow]
03-14 04:52:38.939 954 18689 W FreeFormWindowHelper: Current Display FreeFormTask is Task{e2dd6f7 #76 type=standard A=10101:com.tencent.mtt U=0 visible=false mode=freeform translucent=true sz=1}
03-14 04:52:38.940 954 18689 W FreeFormWindowHelper: Current Display FreeFormTask is Task{e2dd6f7 #76 type=standard A=10101:com.tencent.mtt U=0 visible=false mode=freeform translucent=true sz=1}
03-14 04:52:38.944 954 1638 I input_interaction: Interaction with: edge-swipe (server), swipe-up (server), PointerEventDispatcher0 (server),
03-14 04:52:38.953 954 18689 W FreeFormWindowHelper: Current Display FreeFormTask is Task{e2dd6f7 #76 type=standard A=10101:com.tencent.mtt U=0 visible=false mode=freeform translucent=true sz=1}
03-14 04:52:38.954 954 969 W FreeFormWindowHelper: Current Display FreeFormTask is Task{e2dd6f7 #76 type=standard A=10101:com.tencent.mtt U=0 visible=false mode=freeform translucent=true sz=1}
03-14 04:52:38.970 954 4590 W FreeFormWindowHelper: Current Display FreeFormTask is Task{e2dd6f7 #76 type=standard A=10101:com.tencent.mtt U=0 visible=false mode=freeform translucent=true sz=1}
03-14 04:52:38.970 954 4590 W FreeFormWindowHelper: Current Display FreeFormTask is Task{e2dd6f7 #76 type=standard A=10101:com.tencent.mtt U=0 visible=false mode=freeform translucent=true sz=1}
03-14 04:52:38.986 954 969 W FreeFormWindowHelper: Current Display FreeFormTask is Task{e2dd6f7 #76 type=standard A=10101:com.tencent.mtt U=0 visible=false mode=freeform translucent=true sz=1}
03-14 04:52:38.988 954 969 W FreeFormWindowHelper: Current Display FreeFormTask is Task{e2dd6f7 #76 type=standard A=10101:com.tencent.mtt U=0 visible=false mode=freeform translucent=true sz=1}
03-14 04:52:39.003 954 969 W FreeFormWindowHelper: Current Display FreeFormTask is Task{e2dd6f7 #76 type=standard A=10101:com.tencent.mtt U=0 visible=false mode=freeform translucent=true sz=1}
03-14 04:52:39.004 954 4590 W FreeFormWindowHelper: Current Display FreeFormTask is Task{e2dd6f7 #76 type=standard A=10101:com.tencent.mtt U=0 visible=false mode=freeform translucent=true sz=1}
03-14 04:52:39.087 954 1047 W WindowManager: updateScale : 0.79357797
03-14 04:52:39.123 954 1610 I commit_sys_config_file: [settings-1-0,1]
03-14 04:52:39.153 954 4590 W FreeFormWindowHelper: exitRecentTasks type=0
03-14 04:52:39.156 954 2468 W FreeFormWindowHelper: Current Display FreeFormTask is Task{e2dd6f7 #76 type=standard A=10101:com.tencent.mtt U=0 visible=false mode=freeform translucent=true sz=1}
03-14 04:52:39.157 954 18689 W FreeFormWindowHelper: Current Display FreeFormTask is Task{e2dd6f7 #76 type=standard A=10101:com.tencent.mtt U=0 visible=false mode=freeform translucent=true sz=1}
03-14 04:52:39.235 954 1064 I sysui_latency: [8,42]
03-14 04:52:39.357 954 1610 I commit_sys_config_file: [settings-1-0,2]
03-14 04:52:39.499 0 0 I auditd : type=1400 audit(0.0:10585): avc: denied { kill } for comm="swapper/7" capability=5 scontext=u:r:kernel:s0 tcontext=u:r:kernel:s0 tclass=capability permissive=1
03-14 04:52:39.771 954 4590 W FreeFormWindowHelper: Current Display FreeFormTask is Task{e2dd6f7 #76 type=standard A=10101:com.tencent.mtt U=0 visible=false mode=freeform translucent=true sz=1}
03-14 04:52:39.772 954 4590 W FreeFormWindowHelper: Current Display FreeFormTask is Task{e2dd6f7 #76 type=standard A=10101:com.tencent.mtt U=0 visible=false mode=freeform translucent=true sz=1}
03-14 04:52:39.775 954 4590 I wm_task_moved: [1,1,8]
03-14 04:52:39.775 954 4590 I wm_task_moved: [12,1,2147483647]
03-14 04:52:39.775 954 4590 I wm_task_to_front: [0,12]
03-14 04:52:39.775 31198 31198 I wm_on_top_resumed_lost_called: [24311392,com.tencent.tmgp.sgame.SGameActivity,topStateChangedWhenResumed]
03-14 04:52:39.775 954 4590 I wm_focused_root_task: [0,0,1,78,RecentsAnimation.onAnimationFinished()]
03-14 04:52:39.776 954 4590 I wm_set_resumed_activity: [0,com.android.launcher3/.uioverrides.QuickstepLauncher,RecentsAnimation.onAnimationFinished()]
03-14 04:52:39.776 954 4590 I wm_pause_activity: [0,24311392,com.tencent.tmgp.sgame/.SGameActivity,userLeaving=true,pauseBackTasks]
03-14 04:52:39.776 954 4590 I wm_add_to_stopping: [0,24311392,com.tencent.tmgp.sgame/.SGameActivity,makeInvisible]
03-14 04:52:39.776 954 4590 I ActivityTaskManager: FOREGROUND_APPLICATION_CHANGED to com.android.launcher3.uioverrides.QuickstepLauncher
03-14 04:52:39.776 954 4590 I wm_set_resumed_activity: [0,com.android.launcher3/.uioverrides.QuickstepLauncher,resumeTopActivityInnerLocked]
03-14 04:52:39.778 954 4590 I wm_resume_activity: [0,194529402,12,com.android.launcher3/.uioverrides.QuickstepLauncher]
03-14 04:52:39.778 954 4590 W WindowManager: updateScale : 0.79357797
03-14 04:52:39.779 2598 2598 I wm_on_resume_called: [194529402,com.android.launcher3.uioverrides.QuickstepLauncher,RESUME_ACTIVITY]
03-14 04:52:39.780 954 4590 W WindowManager: updateScale : 0.79357797
03-14 04:52:39.781 954 1047 I input_focus: [Focus request fca4b77 com.android.launcher3/com.android.launcher3.uioverrides.QuickstepLauncher,reason=UpdateInputWindows]
03-14 04:52:39.781 31198 31198 I wm_on_paused_called: [24311392,com.tencent.tmgp.sgame.SGameActivity,performPause]
03-14 04:52:39.782 954 1046 I wm_stop_activity: [0,24311392,com.tencent.tmgp.sgame/.SGameActivity]
03-14 04:52:39.783 954 1046 I sysui_multi_action: [757,803,799,window_time_0,802,2]
03-14 04:52:39.783 954 1046 I sysui_multi_action: [757,803,799,window_time_0,802,0]
03-14 04:52:39.788 954 969 W WindowManager: updateScale : 0.79357797
03-14 04:52:39.790 954 1638 I input_focus: [Focus leaving recents_animation_input_consumer (server),reason=NOT_VISIBLE]
03-14 04:52:39.791 2598 2598 I wm_on_top_resumed_gained_called: [194529402,com.android.launcher3.uioverrides.QuickstepLauncher,topStateChangedWhenResumed]
03-14 04:52:39.792 954 2468 W WindowManager: updateScale : 0.79357797
03-14 04:52:39.796 954 4590 W WindowManager: updateScale : 0.79357797
03-14 04:52:39.801 31198 31198 I wm_on_stop_called: [24311392,com.tencent.tmgp.sgame.SGameActivity,STOP_ACTIVITY_ITEM]
03-14 04:52:39.806 954 1638 I input_focus: [Focus entering fca4b77 com.android.launcher3/com.android.launcher3.uioverrides.QuickstepLauncher (server),reason=setFocusedWindow]
03-14 04:52:39.808 954 1047 W WindowManager: updateScale : 0.79357797
03-14 04:52:39.811 954 1064 I am_pss : [13864,10101,com.tencent.mtt,184624128,128450560,46080,349167616,0,2,15]
03-14 04:52:39.846 954 969 D CompatibilityChangeReporter: Compat change id reported: 135634846; UID 10096; state: DISABLED
03-14 04:52:39.846 954 1067 D CompatibilityChangeReporter: Compat change id reported: 143937733; UID 10096; state: ENABLED
03-14 04:52:39.851 954 1067 I am_proc_start: [0,31261,10096,com.ss.android.lark:wschannel,content provider,{com.ss.android.lark/ee.android.framework.manis.base.stub.ManisStubProvider4}]
03-14 04:52:39.851 954 1067 I ActivityManager: Start proc 31261:com.ss.android.lark:wschannel/u0a96 for content provider {com.ss.android.lark/ee.android.framework.manis.base.stub.ManisStubProvider4}
01-01 09:07:33.084 0 0 I binder : 31261:31261 ioctl 40046210 fffa1908 returned -22
03-14 04:52:39.861 954 969 I am_proc_bound: [0,31261,com.ss.android.lark:wschannel]
03-14 04:52:39.862 954 969 D CompatibilityChangeReporter: Compat change id reported: 168419799; UID 10096; state: DISABLED
03-14 04:52:39.882 954 1638 I input_interaction: Interaction with: fca4b77 com.android.launcher3/com.android.launcher3.uioverrides.QuickstepLauncher (server), 45b849f com.android.systemui.ImageWallpaper (server), edge-swipe (server), swipe-up (server), PointerEventDispatcher0 (server),
03-14 04:52:39.884 954 4590 W FreeFormWindowHelper: Current Display FreeFormTask is Task{e2dd6f7 #76 type=standard A=10101:com.tencent.mtt U=0 visible=false mode=freeform translucent=true sz=1}
03-14 04:52:39.987 979 979 I auditd : type=1400 audit(0.0:10586): avc: denied { add_name } for comm="perf@2.2-servic" name="force_rail_on" scontext=u:r:vendor_hal_perf_default:s0 tcontext=u:object_r:vendor_sysfs_kgsl:s0 tclass=dir permissive=1
03-14 04:52:39.987 979 979 I auditd : type=1400 audit(0.0:10587): avc: denied { create } for comm="perf@2.2-servic" name="force_rail_on" scontext=u:r:vendor_hal_perf_default:s0 tcontext=u:object_r:vendor_sysfs_kgsl:s0 tclass=file permissive=1
03-14 04:52:39.987 979 979 I auditd : type=1400 audit(0.0:10588): avc: denied { add_name } for comm="perf@2.2-servic" name="min_freq" scontext=u:r:vendor_hal_perf_default:s0 tcontext=u:object_r:vendor_sysfs_devfreq:s0 tclass=dir permissive=1
01-01 09:07:33.215 0 0 W audit : audit_lost=10608 audit_rate_limit=5 audit_backlog_limit=64
01-01 09:07:33.215 0 0 E audit : rate limit exceeded
03-14 04:52:39.987 979 979 I auditd : type=1400 audit(0.0:10589): avc: denied { create } for comm="perf@2.2-servic" name="min_freq" scontext=u:r:vendor_hal_perf_default:s0 tcontext=u:object_r:vendor_sysfs_devfreq:s0 tclass=file permissive=1
03-14 04:52:40.433 954 1066 I ActivityManager: Waited long enough for: ServiceRecord{619fd2e u0 com.qiyi.video/org.qiyi.pluginlibrary.component.ServiceProxy1}
01-01 09:07:33.728 0 0 I logd : logdr: UID=1000 GID=1000 PID=31325 n tail=127 logMask=19 pid=0 start=0ns deadline=0ns
01-01 09:07:33.849 0 0 I logd : logdr: UID=1000 GID=1000 PID=31333 n tail=127 logMask=80 pid=0 start=0ns deadline=0ns
03-14 04:52:40.715 925 925 I auditd : type=1400 audit(0.0:10595): avc: denied { search } for comm="wifi@1.0-servic" name="tombstones" dev="dm-10" ino=36 scontext=u:r:hal_wifi_default:s0 tcontext=u:object_r:vendor_tombstone_data_file:s0 tclass=dir permissive=1
03-14 04:52:40.715 925 925 I auditd : type=1400 audit(0.0:10596): avc: denied { read } for comm="wifi@1.0-servic" name="wifi" dev="dm-10" ino=37 scontext=u:r:hal_wifi_default:s0 tcontext=u:object_r:vendor_tombstone_data_file:s0 tclass=dir permissive=1
03-14 04:52:40.715 925 925 I auditd : type=1400 audit(0.0:10597): avc: denied { open } for comm="wifi@1.0-servic" path="/data/vendor/tombstones/wifi" dev="dm-10" ino=37 scontext=u:r:hal_wifi_default:s0 tcontext=u:object_r:vendor_tombstone_data_file:s0 tclass=dir permissive=1
03-14 04:52:40.715 925 925 I auditd : type=1400 audit(0.0:10598): avc: denied { getattr } for comm="wifi@1.0-servic" path="/data/vendor/tombstones/wifi/connectivity_events_rbYuYzroNsiN" dev="dm-10" ino=9451 scontext=u:r:hal_wifi_default:s0 tcontext=u:object_r:vendor_tombstone_data_file:s0 tclass=file permissive=1
03-14 04:52:40.715 925 925 I auditd : type=1400 audit(0.0:10599): avc: denied { write } for comm="wifi@1.0-servic" name="wifi" dev="dm-10" ino=37 scontext=u:r:hal_wifi_default:s0 tcontext=u:object_r:vendor_tombstone_data_file:s0 tclass=dir permissive=1
03-14 04:52:40.996 954 2964 E TaskPersister: File error accessing recents directory (directory doesn't exist?).
03-14 04:52:41.235 954 1638 I input_interaction: Interaction with: c8dcfcf com.tencent.mtt/com.tencent.mtt.MainActivity (server), edge-swipe (server), swipe-up (server), PointerEventDispatcher0 (server),
03-14 04:52:41.237 954 1046 I wm_task_moved: [76,1,8]
03-14 04:52:41.237 954 1046 I wm_task_to_front: [0,76]
03-14 04:52:41.240 954 1046 W WindowManager: updateScale : 0.79357797
03-14 04:52:41.244 954 1046 I wm_set_resumed_activity: [0,com.tencent.mtt/.MainActivity,positionChildAt]
03-14 04:52:41.244 954 1046 I wm_focused_root_task: [0,0,76,1,setFocusedTask]
03-14 04:52:41.244 954 1046 I wm_set_resumed_activity: [0,com.tencent.mtt/.MainActivity,setFocusedTask]
03-14 04:52:41.244 954 1046 I ActivityTaskManager: FOREGROUND_APPLICATION_CHANGED to com.tencent.mtt.MainActivity
03-14 04:52:41.245 954 1047 I input_focus: [Focus request c8dcfcf com.tencent.mtt/com.tencent.mtt.MainActivity,reason=UpdateInputWindows]
03-14 04:52:41.249 2598 2598 I wm_on_top_resumed_lost_called: [194529402,com.android.launcher3.uioverrides.QuickstepLauncher,topStateChangedWhenResumed]
