03-14 04:49:10.146 954 1064 I sysui_multi_action: [757,1717,758,1,759,0]
03-14 04:49:10.146 954 1064 I sysui_multi_action: [757,1717,758,2,759,0]
03-14 04:49:10.147 954 1064 I sysui_multi_action: [757,1717,758,3,759,0]
03-14 04:49:10.303 954 1685 I netstats_mobile_sample: [0,0,0,0,0,0,0,0,0,0,0,0,1678740550303]
03-14 04:49:10.304 954 1685 I netstats_wifi_sample: [22809297,65559,9879262,75506,22809297,65559,9879262,75506,15943252,32757,7202120,56323,1678740550303]
03-14 04:49:10.926 954 1638 I input_interaction: Interaction with: f1bc654 com.microsoft.emmx/com.microsoft.ruby.Main (server), edge-swipe (server), swipe-up (server), PointerEventDispatcher0 (server),
03-14 04:49:11.608 954 1048 I ActivityTaskManager: clear resize flag in freeform mode
03-14 04:49:11.608 954 1048 W WindowManager: updateScale : 0.7308869
03-14 04:49:11.611 954 1048 W WindowManager: updateScale : 0.7308869
03-14 04:49:11.625 954 1048 I ActivityTaskManager: clear resize flag in freeform mode
03-14 04:49:11.625 954 1048 W WindowManager: updateScale : 0.675841
03-14 04:49:11.641 954 2467 W WindowManager: updateScale : 0.6284404
03-14 04:49:11.643 954 1048 I ActivityTaskManager: clear resize flag in freeform mode
03-14 04:49:11.643 954 1048 W WindowManager: updateScale : 0.6284404
03-14 04:49:11.658 954 1048 I ActivityTaskManager: clear resize flag in freeform mode
03-14 04:49:11.658 954 1048 W WindowManager: updateScale : 0.59327215
03-14 04:49:11.667 954 2467 W WindowManager: updateScale : 0.59327215
03-14 04:49:11.675 954 1048 I ActivityTaskManager: clear resize flag in freeform mode
03-14 04:49:11.675 954 1048 W WindowManager: updateScale : 0.56116205
03-14 04:49:11.691 954 1048 I ActivityTaskManager: clear resize flag in freeform mode
03-14 04:49:11.691 954 1048 W WindowManager: updateScale : 0.5351682
03-14 04:49:11.706 954 2467 W WindowManager: updateScale : 0.5351682
03-14 04:49:11.707 954 1048 I ActivityTaskManager: clear resize flag in freeform mode
03-14 04:49:11.707 954 1048 W WindowManager: updateScale : 0.5168196
03-14 04:49:11.723 954 2467 W WindowManager: updateScale : 0.5168196
03-14 04:49:11.725 954 1048 I ActivityTaskManager: clear resize flag in freeform mode
03-14 04:49:11.725 954 1048 W WindowManager: updateScale : 0.5
03-14 04:49:11.741 954 1048 I ActivityTaskManager: clear resize flag in freeform mode
03-14 04:49:11.741 954 1048 W WindowManager: updateScale : 0.48776758
03-14 04:49:11.756 954 2467 W WindowManager: updateScale : 0.48776758
03-14 04:49:11.759 954 1048 I ActivityTaskManager: clear resize flag in freeform mode
03-14 04:49:11.760 954 1048 W WindowManager: updateScale : 0.47859326
03-14 04:49:11.775 954 1048 I ActivityTaskManager: clear resize flag in freeform mode
03-14 04:49:11.775 954 1048 W WindowManager: updateScale : 0.470948
03-14 04:49:11.791 954 1048 I ActivityTaskManager: clear resize flag in freeform mode
03-14 04:49:11.792 954 1048 W WindowManager: updateScale : 0.46636087
03-14 04:49:11.793 954 2467 W WindowManager: updateScale : 0.46636087
03-14 04:49:11.808 954 1048 I ActivityTaskManager: clear resize flag in freeform mode
03-14 04:49:11.808 954 1048 W WindowManager: updateScale : 0.4617737
03-14 04:49:11.824 954 1048 I ActivityTaskManager: clear resize flag in freeform mode
03-14 04:49:11.824 954 1048 W WindowManager: updateScale : 0.46024466
03-14 04:49:11.827 954 2467 W WindowManager: updateScale : 0.46024466
03-14 04:49:11.841 954 1048 I ActivityTaskManager: clear resize flag in freeform mode
03-14 04:49:11.842 954 1048 W WindowManager: updateScale : 0.4587156
03-14 04:49:11.844 954 2467 W WindowManager: updateScale : 0.4587156
03-14 04:49:11.855 954 2467 W WindowManager: updateScale : 0.4587156
03-14 04:49:11.858 954 1048 I ActivityTaskManager: clear resize flag in freeform mode
03-14 04:49:11.858 954 1048 W WindowManager: updateScale : 0.45718655
03-14 04:49:11.875 954 1048 I ActivityTaskManager: clear resize flag in freeform mode
03-14 04:49:11.875 954 1048 W WindowManager: updateScale : 0.45565748
03-14 04:49:11.877 954 2467 W WindowManager: updateScale : 0.45565748
03-14 04:49:11.892 954 1048 I ActivityTaskManager: clear resize flag in freeform mode
03-14 04:49:11.892 954 1048 W WindowManager: updateScale : 0.45565748
03-14 04:49:11.901 954 2467 W WindowManager: updateScale : 0.45565748
03-14 04:49:11.916 954 2467 W WindowManager: updateScale : 0.45565748
01-01 09:04:05.318 0 0 E DTC_ETH,link_delay_work_func: 3003, SQI=0, link=0
03-14 04:49:12.146 954 1685 I netstats_mobile_sample: [0,0,0,0,0,0,0,0,0,0,0,0,1678740552145]
03-14 04:49:12.146 954 1685 I netstats_wifi_sample: [28062654,69509,9988132,77332,28062654,69509,9988132,77332,21109208,36597,7302552,58092,1678740552145]
03-14 04:49:12.261 6630 6630 I view_enqueue_input_event: [Motion - Cancel,com.microsoft.emmx/com.microsoft.ruby.Main]
03-14 04:49:12.271 954 1638 I input_interaction: Interaction with: WindowManager (server), edge-swipe (server), swipe-up (server), PointerEventDispatcher0 (server),
03-14 04:49:12.275 954 1047 I ActivityTaskManager: clear resize flag in freeform mode
03-14 04:49:12.276 954 1047 W WindowManager: updateScale : 0.45565748
03-14 04:49:12.292 954 1047 I ActivityTaskManager: clear resize flag in freeform mode
03-14 04:49:12.292 954 1047 W WindowManager: updateScale : 0.45565748
03-14 04:49:12.309 954 1047 I ActivityTaskManager: clear resize flag in freeform mode
03-14 04:49:12.309 954 1047 W WindowManager: updateScale : 0.45565748
03-14 04:49:12.325 954 1047 I ActivityTaskManager: clear resize flag in freeform mode
03-14 04:49:12.326 954 1047 W WindowManager: updateScale : 0.45565748
03-14 04:49:12.342 954 1047 I ActivityTaskManager: clear resize flag in freeform mode
03-14 04:49:12.342 954 1047 W WindowManager: updateScale : 0.45565748
03-14 04:49:12.357 954 6613 W WindowManager: updateScale : 0.45565748
03-14 04:49:12.359 954 1047 I ActivityTaskManager: clear resize flag in freeform mode
03-14 04:49:12.359 954 1047 W WindowManager: updateScale : 0.45565748
03-14 04:49:12.375 954 1047 I ActivityTaskManager: clear resize flag in freeform mode
03-14 04:49:12.376 954 1047 W WindowManager: updateScale : 0.45565748
03-14 04:49:12.392 954 1047 I ActivityTaskManager: clear resize flag in freeform mode
03-14 04:49:12.392 954 1047 W WindowManager: updateScale : 0.45565748
03-14 04:49:12.408 954 2467 W WindowManager: updateScale : 0.45565748
03-14 04:49:12.409 954 1047 I ActivityTaskManager: clear resize flag in freeform mode
03-14 04:49:12.409 954 1047 W WindowManager: updateScale : 0.45565748
03-14 04:49:12.412 6630 6630 I service_manager_stats: [200,47,293076]
03-14 04:49:12.425 954 1047 I ActivityTaskManager: clear resize flag in freeform mode
03-14 04:49:12.426 954 1047 W WindowManager: updateScale : 0.45565748
03-14 04:49:12.442 954 1047 I ActivityTaskManager: clear resize flag in freeform mode
03-14 04:49:12.442 954 1047 W WindowManager: updateScale : 0.45565748
03-14 04:49:12.459 954 1047 I ActivityTaskManager: clear resize flag in freeform mode
03-14 04:49:12.459 954 1047 W WindowManager: updateScale : 0.45565748
03-14 04:49:12.475 954 1047 I ActivityTaskManager: clear resize flag in freeform mode
03-14 04:49:12.476 954 1047 W WindowManager: updateScale : 0.45565748
03-14 04:49:12.492 954 1047 I ActivityTaskManager: clear resize flag in freeform mode
03-14 04:49:12.492 954 1047 W WindowManager: updateScale : 0.45565748
03-14 04:49:12.509 954 1047 I ActivityTaskManager: clear resize flag in freeform mode
03-14 04:49:12.509 954 1047 W WindowManager: updateScale : 0.45565748
03-14 04:49:12.526 954 1047 I ActivityTaskManager: clear resize flag in freeform mode
03-14 04:49:12.527 954 1047 W WindowManager: updateScale : 0.45565748
03-14 04:49:12.542 954 1047 I ActivityTaskManager: clear resize flag in freeform mode
03-14 04:49:12.543 954 1047 W WindowManager: updateScale : 0.45565748
03-14 04:49:12.556 954 6613 W WindowManager: updateScale : 0.45565748
03-14 04:49:12.559 954 1047 I ActivityTaskManager: clear resize flag in freeform mode
03-14 04:49:12.560 954 1047 W WindowManager: updateScale : 0.45565748
03-14 04:49:12.563 954 2964 E TaskPersister: File error accessing recents directory (directory doesn't exist?).
03-14 04:49:12.576 954 1047 I ActivityTaskManager: clear resize flag in freeform mode
03-14 04:49:12.576 954 1047 W WindowManager: updateScale : 0.45565748
03-14 04:49:12.593 954 1047 I ActivityTaskManager: clear resize flag in freeform mode
03-14 04:49:12.593 954 1047 W WindowManager: updateScale : 0.45565748
03-14 04:49:12.596 954 2135 W WindowManager: updateScale : 0.45565748
03-14 04:49:12.630 954 1047 D WindowManager: updateWindowDragBounds: mIsSwipeYtrue
03-14 04:49:12.630 954 1047 D WindowManager: updateWindowDragBounds: mIsTopfalse
03-14 04:49:12.661 954 1048 I ActivityTaskManager: clear resize flag in freeform mode
03-14 04:49:12.662 954 1048 W WindowManager: updateScale : 0.45565748
03-14 04:49:12.676 954 1048 I ActivityTaskManager: clear resize flag in freeform mode
03-14 04:49:12.677 954 1048 W WindowManager: updateScale : 0.45565748
03-14 04:49:12.694 954 1048 I ActivityTaskManager: clear resize flag in freeform mode
03-14 04:49:12.695 954 1048 W WindowManager: updateScale : 0.45565748
03-14 04:49:12.710 954 1048 I ActivityTaskManager: clear resize flag in freeform mode
03-14 04:49:12.710 954 1048 W WindowManager: updateScale : 0.45565748
03-14 04:49:12.726 954 1048 I ActivityTaskManager: clear resize flag in freeform mode
03-14 04:49:12.726 954 1048 W WindowManager: updateScale : 0.45565748
03-14 04:49:12.744 954 1048 I ActivityTaskManager: clear resize flag in freeform mode
03-14 04:49:12.744 954 1048 W WindowManager: updateScale : 0.45565748
03-14 04:49:12.760 954 1048 I ActivityTaskManager: clear resize flag in freeform mode
03-14 04:49:12.761 954 1048 W WindowManager: updateScale : 0.45565748
03-14 04:49:12.777 954 1048 I ActivityTaskManager: clear resize flag in freeform mode
03-14 04:49:12.778 954 1048 W WindowManager: updateScale : 0.45565748
03-14 04:49:12.779 954 12635 W WindowManager: updateScale : 0.45565748
03-14 04:49:12.794 954 1048 I ActivityTaskManager: clear resize flag in freeform mode
03-14 04:49:12.794 954 1048 W WindowManager: updateScale : 0.45565748
03-14 04:49:12.804 954 12635 W WindowManager: updateScale : 0.45565748
03-14 04:49:12.810 954 1048 I ActivityTaskManager: clear resize flag in freeform mode
03-14 04:49:12.810 954 1048 W WindowManager: updateScale : 0.45565748
03-14 04:49:12.815 954 6613 W WindowManager: updateScale : 0.45565748
03-14 04:49:12.827 954 1048 I ActivityTaskManager: clear resize flag in freeform mode
03-14 04:49:12.828 954 1048 W WindowManager: updateScale : 0.45565748
03-14 04:49:12.833 954 12635 W WindowManager: updateScale : 0.45565748
03-14 04:49:12.846 954 1048 I ActivityTaskManager: clear resize flag in freeform mode
03-14 04:49:12.847 954 1048 W WindowManager: updateScale : 0.45565748
03-14 04:49:12.848 954 6613 W WindowManager: updateScale : 0.45565748
03-14 04:49:12.856 954 12635 W WindowManager: updateScale : 0.45565748
03-14 04:49:12.860 954 1048 I ActivityTaskManager: clear resize flag in freeform mode
03-14 04:49:12.860 954 1048 W WindowManager: updateScale : 0.45565748
03-14 04:49:12.877 954 1048 I ActivityTaskManager: clear resize flag in freeform mode
03-14 04:49:12.877 954 1048 W WindowManager: updateScale : 0.45565748
03-14 04:49:12.894 954 1048 I ActivityTaskManager: clear resize flag in freeform mode
03-14 04:49:12.894 954 1048 W WindowManager: updateScale : 0.45565748
03-14 04:49:12.910 954 1048 I ActivityTaskManager: clear resize flag in freeform mode
03-14 04:49:12.910 954 1048 W WindowManager: updateScale : 0.45565748
03-14 04:49:12.927 954 1048 I ActivityTaskManager: clear resize flag in freeform mode
03-14 04:49:12.927 954 1048 W WindowManager: updateScale : 0.45565748
03-14 04:49:12.944 954 1048 I ActivityTaskManager: clear resize flag in freeform mode
03-14 04:49:12.944 954 1048 W WindowManager: updateScale : 0.45565748
03-14 04:49:13.429 954 1638 I input_interaction: Interaction with: f1bc654 com.microsoft.emmx/com.microsoft.ruby.Main (server), edge-swipe (server), swipe-up (server), PointerEventDispatcher0 (server),
03-14 04:49:13.499 0 0 I auditd : type=1400 audit(0.0:9157): avc: denied { kill } for comm="swapper/1" capability=5 scontext=u:r:kernel:s0 tcontext=u:r:kernel:s0 tclass=capability permissive=1
03-14 04:49:13.531 6630 6630 I view_enqueue_input_event: [Motion - Cancel,com.microsoft.emmx/com.microsoft.ruby.Main]
03-14 04:49:13.535 954 1638 I input_interaction: Interaction with: WindowManager (server), edge-swipe (server), swipe-up (server), PointerEventDispatcher0 (server),
03-14 04:49:13.545 954 1047 I ActivityTaskManager: clear resize flag in freeform mode
03-14 04:49:13.546 954 1047 W WindowManager: updateScale : 0.45565748
03-14 04:49:13.562 954 1047 I ActivityTaskManager: clear resize flag in freeform mode
03-14 04:49:13.562 954 1047 W WindowManager: updateScale : 0.45565748
03-14 04:49:13.579 954 1047 I ActivityTaskManager: clear resize flag in freeform mode
03-14 04:49:13.579 954 1047 W WindowManager: updateScale : 0.45565748
03-14 04:49:13.595 954 1047 I ActivityTaskManager: clear resize flag in freeform mode
03-14 04:49:13.595 954 1047 W WindowManager: updateScale : 0.45565748
03-14 04:49:13.612 954 1047 I ActivityTaskManager: clear resize flag in freeform mode
03-14 04:49:13.612 954 1047 W WindowManager: updateScale : 0.45565748
03-14 04:49:13.628 954 6613 W WindowManager: updateScale : 0.45565748
03-14 04:49:13.629 954 1047 I ActivityTaskManager: clear resize flag in freeform mode
03-14 04:49:13.630 954 1047 W WindowManager: updateScale : 0.45565748
03-14 04:49:13.645 954 1047 I ActivityTaskManager: clear resize flag in freeform mode
03-14 04:49:13.645 954 1047 W WindowManager: updateScale : 0.45565748
03-14 04:49:13.648 954 12635 W WindowManager: updateScale : 0.45565748
03-14 04:49:13.656 954 1685 I netstats_mobile_sample: [0,0,0,0,0,0,0,0,0,0,0,0,1678740553656]
03-14 04:49:13.656 954 1685 I netstats_wifi_sample: [32620892,72972,10094620,78964,32620892,72972,10094620,78964,25591602,39942,7407480,59698,1678740553656]
03-14 04:49:13.662 954 1047 I ActivityTaskManager: clear resize flag in freeform mode
03-14 04:49:13.662 954 1047 W WindowManager: updateScale : 0.45565748
03-14 04:49:13.664 954 12635 W WindowManager: updateScale : 0.45565748
03-14 04:49:13.674 954 12635 W WindowManager: updateScale : 0.45565748
03-14 04:49:13.678 954 1047 I ActivityTaskManager: clear resize flag in freeform mode
03-14 04:49:13.679 954 1047 W WindowManager: updateScale : 0.45565748
03-14 04:49:13.695 954 1047 I ActivityTaskManager: clear resize flag in freeform mode
03-14 04:49:13.695 954 1047 W WindowManager: updateScale : 0.45565748
03-14 04:49:13.712 954 1047 I ActivityTaskManager: clear resize flag in freeform mode
03-14 04:49:13.712 954 1047 W WindowManager: updateScale : 0.45565748
03-14 04:49:13.729 954 1047 I ActivityTaskManager: clear resize flag in freeform mode
03-14 04:49:13.729 954 1047 W WindowManager: updateScale : 0.45565748
03-14 04:49:13.745 954 1047 I ActivityTaskManager: clear resize flag in freeform mode
03-14 04:49:13.746 954 1047 W WindowManager: updateScale : 0.45565748
03-14 04:49:13.762 954 1047 I ActivityTaskManager: clear resize flag in freeform mode
03-14 04:49:13.762 954 1047 W WindowManager: updateScale : 0.45565748
03-14 04:49:13.795 954 1047 I ActivityTaskManager: clear resize flag in freeform mode
03-14 04:49:13.796 954 1047 W WindowManager: updateScale : 0.45565748
03-14 04:49:13.840 954 1047 D WindowManager: updateWindowDragBounds: mIsSwipeYtrue
03-14 04:49:13.840 954 1047 D WindowManager: updateWindowDragBounds: mIsToptrue
03-14 04:49:13.854 954 1047 I wm_finish_activity: [0,41181304,61,com.microsoft.emmx/com.microsoft.ruby.Main,finish-activity]
03-14 04:49:13.855 954 1047 I wm_task_moved: [1,1,7]
03-14 04:49:13.855 954 1047 I wm_set_resumed_activity: [0,com.android.launcher3/.uioverrides.QuickstepLauncher,positionChildAt]
03-14 04:49:13.855 954 1047 I wm_task_moved: [12,1,2147483647]
03-14 04:49:13.855 954 1047 I wm_task_to_front: [0,12]
03-14 04:49:13.855 954 1047 I wm_focused_root_task: [0,0,1,-1,finish-top adjustFocusToNextFocusableTask]
03-14 04:49:13.855 954 1047 I wm_set_resumed_activity: [0,com.android.launcher3/.uioverrides.QuickstepLauncher,finish-top]
03-14 04:49:13.856 954 1047 I wm_pause_activity: [0,41181304,com.microsoft.emmx/com.microsoft.ruby.Main,userLeaving=false,finish]
03-14 04:49:13.859 954 1047 I input_focus: [Focus request fca4b77 com.android.launcher3/com.android.launcher3.uioverrides.QuickstepLauncher,reason=UpdateInputWindows]
03-14 04:49:13.862 954 2964 E TaskPersister: File error accessing recents directory (directory doesn't exist?).
03-14 04:49:13.864 954 1638 I input_focus: [Focus leaving f1bc654 com.microsoft.emmx/com.microsoft.ruby.Main (server),reason=NO_WINDOW]
03-14 04:49:13.866 954 1638 I input_focus: [Focus entering fca4b77 com.android.launcher3/com.android.launcher3.uioverrides.QuickstepLauncher (server),reason=setFocusedWindow]
03-14 04:49:13.868 954 1046 I sysui_multi_action: [757,803,799,window_time_0,802,5]
03-14 04:49:13.878 6630 6630 I wm_on_top_resumed_lost_called: [41181304,com.microsoft.ruby.Main,topStateChangedWhenResumed]
03-14 04:49:13.886 2598 2598 I wm_on_top_resumed_gained_called: [194529402,com.android.launcher3.uioverrides.QuickstepLauncher,topStateChangedWhenResumed]
03-14 04:49:13.906 6630 6630 I wm_on_paused_called: [41181304,com.microsoft.ruby.Main,performPause]
03-14 04:49:13.906 954 2467 I ActivityTaskManager: FOREGROUND_APPLICATION_CHANGED to com.android.launcher3.uioverrides.QuickstepLauncher
03-14 04:49:13.906 954 2467 I wm_destroy_activity: [0,41181304,61,com.microsoft.emmx/com.microsoft.ruby.Main,finish-imm:completePausedLocked]
03-14 04:49:13.913 954 1046 I sysui_multi_action: [757,803,799,window_time_0,802,0]
03-14 04:49:13.941 6630 6630 I wm_on_stop_called: [41181304,com.microsoft.ruby.Main,LIFECYCLER_STOP_ACTIVITY]
03-14 04:49:13.976 954 12635 I ActivityManager: Killing 27534:com.microsoft.emmx:sandboxed_process0:org.chromium.content.app.SandboxedProcessService0:51/u0a33i-8983 (adj 0): isolated not needed
03-14 04:49:13.976 954 12635 I am_kill : [0,27534,com.microsoft.emmx:sandboxed_process0:org.chromium.content.app.SandboxedProcessService0:51,0,isolated not needed]
03-14 04:49:14.004 6630 6630 I wm_on_destroy_called: [41181304,com.microsoft.ruby.Main,performDestroy]
03-14 04:49:14.010 954 2467 I wm_task_removed: [61,removeChild:removeChild last r=ActivityRecord{2746078 u0 com.microsoft.emmx/com.microsoft.ruby.Main t-1 f}} in t=Task{139b942 #61 type=standard A=10033:com.microsoft.emmx U=0 visible=false mode=freeform translucent=true sz=0}]
03-14 04:49:14.010 954 2467 I wm_task_removed: [61,removeChild]
03-14 04:49:14.010 954 2467 D FreeFormWindowHelper: Remove freefrom task=Task{139b942 #61 type=standard A=10033:com.microsoft.emmx U=0 visible=false mode=freeform translucent=true sz=0}
03-14 04:49:14.013 954 6613 W FreeFormWindowHelper: Current Display FreeFormTask is null
03-14 04:49:14.050 954 2467 I ActivityManager: Killing 27571:com.microsoft.emmx:sandboxed_process0:org.chromium.content.app.SandboxedProcessService0:52/u0a33i-8982 (adj 0): isolated not needed
03-14 04:49:14.051 954 2467 I am_kill : [0,27571,com.microsoft.emmx:sandboxed_process0:org.chromium.content.app.SandboxedProcessService0:52,0,isolated not needed]
03-14 04:49:14.111 954 23230 I am_proc_died: [0,27534,com.microsoft.emmx:sandboxed_process0:org.chromium.content.app.SandboxedProcessService0:51,0,10]
03-14 04:49:14.111 954 23230 I am_uid_stopped: 90017
03-14 04:49:14.118 954 1099 E KernelCpuSpeedReader: Failed to read cpu-freq: /sys/devices/system/cpu/cpu4/cpufreq/stats/time_in_state: open failed: ENOENT (No such file or directory)
03-14 04:49:14.119 954 1099 E KernelCpuSpeedReader: Failed to read cpu-freq: /sys/devices/system/cpu/cpu0/cpufreq/stats/time_in_state: open failed: ENOENT (No such file or directory)
03-14 04:49:14.119 954 1099 D KernelCpuUidUserSysTimeReader: Removing uids 90011-90011
03-14 04:49:14.156 954 2467 I am_proc_died: [0,27571,com.microsoft.emmx:sandboxed_process0:org.chromium.content.app.SandboxedProcessService0:52,0,10]
03-14 04:49:14.157 954 2467 I am_uid_stopped: 90018
03-14 04:49:14.158 954 1099 E KernelCpuSpeedReader: Failed to read cpu-freq: /sys/devices/system/cpu/cpu4/cpufreq/stats/time_in_state: open failed: ENOENT (No such file or directory)
03-14 04:49:14.158 954 1099 E KernelCpuSpeedReader: Failed to read cpu-freq: /sys/devices/system/cpu/cpu0/cpufreq/stats/time_in_state: open failed: ENOENT (No such file or directory)
03-14 04:49:14.816 954 1638 I input_interaction: Interaction with: fca4b77 com.android.launcher3/com.android.launcher3.uioverrides.QuickstepLauncher (server), 45b849f com.android.systemui.ImageWallpaper (server), edge-swipe (server), swipe-up (server), PointerEventDispatcher0 (server),
03-14 04:49:14.935 954 2135 I thunderperf: PlatormCompat.setOverrides: Uid1=10074 Pid1=2598 Uid2=10074 Pid2=2598
03-14 04:49:14.935 954 2135 I thunderperf: PlatormCompat.setOverrides: needCheck:false
03-14 04:49:14.935 954 2135 I thunderperf: CompatConfig.addOverrideUnsafe: bef-state=0
03-14 04:49:14.935 954 2135 I thunderperf: CompatConfig.addOverrideUnsafe: aft-state=0
03-14 04:49:14.940 954 2135 I thunderperf: CompatConfig.addOverrideUnsafe: bef-state=0
03-14 04:49:14.940 954 2135 I thunderperf: CompatConfig.addOverrideUnsafe: aft-state=0
03-14 04:49:14.944 954 2135 I thunderperf: CompatConfig.addOverrideUnsafe: bef-state=0
03-14 04:49:14.944 954 2135 I thunderperf: CompatConfig.addOverrideUnsafe: aft-state=0
03-14 04:49:14.944 954 2135 I thunderperf: CompatConfig.addOverrideUnsafe: bef-state=0
03-14 04:49:14.944 954 2135 I thunderperf: CompatConfig.addOverrideUnsafe: aft-state=0
03-14 04:49:14.945 954 2135 I thunderperf: CompatConfig.addOverrideUnsafe: bef-state=0
03-14 04:49:14.945 954 2135 I thunderperf: CompatConfig.addOverrideUnsafe: aft-state=0
03-14 04:49:14.945 954 2135 I thunderperf: CompatConfig.addOverrideUnsafe: bef-state=0
03-14 04:49:14.945 954 2135 I thunderperf: CompatConfig.addOverrideUnsafe: aft-state=0
03-14 04:49:14.946 954 2135 I thunderperf: CompatConfig.addOverrideUnsafe: bef-state=0
03-14 04:49:14.946 954 2135 I thunderperf: CompatConfig.addOverrideUnsafe: aft-state=0
03-14 04:49:14.946 954 2135 I thunderperf: CompatConfig.addOverrideUnsafe: bef-state=0
03-14 04:49:14.946 954 2135 I thunderperf: CompatConfig.addOverrideUnsafe: aft-state=0
03-14 04:49:14.946 954 2135 I thunderperf: CompatConfig.addOverrideUnsafe: bef-state=0
03-14 04:49:14.946 954 2135 I thunderperf: CompatConfig.addOverrideUnsafe: aft-state=0
03-14 04:49:14.947 954 2135 I thunderperf: CompatConfig.addOverrideUnsafe: bef-state=0
03-14 04:49:14.947 954 2135 I thunderperf: CompatConfig.addOverrideUnsafe: aft-state=0
03-14 04:49:14.947 954 2135 I thunderperf: CompatConfig.addOverrideUnsafe: bef-state=0
03-14 04:49:14.947 954 2135 I thunderperf: CompatConfig.addOverrideUnsafe: aft-state=0
03-14 04:49:14.947 954 2135 I thunderperf: CompatConfig.addOverrideUnsafe: bef-state=0
03-14 04:49:14.947 954 2135 I thunderperf: CompatConfig.addOverrideUnsafe: aft-state=0
03-14 04:49:14.947 954 2135 I thunderperf: CompatConfig.addOverrideUnsafe: bef-state=0
03-14 04:49:14.947 954 2135 I thunderperf: CompatConfig.addOverrideUnsafe: aft-state=0
03-14 04:49:14.948 954 2135 I thunderperf: CompatConfig.addOverrideUnsafe: bef-state=0
03-14 04:49:14.948 954 2135 I thunderperf: CompatConfig.addOverrideUnsafe: aft-state=0
03-14 04:49:14.954 954 2135 I ActivityTaskManager: START u0 {act=android.intent.action.MAIN cat=[android.intent.category.LAUNCHER] flg=0x10200000 cmp=com.microsoft.emmx/com.microsoft.ruby.Main bnds=[112,84][388,358]} from uid 10074
03-14 04:49:14.958 954 2135 I wm_task_created: [62,-1]
03-14 04:49:14.958 954 2135 W ActivityTaskManager: Can't find TaskDisplayArea to determine support for multi window. Task id=62 attached=false
03-14 04:49:14.960 954 2135 I wm_task_moved: [62,1,7]
03-14 04:49:14.960 954 2135 I wm_task_to_front: [0,62]
03-14 04:49:14.960 954 2135 I wm_create_task: [0,62]
03-14 04:49:14.960 954 2135 I wm_create_activity: [0,187295290,62,com.microsoft.emmx/com.microsoft.ruby.Main,android.intent.action.MAIN,NULL,NULL,270532608]
03-14 04:49:14.960 954 2135 I wm_task_moved: [62,1,7]
03-14 04:49:14.961 954 2135 I wm_pause_activity: [0,194529402,com.android.launcher3/.uioverrides.QuickstepLauncher,userLeaving=true,pauseBackTasks]
03-14 04:49:14.961 2007 2166 D PhoneStartingWindowTypeAlgorithm: preferredStartingWindowType newTask:true taskSwitch:true processRunning:true allowTaskSnapshot:true activityCreated:false useEmptySplashScreen:false legacySplashScreen:false topIsHome:false
03-14 04:49:14.961 2007 2166 D StartingSurfaceDrawer: addSplashScreen com.microsoft.emmx theme=7f150632 task=62 suggestType=1
03-14 04:49:14.963 954 12635 W FreeFormWindowHelper: Current Display FreeFormTask is null
03-14 04:49:14.964 2007 2168 D StartingSurfaceDrawer: window attributes color: fffcfcff icon null duration 0 brandImage null
03-14 04:49:14.964 2598 2598 I wm_on_top_resumed_lost_called: [194529402,com.android.launcher3.uioverrides.QuickstepLauncher,topStateChangedWhenResumed]
03-14 04:49:14.964 2598 2598 I wm_on_paused_called: [194529402,com.android.launcher3.uioverrides.QuickstepLauncher,performPause]
03-14 04:49:14.964 954 12635 I ActivityTaskManager: FOREGROUND_APPLICATION_CHANGED to org.chromium.chrome.browser.ChromeTabbedActivity
03-14 04:49:14.965 954 12635 I ActivityTaskManager: The Process com.microsoft.emmx Already Exists in BG. So sending its PID: 6630
03-14 04:49:14.965 954 12635 W ActivityTaskManager: Tried to set launchTime (0) < mLastActivityLaunchTime (3517549)
03-14 04:49:14.965 954 12635 I wm_add_to_stopping: [0,194529402,com.android.launcher3/.uioverrides.QuickstepLauncher,makeInvisible]
03-14 04:49:14.965 954 12635 I wm_restart_activity: [0,187295290,62,com.microsoft.emmx/com.microsoft.ruby.Main]
03-14 04:49:14.966 954 12635 I wm_set_resumed_activity: [0,com.microsoft.emmx/com.microsoft.ruby.Main,minimalResumeActivityLocked]
03-14 04:49:14.968 2007 2168 D StartingSurfaceDrawer: FgMainColor=ff0c73c0 BgMainColor=fff8f8f8 IsBgComplex=false FromCache=true ThemeColor=fffcfcff
03-14 04:49:14.968 2007 2168 D StartingSurfaceDrawer: isRgbSimilarInHsv a: fffcfcff b fff8f8f8 contrast ratio: 1.0370965
03-14 04:49:14.968 2007 2168 D StartingSurfaceDrawer: makeSplashScreenContentView: choose fg icon
03-14 04:49:14.968 2007 2168 D StartingSurfaceDrawer: fillViewWithIcon surfaceWindowView android.window.SplashScreenView{35ea171 V.E...... ......ID 0,0-0,0}
03-14 04:49:14.980 954 1046 I sysui_multi_action: [757,803,799,window_time_0,802,1]
03-14 04:49:14.984 954 1638 I input_focus: [Focus leaving fca4b77 com.android.launcher3/com.android.launcher3.uioverrides.QuickstepLauncher (server),reason=NO_WINDOW]
03-14 04:49:15.033 6630 6630 I wm_on_create_called: [187295290,com.microsoft.ruby.Main,performCreate]
03-14 04:49:15.035 6630 6630 I wm_on_start_called: [187295290,com.microsoft.ruby.Main,handleStartActivity]
03-14 04:49:15.041 6630 6630 I wm_on_resume_called: [187295290,com.microsoft.ruby.Main,RESUME_ACTIVITY]
03-14 04:49:15.045 6630 6630 I wm_on_top_resumed_gained_called: [187295290,com.microsoft.ruby.Main,topStateChangedWhenResumed]
03-14 04:49:15.050 954 1047 I input_focus: [Focus request 6f1a2b6 com.microsoft.emmx/com.microsoft.ruby.Main,reason=UpdateInputWindows]
03-14 04:49:15.055 954 6613 I am_uid_running: 90019
03-14 04:49:15.055 954 6613 D CompatibilityChangeReporter: Compat change id reported: 135634846; UID 10033; state: DISABLED
03-14 04:49:15.055 954 6613 D CompatibilityChangeReporter: Compat change id reported: 177438394; UID 10033; state: DISABLED
03-14 04:49:15.055 954 6613 D CompatibilityChangeReporter: Compat change id reported: 135772972; UID 10033; state: DISABLED
03-14 04:49:15.055 954 6613 D CompatibilityChangeReporter: Compat change id reported: 135754954; UID 10033; state: ENABLED
03-14 04:49:15.056 954 1067 D CompatibilityChangeReporter: Compat change id reported: 143937733; UID 10033; state: ENABLED
03-14 04:49:15.062 954 1067 I am_proc_start: [0,27981,90019,com.microsoft.emmx:sandboxed_process0:org.chromium.content.app.SandboxedProcessService0:53,,{com.microsoft.emmx/org.chromium.content.app.SandboxedProcessService0:53}]
03-14 04:49:15.062 954 1067 I ActivityManager: Start proc 27981:com.microsoft.emmx:sandboxed_process0:org.chromium.content.app.SandboxedProcessService0:53/u0ai19 for {com.microsoft.emmx/org.chromium.content.app.SandboxedProcessService0:53}
03-14 04:49:15.067 954 2135 W FreeFormWindowHelper: Current Display FreeFormTask is null
01-01 09:04:08.298 0 0 I binder : 27981:27981 ioctl 40046210 7ffedd5054 returned -22
03-14 04:49:15.074 954 5679 I am_proc_bound: [0,27981,com.microsoft.emmx:sandboxed_process0:org.chromium.content.app.SandboxedProcessService0:53]
03-14 04:49:15.076 954 5679 I am_uid_active: 90019
03-14 04:49:15.237 954 5679 I am_uid_running: 90020
03-14 04:49:15.237 954 5679 D CompatibilityChangeReporter: Compat change id reported: 135634846; UID 10033; state: DISABLED
03-14 04:49:15.237 954 5679 D CompatibilityChangeReporter: Compat change id reported: 177438394; UID 10033; state: DISABLED
03-14 04:49:15.237 954 5679 D CompatibilityChangeReporter: Compat change id reported: 135772972; UID 10033; state: DISABLED
03-14 04:49:15.237 954 5679 D CompatibilityChangeReporter: Compat change id reported: 135754954; UID 10033; state: ENABLED
03-14 04:49:15.238 954 1067 D CompatibilityChangeReporter: Compat change id reported: 143937733; UID 10033; state: ENABLED
03-14 04:49:15.247 954 1067 I am_proc_start: [0,28015,90020,com.microsoft.emmx:sandboxed_process0:org.chromium.content.app.SandboxedProcessService0:54,,{com.microsoft.emmx/org.chromium.content.app.SandboxedProcessService0:54}]
03-14 04:49:15.247 954 1067 I ActivityManager: Start proc 28015:com.microsoft.emmx:sandboxed_process0:org.chromium.content.app.SandboxedProcessService0:54/u0ai20 for {com.microsoft.emmx/org.chromium.content.app.SandboxedProcessService0:54}
03-14 04:49:15.249 2007 2166 D StartingSurfaceDrawer: Task start finish, remove starting surface for task 62
03-14 04:49:15.249 2007 2166 V StartingSurfaceDrawer: Removing splash screen window for task: 62
03-14 04:49:15.251 954 1043 I sysui_multi_action: [319,32,321,30,322,293,325,3525,757,761,758,8,759,1,806,com.microsoft.emmx,871,com.microsoft.ruby.Main,904,com.android.launcher3,905,0,1320,4,1321,2]
03-14 04:49:15.251 954 1043 I wm_activity_launch_time: [0,187295290,com.microsoft.emmx/com.microsoft.ruby.Main,293]
03-14 04:49:15.265 954 1638 I input_focus: [Focus entering 6f1a2b6 com.microsoft.emmx/com.microsoft.ruby.Main (server),reason=Window became focusable. Previous reason: NOT_VISIBLE]
01-01 09:04:08.491 0 0 I binder : 28015:28015 ioctl 40046210 7ffedd5054 returned -22
03-14 04:49:15.269 954 6613 I am_proc_bound: [0,28015,com.microsoft.emmx:sandboxed_process0:org.chromium.content.app.SandboxedProcessService0:54]
03-14 04:49:15.270 954 1685 I netstats_mobile_sample: [0,0,0,0,0,0,0,0,0,0,0,0,1678740555270]
03-14 04:49:15.270 954 6613 I am_uid_active: 90020
03-14 04:49:15.270 954 1685 I netstats_wifi_sample: [37264640,77317,10350291,81247,37264640,77317,10350291,81247,29429134,43170,7629581,61505,1678740555270]
03-14 04:49:15.277 954 1686 I service_manager_stats: [100,68,167305]
03-14 04:49:15.515 954 1046 I wm_stop_activity: [0,194529402,com.android.launcher3/.uioverrides.QuickstepLauncher]
03-14 04:49:15.536 2598 2598 I wm_on_stop_called: [194529402,com.android.launcher3.uioverrides.QuickstepLauncher,STOP_ACTIVITY_ITEM]
03-14 04:49:15.734 954 1638 I input_interaction: Interaction with: 6f1a2b6 com.microsoft.emmx/com.microsoft.ruby.Main (server), edge-swipe (server), swipe-up (server), PointerEventDispatcher0 (server),
03-14 04:49:15.738 954 5679 W FreeFormWindowHelper: Current Display FreeFormTask is null
03-14 04:49:15.738 954 5679 W FreeFormWindowHelper: Current Display FreeFormTask is null
03-14 04:49:15.739 954 5679 I wm_task_moved: [1,0,0]
03-14 04:49:15.739 954 5679 I wm_task_moved: [1,0,6]
03-14 04:49:15.745 954 6613 W FreeFormWindowHelper: Current Display FreeFormTask is null
03-14 04:49:15.746 954 6613 W FreeFormWindowHelper: Current Display FreeFormTask is null
03-14 04:49:15.749 2598 2598 I wm_on_restart_called: [194529402,com.android.launcher3.uioverrides.QuickstepLauncher,performRestartActivity]
03-14 04:49:15.750 954 12775 W FreeFormWindowHelper: Current Display FreeFormTask is null
03-14 04:49:15.750 954 6613 W FreeFormWindowHelper: Current Display FreeFormTask is null
03-14 04:49:15.766 2598 2598 I wm_on_start_called: [194529402,com.android.launcher3.uioverrides.QuickstepLauncher,handleStartActivity]
03-14 04:49:15.767 954 12775 W ActivityTaskManager: getTaskSnapshot: taskId=-990 not found
03-14 04:49:15.769 954 6613 W ActivityTaskManager: getTaskSnapshot: taskId=-990 not found
03-14 04:49:15.769 954 6613 W ActivityTaskManager: getTaskSnapshot: taskId=-990 not found
03-14 04:49:15.769 954 6613 W ActivityTaskManager: getTaskSnapshot: taskId=-989 not found
03-14 04:49:15.770 954 6613 W FreeFormWindowHelper: Current Display FreeFormTask is null
03-14 04:49:15.770 954 6613 W FreeFormWindowHelper: Current Display FreeFormTask is null
03-14 04:49:15.775 6630 6630 I view_enqueue_input_event: [Motion - Cancel,com.microsoft.emmx/com.microsoft.ruby.Main]
03-14 04:49:15.775 954 1043 I sysui_multi_action: [319,3,322,34,325,3526,757,761,758,9,759,5,806,com.android.launcher3,871,com.android.launcher3.uioverrides.QuickstepLauncher,905,0,1320,4,1321,1]
03-14 04:49:15.776 2598 2598 I sysui_latency: [1,37]
03-14 04:49:15.776 954 1043 D AutofillManagerService: Close system dialogs
03-14 04:49:15.776 954 1047 I input_focus: [Focus request recents_animation_input_consumer,reason=UpdateInputWindows]
03-14 04:49:15.781 954 2467 W FreeFormWindowHelper: Current Display FreeFormTask is null
03-14 04:49:15.782 954 2467 W FreeFormWindowHelper: Current Display FreeFormTask is null
03-14 04:49:15.782 954 6613 W FreeFormWindowHelper: Current Display FreeFormTask is null
03-14 04:49:15.783 954 6613 W FreeFormWindowHelper: Current Display FreeFormTask is null
03-14 04:49:15.784 954 6613 W ActivityTaskManager: getTaskSnapshot: taskId=-953 not found
03-14 04:49:15.786 954 6613 W ActivityTaskManager: getTaskSnapshot: taskId=-952 not found
03-14 04:49:15.786 954 6613 W ActivityTaskManager: getTaskSnapshot: taskId=-952 not found
03-14 04:49:15.787 954 6613 W ActivityTaskManager: getTaskSnapshot: taskId=-952 not found
03-14 04:49:15.788 954 1638 I input_interaction: Interaction with: edge-swipe (server), swipe-up (server), PointerEventDispatcher0 (server),
03-14 04:49:15.798 954 2467 W FreeFormWindowHelper: Current Display FreeFormTask is null
03-14 04:49:15.798 954 2467 W FreeFormWindowHelper: Current Display FreeFormTask is null
03-14 04:49:15.799 954 1638 I input_focus: [Focus leaving 6f1a2b6 com.microsoft.emmx/com.microsoft.ruby.Main (server),reason=NOT_FOCUSABLE]
03-14 04:49:15.799 954 1638 I input_focus: [Focus entering recents_animation_input_consumer (server),reason=setFocusedWindow]
03-14 04:49:15.815 954 12635 W FreeFormWindowHelper: Current Display FreeFormTask is null
03-14 04:49:15.815 954 12635 W FreeFormWindowHelper: Current Display FreeFormTask is null
03-14 04:49:15.874 954 6613 W FreeFormWindowHelper: exitRecentTasks type=0
03-14 04:49:15.882 954 12775 W FreeFormWindowHelper: Current Display FreeFormTask is null
03-14 04:49:15.882 954 6613 W FreeFormWindowHelper: Current Display FreeFormTask is null
03-14 04:49:15.966 954 1610 I commit_sys_config_file: [settings-1-0,2]
03-14 04:49:16.075 954 1064 I sysui_latency: [8,38]
03-14 04:49:16.516 954 12775 W FreeFormWindowHelper: Current Display FreeFormTask is null
03-14 04:49:16.516 954 10386 W FreeFormWindowHelper: Current Display FreeFormTask is null
03-14 04:49:16.518 954 4806 I wm_task_moved: [1,1,7]
03-14 04:49:16.519 954 4806 I wm_task_moved: [12,1,2147483647]
03-14 04:49:16.519 954 4806 I wm_task_to_front: [0,12]
03-14 04:49:16.519 954 4806 I wm_focused_root_task: [0,0,1,62,RecentsAnimation.onAnimationFinished()]
03-14 04:49:16.519 6630 6630 I wm_on_top_resumed_lost_called: [187295290,com.microsoft.ruby.Main,topStateChangedWhenResumed]
03-14 04:49:16.519 954 4806 I wm_set_resumed_activity: [0,com.android.launcher3/.uioverrides.QuickstepLauncher,RecentsAnimation.onAnimationFinished()]
03-14 04:49:16.520 954 4806 I wm_pause_activity: [0,187295290,com.microsoft.emmx/com.microsoft.ruby.Main,userLeaving=true,pauseBackTasks]
03-14 04:49:16.521 954 4806 I wm_add_to_stopping: [0,187295290,com.microsoft.emmx/com.microsoft.ruby.Main,makeInvisible]
03-14 04:49:16.523 954 1047 I input_focus: [Focus request fca4b77 com.android.launcher3/com.android.launcher3.uioverrides.QuickstepLauncher,reason=UpdateInputWindows]
03-14 04:49:16.526 954 1046 I sysui_multi_action: [757,803,799,window_time_0,802,2]
03-14 04:49:16.535 954 1638 I input_focus: [Focus leaving recents_animation_input_consumer (server),reason=NOT_VISIBLE]
03-14 04:49:16.541 6630 6630 I wm_on_paused_called: [187295290,com.microsoft.ruby.Main,performPause]
03-14 04:49:16.542 954 12635 I ActivityTaskManager: FOREGROUND_APPLICATION_CHANGED to com.android.launcher3.uioverrides.QuickstepLauncher
03-14 04:49:16.542 954 12635 I wm_set_resumed_activity: [0,com.android.launcher3/.uioverrides.QuickstepLauncher,resumeTopActivityInnerLocked]
03-14 04:49:16.544 954 12635 I wm_resume_activity: [0,194529402,12,com.android.launcher3/.uioverrides.QuickstepLauncher]
03-14 04:49:16.545 2598 2598 I wm_on_resume_called: [194529402,com.android.launcher3.uioverrides.QuickstepLauncher,RESUME_ACTIVITY]
03-14 04:49:16.545 2598 2598 I wm_on_top_resumed_gained_called: [194529402,com.android.launcher3.uioverrides.QuickstepLauncher,topWhenResuming]
03-14 04:49:16.552 954 1638 I input_focus: [Focus entering fca4b77 com.android.launcher3/com.android.launcher3.uioverrides.QuickstepLauncher (server),reason=setFocusedWindow]
03-14 04:49:16.553 954 1046 I wm_stop_activity: [0,187295290,com.microsoft.emmx/com.microsoft.ruby.Main]
03-14 04:49:16.555 954 1046 I sysui_multi_action: [757,803,799,window_time_0,802,0]
03-14 04:49:16.627 6630 6630 I wm_on_stop_called: [187295290,com.microsoft.ruby.Main,STOP_ACTIVITY_ITEM]
03-14 04:49:16.651 954 2640 W FreeFormWindowHelper: Current Display FreeFormTask is null
03-14 04:49:16.964 954 1685 I netstats_mobile_sample: [0,0,0,0,0,0,0,0,0,0,0,0,1678740556964]
03-14 04:49:16.964 954 1685 I netstats_wifi_sample: [41592577,82062,10617731,84060,41592577,82062,10617731,84060,32150984,45754,7868081,63835,1678740556964]
01-01 09:04:10.438 0 0 E DTC_ETH,link_delay_work_func: 3003, SQI=0, link=0
03-14 04:49:17.499 0 0 I auditd : type=1400 audit(0.0:9158): avc: denied { kill } for comm="swapper/4" capability=5 scontext=u:r:kernel:s0 tcontext=u:r:kernel:s0 tclass=capability permissive=1
03-14 04:49:18.019 954 2964 E TaskPersister: File error accessing recents directory (directory doesn't exist?).
03-14 04:49:18.325 954 1064 I sysui_multi_action: [757,1717,758,1,759,0]
03-14 04:49:18.325 954 1064 I sysui_multi_action: [757,1717,758,2,759,0]
03-14 04:49:18.326 954 1064 I sysui_multi_action: [757,1717,758,3,759,0]
03-14 04:49:19.025 954 1685 I netstats_mobile_sample: [0,0,0,0,0,0,0,0,0,0,0,0,1678740559025]
03-14 04:49:19.025 954 1685 I netstats_wifi_sample: [45565413,85472,10765376,85882,45565413,85472,10765376,85882,35690139,48548,7993652,65524,1678740559025]
01-01 09:04:12.690 0 0 E msm_pcm_playback_close: CMD_EOS failed, cmd_pending 0x8
01-01 09:04:12.703 0 0 I afe_close: port_id = 0x9000
01-01 09:04:12.727 0 0 I afe_find_cal_topo_id_by_port: port id: 0x9000, dev_acdb_id: 0
01-01 09:04:12.727 0 0 I afe_find_cal_topo_id_by_port: top_id:112fc acdb_id:15 afe_port:0x9000
01-01 09:04:12.727 0 0 I afe_get_cal_topology_id: port_id = 0x9000 acdb_id = 15 topology_id = 0x112fc cal_type_index=8 ret=0
01-01 09:04:12.727 0 0 I afe_send_port_topology_id: AFE set topology id 0x112fc enable for port 0x9000 ret 0
01-01 09:04:12.727 0 0 I send_afe_cal_type: cal_index is 0
01-01 09:04:12.727 0 0 I send_afe_cal_type: dev_acdb_id[55] is 0
01-01 09:04:12.727 0 0 I send_afe_cal_type: Sending cal_index cal 0
01-01 09:04:12.727 0 0 E send_afe_cal_type: No cal sent for cal_index 0, port_id = 0x9000! ret -22
01-01 09:04:12.735 0 0 I afe_send_hw_delay: port_id 0x9000 rate 48000 delay_usec 474 status 0
01-01 09:04:13.256 0 0 I msm_vidc: err : ffffffff: .....: DBLP Set: status 0
03-14 04:49:21.366 954 1685 I netstats_mobile_sample: [0,0,0,0,0,0,0,0,0,0,0,0,1678740561365]
03-14 04:49:21.366 954 1685 I netstats_wifi_sample: [49950258,88660,10836565,87208,49950258,88660,10836565,87208,40032518,51694,8066207,66802,1678740561365]
01-01 09:04:15.558 0 0 E DTC_ETH,link_delay_work_func: 3003, SQI=0, link=0
03-14 04:49:23.694 954 1685 I netstats_mobile_sample: [0,0,0,0,0,0,0,0,0,0,0,0,1678740563694]
03-14 04:49:23.695 954 1685 I netstats_wifi_sample: [52848299,90758,10880803,87991,52848299,90758,10880803,87991,42882543,53776,8102175,67531,1678740563694]
03-14 04:49:26.499 0 0 I auditd : type=1400 audit(0.0:9159): avc: denied { kill } for comm="swapper/3" capability=5 scontext=u:r:kernel:s0 tcontext=u:r:kernel:s0 tclass=capability permissive=1
03-14 04:49:26.550 954 1064 I am_pss : [13800,10050,com.thundercomm.screensaver,35890176,31580160,27648,142864384,0,19,11]
03-14 04:49:26.561 954 1064 I am_pss : [27326,1000,com.android.settings,17970176,16072704,28672,102776832,0,19,9]
01-01 09:04:20.678 0 0 E DTC_ETH,link_delay_work_func: 3003, SQI=0, link=0
01-01 09:04:23.182 0 0 E msm_pcm_playback_close: CMD_EOS failed, cmd_pending 0x8
01-01 09:04:23.196 0 0 I afe_close: port_id = 0x9000
01-01 09:04:23.218 0 0 I afe_find_cal_topo_id_by_port: port id: 0x9000, dev_acdb_id: 0
01-01 09:04:23.218 0 0 I afe_find_cal_topo_id_by_port: top_id:112fc acdb_id:15 afe_port:0x9000
01-01 09:04:23.218 0 0 I afe_get_cal_topology_id: port_id = 0x9000 acdb_id = 15 topology_id = 0x112fc cal_type_index=8 ret=0
01-01 09:04:23.218 0 0 I afe_send_port_topology_id: AFE set topology id 0x112fc enable for port 0x9000 ret 0
01-01 09:04:23.218 0 0 I send_afe_cal_type: cal_index is 0
01-01 09:04:23.218 0 0 I send_afe_cal_type: dev_acdb_id[55] is 0
01-01 09:04:23.218 0 0 I send_afe_cal_type: Sending cal_index cal 0
01-01 09:04:23.218 0 0 E send_afe_cal_type: No cal sent for cal_index 0, port_id = 0x9000! ret -22
01-01 09:04:23.226 0 0 I afe_send_hw_delay: port_id 0x9000 rate 48000 delay_usec 474 status 0
03-14 04:49:30.393 954 1638 I input_interaction: Interaction with: fca4b77 com.android.launcher3/com.android.launcher3.uioverrides.QuickstepLauncher (server), 45b849f com.android.systemui.ImageWallpaper (server), edge-swipe (server), swipe-up (server), PointerEventDispatcher0 (server),
03-14 04:49:30.762 954 2467 I sysui_multi_action: [757,127,758,1]
03-14 04:49:30.762 954 2467 I sysui_multi_action: [757,804,799,note_load,801,3,802,1]
03-14 04:49:30.762 954 2467 I notification_panel_revealed: 3
03-14 04:49:30.776 954 1047 I input_focus: [Focus request bf09f58 NotificationShade,reason=UpdateInputWindows]
03-14 04:49:30.785 954 12775 I sysui_multi_action: [757,128,758,1,793,3502855,794,0,795,3502855,796,26,798,0,806,android,857,DEVELOPER_IMPORTANT,858,4,947,0,1395,3,1500,3502527,1688,1]
03-14 04:49:30.785 954 12775 I sysui_multi_action: [757,804,799,note_freshness,801,3502855,802,1]
03-14 04:49:30.785 954 12775 I notification_visibility: [-1|android|26|null|1000,1,3502855,3502855,0,0]
03-14 04:49:30.785 954 12775 I sysui_multi_action: [757,128,758,1,793,3502780,794,0,795,3502780,796,55,798,1,806,android,857,DEVELOPER,858,2,947,0,1395,3,1500,3502524,1688,1]
03-14 04:49:30.785 954 12775 I sysui_multi_action: [757,804,799,note_freshness,801,3502780,802,1]
03-14 04:49:30.785 954 12775 I notification_visibility: [-1|android|55|null|1000,1,3502780,3502780,0,1]
03-14 04:49:30.785 954 12775 I sysui_multi_action: [757,128,758,1,793,3503515,794,0,795,3503515,796,32,798,2,806,android,857,USB,858,1,947,0,1395,3,1500,3503238,1688,1]
03-14 04:49:30.785 954 12775 I sysui_multi_action: [757,804,799,note_freshness,801,3503515,802,1]
03-14 04:49:30.785 954 12775 I notification_visibility: [-1|android|32|null|1000,1,3503515,3503515,0,2]
03-14 04:49:30.789 954 1638 I input_focus: [Focus leaving fca4b77 com.android.launcher3/com.android.launcher3.uioverrides.QuickstepLauncher (server),reason=setFocusedWindow]
03-14 04:49:30.789 954 1638 I input_focus: [Focus entering bf09f58 NotificationShade (server),reason=setFocusedWindow]
03-14 04:49:30.801 954 1638 I input_interaction: Interaction with: fca4b77 com.android.launcher3/com.android.launcher3.uioverrides.QuickstepLauncher (server), 45b849f com.android.systemui.ImageWallpaper (server), bf09f58 NotificationShade (server), edge-swipe (server), swipe-up (server), PointerEventDispatcher0 (server),
03-14 04:49:30.801 2598 2598 I view_enqueue_input_event: [Motion - Cancel,com.android.launcher3/com.android.launcher3.uioverrides.QuickstepLauncher]
03-14 04:49:30.824 954 12775 I sysui_multi_action: [757,128,758,2,793,3502894,794,39,795,3502894,796,26,798,0,806,android,857,DEVELOPER_IMPORTANT,858,4,947,0,1395,3,1500,3502566,1688,1]
03-14 04:49:30.824 954 12775 I notification_visibility: [-1|android|26|null|1000,0,3502894,3502894,0,0]
03-14 04:49:30.824 954 12775 I sysui_multi_action: [757,128,758,2,793,3502819,794,39,795,3502819,796,55,798,1,806,android,857,DEVELOPER,858,2,947,0,1395,3,1500,3502563,1688,1]
03-14 04:49:30.824 954 12775 I notification_visibility: [-1|android|55|null|1000,0,3502819,3502819,0,1]
03-14 04:49:30.824 954 12775 I sysui_multi_action: [757,128,758,2,793,3503554,794,39,795,3503554,796,32,798,2,806,android,857,USB,858,1,947,0,1395,3,1500,3503277,1688,1]
03-14 04:49:30.824 954 12775 I notification_visibility: [-1|android|32|null|1000,0,3503554,3503554,0,2]
03-14 04:49:30.825 954 12775 I sysui_multi_action: [757,127,758,2]
03-14 04:49:30.825 954 12775 I notification_panel_hidden:
03-14 04:49:30.838 954 1047 I input_focus: [Focus request fca4b77 com.android.launcher3/com.android.launcher3.uioverrides.QuickstepLauncher,reason=UpdateInputWindows]
03-14 04:49:30.839 954 1638 I input_focus: [Focus leaving bf09f58 NotificationShade (server),reason=NO_WINDOW]
03-14 04:49:30.841 954 1638 I input_interaction: Interaction with: 45b849f com.android.systemui.ImageWallpaper (server), edge-swipe (server), swipe-up (server), PointerEventDispatcher0 (server),
03-14 04:49:30.844 2007 2007 I view_enqueue_input_event: [Motion - Cancel,NotificationShade]
03-14 04:49:30.871 954 1638 I input_focus: [Focus entering fca4b77 com.android.launcher3/com.android.launcher3.uioverrides.QuickstepLauncher (server),reason=setFocusedWindow]
03-14 04:49:31.436 954 1638 I input_interaction: Interaction with: fca4b77 com.android.launcher3/com.android.launcher3.uioverrides.QuickstepLauncher (server), 45b849f com.android.systemui.ImageWallpaper (server), edge-swipe (server), swipe-up (server), PointerEventDispatcher0 (server),
01-01 09:04:25.798 0 0 E DTC_ETH,link_delay_work_func: 3003, SQI=0, link=0
03-14 04:49:32.651 954 2640 I thunderperf: PlatormCompat.setOverrides: Uid1=10074 Pid1=2598 Uid2=10074 Pid2=2598
03-14 04:49:32.651 954 2640 I thunderperf: PlatormCompat.setOverrides: needCheck:false
03-14 04:49:32.651 954 2640 I thunderperf: CompatConfig.addOverrideUnsafe: bef-state=0
03-14 04:49:32.651 954 2640 I thunderperf: CompatConfig.addOverrideUnsafe: aft-state=0
03-14 04:49:32.652 954 2640 I thunderperf: CompatConfig.addOverrideUnsafe: bef-state=0
03-14 04:49:32.652 954 2640 I thunderperf: CompatConfig.addOverrideUnsafe: aft-state=0
03-14 04:49:32.653 954 2640 I thunderperf: CompatConfig.addOverrideUnsafe: bef-state=0
03-14 04:49:32.653 954 2640 I thunderperf: CompatConfig.addOverrideUnsafe: aft-state=0
03-14 04:49:32.653 954 2640 I thunderperf: CompatConfig.addOverrideUnsafe: bef-state=0
03-14 04:49:32.653 954 2640 I thunderperf: CompatConfig.addOverrideUnsafe: aft-state=0
03-14 04:49:32.654 954 2640 I thunderperf: CompatConfig.addOverrideUnsafe: bef-state=0
03-14 04:49:32.654 954 2640 I thunderperf: CompatConfig.addOverrideUnsafe: aft-state=0
03-14 04:49:32.654 954 2640 I thunderperf: CompatConfig.addOverrideUnsafe: bef-state=0
03-14 04:49:32.654 954 2640 I thunderperf: CompatConfig.addOverrideUnsafe: aft-state=0
03-14 04:49:32.654 954 2640 I thunderperf: CompatConfig.addOverrideUnsafe: bef-state=0
03-14 04:49:32.654 954 2640 I thunderperf: CompatConfig.addOverrideUnsafe: aft-state=0
03-14 04:49:32.655 954 2640 I thunderperf: CompatConfig.addOverrideUnsafe: bef-state=0
03-14 04:49:32.655 954 2640 I thunderperf: CompatConfig.addOverrideUnsafe: aft-state=0
03-14 04:49:32.655 954 2640 I thunderperf: CompatConfig.addOverrideUnsafe: bef-state=0
03-14 04:49:32.655 954 2640 I thunderperf: CompatConfig.addOverrideUnsafe: aft-state=0
03-14 04:49:32.655 954 2640 I thunderperf: CompatConfig.addOverrideUnsafe: bef-state=0
03-14 04:49:32.655 954 2640 I thunderperf: CompatConfig.addOverrideUnsafe: aft-state=0
03-14 04:49:32.655 954 2640 I thunderperf: CompatConfig.addOverrideUnsafe: bef-state=0
03-14 04:49:32.655 954 2640 I thunderperf: CompatConfig.addOverrideUnsafe: aft-state=0
03-14 04:49:32.656 954 2640 I thunderperf: CompatConfig.addOverrideUnsafe: bef-state=0
03-14 04:49:32.656 954 2640 I thunderperf: CompatConfig.addOverrideUnsafe: aft-state=0
03-14 04:49:32.656 954 2640 I thunderperf: CompatConfig.addOverrideUnsafe: bef-state=0
03-14 04:49:32.656 954 2640 I thunderperf: CompatConfig.addOverrideUnsafe: aft-state=0
03-14 04:49:32.656 954 2640 I thunderperf: CompatConfig.addOverrideUnsafe: bef-state=0
03-14 04:49:32.656 954 2640 I thunderperf: CompatConfig.addOverrideUnsafe: aft-state=0
