03-14 04:52:51.459 954 14421 I thunderperf: CompatConfig.addOverrideUnsafe: bef-state=0
03-14 04:52:51.459 954 14421 I thunderperf: CompatConfig.addOverrideUnsafe: aft-state=0
03-14 04:52:51.459 954 14421 I thunderperf: CompatConfig.addOverrideUnsafe: bef-state=0
03-14 04:52:51.459 954 14421 I thunderperf: CompatConfig.addOverrideUnsafe: aft-state=0
03-14 04:52:51.459 954 14421 I thunderperf: CompatConfig.addOverrideUnsafe: bef-state=0
03-14 04:52:51.459 954 14421 I thunderperf: CompatConfig.addOverrideUnsafe: aft-state=0
03-14 04:52:51.460 954 14421 I thunderperf: CompatConfig.addOverrideUnsafe: bef-state=0
03-14 04:52:51.460 954 14421 I thunderperf: CompatConfig.addOverrideUnsafe: aft-state=0
03-14 04:52:51.460 954 14421 I thunderperf: CompatConfig.addOverrideUnsafe: bef-state=0
03-14 04:52:51.460 954 14421 I thunderperf: CompatConfig.addOverrideUnsafe: aft-state=0
03-14 04:52:51.461 954 14421 I thunderperf: CompatConfig.addOverrideUnsafe: bef-state=0
03-14 04:52:51.461 954 14421 I thunderperf: CompatConfig.addOverrideUnsafe: aft-state=0
03-14 04:52:51.461 954 14421 I thunderperf: CompatConfig.addOverrideUnsafe: bef-state=0
03-14 04:52:51.461 954 14421 I thunderperf: CompatConfig.addOverrideUnsafe: aft-state=0
03-14 04:52:51.462 954 14421 I thunderperf: CompatConfig.addOverrideUnsafe: bef-state=0
03-14 04:52:51.462 954 14421 I thunderperf: CompatConfig.addOverrideUnsafe: aft-state=0
03-14 04:52:51.470 954 14421 I ActivityTaskManager: START u0 {act=android.intent.action.MAIN cat=[android.intent.category.LAUNCHER] flg=0x10200000 cmp=com.youku.phone/.ActivityWelcome} from uid 10074
03-14 04:52:51.474 954 14421 I wm_task_created: [80,-1]
03-14 04:52:51.474 954 14421 W ActivityTaskManager: Can't find TaskDisplayArea to determine support for multi window. Task id=80 attached=false
03-14 04:52:51.475 954 14421 D FreeFormWindowHelper: Add freeform task=Task{c662368 #80 type=standard ?? U=0 visible=false mode=freeform translucent=true sz=0}
03-14 04:52:51.476 954 14421 D CompatibilityChangeReporter: Compat change id reported: 174042980; UID 10098; state: DISABLED
03-14 04:52:51.477 954 14421 D CompatibilityChangeReporter: Compat change id reported: 184838306; UID 10098; state: DISABLED
03-14 04:52:51.477 954 14421 D CompatibilityChangeReporter: Compat change id reported: 185004937; UID 10098; state: DISABLED
03-14 04:52:51.477 954 14421 D CompatibilityChangeReporter: Compat change id reported: 181136395; UID 10098; state: DISABLED
03-14 04:52:51.477 954 14421 D CompatibilityChangeReporter: Compat change id reported: 174042936; UID 10098; state: DISABLED
03-14 04:52:51.478 954 14421 I wm_task_moved: [80,1,8]
03-14 04:52:51.478 954 14421 I wm_task_to_front: [0,80]
03-14 04:52:51.478 954 14421 I wm_create_task: [0,80]
03-14 04:52:51.478 954 14421 I wm_create_activity: [0,11989889,80,com.youku.phone/.ActivityWelcome,android.intent.action.MAIN,NULL,NULL,270532608]
03-14 04:52:51.478 954 14421 I wm_task_moved: [80,1,8]
03-14 04:52:51.479 954 14421 V SplashScreenExceptionList: SplashScreen checking exception for package com.youku.phone (target sdk:29) -> false
03-14 04:52:51.479 954 14421 I ActivityTaskManager: FOREGROUND_APPLICATION_CHANGED to com.youku.phone.ActivityWelcome
03-14 04:52:51.481 2598 2598 I wm_on_top_resumed_lost_called: [194529402,com.android.launcher3.uioverrides.QuickstepLauncher,topStateChangedWhenResumed]
03-14 04:52:51.483 954 1046 I am_uid_running: 10098
03-14 04:52:51.483 954 1046 D CompatibilityChangeReporter: Compat change id reported: 135634846; UID 10098; state: DISABLED
03-14 04:52:51.483 954 1067 D CompatibilityChangeReporter: Compat change id reported: 143937733; UID 10098; state: DISABLED
03-14 04:52:51.487 954 1067 I am_proc_start: [0,31858,10098,com.youku.phone,top-activity,{com.youku.phone/com.youku.phone.ActivityWelcome}]
03-14 04:52:51.487 954 1067 I ActivityManager: Start proc 31858:com.youku.phone/u0a98 for top-activity {com.youku.phone/com.youku.phone.ActivityWelcome}
01-01 09:07:44.721 0 0 W perfetto: enabled ftrace
03-14 04:52:51.499 0 0 I auditd : type=1400 audit(0.0:10699): avc: denied { kill } for comm="swapper/0" capability=5 scontext=u:r:kernel:s0 tcontext=u:r:kernel:s0 tclass=capability permissive=1
01-01 09:07:44.727 0 0 I binder : 31858:31858 ioctl 40046210 fffa1908 returned -22
03-14 04:52:51.504 954 14421 I am_proc_bound: [0,31858,com.youku.phone]
03-14 04:52:51.505 954 14421 I ActivityTaskManager: clear resize flag in freeform mode
03-14 04:52:51.505 954 14421 I ActivityTaskManager: The Process com.youku.phone Already Exists in BG. So sending its PID: 31858
03-14 04:52:51.506 954 14421 I wm_restart_activity: [0,11989889,80,com.youku.phone/.ActivityWelcome]
03-14 04:52:51.506 954 14421 I wm_set_resumed_activity: [0,com.youku.phone/.ActivityWelcome,minimalResumeActivityLocked]
03-14 04:52:51.507 954 14421 I am_uid_active: 10098
03-14 04:52:51.547 31858 31858 I auditd : type=1400 audit(0.0:10700): avc: denied { read } for comm="com.youku.phone" name="version" dev="proc" ino=4026532247 scontext=u:r:untrusted_app_29:s0:c98,c256,c512,c768 tcontext=u:object_r:proc_version:s0 tclass=file permissive=1 app=com.youku.phone
03-14 04:52:51.547 31858 31858 I auditd : type=1400 audit(0.0:10701): avc: denied { open } for comm="com.youku.phone" path="/proc/version" dev="proc" ino=4026532247 scontext=u:r:untrusted_app_29:s0:c98,c256,c512,c768 tcontext=u:object_r:proc_version:s0 tclass=file permissive=1 app=com.youku.phone
03-14 04:52:51.551 31858 31858 I auditd : type=1400 audit(0.0:10702): avc: denied { getattr } for comm="com.youku.phone" path="/proc/version" dev="proc" ino=4026532247 scontext=u:r:untrusted_app_29:s0:c98,c256,c512,c768 tcontext=u:object_r:proc_version:s0 tclass=file permissive=1 app=com.youku.phone
01-01 09:07:44.779 0 0 W audit : audit_lost=10692 audit_rate_limit=5 audit_backlog_limit=64
01-01 09:07:44.779 0 0 E audit : rate limit exceeded
03-14 04:52:51.551 31858 31858 I auditd : type=1400 audit(0.0:10703): avc: denied { open } for comm="CrashSDKBkgdHan" path="/proc/uptime" dev="proc" ino=4026532246 scontext=u:r:untrusted_app_29:s0:c98,c256,c512,c768 tcontext=u:object_r:proc_uptime:s0 tclass=file permissive=1 app=com.youku.phone
03-14 04:52:51.577 31858 31858 D ActivityThread: Loading provider com.youku.phone.com.android.alibaba.ip.server.InstantRunContentProvider: com.android.alibaba.ip.server.InstantRunContentProvider
03-14 04:52:51.708 954 8433 I thunderperf: PlatormCompat.setOverrides: Uid1=10098 Pid1=31858 Uid2=10098 Pid2=31858
03-14 04:52:51.708 954 8433 I thunderperf: PlatormCompat.setOverrides: needCheck:false
03-14 04:52:51.709 954 8433 I thunderperf: CompatConfig.addOverrideUnsafe: bef-state=0
03-14 04:52:51.709 954 8433 I thunderperf: CompatConfig.addOverrideUnsafe: aft-state=0
03-14 04:52:51.709 954 8433 W PackageManager: MATCH_ANY_USER flag requires INTERACT_ACROSS_USERS permission: UID 10098 requires android.permission.INTERACT_ACROSS_USERS_FULL or android.permission.INTERACT_ACROSS_USERS to access user 0.
03-14 04:52:51.709 954 8433 I ActivityTaskManager: START u0 {flg=0x20000 cmp=com.youku.phone/com.youku.v2.HomePageEntry} from uid 10098
03-14 04:52:51.710 954 8433 I wm_task_moved: [80,1,8]
03-14 04:52:51.710 954 8433 I wm_set_resumed_activity: [0,com.youku.phone/.ActivityWelcome,positionChildAt]
03-14 04:52:51.710 954 8433 I wm_create_activity: [0,242737400,80,com.youku.phone/com.youku.v2.HomePageEntry,NULL,NULL,NULL,131072]
03-14 04:52:51.711 954 8433 I wm_pause_activity: [0,11989889,com.youku.phone/.ActivityWelcome,userLeaving=true,resumeTopActivityInnerLocked]
03-14 04:52:51.713 31858 31858 I wm_on_create_called: [11989889,com.youku.phone.ActivityWelcome,performCreate]
03-14 04:52:51.732 31858 31858 I wm_on_start_called: [11989889,com.youku.phone.ActivityWelcome,handleStartActivity]
03-14 04:52:51.733 31858 31858 I wm_on_resume_called: [11989889,com.youku.phone.ActivityWelcome,RESUME_ACTIVITY]
03-14 04:52:51.744 954 27171 W WindowManager: Failed looking up window session=Session{4145737 31858:u0a10098} callers=com.android.server.wm.WindowManagerService.windowForClientLocked:5628 com.android.server.wm.Session.insetsModified:629 android.view.IWindowSession$Stub.onTransact:1151
03-14 04:52:51.746 31858 31858 I wm_on_top_resumed_gained_called: [11989889,com.youku.phone.ActivityWelcome,topStateChangedWhenResumed]
03-14 04:52:51.748 31858 31858 I wm_on_top_resumed_lost_called: [11989889,com.youku.phone.ActivityWelcome,topStateChangedWhenResumed]
03-14 04:52:51.749 31858 31858 I wm_on_paused_called: [11989889,com.youku.phone.ActivityWelcome,performPause]
03-14 04:52:51.749 954 1152 I ActivityTaskManager: FOREGROUND_APPLICATION_CHANGED to com.youku.v2.HomePageEntry
03-14 04:52:51.749 954 1152 I ActivityTaskManager: The Process com.youku.phone Already Exists in BG. So sending its PID: 31858
03-14 04:52:51.749 954 1152 W ActivityTaskManager: Tried to set launchTime (0) < mLastActivityLaunchTime (3742197)
03-14 04:52:51.750 954 1152 I wm_restart_activity: [0,242737400,80,com.youku.phone/com.youku.v2.HomePageEntry]
03-14 04:52:51.750 954 1152 I wm_set_resumed_activity: [0,com.youku.phone/com.youku.v2.HomePageEntry,minimalResumeActivityLocked]
03-14 04:52:51.753 954 1046 I sysui_multi_action: [757,803,799,window_time_2,802,4]
03-14 04:52:51.763 954 8433 W WindowManager: updateScale : 0.79357797
01-01 09:07:45.015 0 0 I binder : 31858:31994 ioctl 40046210 b381ad38 returned -22
03-14 04:52:51.819 954 1047 W WindowManager: updateScale : 0.79357797
03-14 04:52:51.820 954 1047 W WindowManager: updateScale : 0.79357797
03-14 04:52:51.849 31858 32040 E ActivityThread: Failed to find provider info for telephony
03-14 04:52:51.853 954 1152 W FreeFormWindowHelper: Current Display FreeFormTask is Task{c662368 #80 type=standard A=10098:com.youku.phone U=0 visible=true mode=freeform translucent=false sz=2}
03-14 04:52:51.871 954 1152 D TelephonyRegistry: listen oscl: mHasNotifySubscriptionInfoChangedOccurred==false no callback
01-01 09:07:45.225 0 0 I logd : logdr: UID=10098 GID=10098 PID=32137 n tail=3000 logMask=d pid=0 start=0ns deadline=0ns
01-01 09:07:45.296 0 0 E HL6111R : is_dc_online: DC psy unavailable
01-01 09:07:45.302 0 0 I init : Untracked pid 32141 exited with status 0
01-01 09:07:45.333 0 0 I init : Untracked pid 32138 exited with status 0
01-01 09:07:45.333 0 0 I init : Untracked pid 32140 exited with status 0
01-01 09:07:45.333 0 0 I init : Untracked pid 32142 exited with status 1
01-01 09:07:45.333 0 0 I init : Untracked pid 32143 exited with status 0
03-14 04:52:52.111 31858 32106 F libc : Fatal signal 7 (SIGBUS), code 1 (BUS_ADRALN), fault addr 0xad17e302 in tid 32106 (NativeThread), pid 31858 (com.youku.phone)
01-01 09:07:45.337 0 0 I init : Untracked pid 32145 exited with status 0
01-01 09:07:45.478 0 0 E DTC_ETH,link_delay_work_func: 3003, SQI=0, link=0
03-14 04:52:52.312 31858 31858 I wm_on_create_called: [242737400,com.youku.v2.HomePageEntry,performCreate]
03-14 04:52:52.321 954 1152 W WindowManager: Failed looking up window session=Session{4145737 31858:u0a10098} callers=com.android.server.wm.WindowManagerService.windowForClientLocked:5628 com.android.server.wm.Session.insetsModified:629 android.view.IWindowSession$Stub.onTransact:1151
03-14 04:52:52.324 31858 31858 I wm_on_start_called: [242737400,com.youku.v2.HomePageEntry,handleStartActivity]
03-14 04:52:52.331 31858 31858 I wm_on_resume_called: [242737400,com.youku.v2.HomePageEntry,RESUME_ACTIVITY]
03-14 04:52:52.333 31858 31858 I wm_on_top_resumed_gained_called: [242737400,com.youku.v2.HomePageEntry,topStateChangedWhenResumed]
03-14 04:52:52.338 954 10386 W WindowManager: updateScale : 0.79357797
03-14 04:52:52.338 954 10386 W WindowManager: updateScale : 0.79357797
03-14 04:52:52.338 954 10386 W WindowManager: updateScale : 0.79357797
03-14 04:52:52.339 954 1046 W WindowManager: updateScale : 0.79357797
03-14 04:52:52.339 954 1046 W WindowManager: updateScale : 0.79357797
03-14 04:52:52.340 954 1047 I input_focus: [Focus request 42acf85 com.youku.phone/com.youku.v2.HomePageEntry,reason=UpdateInputWindows]
03-14 04:52:52.342 954 1064 I sysui_multi_action: [757,1717,758,1,759,0]
03-14 04:52:52.342 954 1064 I sysui_multi_action: [757,1717,758,2,759,0]
03-14 04:52:52.342 954 1064 I sysui_multi_action: [757,1717,758,3,759,0]
03-14 04:52:52.370 954 10386 W WindowManager: updateScale : 0.79357797
03-14 04:52:52.370 954 10386 W WindowManager: updateScale : 0.79357797
03-14 04:52:52.370 954 10386 W WindowManager: updateScale : 0.79357797
03-14 04:52:52.370 954 1638 I input_focus: [Focus leaving fca4b77 com.android.launcher3/com.android.launcher3.uioverrides.QuickstepLauncher (server),reason=Waiting for window because NOT_VISIBLE]
03-14 04:52:52.397 954 1047 W WindowManager: updateScale : 0.79357797
03-14 04:52:52.397 954 1047 W WindowManager: updateScale : 0.79357797
03-14 04:52:52.397 954 1047 W WindowManager: updateScale : 0.79357797
03-14 04:52:52.398 954 1047 W WindowManager: updateScale : 0.79357797
03-14 04:52:52.398 954 1047 W WindowManager: updateScale : 0.79357797
03-14 04:52:52.398 954 1047 W WindowManager: updateScale : 0.79357797
03-14 04:52:52.401 954 1047 W WindowManager: updateScale : 0.79357797
03-14 04:52:52.401 954 1047 W WindowManager: updateScale : 0.79357797
03-14 04:52:52.401 954 1047 W WindowManager: updateScale : 0.79357797
03-14 04:52:52.403 954 1152 W ActivityManager: Unable to start service Intent { act=com.ali.user.ucc.laxin pkg=com.taobao.taobao } U=0: not found
03-14 04:52:52.403 954 1047 W WindowManager: updateScale : 0.79357797
03-14 04:52:52.403 954 1047 W WindowManager: updateScale : 0.79357797
03-14 04:52:52.403 954 1047 W WindowManager: updateScale : 0.79357797
03-14 04:52:52.406 954 1046 W WindowManager: updateScale : 0.79357797
03-14 04:52:52.406 954 1046 W WindowManager: updateScale : 0.79357797
03-14 04:52:52.406 954 1046 W WindowManager: updateScale : 0.79357797
03-14 04:52:52.410 954 1043 I sysui_multi_action: [319,929,322,928,325,3742,757,761,758,7,759,2,806,com.youku.phone,871,com.youku.v2.HomePageEntry,904,com.youku.phone,905,0,945,34,1320,4,1321,4]
03-14 04:52:52.411 954 1043 I wm_activity_launch_time: [0,242737400,com.youku.phone/com.youku.v2.HomePageEntry,928]
03-14 04:52:52.420 954 1638 I input_focus: [Focus entering 42acf85 com.youku.phone/com.youku.v2.HomePageEntry (server),reason=Window became focusable. Previous reason: NOT_VISIBLE]
03-14 04:52:52.503 32152 32152 I auditd : type=1400 audit(0.0:10762): avc: denied { open } for comm="crash_dump32" path="/dev/__properties__/u:object_r:device_config_runtime_native_prop:s0" dev="tmpfs" ino=3349 scontext=u:r:crash_dump:s0:c98,c256,c512,c768 tcontext=u:object_r:device_config_runtime_native_prop:s0 tclass=file permissive=1 app=com.youku.phone
03-14 04:52:52.503 32152 32152 I auditd : type=1400 audit(0.0:10763): avc: denied { getattr } for comm="crash_dump32" path="/dev/__properties__/u:object_r:device_config_runtime_native_prop:s0" dev="tmpfs" ino=3349 scontext=u:r:crash_dump:s0:c98,c256,c512,c768 tcontext=u:object_r:device_config_runtime_native_prop:s0 tclass=file permissive=1 app=com.youku.phone
03-14 04:52:52.503 32152 32152 I auditd : type=1400 audit(0.0:10764): avc: denied { map } for comm="crash_dump32" path="/dev/__properties__/u:object_r:device_config_runtime_native_prop:s0" dev="tmpfs" ino=3349 scontext=u:r:crash_dump:s0:c98,c256,c512,c768 tcontext=u:object_r:device_config_runtime_native_prop:s0 tclass=file permissive=1 app=com.youku.phone
03-14 04:52:52.503 32152 32152 I auditd : type=1400 audit(0.0:10765): avc: denied { open } for comm="crash_dump32" path="/dev/__properties__/u:object_r:odsign_prop:s0" dev="tmpfs" ino=3420 scontext=u:r:crash_dump:s0:c98,c256,c512,c768 tcontext=u:object_r:odsign_prop:s0 tclass=file permissive=1 app=com.youku.phone
03-14 04:52:52.503 32152 32152 I auditd : type=1400 audit(0.0:10766): avc: denied { getattr } for comm="crash_dump32" path="/dev/__properties__/u:object_r:odsign_prop:s0" dev="tmpfs" ino=3420 scontext=u:r:crash_dump:s0:c98,c256,c512,c768 tcontext=u:object_r:odsign_prop:s0 tclass=file permissive=1 app=com.youku.phone
01-01 09:07:45.734 0 0 I logd : logdr: UID=10098 GID=10098 PID=32152 n tail=0 logMask=8 pid=31858 start=0ns deadline=0ns
01-01 09:07:45.742 0 0 I logd : logdr: UID=10098 GID=10098 PID=32152 n tail=0 logMask=1 pid=31858 start=0ns deadline=0ns
03-14 04:52:52.528 32152 32152 F DEBUG : *** *** *** *** *** *** *** *** *** *** *** *** *** *** *** ***
03-14 04:52:52.528 32152 32152 F DEBUG : Build fingerprint: 'TC/figure_CN/figure:12/SKQ1.220201.001/2464:user/test-keys'
03-14 04:52:52.528 32152 32152 F DEBUG : Revision: '0'
03-14 04:52:52.528 32152 32152 F DEBUG : ABI: 'arm'
03-14 04:52:52.528 32152 32152 F DEBUG : Timestamp: 2023-03-14 04:52:52.165899314+0800
03-14 04:52:52.528 32152 32152 F DEBUG : Process uptime: 0s
03-14 04:52:52.528 32152 32152 F DEBUG : Cmdline: com.youku.phone
03-14 04:52:52.528 32152 32152 F DEBUG : pid: 31858, tid: 32106, name: NativeThread >>> com.youku.phone <<<
03-14 04:52:52.528 32152 32152 F DEBUG : uid: 10098
03-14 04:52:52.528 32152 32152 F DEBUG : signal 7 (SIGBUS), code 1 (BUS_ADRALN), fault addr 0xad17e302
03-14 04:52:52.528 32152 32152 F DEBUG : r0 abbf4ea0 r1 ad17e302 r2 00000000 r3 00000000
03-14 04:52:52.528 32152 32152 F DEBUG : r4 abbf4ea0 r5 00000031 r6 abbf4ec0 r7 abbf4f00
03-14 04:52:52.528 32152 32152 F DEBUG : r8 00000000 r9 ebac44f0 r10 00000000 r11 00000000
03-14 04:52:52.528 32152 32152 F DEBUG : ip eaafa1d0 sp abbf4e78 lr e93bcca7 pc e699f65a
03-14 04:52:52.528 32152 32152 F DEBUG : backtrace:
03-14 04:52:52.528 32152 32152 F DEBUG : #00 pc 0001465a /system/lib/libmediadrm.so (android::DrmHal::createPlugin(unsigned char const*, android::String8 const&)+810) (BuildId: a09142dabde5c71f42cad8e0554d4644)
03-14 04:52:52.528 32152 32152 F DEBUG : #01 pc 00011e3d /system/lib/libmediandk.so (AMediaDrm_createByUUID+808) (BuildId: 61b96ce3f03e71f3fb954f85fb05b3e5)
03-14 04:52:52.528 32152 32152 F DEBUG : #02 pc 0009b54f /data/app/~~baUxgMHIYKn7_X648yXuOA==/com.youku.phone-uDneQB3yG46gb-imm0WiLw==/lib/arm/libsgmainso-6.5.15274894.so
03-14 04:52:52.528 32152 32152 F DEBUG : #03 pc 000a4e00 /data/app/~~baUxgMHIYKn7_X648yXuOA==/com.youku.phone-uDneQB3yG46gb-imm0WiLw==/lib/arm/libsgmainso-6.5.15274894.so
03-14 04:52:52.564 954 1601 I BootReceiver: Copying /data/tombstones/tombstone_03 to DropBox (SYSTEM_TOMBSTONE)
03-14 04:52:52.564 954 1601 I DropBoxManagerService: add tag=SYSTEM_TOMBSTONE isTagEnabled=true flags=0x6
03-14 04:52:52.570 954 32216 I am_crash: [954,0,com.youku.phone,949501508,Native crash,Bus error,unknown,0]
03-14 04:52:52.572 954 32216 W ActivityTaskManager: Force finishing activity com.youku.phone/com.youku.v2.HomePageEntry
03-14 04:52:52.573 954 32216 I wm_finish_activity: [0,242737400,80,com.youku.phone/com.youku.v2.HomePageEntry,force-crash]
03-14 04:52:52.574 954 32217 I DropBoxManagerService: add tag=data_app_native_crash isTagEnabled=true flags=0x2
03-14 04:52:52.576 954 1601 I dropbox_file_copy: [/data/tombstones/tombstone_03,98304,SYSTEM_TOMBSTONE]
03-14 04:52:52.578 954 32216 I wm_pause_activity: [0,242737400,com.youku.phone/com.youku.v2.HomePageEntry,userLeaving=false,finish]
03-14 04:52:52.579 954 32216 W ActivityTaskManager: Force finishing activity com.youku.phone/.ActivityWelcome
03-14 04:52:52.579 954 32216 I wm_finish_activity: [0,11989889,80,com.youku.phone/.ActivityWelcome,force-crash]
03-14 04:52:52.579 954 32216 I wm_task_moved: [1,1,8]
01-01 09:07:45.805 0 0 I init : Untracked pid 32152 exited with status 0
03-14 04:52:52.580 954 1601 I commit_sys_config_file: [log-files,3706166]
03-14 04:52:52.580 954 32216 I wm_set_resumed_activity: [0,com.android.launcher3/.uioverrides.QuickstepLauncher,positionChildAt]
03-14 04:52:52.580 954 32216 I wm_task_moved: [12,1,2147483647]
03-14 04:52:52.580 954 32216 I wm_task_to_front: [0,12]
03-14 04:52:52.580 954 32216 I wm_focused_root_task: [0,0,1,-1,finish-top adjustFocusToNextFocusableTask]
03-14 04:52:52.580 954 32216 I wm_set_resumed_activity: [0,com.android.launcher3/.uioverrides.QuickstepLauncher,finish-top]
03-14 04:52:52.581 954 32216 I ActivityTaskManager: FOREGROUND_APPLICATION_CHANGED to com.android.launcher3.uioverrides.QuickstepLauncher
03-14 04:52:52.581 954 32216 I wm_destroy_activity: [0,11989889,80,com.youku.phone/.ActivityWelcome,finish-imm:finishIfPossible]
03-14 04:52:52.581 954 1601 I DropBoxManagerService: add tag=SYSTEM_TOMBSTONE_PROTO isTagEnabled=true flags=0x4
03-14 04:52:52.584 954 1047 I input_focus: [Focus request fca4b77 com.android.launcher3/com.android.launcher3.uioverrides.QuickstepLauncher,reason=UpdateInputWindows]
01-01 09:07:45.810 0 0 I init : Untracked pid 32137 exited with status 0
01-01 09:07:45.810 0 0 I init : Untracked pid 32147 exited with status 0
03-14 04:52:52.589 954 1638 I input_focus: [Focus leaving 42acf85 com.youku.phone/com.youku.v2.HomePageEntry (server),reason=NOT_VISIBLE]
01-01 09:07:45.823 0 0 I init : Untracked pid 32154 exited with status 0
03-14 04:52:52.605 954 1638 I input_focus: [Focus entering fca4b77 com.android.launcher3/com.android.launcher3.uioverrides.QuickstepLauncher (server),reason=setFocusedWindow]
03-14 04:52:52.606 954 1601 I commit_sys_config_file: [log-files,3706192]
03-14 04:52:52.623 954 5679 I ActivityManager: Process com.youku.phone (pid 31858) has died: fg TOP
03-14 04:52:52.623 954 5679 I am_proc_died: [0,31858,com.youku.phone,0,2]
01-01 09:07:45.850 0 0 I init : Untracked pid 32182 received signal 9
03-14 04:52:52.626 954 10386 I WindowManager: WIN DEATH: Window{1440018 u0 com.youku.phone/com.youku.v2.HomePageEntry}
03-14 04:52:52.627 954 2468 I WindowManager: WIN DEATH: Window{42acf85 u0 com.youku.phone/com.youku.v2.HomePageEntry}
03-14 04:52:52.628 954 5436 I WindowManager: WIN DEATH: Window{f4d35c2 u0 com.youku.phone/com.youku.phone.ActivityWelcome}
03-14 04:52:52.629 954 1047 I input_focus: [Focus request f6de7a1 Application Error: com.youku.phone,reason=UpdateInputWindows]
03-14 04:52:52.630 954 5679 I am_uid_stopped: 10098
03-14 04:52:52.630 954 5679 I wm_task_removed: [80,removeChild:removeChild last r=ActivityRecord{e77e0f8 u0 com.youku.phone/com.youku.v2.HomePageEntry t-1 f}} in t=Task{c662368 #80 type=standard A=10098:com.youku.phone U=0 visible=false mode=freeform translucent=true sz=0}]
03-14 04:52:52.630 954 5679 I wm_task_removed: [80,removeChild]
03-14 04:52:52.631 954 5679 D FreeFormWindowHelper: Remove freefrom task=Task{c662368 #80 type=standard A=10098:com.youku.phone U=0 visible=false mode=freeform translucent=true sz=0}
03-14 04:52:52.635 954 5679 I am_mem_factor: [1,0]
03-14 04:52:52.638 954 1046 W ActivityManager: setHasOverlayUi called on unknown pid: 31858
03-14 04:52:52.640 954 1638 I input_focus: [Focus leaving fca4b77 com.android.launcher3/com.android.launcher3.uioverrides.QuickstepLauncher (server),reason=Waiting for window because NOT_VISIBLE]
03-14 04:52:52.645 954 32216 I sysui_multi_action: [757,316,758,4,759,1]
03-14 04:52:52.647 954 32216 W ActivityManager: Ignoring remove of inactive process: ProcessRecord{2dd2c26 0:com.youku.phone/u0a98}
03-14 04:52:52.650 954 1047 I input_focus: [Focus request fca4b77 com.android.launcher3/com.android.launcher3.uioverrides.QuickstepLauncher,reason=UpdateInputWindows]
03-14 04:52:52.672 954 1638 I input_focus: [Focus entering fca4b77 com.android.launcher3/com.android.launcher3.uioverrides.QuickstepLauncher (server),reason=setFocusedWindow]
03-14 04:52:52.849 954 1064 I am_meminfo: [2555330560,435441664,17100800,540934144,546806784]
03-14 04:52:52.860 954 1064 I am_pss : [3380,10024,com.baidu.input,96524288,85245952,37888,226734080,1,7,10]
03-14 04:52:52.867 954 1064 I am_pss : [1986,1002,com.android.bluetooth,29106176,24776704,38912,133795840,1,0,6]
03-14 04:52:52.874 954 1064 I am_pss : [3089,10091,com.android.providers.media.module,21347328,18264064,38912,118525952,1,0,6]
03-14 04:52:52.887 954 1064 I am_pss : [7253,10097,cn.kuwo.player,242903040,232259584,46080,362364928,1,4,13]
03-14 04:52:52.895 954 1064 I am_pss : [7686,10097,cn.kuwo.player:QS,184956928,171728896,9628672,244133888,1,10,8]
03-14 04:52:52.901 954 1064 I am_pss : [2490,10092,android.ext.services,16075776,7766016,38912,126390272,1,5,6]
03-14 04:52:52.906 954 1064 I am_pss : [3112,10071,com.qualcomm.location.XT,5958656,4186112,39936,88604672,1,6,4]
03-14 04:52:52.910 954 1064 I am_pss : [3087,10079,com.qualcomm.qti.workloadclassifier,12845056,10825728,38912,97878016,1,0,4]
03-14 04:52:52.915 954 1064 I am_pss : [3084,10082,com.qualcomm.qti.qccnetstat,5680128,3944448,39936,86290432,1,0,3]
03-14 04:52:52.919 954 1064 I am_pss : [3057,10069,com.qualcomm.qti.services.systemhelper:systemhelper_service,5755904,4034560,38912,86745088,1,0,4]
03-14 04:52:52.923 954 1064 I am_pss : [3024,10053,.pasr,5311488,3624960,39936,84545536,1,0,4]
03-14 04:52:52.927 954 1064 I am_pss : [2967,1000,com.hryt.hiphishowfsecontrol,7081984,5132288,38912,93343744,1,0,4]
03-14 04:52:52.931 954 1064 I am_pss : [2962,10056,ts.car.uart,5534720,3850240,39936,84996096,1,0,4]
03-14 04:52:52.940 954 1064 I am_pss : [2953,10083,com.hht.lebocast,80926720,76042240,48128,167837696,1,0,8]
03-14 04:52:52.945 954 1064 I am_pss : [2770,10070,com.qualcomm.location,8826880,6438912,39936,97718272,1,0,4]
03-14 04:52:52.950 954 1064 I am_pss : [2470,1000,com.qualcomm.qti.qdma,14519296,11661312,38912,110551040,1,0,5]
03-14 04:52:52.954 954 1064 I am_pss : [3282,10061,com.qualcomm.qti.devicestatisticsservice,5277696,3592192,39936,84176896,1,0,4]
03-14 04:52:52.958 954 1064 I am_pss : [2380,1068,com.android.se,5640192,3911680,39936,86851584,1,0,4]
03-14 04:52:52.962 954 1064 I am_pss : [2338,1000,vendor.qti.qesdk.sysservice,5434368,3702784,38912,86560768,1,0,4]
03-14 04:52:52.966 954 1064 I am_pss : [2360,10080,com.qti.qualcomm.mstatssystemservice,5369856,3690496,39936,85049344,1,0,4]
03-14 04:52:52.971 954 1064 I am_pss : [2398,1000,com.thundercomm.tcservice,7686144,5918720,38912,90636288,1,0,4]
03-14 04:52:52.975 954 1064 I am_pss : [2383,1000,com.thundercomm.remotecontrolservice,12772352,10903552,38912,95199232,1,0,4]
03-14 04:52:52.979 954 1064 I am_pss : [2322,1000,com.thundercomm.tcsetupwizard,5569536,3899392,38912,85041152,1,0,4]
03-14 04:52:52.983 954 1064 I am_pss : [2305,1000,com.tc.logclient,6656000,4825088,38912,90951680,1,0,4]
03-14 04:52:52.987 954 1064 I am_pss : [2298,1000,com.thundercomm.tchttpserver,6125568,4411392,38912,87121920,1,0,3]
03-14 04:52:52.991 954 1064 I am_pss : [2275,1001,.dataservices,7871488,5881856,39936,92196864,1,0,4]
03-14 04:52:52.995 954 1064 I am_pss : [2285,10055,.qtidataservices,5603328,3891200,39936,86147072,1,0,4]
03-14 04:52:52.999 954 1064 I am_pss : [2251,1000,com.thundercomm.microsettings,11240448,5685248,38912,103534592,1,0,4]
03-14 04:52:53.003 954 1064 I am_pss : [2239,1000,com.thundercomm.microservice,6400000,4681728,38912,87871488,1,0,4]
03-14 04:52:53.009 954 1064 I am_pss : [2221,1000,com.thundercomm.gamemode,34029568,30367744,38912,133099520,1,0,5]
03-14 04:52:53.014 954 1064 I am_pss : [2068,1073,com.android.networkstack.process,12964864,10530816,38912,103342080,1,0,4]
03-14 04:52:53.026 954 1064 I am_pss : [2007,10078,com.android.systemui,182261760,167477248,37888,334336000,1,0,11]
03-14 04:52:53.049 954 1064 I am_pss : [954,1000,system,300705792,117710848,37888,716726272,1,0,23]
03-14 04:52:53.078 954 1046 W ActivityTaskManager: Activity top resumed state loss timeout for ActivityRecord{e77e0f8 u0 com.youku.phone/com.youku.v2.HomePageEntry t-1 f}}
03-14 04:52:53.079 2598 2598 I wm_on_top_resumed_gained_called: [194529402,com.android.launcher3.uioverrides.QuickstepLauncher,topStateChangedWhenResumed]
01-01 09:07:46.706 0 0 W audit : audit_lost=10754 audit_rate_limit=5 audit_backlog_limit=64
01-01 09:07:46.706 0 0 E audit : rate limit exceeded
03-14 04:52:55.489 954 2964 E TaskPersister: File error accessing recents directory (directory doesn't exist?).
03-14 04:52:55.732 954 3426 W FreeFormWindowHelper: Current Display FreeFormTask is null
03-14 04:52:55.732 954 3426 W FreeFormWindowHelper: Current Display FreeFormTask is null
03-14 04:52:55.765 954 1685 I netstats_mobile_sample: [0,0,0,0,0,0,0,0,0,0,0,0,1678740775765]
03-14 04:52:55.766 954 1685 I netstats_wifi_sample: [107475324,145397,15780587,131635,107475324,145397,15780587,131635,88302064,95369,12343627,105994,1678740775765]
03-14 04:52:55.763 674 674 I auditd : type=1400 audit(0.0:10778): avc: denied { add_name } for comm="Binder:674_1" name="globalAlert" scontext=u:r:netd:s0 tcontext=u:object_r:proc_net:s0 tclass=dir permissive=1
03-14 04:52:55.763 674 674 I auditd : type=1400 audit(0.0:10779): avc: denied { create } for comm="Binder:674_1" name="globalAlert" scontext=u:r:netd:s0 tcontext=u:object_r:proc_net:s0 tclass=file permissive=1
03-14 04:52:56.280 954 954 I service_manager_stats: [100,58,14707]
01-01 09:07:49.715 0 0 W perfetto: disabled ftrace
03-14 04:52:56.542 1271 31854 I iorapd : Perfetto TraceBuffer saved to file: /data/misc/iorapd/com.youku.phone/461/com.youku.phone.ActivityWelcome/raw_traces/1678740776541106447.perfetto_trace.pb
03-14 04:52:56.732 954 1047 I input_focus: [Focus request 9cc8ed3 com.android.launcher3/com.android.launcher3.uioverrides.QuickstepLauncher,reason=UpdateInputWindows]
03-14 04:52:56.748 954 3426 W FreeFormWindowHelper: exitRecentTasks type=0
03-14 04:52:56.750 954 1638 I input_focus: [Focus leaving fca4b77 com.android.launcher3/com.android.launcher3.uioverrides.QuickstepLauncher (server),reason=Waiting for window because NOT_VISIBLE]
03-14 04:52:56.768 954 1638 I input_focus: [Focus entering 9cc8ed3 com.android.launcher3/com.android.launcher3.uioverrides.QuickstepLauncher (server),reason=Window became focusable. Previous reason: NOT_VISIBLE]
03-14 04:52:57.329 954 1066 I ActivityManager: Waited long enough for: ServiceRecord{eb21d72 u0 com.ss.android.lark/.wschannel.WschannelLaunchService}
01-01 09:07:50.599 0 0 E DTC_ETH,link_delay_work_func: 3003, SQI=0, link=0
03-14 04:52:57.499 0 0 I auditd : type=1400 audit(0.0:10780): avc: denied { kill } for comm="swapper/0" capability=5 scontext=u:r:kernel:s0 tcontext=u:r:kernel:s0 tclass=capability permissive=1
03-14 04:52:57.875 954 1638 I input_interaction: Interaction with: 9cc8ed3 com.android.launcher3/com.android.launcher3.uioverrides.QuickstepLauncher (server), edge-swipe (server), swipe-up (server), PointerEventDispatcher0 (server),
03-14 04:52:58.034 954 1066 I ActivityManager: Force stopping com.youku.phone appid=10098 user=0: deletePackageX
03-14 04:52:58.036 954 1066 I am_mem_factor: [0,1]
03-14 04:52:58.046 954 1064 I am_pss : [31088,10086,com.android.music,6630400,4083712,772096,83189760,0,19,8]
03-14 04:52:58.046 954 1047 I input_focus: [Focus request fca4b77 com.android.launcher3/com.android.launcher3.uioverrides.QuickstepLauncher,reason=UpdateInputWindows]
03-14 04:52:58.059 954 1064 I am_pss : [27072,10093,com.qiyi.video:downloader,36116480,19025920,49152,147972096,0,10,11]
03-14 04:52:58.069 954 1638 I input_focus: [Focus entering fca4b77 com.android.launcher3/com.android.launcher3.uioverrides.QuickstepLauncher (server),reason=setFocusedWindow]
03-14 04:52:58.100 954 1171 I PackageManager: Removing permission com.youku.phone.permission.MIPUSH_RECEIVE that used to be declared by com.youku.phone
03-14 04:52:58.101 954 1171 I PackageManager: Removing permission com.youku.phone.permission.C2D_MESSAGE that used to be declared by com.youku.phone
03-14 04:52:58.101 954 1171 I PackageManager: Removing permission com.youku.phone.push.permission.MESSAGE that used to be declared by com.youku.phone
03-14 04:52:58.102 954 1171 I PackageManager: Permission ownership changed. Updating all permissions.
01-01 09:07:51.379 0 0 I sdcardfs: removing com.youku.phone
01-01 09:07:51.384 0 0 I logd : start watching /data/system/packages.list ...
01-01 09:07:51.386 0 0 I logd : ReadPackageList, total packages: 108
03-14 04:52:58.161 954 1171 I commit_sys_config_file: [package-user-0,1]
03-14 04:52:58.161 954 1171 I commit_sys_config_file: [package,30]
03-14 04:52:58.210 954 1171 D PackageManager: Instant App installer not found with android.intent.action.INSTALL_INSTANT_APP_PACKAGE
03-14 04:52:58.210 954 1171 D PackageManager: Clear ephemeral installer activity
03-14 04:52:58.215 954 2964 E TaskPersister: File error accessing recents directory (directory doesn't exist?).
03-14 04:52:58.402 954 1171 I ActivityManager: Force stopping com.youku.phone appid=10098 user=0: pkg removed
03-14 04:52:58.404 7666 7666 I force_gc: bg
03-14 04:52:58.405 3087 3087 I force_gc: bg
03-14 04:52:58.406 7686 7686 I force_gc: bg
03-14 04:52:58.421 954 2964 E TaskPersister: File error accessing recents directory (directory doesn't exist?).
03-14 04:52:58.429 2598 2598 I force_gc: bg
03-14 04:52:58.430 954 1046 I sysui_multi_action: [757,803,799,window_time_2,802,7]
03-14 04:52:58.433 954 1171 I commit_sys_config_file: [package-user-0,5]
03-14 04:52:58.434 954 1043 D CompanionDeviceManagerService: onPackageRemoved(packageName = com.youku.phone, uid = 10098)
03-14 04:52:58.434 954 1658 V StorageManagerService: Package com.youku.phone does not have legacy storage
03-14 04:52:58.434 954 1043 I CompanionDeviceManagerService: Updating associations: [] --> []
03-14 04:52:58.439 954 1066 W BroadcastQueue: Background execution not allowed: receiving Intent { act=android.intent.action.PACKAGE_REMOVED dat=package:com.youku.phone flg=0x4000010 (has extras) } to com.huawei.appmarket/.service.installresult.control.InstallerReceiver
03-14 04:52:58.440 954 1600 I RollbackManager: broadcast=ACTION_PACKAGE_FULLY_REMOVED pkg=com.youku.phone
03-14 04:52:58.441 954 954 D CompatibilityChangeReporter: Compat change id reported: 135634846; UID 1000; state: DISABLED
03-14 04:52:58.441 954 954 D CompatibilityChangeReporter: Compat change id reported: 177438394; UID 1000; state: DISABLED
03-14 04:52:58.441 954 954 D CompatibilityChangeReporter: Compat change id reported: 135772972; UID 1000; state: DISABLED
03-14 04:52:58.441 954 954 D CompatibilityChangeReporter: Compat change id reported: 135754954; UID 1000; state: ENABLED
03-14 04:52:58.441 954 954 I GameManagerService: Disabling downscale for com.youku.phone
03-14 04:52:58.441 954 954 I thunderperf: CompatConfig.addOverrideUnsafe: bef-state=0
03-14 04:52:58.441 954 954 I thunderperf: CompatConfig.addOverrideUnsafe: aft-state=0
03-14 04:52:58.442 954 1066 W BroadcastQueue: Background execution not allowed: receiving Intent { act=android.intent.action.PACKAGE_REMOVED dat=package:com.youku.phone flg=0x4000010 (has extras) } to com.android.gallery3d/.app.PackagesMonitor
03-14 04:52:58.442 954 1066 W BroadcastQueue: Background execution not allowed: receiving Intent { act=android.intent.action.PACKAGE_REMOVED dat=package:com.youku.phone flg=0x4000010 (has extras) } to cn.kuwo.player/cn.kuwo.mod.push.AppUninstallReceiver
03-14 04:52:58.442 954 1066 W BroadcastQueue: Background execution not allowed: receiving Intent { act=android.intent.action.PACKAGE_REMOVED dat=package:com.youku.phone flg=0x4000010 (has extras) } to com.sohu.sohuvideo/cn.jpush.android.service.PushReceiver
03-14 04:52:58.450 954 1686 I commit_sys_config_file: [net-policy,3711959]
03-14 04:52:58.454 954 1876 I commit_sys_config_file: [session_index,15]
03-14 04:52:58.455 954 1067 I am_proc_start: [0,32253,1000,com.android.keychain,service,{com.android.keychain/com.android.keychain.KeyChainService}]
03-14 04:52:58.455 954 1067 I ActivityManager: Start proc 32253:com.android.keychain/1000 for service {com.android.keychain/com.android.keychain.KeyChainService}
03-14 04:52:58.461 954 1685 I netstats_mobile_sample: [0,0,0,0,0,0,0,0,0,0,0,0,1678740778461]
03-14 04:52:58.461 954 1685 I netstats_wifi_sample: [107874733,145799,15828925,132117,107874733,145799,15828925,132117,88665917,95674,12384447,106430,1678740778461]
03-14 04:52:58.469 954 1876 I commit_sys_config_file: [blobs_index,15]
01-01 09:07:51.700 0 0 I binder : 32253:32253 ioctl 40046210 7ffedd5de4 returned -22
03-14 04:52:58.478 954 10386 I am_proc_bound: [0,32253,com.android.keychain]
03-14 04:52:58.486 954 954 I Telecom : CarModeTracker: Package com.youku.phone is not tracked.: SSH.oR@ADw
03-14 04:52:58.486 954 954 I Telecom : InCallController: updateCarModeForConnections: car mode apps: : SSH.oR@ADw
03-14 04:52:58.487 954 954 I notification_cancel_all: [1000,954,com.youku.phone,0,0,0,5,NULL]
03-14 04:52:58.487 954 954 I ConditionProviders: Disallowing condition provider com.youku.phone (userSet: true)
03-14 04:52:58.487 954 954 I sysui_multi_action: [757,128,758,5,759,8,793,1019780,794,0,795,1019780,796,1020,797,Appgallery_UpdateManager,806,com.huawei.appmarket,857,notification.channel.default,858,3,947,0,1500,1019578,1688,1]
03-14 04:52:58.487 954 954 I notification_canceled: [0|com.huawei.appmarket|1020|Appgallery_UpdateManager|10095,8,1019780,1019780,0,-1,-1,NULL]
03-14 04:52:58.488 954 954 I GameModeConfig: isGameModeOn = false
03-14 04:52:58.488 954 1724 I GameModeConfig: isGameModeOn = false
03-14 04:52:58.488 954 1724 I GameModeConfig: isGameModeOn = false
03-14 04:52:58.488 954 1724 I GameModeConfig: isGameModeOn = false
03-14 04:52:58.488 954 1724 I GameModeConfig: isGameModeOn = false
03-14 04:52:58.488 954 1724 I GameModeConfig: isGameModeOn = false
03-14 04:52:58.488 954 1724 I GameModeConfig: isGameModeOn = false
03-14 04:52:58.489 954 1724 I GameModeConfig: isGameModeOn = false
03-14 04:52:58.490 954 954 D CompatibilityChangeReporter: Compat change id reported: 175319604; UID 1000; state: ENABLED
03-14 04:52:58.490 954 954 D CompatibilityChangeReporter: Compat change id reported: 175319604; UID 1000; state: DISABLED
03-14 04:52:58.498 8038 9737 E ActivityThread: Failed to find provider info for com.huawei.android.launcher.settings
03-14 04:52:58.511 954 10386 W FreeFormWindowHelper: Current Display FreeFormTask is null
03-14 04:52:58.511 954 2468 W FreeFormWindowHelper: Current Display FreeFormTask is null
03-14 04:52:58.550 954 3426 D CompatibilityChangeReporter: Compat change id reported: 168419799; UID 1000; state: DISABLED
03-14 04:52:58.551 954 1064 I CompanionDeviceManagerService: Writing associations to disk: []
03-14 04:52:58.610 954 2468 D CompatibilityChangeReporter: Compat change id reported: 168419799; UID 10033; state: DISABLED
03-14 04:52:58.631 954 3426 D CompatibilityChangeReporter: Compat change id reported: 168419799; UID 10017; state: DISABLED
03-14 04:52:58.643 954 1638 I input_interaction: Interaction with: fca4b77 com.android.launcher3/com.android.launcher3.uioverrides.QuickstepLauncher (server), 45b849f com.android.systemui.ImageWallpaper (server), edge-swipe (server), swipe-up (server), PointerEventDispatcher0 (server),
03-14 04:52:58.742 954 1045 I commit_sys_config_file: [notification-policy,3714958]
03-14 04:52:58.761 954 1610 I commit_sys_config_file: [settings-3-0,6]
03-14 04:52:59.151 954 2468 E PackageDexUsage: Unsupported context?
03-14 04:52:59.163 954 2468 E PackageDexUsage: Unsupported context?
03-14 04:52:59.231 13991 13991 I auditd : type=1400 audit(0.0:10781): avc: granted { execute } for comm="CPUBound" path="/data/user/0/com.tencent.mtt/app_tbs/home/default/components/net/20010/libcronet.77.0.3865.120.so" dev="dm-10" ino=9769 scontext=u:r:untrusted_app_29:s0:c101,c256,c512,c768 tcontext=u:object_r:app_data_file:s0:c101,c256,c512,c768 tclass=file app=com.tencent.mtt
03-14 04:52:59.259 13991 13991 I auditd : type=1400 audit(0.0:10782): avc: granted { bind } for comm="ThreadPoolForeg" scontext=u:r:untrusted_app_29:s0:c101,c256,c512,c768 tcontext=u:r:untrusted_app_29:s0:c101,c256,c512,c768 tclass=netlink_route_socket app=com.tencent.mtt
03-14 04:52:59.259 13991 13991 I auditd : type=1400 audit(0.0:10783): avc: granted { nlmsg_readpriv } for comm="ThreadPoolForeg" scontext=u:r:untrusted_app_29:s0:c101,c256,c512,c768 tcontext=u:r:untrusted_app_29:s0:c101,c256,c512,c768 tclass=netlink_route_socket app=com.tencent.mtt
03-14 04:52:59.499 0 0 I auditd : type=1400 audit(0.0:10784): avc: denied { kill } for comm="swapper/0" capability=5 scontext=u:r:kernel:s0 tcontext=u:r:kernel:s0 tclass=capability permissive=1
01-01 09:07:53.102 0 0 E msm_pcm_playback_close: CMD_EOS failed, cmd_pending 0x8
01-01 09:07:53.116 0 0 I afe_close: port_id = 0x9000
01-01 09:07:53.138 0 0 I afe_find_cal_topo_id_by_port: port id: 0x9000, dev_acdb_id: 0
01-01 09:07:53.138 0 0 I afe_find_cal_topo_id_by_port: top_id:112fc acdb_id:15 afe_port:0x9000
01-01 09:07:53.138 0 0 I afe_get_cal_topology_id: port_id = 0x9000 acdb_id = 15 topology_id = 0x112fc cal_type_index=8 ret=0
01-01 09:07:53.138 0 0 I afe_send_port_topology_id: AFE set topology id 0x112fc enable for port 0x9000 ret 0
01-01 09:07:53.138 0 0 I send_afe_cal_type: cal_index is 0
01-01 09:07:53.138 0 0 I send_afe_cal_type: dev_acdb_id[55] is 0
01-01 09:07:53.138 0 0 I send_afe_cal_type: Sending cal_index cal 0
01-01 09:07:53.138 0 0 E send_afe_cal_type: No cal sent for cal_index 0, port_id = 0x9000! ret -22
01-01 09:07:53.147 0 0 I afe_send_hw_delay: port_id 0x9000 rate 48000 delay_usec 474 status 0
03-14 04:53:00.109 954 5679 I thunderperf: PlatormCompat.setOverrides: Uid1=10074 Pid1=2598 Uid2=10074 Pid2=2598
03-14 04:53:00.109 954 5679 I thunderperf: PlatormCompat.setOverrides: needCheck:false
03-14 04:53:00.109 954 5679 I thunderperf: CompatConfig.addOverrideUnsafe: bef-state=0
03-14 04:53:00.109 954 5679 I thunderperf: CompatConfig.addOverrideUnsafe: aft-state=0
03-14 04:53:00.110 954 5679 I thunderperf: CompatConfig.addOverrideUnsafe: bef-state=0
03-14 04:53:00.110 954 5679 I thunderperf: CompatConfig.addOverrideUnsafe: aft-state=0
03-14 04:53:00.111 954 5679 I thunderperf: CompatConfig.addOverrideUnsafe: bef-state=0
03-14 04:53:00.111 954 5679 I thunderperf: CompatConfig.addOverrideUnsafe: aft-state=0
03-14 04:53:00.112 954 5679 I thunderperf: CompatConfig.addOverrideUnsafe: bef-state=0
03-14 04:53:00.112 954 5679 I thunderperf: CompatConfig.addOverrideUnsafe: aft-state=0
03-14 04:53:00.113 954 5679 I thunderperf: CompatConfig.addOverrideUnsafe: bef-state=0
03-14 04:53:00.113 954 5679 I thunderperf: CompatConfig.addOverrideUnsafe: aft-state=0
03-14 04:53:00.113 954 5679 I thunderperf: CompatConfig.addOverrideUnsafe: bef-state=0
03-14 04:53:00.113 954 5679 I thunderperf: CompatConfig.addOverrideUnsafe: aft-state=0
03-14 04:53:00.114 954 5679 I thunderperf: CompatConfig.addOverrideUnsafe: bef-state=0
03-14 04:53:00.114 954 5679 I thunderperf: CompatConfig.addOverrideUnsafe: aft-state=0
03-14 04:53:00.114 954 5679 I thunderperf: CompatConfig.addOverrideUnsafe: bef-state=0
03-14 04:53:00.114 954 5679 I thunderperf: CompatConfig.addOverrideUnsafe: aft-state=0
03-14 04:53:00.115 954 5679 I thunderperf: CompatConfig.addOverrideUnsafe: bef-state=0
03-14 04:53:00.115 954 5679 I thunderperf: CompatConfig.addOverrideUnsafe: aft-state=0
03-14 04:53:00.116 954 5679 I thunderperf: CompatConfig.addOverrideUnsafe: bef-state=0
03-14 04:53:00.116 954 5679 I thunderperf: CompatConfig.addOverrideUnsafe: aft-state=0
03-14 04:53:00.116 954 5679 I thunderperf: CompatConfig.addOverrideUnsafe: bef-state=0
03-14 04:53:00.117 954 5679 I thunderperf: CompatConfig.addOverrideUnsafe: aft-state=0
03-14 04:53:00.117 954 5679 I thunderperf: CompatConfig.addOverrideUnsafe: bef-state=0
03-14 04:53:00.117 954 5679 I thunderperf: CompatConfig.addOverrideUnsafe: aft-state=0
03-14 04:53:00.118 954 5679 I thunderperf: CompatConfig.addOverrideUnsafe: bef-state=0
03-14 04:53:00.118 954 5679 I thunderperf: CompatConfig.addOverrideUnsafe: aft-state=0
03-14 04:53:00.119 954 5679 I thunderperf: CompatConfig.addOverrideUnsafe: bef-state=0
03-14 04:53:00.119 954 5679 I thunderperf: CompatConfig.addOverrideUnsafe: aft-state=0
03-14 04:53:00.130 954 5679 I ActivityTaskManager: START u0 {act=android.intent.action.MAIN cat=[android.intent.category.LAUNCHER] flg=0x10200000 cmp=cn.kuwo.player/.activities.EntryActivity} from uid 10074
03-14 04:53:00.136 954 5679 I wm_task_created: [81,-1]
03-14 04:53:00.136 954 5679 W ActivityTaskManager: Can't find TaskDisplayArea to determine support for multi window. Task id=81 attached=false
03-14 04:53:00.137 954 5679 D FreeFormWindowHelper: Add freeform task=Task{e624548 #81 type=standard ?? U=0 visible=false mode=freeform translucent=true sz=0}
03-14 04:53:00.138 954 5679 D CompatibilityChangeReporter: Compat change id reported: 174042980; UID 10097; state: DISABLED
03-14 04:53:00.138 954 5679 D CompatibilityChangeReporter: Compat change id reported: 184838306; UID 10097; state: DISABLED
03-14 04:53:00.138 954 5679 D CompatibilityChangeReporter: Compat change id reported: 185004937; UID 10097; state: DISABLED
03-14 04:53:00.138 954 5679 D CompatibilityChangeReporter: Compat change id reported: 181136395; UID 10097; state: DISABLED
03-14 04:53:00.139 954 5679 D CompatibilityChangeReporter: Compat change id reported: 174042936; UID 10097; state: DISABLED
03-14 04:53:00.139 954 5679 I wm_task_moved: [81,1,8]
03-14 04:53:00.139 954 5679 I wm_task_to_front: [0,81]
03-14 04:53:00.140 954 5679 I wm_create_task: [0,81]
03-14 04:53:00.140 954 5679 I wm_create_activity: [0,25691079,81,cn.kuwo.player/.activities.EntryActivity,android.intent.action.MAIN,NULL,NULL,270532608]
03-14 04:53:00.140 954 5679 I wm_task_moved: [81,1,8]
03-14 04:53:00.140 954 5679 V SplashScreenExceptionList: SplashScreen checking exception for package cn.kuwo.player (target sdk:28) -> false
03-14 04:53:00.141 954 5679 I ActivityTaskManager: FOREGROUND_APPLICATION_CHANGED to cn.kuwo.player.activities.EntryActivity
03-14 04:53:00.141 954 5679 I ActivityTaskManager: The Process cn.kuwo.player Already Exists in BG. So sending its PID: 7253
03-14 04:53:00.141 954 5679 W ActivityTaskManager: Tried to set launchTime (0) < mLastActivityLaunchTime (2483605)
03-14 04:53:00.141 954 5679 I wm_restart_activity: [0,25691079,81,cn.kuwo.player/.activities.EntryActivity]
03-14 04:53:00.142 954 5679 I wm_set_resumed_activity: [0,cn.kuwo.player/.activities.EntryActivity,minimalResumeActivityLocked]
03-14 04:53:00.144 954 1724 I GameModeConfig: isGameModeOn = false
03-14 04:53:00.144 954 1724 I GameModeConfig: isGameModeOn = false
03-14 04:53:00.144 954 1724 I GameModeConfig: isGameModeOn = false
03-14 04:53:00.144 954 1724 I GameModeConfig: isGameModeOn = false
03-14 04:53:00.144 954 1724 I GameModeConfig: isGameModeOn = false
03-14 04:53:00.144 954 1724 I GameModeConfig: isGameModeOn = false
03-14 04:53:00.144 954 1724 I GameModeConfig: isGameModeOn = false
03-14 04:53:00.148 954 954 I notification_enqueue: [10097,7253,cn.kuwo.player,67331,NULL,0,Notification(channel=KwPlayControlChannel shortcut=null contentView=cn.kuwo.player/0x7f0c0e9f vibrate=null sound=null defaults=0x0 flags=0x42 color=0x00000000 groupKey=KwPlayControlChannel vis=PUBLIC),1]
03-14 04:53:00.150 2598 2598 I wm_on_top_resumed_lost_called: [194529402,com.android.launcher3.uioverrides.QuickstepLauncher,topStateChangedWhenResumed]
03-14 04:53:00.173 954 5679 I thunderperf: PlatormCompat.setOverrides: Uid1=10097 Pid1=7253 Uid2=10097 Pid2=7253
03-14 04:53:00.173 954 5679 I thunderperf: PlatormCompat.setOverrides: needCheck:false
03-14 04:53:00.173 954 5679 I thunderperf: CompatConfig.addOverrideUnsafe: bef-state=0
03-14 04:53:00.173 954 5679 I thunderperf: CompatConfig.addOverrideUnsafe: aft-state=0
03-14 04:53:00.174 954 5679 W PackageManager: MATCH_ANY_USER flag requires INTERACT_ACROSS_USERS permission: UID 10097 requires android.permission.INTERACT_ACROSS_USERS_FULL or android.permission.INTERACT_ACROSS_USERS to access user 0.
03-14 04:53:00.174 954 5679 I ActivityTaskManager: START u0 {act=android.intent.action.MAIN cmp=cn.kuwo.player/.activities.MainActivity (has extras)} from uid 10097
03-14 04:53:00.175 954 5679 I wm_task_moved: [81,1,8]
03-14 04:53:00.176 954 5679 I wm_set_resumed_activity: [0,cn.kuwo.player/.activities.EntryActivity,positionChildAt]
03-14 04:53:00.176 954 5679 I wm_create_activity: [0,155874656,81,cn.kuwo.player/.activities.MainActivity,android.intent.action.MAIN,NULL,NULL,268435456]
03-14 04:53:00.176 954 5679 I wm_pause_activity: [0,25691079,cn.kuwo.player/.activities.EntryActivity,userLeaving=true,resumeTopActivityInnerLocked]
03-14 04:53:00.178 954 10386 I wm_finish_activity: [0,25691079,81,cn.kuwo.player/.activities.EntryActivity,app-request]
03-14 04:53:00.178 7253 7253 I wm_on_create_called: [25691079,cn.kuwo.player.activities.EntryActivity,performCreate]
03-14 04:53:00.179 954 10386 I wm_add_to_stopping: [0,25691079,cn.kuwo.player/.activities.EntryActivity,completeFinishing]
03-14 04:53:00.179 954 10386 I ActivityTaskManager: FOREGROUND_APPLICATION_CHANGED to cn.kuwo.player.activities.MainActivity
03-14 04:53:00.180 954 10386 I ActivityTaskManager: The Process cn.kuwo.player Already Exists in BG. So sending its PID: 7253
03-14 04:53:00.180 954 10386 W ActivityTaskManager: Tried to set launchTime (0) < mLastActivityLaunchTime (3750832)
03-14 04:53:00.180 954 10386 I wm_restart_activity: [0,155874656,81,cn.kuwo.player/.activities.MainActivity]
03-14 04:53:00.180 954 10386 I wm_set_resumed_activity: [0,cn.kuwo.player/.activities.MainActivity,minimalResumeActivityLocked]
03-14 04:53:00.182 954 1046 I sysui_multi_action: [757,803,799,window_time_0,802,1]
03-14 04:53:00.255 7253 7253 I wm_on_create_called: [155874656,cn.kuwo.player.activities.MainActivity,performCreate]
03-14 04:53:00.268 7253 7253 I wm_on_start_called: [155874656,cn.kuwo.player.activities.MainActivity,handleStartActivity]
03-14 04:53:00.277 7253 7253 I wm_on_resume_called: [155874656,cn.kuwo.player.activities.MainActivity,RESUME_ACTIVITY]
03-14 04:53:00.279 7253 7253 I wm_on_top_resumed_gained_called: [155874656,cn.kuwo.player.activities.MainActivity,topStateChangedWhenResumed]
03-14 04:53:00.293 954 3426 W FreeFormWindowHelper: Current Display FreeFormTask is Task{e624548 #81 type=standard A=10097:cn.kuwo.player U=0 visible=true mode=freeform translucent=false sz=2}
