03-14 04:51:20.647 954 1066 I am_wtf : [0,954,system_server,-1,DisplayDeviceConfig,requesting nits when no mapping exists.]
03-14 04:51:20.648 954 1066 I DropBoxManagerService: add tag=system_server_wtf isTagEnabled=true flags=0x2
03-14 04:51:20.649 954 1066 I am_wtf : [0,954,system_server,-1,DisplayDeviceConfig,requesting nits when no mapping exists.]
03-14 04:51:20.649 954 1066 I DropBoxManagerService: add tag=system_server_wtf isTagEnabled=true flags=0x2
03-14 04:51:20.663 954 1954 E DisplayDeviceConfig: requesting nits when no mapping exists.
03-14 04:51:20.663 954 1066 I am_wtf : [0,954,system_server,-1,DisplayDeviceConfig,requesting nits when no mapping exists.]
03-14 04:51:20.663 954 1954 E DisplayDeviceConfig: requesting nits when no mapping exists.
03-14 04:51:20.664 954 1066 I DropBoxManagerService: add tag=system_server_wtf isTagEnabled=true flags=0x2
03-14 04:51:20.664 954 1066 I am_wtf : [0,954,system_server,-1,DisplayDeviceConfig,requesting nits when no mapping exists.]
03-14 04:51:20.680 954 1954 E DisplayDeviceConfig: requesting nits when no mapping exists.
03-14 04:51:20.680 954 1066 I am_wtf : [0,954,system_server,-1,DisplayDeviceConfig,requesting nits when no mapping exists.]
03-14 04:51:20.680 954 1954 E DisplayDeviceConfig: requesting nits when no mapping exists.
03-14 04:51:20.681 954 1066 I am_wtf : [0,954,system_server,-1,DisplayDeviceConfig,requesting nits when no mapping exists.]
03-14 04:51:20.696 954 1954 E DisplayDeviceConfig: requesting nits when no mapping exists.
03-14 04:51:20.697 954 1954 E DisplayDeviceConfig: requesting nits when no mapping exists.
03-14 04:51:20.697 954 1066 I am_wtf : [0,954,system_server,-1,DisplayDeviceConfig,requesting nits when no mapping exists.]
03-14 04:51:20.698 954 1066 I am_wtf : [0,954,system_server,-1,DisplayDeviceConfig,requesting nits when no mapping exists.]
03-14 04:51:20.713 954 1954 E DisplayDeviceConfig: requesting nits when no mapping exists.
03-14 04:51:20.714 954 1954 E DisplayDeviceConfig: requesting nits when no mapping exists.
03-14 04:51:20.714 954 1066 I am_wtf : [0,954,system_server,-1,DisplayDeviceConfig,requesting nits when no mapping exists.]
03-14 04:51:20.715 954 1066 I am_wtf : [0,954,system_server,-1,DisplayDeviceConfig,requesting nits when no mapping exists.]
03-14 04:51:20.730 954 1954 E DisplayDeviceConfig: requesting nits when no mapping exists.
03-14 04:51:20.730 954 1066 I am_wtf : [0,954,system_server,-1,DisplayDeviceConfig,requesting nits when no mapping exists.]
03-14 04:51:20.730 954 1954 E DisplayDeviceConfig: requesting nits when no mapping exists.
03-14 04:51:20.731 954 1066 I am_wtf : [0,954,system_server,-1,DisplayDeviceConfig,requesting nits when no mapping exists.]
03-14 04:51:20.747 954 1954 E DisplayDeviceConfig: requesting nits when no mapping exists.
03-14 04:51:20.747 954 1954 E DisplayDeviceConfig: requesting nits when no mapping exists.
03-14 04:51:20.747 954 1066 I am_wtf : [0,954,system_server,-1,DisplayDeviceConfig,requesting nits when no mapping exists.]
03-14 04:51:20.748 954 1066 I am_wtf : [0,954,system_server,-1,DisplayDeviceConfig,requesting nits when no mapping exists.]
03-14 04:51:20.763 954 1954 E DisplayDeviceConfig: requesting nits when no mapping exists.
03-14 04:51:20.764 954 1954 E DisplayDeviceConfig: requesting nits when no mapping exists.
03-14 04:51:20.764 954 1066 I am_wtf : [0,954,system_server,-1,DisplayDeviceConfig,requesting nits when no mapping exists.]
03-14 04:51:20.765 954 1066 I am_wtf : [0,954,system_server,-1,DisplayDeviceConfig,requesting nits when no mapping exists.]
03-14 04:51:20.780 954 1954 E DisplayDeviceConfig: requesting nits when no mapping exists.
03-14 04:51:20.781 954 1066 I am_wtf : [0,954,system_server,-1,DisplayDeviceConfig,requesting nits when no mapping exists.]
03-14 04:51:20.781 954 1954 E DisplayDeviceConfig: requesting nits when no mapping exists.
03-14 04:51:20.781 954 1066 I am_wtf : [0,954,system_server,-1,DisplayDeviceConfig,requesting nits when no mapping exists.]
03-14 04:51:20.797 954 1954 E DisplayDeviceConfig: requesting nits when no mapping exists.
03-14 04:51:20.797 954 1954 E DisplayDeviceConfig: requesting nits when no mapping exists.
03-14 04:51:20.797 954 1066 I am_wtf : [0,954,system_server,-1,DisplayDeviceConfig,requesting nits when no mapping exists.]
03-14 04:51:20.798 954 1066 I am_wtf : [0,954,system_server,-1,DisplayDeviceConfig,requesting nits when no mapping exists.]
03-14 04:51:20.813 954 1954 E DisplayDeviceConfig: requesting nits when no mapping exists.
03-14 04:51:20.814 954 1066 I am_wtf : [0,954,system_server,-1,DisplayDeviceConfig,requesting nits when no mapping exists.]
03-14 04:51:20.814 954 1954 E DisplayDeviceConfig: requesting nits when no mapping exists.
03-14 04:51:20.814 954 1066 I am_wtf : [0,954,system_server,-1,DisplayDeviceConfig,requesting nits when no mapping exists.]
03-14 04:51:20.830 954 1954 E DisplayDeviceConfig: requesting nits when no mapping exists.
03-14 04:51:20.831 954 1066 I am_wtf : [0,954,system_server,-1,DisplayDeviceConfig,requesting nits when no mapping exists.]
03-14 04:51:20.831 954 1954 E DisplayDeviceConfig: requesting nits when no mapping exists.
03-14 04:51:20.831 954 1066 I am_wtf : [0,954,system_server,-1,DisplayDeviceConfig,requesting nits when no mapping exists.]
03-14 04:51:20.847 954 1954 E DisplayDeviceConfig: requesting nits when no mapping exists.
03-14 04:51:20.847 954 1954 E DisplayDeviceConfig: requesting nits when no mapping exists.
03-14 04:51:20.847 954 1066 I am_wtf : [0,954,system_server,-1,DisplayDeviceConfig,requesting nits when no mapping exists.]
03-14 04:51:20.848 954 1066 I am_wtf : [0,954,system_server,-1,DisplayDeviceConfig,requesting nits when no mapping exists.]
03-14 04:51:20.863 954 1954 E DisplayDeviceConfig: requesting nits when no mapping exists.
03-14 04:51:20.864 954 1954 E DisplayDeviceConfig: requesting nits when no mapping exists.
03-14 04:51:20.864 954 1066 I am_wtf : [0,954,system_server,-1,DisplayDeviceConfig,requesting nits when no mapping exists.]
03-14 04:51:20.865 954 1066 I am_wtf : [0,954,system_server,-1,DisplayDeviceConfig,requesting nits when no mapping exists.]
03-14 04:51:20.880 954 1954 E DisplayDeviceConfig: requesting nits when no mapping exists.
03-14 04:51:20.881 954 1066 I am_wtf : [0,954,system_server,-1,DisplayDeviceConfig,requesting nits when no mapping exists.]
03-14 04:51:20.881 954 1954 E DisplayDeviceConfig: requesting nits when no mapping exists.
03-14 04:51:20.882 954 1066 I am_wtf : [0,954,system_server,-1,DisplayDeviceConfig,requesting nits when no mapping exists.]
03-14 04:51:20.897 954 1954 E DisplayDeviceConfig: requesting nits when no mapping exists.
03-14 04:51:20.898 954 1954 E DisplayDeviceConfig: requesting nits when no mapping exists.
03-14 04:51:20.898 954 1066 I am_wtf : [0,954,system_server,-1,DisplayDeviceConfig,requesting nits when no mapping exists.]
03-14 04:51:20.899 954 1066 I am_wtf : [0,954,system_server,-1,DisplayDeviceConfig,requesting nits when no mapping exists.]
03-14 04:51:20.914 954 1954 E DisplayDeviceConfig: requesting nits when no mapping exists.
03-14 04:51:20.914 954 1954 E DisplayDeviceConfig: requesting nits when no mapping exists.
03-14 04:51:20.914 954 1066 I am_wtf : [0,954,system_server,-1,DisplayDeviceConfig,requesting nits when no mapping exists.]
03-14 04:51:20.915 954 1066 I am_wtf : [0,954,system_server,-1,DisplayDeviceConfig,requesting nits when no mapping exists.]
03-14 04:51:20.930 954 1954 E DisplayDeviceConfig: requesting nits when no mapping exists.
03-14 04:51:20.931 954 1954 E DisplayDeviceConfig: requesting nits when no mapping exists.
03-14 04:51:20.931 954 1066 I am_wtf : [0,954,system_server,-1,DisplayDeviceConfig,requesting nits when no mapping exists.]
03-14 04:51:20.931 954 1066 I am_wtf : [0,954,system_server,-1,DisplayDeviceConfig,requesting nits when no mapping exists.]
03-14 04:51:20.947 954 1954 E DisplayDeviceConfig: requesting nits when no mapping exists.
03-14 04:51:20.947 954 1954 E DisplayDeviceConfig: requesting nits when no mapping exists.
03-14 04:51:20.947 954 1066 I am_wtf : [0,954,system_server,-1,DisplayDeviceConfig,requesting nits when no mapping exists.]
03-14 04:51:20.948 954 1066 I am_wtf : [0,954,system_server,-1,DisplayDeviceConfig,requesting nits when no mapping exists.]
03-14 04:51:20.964 954 1954 E DisplayDeviceConfig: requesting nits when no mapping exists.
03-14 04:51:20.964 954 1954 E DisplayDeviceConfig: requesting nits when no mapping exists.
03-14 04:51:20.964 954 1066 I am_wtf : [0,954,system_server,-1,DisplayDeviceConfig,requesting nits when no mapping exists.]
03-14 04:51:20.965 954 1066 I am_wtf : [0,954,system_server,-1,DisplayDeviceConfig,requesting nits when no mapping exists.]
03-14 04:51:20.980 954 1954 E DisplayDeviceConfig: requesting nits when no mapping exists.
03-14 04:51:20.981 954 1954 E DisplayDeviceConfig: requesting nits when no mapping exists.
03-14 04:51:20.981 954 1066 I am_wtf : [0,954,system_server,-1,DisplayDeviceConfig,requesting nits when no mapping exists.]
03-14 04:51:20.982 954 1066 I am_wtf : [0,954,system_server,-1,DisplayDeviceConfig,requesting nits when no mapping exists.]
03-14 04:51:20.997 954 1954 E DisplayDeviceConfig: requesting nits when no mapping exists.
03-14 04:51:20.998 954 1954 E DisplayDeviceConfig: requesting nits when no mapping exists.
03-14 04:51:20.998 954 1066 I am_wtf : [0,954,system_server,-1,DisplayDeviceConfig,requesting nits when no mapping exists.]
03-14 04:51:20.999 954 1066 I am_wtf : [0,954,system_server,-1,DisplayDeviceConfig,requesting nits when no mapping exists.]
03-14 04:51:21.014 954 1954 E DisplayDeviceConfig: requesting nits when no mapping exists.
03-14 04:51:21.014 954 1954 E DisplayDeviceConfig: requesting nits when no mapping exists.
03-14 04:51:21.014 954 1066 I am_wtf : [0,954,system_server,-1,DisplayDeviceConfig,requesting nits when no mapping exists.]
03-14 04:51:21.015 954 1066 I am_wtf : [0,954,system_server,-1,DisplayDeviceConfig,requesting nits when no mapping exists.]
03-14 04:51:21.031 954 1954 E DisplayDeviceConfig: requesting nits when no mapping exists.
03-14 04:51:21.031 954 1954 E DisplayDeviceConfig: requesting nits when no mapping exists.
03-14 04:51:21.031 954 1066 I am_wtf : [0,954,system_server,-1,DisplayDeviceConfig,requesting nits when no mapping exists.]
03-14 04:51:21.032 954 1066 I am_wtf : [0,954,system_server,-1,DisplayDeviceConfig,requesting nits when no mapping exists.]
03-14 04:51:21.047 954 1954 E DisplayDeviceConfig: requesting nits when no mapping exists.
03-14 04:51:21.048 954 1954 E DisplayDeviceConfig: requesting nits when no mapping exists.
03-14 04:51:21.049 954 1066 I am_wtf : [0,954,system_server,-1,DisplayDeviceConfig,requesting nits when no mapping exists.]
03-14 04:51:21.050 954 1066 I am_wtf : [0,954,system_server,-1,DisplayDeviceConfig,requesting nits when no mapping exists.]
03-14 04:51:21.064 954 1954 E DisplayDeviceConfig: requesting nits when no mapping exists.
03-14 04:51:21.065 954 1954 E DisplayDeviceConfig: requesting nits when no mapping exists.
03-14 04:51:21.065 954 1066 I am_wtf : [0,954,system_server,-1,DisplayDeviceConfig,requesting nits when no mapping exists.]
03-14 04:51:21.066 954 1066 I am_wtf : [0,954,system_server,-1,DisplayDeviceConfig,requesting nits when no mapping exists.]
03-14 04:51:21.081 954 1954 E DisplayDeviceConfig: requesting nits when no mapping exists.
03-14 04:51:21.081 954 1954 E DisplayDeviceConfig: requesting nits when no mapping exists.
03-14 04:51:21.081 954 1066 I am_wtf : [0,954,system_server,-1,DisplayDeviceConfig,requesting nits when no mapping exists.]
03-14 04:51:21.082 954 1066 I am_wtf : [0,954,system_server,-1,DisplayDeviceConfig,requesting nits when no mapping exists.]
03-14 04:51:21.098 954 1954 E DisplayDeviceConfig: requesting nits when no mapping exists.
03-14 04:51:21.098 954 1066 I am_wtf : [0,954,system_server,-1,DisplayDeviceConfig,requesting nits when no mapping exists.]
03-14 04:51:21.098 954 1954 E DisplayDeviceConfig: requesting nits when no mapping exists.
03-14 04:51:21.099 954 1066 I am_wtf : [0,954,system_server,-1,DisplayDeviceConfig,requesting nits when no mapping exists.]
03-14 04:51:21.114 954 1954 E DisplayDeviceConfig: requesting nits when no mapping exists.
03-14 04:51:21.115 954 1954 E DisplayDeviceConfig: requesting nits when no mapping exists.
03-14 04:51:21.115 954 1066 I am_wtf : [0,954,system_server,-1,DisplayDeviceConfig,requesting nits when no mapping exists.]
03-14 04:51:21.115 954 1066 I am_wtf : [0,954,system_server,-1,DisplayDeviceConfig,requesting nits when no mapping exists.]
03-14 04:51:21.131 954 1954 E DisplayDeviceConfig: requesting nits when no mapping exists.
03-14 04:51:21.132 954 1954 E DisplayDeviceConfig: requesting nits when no mapping exists.
03-14 04:51:21.132 954 1066 I am_wtf : [0,954,system_server,-1,DisplayDeviceConfig,requesting nits when no mapping exists.]
03-14 04:51:21.133 954 1066 I am_wtf : [0,954,system_server,-1,DisplayDeviceConfig,requesting nits when no mapping exists.]
03-14 04:51:21.148 954 1954 E DisplayDeviceConfig: requesting nits when no mapping exists.
03-14 04:51:21.148 954 1066 I am_wtf : [0,954,system_server,-1,DisplayDeviceConfig,requesting nits when no mapping exists.]
03-14 04:51:21.148 954 1954 E DisplayDeviceConfig: requesting nits when no mapping exists.
03-14 04:51:21.149 954 1066 I am_wtf : [0,954,system_server,-1,DisplayDeviceConfig,requesting nits when no mapping exists.]
03-14 04:51:21.164 954 1954 E DisplayDeviceConfig: requesting nits when no mapping exists.
03-14 04:51:21.165 954 1954 E DisplayDeviceConfig: requesting nits when no mapping exists.
03-14 04:51:21.165 954 1066 I am_wtf : [0,954,system_server,-1,DisplayDeviceConfig,requesting nits when no mapping exists.]
03-14 04:51:21.165 954 1066 I am_wtf : [0,954,system_server,-1,DisplayDeviceConfig,requesting nits when no mapping exists.]
03-14 04:51:21.181 954 1954 E DisplayDeviceConfig: requesting nits when no mapping exists.
03-14 04:51:21.182 954 1954 E DisplayDeviceConfig: requesting nits when no mapping exists.
03-14 04:51:21.182 954 1066 I am_wtf : [0,954,system_server,-1,DisplayDeviceConfig,requesting nits when no mapping exists.]
03-14 04:51:21.182 954 1066 I am_wtf : [0,954,system_server,-1,DisplayDeviceConfig,requesting nits when no mapping exists.]
03-14 04:51:21.183 954 1066 I service_manager_stats: [100,56,60489]
03-14 04:51:21.198 954 1954 E DisplayDeviceConfig: requesting nits when no mapping exists.
03-14 04:51:21.198 954 1954 E DisplayDeviceConfig: requesting nits when no mapping exists.
03-14 04:51:21.198 954 1066 I am_wtf : [0,954,system_server,-1,DisplayDeviceConfig,requesting nits when no mapping exists.]
03-14 04:51:21.199 954 1066 I am_wtf : [0,954,system_server,-1,DisplayDeviceConfig,requesting nits when no mapping exists.]
03-14 04:51:21.215 954 1954 E DisplayDeviceConfig: requesting nits when no mapping exists.
03-14 04:51:21.215 954 1066 I am_wtf : [0,954,system_server,-1,DisplayDeviceConfig,requesting nits when no mapping exists.]
03-14 04:51:21.216 954 1954 E DisplayDeviceConfig: requesting nits when no mapping exists.
03-14 04:51:21.217 954 1066 I am_wtf : [0,954,system_server,-1,DisplayDeviceConfig,requesting nits when no mapping exists.]
03-14 04:51:21.231 954 1954 E DisplayDeviceConfig: requesting nits when no mapping exists.
03-14 04:51:21.232 954 1954 E DisplayDeviceConfig: requesting nits when no mapping exists.
03-14 04:51:21.232 954 1066 I am_wtf : [0,954,system_server,-1,DisplayDeviceConfig,requesting nits when no mapping exists.]
03-14 04:51:21.232 954 1066 I am_wtf : [0,954,system_server,-1,DisplayDeviceConfig,requesting nits when no mapping exists.]
03-14 04:51:21.248 954 1954 E DisplayDeviceConfig: requesting nits when no mapping exists.
03-14 04:51:21.249 954 1954 E DisplayDeviceConfig: requesting nits when no mapping exists.
03-14 04:51:21.249 954 1066 I am_wtf : [0,954,system_server,-1,DisplayDeviceConfig,requesting nits when no mapping exists.]
03-14 04:51:21.250 954 1066 I am_wtf : [0,954,system_server,-1,DisplayDeviceConfig,requesting nits when no mapping exists.]
03-14 04:51:21.264 954 1954 E DisplayDeviceConfig: requesting nits when no mapping exists.
03-14 04:51:21.265 954 1066 I am_wtf : [0,954,system_server,-1,DisplayDeviceConfig,requesting nits when no mapping exists.]
03-14 04:51:21.265 954 1954 E DisplayDeviceConfig: requesting nits when no mapping exists.
03-14 04:51:21.266 954 1066 I am_wtf : [0,954,system_server,-1,DisplayDeviceConfig,requesting nits when no mapping exists.]
03-14 04:51:21.281 954 1954 E DisplayDeviceConfig: requesting nits when no mapping exists.
03-14 04:51:21.282 954 1954 E DisplayDeviceConfig: requesting nits when no mapping exists.
03-14 04:51:21.282 954 1066 I am_wtf : [0,954,system_server,-1,DisplayDeviceConfig,requesting nits when no mapping exists.]
03-14 04:51:21.283 954 1066 I am_wtf : [0,954,system_server,-1,DisplayDeviceConfig,requesting nits when no mapping exists.]
03-14 04:51:21.298 954 1954 E DisplayDeviceConfig: requesting nits when no mapping exists.
03-14 04:51:21.298 954 1066 I am_wtf : [0,954,system_server,-1,DisplayDeviceConfig,requesting nits when no mapping exists.]
03-14 04:51:21.298 954 1954 E DisplayDeviceConfig: requesting nits when no mapping exists.
03-14 04:51:21.299 954 1066 I am_wtf : [0,954,system_server,-1,DisplayDeviceConfig,requesting nits when no mapping exists.]
03-14 04:51:21.315 954 1954 E DisplayDeviceConfig: requesting nits when no mapping exists.
03-14 04:51:21.315 954 1066 I am_wtf : [0,954,system_server,-1,DisplayDeviceConfig,requesting nits when no mapping exists.]
03-14 04:51:21.315 954 1954 E DisplayDeviceConfig: requesting nits when no mapping exists.
03-14 04:51:21.316 954 1066 I am_wtf : [0,954,system_server,-1,DisplayDeviceConfig,requesting nits when no mapping exists.]
03-14 04:51:21.332 954 1954 E DisplayDeviceConfig: requesting nits when no mapping exists.
03-14 04:51:21.332 954 1954 E DisplayDeviceConfig: requesting nits when no mapping exists.
03-14 04:51:21.332 954 1066 I am_wtf : [0,954,system_server,-1,DisplayDeviceConfig,requesting nits when no mapping exists.]
03-14 04:51:21.333 954 1066 I am_wtf : [0,954,system_server,-1,DisplayDeviceConfig,requesting nits when no mapping exists.]
03-14 04:51:21.348 954 1954 E DisplayDeviceConfig: requesting nits when no mapping exists.
03-14 04:51:21.349 954 1066 I am_wtf : [0,954,system_server,-1,DisplayDeviceConfig,requesting nits when no mapping exists.]
03-14 04:51:21.349 954 1954 E DisplayDeviceConfig: requesting nits when no mapping exists.
03-14 04:51:21.350 954 1066 I am_wtf : [0,954,system_server,-1,DisplayDeviceConfig,requesting nits when no mapping exists.]
03-14 04:51:21.365 954 1954 E DisplayDeviceConfig: requesting nits when no mapping exists.
03-14 04:51:21.365 954 1954 E DisplayDeviceConfig: requesting nits when no mapping exists.
03-14 04:51:21.365 954 1066 I am_wtf : [0,954,system_server,-1,DisplayDeviceConfig,requesting nits when no mapping exists.]
03-14 04:51:21.366 954 1066 I am_wtf : [0,954,system_server,-1,DisplayDeviceConfig,requesting nits when no mapping exists.]
03-14 04:51:21.381 954 1954 E DisplayDeviceConfig: requesting nits when no mapping exists.
03-14 04:51:21.382 954 1954 E DisplayDeviceConfig: requesting nits when no mapping exists.
03-14 04:51:21.382 954 1066 I am_wtf : [0,954,system_server,-1,DisplayDeviceConfig,requesting nits when no mapping exists.]
03-14 04:51:21.383 954 1066 I am_wtf : [0,954,system_server,-1,DisplayDeviceConfig,requesting nits when no mapping exists.]
03-14 04:51:21.398 954 1954 E DisplayDeviceConfig: requesting nits when no mapping exists.
03-14 04:51:21.399 954 1066 I am_wtf : [0,954,system_server,-1,DisplayDeviceConfig,requesting nits when no mapping exists.]
03-14 04:51:21.399 954 1954 E DisplayDeviceConfig: requesting nits when no mapping exists.
03-14 04:51:21.399 954 1066 I am_wtf : [0,954,system_server,-1,DisplayDeviceConfig,requesting nits when no mapping exists.]
03-14 04:51:21.415 954 1954 E DisplayDeviceConfig: requesting nits when no mapping exists.
03-14 04:51:21.415 954 1066 I am_wtf : [0,954,system_server,-1,DisplayDeviceConfig,requesting nits when no mapping exists.]
03-14 04:51:21.415 954 1954 E DisplayDeviceConfig: requesting nits when no mapping exists.
03-14 04:51:21.416 954 1066 I am_wtf : [0,954,system_server,-1,DisplayDeviceConfig,requesting nits when no mapping exists.]
03-14 04:51:21.432 954 1954 E DisplayDeviceConfig: requesting nits when no mapping exists.
03-14 04:51:21.432 954 1954 E DisplayDeviceConfig: requesting nits when no mapping exists.
03-14 04:51:21.432 954 1066 I am_wtf : [0,954,system_server,-1,DisplayDeviceConfig,requesting nits when no mapping exists.]
03-14 04:51:21.433 954 1066 I am_wtf : [0,954,system_server,-1,DisplayDeviceConfig,requesting nits when no mapping exists.]
03-14 04:51:21.449 954 1954 E DisplayDeviceConfig: requesting nits when no mapping exists.
03-14 04:51:21.449 954 1954 E DisplayDeviceConfig: requesting nits when no mapping exists.
03-14 04:51:21.449 954 1066 I am_wtf : [0,954,system_server,-1,DisplayDeviceConfig,requesting nits when no mapping exists.]
03-14 04:51:21.450 954 1066 I am_wtf : [0,954,system_server,-1,DisplayDeviceConfig,requesting nits when no mapping exists.]
03-14 04:51:21.465 954 1954 E DisplayDeviceConfig: requesting nits when no mapping exists.
03-14 04:51:21.466 954 1066 I am_wtf : [0,954,system_server,-1,DisplayDeviceConfig,requesting nits when no mapping exists.]
03-14 04:51:21.466 954 1954 E DisplayDeviceConfig: requesting nits when no mapping exists.
03-14 04:51:21.467 954 1066 I am_wtf : [0,954,system_server,-1,DisplayDeviceConfig,requesting nits when no mapping exists.]
03-14 04:51:21.482 954 1954 E DisplayDeviceConfig: requesting nits when no mapping exists.
03-14 04:51:21.483 954 1954 E DisplayDeviceConfig: requesting nits when no mapping exists.
03-14 04:51:21.483 954 1066 I am_wtf : [0,954,system_server,-1,DisplayDeviceConfig,requesting nits when no mapping exists.]
03-14 04:51:21.483 954 1066 I am_wtf : [0,954,system_server,-1,DisplayDeviceConfig,requesting nits when no mapping exists.]
03-14 04:51:21.498 954 1954 E DisplayDeviceConfig: requesting nits when no mapping exists.
03-14 04:51:21.499 954 1954 E DisplayDeviceConfig: requesting nits when no mapping exists.
03-14 04:51:21.499 954 1066 I am_wtf : [0,954,system_server,-1,DisplayDeviceConfig,requesting nits when no mapping exists.]
03-14 04:51:21.500 954 1066 I am_wtf : [0,954,system_server,-1,DisplayDeviceConfig,requesting nits when no mapping exists.]
03-14 04:51:21.515 954 1954 E DisplayDeviceConfig: requesting nits when no mapping exists.
03-14 04:51:21.516 954 1954 E DisplayDeviceConfig: requesting nits when no mapping exists.
03-14 04:51:21.516 954 1066 I am_wtf : [0,954,system_server,-1,DisplayDeviceConfig,requesting nits when no mapping exists.]
03-14 04:51:21.517 954 1066 I am_wtf : [0,954,system_server,-1,DisplayDeviceConfig,requesting nits when no mapping exists.]
03-14 04:51:21.532 954 1954 E DisplayDeviceConfig: requesting nits when no mapping exists.
03-14 04:51:21.533 954 1954 E DisplayDeviceConfig: requesting nits when no mapping exists.
03-14 04:51:21.533 954 1066 I am_wtf : [0,954,system_server,-1,DisplayDeviceConfig,requesting nits when no mapping exists.]
03-14 04:51:21.533 954 1066 I am_wtf : [0,954,system_server,-1,DisplayDeviceConfig,requesting nits when no mapping exists.]
03-14 04:51:21.549 954 1954 E DisplayDeviceConfig: requesting nits when no mapping exists.
03-14 04:51:21.550 954 1954 E DisplayDeviceConfig: requesting nits when no mapping exists.
03-14 04:51:21.550 954 1066 I am_wtf : [0,954,system_server,-1,DisplayDeviceConfig,requesting nits when no mapping exists.]
03-14 04:51:21.550 954 1066 I am_wtf : [0,954,system_server,-1,DisplayDeviceConfig,requesting nits when no mapping exists.]
03-14 04:51:21.565 954 1954 E DisplayDeviceConfig: requesting nits when no mapping exists.
03-14 04:51:21.566 954 1954 E DisplayDeviceConfig: requesting nits when no mapping exists.
03-14 04:51:21.566 954 1066 I am_wtf : [0,954,system_server,-1,DisplayDeviceConfig,requesting nits when no mapping exists.]
03-14 04:51:21.567 954 1066 I am_wtf : [0,954,system_server,-1,DisplayDeviceConfig,requesting nits when no mapping exists.]
03-14 04:51:21.582 954 1954 E DisplayDeviceConfig: requesting nits when no mapping exists.
03-14 04:51:21.582 954 1954 E DisplayDeviceConfig: requesting nits when no mapping exists.
03-14 04:51:21.582 954 1066 I am_wtf : [0,954,system_server,-1,DisplayDeviceConfig,requesting nits when no mapping exists.]
03-14 04:51:21.583 954 1066 I am_wtf : [0,954,system_server,-1,DisplayDeviceConfig,requesting nits when no mapping exists.]
03-14 04:51:24.471 954 1638 I input_interaction: Interaction with: fca4b77 com.android.launcher3/com.android.launcher3.uioverrides.QuickstepLauncher (server), 45b849f com.android.systemui.ImageWallpaper (server), edge-swipe (server), swipe-up (server), PointerEventDispatcher0 (server),
03-14 04:51:24.474 954 1123 V DisplayPowerController[0]: Brightness [1.0] reason changing to: 'manual', previous reason: 'manual [ dim ]'.
03-14 04:51:24.474 954 1123 I sysui_multi_action: [757,1696,758,6,759,3]
03-14 04:51:24.488 954 1954 E DisplayDeviceConfig: requesting nits when no mapping exists.
03-14 04:51:24.489 954 1954 E DisplayDeviceConfig: requesting nits when no mapping exists.
03-14 04:51:24.489 954 1066 I am_wtf : [0,954,system_server,-1,DisplayDeviceConfig,requesting nits when no mapping exists.]
03-14 04:51:24.490 954 1066 I am_wtf : [0,954,system_server,-1,DisplayDeviceConfig,requesting nits when no mapping exists.]
03-14 04:51:24.505 954 1954 E DisplayDeviceConfig: requesting nits when no mapping exists.
03-14 04:51:24.505 954 1066 I am_wtf : [0,954,system_server,-1,DisplayDeviceConfig,requesting nits when no mapping exists.]
03-14 04:51:24.505 954 1954 E DisplayDeviceConfig: requesting nits when no mapping exists.
03-14 04:51:24.506 954 1066 I am_wtf : [0,954,system_server,-1,DisplayDeviceConfig,requesting nits when no mapping exists.]
03-14 04:51:24.522 954 1954 E DisplayDeviceConfig: requesting nits when no mapping exists.
03-14 04:51:24.522 954 1954 E DisplayDeviceConfig: requesting nits when no mapping exists.
03-14 04:51:24.522 954 1066 I am_wtf : [0,954,system_server,-1,DisplayDeviceConfig,requesting nits when no mapping exists.]
03-14 04:51:24.523 954 1066 I am_wtf : [0,954,system_server,-1,DisplayDeviceConfig,requesting nits when no mapping exists.]
03-14 04:51:24.538 954 1954 E DisplayDeviceConfig: requesting nits when no mapping exists.
03-14 04:51:24.539 954 1954 E DisplayDeviceConfig: requesting nits when no mapping exists.
03-14 04:51:24.539 954 1066 I am_wtf : [0,954,system_server,-1,DisplayDeviceConfig,requesting nits when no mapping exists.]
03-14 04:51:24.539 954 1066 I am_wtf : [0,954,system_server,-1,DisplayDeviceConfig,requesting nits when no mapping exists.]
03-14 04:51:24.555 954 1954 E DisplayDeviceConfig: requesting nits when no mapping exists.
03-14 04:51:24.555 954 1954 E DisplayDeviceConfig: requesting nits when no mapping exists.
03-14 04:51:24.555 954 1066 I am_wtf : [0,954,system_server,-1,DisplayDeviceConfig,requesting nits when no mapping exists.]
03-14 04:51:24.556 954 1066 I am_wtf : [0,954,system_server,-1,DisplayDeviceConfig,requesting nits when no mapping exists.]
03-14 04:51:24.571 954 1954 E DisplayDeviceConfig: requesting nits when no mapping exists.
03-14 04:51:24.572 954 1954 E DisplayDeviceConfig: requesting nits when no mapping exists.
03-14 04:51:24.572 954 1066 I am_wtf : [0,954,system_server,-1,DisplayDeviceConfig,requesting nits when no mapping exists.]
03-14 04:51:24.572 954 1066 I am_wtf : [0,954,system_server,-1,DisplayDeviceConfig,requesting nits when no mapping exists.]
03-14 04:51:24.588 954 1954 E DisplayDeviceConfig: requesting nits when no mapping exists.
03-14 04:51:24.589 954 1954 E DisplayDeviceConfig: requesting nits when no mapping exists.
03-14 04:51:24.589 954 1066 I am_wtf : [0,954,system_server,-1,DisplayDeviceConfig,requesting nits when no mapping exists.]
03-14 04:51:24.590 954 1066 I am_wtf : [0,954,system_server,-1,DisplayDeviceConfig,requesting nits when no mapping exists.]
03-14 04:51:24.605 954 1954 E DisplayDeviceConfig: requesting nits when no mapping exists.
03-14 04:51:24.606 954 1954 E DisplayDeviceConfig: requesting nits when no mapping exists.
03-14 04:51:24.606 954 1066 I am_wtf : [0,954,system_server,-1,DisplayDeviceConfig,requesting nits when no mapping exists.]
03-14 04:51:24.607 954 1066 I am_wtf : [0,954,system_server,-1,DisplayDeviceConfig,requesting nits when no mapping exists.]
03-14 04:51:24.624 954 1954 E DisplayDeviceConfig: requesting nits when no mapping exists.
03-14 04:51:24.624 954 1954 E DisplayDeviceConfig: requesting nits when no mapping exists.
03-14 04:51:24.625 954 1066 I am_wtf : [0,954,system_server,-1,DisplayDeviceConfig,requesting nits when no mapping exists.]
03-14 04:51:24.627 954 1066 I am_wtf : [0,954,system_server,-1,DisplayDeviceConfig,requesting nits when no mapping exists.]
03-14 04:51:24.638 954 1954 E DisplayDeviceConfig: requesting nits when no mapping exists.
03-14 04:51:24.639 954 1954 E DisplayDeviceConfig: requesting nits when no mapping exists.
03-14 04:51:24.639 954 1066 I am_wtf : [0,954,system_server,-1,DisplayDeviceConfig,requesting nits when no mapping exists.]
03-14 04:51:24.640 954 1066 I am_wtf : [0,954,system_server,-1,DisplayDeviceConfig,requesting nits when no mapping exists.]
03-14 04:51:24.655 954 1954 E DisplayDeviceConfig: requesting nits when no mapping exists.
03-14 04:51:24.656 954 1954 E DisplayDeviceConfig: requesting nits when no mapping exists.
03-14 04:51:24.657 954 1066 I am_wtf : [0,954,system_server,-1,DisplayDeviceConfig,requesting nits when no mapping exists.]
03-14 04:51:24.658 954 1066 I am_wtf : [0,954,system_server,-1,DisplayDeviceConfig,requesting nits when no mapping exists.]
03-14 04:51:24.672 954 1954 E DisplayDeviceConfig: requesting nits when no mapping exists.
03-14 04:51:24.673 954 1066 I am_wtf : [0,954,system_server,-1,DisplayDeviceConfig,requesting nits when no mapping exists.]
03-14 04:51:24.673 954 1954 E DisplayDeviceConfig: requesting nits when no mapping exists.
03-14 04:51:24.673 954 1066 I am_wtf : [0,954,system_server,-1,DisplayDeviceConfig,requesting nits when no mapping exists.]
03-14 04:51:24.689 954 1954 E DisplayDeviceConfig: requesting nits when no mapping exists.
03-14 04:51:24.690 954 1954 E DisplayDeviceConfig: requesting nits when no mapping exists.
03-14 04:51:24.690 954 1066 I am_wtf : [0,954,system_server,-1,DisplayDeviceConfig,requesting nits when no mapping exists.]
03-14 04:51:24.691 954 1066 I am_wtf : [0,954,system_server,-1,DisplayDeviceConfig,requesting nits when no mapping exists.]
03-14 04:51:24.706 954 1954 E DisplayDeviceConfig: requesting nits when no mapping exists.
03-14 04:51:24.706 954 1954 E DisplayDeviceConfig: requesting nits when no mapping exists.
03-14 04:51:24.706 954 1066 I am_wtf : [0,954,system_server,-1,DisplayDeviceConfig,requesting nits when no mapping exists.]
03-14 04:51:24.707 954 1066 I am_wtf : [0,954,system_server,-1,DisplayDeviceConfig,requesting nits when no mapping exists.]
03-14 04:51:24.722 954 1954 E DisplayDeviceConfig: requesting nits when no mapping exists.
03-14 04:51:24.723 954 1066 I am_wtf : [0,954,system_server,-1,DisplayDeviceConfig,requesting nits when no mapping exists.]
03-14 04:51:24.723 954 1954 E DisplayDeviceConfig: requesting nits when no mapping exists.
03-14 04:51:24.724 954 1066 I am_wtf : [0,954,system_server,-1,DisplayDeviceConfig,requesting nits when no mapping exists.]
03-14 04:51:24.739 954 1954 E DisplayDeviceConfig: requesting nits when no mapping exists.
03-14 04:51:24.739 954 1954 E DisplayDeviceConfig: requesting nits when no mapping exists.
03-14 04:51:24.739 954 1066 I am_wtf : [0,954,system_server,-1,DisplayDeviceConfig,requesting nits when no mapping exists.]
03-14 04:51:24.740 954 1066 I am_wtf : [0,954,system_server,-1,DisplayDeviceConfig,requesting nits when no mapping exists.]
03-14 04:51:24.756 954 1954 E DisplayDeviceConfig: requesting nits when no mapping exists.
03-14 04:51:24.756 954 1954 E DisplayDeviceConfig: requesting nits when no mapping exists.
03-14 04:51:24.756 954 1066 I am_wtf : [0,954,system_server,-1,DisplayDeviceConfig,requesting nits when no mapping exists.]
03-14 04:51:24.757 954 1066 I am_wtf : [0,954,system_server,-1,DisplayDeviceConfig,requesting nits when no mapping exists.]
03-14 04:51:24.772 954 1954 E DisplayDeviceConfig: requesting nits when no mapping exists.
03-14 04:51:24.773 954 1066 I am_wtf : [0,954,system_server,-1,DisplayDeviceConfig,requesting nits when no mapping exists.]
03-14 04:51:24.773 954 1954 E DisplayDeviceConfig: requesting nits when no mapping exists.
03-14 04:51:24.774 954 1066 I am_wtf : [0,954,system_server,-1,DisplayDeviceConfig,requesting nits when no mapping exists.]
03-14 04:51:24.789 954 1954 E DisplayDeviceConfig: requesting nits when no mapping exists.
03-14 04:51:24.790 954 1954 E DisplayDeviceConfig: requesting nits when no mapping exists.
03-14 04:51:24.790 954 1066 I am_wtf : [0,954,system_server,-1,DisplayDeviceConfig,requesting nits when no mapping exists.]
03-14 04:51:24.791 954 1066 I am_wtf : [0,954,system_server,-1,DisplayDeviceConfig,requesting nits when no mapping exists.]
03-14 04:51:24.806 954 1954 E DisplayDeviceConfig: requesting nits when no mapping exists.
03-14 04:51:24.806 954 1954 E DisplayDeviceConfig: requesting nits when no mapping exists.
03-14 04:51:24.806 954 1066 I am_wtf : [0,954,system_server,-1,DisplayDeviceConfig,requesting nits when no mapping exists.]
03-14 04:51:24.807 954 1066 I am_wtf : [0,954,system_server,-1,DisplayDeviceConfig,requesting nits when no mapping exists.]
03-14 04:51:24.822 954 1954 E DisplayDeviceConfig: requesting nits when no mapping exists.
03-14 04:51:24.823 954 1066 I am_wtf : [0,954,system_server,-1,DisplayDeviceConfig,requesting nits when no mapping exists.]
03-14 04:51:24.823 954 1954 E DisplayDeviceConfig: requesting nits when no mapping exists.
03-14 04:51:24.824 954 1066 I am_wtf : [0,954,system_server,-1,DisplayDeviceConfig,requesting nits when no mapping exists.]
03-14 04:51:24.839 954 1954 E DisplayDeviceConfig: requesting nits when no mapping exists.
03-14 04:51:24.839 954 1954 E DisplayDeviceConfig: requesting nits when no mapping exists.
03-14 04:51:24.839 954 1066 I am_wtf : [0,954,system_server,-1,DisplayDeviceConfig,requesting nits when no mapping exists.]
03-14 04:51:24.840 954 1066 I am_wtf : [0,954,system_server,-1,DisplayDeviceConfig,requesting nits when no mapping exists.]
03-14 04:51:24.857 954 1954 E DisplayDeviceConfig: requesting nits when no mapping exists.
03-14 04:51:24.857 954 1954 E DisplayDeviceConfig: requesting nits when no mapping exists.
03-14 04:51:24.857 954 1066 I am_wtf : [0,954,system_server,-1,DisplayDeviceConfig,requesting nits when no mapping exists.]
03-14 04:51:24.857 954 1066 I am_wtf : [0,954,system_server,-1,DisplayDeviceConfig,requesting nits when no mapping exists.]
03-14 04:51:24.873 954 1954 E DisplayDeviceConfig: requesting nits when no mapping exists.
03-14 04:51:24.873 954 1954 E DisplayDeviceConfig: requesting nits when no mapping exists.
03-14 04:51:24.873 954 1066 I am_wtf : [0,954,system_server,-1,DisplayDeviceConfig,requesting nits when no mapping exists.]
03-14 04:51:24.874 954 1066 I am_wtf : [0,954,system_server,-1,DisplayDeviceConfig,requesting nits when no mapping exists.]
03-14 04:51:24.889 954 1954 E DisplayDeviceConfig: requesting nits when no mapping exists.
03-14 04:51:24.890 954 1954 E DisplayDeviceConfig: requesting nits when no mapping exists.
03-14 04:51:24.890 954 1066 I am_wtf : [0,954,system_server,-1,DisplayDeviceConfig,requesting nits when no mapping exists.]
03-14 04:51:24.893 954 1066 I am_wtf : [0,954,system_server,-1,DisplayDeviceConfig,requesting nits when no mapping exists.]
03-14 04:51:24.906 954 1954 E DisplayDeviceConfig: requesting nits when no mapping exists.
03-14 04:51:24.907 954 1066 I am_wtf : [0,954,system_server,-1,DisplayDeviceConfig,requesting nits when no mapping exists.]
03-14 04:51:24.907 954 1954 E DisplayDeviceConfig: requesting nits when no mapping exists.
03-14 04:51:24.908 954 1066 I am_wtf : [0,954,system_server,-1,DisplayDeviceConfig,requesting nits when no mapping exists.]
03-14 04:51:24.923 954 1954 E DisplayDeviceConfig: requesting nits when no mapping exists.
03-14 04:51:24.923 954 1954 E DisplayDeviceConfig: requesting nits when no mapping exists.
03-14 04:51:24.923 954 1066 I am_wtf : [0,954,system_server,-1,DisplayDeviceConfig,requesting nits when no mapping exists.]
03-14 04:51:24.924 954 1066 I am_wtf : [0,954,system_server,-1,DisplayDeviceConfig,requesting nits when no mapping exists.]
03-14 04:51:24.939 954 1954 E DisplayDeviceConfig: requesting nits when no mapping exists.
03-14 04:51:24.940 954 1954 E DisplayDeviceConfig: requesting nits when no mapping exists.
03-14 04:51:24.940 954 1066 I am_wtf : [0,954,system_server,-1,DisplayDeviceConfig,requesting nits when no mapping exists.]
03-14 04:51:24.941 954 1066 I am_wtf : [0,954,system_server,-1,DisplayDeviceConfig,requesting nits when no mapping exists.]
03-14 04:51:24.956 954 1954 E DisplayDeviceConfig: requesting nits when no mapping exists.
03-14 04:51:24.958 954 1954 E DisplayDeviceConfig: requesting nits when no mapping exists.
03-14 04:51:24.958 954 1066 I am_wtf : [0,954,system_server,-1,DisplayDeviceConfig,requesting nits when no mapping exists.]
03-14 04:51:24.959 954 1066 I am_wtf : [0,954,system_server,-1,DisplayDeviceConfig,requesting nits when no mapping exists.]
03-14 04:51:24.973 954 1954 E DisplayDeviceConfig: requesting nits when no mapping exists.
03-14 04:51:24.974 954 1066 I am_wtf : [0,954,system_server,-1,DisplayDeviceConfig,requesting nits when no mapping exists.]
03-14 04:51:24.974 954 1954 E DisplayDeviceConfig: requesting nits when no mapping exists.
03-14 04:51:24.975 954 1066 I am_wtf : [0,954,system_server,-1,DisplayDeviceConfig,requesting nits when no mapping exists.]
03-14 04:51:24.990 954 1954 E DisplayDeviceConfig: requesting nits when no mapping exists.
03-14 04:51:24.990 954 1954 E DisplayDeviceConfig: requesting nits when no mapping exists.
03-14 04:51:24.990 954 1066 I am_wtf : [0,954,system_server,-1,DisplayDeviceConfig,requesting nits when no mapping exists.]
03-14 04:51:24.991 954 1066 I am_wtf : [0,954,system_server,-1,DisplayDeviceConfig,requesting nits when no mapping exists.]
03-14 04:51:25.006 954 1954 E DisplayDeviceConfig: requesting nits when no mapping exists.
03-14 04:51:25.007 954 1954 E DisplayDeviceConfig: requesting nits when no mapping exists.
03-14 04:51:25.007 954 1066 I am_wtf : [0,954,system_server,-1,DisplayDeviceConfig,requesting nits when no mapping exists.]
03-14 04:51:25.007 954 1066 I am_wtf : [0,954,system_server,-1,DisplayDeviceConfig,requesting nits when no mapping exists.]
03-14 04:51:25.023 954 1954 E DisplayDeviceConfig: requesting nits when no mapping exists.
03-14 04:51:25.023 954 1954 E DisplayDeviceConfig: requesting nits when no mapping exists.
03-14 04:51:25.024 954 1066 I am_wtf : [0,954,system_server,-1,DisplayDeviceConfig,requesting nits when no mapping exists.]
03-14 04:51:25.024 954 1066 I am_wtf : [0,954,system_server,-1,DisplayDeviceConfig,requesting nits when no mapping exists.]
03-14 04:51:25.040 954 1954 E DisplayDeviceConfig: requesting nits when no mapping exists.
03-14 04:51:25.041 954 1066 I am_wtf : [0,954,system_server,-1,DisplayDeviceConfig,requesting nits when no mapping exists.]
03-14 04:51:25.042 954 1954 E DisplayDeviceConfig: requesting nits when no mapping exists.
03-14 04:51:25.043 954 1066 I am_wtf : [0,954,system_server,-1,DisplayDeviceConfig,requesting nits when no mapping exists.]
03-14 04:51:25.057 954 1954 E DisplayDeviceConfig: requesting nits when no mapping exists.
03-14 04:51:25.057 954 1954 E DisplayDeviceConfig: requesting nits when no mapping exists.
03-14 04:51:25.057 954 1066 I am_wtf : [0,954,system_server,-1,DisplayDeviceConfig,requesting nits when no mapping exists.]
03-14 04:51:25.058 954 1066 I am_wtf : [0,954,system_server,-1,DisplayDeviceConfig,requesting nits when no mapping exists.]
03-14 04:51:25.073 954 1954 E DisplayDeviceConfig: requesting nits when no mapping exists.
03-14 04:51:25.074 954 1954 E DisplayDeviceConfig: requesting nits when no mapping exists.
03-14 04:51:25.074 954 1066 I am_wtf : [0,954,system_server,-1,DisplayDeviceConfig,requesting nits when no mapping exists.]
03-14 04:51:25.075 954 1066 I am_wtf : [0,954,system_server,-1,DisplayDeviceConfig,requesting nits when no mapping exists.]
03-14 04:51:25.090 954 1954 E DisplayDeviceConfig: requesting nits when no mapping exists.
03-14 04:51:25.090 954 1954 E DisplayDeviceConfig: requesting nits when no mapping exists.
03-14 04:51:25.090 954 1066 I am_wtf : [0,954,system_server,-1,DisplayDeviceConfig,requesting nits when no mapping exists.]
03-14 04:51:25.091 954 1066 I am_wtf : [0,954,system_server,-1,DisplayDeviceConfig,requesting nits when no mapping exists.]
03-14 04:51:25.107 954 1954 E DisplayDeviceConfig: requesting nits when no mapping exists.
03-14 04:51:25.107 954 1954 E DisplayDeviceConfig: requesting nits when no mapping exists.
03-14 04:51:25.107 954 1066 I am_wtf : [0,954,system_server,-1,DisplayDeviceConfig,requesting nits when no mapping exists.]
03-14 04:51:25.108 954 1066 I am_wtf : [0,954,system_server,-1,DisplayDeviceConfig,requesting nits when no mapping exists.]
03-14 04:51:25.123 954 1954 E DisplayDeviceConfig: requesting nits when no mapping exists.
03-14 04:51:25.124 954 1954 E DisplayDeviceConfig: requesting nits when no mapping exists.
03-14 04:51:25.124 954 1066 I am_wtf : [0,954,system_server,-1,DisplayDeviceConfig,requesting nits when no mapping exists.]
03-14 04:51:25.125 954 1066 I am_wtf : [0,954,system_server,-1,DisplayDeviceConfig,requesting nits when no mapping exists.]
03-14 04:51:25.140 954 1954 E DisplayDeviceConfig: requesting nits when no mapping exists.
03-14 04:51:25.140 954 1954 E DisplayDeviceConfig: requesting nits when no mapping exists.
03-14 04:51:25.141 954 1066 I am_wtf : [0,954,system_server,-1,DisplayDeviceConfig,requesting nits when no mapping exists.]
03-14 04:51:25.142 954 1066 I am_wtf : [0,954,system_server,-1,DisplayDeviceConfig,requesting nits when no mapping exists.]
03-14 04:51:25.157 954 1954 E DisplayDeviceConfig: requesting nits when no mapping exists.
03-14 04:51:25.157 954 1954 E DisplayDeviceConfig: requesting nits when no mapping exists.
03-14 04:51:25.158 954 1066 I am_wtf : [0,954,system_server,-1,DisplayDeviceConfig,requesting nits when no mapping exists.]
03-14 04:51:25.158 954 1066 I am_wtf : [0,954,system_server,-1,DisplayDeviceConfig,requesting nits when no mapping exists.]
03-14 04:51:25.173 954 1954 E DisplayDeviceConfig: requesting nits when no mapping exists.
03-14 04:51:25.174 954 1954 E DisplayDeviceConfig: requesting nits when no mapping exists.
03-14 04:51:25.174 954 1066 I am_wtf : [0,954,system_server,-1,DisplayDeviceConfig,requesting nits when no mapping exists.]
03-14 04:51:25.175 954 1066 I am_wtf : [0,954,system_server,-1,DisplayDeviceConfig,requesting nits when no mapping exists.]
03-14 04:51:25.190 954 1954 E DisplayDeviceConfig: requesting nits when no mapping exists.
03-14 04:51:25.190 954 1954 E DisplayDeviceConfig: requesting nits when no mapping exists.
03-14 04:51:25.191 954 1066 I am_wtf : [0,954,system_server,-1,DisplayDeviceConfig,requesting nits when no mapping exists.]
03-14 04:51:25.191 954 1066 I am_wtf : [0,954,system_server,-1,DisplayDeviceConfig,requesting nits when no mapping exists.]
03-14 04:51:25.207 954 1954 E DisplayDeviceConfig: requesting nits when no mapping exists.
03-14 04:51:25.207 954 1954 E DisplayDeviceConfig: requesting nits when no mapping exists.
03-14 04:51:25.207 954 1066 I am_wtf : [0,954,system_server,-1,DisplayDeviceConfig,requesting nits when no mapping exists.]
03-14 04:51:25.208 954 1066 I am_wtf : [0,954,system_server,-1,DisplayDeviceConfig,requesting nits when no mapping exists.]
01-01 09:06:18.438 0 0 E DTC_ETH,link_delay_work_func: 3003, SQI=0, link=0
03-14 04:51:25.223 954 1954 E DisplayDeviceConfig: requesting nits when no mapping exists.
03-14 04:51:25.224 954 1954 E DisplayDeviceConfig: requesting nits when no mapping exists.
03-14 04:51:25.224 954 1066 I am_wtf : [0,954,system_server,-1,DisplayDeviceConfig,requesting nits when no mapping exists.]
03-14 04:51:25.225 954 1066 I am_wtf : [0,954,system_server,-1,DisplayDeviceConfig,requesting nits when no mapping exists.]
03-14 04:51:25.240 954 1954 E DisplayDeviceConfig: requesting nits when no mapping exists.
03-14 04:51:25.241 954 1066 I am_wtf : [0,954,system_server,-1,DisplayDeviceConfig,requesting nits when no mapping exists.]
03-14 04:51:25.241 954 1954 E DisplayDeviceConfig: requesting nits when no mapping exists.
03-14 04:51:25.241 954 1066 I am_wtf : [0,954,system_server,-1,DisplayDeviceConfig,requesting nits when no mapping exists.]
03-14 04:51:25.257 954 1954 E DisplayDeviceConfig: requesting nits when no mapping exists.
03-14 04:51:25.257 954 1954 E DisplayDeviceConfig: requesting nits when no mapping exists.
03-14 04:51:25.258 954 1066 I am_wtf : [0,954,system_server,-1,DisplayDeviceConfig,requesting nits when no mapping exists.]
03-14 04:51:25.258 954 1066 I am_wtf : [0,954,system_server,-1,DisplayDeviceConfig,requesting nits when no mapping exists.]
03-14 04:51:25.274 954 1954 E DisplayDeviceConfig: requesting nits when no mapping exists.
03-14 04:51:25.274 954 1954 E DisplayDeviceConfig: requesting nits when no mapping exists.
03-14 04:51:25.274 954 1066 I am_wtf : [0,954,system_server,-1,DisplayDeviceConfig,requesting nits when no mapping exists.]
03-14 04:51:25.275 954 1066 I am_wtf : [0,954,system_server,-1,DisplayDeviceConfig,requesting nits when no mapping exists.]
03-14 04:51:25.290 954 1954 E DisplayDeviceConfig: requesting nits when no mapping exists.
03-14 04:51:25.291 954 1954 E DisplayDeviceConfig: requesting nits when no mapping exists.
03-14 04:51:25.291 954 1066 I am_wtf : [0,954,system_server,-1,DisplayDeviceConfig,requesting nits when no mapping exists.]
03-14 04:51:25.292 954 1066 I am_wtf : [0,954,system_server,-1,DisplayDeviceConfig,requesting nits when no mapping exists.]
03-14 04:51:25.307 954 1954 E DisplayDeviceConfig: requesting nits when no mapping exists.
03-14 04:51:25.308 954 1954 E DisplayDeviceConfig: requesting nits when no mapping exists.
03-14 04:51:25.308 954 1066 I am_wtf : [0,954,system_server,-1,DisplayDeviceConfig,requesting nits when no mapping exists.]
03-14 04:51:25.309 954 1066 I am_wtf : [0,954,system_server,-1,DisplayDeviceConfig,requesting nits when no mapping exists.]
03-14 04:51:25.324 954 1954 E DisplayDeviceConfig: requesting nits when no mapping exists.
03-14 04:51:25.324 954 1954 E DisplayDeviceConfig: requesting nits when no mapping exists.
03-14 04:51:25.325 954 1066 I am_wtf : [0,954,system_server,-1,DisplayDeviceConfig,requesting nits when no mapping exists.]
03-14 04:51:25.326 954 1066 I am_wtf : [0,954,system_server,-1,DisplayDeviceConfig,requesting nits when no mapping exists.]
03-14 04:51:25.341 954 1954 E DisplayDeviceConfig: requesting nits when no mapping exists.
03-14 04:51:25.341 954 1954 E DisplayDeviceConfig: requesting nits when no mapping exists.
03-14 04:51:25.341 954 1066 I am_wtf : [0,954,system_server,-1,DisplayDeviceConfig,requesting nits when no mapping exists.]
03-14 04:51:25.342 954 1066 I am_wtf : [0,954,system_server,-1,DisplayDeviceConfig,requesting nits when no mapping exists.]
03-14 04:51:25.358 954 1954 E DisplayDeviceConfig: requesting nits when no mapping exists.
03-14 04:51:25.359 954 1954 E DisplayDeviceConfig: requesting nits when no mapping exists.
03-14 04:51:25.359 954 1066 I am_wtf : [0,954,system_server,-1,DisplayDeviceConfig,requesting nits when no mapping exists.]
03-14 04:51:25.361 954 1066 I am_wtf : [0,954,system_server,-1,DisplayDeviceConfig,requesting nits when no mapping exists.]
03-14 04:51:25.374 954 1954 E DisplayDeviceConfig: requesting nits when no mapping exists.
03-14 04:51:25.374 954 1954 E DisplayDeviceConfig: requesting nits when no mapping exists.
03-14 04:51:25.375 954 1066 I am_wtf : [0,954,system_server,-1,DisplayDeviceConfig,requesting nits when no mapping exists.]
03-14 04:51:25.375 954 1066 I am_wtf : [0,954,system_server,-1,DisplayDeviceConfig,requesting nits when no mapping exists.]
03-14 04:51:25.391 954 1954 E DisplayDeviceConfig: requesting nits when no mapping exists.
03-14 04:51:25.391 954 1954 E DisplayDeviceConfig: requesting nits when no mapping exists.
03-14 04:51:25.391 954 1066 I am_wtf : [0,954,system_server,-1,DisplayDeviceConfig,requesting nits when no mapping exists.]
03-14 04:51:25.392 954 1066 I am_wtf : [0,954,system_server,-1,DisplayDeviceConfig,requesting nits when no mapping exists.]
03-14 04:51:25.407 954 1954 E DisplayDeviceConfig: requesting nits when no mapping exists.
03-14 04:51:25.408 954 1954 E DisplayDeviceConfig: requesting nits when no mapping exists.
03-14 04:51:25.408 954 1066 I am_wtf : [0,954,system_server,-1,DisplayDeviceConfig,requesting nits when no mapping exists.]
03-14 04:51:25.409 954 1066 I am_wtf : [0,954,system_server,-1,DisplayDeviceConfig,requesting nits when no mapping exists.]
01-01 09:06:18.642 0 0 E msm_pcm_playback_close: CMD_EOS failed, cmd_pending 0x8
03-14 04:51:25.424 954 1954 E DisplayDeviceConfig: requesting nits when no mapping exists.
03-14 04:51:25.424 954 1954 E DisplayDeviceConfig: requesting nits when no mapping exists.
03-14 04:51:25.424 954 1066 I am_wtf : [0,954,system_server,-1,DisplayDeviceConfig,requesting nits when no mapping exists.]
03-14 04:51:25.425 954 1066 I am_wtf : [0,954,system_server,-1,DisplayDeviceConfig,requesting nits when no mapping exists.]
01-01 09:06:18.655 0 0 I afe_close: port_id = 0x9000
