03-14 04:40:19.573 954 1066 I am_wtf : [0,954,system_server,-1,DisplayDeviceConfig,requesting nits when no mapping exists.]
03-14 04:40:19.589 954 1066 I am_wtf : [0,954,system_server,-1,DisplayDeviceConfig,requesting nits when no mapping exists.]
03-14 04:40:19.590 954 1066 I am_wtf : [0,954,system_server,-1,DisplayDeviceConfig,requesting nits when no mapping exists.]
03-14 04:40:19.606 954 1066 I am_wtf : [0,954,system_server,-1,DisplayDeviceConfig,requesting nits when no mapping exists.]
03-14 04:40:19.607 954 1066 I am_wtf : [0,954,system_server,-1,DisplayDeviceConfig,requesting nits when no mapping exists.]
01-01 08:55:12.838 0 0 E DTC_ETH,link_delay_work_func: 3003, SQI=0, link=0
03-14 04:40:19.623 954 1066 I am_wtf : [0,954,system_server,-1,DisplayDeviceConfig,requesting nits when no mapping exists.]
03-14 04:40:19.623 954 1066 I am_wtf : [0,954,system_server,-1,DisplayDeviceConfig,requesting nits when no mapping exists.]
03-14 04:40:19.640 954 1066 I am_wtf : [0,954,system_server,-1,DisplayDeviceConfig,requesting nits when no mapping exists.]
03-14 04:40:19.640 954 1066 I am_wtf : [0,954,system_server,-1,DisplayDeviceConfig,requesting nits when no mapping exists.]
03-14 04:40:19.656 954 1066 I am_wtf : [0,954,system_server,-1,DisplayDeviceConfig,requesting nits when no mapping exists.]
03-14 04:40:19.656 954 1066 I am_wtf : [0,954,system_server,-1,DisplayDeviceConfig,requesting nits when no mapping exists.]
03-14 04:40:19.673 954 1066 I am_wtf : [0,954,system_server,-1,DisplayDeviceConfig,requesting nits when no mapping exists.]
03-14 04:40:19.673 954 1066 I am_wtf : [0,954,system_server,-1,DisplayDeviceConfig,requesting nits when no mapping exists.]
03-14 04:40:19.690 954 1066 I am_wtf : [0,954,system_server,-1,DisplayDeviceConfig,requesting nits when no mapping exists.]
03-14 04:40:19.690 954 1066 I am_wtf : [0,954,system_server,-1,DisplayDeviceConfig,requesting nits when no mapping exists.]
03-14 04:40:19.706 954 1066 I am_wtf : [0,954,system_server,-1,DisplayDeviceConfig,requesting nits when no mapping exists.]
03-14 04:40:19.707 954 1066 I am_wtf : [0,954,system_server,-1,DisplayDeviceConfig,requesting nits when no mapping exists.]
03-14 04:40:19.723 954 1066 I am_wtf : [0,954,system_server,-1,DisplayDeviceConfig,requesting nits when no mapping exists.]
03-14 04:40:19.723 954 1066 I am_wtf : [0,954,system_server,-1,DisplayDeviceConfig,requesting nits when no mapping exists.]
03-14 04:40:19.740 954 1066 I am_wtf : [0,954,system_server,-1,DisplayDeviceConfig,requesting nits when no mapping exists.]
03-14 04:40:19.740 954 1066 I am_wtf : [0,954,system_server,-1,DisplayDeviceConfig,requesting nits when no mapping exists.]
03-14 04:40:19.756 954 1066 I am_wtf : [0,954,system_server,-1,DisplayDeviceConfig,requesting nits when no mapping exists.]
03-14 04:40:19.757 954 1066 I am_wtf : [0,954,system_server,-1,DisplayDeviceConfig,requesting nits when no mapping exists.]
03-14 04:40:19.773 954 1066 I am_wtf : [0,954,system_server,-1,DisplayDeviceConfig,requesting nits when no mapping exists.]
03-14 04:40:19.773 954 1066 I am_wtf : [0,954,system_server,-1,DisplayDeviceConfig,requesting nits when no mapping exists.]
03-14 04:40:19.790 954 1066 I am_wtf : [0,954,system_server,-1,DisplayDeviceConfig,requesting nits when no mapping exists.]
03-14 04:40:19.790 954 1066 I am_wtf : [0,954,system_server,-1,DisplayDeviceConfig,requesting nits when no mapping exists.]
03-14 04:40:19.807 954 1066 I am_wtf : [0,954,system_server,-1,DisplayDeviceConfig,requesting nits when no mapping exists.]
03-14 04:40:19.807 954 1066 I am_wtf : [0,954,system_server,-1,DisplayDeviceConfig,requesting nits when no mapping exists.]
03-14 04:40:19.823 954 1066 I am_wtf : [0,954,system_server,-1,DisplayDeviceConfig,requesting nits when no mapping exists.]
03-14 04:40:19.824 954 1066 I am_wtf : [0,954,system_server,-1,DisplayDeviceConfig,requesting nits when no mapping exists.]
03-14 04:40:19.840 954 1066 I am_wtf : [0,954,system_server,-1,DisplayDeviceConfig,requesting nits when no mapping exists.]
03-14 04:40:19.840 954 1066 I am_wtf : [0,954,system_server,-1,DisplayDeviceConfig,requesting nits when no mapping exists.]
03-14 04:40:19.857 954 1066 I am_wtf : [0,954,system_server,-1,DisplayDeviceConfig,requesting nits when no mapping exists.]
03-14 04:40:19.857 954 1066 I am_wtf : [0,954,system_server,-1,DisplayDeviceConfig,requesting nits when no mapping exists.]
03-14 04:40:19.873 954 1066 I am_wtf : [0,954,system_server,-1,DisplayDeviceConfig,requesting nits when no mapping exists.]
03-14 04:40:19.874 954 1066 I am_wtf : [0,954,system_server,-1,DisplayDeviceConfig,requesting nits when no mapping exists.]
03-14 04:40:19.890 954 1066 I am_wtf : [0,954,system_server,-1,DisplayDeviceConfig,requesting nits when no mapping exists.]
03-14 04:40:19.890 954 1066 I am_wtf : [0,954,system_server,-1,DisplayDeviceConfig,requesting nits when no mapping exists.]
03-14 04:40:19.907 954 1066 I am_wtf : [0,954,system_server,-1,DisplayDeviceConfig,requesting nits when no mapping exists.]
03-14 04:40:19.907 954 1066 I am_wtf : [0,954,system_server,-1,DisplayDeviceConfig,requesting nits when no mapping exists.]
03-14 04:40:19.924 954 1066 I am_wtf : [0,954,system_server,-1,DisplayDeviceConfig,requesting nits when no mapping exists.]
03-14 04:40:19.924 954 1066 I am_wtf : [0,954,system_server,-1,DisplayDeviceConfig,requesting nits when no mapping exists.]
03-14 04:40:19.940 954 1066 I am_wtf : [0,954,system_server,-1,DisplayDeviceConfig,requesting nits when no mapping exists.]
03-14 04:40:19.940 954 1066 I am_wtf : [0,954,system_server,-1,DisplayDeviceConfig,requesting nits when no mapping exists.]
03-14 04:40:19.957 954 1066 I am_wtf : [0,954,system_server,-1,DisplayDeviceConfig,requesting nits when no mapping exists.]
03-14 04:40:19.957 954 1066 I am_wtf : [0,954,system_server,-1,DisplayDeviceConfig,requesting nits when no mapping exists.]
03-14 04:40:19.974 954 1066 I am_wtf : [0,954,system_server,-1,DisplayDeviceConfig,requesting nits when no mapping exists.]
03-14 04:40:19.974 954 1066 I am_wtf : [0,954,system_server,-1,DisplayDeviceConfig,requesting nits when no mapping exists.]
03-14 04:40:19.990 954 1066 I am_wtf : [0,954,system_server,-1,DisplayDeviceConfig,requesting nits when no mapping exists.]
03-14 04:40:19.991 954 1066 I am_wtf : [0,954,system_server,-1,DisplayDeviceConfig,requesting nits when no mapping exists.]
03-14 04:40:20.007 954 1066 I am_wtf : [0,954,system_server,-1,DisplayDeviceConfig,requesting nits when no mapping exists.]
03-14 04:40:20.007 954 1066 I am_wtf : [0,954,system_server,-1,DisplayDeviceConfig,requesting nits when no mapping exists.]
03-14 04:40:21.441 954 1066 I am_uid_running: 10101
03-14 04:40:21.468 954 1067 I am_proc_start: [0,13842,10101,com.tencent.mtt:service,broadcast,{com.tencent.mtt/com.tencent.mtt.browser.push.service.PushEventReciever}]
01-01 08:55:14.723 0 0 I binder : 13842:13842 ioctl 40046210 fffa1908 returned -22
03-14 04:40:21.499 0 0 I auditd : type=1400 audit(0.0:8224): avc: denied { kill } for comm="swapper/7" capability=5 scontext=u:r:kernel:s0 tcontext=u:r:kernel:s0 tclass=capability permissive=1
03-14 04:40:21.503 954 2215 I am_proc_bound: [0,13842,com.tencent.mtt:service]
03-14 04:40:21.510 954 2215 I am_uid_active: 10101
03-14 04:40:21.617 954 1067 I am_proc_start: [0,13864,10101,com.tencent.mtt,content provider,{com.tencent.mtt/com.tencent.mtt.base.stat.StatServer}]
01-01 08:55:14.863 0 0 I binder : 13864:13864 ioctl 40046210 fffa1908 returned -22
03-14 04:40:21.643 954 2215 I am_proc_bound: [0,13864,com.tencent.mtt]
03-14 04:40:22.499 0 0 I auditd : type=1400 audit(0.0:8225): avc: denied { kill } for comm="swapper/7" capability=5 scontext=u:r:kernel:s0 tcontext=u:r:kernel:s0 tclass=capability permissive=1
03-14 04:40:22.785 954 2215 I am_proc_died: [0,13842,com.tencent.mtt:service,0,11]
03-14 04:40:22.785 954 2215 I am_broadcast_discard_app: [0,154194045,com.tencent.mtt.service.ACTION_HEARTBEAT,0,ResolveInfo{4031cb1 com.tencent.mtt/.browser.push.service.PushEventReciever m=0x0}]
03-14 04:40:24.103 13864 13864 I auditd : type=1400 audit(0.0:8226): avc: denied { search } for comm="com.tencent.mtt" name="net" dev="sysfs" ino=46949 scontext=u:r:untrusted_app_29:s0:c101,c256,c512,c768 tcontext=u:object_r:sysfs_net:s0 tclass=dir permissive=1 app=com.tencent.mtt
03-14 04:40:24.103 13864 13864 I auditd : type=1400 audit(0.0:8227): avc: denied { read } for comm="com.tencent.mtt" name="address" dev="sysfs" ino=80847 scontext=u:r:untrusted_app_29:s0:c101,c256,c512,c768 tcontext=u:object_r:sysfs_net:s0 tclass=file permissive=1 app=com.tencent.mtt
03-14 04:40:24.103 13864 13864 I auditd : type=1400 audit(0.0:8228): avc: denied { open } for comm="com.tencent.mtt" path="/sys/devices/platform/soc/1c00000.qcom,pcie/pci0000:00/0000:00:00.0/0000:01:00.0/net/wlan0/address" dev="sysfs" ino=80847 scontext=u:r:untrusted_app_29:s0:c101,c256,c512,c768 tcontext=u:object_r:sysfs_net:s0 tclass=file permissive=1 app=com.tencent.mtt
03-14 04:40:24.103 13864 13864 I auditd : type=1400 audit(0.0:8229): avc: denied { getattr } for comm="com.tencent.mtt" path="/sys/devices/platform/soc/1c00000.qcom,pcie/pci0000:00/0000:00:00.0/0000:01:00.0/net/wlan0/address" dev="sysfs" ino=80847 scontext=u:r:untrusted_app_29:s0:c101,c256,c512,c768 tcontext=u:object_r:sysfs_net:s0 tclass=file permissive=1 app=com.tencent.mtt
01-01 08:55:17.390 0 0 E msm_pcm_playback_close: CMD_EOS failed, cmd_pending 0x8
03-14 04:40:24.171 13931 13931 I auditd : type=1400 audit(0.0:8230): avc: denied { getattr } for comm="stat" path="/mnt/sdcard" dev="tmpfs" ino=3772 scontext=u:r:untrusted_app_29:s0:c101,c256,c512,c768 tcontext=u:object_r:mnt_sdcard_file:s0 tclass=lnk_file permissive=1 app=com.tencent.mtt
01-01 08:55:17.402 0 0 I afe_close: port_id = 0x9000
03-14 04:40:24.171 13931 13931 I auditd : type=1400 audit(0.0:8231): avc: denied { read } for comm="stat" name="sdcard" dev="tmpfs" ino=3772 scontext=u:r:untrusted_app_29:s0:c101,c256,c512,c768 tcontext=u:object_r:mnt_sdcard_file:s0 tclass=lnk_file permissive=1 app=com.tencent.mtt
01-01 08:55:17.421 0 0 I afe_find_cal_topo_id_by_port: port id: 0x9000, dev_acdb_id: 0
01-01 08:55:17.421 0 0 I afe_find_cal_topo_id_by_port: top_id:112fc acdb_id:15 afe_port:0x9000
01-01 08:55:17.421 0 0 I afe_get_cal_topology_id: port_id = 0x9000 acdb_id = 15 topology_id = 0x112fc cal_type_index=8 ret=0
01-01 08:55:17.421 0 0 I afe_send_port_topology_id: AFE set topology id 0x112fc enable for port 0x9000 ret 0
01-01 08:55:17.421 0 0 I send_afe_cal_type: cal_index is 0
01-01 08:55:17.421 0 0 I send_afe_cal_type: dev_acdb_id[55] is 0
01-01 08:55:17.421 0 0 I send_afe_cal_type: Sending cal_index cal 0
01-01 08:55:17.421 0 0 E send_afe_cal_type: No cal sent for cal_index 0, port_id = 0x9000! ret -22
01-01 08:55:17.429 0 0 I afe_send_hw_delay: port_id 0x9000 rate 48000 delay_usec 474 status 0
01-01 08:55:17.454 0 0 W audit : audit_lost=8490 audit_rate_limit=5 audit_backlog_limit=64
01-01 08:55:17.454 0 0 E audit : rate limit exceeded
01-01 08:55:17.958 0 0 E DTC_ETH,link_delay_work_func: 3003, SQI=0, link=0
03-14 04:40:25.471 13864 13864 I auditd : type=1400 audit(0.0:8919): avc: denied { read } for comm="TuringFdShark" name="version" dev="proc" ino=4026532247 scontext=u:r:untrusted_app_29:s0:c101,c256,c512,c768 tcontext=u:object_r:proc_version:s0 tclass=file permissive=1 app=com.tencent.mtt
03-14 04:40:25.471 13864 13864 I auditd : type=1400 audit(0.0:8920): avc: denied { open } for comm="TuringFdShark" path="/proc/version" dev="proc" ino=4026532247 scontext=u:r:untrusted_app_29:s0:c101,c256,c512,c768 tcontext=u:object_r:proc_version:s0 tclass=file permissive=1 app=com.tencent.mtt
03-14 04:40:25.471 13864 13864 I auditd : type=1400 audit(0.0:8921): avc: denied { getattr } for comm="TuringFdShark" path="/proc/version" dev="proc" ino=4026532247 scontext=u:r:untrusted_app_29:s0:c101,c256,c512,c768 tcontext=u:object_r:proc_version:s0 tclass=file permissive=1 app=com.tencent.mtt
03-14 04:40:26.322 954 1067 I am_proc_start: [0,13991,10101,com.tencent.mtt:service,content provider,{com.tencent.mtt/com.tencent.mtt.ServiceProvider}]
01-01 08:55:19.572 0 0 I binder : 13991:13991 ioctl 40046210 fffa1908 returned -22
03-14 04:40:26.354 954 2136 I am_proc_bound: [0,13991,com.tencent.mtt:service]
03-14 04:40:27.023 954 1685 I netstats_mobile_sample: [0,0,0,0,0,0,0,0,0,0,0,0,1678740027023]
03-14 04:40:27.024 954 1685 I netstats_wifi_sample: [6246159,11044,2695683,13488,6246159,11044,2695683,13488,5843687,14248,1863365,10664,1678740027023]
03-14 04:40:27.023 674 674 I auditd : type=1400 audit(0.0:8922): avc: denied { add_name } for comm="Binder:674_1" name="globalAlert" scontext=u:r:netd:s0 tcontext=u:object_r:proc_net:s0 tclass=dir permissive=1
03-14 04:40:27.023 674 674 I auditd : type=1400 audit(0.0:8923): avc: denied { create } for comm="Binder:674_1" name="globalAlert" scontext=u:r:netd:s0 tcontext=u:object_r:proc_net:s0 tclass=file permissive=1
03-14 04:40:27.583 13864 13864 I auditd : type=1400 audit(0.0:8924): avc: denied { read } for comm="TuringFdCore_61" name="tcp" dev="proc" ino=4026532265 scontext=u:r:untrusted_app_29:s0:c101,c256,c512,c768 tcontext=u:object_r:proc_net_tcp_udp:s0 tclass=file permissive=1 app=com.tencent.mtt
03-14 04:40:27.583 13864 13864 I auditd : type=1400 audit(0.0:8925): avc: denied { open } for comm="TuringFdCore_61" path="/proc/13864/net/tcp" dev="proc" ino=4026532265 scontext=u:r:untrusted_app_29:s0:c101,c256,c512,c768 tcontext=u:object_r:proc_net_tcp_udp:s0 tclass=file permissive=1 app=com.tencent.mtt
03-14 04:40:27.583 13864 13864 I auditd : type=1400 audit(0.0:8926): avc: denied { getattr } for comm="TuringFdCore_61" path="/proc/13864/net/tcp" dev="proc" ino=4026532265 scontext=u:r:untrusted_app_29:s0:c101,c256,c512,c768 tcontext=u:object_r:proc_net_tcp_udp:s0 tclass=file permissive=1 app=com.tencent.mtt
03-14 04:40:27.662 954 1064 I am_pss : [7253,10097,cn.kuwo.player,254683136,241192960,0,376750080,0,4,16]
03-14 04:40:27.691 13864 13864 I auditd : type=1400 audit(0.0:8927): avc: granted { nlmsg_readpriv } for comm="TuringFdCore_61" scontext=u:r:untrusted_app_29:s0:c101,c256,c512,c768 tcontext=u:r:untrusted_app_29:s0:c101,c256,c512,c768 tclass=netlink_route_socket app=com.tencent.mtt
03-14 04:40:27.731 14023 14023 I auditd : type=1400 audit(0.0:8928): avc: denied { search } for comm="df" name="vendor" dev="tmpfs" ino=3168 scontext=u:r:untrusted_app_29:s0:c101,c256,c512,c768 tcontext=u:object_r:mnt_vendor_file:s0 tclass=dir permissive=1 app=com.tencent.mtt
01-01 08:55:20.958 0 0 W audit : audit_lost=9177 audit_rate_limit=5 audit_backlog_limit=64
01-01 08:55:20.958 0 0 E audit : rate limit exceeded
03-14 04:40:28.235 954 1638 I input_interaction: Interaction with: 7741eb6 com.thundercomm.screensaver/android.service.dreams.DreamActivity (server), edge-swipe (server), swipe-up (server), PointerEventDispatcher0 (server),
03-14 04:40:28.238 954 2136 I wm_finish_activity: [0,243244313,53,com.thundercomm.screensaver/android.service.dreams.DreamActivity,finish-activity]
03-14 04:40:28.239 954 2136 I wm_task_moved: [1,1,5]
03-14 04:40:28.239 954 2136 I wm_task_moved: [12,1,2147483647]
03-14 04:40:28.239 954 2136 I wm_task_to_front: [0,12]
03-14 04:40:28.239 954 2136 I wm_focused_root_task: [0,0,1,53,finish-top adjustFocusToNextFocusableTask]
03-14 04:40:28.240 954 2136 I wm_set_resumed_activity: [0,com.android.launcher3/.uioverrides.QuickstepLauncher,finish-top adjustFocusToNextFocusableTask]
03-14 04:40:28.241 954 2136 I wm_pause_activity: [0,243244313,com.thundercomm.screensaver/android.service.dreams.DreamActivity,userLeaving=false,finish]
03-14 04:40:28.250 13800 13800 I wm_on_top_resumed_lost_called: [243244313,android.service.dreams.DreamActivity,topStateChangedWhenResumed]
03-14 04:40:28.254 954 1046 I sysui_multi_action: [757,803,799,window_time_0,802,9]
03-14 04:40:28.254 13800 13800 I wm_on_paused_called: [243244313,android.service.dreams.DreamActivity,performPause]
03-14 04:40:28.254 954 2136 I wm_add_to_stopping: [0,243244313,com.thundercomm.screensaver/android.service.dreams.DreamActivity,completeFinishing]
03-14 04:40:28.256 954 2136 I wm_set_resumed_activity: [0,com.android.launcher3/.uioverrides.QuickstepLauncher,resumeTopActivityInnerLocked]
03-14 04:40:28.258 954 2136 I wm_resume_activity: [0,194529402,12,com.android.launcher3/.uioverrides.QuickstepLauncher]
03-14 04:40:28.263 954 1638 I input_focus: [Focus leaving 7741eb6 com.thundercomm.screensaver/android.service.dreams.DreamActivity (server),reason=NO_WINDOW]
03-14 04:40:28.263 13800 13800 I view_enqueue_input_event: [Motion - Cancel,com.thundercomm.screensaver/android.service.dreams.DreamActivity]
03-14 04:40:28.272 2598 2598 I wm_on_restart_called: [194529402,com.android.launcher3.uioverrides.QuickstepLauncher,performRestartActivity]
03-14 04:40:28.272 2598 2598 I wm_on_start_called: [194529402,com.android.launcher3.uioverrides.QuickstepLauncher,handleStartActivity]
03-14 04:40:28.273 2598 2598 I wm_on_resume_called: [194529402,com.android.launcher3.uioverrides.QuickstepLauncher,RESUME_ACTIVITY]
03-14 04:40:28.273 2598 2598 I wm_on_top_resumed_gained_called: [194529402,com.android.launcher3.uioverrides.QuickstepLauncher,topWhenResuming]
03-14 04:40:28.273 954 1046 I sysui_multi_action: [757,803,799,window_time_0,802,0]
03-14 04:40:28.283 954 1047 I input_focus: [Focus request fca4b77 com.android.launcher3/com.android.launcher3.uioverrides.QuickstepLauncher,reason=UpdateInputWindows]
03-14 04:40:28.314 954 1638 I input_focus: [Focus entering fca4b77 com.android.launcher3/com.android.launcher3.uioverrides.QuickstepLauncher (server),reason=Window became focusable. Previous reason: NOT_VISIBLE]
03-14 04:40:28.534 954 1046 I wm_destroy_activity: [0,243244313,53,com.thundercomm.screensaver/android.service.dreams.DreamActivity,finish-imm:idle]
03-14 04:40:28.555 13800 13800 I wm_on_stop_called: [243244313,android.service.dreams.DreamActivity,LIFECYCLER_STOP_ACTIVITY]
03-14 04:40:28.559 13800 13800 I wm_on_destroy_called: [243244313,android.service.dreams.DreamActivity,performDestroy]
03-14 04:40:28.560 954 1043 I sysui_multi_action: [757,222,758,2]
03-14 04:40:28.560 954 1043 I sysui_multi_action: [757,804,799,dreaming_minutes,801,0,802,1]
03-14 04:40:28.567 954 2136 I wm_task_removed: [53,removeChild:removeChild last r=ActivityRecord{e7f9d19 u0 com.thundercomm.screensaver/android.service.dreams.DreamActivity t-1 f}} in t=Task{ee8d590 #53 type=dream A=10050:android:com.thundercomm.screensaver/dream U=0 visible=false mode=fullscreen translucent=true sz=0}]
03-14 04:40:28.567 954 2136 I wm_task_removed: [53,removeChild]
03-14 04:40:28.907 13991 13991 I auditd : type=1400 audit(0.0:8984): avc: granted { nlmsg_readpriv } for comm="ent.mtt:service" scontext=u:r:untrusted_app_29:s0:c101,c256,c512,c768 tcontext=u:r:untrusted_app_29:s0:c101,c256,c512,c768 tclass=netlink_route_socket app=com.tencent.mtt
03-14 04:40:29.687 13864 13864 I auditd : type=1400 audit(0.0:8985): avc: granted { nlmsg_readpriv } for comm="pool-10-thread-" scontext=u:r:untrusted_app_29:s0:c101,c256,c512,c768 tcontext=u:r:untrusted_app_29:s0:c101,c256,c512,c768 tclass=netlink_route_socket app=com.tencent.mtt
01-01 08:55:23.078 0 0 E DTC_ETH,link_delay_work_func: 3003, SQI=0, link=0
01-01 08:55:25.704 0 0 I msm_vidc: err : ffffffff: .....: DBLP Set: status 0
03-14 04:40:33.619 954 1638 I input_interaction: Interaction with: fca4b77 com.android.launcher3/com.android.launcher3.uioverrides.QuickstepLauncher (server), 45b849f com.android.systemui.ImageWallpaper (server), edge-swipe (server), swipe-up (server), PointerEventDispatcher0 (server),
01-01 08:55:27.194 0 0 I [soft_i][0xd7114cc20][04:40:33.969406] wlan: [0:I:QDF] ARP-RS TX: SA:b2:69:a0:5d:ba:36 DA:d6:44:3b:15:39:91 msdu_id:35 status: nack
01-01 08:55:27.886 0 0 E msm_pcm_playback_close: CMD_EOS failed, cmd_pending 0x8
01-01 08:55:27.899 0 0 I afe_close: port_id = 0x9000
01-01 08:55:27.918 0 0 I afe_find_cal_topo_id_by_port: port id: 0x9000, dev_acdb_id: 0
01-01 08:55:27.918 0 0 I afe_find_cal_topo_id_by_port: top_id:112fc acdb_id:15 afe_port:0x9000
01-01 08:55:27.918 0 0 I afe_get_cal_topology_id: port_id = 0x9000 acdb_id = 15 topology_id = 0x112fc cal_type_index=8 ret=0
01-01 08:55:27.919 0 0 I afe_send_port_topology_id: AFE set topology id 0x112fc enable for port 0x9000 ret 0
01-01 08:55:27.919 0 0 I send_afe_cal_type: cal_index is 0
01-01 08:55:27.919 0 0 I send_afe_cal_type: dev_acdb_id[55] is 0
01-01 08:55:27.919 0 0 I send_afe_cal_type: Sending cal_index cal 0
01-01 08:55:27.919 0 0 E send_afe_cal_type: No cal sent for cal_index 0, port_id = 0x9000! ret -22
01-01 08:55:27.927 0 0 I afe_send_hw_delay: port_id 0x9000 rate 48000 delay_usec 474 status 0
03-14 04:40:34.819 13864 13864 I auditd : type=1400 audit(0.0:8986): avc: denied { open } for comm="NetworkWup" path="/dev/__properties__/u:object_r:net_dns_prop:s0" dev="tmpfs" ino=3415 scontext=u:r:untrusted_app_29:s0:c101,c256,c512,c768 tcontext=u:object_r:net_dns_prop:s0 tclass=file permissive=1 app=com.tencent.mtt
03-14 04:40:34.819 13864 13864 I auditd : type=1400 audit(0.0:8987): avc: denied { getattr } for comm="NetworkWup" path="/dev/__properties__/u:object_r:net_dns_prop:s0" dev="tmpfs" ino=3415 scontext=u:r:untrusted_app_29:s0:c101,c256,c512,c768 tcontext=u:object_r:net_dns_prop:s0 tclass=file permissive=1 app=com.tencent.mtt
03-14 04:40:34.819 13864 13864 I auditd : type=1400 audit(0.0:8988): avc: denied { map } for comm="NetworkWup" path="/dev/__properties__/u:object_r:net_dns_prop:s0" dev="tmpfs" ino=3415 scontext=u:r:untrusted_app_29:s0:c101,c256,c512,c768 tcontext=u:object_r:net_dns_prop:s0 tclass=file permissive=1 app=com.tencent.mtt
01-01 08:55:28.198 0 0 E DTC_ETH,link_delay_work_func: 3003, SQI=0, link=0
03-14 04:40:35.056 954 5649 I wm_task_created: [54,-1]
03-14 04:40:35.060 954 5649 I wm_task_moved: [54,1,6]
03-14 04:40:35.060 954 5649 I wm_task_to_front: [0,54]
03-14 04:40:35.060 954 5649 I wm_create_task: [0,54]
03-14 04:40:35.060 954 5649 I wm_create_activity: [0,238194509,54,com.microsoft.emmx/com.microsoft.ruby.Main,android.intent.action.MAIN,NULL,NULL,270532608]
03-14 04:40:35.060 954 5649 I wm_task_moved: [54,1,6]
03-14 04:40:35.061 954 5649 I wm_restart_activity: [0,238194509,54,com.microsoft.emmx/com.microsoft.ruby.Main]
03-14 04:40:35.062 954 5649 I wm_set_resumed_activity: [0,com.microsoft.emmx/com.microsoft.ruby.Main,minimalResumeActivityLocked]
03-14 04:40:35.064 954 1046 I am_uid_active: 10033
03-14 04:40:35.065 2598 2598 I wm_on_top_resumed_lost_called: [194529402,com.android.launcher3.uioverrides.QuickstepLauncher,topStateChangedWhenResumed]
03-14 04:40:35.115 6630 6630 I wm_on_create_called: [238194509,com.microsoft.ruby.Main,performCreate]
03-14 04:40:35.117 6630 6630 I wm_on_start_called: [238194509,com.microsoft.ruby.Main,handleStartActivity]
03-14 04:40:35.122 6630 6630 I wm_on_resume_called: [238194509,com.microsoft.ruby.Main,RESUME_ACTIVITY]
03-14 04:40:35.124 6630 6630 I wm_on_top_resumed_gained_called: [238194509,com.microsoft.ruby.Main,topStateChangedWhenResumed]
03-14 04:40:35.132 954 1047 I input_focus: [Focus request 9f36d8b com.microsoft.emmx/com.microsoft.ruby.Main,reason=UpdateInputWindows]
03-14 04:40:35.138 954 12775 I am_uid_running: 90000
03-14 04:40:35.164 954 1638 I input_focus: [Focus leaving fca4b77 com.android.launcher3/com.android.launcher3.uioverrides.QuickstepLauncher (server),reason=Waiting for window because NOT_VISIBLE]
01-01 08:55:28.442 0 0 I [soft_i][0xd72826555][04:40:35.217315] wlan: [0:I:QDF] ARP-RS TX: SA:b2:69:a0:5d:ba:36 DA:d6:44:3b:15:39:91 msdu_id:162 status: nack
03-14 04:40:35.230 954 1067 I am_proc_start: [0,14173,90000,com.microsoft.emmx:sandboxed_process0:org.chromium.content.app.SandboxedProcessService0:30,,{com.microsoft.emmx/org.chromium.content.app.SandboxedProcessService0:30}]
03-14 04:40:35.244 954 3426 I am_proc_bound: [0,14173,com.microsoft.emmx:sandboxed_process0:org.chromium.content.app.SandboxedProcessService0:30]
01-01 08:55:28.468 0 0 I binder : 14173:14173 ioctl 40046210 7ffedd5054 returned -22
03-14 04:40:35.245 954 3426 I am_uid_active: 90000
03-14 04:40:35.285 954 2136 I am_uid_running: 90001
03-14 04:40:35.292 954 1067 I am_proc_start: [0,14200,90001,com.microsoft.emmx:sandboxed_process0:org.chromium.content.app.SandboxedProcessService0:31,,{com.microsoft.emmx/org.chromium.content.app.SandboxedProcessService0:31}]
03-14 04:40:35.312 954 2136 I am_proc_bound: [0,14200,com.microsoft.emmx:sandboxed_process0:org.chromium.content.app.SandboxedProcessService0:31]
01-01 08:55:28.535 0 0 I binder : 14200:14200 ioctl 40046210 7ffedd5054 returned -22
03-14 04:40:35.313 954 2136 I am_uid_active: 90001
03-14 04:40:35.338 954 1043 I sysui_multi_action: [319,277,322,276,325,3005,757,761,758,8,759,2,806,com.microsoft.emmx,871,com.microsoft.ruby.Main,904,com.android.launcher3,905,0,1320,4,1321,2]
03-14 04:40:35.339 954 1043 I wm_activity_launch_time: [0,238194509,com.microsoft.emmx/com.microsoft.ruby.Main,276]
03-14 04:40:35.335 979 979 I auditd : type=1400 audit(0.0:8989): avc: denied { add_name } for comm="perf@2.2-servic" name="clkscale_enable" scontext=u:r:vendor_hal_perf_default:s0 tcontext=u:object_r:sysfs:s0 tclass=dir permissive=1
03-14 04:40:35.335 979 979 I auditd : type=1400 audit(0.0:8990): avc: denied { create } for comm="perf@2.2-servic" name="clkscale_enable" scontext=u:r:vendor_hal_perf_default:s0 tcontext=u:object_r:sysfs:s0 tclass=file permissive=1
03-14 04:40:35.348 954 1638 I input_focus: [Focus entering 9f36d8b com.microsoft.emmx/com.microsoft.ruby.Main (server),reason=Window became focusable. Previous reason: NOT_VISIBLE]
03-14 04:40:35.499 0 0 I auditd : type=1400 audit(0.0:8991): avc: denied { kill } for comm="swapper/0" capability=5 scontext=u:r:kernel:s0 tcontext=u:r:kernel:s0 tclass=capability permissive=1
03-14 04:40:37.059 979 979 I auditd : type=1400 audit(0.0:8992): avc: denied { add_name } for comm="perf@2.2-servic" name="force_rail_on" scontext=u:r:vendor_hal_perf_default:s0 tcontext=u:object_r:vendor_sysfs_kgsl:s0 tclass=dir permissive=1
03-14 04:40:37.059 979 979 I auditd : type=1400 audit(0.0:8993): avc: denied { create } for comm="perf@2.2-servic" name="force_rail_on" scontext=u:r:vendor_hal_perf_default:s0 tcontext=u:object_r:vendor_sysfs_kgsl:s0 tclass=file permissive=1
03-14 04:40:37.059 979 979 I auditd : type=1400 audit(0.0:8994): avc: denied { add_name } for comm="perf@2.2-servic" name="min_freq" scontext=u:r:vendor_hal_perf_default:s0 tcontext=u:object_r:vendor_sysfs_devfreq:s0 tclass=dir permissive=1
03-14 04:40:37.059 979 979 I auditd : type=1400 audit(0.0:8995): avc: denied { create } for comm="perf@2.2-servic" name="min_freq" scontext=u:r:vendor_hal_perf_default:s0 tcontext=u:object_r:vendor_sysfs_devfreq:s0 tclass=file permissive=1
03-14 04:40:37.059 979 979 I auditd : type=1400 audit(0.0:8996): avc: denied { add_name } for comm="perf@2.2-servic" name="clkscale_enable" scontext=u:r:vendor_hal_perf_default:s0 tcontext=u:object_r:sysfs:s0 tclass=dir permissive=1
03-14 04:40:37.063 979 979 I auditd : type=1400 audit(0.0:8997): avc: denied { add_name } for comm="perf@2.2-servic" name="cpu_min_freq" scontext=u:r:vendor_hal_perf_default:s0 tcontext=u:object_r:vendor_sysfs_msm_perf:s0 tclass=dir permissive=1
03-14 04:40:37.063 979 979 I auditd : type=1400 audit(0.0:8998): avc: denied { create } for comm="perf@2.2-servic" name="cpu_min_freq" scontext=u:r:vendor_hal_perf_default:s0 tcontext=u:object_r:vendor_sysfs_msm_perf:s0 tclass=file permissive=1
03-14 04:40:38.408 954 1064 I sysui_multi_action: [757,1717,758,1,759,0]
03-14 04:40:38.409 954 1064 I sysui_multi_action: [757,1717,758,2,759,0]
03-14 04:40:38.409 954 1064 I sysui_multi_action: [757,1717,758,3,759,0]
03-14 04:40:39.293 954 1638 I input_interaction: Interaction with: 9f36d8b com.microsoft.emmx/com.microsoft.ruby.Main (server), edge-swipe (server), swipe-up (server), PointerEventDispatcher0 (server),
03-14 04:40:39.391 954 5649 I wm_finish_activity: [0,238194509,54,com.microsoft.emmx/com.microsoft.ruby.Main,finish-activity]
03-14 04:40:39.392 954 5649 I wm_task_moved: [1,1,6]
03-14 04:40:39.392 954 5649 I wm_set_resumed_activity: [0,com.android.launcher3/.uioverrides.QuickstepLauncher,positionChildAt]
03-14 04:40:39.392 954 5649 I wm_task_moved: [12,1,2147483647]
03-14 04:40:39.392 954 5649 I wm_task_to_front: [0,12]
03-14 04:40:39.392 954 5649 I wm_focused_root_task: [0,0,1,-1,finish-top adjustFocusToNextFocusableTask]
03-14 04:40:39.392 954 5649 I wm_set_resumed_activity: [0,com.android.launcher3/.uioverrides.QuickstepLauncher,finish-top]
03-14 04:40:39.393 954 5649 I wm_pause_activity: [0,238194509,com.microsoft.emmx/com.microsoft.ruby.Main,userLeaving=false,finish]
03-14 04:40:39.394 954 1638 I input_focus: [Focus leaving 9f36d8b com.microsoft.emmx/com.microsoft.ruby.Main (server),reason=NOT_VISIBLE]
03-14 04:40:39.395 954 1047 I input_focus: [Focus request fca4b77 com.android.launcher3/com.android.launcher3.uioverrides.QuickstepLauncher,reason=UpdateInputWindows]
03-14 04:40:39.403 954 1046 I sysui_multi_action: [757,803,799,window_time_0,802,12]
03-14 04:40:39.410 954 1638 I input_focus: [Focus entering fca4b77 com.android.launcher3/com.android.launcher3.uioverrides.QuickstepLauncher (server),reason=setFocusedWindow]
03-14 04:40:39.424 6630 6630 I wm_on_top_resumed_lost_called: [238194509,com.microsoft.ruby.Main,topStateChangedWhenResumed]
03-14 04:40:39.424 2598 2598 I wm_on_top_resumed_gained_called: [194529402,com.android.launcher3.uioverrides.QuickstepLauncher,topStateChangedWhenResumed]
03-14 04:40:39.454 6630 6630 I wm_on_paused_called: [238194509,com.microsoft.ruby.Main,performPause]
03-14 04:40:39.455 954 2136 I wm_destroy_activity: [0,238194509,54,com.microsoft.emmx/com.microsoft.ruby.Main,finish-imm:completePausedLocked]
03-14 04:40:39.460 954 1046 I sysui_multi_action: [757,803,799,window_time_0,802,0]
03-14 04:40:39.489 6630 6630 I wm_on_stop_called: [238194509,com.microsoft.ruby.Main,LIFECYCLER_STOP_ACTIVITY]
03-14 04:40:39.523 954 2215 I am_kill : [0,14173,com.microsoft.emmx:sandboxed_process0:org.chromium.content.app.SandboxedProcessService0:30,0,isolated not needed]
03-14 04:40:39.525 6630 6630 I wm_on_destroy_called: [238194509,com.microsoft.ruby.Main,performDestroy]
03-14 04:40:39.531 954 2215 I wm_task_removed: [54,removeChild:removeChild last r=ActivityRecord{e328f4d u0 com.microsoft.emmx/com.microsoft.ruby.Main t-1 f}} in t=Task{49adee4 #54 type=standard A=10033:com.microsoft.emmx U=0 visible=false mode=freeform translucent=true sz=0}]
03-14 04:40:39.531 954 2215 I wm_task_removed: [54,removeChild]
03-14 04:40:39.564 954 5436 I am_proc_died: [0,14173,com.microsoft.emmx:sandboxed_process0:org.chromium.content.app.SandboxedProcessService0:30,0,10]
03-14 04:40:39.564 954 5436 I am_uid_stopped: 90000
01-01 08:55:32.789 0 0 I binder : undelivered transaction 987209, process died.
01-01 08:55:32.789 0 0 I binder : undelivered transaction 987213, process died.
01-01 08:55:32.789 0 0 I binder : undelivered transaction 987208, process died.
03-14 04:40:39.880 954 2215 I am_kill : [0,14200,com.microsoft.emmx:sandboxed_process0:org.chromium.content.app.SandboxedProcessService0:31,0,isolated not needed]
03-14 04:40:39.916 954 5436 I am_proc_died: [0,14200,com.microsoft.emmx:sandboxed_process0:org.chromium.content.app.SandboxedProcessService0:31,0,10]
03-14 04:40:39.917 954 5436 I am_uid_stopped: 90001
01-01 08:55:33.318 0 0 E DTC_ETH,link_delay_work_func: 3003, SQI=0, link=0
03-14 04:40:40.203 3380 3380 I auditd : type=1400 audit(0.0:8999): avc: denied { open } for comm="BackgroundThrea" path="/proc/3380/net/route" dev="proc" ino=4026532257 scontext=u:r:priv_app:s0:c512,c768 tcontext=u:object_r:proc_net:s0 tclass=file permissive=1 app=com.baidu.input
03-14 04:40:40.207 3380 3380 I auditd : type=1400 audit(0.0:9000): avc: denied { search } for comm="BackgroundThrea" name="asound" dev="proc" ino=4026532151 scontext=u:r:priv_app:s0:c512,c768 tcontext=u:object_r:proc_asound:s0 tclass=dir permissive=1 app=com.baidu.input
03-14 04:40:40.207 3380 3380 I auditd : type=1400 audit(0.0:9001): avc: denied { read } for comm="BackgroundThrea" name="id" dev="proc" ino=4026534099 scontext=u:r:priv_app:s0:c512,c768 tcontext=u:object_r:proc_asound:s0 tclass=file permissive=1 app=com.baidu.input
03-14 04:40:40.207 3380 3380 I auditd : type=1400 audit(0.0:9002): avc: denied { open } for comm="BackgroundThrea" path="/proc/asound/card0/id" dev="proc" ino=4026534099 scontext=u:r:priv_app:s0:c512,c768 tcontext=u:object_r:proc_asound:s0 tclass=file permissive=1 app=com.baidu.input
03-14 04:40:40.207 3380 3380 I auditd : type=1400 audit(0.0:9003): avc: denied { getattr } for comm="BackgroundThrea" path="/proc/asound/card0/id" dev="proc" ino=4026534099 scontext=u:r:priv_app:s0:c512,c768 tcontext=u:object_r:proc_asound:s0 tclass=file permissive=1 app=com.baidu.input
01-01 08:55:33.444 0 0 W audit : audit_lost=9232 audit_rate_limit=5 audit_backlog_limit=64
01-01 08:55:33.444 0 0 E audit : rate limit exceeded
03-14 04:40:41.319 954 1045 I commit_sys_config_file: [jobs,6]
03-14 04:40:41.867 954 1612 I am_freeze: [5716,com.android.musicfx]
01-01 08:55:35.091 0 0 I binder : 954:1612 ioctl 400c620e 7af8e5c5d8 returned -22
01-01 08:55:35.093 0 0 I binder : 954:1612 ioctl c00c620f 7af8e5c5b8 returned -22
03-14 04:40:41.871 954 1612 I am_kill : [0,5716,com.android.musicfx,995,Unable to freeze binder interface]
03-14 04:40:41.904 954 2215 I am_proc_died: [0,5716,com.android.musicfx,995,19]
03-14 04:40:41.905 954 2215 I am_uid_stopped: 10032
01-01 08:55:35.305 0 0 I msm_vidc: err : ffffffff: .....: DBLP Set: status 0
03-14 04:40:44.062 954 1638 I input_interaction: Interaction with: fca4b77 com.android.launcher3/com.android.launcher3.uioverrides.QuickstepLauncher (server), PointerEventDispatcher0 (server),
03-14 04:40:44.915 954 954 I auditd : type=1400 audit(0.0:9016): avc: denied { getpgid } for comm="ActivityManager" scontext=u:r:system_server:s0 tcontext=u:r:app_zygote:s0:c512,c768 tclass=process permissive=1
01-01 08:55:38.386 0 0 E msm_pcm_playback_close: CMD_EOS failed, cmd_pending 0x8
01-01 08:55:38.400 0 0 I afe_close: port_id = 0x9000
01-01 08:55:38.422 0 0 I afe_find_cal_topo_id_by_port: port id: 0x9000, dev_acdb_id: 0
01-01 08:55:38.422 0 0 I afe_find_cal_topo_id_by_port: top_id:112fc acdb_id:15 afe_port:0x9000
01-01 08:55:38.422 0 0 I afe_get_cal_topology_id: port_id = 0x9000 acdb_id = 15 topology_id = 0x112fc cal_type_index=8 ret=0
01-01 08:55:38.423 0 0 I afe_send_port_topology_id: AFE set topology id 0x112fc enable for port 0x9000 ret 0
01-01 08:55:38.423 0 0 I send_afe_cal_type: cal_index is 0
01-01 08:55:38.423 0 0 I send_afe_cal_type: dev_acdb_id[55] is 0
01-01 08:55:38.423 0 0 I send_afe_cal_type: Sending cal_index cal 0
01-01 08:55:38.423 0 0 E send_afe_cal_type: No cal sent for cal_index 0, port_id = 0x9000! ret -22
01-01 08:55:38.431 0 0 I afe_send_hw_delay: port_id 0x9000 rate 48000 delay_usec 474 status 0
01-01 08:55:38.438 0 0 E DTC_ETH,link_delay_work_func: 3003, SQI=0, link=0
03-14 04:40:46.759 954 1685 I service_manager_stats: [100,23,27336]
03-14 04:40:46.781 954 1685 I netstats_mobile_sample: [0,0,0,0,0,0,0,0,0,0,0,0,1678740046781]
03-14 04:40:46.782 954 1685 I netstats_wifi_sample: [8485178,13422,2963424,15576,8485178,13422,2963424,15576,7890875,16402,2088290,12533,1678740046781]
03-14 04:40:46.779 674 674 I auditd : type=1400 audit(0.0:9017): avc: denied { add_name } for comm="Binder:674_1" name="globalAlert" scontext=u:r:netd:s0 tcontext=u:object_r:proc_net:s0 tclass=dir permissive=1
03-14 04:40:46.779 674 674 I auditd : type=1400 audit(0.0:9018): avc: denied { create } for comm="Binder:674_1" name="globalAlert" scontext=u:r:netd:s0 tcontext=u:object_r:proc_net:s0 tclass=file permissive=1
03-14 04:40:47.919 13864 13864 I auditd : type=1400 audit(0.0:9019): avc: granted { execute } for comm="CPUBound" path="/data/user/0/com.tencent.mtt/app_tbs/home/default/components/net/20010/libcronet.77.0.3865.120.so" dev="dm-10" ino=9769 scontext=u:r:untrusted_app_29:s0:c101,c256,c512,c768 tcontext=u:object_r:app_data_file:s0:c101,c256,c512,c768 tclass=file app=com.tencent.mtt
03-14 04:40:47.939 13864 13864 I auditd : type=1400 audit(0.0:9020): avc: granted { bind } for comm="ThreadPoolForeg" scontext=u:r:untrusted_app_29:s0:c101,c256,c512,c768 tcontext=u:r:untrusted_app_29:s0:c101,c256,c512,c768 tclass=netlink_route_socket app=com.tencent.mtt
03-14 04:40:47.939 13864 13864 I auditd : type=1400 audit(0.0:9021): avc: granted { nlmsg_readpriv } for comm="ThreadPoolForeg" scontext=u:r:untrusted_app_29:s0:c101,c256,c512,c768 tcontext=u:r:untrusted_app_29:s0:c101,c256,c512,c768 tclass=netlink_route_socket app=com.tencent.mtt
01-01 08:55:43.558 0 0 E DTC_ETH,link_delay_work_func: 3003, SQI=0, link=0
03-14 04:40:51.438 954 1064 I am_pss : [13800,10050,com.thundercomm.screensaver,35585024,31514624,15360,143298560,0,19,15]
01-01 08:55:48.678 0 0 E DTC_ETH,link_delay_work_func: 3003, SQI=0, link=0
01-01 08:55:48.882 0 0 E msm_pcm_playback_close: CMD_EOS failed, cmd_pending 0x8
01-01 08:55:48.896 0 0 I afe_close: port_id = 0x9000
01-01 08:55:48.918 0 0 I afe_find_cal_topo_id_by_port: port id: 0x9000, dev_acdb_id: 0
01-01 08:55:48.918 0 0 I afe_find_cal_topo_id_by_port: top_id:112fc acdb_id:15 afe_port:0x9000
01-01 08:55:48.918 0 0 I afe_get_cal_topology_id: port_id = 0x9000 acdb_id = 15 topology_id = 0x112fc cal_type_index=8 ret=0
01-01 08:55:48.919 0 0 I afe_send_port_topology_id: AFE set topology id 0x112fc enable for port 0x9000 ret 0
01-01 08:55:48.919 0 0 I send_afe_cal_type: cal_index is 0
01-01 08:55:48.919 0 0 I send_afe_cal_type: dev_acdb_id[55] is 0
01-01 08:55:48.919 0 0 I send_afe_cal_type: Sending cal_index cal 0
01-01 08:55:48.919 0 0 E send_afe_cal_type: No cal sent for cal_index 0, port_id = 0x9000! ret -22
01-01 08:55:48.927 0 0 I afe_send_hw_delay: port_id 0x9000 rate 48000 delay_usec 474 status 0
03-14 04:40:57.905 954 1638 I input_interaction: Interaction with: fca4b77 com.android.launcher3/com.android.launcher3.uioverrides.QuickstepLauncher (server), 45b849f com.android.systemui.ImageWallpaper (server), edge-swipe (server), swipe-up (server), PointerEventDispatcher0 (server),
03-14 04:40:59.338 954 5436 I wm_task_created: [55,-1]
03-14 04:40:59.342 954 5436 I wm_task_moved: [55,1,6]
03-14 04:40:59.342 954 5436 I wm_task_to_front: [0,55]
03-14 04:40:59.342 954 5436 I wm_create_task: [0,55]
03-14 04:40:59.342 954 5436 I wm_create_activity: [0,155301170,55,com.microsoft.emmx/com.microsoft.ruby.Main,android.intent.action.MAIN,NULL,NULL,270532608]
03-14 04:40:59.342 954 5436 I wm_task_moved: [55,1,6]
03-14 04:40:59.344 954 5436 I wm_restart_activity: [0,155301170,55,com.microsoft.emmx/com.microsoft.ruby.Main]
03-14 04:40:59.344 954 5436 I wm_set_resumed_activity: [0,com.microsoft.emmx/com.microsoft.ruby.Main,minimalResumeActivityLocked]
03-14 04:40:59.347 2598 2598 I wm_on_top_resumed_lost_called: [194529402,com.android.launcher3.uioverrides.QuickstepLauncher,topStateChangedWhenResumed]
03-14 04:40:59.395 6630 6630 I wm_on_create_called: [155301170,com.microsoft.ruby.Main,performCreate]
03-14 04:40:59.397 6630 6630 I wm_on_start_called: [155301170,com.microsoft.ruby.Main,handleStartActivity]
03-14 04:40:59.400 6630 6630 I wm_on_resume_called: [155301170,com.microsoft.ruby.Main,RESUME_ACTIVITY]
03-14 04:40:59.403 6630 6630 I wm_on_top_resumed_gained_called: [155301170,com.microsoft.ruby.Main,topStateChangedWhenResumed]
03-14 04:40:59.409 954 1047 I input_focus: [Focus request 504cb18 com.microsoft.emmx/com.microsoft.ruby.Main,reason=UpdateInputWindows]
03-14 04:40:59.411 954 1064 I am_pss : [13864,10101,com.tencent.mtt,79929344,30273536,0,211468288,0,10,8]
03-14 04:40:59.414 954 12775 I am_uid_running: 90000
03-14 04:40:59.439 2598 2598 I view_enqueue_input_event: [Key - Cancel,com.android.launcher3/com.android.launcher3.uioverrides.QuickstepLauncher]
03-14 04:40:59.439 954 1638 I input_focus: [Focus leaving fca4b77 com.android.launcher3/com.android.launcher3.uioverrides.QuickstepLauncher (server),reason=Waiting for window because NOT_VISIBLE]
03-14 04:40:59.503 954 1067 I am_proc_start: [0,14359,90000,com.microsoft.emmx:sandboxed_process0:org.chromium.content.app.SandboxedProcessService0:32,,{com.microsoft.emmx/org.chromium.content.app.SandboxedProcessService0:32}]
01-01 08:55:52.733 0 0 I binder : 14359:14359 ioctl 40046210 7ffedd5054 returned -22
03-14 04:40:59.510 954 2215 I am_proc_bound: [0,14359,com.microsoft.emmx:sandboxed_process0:org.chromium.content.app.SandboxedProcessService0:32]
03-14 04:40:59.511 954 2215 I am_uid_active: 90000
03-14 04:40:59.553 954 5436 I am_uid_running: 90001
03-14 04:40:59.561 954 1067 I am_proc_start: [0,14384,90001,com.microsoft.emmx:sandboxed_process0:org.chromium.content.app.SandboxedProcessService0:33,,{com.microsoft.emmx/org.chromium.content.app.SandboxedProcessService0:33}]
03-14 04:40:59.563 954 1064 I am_pss : [13991,10101,com.tencent.mtt:service,65006592,15986688,0,190107648,0,10,9]
01-01 08:55:52.804 0 0 I binder : 14384:14384 ioctl 40046210 7ffedd5054 returned -22
03-14 04:40:59.581 954 5436 I am_proc_bound: [0,14384,com.microsoft.emmx:sandboxed_process0:org.chromium.content.app.SandboxedProcessService0:33]
03-14 04:40:59.582 954 5436 I am_uid_active: 90001
03-14 04:40:59.597 954 1043 I sysui_multi_action: [319,255,322,253,325,3030,757,761,758,8,759,2,806,com.microsoft.emmx,871,com.microsoft.ruby.Main,904,com.android.launcher3,905,0,1320,4,1321,2]
03-14 04:40:59.598 954 1043 I wm_activity_launch_time: [0,155301170,com.microsoft.emmx/com.microsoft.ruby.Main,253]
03-14 04:40:59.608 954 1638 I input_focus: [Focus entering 504cb18 com.microsoft.emmx/com.microsoft.ruby.Main (server),reason=Window became focusable. Previous reason: NOT_VISIBLE]
03-14 04:41:00.499 0 0 I auditd : type=1400 audit(0.0:9022): avc: denied { kill } for comm="swapper/6" capability=5 scontext=u:r:kernel:s0 tcontext=u:r:kernel:s0 tclass=capability permissive=1
01-01 08:55:53.798 0 0 E DTC_ETH,link_delay_work_func: 3003, SQI=0, link=0
03-14 04:41:01.343 979 979 I auditd : type=1400 audit(0.0:9023): avc: denied { add_name } for comm="perf@2.2-servic" name="force_rail_on" scontext=u:r:vendor_hal_perf_default:s0 tcontext=u:object_r:vendor_sysfs_kgsl:s0 tclass=dir permissive=1
03-14 04:41:01.343 979 979 I auditd : type=1400 audit(0.0:9024): avc: denied { create } for comm="perf@2.2-servic" name="force_rail_on" scontext=u:r:vendor_hal_perf_default:s0 tcontext=u:object_r:vendor_sysfs_kgsl:s0 tclass=file permissive=1
03-14 04:41:01.343 979 979 I auditd : type=1400 audit(0.0:9025): avc: denied { add_name } for comm="perf@2.2-servic" name="min_freq" scontext=u:r:vendor_hal_perf_default:s0 tcontext=u:object_r:vendor_sysfs_devfreq:s0 tclass=dir permissive=1
03-14 04:41:01.343 979 979 I auditd : type=1400 audit(0.0:9026): avc: denied { create } for comm="perf@2.2-servic" name="min_freq" scontext=u:r:vendor_hal_perf_default:s0 tcontext=u:object_r:vendor_sysfs_devfreq:s0 tclass=file permissive=1
03-14 04:41:01.343 979 979 I auditd : type=1400 audit(0.0:9027): avc: denied { add_name } for comm="perf@2.2-servic" name="clkscale_enable" scontext=u:r:vendor_hal_perf_default:s0 tcontext=u:object_r:sysfs:s0 tclass=dir permissive=1
03-14 04:41:01.343 979 979 I auditd : type=1400 audit(0.0:9028): avc: denied { create } for comm="perf@2.2-servic" name="clkscale_enable" scontext=u:r:vendor_hal_perf_default:s0 tcontext=u:object_r:sysfs:s0 tclass=file permissive=1
03-14 04:41:01.343 979 979 I auditd : type=1400 audit(0.0:9029): avc: denied { add_name } for comm="perf@2.2-servic" name="cpu_min_freq" scontext=u:r:vendor_hal_perf_default:s0 tcontext=u:object_r:vendor_sysfs_msm_perf:s0 tclass=dir permissive=1
03-14 04:41:01.343 979 979 I auditd : type=1400 audit(0.0:9030): avc: denied { create } for comm="perf@2.2-servic" name="cpu_min_freq" scontext=u:r:vendor_hal_perf_default:s0 tcontext=u:object_r:vendor_sysfs_msm_perf:s0 tclass=file permissive=1
03-14 04:41:01.348 954 1612 I am_freeze: [5012,com.android.music]
01-01 08:55:54.571 0 0 I binder : 954:1612 ioctl 400c620e 7af8e5c5d8 returned -22
01-01 08:55:54.574 0 0 I binder : 954:1612 ioctl c00c620f 7af8e5c5b8 returned -22
03-14 04:41:01.351 954 1612 I am_kill : [0,5012,com.android.music,925,Unable to freeze binder interface]
03-14 04:41:01.392 954 5679 I am_proc_died: [0,5012,com.android.music,925,10]
03-14 04:41:01.393 954 5679 I am_schedule_service_restart: [0,com.android.music/.MediaPlaybackService,1000]
03-14 04:41:01.393 954 5679 I am_uid_stopped: 10086
03-14 04:41:01.396 954 954 I sysui_multi_action: [757,128,758,5,759,8,793,547586,794,0,795,547586,796,1,806,com.android.music,857,Channel-music,858,2,947,0,1500,547385,1641,transport,1688,1,1745,1043716538]
03-14 04:41:01.396 954 954 I notification_canceled: [0|com.android.music|1|null|10086,8,547586,547586,0,-1,-1,NULL]
03-14 04:41:01.421 954 954 I notification_enqueue: [10078,2007,com.android.systemui,1,empty_media,0,Notification(channel=empty_media_style_id shortcut=null contentView=null vibrate=null sound=null defaults=0x0 flags=0x20 color=0x00000000 category=transport groupKey=empty_media actions=4 vis=PRIVATE),0]
03-14 04:41:01.622 954 954 I sysui_multi_action: [757,1501,758,1,793,202,794,0,795,202,796,1,797,empty_media,806,com.android.systemui,857,empty_media_style_id,858,4,946,empty_media,947,0,1500,0,1641,transport,1688,1,1745,1043716538]
03-14 04:41:01.622 954 954 I sysui_multi_action: [757,804,799,note_interruptive,801,0,802,1]
03-14 04:41:02.394 954 1066 I am_uid_running: 10086
03-14 04:41:02.410 954 1067 I am_proc_start: [0,14427,10086,com.android.music,service,{com.android.music/com.android.music.MediaPlaybackService}]
01-01 08:55:55.651 0 0 I binder : 14427:14427 ioctl 40046210 7ffedd5de4 returned -22
03-14 04:41:02.431 954 2118 I am_proc_bound: [0,14427,com.android.music]
03-14 04:41:02.499 0 0 I auditd : type=1400 audit(0.0:9031): avc: denied { kill } for comm="swapper/1" capability=5 scontext=u:r:kernel:s0 tcontext=u:r:kernel:s0 tclass=capability permissive=1
03-14 04:41:02.555 954 1066 I am_uid_running: 10032
03-14 04:41:02.567 954 1067 I am_proc_start: [0,14452,10032,com.android.musicfx,broadcast,{com.android.musicfx/com.android.musicfx.ControlPanelReceiver}]
01-01 08:55:55.805 0 0 I binder : 14452:14452 ioctl 40046210 7ffedd5de4 returned -22
03-14 04:41:02.582 954 2118 I am_proc_bound: [0,14452,com.android.musicfx]
03-14 04:41:02.672 954 954 I notification_enqueue: [10086,14427,com.android.music,1,NULL,0,Notification(channel=Channel-music shortcut=null contentView=null vibrate=null sound=null defaults=0x0 flags=0x0 color=0x00000000 category=transport actions=4 vis=PRIVATE),0]
03-14 04:41:02.675 954 2118 I am_uid_active: 10086
03-14 04:41:02.680 954 954 I notification_enqueue: [10086,14427,com.android.music,1,NULL,0,Notification(channel=Channel-music shortcut=null contentView=null vibrate=null sound=null defaults=0x0 flags=0x40 color=0x00000000 category=transport actions=4 vis=PRIVATE),0]
03-14 04:41:02.688 954 1064 I sysui_multi_action: [757,1717,758,1,759,0]
03-14 04:41:02.688 954 1064 I sysui_multi_action: [757,1717,758,2,759,0]
03-14 04:41:02.688 954 1064 I sysui_multi_action: [757,1717,758,3,759,0]
03-14 04:41:02.698 954 954 I notification_enqueue: [10086,14427,com.android.music,1,NULL,0,Notification(channel=Channel-music shortcut=null contentView=null vibrate=null sound=null defaults=0x0 flags=0x40 color=0x00000000 category=transport actions=4 vis=PRIVATE),0]
03-14 04:41:02.699 954 954 I notification_enqueue: [10086,14427,com.android.music,1,NULL,0,Notification(channel=Channel-music shortcut=null contentView=null vibrate=null sound=null defaults=0x0 flags=0x40 color=0x00000000 category=transport actions=4 vis=PRIVATE),0]
03-14 04:41:02.875 954 954 I sysui_multi_action: [757,1501,758,1,793,203,794,0,795,203,796,1,806,com.android.music,857,Channel-music,858,2,947,0,1500,0,1641,transport,1688,1,1745,1043716538]
03-14 04:41:02.875 954 954 I sysui_multi_action: [757,804,799,note_interruptive,801,0,802,1]
03-14 04:41:02.936 954 954 I sysui_multi_action: [757,128,758,5,759,8,793,1516,794,0,795,1516,796,1,797,empty_media,806,com.android.systemui,857,empty_media_style_id,858,4,946,empty_media,947,0,1500,1314,1641,transport,1688,1,1745,1043716538]
03-14 04:41:02.937 954 954 I notification_canceled: [0|com.android.systemui|1|empty_media|10078,8,1516,1516,0,-1,-1,NULL]
03-14 04:41:03.657 954 1638 I input_interaction: Interaction with: 504cb18 com.microsoft.emmx/com.microsoft.ruby.Main (server), edge-swipe (server), swipe-up (server), PointerEventDispatcher0 (server),
03-14 04:41:05.499 0 0 I auditd : type=1400 audit(0.0:9032): avc: denied { kill } for comm="swapper/3" capability=5 scontext=u:r:kernel:s0 tcontext=u:r:kernel:s0 tclass=capability permissive=1
01-01 08:55:58.918 0 0 E DTC_ETH,link_delay_work_func: 3003, SQI=0, link=0
01-01 08:55:59.374 0 0 E msm_pcm_playback_close: CMD_EOS failed, cmd_pending 0x8
01-01 08:55:59.388 0 0 I afe_close: port_id = 0x9000
03-14 04:41:06.175 979 979 I auditd : type=1400 audit(0.0:9033): avc: denied { add_name } for comm="perf@2.2-servic" name="cpu_min_freq" scontext=u:r:vendor_hal_perf_default:s0 tcontext=u:object_r:vendor_sysfs_msm_perf:s0 tclass=dir permissive=1
03-14 04:41:06.175 979 979 I auditd : type=1400 audit(0.0:9034): avc: denied { create } for comm="perf@2.2-servic" name="cpu_min_freq" scontext=u:r:vendor_hal_perf_default:s0 tcontext=u:object_r:vendor_sysfs_msm_perf:s0 tclass=file permissive=1
01-01 08:55:59.412 0 0 I afe_find_cal_topo_id_by_port: port id: 0x9000, dev_acdb_id: 0
01-01 08:55:59.412 0 0 I afe_find_cal_topo_id_by_port: top_id:112fc acdb_id:15 afe_port:0x9000
01-01 08:55:59.412 0 0 I afe_get_cal_topology_id: port_id = 0x9000 acdb_id = 15 topology_id = 0x112fc cal_type_index=8 ret=0
01-01 08:55:59.412 0 0 I afe_send_port_topology_id: AFE set topology id 0x112fc enable for port 0x9000 ret 0
