01-01 08:55:59.412 0 0 I send_afe_cal_type: cal_index is 0
01-01 08:55:59.412 0 0 I send_afe_cal_type: dev_acdb_id[55] is 0
01-01 08:55:59.412 0 0 I send_afe_cal_type: Sending cal_index cal 0
01-01 08:55:59.412 0 0 E send_afe_cal_type: No cal sent for cal_index 0, port_id = 0x9000! ret -22
01-01 08:55:59.420 0 0 I afe_send_hw_delay: port_id 0x9000 rate 48000 delay_usec 474 status 0
01-01 08:55:59.944 0 0 I msm_vidc: err : ffffffff: .....: DBLP Set: status 0
03-14 04:41:09.499 3430 3430 I auditd : type=1400 audit(0.0:9035): avc: denied { kill } for comm="dp_rx_thread_0" capability=5 scontext=u:r:kernel:s0 tcontext=u:r:kernel:s0 tclass=capability permissive=1
01-01 08:56:04.038 0 0 E DTC_ETH,link_delay_work_func: 3003, SQI=0, link=0
03-14 04:41:11.353 954 2041 I ntp_failure: [time.android.com/2001:4860:4806:4::,java.net.SocketTimeoutException: Poll timed out]
03-14 04:41:12.992 6630 6630 I view_enqueue_input_event: [Motion - Cancel,com.microsoft.emmx/com.microsoft.ruby.Main]
03-14 04:41:13.000 954 1638 I input_interaction: Interaction with: WindowManager (server), edge-swipe (server), swipe-up (server), PointerEventDispatcher0 (server),
03-14 04:41:14.095 954 1638 I input_interaction: Interaction with: 504cb18 com.microsoft.emmx/com.microsoft.ruby.Main (server), edge-swipe (server), swipe-up (server), PointerEventDispatcher0 (server),
03-14 04:41:14.145 6630 6630 I view_enqueue_input_event: [Motion - Cancel,com.microsoft.emmx/com.microsoft.ruby.Main]
03-14 04:41:14.147 954 1638 I input_interaction: Interaction with: WindowManager (server), edge-swipe (server), swipe-up (server), PointerEventDispatcher0 (server),
03-14 04:41:15.652 954 1685 I netstats_mobile_sample: [0,0,0,0,0,0,0,0,0,0,0,0,1678740075652]
03-14 04:41:15.652 954 1685 I netstats_wifi_sample: [10262442,16403,3503070,18668,10262442,16403,3503070,18668,8763335,18184,2531920,14854,1678740075652]
03-14 04:41:15.651 674 674 I auditd : type=1400 audit(0.0:9036): avc: denied { add_name } for comm="Binder:674_1" name="globalAlert" scontext=u:r:netd:s0 tcontext=u:object_r:proc_net:s0 tclass=dir permissive=1
03-14 04:41:15.651 674 674 I auditd : type=1400 audit(0.0:9037): avc: denied { create } for comm="Binder:674_1" name="globalAlert" scontext=u:r:netd:s0 tcontext=u:object_r:proc_net:s0 tclass=file permissive=1
03-14 04:41:15.829 954 1638 I input_interaction: Interaction with: 504cb18 com.microsoft.emmx/com.microsoft.ruby.Main (server), edge-swipe (server), swipe-up (server), PointerEventDispatcher0 (server),
03-14 04:41:15.827 979 979 I auditd : type=1400 audit(0.0:9038): avc: denied { add_name } for comm="perf@2.2-servic" name="min_freq" scontext=u:r:vendor_hal_perf_default:s0 tcontext=u:object_r:vendor_sysfs_devfreq:s0 tclass=dir permissive=1
03-14 04:41:15.827 979 979 I auditd : type=1400 audit(0.0:9039): avc: denied { create } for comm="perf@2.2-servic" name="min_freq" scontext=u:r:vendor_hal_perf_default:s0 tcontext=u:object_r:vendor_sysfs_devfreq:s0 tclass=file permissive=1
01-01 08:56:09.158 0 0 E DTC_ETH,link_delay_work_func: 3003, SQI=0, link=0
03-14 04:41:16.050 6630 6630 I view_enqueue_input_event: [Motion - Cancel,com.microsoft.emmx/com.microsoft.ruby.Main]
03-14 04:41:16.060 954 1638 I input_interaction: Interaction with: WindowManager (server), edge-swipe (server), swipe-up (server), PointerEventDispatcher0 (server),
03-14 04:41:16.361 954 2041 I ntp_failure: [time.android.com/2001:4860:4806:8::,java.net.SocketTimeoutException: Poll timed out]
01-01 08:56:09.870 0 0 E msm_pcm_playback_close: CMD_EOS failed, cmd_pending 0x8
01-01 08:56:09.882 0 0 I afe_close: port_id = 0x9000
01-01 08:56:09.903 0 0 I afe_find_cal_topo_id_by_port: port id: 0x9000, dev_acdb_id: 0
01-01 08:56:09.903 0 0 I afe_find_cal_topo_id_by_port: top_id:112fc acdb_id:15 afe_port:0x9000
01-01 08:56:09.903 0 0 I afe_get_cal_topology_id: port_id = 0x9000 acdb_id = 15 topology_id = 0x112fc cal_type_index=8 ret=0
01-01 08:56:09.904 0 0 I afe_send_port_topology_id: AFE set topology id 0x112fc enable for port 0x9000 ret 0
01-01 08:56:09.904 0 0 I send_afe_cal_type: cal_index is 0
01-01 08:56:09.904 0 0 I send_afe_cal_type: dev_acdb_id[55] is 0
01-01 08:56:09.904 0 0 I send_afe_cal_type: Sending cal_index cal 0
01-01 08:56:09.904 0 0 E send_afe_cal_type: No cal sent for cal_index 0, port_id = 0x9000! ret -22
01-01 08:56:09.912 0 0 I afe_send_hw_delay: port_id 0x9000 rate 48000 delay_usec 474 status 0
03-14 04:41:17.430 954 1638 I input_interaction: Interaction with: 504cb18 com.microsoft.emmx/com.microsoft.ruby.Main (server), edge-swipe (server), swipe-up (server), PointerEventDispatcher0 (server),
03-14 04:41:17.536 6630 6630 I view_enqueue_input_event: [Motion - Cancel,com.microsoft.emmx/com.microsoft.ruby.Main]
03-14 04:41:17.537 954 1638 I input_interaction: Interaction with: WindowManager (server), edge-swipe (server), swipe-up (server), PointerEventDispatcher0 (server),
03-14 04:41:17.951 979 979 I auditd : type=1400 audit(0.0:9040): avc: denied { add_name } for comm="perf@2.2-servic" name="min_freq" scontext=u:r:vendor_hal_perf_default:s0 tcontext=u:object_r:vendor_sysfs_devfreq:s0 tclass=dir permissive=1
03-14 04:41:18.031 979 979 I auditd : type=1400 audit(0.0:9041): avc: denied { add_name } for comm="perf@2.2-servic" name="min_cpus" scontext=u:r:vendor_hal_perf_default:s0 tcontext=u:object_r:sysfs_devices_system_cpu:s0 tclass=dir permissive=1
03-14 04:41:18.031 979 979 I auditd : type=1400 audit(0.0:9042): avc: denied { create } for comm="perf@2.2-servic" name="min_cpus" scontext=u:r:vendor_hal_perf_default:s0 tcontext=u:object_r:sysfs_devices_system_cpu:s0 tclass=file permissive=1
03-14 04:41:18.031 979 979 I auditd : type=1400 audit(0.0:9043): avc: denied { add_name } for comm="perf@2.2-servic" name="cpu_min_freq" scontext=u:r:vendor_hal_perf_default:s0 tcontext=u:object_r:vendor_sysfs_msm_perf:s0 tclass=dir permissive=1
03-14 04:41:18.031 979 979 I auditd : type=1400 audit(0.0:9044): avc: denied { create } for comm="perf@2.2-servic" name="cpu_min_freq" scontext=u:r:vendor_hal_perf_default:s0 tcontext=u:object_r:vendor_sysfs_msm_perf:s0 tclass=file permissive=1
01-01 08:56:11.954 0 0 I [schedu][0xda44df168][04:41:18.728942] wlan: [3419:I:WMA] [04:41:18.664000] [ROAM_TRIGGER]: VDEV[0] Reason: "PER"
01-01 08:56:11.954 0 0 I [schedu][0xda44df35a][04:41:18.728967] wlan: [3419:I:WMA] [04:41:18.664000] [ROAM_SCAN]: VDEV[0] Scan_type: PARTIAL {2457 }
01-01 08:56:11.954 0 0 I [schedu][0xda44df3fa][04:41:18.728976] wlan: [3419:I:WMA] ============================================================================================================================
01-01 08:56:11.954 0 0 I [schedu][0xda44df4d2][04:41:18.728987] wlan: [3419:I:WMA] AP BSSID TSTAMP CH TY ETP RSSI/SCR CU%/SCR TOT_SCR BL_RSN BL_SRC BL_TSTAMP BL_TIMEOUT(ms)
01-01 08:56:11.954 0 0 I [schedu][0xda44df573][04:41:18.728995] wlan: [3419:I:WMA] ============================================================================================================================
01-01 08:56:11.954 0 0 I [schedu][0xda44df6a4][04:41:18.729011] wlan: [3419:I:WMA] d6:44:3b:15:39:91 [04:41:18.664000] 2457 P_AP 0 69/0 0/0 4936 0 0 [00:00:00.000000] 0
01-01 08:56:11.954 0 0 I [schedu][0xda44df789][04:41:18.729023] wlan: [3419:I:WMA] [04:41:18.721000] [ROAM_RESULT]: VDEV[0] FAILED Reason: NO AP FOUND
01-01 08:56:14.184 0 0 I msm_vidc: err : ffffffff: .....: DBLP Set: status 0
01-01 08:56:14.278 0 0 E DTC_ETH,link_delay_work_func: 3003, SQI=0, link=0
03-14 04:41:21.369 954 2041 I ntp_failure: [time.android.com/2001:4860:4806::,java.net.SocketTimeoutException: Poll timed out]
01-01 08:56:14.605 0 0 I [schedu][0xda756c92a][04:41:21.380565] wlan: [3419:I:WMA] [04:41:18.728000] [ROAM_TRIGGER]: VDEV[0] Reason: "PER" Sub-Reason: FULL SCAN
01-01 08:56:14.605 0 0 I [schedu][0xda756cbf1][04:41:21.380602] wlan: [3419:I:WMA] [04:41:18.728000] [ROAM_SCAN]: VDEV[0] Scan_type: FULL
01-01 08:56:14.605 0 0 I [schedu][0xda756cd1d][04:41:21.380618] wlan: [3419:I:WMA] ============================================================================================================================
01-01 08:56:14.606 0 0 I [schedu][0xda756cebe][04:41:21.380639] wlan: [3419:I:WMA] AP BSSID TSTAMP CH TY ETP RSSI/SCR CU%/SCR TOT_SCR BL_RSN BL_SRC BL_TSTAMP BL_TIMEOUT(ms)
01-01 08:56:14.606 0 0 I [schedu][0xda756cff6][04:41:21.380656] wlan: [3419:I:WMA] ============================================================================================================================
01-01 08:56:14.606 0 0 I [schedu][0xda756d212][04:41:21.380684] wlan: [3419:I:WMA] d6:44:3b:15:39:91 [04:41:18.728000] 2457 P_AP 0 69/0 0/0 4936 0 0 [00:00:00.000000] 0
01-01 08:56:14.606 0 0 I [schedu][0xda756d3c3][04:41:21.380706] wlan: [3419:I:WMA] [04:41:21.378000] [ROAM_RESULT]: VDEV[0] FAILED Reason: NO AP FOUND
01-01 08:56:16.964 0 0 I [schedu][0xdaa09e1e6][04:41:23.739508] wlan: [3419:I:WMA] [04:41:21.386000] [ROAM_TRIGGER]: VDEV[0] Reason: "PER" Sub-Reason: FULL SCAN
01-01 08:56:16.964 0 0 I [schedu][0xdaa09e464][04:41:23.739541] wlan: [3419:I:WMA] [04:41:21.386000] [ROAM_SCAN]: VDEV[0] Scan_type: FULL
01-01 08:56:16.964 0 0 I [schedu][0xdaa09e53e][04:41:23.739553] wlan: [3419:I:WMA] ============================================================================================================================
01-01 08:56:16.964 0 0 I [schedu][0xdaa09e658][04:41:23.739567] wlan: [3419:I:WMA] AP BSSID TSTAMP CH TY ETP RSSI/SCR CU%/SCR TOT_SCR BL_RSN BL_SRC BL_TSTAMP BL_TIMEOUT(ms)
01-01 08:56:16.964 0 0 I [schedu][0xdaa09e725][04:41:23.739578] wlan: [3419:I:WMA] ============================================================================================================================
01-01 08:56:16.964 0 0 I [schedu][0xdaa09e8a5][04:41:23.739598] wlan: [3419:I:WMA] d6:44:3b:15:39:91 [04:41:21.386000] 2457 P_AP 0 77/0 0/0 1557 0 0 [00:00:00.000000] 0
01-01 08:56:16.965 0 0 I [schedu][0xdaa09e9da][04:41:23.739614] wlan: [3419:I:WMA] [04:41:23.737000] [ROAM_RESULT]: VDEV[0] FAILED Reason: NO AP FOUND
01-01 08:56:18.472 0 0 I msm_vidc: err : ffffffff: .....: DBLP Set: status 0
01-01 08:56:19.398 0 0 E DTC_ETH,link_delay_work_func: 3003, SQI=0, link=0
03-14 04:41:26.378 954 2041 I ntp_failure: [time.android.com/2001:4860:4806:c::,java.net.SocketTimeoutException: Poll timed out]
01-01 08:56:19.692 0 0 I logd : logdr: UID=1000 GID=1000 PID=14975 n tail=127 logMask=19 pid=0 start=0ns deadline=0ns
01-01 08:56:19.804 0 0 I logd : logdr: UID=1000 GID=1000 PID=14978 n tail=127 logMask=80 pid=0 start=0ns deadline=0ns
01-01 08:56:20.366 0 0 E msm_pcm_playback_close: CMD_EOS failed, cmd_pending 0x8
01-01 08:56:20.379 0 0 I afe_close: port_id = 0x9000
01-01 08:56:20.401 0 0 I afe_find_cal_topo_id_by_port: port id: 0x9000, dev_acdb_id: 0
01-01 08:56:20.401 0 0 I afe_find_cal_topo_id_by_port: top_id:112fc acdb_id:15 afe_port:0x9000
01-01 08:56:20.401 0 0 I afe_get_cal_topology_id: port_id = 0x9000 acdb_id = 15 topology_id = 0x112fc cal_type_index=8 ret=0
01-01 08:56:20.401 0 0 I afe_send_port_topology_id: AFE set topology id 0x112fc enable for port 0x9000 ret 0
01-01 08:56:20.402 0 0 I send_afe_cal_type: cal_index is 0
01-01 08:56:20.402 0 0 I send_afe_cal_type: dev_acdb_id[55] is 0
01-01 08:56:20.402 0 0 I send_afe_cal_type: Sending cal_index cal 0
01-01 08:56:20.402 0 0 E send_afe_cal_type: No cal sent for cal_index 0, port_id = 0x9000! ret -22
01-01 08:56:20.410 0 0 I afe_send_hw_delay: port_id 0x9000 rate 48000 delay_usec 474 status 0
03-14 04:41:28.206 954 1064 I am_pss : [13864,10101,com.tencent.mtt,79836160,30248960,0,211431424,0,10,18]
03-14 04:41:28.563 954 1066 I am_uid_idle: 10050
03-14 04:41:29.225 954 1638 I input_interaction: Interaction with: 504cb18 com.microsoft.emmx/com.microsoft.ruby.Main (server), edge-swipe (server), swipe-up (server), PointerEventDispatcher0 (server),
03-14 04:41:29.410 6630 6630 I view_enqueue_input_event: [Motion - Cancel,com.microsoft.emmx/com.microsoft.ruby.Main]
03-14 04:41:29.418 954 1638 I input_interaction: Interaction with: WindowManager (server), edge-swipe (server), swipe-up (server), PointerEventDispatcher0 (server),
01-01 08:56:24.518 0 0 E DTC_ETH,link_delay_work_func: 3003, SQI=0, link=0
03-14 04:41:31.385 954 2041 I ntp_failure: [time.android.com/216.239.35.0,java.net.SocketTimeoutException: Poll timed out]
03-14 04:41:31.499 0 0 I auditd : type=1400 audit(0.0:9045): avc: denied { kill } for comm="swapper/3" capability=5 scontext=u:r:kernel:s0 tcontext=u:r:kernel:s0 tclass=capability permissive=1
03-14 04:41:32.005 954 1638 I input_interaction: Interaction with: 504cb18 com.microsoft.emmx/com.microsoft.ruby.Main (server), edge-swipe (server), swipe-up (server), PointerEventDispatcher0 (server),
03-14 04:41:32.206 6630 6630 I view_enqueue_input_event: [Motion - Cancel,com.microsoft.emmx/com.microsoft.ruby.Main]
03-14 04:41:32.207 954 1638 I input_interaction: Interaction with: WindowManager (server), edge-swipe (server), swipe-up (server), PointerEventDispatcher0 (server),
01-01 08:56:25.492 0 0 I logd : logdr: UID=1000 GID=1000 PID=15904 n tail=127 logMask=19 pid=0 start=0ns deadline=0ns
01-01 08:56:25.602 0 0 I logd : logdr: UID=1000 GID=1000 PID=15906 n tail=127 logMask=80 pid=0 start=0ns deadline=0ns
03-14 04:41:34.291 954 1066 I am_uid_idle: 10062
03-14 04:41:34.294 954 1638 I input_interaction: Interaction with: 504cb18 com.microsoft.emmx/com.microsoft.ruby.Main (server), edge-swipe (server), swipe-up (server), PointerEventDispatcher0 (server),
03-14 04:41:34.360 6630 6630 I view_enqueue_input_event: [Motion - Cancel,com.microsoft.emmx/com.microsoft.ruby.Main]
03-14 04:41:34.373 954 1638 I input_interaction: Interaction with: WindowManager (server), edge-swipe (server), swipe-up (server), PointerEventDispatcher0 (server),
03-14 04:41:36.393 954 2041 I ntp_failure: [time.android.com/216.239.35.4,java.net.SocketTimeoutException: Poll timed out]
01-01 08:56:29.638 0 0 E DTC_ETH,link_delay_work_func: 3003, SQI=0, link=0
03-14 04:41:36.536 954 1638 I input_interaction: Interaction with: 504cb18 com.microsoft.emmx/com.microsoft.ruby.Main (server), edge-swipe (server), swipe-up (server), PointerEventDispatcher0 (server),
03-14 04:41:36.816 6630 6630 I view_enqueue_input_event: [Motion - Cancel,com.microsoft.emmx/com.microsoft.ruby.Main]
03-14 04:41:36.821 954 1638 I input_interaction: Interaction with: WindowManager (server), edge-swipe (server), swipe-up (server), PointerEventDispatcher0 (server),
01-01 08:56:30.520 0 0 I logd : logdr: UID=1000 GID=1000 PID=16251 n tail=127 logMask=19 pid=0 start=0ns deadline=0ns
01-01 08:56:30.626 0 0 I logd : logdr: UID=1000 GID=1000 PID=16257 n tail=127 logMask=80 pid=0 start=0ns deadline=0ns
03-14 04:41:37.555 954 1638 I input_interaction: Interaction with: 504cb18 com.microsoft.emmx/com.microsoft.ruby.Main (server), edge-swipe (server), swipe-up (server), PointerEventDispatcher0 (server),
01-01 08:56:30.862 0 0 E msm_pcm_playback_close: CMD_EOS failed, cmd_pending 0x8
01-01 08:56:30.874 0 0 I afe_close: port_id = 0x9000
01-01 08:56:30.894 0 0 I afe_find_cal_topo_id_by_port: port id: 0x9000, dev_acdb_id: 0
01-01 08:56:30.894 0 0 I afe_find_cal_topo_id_by_port: top_id:112fc acdb_id:15 afe_port:0x9000
01-01 08:56:30.894 0 0 I afe_get_cal_topology_id: port_id = 0x9000 acdb_id = 15 topology_id = 0x112fc cal_type_index=8 ret=0
01-01 08:56:30.894 0 0 I afe_send_port_topology_id: AFE set topology id 0x112fc enable for port 0x9000 ret 0
01-01 08:56:30.894 0 0 I send_afe_cal_type: cal_index is 0
01-01 08:56:30.894 0 0 I send_afe_cal_type: dev_acdb_id[55] is 0
01-01 08:56:30.894 0 0 I send_afe_cal_type: Sending cal_index cal 0
01-01 08:56:30.894 0 0 E send_afe_cal_type: No cal sent for cal_index 0, port_id = 0x9000! ret -22
01-01 08:56:30.902 0 0 I afe_send_hw_delay: port_id 0x9000 rate 48000 delay_usec 474 status 0
03-14 04:41:37.818 6630 6630 I view_enqueue_input_event: [Motion - Cancel,com.microsoft.emmx/com.microsoft.ruby.Main]
03-14 04:41:37.841 954 1638 I input_interaction: Interaction with: WindowManager (server), edge-swipe (server), swipe-up (server), PointerEventDispatcher0 (server),
01-01 08:56:34.152 0 0 I msm_vidc: err : ffffffff: .....: DBLP Set: status 0
03-14 04:41:41.401 954 2041 I ntp_failure: [time.android.com/216.239.35.12,java.net.SocketTimeoutException: Poll timed out]
01-01 08:56:34.758 0 0 E DTC_ETH,link_delay_work_func: 3003, SQI=0, link=0
03-14 04:41:41.971 954 1638 I input_interaction: Interaction with: 504cb18 com.microsoft.emmx/com.microsoft.ruby.Main (server), edge-swipe (server), swipe-up (server), PointerEventDispatcher0 (server),
03-14 04:41:41.974 954 954 I service_manager_stats: [100,54,55215]
03-14 04:41:42.046 6630 6630 I view_enqueue_input_event: [Motion - Cancel,com.microsoft.emmx/com.microsoft.ruby.Main]
03-14 04:41:42.050 954 1638 I input_interaction: Interaction with: WindowManager (server), edge-swipe (server), swipe-up (server), PointerEventDispatcher0 (server),
01-01 08:56:35.544 0 0 I logd : logdr: UID=1000 GID=1000 PID=16316 n tail=127 logMask=19 pid=0 start=0ns deadline=0ns
01-01 08:56:35.650 0 0 I logd : logdr: UID=1000 GID=1000 PID=16318 n tail=127 logMask=80 pid=0 start=0ns deadline=0ns
03-14 04:41:43.085 954 1638 I input_interaction: Interaction with: 504cb18 com.microsoft.emmx/com.microsoft.ruby.Main (server), edge-swipe (server), swipe-up (server), PointerEventDispatcher0 (server),
03-14 04:41:43.148 6630 6630 I view_enqueue_input_event: [Motion - Cancel,com.microsoft.emmx/com.microsoft.ruby.Main]
03-14 04:41:43.152 954 1638 I input_interaction: Interaction with: WindowManager (server), edge-swipe (server), swipe-up (server), PointerEventDispatcher0 (server),
03-14 04:41:43.429 6630 6630 I service_manager_stats: [200,33,217116]
03-14 04:41:43.762 954 1638 I input_interaction: Interaction with: 504cb18 com.microsoft.emmx/com.microsoft.ruby.Main (server), edge-swipe (server), swipe-up (server), PointerEventDispatcher0 (server),
03-14 04:41:43.801 6630 6630 I view_enqueue_input_event: [Motion - Cancel,com.microsoft.emmx/com.microsoft.ruby.Main]
03-14 04:41:43.811 954 1638 I input_interaction: Interaction with: WindowManager (server), edge-swipe (server), swipe-up (server), PointerEventDispatcher0 (server),
03-14 04:41:44.254 954 1638 I input_interaction: Interaction with: 504cb18 com.microsoft.emmx/com.microsoft.ruby.Main (server), edge-swipe (server), swipe-up (server), PointerEventDispatcher0 (server),
03-14 04:41:44.251 979 979 I auditd : type=1400 audit(0.0:9046): avc: denied { add_name } for comm="perf@2.2-servic" name="min_cpus" scontext=u:r:vendor_hal_perf_default:s0 tcontext=u:object_r:sysfs_devices_system_cpu:s0 tclass=dir permissive=1
03-14 04:41:44.300 6630 6630 I view_enqueue_input_event: [Motion - Cancel,com.microsoft.emmx/com.microsoft.ruby.Main]
03-14 04:41:44.305 954 1638 I input_interaction: Interaction with: WindowManager (server), edge-swipe (server), swipe-up (server), PointerEventDispatcher0 (server),
01-01 08:56:38.160 0 0 E [wifi@1][0xdc24b6e86][04:41:44.934770] wlan: [925:E:QDF] cds_flush_logs: 2424: Bug report already in progress - dropping! type:0, indicator=1 reason_code=0
01-01 08:56:38.175 0 0 E [wifi@1][0xdc24ffd5a][04:41:44.950327] wlan: [925:E:HDD] __wlan_hdd_cfg80211_wifi_logger_get_ring_data: 9840: Failed to trigger bug report
01-01 08:56:38.198 0 0 I logd : logdr: UID=1000 GID=1000 PID=16489 n tail=127 logMask=19 pid=0 start=0ns deadline=0ns
01-01 08:56:38.306 0 0 I logd : logdr: UID=1000 GID=1000 PID=16503 n tail=127 logMask=80 pid=0 start=0ns deadline=0ns
03-14 04:41:46.407 954 2041 I ntp_failure: [time.android.com/216.239.35.8,java.net.SocketTimeoutException: Poll timed out]
01-01 08:56:39.878 0 0 E DTC_ETH,link_delay_work_func: 3003, SQI=0, link=0
01-01 08:56:39.889 0 0 I [schedu][0xdc4460536][04:41:46.663926] wlan: [3419:I:WMA] [04:41:45.699000] [ROAM_TRIGGER]: VDEV[0] Reason: "HIGH RSSI"
01-01 08:56:39.889 0 0 I [schedu][0xdc4460847][04:41:46.663967] wlan: [3419:I:WMA] [04:41:45.699000] [ROAM_SCAN]: VDEV[0] Scan_type: PARTIAL {5180 5200 5220 5240 5260 5280 5300 5320 5745 5765 5785 5805 5825 }
01-01 08:56:39.889 0 0 I [schedu][0xdc4460991][04:41:46.663984] wlan: [3419:I:WMA] ============================================================================================================================
01-01 08:56:39.889 0 0 I [schedu][0xdc4461079][04:41:46.664076] wlan: [3419:I:WMA] AP BSSID TSTAMP CH TY ETP RSSI/SCR CU%/SCR TOT_SCR BL_RSN BL_SRC BL_TSTAMP BL_TIMEOUT(ms)
01-01 08:56:39.889 0 0 I [schedu][0xdc44611b9][04:41:46.664092] wlan: [3419:I:WMA] ============================================================================================================================
01-01 08:56:39.889 0 0 I [schedu][0xdc44613eb][04:41:46.664122] wlan: [3419:I:WMA] d6:44:3b:15:39:91 [04:41:45.699000] 2457 P_AP 0 64/0 0/0 5036 0 0 [00:00:00.000000] 0
01-01 08:56:39.889 0 0 I [schedu][0xdc44615bf][04:41:46.664146] wlan: [3419:I:WMA] [04:41:46.661000] [ROAM_RESULT]: VDEV[0] FAILED Reason: NO AP FOUND
01-01 08:56:40.567 0 0 I logd : logdr: UID=1000 GID=1000 PID=16517 n tail=127 logMask=19 pid=0 start=0ns deadline=0ns
01-01 08:56:40.680 0 0 I logd : logdr: UID=1000 GID=1000 PID=16519 n tail=127 logMask=80 pid=0 start=0ns deadline=0ns
01-01 08:56:40.916 0 0 E [wifi@1][0xdc573017d][04:41:47.691289] wlan: [925:E:QDF] cds_flush_logs: 2424: Bug report already in progress - dropping! type:0, indicator=1 reason_code=0
01-01 08:56:40.932 0 0 E [wifi@1][0xdc577b002][04:41:47.707270] wlan: [925:E:HDD] __wlan_hdd_cfg80211_wifi_logger_get_ring_data: 9840: Failed to trigger bug report
01-01 08:56:40.966 0 0 I logd : logdr: UID=1000 GID=1000 PID=16521 n tail=127 logMask=19 pid=0 start=0ns deadline=0ns
01-01 08:56:41.085 0 0 I logd : logdr: UID=1000 GID=1000 PID=16523 n tail=127 logMask=80 pid=0 start=0ns deadline=0ns
01-01 08:56:41.358 0 0 E msm_pcm_playback_close: CMD_EOS failed, cmd_pending 0x8
01-01 08:56:41.371 0 0 I afe_close: port_id = 0x9000
01-01 08:56:41.393 0 0 I afe_find_cal_topo_id_by_port: port id: 0x9000, dev_acdb_id: 0
01-01 08:56:41.393 0 0 I afe_find_cal_topo_id_by_port: top_id:112fc acdb_id:15 afe_port:0x9000
01-01 08:56:41.393 0 0 I afe_get_cal_topology_id: port_id = 0x9000 acdb_id = 15 topology_id = 0x112fc cal_type_index=8 ret=0
01-01 08:56:41.393 0 0 I afe_send_port_topology_id: AFE set topology id 0x112fc enable for port 0x9000 ret 0
01-01 08:56:41.393 0 0 I send_afe_cal_type: cal_index is 0
01-01 08:56:41.393 0 0 I send_afe_cal_type: dev_acdb_id[55] is 0
01-01 08:56:41.393 0 0 I send_afe_cal_type: Sending cal_index cal 0
01-01 08:56:41.393 0 0 E send_afe_cal_type: No cal sent for cal_index 0, port_id = 0x9000! ret -22
01-01 08:56:41.402 0 0 I afe_send_hw_delay: port_id 0x9000 rate 48000 delay_usec 474 status 0
01-01 08:56:42.600 0 0 I msm_vidc: err : ffffffff: .....: DBLP Set: status 0
01-01 08:56:43.152 0 0 E [wifi@1][0xdc80222c1][04:41:49.927466] wlan: [925:E:QDF] cds_flush_logs: 2424: Bug report already in progress - dropping! type:0, indicator=1 reason_code=0
01-01 08:56:43.168 0 0 E [wifi@1][0xdc806c109][04:41:49.943230] wlan: [925:E:HDD] __wlan_hdd_cfg80211_wifi_logger_get_ring_data: 9840: Failed to trigger bug report
01-01 08:56:43.206 0 0 I logd : logdr: UID=1000 GID=1000 PID=16525 n tail=127 logMask=19 pid=0 start=0ns deadline=0ns
01-01 08:56:43.306 0 0 I logd : logdr: UID=1000 GID=1000 PID=16527 n tail=127 logMask=80 pid=0 start=0ns deadline=0ns
03-14 04:41:51.421 954 1066 I am_uid_idle: 10094
03-14 04:41:51.421 954 1066 I am_stop_idle_service: [10094,com.sohu.sohuvideo/.sohupush.service.SocketService]
03-14 04:41:51.421 954 1066 I am_stop_idle_service: [10094,com.sohu.sohuvideo/.control.push.GexinPushService]
03-14 04:41:51.470 954 1066 I am_uid_idle: 10101
03-14 04:41:51.470 954 1066 I am_stop_idle_service: [10101,com.tencent.mtt/.external.audio.service.LocalPlayerService]
03-14 04:41:51.470 954 1066 I am_stop_idle_service: [10101,com.tencent.mtt/.browser.push.service.PushRemoteService]
01-01 08:56:44.998 0 0 E DTC_ETH,link_delay_work_func: 3003, SQI=0, link=0
01-01 08:56:45.536 0 0 I logd : logdr: UID=1000 GID=1000 PID=16529 n tail=127 logMask=19 pid=0 start=0ns deadline=0ns
01-01 08:56:45.658 0 0 I logd : logdr: UID=1000 GID=1000 PID=16531 n tail=127 logMask=80 pid=0 start=0ns deadline=0ns
03-14 04:41:53.324 954 1638 I input_interaction: Interaction with: 504cb18 com.microsoft.emmx/com.microsoft.ruby.Main (server), edge-swipe (server), swipe-up (server), PointerEventDispatcher0 (server),
03-14 04:41:53.387 6630 6630 I view_enqueue_input_event: [Motion - Cancel,com.microsoft.emmx/com.microsoft.ruby.Main]
03-14 04:41:53.390 954 1638 I input_interaction: Interaction with: WindowManager (server), edge-swipe (server), swipe-up (server), PointerEventDispatcher0 (server),
03-14 04:41:54.452 954 1638 I input_interaction: Interaction with: 504cb18 com.microsoft.emmx/com.microsoft.ruby.Main (server), edge-swipe (server), swipe-up (server), PointerEventDispatcher0 (server),
03-14 04:41:54.451 979 979 I auditd : type=1400 audit(0.0:9047): avc: denied { create } for comm="perf@2.2-servic" name="min_cpus" scontext=u:r:vendor_hal_perf_default:s0 tcontext=u:object_r:sysfs_devices_system_cpu:s0 tclass=file permissive=1
03-14 04:41:54.508 6630 6630 I view_enqueue_input_event: [Motion - Cancel,com.microsoft.emmx/com.microsoft.ruby.Main]
03-14 04:41:54.517 954 1638 I input_interaction: Interaction with: WindowManager (server), edge-swipe (server), swipe-up (server), PointerEventDispatcher0 (server),
03-14 04:41:56.311 954 1638 I input_interaction: Interaction with: 504cb18 com.microsoft.emmx/com.microsoft.ruby.Main (server), edge-swipe (server), swipe-up (server), PointerEventDispatcher0 (server),
03-14 04:41:56.362 6630 6630 I view_enqueue_input_event: [Motion - Cancel,com.microsoft.emmx/com.microsoft.ruby.Main]
03-14 04:41:56.364 954 1638 I input_interaction: Interaction with: WindowManager (server), edge-swipe (server), swipe-up (server), PointerEventDispatcher0 (server),
01-01 08:56:50.118 0 0 E DTC_ETH,link_delay_work_func: 3003, SQI=0, link=0
03-14 04:41:57.563 954 1638 I input_interaction: Interaction with: 504cb18 com.microsoft.emmx/com.microsoft.ruby.Main (server), edge-swipe (server), swipe-up (server), PointerEventDispatcher0 (server),
03-14 04:41:57.668 6630 6630 I view_enqueue_input_event: [Motion - Cancel,com.microsoft.emmx/com.microsoft.ruby.Main]
03-14 04:41:57.669 954 1638 I input_interaction: Interaction with: WindowManager (server), edge-swipe (server), swipe-up (server), PointerEventDispatcher0 (server),
01-01 08:56:51.858 0 0 E msm_pcm_playback_close: CMD_EOS failed, cmd_pending 0x8
01-01 08:56:51.871 0 0 I afe_close: port_id = 0x9000
01-01 08:56:51.892 0 0 I afe_find_cal_topo_id_by_port: port id: 0x9000, dev_acdb_id: 0
01-01 08:56:51.892 0 0 I afe_find_cal_topo_id_by_port: top_id:112fc acdb_id:15 afe_port:0x9000
01-01 08:56:51.892 0 0 I afe_get_cal_topology_id: port_id = 0x9000 acdb_id = 15 topology_id = 0x112fc cal_type_index=8 ret=0
01-01 08:56:51.892 0 0 I afe_send_port_topology_id: AFE set topology id 0x112fc enable for port 0x9000 ret 0
01-01 08:56:51.892 0 0 I send_afe_cal_type: cal_index is 0
01-01 08:56:51.892 0 0 I send_afe_cal_type: dev_acdb_id[55] is 0
01-01 08:56:51.892 0 0 I send_afe_cal_type: Sending cal_index cal 0
01-01 08:56:51.892 0 0 E send_afe_cal_type: No cal sent for cal_index 0, port_id = 0x9000! ret -22
01-01 08:56:51.900 0 0 I afe_send_hw_delay: port_id 0x9000 rate 48000 delay_usec 474 status 0
03-14 04:41:58.786 954 1638 I input_interaction: Interaction with: 504cb18 com.microsoft.emmx/com.microsoft.ruby.Main (server), edge-swipe (server), swipe-up (server), PointerEventDispatcher0 (server),
03-14 04:41:58.837 6630 6630 I view_enqueue_input_event: [Motion - Cancel,com.microsoft.emmx/com.microsoft.ruby.Main]
03-14 04:41:58.841 954 1638 I input_interaction: Interaction with: WindowManager (server), edge-swipe (server), swipe-up (server), PointerEventDispatcher0 (server),
01-01 08:56:53.433 0 0 I [soft_i][0xdd3c6116e][04:42:00.208196] wlan: [0:I:QDF] ARP-RS TX: SA:b2:69:a0:5d:ba:36 DA:d6:44:3b:15:39:91 msdu_id:889 status: nack
01-01 08:56:53.446 0 0 W : ------------[ cut here ]------------
01-01 08:56:53.446 0 0 I NETDEV WATCHDOG: wlan0 (cnss_pci): transmit queue 2 timed out
01-01 08:56:53.446 0 0 W : WARNING: CPU: 7 PID: 0 at net/sched/sch_generic.c:466 dev_watchdog+0x29c/0x2b8
01-01 08:56:53.446 0 0 W : Modules linked in: wlan(O) tsnv(O) machine_dlkm(O) wcd938x_slave_dlkm(O) wcd938x_dlkm(O) wcd9xxx_dlkm(O) mbhc_dlkm(O) tx_macro_dlkm(O) rx_macro_dlkm(O) va_macro_dlkm(O) wsa_macro_dlkm(O) swr_ctrl_dlkm(O) bolero_cdc_dlkm(O) wsa881x_dlkm(O) wcd_core_dlkm(O) stub_dlkm(O) hdmi_dlkm(O) swr_dlkm(O) pinctrl_lpi_dlkm(O) pinctrl_wcd_dlkm(O) usf_dlkm(O) native_dlkm(O) platform_dlkm(O) q6_dlkm(O) adsp_loader_dlkm(O) apr_dlkm(O) snd_event_dlkm(O) q6_notifier_dlkm(O) q6_pdr_dlkm(O) msm_11ad_proxy
01-01 08:56:53.446 0 0 W : CPU: 7 PID: 0 Comm: swapper/7 Tainted: G S W O 4.19.157-perf+ #1
01-01 08:56:53.446 0 0 W Hardware name: Qualcomm Technologies, Inc. kona MTP-RmPM8150b. VX1(MCE) DVT2 (DT)
01-01 08:56:53.446 0 0 W pstate : 60400005 (nZCv daif +PAN -UAO)
01-01 08:56:53.446 0 0 W pc : dev_watchdog+0x29c/0x2b8
01-01 08:56:53.446 0 0 W lr : dev_watchdog+0x29c/0x2b8
01-01 08:56:53.446 0 0 W sp : ffffff800803bd50
01-01 08:56:53.446 0 0 W : x29: ffffff800803bd50 x28: dead000000000200
01-01 08:56:53.446 0 0 W : x27: ffffff800803be10 x26: ffffffc133ad4700
01-01 08:56:53.446 0 0 W : x25: 00000000ffffffff x24: 0000000000000007
01-01 08:56:53.446 0 0 W : x23: 0000000000000005 x22: ffffffa372206000
01-01 08:56:53.446 0 0 W : x21: ffffffa372206000 x20: ffffffc13131041c
01-01 08:56:53.446 0 0 W : x19: ffffffc131310000 x18: 0000000000000050
01-01 08:56:53.446 0 0 W : x17: ffffffa372420000 x16: 00000000fff10630
01-01 08:56:53.446 0 0 W : x15: 0000000000010630 x14: 00000000000000c6
01-01 08:56:53.446 0 0 W : x13: 0000000000000050 x12: 0000000000000000
01-01 08:56:53.446 0 0 W : x11: 0000000000000000 x10: ffffffffffffffff
01-01 08:56:53.446 0 0 W : x9 : 5b1f2eedc1037200 x8 : 5b1f2eedc1037200
01-01 08:56:53.446 0 0 W : x7 : 0000000000000000 x6 : ffffffc1b992fa1d
01-01 08:56:53.446 0 0 W : x5 : 0000000000000000 x4 : 0000000000000006
01-01 08:56:53.446 0 0 W : x3 : 0000000000000074 x2 : 0000000000000001
01-01 08:56:53.446 0 0 W : x1 : 0000000000000000 x0 : 000000000000003d
01-01 08:56:53.446 0 0 W Call trace:
01-01 08:56:53.446 0 0 W : dev_watchdog+0x29c/0x2b8
01-01 08:56:53.446 0 0 W : call_timer_fn+0xbc/0x1a8
01-01 08:56:53.446 0 0 W : run_timer_softirq+0x258/0xa30
01-01 08:56:53.446 0 0 W : __do_softirq+0x18c/0x374
01-01 08:56:53.446 0 0 W : irq_exit+0xb4/0xb8
01-01 08:56:53.446 0 0 W : __handle_domain_irq+0x84/0xc0
01-01 08:56:53.446 0 0 W : gic_handle_irq+0x14c/0x1c4
01-01 08:56:53.446 0 0 W : el1_irq+0xe8/0x190
01-01 08:56:53.446 0 0 W : lpm_cpuidle_enter+0x498/0x4d8
01-01 08:56:53.446 0 0 W : cpuidle_enter_state+0x1fc/0x398
01-01 08:56:53.446 0 0 W : cpuidle_enter+0x18/0x20
01-01 08:56:53.446 0 0 W : do_idle+0x1b4/0x290
01-01 08:56:53.446 0 0 W : cpu_startup_entry+0x20/0x28
01-01 08:56:53.446 0 0 W : secondary_start_kernel+0x144/0x150
01-01 08:56:53.446 0 0 W : ---[ end trace 7293baabe1d96137 ]---
01-01 08:56:53.446 0 0 E [soft_i][0xdd3c9ff76][04:42:00.221609] wlan: [0:E:DATA] __hdd_tx_timeout: Transmission timeout occurred jiffies 4295665024
01-01 08:56:53.459 0 0 E [soft_i][0xdd3cda720][04:42:00.234084] wlan: [0:E:DP] No of pool map received 1
01-01 08:56:53.468 0 0 E [soft_i][0xdd3d02a15][04:42:00.242657] wlan: [0:E:DP] No of pool unmap received 0
01-01 08:56:53.476 0 0 E [soft_i][0xdd3d2ba96][04:42:00.251411] wlan: [0:E:DP] Pkt dropped due to unavailablity of pool 0
01-01 08:56:53.486 0 0 E [soft_i][0xdd3d5af54][04:42:00.261500] wlan: [0:E:DP]
01-01 08:56:53.494 0 0 E [soft_i][0xdd3d7fcb9][04:42:00.269359] wlan: [0:E:DP] Flow_pool_id 0 :: status 2
01-01 08:56:53.503 0 0 E [soft_i][0xdd3da86d3][04:42:00.278027] wlan: [0:E:DP] Total 4096 :: Available 870
01-01 08:56:53.512 0 0 E [soft_i][0xdd3dd1807][04:42:00.286790] wlan: [0:E:DP] Level 0 :: Start threshold 1024 :: Stop threshold 614
01-01 08:56:53.523 0 0 E [soft_i][0xdd3e0563f][04:42:00.297859] wlan: [0:E:DP] Level 0 :: Maximun pause time 0 ms
01-01 08:56:53.532 0 0 E [soft_i][0xdd3e3155e][04:42:00.307234] wlan: [0:E:DP] Level 0 :: Latest pause timestamp 17182654140
01-01 08:56:53.542 0 0 E [soft_i][0xdd3e61dca][04:42:00.317587] wlan: [0:E:DP] Level 1 :: Start threshold 819 :: Stop threshold 491
01-01 08:56:53.553 0 0 E [soft_i][0xdd3e955a1][04:42:00.328571] wlan: [0:E:DP] Level 1 :: Maximun pause time 0 ms
01-01 08:56:53.563 0 0 E [soft_i][0xdd3ec14ce][04:42:00.337947] wlan: [0:E:DP] Level 1 :: Latest pause timestamp 0
01-01 08:56:53.572 0 0 E [soft_i][0xdd3eedab0][04:42:00.347412] wlan: [0:E:DP] Level 2 :: Start threshold 614 :: Stop threshold 368
01-01 08:56:53.583 0 0 E [soft_i][0xdd3f21207][04:42:00.358390] wlan: [0:E:DP] Level 2 :: Maximun pause time 0 ms
01-01 08:56:53.593 0 0 E [soft_i][0xdd3f4d13c][04:42:00.367766] wlan: [0:E:DP] Level 2 :: Latest pause timestamp 0
01-01 08:56:53.602 0 0 E [soft_i][0xdd3f7972c][04:42:00.377232] wlan: [0:E:DP] Level 3 :: Start threshold 409 :: Stop threshold 245
01-01 08:56:53.613 0 0 E [soft_i][0xdd3facef7][04:42:00.388216] wlan: [0:E:DP] Level 3 :: Maximun pause time 0 ms
01-01 08:56:53.622 0 0 E [soft_i][0xdd3fd8e15][04:42:00.397590] wlan: [0:E:DP] Level 3 :: Latest pause timestamp 0
01-01 08:56:53.632 0 0 E [soft_i][0xdd4005404][04:42:00.407056] wlan: [0:E:DP] Member flow_id 0 :: flow_type 0
03-14 04:42:00.413 954 1613 I am_uid_active: 10090
01-01 08:56:53.641 0 0 E [soft_i][0xdd40306e5][04:42:00.416268] wlan: [0:E:DP] Pkt dropped due to unavailablity of descriptors 0
01-01 08:56:54.950 0 0 I [schedu][0xdd5828e4f][04:42:01.725381] wlan: [3419:I:WMA] [04:42:00.761000] [ROAM_TRIGGER]: VDEV[0] Reason: "HIGH RSSI"
01-01 08:56:54.950 0 0 I [schedu][0xdd5829242][04:42:01.725433] wlan: [3419:I:WMA] [04:42:00.761000] [ROAM_SCAN]: VDEV[0] Scan_type: PARTIAL {5180 5200 5220 5240 5260 5280 5300 5320 5745 5765 5785 5805 5825 }
01-01 08:56:54.950 0 0 I [schedu][0xdd5829386][04:42:01.725450] wlan: [3419:I:WMA] ============================================================================================================================
01-01 08:56:54.950 0 0 I [schedu][0xdd5829531][04:42:01.725472] wlan: [3419:I:WMA] AP BSSID TSTAMP CH TY ETP RSSI/SCR CU%/SCR TOT_SCR BL_RSN BL_SRC BL_TSTAMP BL_TIMEOUT(ms)
01-01 08:56:54.950 0 0 I [schedu][0xdd5829920][04:42:01.725524] wlan: [3419:I:WMA] ============================================================================================================================
01-01 08:56:54.950 0 0 I [schedu][0xdd5829b68][04:42:01.725555] wlan: [3419:I:WMA] d6:44:3b:15:39:91 [04:42:00.761000] 2457 P_AP 0 64/0 0/0 5036 0 0 [00:00:00.000000] 0
01-01 08:56:54.950 0 0 I [schedu][0xdd5829d27][04:42:01.725578] wlan: [3419:I:WMA] [04:42:01.722000] [ROAM_RESULT]: VDEV[0] FAILED Reason: NO AP FOUND
01-01 08:56:55.021 0 0 I logd : logdr: UID=1000 GID=1000 PID=17831 n tail=127 logMask=19 pid=0 start=0ns deadline=0ns
01-01 08:56:55.133 0 0 I logd : logdr: UID=1000 GID=1000 PID=17833 n tail=127 logMask=80 pid=0 start=0ns deadline=0ns
01-01 08:56:55.238 0 0 E DTC_ETH,link_delay_work_func: 3003, SQI=0, link=0
03-14 04:42:02.052 954 1638 I input_interaction: Interaction with: 504cb18 com.microsoft.emmx/com.microsoft.ruby.Main (server), edge-swipe (server), swipe-up (server), PointerEventDispatcher0 (server),
03-14 04:42:02.128 6630 6630 I view_enqueue_input_event: [Motion - Cancel,com.microsoft.emmx/com.microsoft.ruby.Main]
03-14 04:42:02.140 954 1638 I input_interaction: Interaction with: WindowManager (server), edge-swipe (server), swipe-up (server), PointerEventDispatcher0 (server),
03-14 04:42:02.761 954 954 I sysui_multi_action: [757,128,758,5,759,8,793,60063,794,0,795,60063,796,1,806,com.android.music,857,Channel-music,858,2,947,0,1500,60063,1641,transport,1688,1,1745,1043716538]
03-14 04:42:02.762 954 954 I notification_canceled: [0|com.android.music|1|null|10086,8,60063,60063,0,-1,-1,NULL]
03-14 04:42:02.768 954 1064 I am_pss : [14452,10032,com.android.musicfx,5465088,3817472,25600,86851584,0,11,5]
03-14 04:42:02.790 954 12635 I sysui_multi_action: [757,856,758,2,806,com.android.music,857,Channel-music,858,2]
03-14 04:42:02.790 954 954 I notification_cancel_all: [1000,954,com.android.music,0,0,0,20,NULL]
03-14 04:42:02.796 954 954 I notification_enqueue: [10078,2007,com.android.systemui,1,empty_media,0,Notification(channel=empty_media_style_id shortcut=null contentView=null vibrate=null sound=null defaults=0x0 flags=0x20 color=0x00000000 category=transport groupKey=empty_media actions=4 vis=PRIVATE),0]
03-14 04:42:02.998 954 954 I sysui_multi_action: [757,1501,758,1,793,203,794,0,795,203,796,1,797,empty_media,806,com.android.systemui,857,empty_media_style_id,858,4,946,empty_media,947,0,1500,0,1641,transport,1688,1,1745,1043716538]
03-14 04:42:02.998 954 954 I sysui_multi_action: [757,804,799,note_interruptive,801,0,802,1]
03-14 04:42:03.046 954 1045 I commit_sys_config_file: [notification-policy,3059262]
03-14 04:42:03.105 954 1638 I input_interaction: Interaction with: 504cb18 com.microsoft.emmx/com.microsoft.ruby.Main (server), edge-swipe (server), swipe-up (server), PointerEventDispatcher0 (server),
03-14 04:42:03.197 6630 6630 I view_enqueue_input_event: [Motion - Cancel,com.microsoft.emmx/com.microsoft.ruby.Main]
03-14 04:42:03.199 954 1638 I input_interaction: Interaction with: WindowManager (server), edge-swipe (server), swipe-up (server), PointerEventDispatcher0 (server),
03-14 04:42:03.446 954 1064 I sysui_multi_action: [757,1717,758,1,759,0]
03-14 04:42:03.446 954 1064 I sysui_multi_action: [757,1717,758,2,759,0]
03-14 04:42:03.446 954 1064 I sysui_multi_action: [757,1717,758,3,759,0]
03-14 04:42:03.989 954 1638 I input_interaction: Interaction with: 504cb18 com.microsoft.emmx/com.microsoft.ruby.Main (server), edge-swipe (server), swipe-up (server), PointerEventDispatcher0 (server),
03-14 04:42:04.066 6630 6630 I view_enqueue_input_event: [Motion - Cancel,com.microsoft.emmx/com.microsoft.ruby.Main]
03-14 04:42:04.067 954 1638 I input_interaction: Interaction with: WindowManager (server), edge-swipe (server), swipe-up (server), PointerEventDispatcher0 (server),
01-01 08:56:57.329 0 0 E [wifi@1][0xdd83b8e04][04:42:04.104470] wlan: [925:E:QDF] cds_flush_logs: 2424: Bug report already in progress - dropping! type:0, indicator=1 reason_code=0
01-01 08:56:57.347 0 0 E [wifi@1][0xdd840a138][04:42:04.121793] wlan: [925:E:HDD] __wlan_hdd_cfg80211_wifi_logger_get_ring_data: 9840: Failed to trigger bug report
01-01 08:56:57.377 0 0 I logd : logdr: UID=1000 GID=1000 PID=17961 n tail=127 logMask=19 pid=0 start=0ns deadline=0ns
01-01 08:56:57.477 0 0 I logd : logdr: UID=1000 GID=1000 PID=17977 n tail=127 logMask=80 pid=0 start=0ns deadline=0ns
03-14 04:42:04.839 954 1638 I input_interaction: Interaction with: 504cb18 com.microsoft.emmx/com.microsoft.ruby.Main (server), edge-swipe (server), swipe-up (server), PointerEventDispatcher0 (server),
03-14 04:42:04.934 6630 6630 I view_enqueue_input_event: [Motion - Cancel,com.microsoft.emmx/com.microsoft.ruby.Main]
03-14 04:42:04.945 954 1638 I input_interaction: Interaction with: WindowManager (server), edge-swipe (server), swipe-up (server), PointerEventDispatcher0 (server),
03-14 04:42:05.015 979 979 I auditd : type=1400 audit(0.0:9048): avc: denied { add_name } for comm="perf@2.2-servic" name="min_freq" scontext=u:r:vendor_hal_perf_default:s0 tcontext=u:object_r:vendor_sysfs_devfreq:s0 tclass=dir permissive=1
03-14 04:42:05.015 979 979 I auditd : type=1400 audit(0.0:9049): avc: denied { create } for comm="perf@2.2-servic" name="min_freq" scontext=u:r:vendor_hal_perf_default:s0 tcontext=u:object_r:vendor_sysfs_devfreq:s0 tclass=file permissive=1
03-14 04:42:05.377 954 1638 I input_interaction: Interaction with: 504cb18 com.microsoft.emmx/com.microsoft.ruby.Main (server), edge-swipe (server), swipe-up (server), PointerEventDispatcher0 (server),
03-14 04:42:05.434 6630 6630 I view_enqueue_input_event: [Motion - Cancel,com.microsoft.emmx/com.microsoft.ruby.Main]
03-14 04:42:05.440 954 1638 I input_interaction: Interaction with: WindowManager (server), edge-swipe (server), swipe-up (server), PointerEventDispatcher0 (server),
03-14 04:42:05.747 954 1638 I input_interaction: Interaction with: 504cb18 com.microsoft.emmx/com.microsoft.ruby.Main (server), edge-swipe (server), swipe-up (server), PointerEventDispatcher0 (server),
03-14 04:42:05.771 6630 6630 I view_enqueue_input_event: [Motion - Cancel,com.microsoft.emmx/com.microsoft.ruby.Main]
03-14 04:42:05.772 954 1638 I input_interaction: Interaction with: WindowManager (server), edge-swipe (server), swipe-up (server), PointerEventDispatcher0 (server),
03-14 04:42:06.096 954 1638 I input_interaction: Interaction with: 504cb18 com.microsoft.emmx/com.microsoft.ruby.Main (server), edge-swipe (server), swipe-up (server), PointerEventDispatcher0 (server),
03-14 04:42:06.121 6630 6630 I view_enqueue_input_event: [Motion - Cancel,com.microsoft.emmx/com.microsoft.ruby.Main]
01-01 08:57:00.358 0 0 E DTC_ETH,link_delay_work_func: 3003, SQI=0, link=0
01-01 08:57:02.350 0 0 E msm_pcm_playback_close: CMD_EOS failed, cmd_pending 0x8
01-01 08:57:02.363 0 0 I afe_close: port_id = 0x9000
01-01 08:57:02.384 0 0 I afe_find_cal_topo_id_by_port: port id: 0x9000, dev_acdb_id: 0
01-01 08:57:02.384 0 0 I afe_find_cal_topo_id_by_port: top_id:112fc acdb_id:15 afe_port:0x9000
01-01 08:57:02.384 0 0 I afe_get_cal_topology_id: port_id = 0x9000 acdb_id = 15 topology_id = 0x112fc cal_type_index=8 ret=0
01-01 08:57:02.384 0 0 I afe_send_port_topology_id: AFE set topology id 0x112fc enable for port 0x9000 ret 0
01-01 08:57:02.384 0 0 I send_afe_cal_type: cal_index is 0
01-01 08:57:02.384 0 0 I send_afe_cal_type: dev_acdb_id[55] is 0
01-01 08:57:02.384 0 0 I send_afe_cal_type: Sending cal_index cal 0
01-01 08:57:02.384 0 0 E send_afe_cal_type: No cal sent for cal_index 0, port_id = 0x9000! ret -22
01-01 08:57:02.392 0 0 I afe_send_hw_delay: port_id 0x9000 rate 48000 delay_usec 474 status 0
03-14 04:42:09.452 954 1171 I commit_sys_config_file: [package-user-0,3]
03-14 04:42:09.663 6630 6630 I view_enqueue_input_event: [Motion - Cancel,com.microsoft.emmx/com.microsoft.ruby.Main]
03-14 04:42:09.669 954 1638 I input_interaction: Interaction with: WindowManager (server), edge-swipe (server), swipe-up (server), PointerEventDispatcher0 (server),
01-01 08:57:05.478 0 0 E DTC_ETH,link_delay_work_func: 3003, SQI=0, link=0
03-14 04:42:14.346 954 1612 I am_freeze: [5654,com.android.documentsui]
01-01 08:57:07.570 0 0 I binder : 954:1612 ioctl 400c620e 7af8e5c5d8 returned -22
01-01 08:57:07.571 0 0 I binder : 954:1612 ioctl c00c620f 7af8e5c5b8 returned -22
01-01 08:57:07.576 0 0 I binder : 954:1612 ioctl 400c620e 7af8e5c5d8 returned -22
01-01 08:57:07.577 0 0 I binder : 954:1612 ioctl c00c620f 7af8e5c5b8 returned -22
03-14 04:42:14.352 954 1612 I am_freeze: [7919,com.android.externalstorage]
03-14 04:42:14.354 954 1612 I am_kill : [0,5654,com.android.documentsui,925,Unable to freeze binder interface]
03-14 04:42:14.356 954 1612 I am_kill : [0,7919,com.android.externalstorage,985,Unable to freeze binder interface]
03-14 04:42:14.388 954 5649 I am_proc_died: [0,7919,com.android.externalstorage,985,19]
03-14 04:42:14.389 954 5649 I am_uid_stopped: 10028
03-14 04:42:14.400 954 4808 I am_proc_died: [0,5654,com.android.documentsui,925,19]
03-14 04:42:14.400 954 4808 I am_uid_stopped: 10023
03-14 04:42:14.408 954 1046 I am_uid_running: 10023
03-14 04:42:14.409 954 1064 I am_pss : [14384,90001,com.microsoft.emmx:sandboxed_process0:org.chromium.content.app.SandboxedProcessService0:33,64885760,35500032,27648,202461184,0,3,10]
03-14 04:42:14.422 954 1064 I am_pss : [8217,10094,com.sohu.sohuvideo,100688896,74661888,1905664,234409984,0,19,11]
03-14 04:42:14.423 954 1067 I am_proc_start: [0,18375,10023,com.android.documentsui,NULL,]
03-14 04:42:14.427 954 1064 I am_pss : [8306,99000,com.android.webview:sandboxed_process0:org.chromium.content.app.SandboxedProcessService0:0,7367680,2203648,2937856,52793344,0,19,5]
03-14 04:42:14.433 954 1064 I am_pss : [8471,10094,com.sohu.sohuvideo:pushcore,17480704,6975488,1872896,97030144,0,19,6]
03-14 04:42:14.443 954 1064 I am_pss : [14359,90000,com.microsoft.emmx:sandboxed_process0:org.chromium.content.app.SandboxedProcessService0:32,37028864,8802304,27648,173387776,0,3,9]
03-14 04:42:14.454 954 1064 I am_pss : [13864,10101,com.tencent.mtt,79896576,30265344,1024,211464192,0,19,11]
01-01 08:57:07.683 0 0 I binder : 18375:18375 ioctl 40046210 7ffedd5de4 returned -22
03-14 04:42:14.460 954 4808 I am_proc_bound: [0,18375,com.android.documentsui]
03-14 04:42:14.464 954 1064 I am_pss : [13991,10101,com.tencent.mtt:service,65570816,16580608,1024,190726144,0,19,9]
03-14 04:42:14.471 954 1064 I am_pss : [8584,10094,com.sohu.sohuvideo:pushservice,16353280,6250496,2333696,88956928,0,19,6]
03-14 04:42:14.481 954 1064 I am_pss : [13800,10050,com.thundercomm.screensaver,35491840,31424512,25600,142721024,0,19,8]
03-14 04:42:14.499 0 0 I auditd : type=1400 audit(0.0:9050): avc: denied { kill } for comm="swapper/2" capability=5 scontext=u:r:kernel:s0 tcontext=u:r:kernel:s0 tclass=capability permissive=1
01-01 08:57:09.318 0 0 E [soft_i][0xde5f40079][04:42:16.093623] wlan: [0:E:DATA] __hdd_tx_timeout: Transmission timeout occurred jiffies 4295668992
01-01 08:57:09.331 0 0 E [soft_i][0xde5f7b34f][04:42:16.106247] wlan: [0:E:DP] No of pool map received 1
01-01 08:57:09.340 0 0 E [soft_i][0xde5fa3700][04:42:16.114830] wlan: [0:E:DP] No of pool unmap received 0
01-01 08:57:09.348 0 0 E [soft_i][0xde5fcc809][04:42:16.123590] wlan: [0:E:DP] Pkt dropped due to unavailablity of pool 0
01-01 08:57:09.359 0 0 E [soft_i][0xde5ffbcc2][04:42:16.133680] wlan: [0:E:DP]
01-01 08:57:09.366 0 0 E [soft_i][0xde6020bb7][04:42:16.141559] wlan: [0:E:DP] Flow_pool_id 0 :: status 2
01-01 08:57:09.375 0 0 E [soft_i][0xde60495a6][04:42:16.150225] wlan: [0:E:DP] Total 4096 :: Available 904
01-01 08:57:09.384 0 0 E [soft_i][0xde6072871][04:42:16.159009] wlan: [0:E:DP] Level 0 :: Start threshold 1024 :: Stop threshold 614
01-01 08:57:09.395 0 0 E [soft_i][0xde60a660b][04:42:16.170074] wlan: [0:E:DP] Level 0 :: Maximun pause time 8516 ms
01-01 08:57:09.405 0 0 E [soft_i][0xde60d38f0][04:42:16.179709] wlan: [0:E:DP] Level 0 :: Latest pause timestamp 17182668104
01-01 08:57:09.415 0 0 E [soft_i][0xde610427f][04:42:16.190076] wlan: [0:E:DP] Level 1 :: Start threshold 819 :: Stop threshold 491
01-01 08:57:09.426 0 0 E [soft_i][0xde61379c6][04:42:16.201053] wlan: [0:E:DP] Level 1 :: Maximun pause time 0 ms
01-01 08:57:09.435 0 0 E [soft_i][0xde61638d7][04:42:16.210427] wlan: [0:E:DP] Level 1 :: Latest pause timestamp 0
01-01 08:57:09.445 0 0 E [soft_i][0xde618fecb][04:42:16.219893] wlan: [0:E:DP] Level 2 :: Start threshold 614 :: Stop threshold 368
01-01 08:57:09.456 0 0 E [soft_i][0xde61c360a][04:42:16.230870] wlan: [0:E:DP] Level 2 :: Maximun pause time 0 ms
01-01 08:57:09.465 0 0 E [soft_i][0xde61ef4c7][04:42:16.240240] wlan: [0:E:DP] Level 2 :: Latest pause timestamp 0
01-01 08:57:09.475 0 0 E [soft_i][0xde621bb52][04:42:16.249714] wlan: [0:E:DP] Level 3 :: Start threshold 409 :: Stop threshold 245
01-01 08:57:09.486 0 0 E [soft_i][0xde624f294][04:42:16.260690] wlan: [0:E:DP] Level 3 :: Maximun pause time 0 ms
01-01 08:57:09.495 0 0 E [soft_i][0xde627b183][04:42:16.270063] wlan: [0:E:DP] Level 3 :: Latest pause timestamp 0
01-01 08:57:09.504 0 0 E [soft_i][0xde62a7856][04:42:16.279541] wlan: [0:E:DP] Member flow_id 0 :: flow_type 0
01-01 08:57:09.514 0 0 E [soft_i][0xde62d2a0d][04:42:16.288737] wlan: [0:E:DP] Pkt dropped due to unavailablity of descriptors 0
01-01 08:57:09.736 0 0 I msm_vidc: err : ffffffff: .....: DBLP Set: status 0
01-01 08:57:10.598 0 0 E DTC_ETH,link_delay_work_func: 3003, SQI=0, link=0
03-14 04:42:17.680 954 1638 I input_interaction: Interaction with: 504cb18 com.microsoft.emmx/com.microsoft.ruby.Main (server), edge-swipe (server), swipe-up (server), PointerEventDispatcher0 (server),
03-14 04:42:17.798 6630 6630 I view_enqueue_input_event: [Motion - Cancel,com.microsoft.emmx/com.microsoft.ruby.Main]
03-14 04:42:17.810 954 1638 I input_interaction: Interaction with: WindowManager (server), edge-swipe (server), swipe-up (server), PointerEventDispatcher0 (server),
03-14 04:42:17.815 979 979 I auditd : type=1400 audit(0.0:9051): avc: denied { add_name } for comm="perf@2.2-servic" name="cpu_min_freq" scontext=u:r:vendor_hal_perf_default:s0 tcontext=u:object_r:vendor_sysfs_msm_perf:s0 tclass=dir permissive=1
03-14 04:42:17.815 979 979 I auditd : type=1400 audit(0.0:9052): avc: denied { create } for comm="perf@2.2-servic" name="cpu_min_freq" scontext=u:r:vendor_hal_perf_default:s0 tcontext=u:object_r:vendor_sysfs_msm_perf:s0 tclass=file permissive=1
03-14 04:42:18.944 954 1638 I input_interaction: Interaction with: 504cb18 com.microsoft.emmx/com.microsoft.ruby.Main (server), edge-swipe (server), swipe-up (server), PointerEventDispatcher0 (server),
03-14 04:42:19.069 6630 6630 I view_enqueue_input_event: [Motion - Cancel,com.microsoft.emmx/com.microsoft.ruby.Main]
03-14 04:42:19.078 954 1638 I input_interaction: Interaction with: WindowManager (server), edge-swipe (server), swipe-up (server), PointerEventDispatcher0 (server),
03-14 04:42:19.499 0 0 I auditd : type=1400 audit(0.0:9053): avc: denied { kill } for comm="swapper/3" capability=5 scontext=u:r:kernel:s0 tcontext=u:r:kernel:s0 tclass=capability permissive=1
01-01 08:57:12.850 0 0 E msm_pcm_playback_close: CMD_EOS failed, cmd_pending 0x8
01-01 08:57:12.863 0 0 I afe_close: port_id = 0x9000
01-01 08:57:12.885 0 0 I afe_find_cal_topo_id_by_port: port id: 0x9000, dev_acdb_id: 0
01-01 08:57:12.885 0 0 I afe_find_cal_topo_id_by_port: top_id:112fc acdb_id:15 afe_port:0x9000
