01-01 08:58:46.509 0 0 E [soft_i][0xe552de926][04:43:53.284565] wlan: [0:E:DP] Level 3 :: Maximun pause time 0 ms
01-01 08:58:46.519 0 0 E [soft_i][0xe5530a83c][04:43:53.293939] wlan: [0:E:DP] Level 3 :: Latest pause timestamp 0
01-01 08:58:46.528 0 0 E [soft_i][0xe55336f10][04:43:53.303417] wlan: [0:E:DP] Member flow_id 0 :: flow_type 0
01-01 08:58:46.537 0 0 E [soft_i][0xe553620a0][04:43:53.312616] wlan: [0:E:DP] Pkt dropped due to unavailablity of descriptors 0
01-01 08:58:47.310 0 0 E msm_pcm_playback_close: CMD_EOS failed, cmd_pending 0x8
01-01 08:58:47.323 0 0 I afe_close: port_id = 0x9000
03-14 04:43:54.107 979 979 I auditd : type=1400 audit(0.0:9083): avc: denied { add_name } for comm="perf@2.2-servic" name="cpu_min_freq" scontext=u:r:vendor_hal_perf_default:s0 tcontext=u:object_r:vendor_sysfs_msm_perf:s0 tclass=dir permissive=1
03-14 04:43:54.107 979 979 I auditd : type=1400 audit(0.0:9084): avc: denied { create } for comm="perf@2.2-servic" name="cpu_min_freq" scontext=u:r:vendor_hal_perf_default:s0 tcontext=u:object_r:vendor_sysfs_msm_perf:s0 tclass=file permissive=1
01-01 08:58:47.343 0 0 I afe_find_cal_topo_id_by_port: port id: 0x9000, dev_acdb_id: 0
01-01 08:58:47.343 0 0 I afe_find_cal_topo_id_by_port: top_id:112fc acdb_id:15 afe_port:0x9000
01-01 08:58:47.343 0 0 I afe_get_cal_topology_id: port_id = 0x9000 acdb_id = 15 topology_id = 0x112fc cal_type_index=8 ret=0
01-01 08:58:47.343 0 0 I afe_send_port_topology_id: AFE set topology id 0x112fc enable for port 0x9000 ret 0
01-01 08:58:47.343 0 0 I send_afe_cal_type: cal_index is 0
01-01 08:58:47.343 0 0 I send_afe_cal_type: dev_acdb_id[55] is 0
01-01 08:58:47.343 0 0 I send_afe_cal_type: Sending cal_index cal 0
01-01 08:58:47.343 0 0 E send_afe_cal_type: No cal sent for cal_index 0, port_id = 0x9000! ret -22
01-01 08:58:47.351 0 0 I afe_send_hw_delay: port_id 0x9000 rate 48000 delay_usec 474 status 0
01-01 08:58:47.878 0 0 E DTC_ETH,link_delay_work_func: 3003, SQI=0, link=0
03-14 04:43:54.931 979 979 I auditd : type=1400 audit(0.0:9085): avc: denied { add_name } for comm="perf@2.2-servic" name="min_cpus" scontext=u:r:vendor_hal_perf_default:s0 tcontext=u:object_r:sysfs_devices_system_cpu:s0 tclass=dir permissive=1
03-14 04:43:54.931 979 979 I auditd : type=1400 audit(0.0:9086): avc: denied { create } for comm="perf@2.2-servic" name="min_cpus" scontext=u:r:vendor_hal_perf_default:s0 tcontext=u:object_r:sysfs_devices_system_cpu:s0 tclass=file permissive=1
03-14 04:43:54.931 979 979 I auditd : type=1400 audit(0.0:9087): avc: denied { add_name } for comm="perf@2.2-servic" name="min_freq" scontext=u:r:vendor_hal_perf_default:s0 tcontext=u:object_r:vendor_sysfs_devfreq:s0 tclass=dir permissive=1
03-14 04:43:54.931 979 979 I auditd : type=1400 audit(0.0:9088): avc: denied { create } for comm="perf@2.2-servic" name="min_freq" scontext=u:r:vendor_hal_perf_default:s0 tcontext=u:object_r:vendor_sysfs_devfreq:s0 tclass=file permissive=1
01-01 08:58:48.232 0 0 I msm_vidc: err : ffffffff: .....: DBLP Set: status 0
01-01 08:58:48.939 0 0 I logd : logdr: UID=1000 GID=1000 PID=24604 n tail=127 logMask=19 pid=0 start=0ns deadline=0ns
01-01 08:58:49.052 0 0 I logd : logdr: UID=1000 GID=1000 PID=24606 n tail=127 logMask=80 pid=0 start=0ns deadline=0ns
01-01 08:58:49.421 0 0 I qcom_rpmh DRV: apps_rsc TCS Busy, retrying RPMH message send: addr=0x40d00
01-01 08:58:49.421 0 0 I qcom_rpmh DRV: apps_rsc TCS Busy, retrying RPMH message send: addr=0x40d00
01-01 08:58:49.421 0 0 I qcom_rpmh DRV: apps_rsc TCS Busy, retrying RPMH message send: addr=0x40d00
01-01 08:58:49.421 0 0 I qcom_rpmh DRV: apps_rsc TCS Busy, retrying RPMH message send: addr=0x40d00
01-01 08:58:49.421 0 0 I qcom_rpmh DRV: apps_rsc TCS Busy, retrying RPMH message send: addr=0x40d00
01-01 08:58:49.421 0 0 I qcom_rpmh DRV: apps_rsc TCS Busy, retrying RPMH message send: addr=0x40d00
01-01 08:58:49.421 0 0 I qcom_rpmh DRV: apps_rsc TCS Busy, retrying RPMH message send: addr=0x40d00
01-01 08:58:49.421 0 0 I qcom_rpmh DRV: apps_rsc TCS Busy, retrying RPMH message send: addr=0x40d00
01-01 08:58:49.421 0 0 I qcom_rpmh DRV: apps_rsc TCS Busy, retrying RPMH message send: addr=0x40d00
01-01 08:58:49.421 0 0 I qcom_rpmh DRV: apps_rsc TCS Busy, retrying RPMH message send: addr=0x40d00
03-14 04:43:56.499 0 0 I auditd : type=1400 audit(0.0:9089): avc: denied { kill } for comm="swapper/3" capability=5 scontext=u:r:kernel:s0 tcontext=u:r:kernel:s0 tclass=capability permissive=1
03-14 04:43:58.141 954 1638 I input_interaction: Interaction with: ef2db0f com.microsoft.emmx/com.microsoft.ruby.Main (server), edge-swipe (server), swipe-up (server), PointerEventDispatcher0 (server),
03-14 04:43:58.205 6630 6630 I view_enqueue_input_event: [Motion - Cancel,com.microsoft.emmx/com.microsoft.ruby.Main]
03-14 04:43:58.206 954 1638 I input_interaction: Interaction with: WindowManager (server), edge-swipe (server), swipe-up (server), PointerEventDispatcher0 (server),
01-01 08:58:51.949 0 0 E [wifi@1][0xe5b677b17][04:43:58.723951] wlan: [925:E:QDF] cds_flush_logs: 2424: Bug report already in progress - dropping! type:0, indicator=1 reason_code=0
01-01 08:58:51.965 0 0 E [wifi@1][0xe5b6c17eb][04:43:58.739695] wlan: [925:E:HDD] __wlan_hdd_cfg80211_wifi_logger_get_ring_data: 9840: Failed to trigger bug report
01-01 08:58:51.984 0 0 I logd : logdr: UID=1000 GID=1000 PID=24614 n tail=127 logMask=19 pid=0 start=0ns deadline=0ns
01-01 08:58:52.087 0 0 I logd : logdr: UID=1000 GID=1000 PID=24672 n tail=127 logMask=80 pid=0 start=0ns deadline=0ns
03-14 04:43:59.213 954 1638 I input_interaction: Interaction with: ef2db0f com.microsoft.emmx/com.microsoft.ruby.Main (server), edge-swipe (server), swipe-up (server), PointerEventDispatcher0 (server),
03-14 04:43:59.275 6630 6630 I view_enqueue_input_event: [Motion - Cancel,com.microsoft.emmx/com.microsoft.ruby.Main]
03-14 04:43:59.279 954 1638 I input_interaction: Interaction with: WindowManager (server), edge-swipe (server), swipe-up (server), PointerEventDispatcher0 (server),
03-14 04:43:59.699 954 1638 I input_interaction: Interaction with: ef2db0f com.microsoft.emmx/com.microsoft.ruby.Main (server), edge-swipe (server), swipe-up (server), PointerEventDispatcher0 (server),
03-14 04:43:59.699 979 979 I auditd : type=1400 audit(0.0:9090): avc: denied { add_name } for comm="perf@2.2-servic" name="min_cpus" scontext=u:r:vendor_hal_perf_default:s0 tcontext=u:object_r:sysfs_devices_system_cpu:s0 tclass=dir permissive=1
03-14 04:43:59.726 6630 6630 I view_enqueue_input_event: [Motion - Cancel,com.microsoft.emmx/com.microsoft.ruby.Main]
03-14 04:43:59.732 954 1638 I input_interaction: Interaction with: WindowManager (server), edge-swipe (server), swipe-up (server), PointerEventDispatcher0 (server),
01-01 08:58:52.998 0 0 E DTC_ETH,link_delay_work_func: 3003, SQI=0, link=0
03-14 04:44:00.038 954 1638 I input_interaction: Interaction with: ef2db0f com.microsoft.emmx/com.microsoft.ruby.Main (server), edge-swipe (server), swipe-up (server), PointerEventDispatcher0 (server),
03-14 04:44:00.062 6630 6630 I view_enqueue_input_event: [Motion - Cancel,com.microsoft.emmx/com.microsoft.ruby.Main]
03-14 04:44:00.062 954 1638 I input_interaction: Interaction with: WindowManager (server), edge-swipe (server), swipe-up (server), PointerEventDispatcher0 (server),
03-14 04:44:00.327 954 1638 I input_interaction: Interaction with: ef2db0f com.microsoft.emmx/com.microsoft.ruby.Main (server), edge-swipe (server), swipe-up (server), PointerEventDispatcher0 (server),
03-14 04:44:00.379 6630 6630 I view_enqueue_input_event: [Motion - Cancel,com.microsoft.emmx/com.microsoft.ruby.Main]
03-14 04:44:00.381 954 1638 I input_interaction: Interaction with: WindowManager (server), edge-swipe (server), swipe-up (server), PointerEventDispatcher0 (server),
03-14 04:44:00.869 954 1638 I input_interaction: Interaction with: ef2db0f com.microsoft.emmx/com.microsoft.ruby.Main (server), edge-swipe (server), swipe-up (server), PointerEventDispatcher0 (server),
03-14 04:44:00.913 6630 6630 I view_enqueue_input_event: [Motion - Cancel,com.microsoft.emmx/com.microsoft.ruby.Main]
03-14 04:44:00.917 954 1638 I input_interaction: Interaction with: WindowManager (server), edge-swipe (server), swipe-up (server), PointerEventDispatcher0 (server),
01-01 08:58:54.325 0 0 I logd : logdr: UID=1000 GID=1000 PID=25449 n tail=127 logMask=19 pid=0 start=0ns deadline=0ns
01-01 08:58:54.431 0 0 I logd : logdr: UID=1000 GID=1000 PID=25491 n tail=127 logMask=80 pid=0 start=0ns deadline=0ns
03-14 04:44:01.280 954 1638 I input_interaction: Interaction with: ef2db0f com.microsoft.emmx/com.microsoft.ruby.Main (server), edge-swipe (server), swipe-up (server), PointerEventDispatcher0 (server),
03-14 04:44:01.279 979 979 I auditd : type=1400 audit(0.0:9091): avc: denied { create } for comm="perf@2.2-servic" name="min_cpus" scontext=u:r:vendor_hal_perf_default:s0 tcontext=u:object_r:sysfs_devices_system_cpu:s0 tclass=file permissive=1
03-14 04:44:01.296 6630 6630 I view_enqueue_input_event: [Motion - Cancel,com.microsoft.emmx/com.microsoft.ruby.Main]
03-14 04:44:01.302 954 1638 I input_interaction: Interaction with: WindowManager (server), edge-swipe (server), swipe-up (server), PointerEventDispatcher0 (server),
03-14 04:44:01.582 954 1638 I input_interaction: Interaction with: ef2db0f com.microsoft.emmx/com.microsoft.ruby.Main (server), edge-swipe (server), swipe-up (server), PointerEventDispatcher0 (server),
03-14 04:44:01.648 6630 6630 I view_enqueue_input_event: [Motion - Cancel,com.microsoft.emmx/com.microsoft.ruby.Main]
03-14 04:44:01.900 6630 6630 I view_enqueue_input_event: [Motion - Cancel,com.microsoft.emmx/com.microsoft.ruby.Main]
03-14 04:44:01.909 954 1638 I input_interaction: Interaction with: WindowManager (server), edge-swipe (server), swipe-up (server), PointerEventDispatcher0 (server),
03-14 04:44:02.814 954 1638 I input_interaction: Interaction with: ef2db0f com.microsoft.emmx/com.microsoft.ruby.Main (server), edge-swipe (server), swipe-up (server), PointerEventDispatcher0 (server),
03-14 04:44:02.884 6630 6630 I view_enqueue_input_event: [Motion - Cancel,com.microsoft.emmx/com.microsoft.ruby.Main]
03-14 04:44:02.895 954 1638 I input_interaction: Interaction with: WindowManager (server), edge-swipe (server), swipe-up (server), PointerEventDispatcher0 (server),
03-14 04:44:03.627 954 1047 I wm_finish_activity: [0,237572017,58,com.microsoft.emmx/com.microsoft.ruby.Main,finish-activity]
03-14 04:44:03.627 954 1047 I wm_task_moved: [1,1,7]
03-14 04:44:03.628 954 1047 I wm_set_resumed_activity: [0,com.android.launcher3/.uioverrides.QuickstepLauncher,positionChildAt]
03-14 04:44:03.628 954 1047 I wm_task_moved: [12,1,2147483647]
03-14 04:44:03.628 954 1047 I wm_task_to_front: [0,12]
03-14 04:44:03.628 954 1047 I wm_focused_root_task: [0,0,1,-1,finish-top adjustFocusToNextFocusableTask]
03-14 04:44:03.628 954 1047 I wm_set_resumed_activity: [0,com.android.launcher3/.uioverrides.QuickstepLauncher,finish-top]
03-14 04:44:03.628 954 1047 I wm_pause_activity: [0,237572017,com.microsoft.emmx/com.microsoft.ruby.Main,userLeaving=false,finish]
03-14 04:44:03.630 954 1047 I input_focus: [Focus request fca4b77 com.android.launcher3/com.android.launcher3.uioverrides.QuickstepLauncher,reason=UpdateInputWindows]
03-14 04:44:03.652 954 1638 I input_focus: [Focus leaving ef2db0f com.microsoft.emmx/com.microsoft.ruby.Main (server),reason=NOT_VISIBLE]
03-14 04:44:03.666 6630 6630 I wm_on_top_resumed_lost_called: [237572017,com.microsoft.ruby.Main,topStateChangedWhenResumed]
03-14 04:44:03.668 954 1638 I input_focus: [Focus entering fca4b77 com.android.launcher3/com.android.launcher3.uioverrides.QuickstepLauncher (server),reason=setFocusedWindow]
03-14 04:44:03.670 954 1046 I sysui_multi_action: [757,803,799,window_time_0,802,56]
03-14 04:44:03.672 2598 2598 I wm_on_top_resumed_gained_called: [194529402,com.android.launcher3.uioverrides.QuickstepLauncher,topStateChangedWhenResumed]
03-14 04:44:03.692 6630 6630 I wm_on_paused_called: [237572017,com.microsoft.ruby.Main,performPause]
03-14 04:44:03.692 954 23230 I wm_destroy_activity: [0,237572017,58,com.microsoft.emmx/com.microsoft.ruby.Main,finish-imm:completePausedLocked]
03-14 04:44:03.700 954 1046 I sysui_multi_action: [757,803,799,window_time_0,802,0]
03-14 04:44:03.708 954 1638 I input_interaction: Interaction with: fca4b77 com.android.launcher3/com.android.launcher3.uioverrides.QuickstepLauncher (server), 45b849f com.android.systemui.ImageWallpaper (server), edge-swipe (server), swipe-up (server), PointerEventDispatcher0 (server),
03-14 04:44:03.725 6630 6630 I wm_on_stop_called: [237572017,com.microsoft.ruby.Main,LIFECYCLER_STOP_ACTIVITY]
03-14 04:44:03.749 954 14421 I am_kill : [0,21890,com.microsoft.emmx:sandboxed_process0:org.chromium.content.app.SandboxedProcessService0:39,0,isolated not needed]
03-14 04:44:03.762 954 14421 I am_proc_died: [0,21890,com.microsoft.emmx:sandboxed_process0:org.chromium.content.app.SandboxedProcessService0:39,0,10]
03-14 04:44:03.763 954 14421 I am_uid_stopped: 90005
01-01 08:58:56.987 0 0 I binder : undelivered transaction 1220593, process died.
01-01 08:58:56.987 0 0 I binder : undelivered transaction 1220597, process died.
01-01 08:58:56.987 0 0 I binder : undelivered transaction 1220592, process died.
03-14 04:44:03.764 6630 6630 I wm_on_destroy_called: [237572017,com.microsoft.ruby.Main,performDestroy]
03-14 04:44:03.774 954 14421 I wm_task_removed: [58,removeChild:removeChild last r=ActivityRecord{e290fb1 u0 com.microsoft.emmx/com.microsoft.ruby.Main t-1 f}} in t=Task{8fb5258 #58 type=standard A=10033:com.microsoft.emmx U=0 visible=false mode=freeform translucent=true sz=0}]
03-14 04:44:03.774 954 14421 I wm_task_removed: [58,removeChild]
03-14 04:44:03.788 954 14421 I am_kill : [0,24530,com.microsoft.emmx:sandboxed_process0:org.chromium.content.app.SandboxedProcessService0:43,0,isolated not needed]
03-14 04:44:03.796 954 14421 I am_kill : [0,22306,com.microsoft.emmx:sandboxed_process0:org.chromium.content.app.SandboxedProcessService0:41,0,isolated not needed]
01-01 08:58:57.035 0 0 E [wifi@1][0xe61397dbf][04:44:03.809853] wlan: [925:E:QDF] cds_flush_logs: 2424: Bug report already in progress - dropping! type:0, indicator=1 reason_code=0
01-01 08:58:57.050 0 0 E [wifi@1][0xe613e0bc1][04:44:03.825400] wlan: [925:E:HDD] __wlan_hdd_cfg80211_wifi_logger_get_ring_data: 9840: Failed to trigger bug report
01-01 08:58:57.053 0 0 I binder : undelivered transaction 1220693, process died.
01-01 08:58:57.066 0 0 I binder : undelivered transaction 1220694, process died.
01-01 08:58:57.066 0 0 I binder : undelivered transaction 1220698, process died.
03-14 04:44:03.842 954 14421 I am_proc_died: [0,24530,com.microsoft.emmx:sandboxed_process0:org.chromium.content.app.SandboxedProcessService0:43,0,10]
03-14 04:44:03.842 954 14421 I am_uid_stopped: 90009
01-01 08:58:57.071 0 0 I logd : logdr: UID=1000 GID=1000 PID=25783 n tail=127 logMask=19 pid=0 start=0ns deadline=0ns
03-14 04:44:03.862 954 23233 I am_proc_died: [0,22306,com.microsoft.emmx:sandboxed_process0:org.chromium.content.app.SandboxedProcessService0:41,0,10]
01-01 08:58:57.086 0 0 I binder : undelivered transaction 1220729, process died.
01-01 08:58:57.087 0 0 I binder : undelivered transaction 1220732, process died.
01-01 08:58:57.087 0 0 I binder : undelivered transaction 1220727, process died.
03-14 04:44:03.863 954 23233 I am_uid_stopped: 90007
01-01 08:58:57.189 0 0 I logd : logdr: UID=1000 GID=1000 PID=25795 n tail=127 logMask=80 pid=0 start=0ns deadline=0ns
01-01 08:58:57.806 0 0 E msm_pcm_playback_close: CMD_EOS failed, cmd_pending 0x8
01-01 08:58:57.819 0 0 I afe_close: port_id = 0x9000
01-01 08:58:57.838 0 0 I afe_find_cal_topo_id_by_port: port id: 0x9000, dev_acdb_id: 0
01-01 08:58:57.838 0 0 I afe_find_cal_topo_id_by_port: top_id:112fc acdb_id:15 afe_port:0x9000
01-01 08:58:57.838 0 0 I afe_get_cal_topology_id: port_id = 0x9000 acdb_id = 15 topology_id = 0x112fc cal_type_index=8 ret=0
01-01 08:58:57.838 0 0 I afe_send_port_topology_id: AFE set topology id 0x112fc enable for port 0x9000 ret 0
01-01 08:58:57.838 0 0 I send_afe_cal_type: cal_index is 0
01-01 08:58:57.838 0 0 I send_afe_cal_type: dev_acdb_id[55] is 0
01-01 08:58:57.838 0 0 I send_afe_cal_type: Sending cal_index cal 0
01-01 08:58:57.838 0 0 E send_afe_cal_type: No cal sent for cal_index 0, port_id = 0x9000! ret -22
01-01 08:58:57.846 0 0 I afe_send_hw_delay: port_id 0x9000 rate 48000 delay_usec 474 status 0
01-01 08:58:58.119 0 0 E DTC_ETH,link_delay_work_func: 3003, SQI=0, link=0
03-14 04:44:05.487 954 18689 I wm_task_created: [59,-1]
03-14 04:44:05.490 954 18689 I wm_task_moved: [59,1,7]
03-14 04:44:05.490 954 18689 I wm_task_to_front: [0,59]
03-14 04:44:05.490 954 18689 I wm_create_task: [0,59]
03-14 04:44:05.490 954 18689 I wm_create_activity: [0,134572307,59,com.microsoft.emmx/com.microsoft.ruby.Main,android.intent.action.MAIN,NULL,NULL,270532608]
03-14 04:44:05.490 954 18689 I wm_task_moved: [59,1,7]
03-14 04:44:05.491 954 18689 I wm_pause_activity: [0,194529402,com.android.launcher3/.uioverrides.QuickstepLauncher,userLeaving=true,pauseBackTasks]
03-14 04:44:05.494 2598 2598 I wm_on_top_resumed_lost_called: [194529402,com.android.launcher3.uioverrides.QuickstepLauncher,topStateChangedWhenResumed]
03-14 04:44:05.494 2598 2598 I wm_on_paused_called: [194529402,com.android.launcher3.uioverrides.QuickstepLauncher,performPause]
03-14 04:44:05.495 954 23230 I wm_add_to_stopping: [0,194529402,com.android.launcher3/.uioverrides.QuickstepLauncher,makeInvisible]
03-14 04:44:05.495 954 23230 I wm_restart_activity: [0,134572307,59,com.microsoft.emmx/com.microsoft.ruby.Main]
03-14 04:44:05.496 954 23230 I wm_set_resumed_activity: [0,com.microsoft.emmx/com.microsoft.ruby.Main,minimalResumeActivityLocked]
03-14 04:44:05.502 954 1046 I sysui_multi_action: [757,803,799,window_time_0,802,2]
03-14 04:44:05.506 954 1638 I input_focus: [Focus leaving fca4b77 com.android.launcher3/com.android.launcher3.uioverrides.QuickstepLauncher (server),reason=NO_WINDOW]
03-14 04:44:05.514 954 14421 I am_uid_active: 10062
03-14 04:44:05.558 6630 6630 I wm_on_create_called: [134572307,com.microsoft.ruby.Main,performCreate]
03-14 04:44:05.560 6630 6630 I wm_on_start_called: [134572307,com.microsoft.ruby.Main,handleStartActivity]
03-14 04:44:05.565 6630 6630 I wm_on_resume_called: [134572307,com.microsoft.ruby.Main,RESUME_ACTIVITY]
03-14 04:44:05.568 6630 6630 I wm_on_top_resumed_gained_called: [134572307,com.microsoft.ruby.Main,topStateChangedWhenResumed]
03-14 04:44:05.572 954 1047 I input_focus: [Focus request 52265f com.microsoft.emmx/com.microsoft.ruby.Main,reason=UpdateInputWindows]
03-14 04:44:05.576 954 23230 I am_uid_running: 90010
03-14 04:44:05.581 954 1067 I am_proc_start: [0,25847,90010,com.microsoft.emmx:sandboxed_process0:org.chromium.content.app.SandboxedProcessService0:44,,{com.microsoft.emmx/org.chromium.content.app.SandboxedProcessService0:44}]
01-01 08:58:58.811 0 0 I binder : 25847:25847 ioctl 40046210 7ffedd5054 returned -22
03-14 04:44:05.589 954 23230 I am_proc_bound: [0,25847,com.microsoft.emmx:sandboxed_process0:org.chromium.content.app.SandboxedProcessService0:44]
03-14 04:44:05.590 954 23230 I am_uid_active: 90010
03-14 04:44:05.724 954 12775 I am_uid_running: 90011
03-14 04:44:05.741 954 1067 I am_proc_start: [0,25880,90011,com.microsoft.emmx:sandboxed_process0:org.chromium.content.app.SandboxedProcessService0:45,,{com.microsoft.emmx/org.chromium.content.app.SandboxedProcessService0:45}]
01-01 08:58:58.971 0 0 I binder : 25880:25880 ioctl 40046210 7ffedd5054 returned -22
03-14 04:44:05.748 954 12775 I am_proc_bound: [0,25880,com.microsoft.emmx:sandboxed_process0:org.chromium.content.app.SandboxedProcessService0:45]
03-14 04:44:05.749 954 12775 I am_uid_active: 90011
03-14 04:44:05.770 954 1043 I sysui_multi_action: [319,29,321,27,322,285,325,3216,757,761,758,8,759,1,806,com.microsoft.emmx,871,com.microsoft.ruby.Main,904,com.android.launcher3,905,0,1320,4,1321,2]
03-14 04:44:05.771 954 1638 I input_focus: [Focus entering 52265f com.microsoft.emmx/com.microsoft.ruby.Main (server),reason=Window became focusable. Previous reason: NOT_VISIBLE]
03-14 04:44:05.771 954 1043 I wm_activity_launch_time: [0,134572307,com.microsoft.emmx/com.microsoft.ruby.Main,285]
03-14 04:44:05.767 979 979 I auditd : type=1400 audit(0.0:9092): avc: denied { add_name } for comm="perf@2.2-servic" name="clkscale_enable" scontext=u:r:vendor_hal_perf_default:s0 tcontext=u:object_r:sysfs:s0 tclass=dir permissive=1
03-14 04:44:05.767 979 979 I auditd : type=1400 audit(0.0:9093): avc: denied { create } for comm="perf@2.2-servic" name="clkscale_enable" scontext=u:r:vendor_hal_perf_default:s0 tcontext=u:object_r:sysfs:s0 tclass=file permissive=1
03-14 04:44:06.038 954 1046 I wm_stop_activity: [0,194529402,com.android.launcher3/.uioverrides.QuickstepLauncher]
03-14 04:44:06.042 2598 2598 I wm_on_stop_called: [194529402,com.android.launcher3.uioverrides.QuickstepLauncher,STOP_ACTIVITY_ITEM]
03-14 04:44:06.499 0 0 I auditd : type=1400 audit(0.0:9094): avc: denied { kill } for comm="swapper/6" capability=5 scontext=u:r:kernel:s0 tcontext=u:r:kernel:s0 tclass=capability permissive=1
01-01 08:59:00.621 0 0 I logd : logdr: UID=1000 GID=1000 PID=25911 n tail=127 logMask=19 pid=0 start=0ns deadline=0ns
03-14 04:44:07.427 954 1638 I input_interaction: Interaction with: 52265f com.microsoft.emmx/com.microsoft.ruby.Main (server), edge-swipe (server), swipe-up (server), PointerEventDispatcher0 (server),
03-14 04:44:07.431 954 4509 I wm_task_moved: [1,0,0]
03-14 04:44:07.431 954 4509 I wm_task_moved: [1,0,6]
03-14 04:44:07.437 2598 2598 I wm_on_restart_called: [194529402,com.android.launcher3.uioverrides.QuickstepLauncher,performRestartActivity]
03-14 04:44:07.458 2598 2598 I wm_on_start_called: [194529402,com.android.launcher3.uioverrides.QuickstepLauncher,handleStartActivity]
03-14 04:44:07.458 6630 6630 I view_enqueue_input_event: [Motion - Cancel,com.microsoft.emmx/com.microsoft.ruby.Main]
03-14 04:44:07.461 954 1047 I input_focus: [Focus request recents_animation_input_consumer,reason=UpdateInputWindows]
03-14 04:44:07.465 954 1638 I input_interaction: Interaction with: edge-swipe (server), swipe-up (server), PointerEventDispatcher0 (server),
03-14 04:44:07.466 2598 2598 I sysui_latency: [1,39]
03-14 04:44:07.471 954 1043 I sysui_multi_action: [319,3,322,38,325,3218,757,761,758,9,759,5,806,com.android.launcher3,871,com.android.launcher3.uioverrides.QuickstepLauncher,905,0,1320,4,1321,1]
03-14 04:44:07.475 954 1638 I input_focus: [Focus leaving 52265f com.microsoft.emmx/com.microsoft.ruby.Main (server),reason=NOT_FOCUSABLE]
03-14 04:44:07.475 954 1638 I input_focus: [Focus entering recents_animation_input_consumer (server),reason=setFocusedWindow]
03-14 04:44:07.491 979 979 I auditd : type=1400 audit(0.0:9095): avc: denied { add_name } for comm="perf@2.2-servic" name="force_rail_on" scontext=u:r:vendor_hal_perf_default:s0 tcontext=u:object_r:vendor_sysfs_kgsl:s0 tclass=dir permissive=1
03-14 04:44:07.491 979 979 I auditd : type=1400 audit(0.0:9096): avc: denied { create } for comm="perf@2.2-servic" name="force_rail_on" scontext=u:r:vendor_hal_perf_default:s0 tcontext=u:object_r:vendor_sysfs_kgsl:s0 tclass=file permissive=1
03-14 04:44:07.491 979 979 I auditd : type=1400 audit(0.0:9097): avc: denied { add_name } for comm="perf@2.2-servic" name="min_freq" scontext=u:r:vendor_hal_perf_default:s0 tcontext=u:object_r:vendor_sysfs_devfreq:s0 tclass=dir permissive=1
03-14 04:44:07.491 979 979 I auditd : type=1400 audit(0.0:9098): avc: denied { create } for comm="perf@2.2-servic" name="min_freq" scontext=u:r:vendor_hal_perf_default:s0 tcontext=u:object_r:vendor_sysfs_devfreq:s0 tclass=file permissive=1
03-14 04:44:07.491 979 979 I auditd : type=1400 audit(0.0:9099): avc: denied { add_name } for comm="perf@2.2-servic" name="cpu_min_freq" scontext=u:r:vendor_hal_perf_default:s0 tcontext=u:object_r:vendor_sysfs_msm_perf:s0 tclass=dir permissive=1
03-14 04:44:07.491 979 979 I auditd : type=1400 audit(0.0:9100): avc: denied { create } for comm="perf@2.2-servic" name="cpu_min_freq" scontext=u:r:vendor_hal_perf_default:s0 tcontext=u:object_r:vendor_sysfs_msm_perf:s0 tclass=file permissive=1
01-01 08:59:00.728 0 0 I logd : logdr: UID=1000 GID=1000 PID=25915 n tail=127 logMask=80 pid=0 start=0ns deadline=0ns
03-14 04:44:07.663 954 1610 I commit_sys_config_file: [settings-1-0,7]
03-14 04:44:07.722 954 18689 I am_uid_running: 90012
03-14 04:44:07.732 954 1067 I am_proc_start: [0,25921,90012,com.microsoft.emmx:sandboxed_process0:org.chromium.content.app.SandboxedProcessService0:46,,{com.microsoft.emmx/org.chromium.content.app.SandboxedProcessService0:46}]
03-14 04:44:07.739 954 23230 I am_proc_bound: [0,25921,com.microsoft.emmx:sandboxed_process0:org.chromium.content.app.SandboxedProcessService0:46]
01-01 08:59:00.962 0 0 I binder : 25921:25921 ioctl 40046210 7ffedd5054 returned -22
03-14 04:44:07.742 954 23230 I am_uid_active: 90012
03-14 04:44:07.771 954 1064 I sysui_latency: [8,41]
03-14 04:44:07.798 954 18689 I am_uid_running: 90013
03-14 04:44:07.811 954 1067 I am_proc_start: [0,25948,90013,com.microsoft.emmx:sandboxed_process0:org.chromium.content.app.SandboxedProcessService0:47,,{com.microsoft.emmx/org.chromium.content.app.SandboxedProcessService0:47}]
03-14 04:44:07.820 954 969 I am_kill : [0,25880,com.microsoft.emmx:sandboxed_process0:org.chromium.content.app.SandboxedProcessService0:45,0,isolated not needed]
03-14 04:44:07.828 954 2136 I am_proc_bound: [0,25948,com.microsoft.emmx:sandboxed_process0:org.chromium.content.app.SandboxedProcessService0:47]
01-01 08:59:01.050 0 0 I binder : 25948:25948 ioctl 40046210 7ffedd5054 returned -22
03-14 04:44:07.829 954 2136 I am_uid_active: 90013
03-14 04:44:07.865 954 969 I am_proc_died: [0,25880,com.microsoft.emmx:sandboxed_process0:org.chromium.content.app.SandboxedProcessService0:45,0,10]
03-14 04:44:07.865 954 969 I am_uid_stopped: 90011
03-14 04:44:08.156 954 1638 I input_interaction: Interaction with: recents_animation_input_consumer (server), edge-swipe (server), swipe-up (server), PointerEventDispatcher0 (server),
03-14 04:44:08.190 954 18689 I wm_task_moved: [1,1,7]
03-14 04:44:08.191 954 18689 I wm_task_moved: [12,1,2147483647]
03-14 04:44:08.191 954 18689 I wm_task_to_front: [0,12]
03-14 04:44:08.191 6630 6630 I wm_on_top_resumed_lost_called: [134572307,com.microsoft.ruby.Main,topStateChangedWhenResumed]
03-14 04:44:08.191 954 18689 I wm_focused_root_task: [0,0,1,59,RecentsAnimation.onAnimationFinished()]
03-14 04:44:08.192 954 18689 I wm_set_resumed_activity: [0,com.android.launcher3/.uioverrides.QuickstepLauncher,RecentsAnimation.onAnimationFinished()]
03-14 04:44:08.194 954 18689 I wm_pause_activity: [0,134572307,com.microsoft.emmx/com.microsoft.ruby.Main,userLeaving=true,pauseBackTasks]
03-14 04:44:08.195 954 18689 I wm_add_to_stopping: [0,134572307,com.microsoft.emmx/com.microsoft.ruby.Main,makeInvisible]
03-14 04:44:08.200 954 1047 I input_focus: [Focus request fca4b77 com.android.launcher3/com.android.launcher3.uioverrides.QuickstepLauncher,reason=UpdateInputWindows]
03-14 04:44:08.203 954 1046 I sysui_multi_action: [757,803,799,window_time_0,802,2]
03-14 04:44:08.211 954 1638 I input_focus: [Focus leaving recents_animation_input_consumer (server),reason=NOT_VISIBLE]
03-14 04:44:08.211 954 1638 I input_focus: [Focus entering fca4b77 com.android.launcher3/com.android.launcher3.uioverrides.QuickstepLauncher (server),reason=setFocusedWindow]
03-14 04:44:08.223 6630 6630 I wm_on_paused_called: [134572307,com.microsoft.ruby.Main,performPause]
03-14 04:44:08.224 954 2136 I wm_set_resumed_activity: [0,com.android.launcher3/.uioverrides.QuickstepLauncher,resumeTopActivityInnerLocked]
03-14 04:44:08.227 954 2136 I wm_resume_activity: [0,194529402,12,com.android.launcher3/.uioverrides.QuickstepLauncher]
03-14 04:44:08.227 2598 2598 I wm_on_resume_called: [194529402,com.android.launcher3.uioverrides.QuickstepLauncher,RESUME_ACTIVITY]
03-14 04:44:08.227 2598 2598 I wm_on_top_resumed_gained_called: [194529402,com.android.launcher3.uioverrides.QuickstepLauncher,topWhenResuming]
03-14 04:44:08.237 954 1046 I wm_stop_activity: [0,134572307,com.microsoft.emmx/com.microsoft.ruby.Main]
03-14 04:44:08.239 954 1046 I sysui_multi_action: [757,803,799,window_time_0,802,0]
03-14 04:44:08.318 6630 6630 I wm_on_stop_called: [134572307,com.microsoft.ruby.Main,STOP_ACTIVITY_ITEM]
01-01 08:59:01.714 0 0 E [wifi@1][0xe66944112][04:44:08.488724] wlan: [925:E:QDF] cds_flush_logs: 2424: Bug report already in progress - dropping! type:0, indicator=1 reason_code=0
01-01 08:59:01.731 0 0 E [wifi@1][0xe66992f7b][04:44:08.505556] wlan: [925:E:HDD] __wlan_hdd_cfg80211_wifi_logger_get_ring_data: 9840: Failed to trigger bug report
01-01 08:59:01.763 0 0 I logd : logdr: UID=1000 GID=1000 PID=25982 n tail=127 logMask=19 pid=0 start=0ns deadline=0ns
01-01 08:59:01.880 0 0 I logd : logdr: UID=1000 GID=1000 PID=25988 n tail=127 logMask=80 pid=0 start=0ns deadline=0ns
03-14 04:44:08.837 954 1064 I sysui_multi_action: [757,1717,758,1,759,0]
03-14 04:44:08.837 954 1064 I sysui_multi_action: [757,1717,758,2,759,0]
03-14 04:44:08.838 954 1064 I sysui_multi_action: [757,1717,758,3,759,0]
03-14 04:44:09.188 954 1638 I input_interaction: Interaction with: fca4b77 com.android.launcher3/com.android.launcher3.uioverrides.QuickstepLauncher (server), 45b849f com.android.systemui.ImageWallpaper (server), edge-swipe (server), swipe-up (server), PointerEventDispatcher0 (server),
03-14 04:44:09.320 954 3124 I wm_task_moved: [59,1,7]
03-14 04:44:09.320 954 3124 I wm_task_to_front: [0,59]
03-14 04:44:09.321 954 3124 I wm_focused_root_task: [0,0,59,1,bringingFoundTaskToFront]
03-14 04:44:09.321 954 3124 I wm_set_resumed_activity: [0,com.microsoft.emmx/com.microsoft.ruby.Main,bringingFoundTaskToFront]
03-14 04:44:09.328 954 3124 I wm_set_resumed_activity: [0,com.microsoft.emmx/com.microsoft.ruby.Main,resumeTopActivityInnerLocked]
03-14 04:44:09.329 954 3124 I wm_resume_activity: [0,134572307,59,com.microsoft.emmx/com.microsoft.ruby.Main]
03-14 04:44:09.331 954 3124 I wm_new_intent: [0,134572307,59,com.microsoft.emmx/com.microsoft.ruby.Main,android.intent.action.MAIN,NULL,NULL,270532608]
03-14 04:44:09.339 2598 2598 I wm_on_top_resumed_lost_called: [194529402,com.android.launcher3.uioverrides.QuickstepLauncher,topStateChangedWhenResumed]
03-14 04:44:09.373 6630 6630 I wm_on_restart_called: [134572307,com.microsoft.ruby.Main,performRestartActivity]
03-14 04:44:09.384 6630 6630 I wm_on_start_called: [134572307,com.microsoft.ruby.Main,handleStartActivity]
03-14 04:44:09.397 6630 6630 I wm_on_resume_called: [134572307,com.microsoft.ruby.Main,RESUME_ACTIVITY]
03-14 04:44:09.407 954 1047 I input_focus: [Focus request 52265f com.microsoft.emmx/com.microsoft.ruby.Main,reason=UpdateInputWindows]
03-14 04:44:09.431 954 1638 I input_focus: [Focus leaving fca4b77 com.android.launcher3/com.android.launcher3.uioverrides.QuickstepLauncher (server),reason=Waiting for window because NOT_VISIBLE]
03-14 04:44:09.474 6630 6630 I wm_on_paused_called: [134572307,com.microsoft.ruby.Main,performPause]
03-14 04:44:09.489 6630 6630 I wm_on_resume_called: [134572307,com.microsoft.ruby.Main,LIFECYCLER_RESUME_ACTIVITY]
03-14 04:44:09.496 6630 6630 I wm_on_top_resumed_gained_called: [134572307,com.microsoft.ruby.Main,topStateChangedWhenResumed]
03-14 04:44:09.547 954 1638 I input_focus: [Focus entering 52265f com.microsoft.emmx/com.microsoft.ruby.Main (server),reason=Window became focusable. Previous reason: NOT_VISIBLE]
03-14 04:44:09.551 954 1043 I sysui_multi_action: [319,223,322,222,325,3220,757,761,758,9,759,2,806,com.microsoft.emmx,871,com.microsoft.ruby.Main,904,com.android.launcher3,905,0,1320,4,1321,2]
01-01 08:59:03.238 0 0 E DTC_ETH,link_delay_work_func: 3003, SQI=0, link=0
03-14 04:44:10.499 0 0 I auditd : type=1400 audit(0.0:9101): avc: denied { kill } for comm="swapper/0" capability=5 scontext=u:r:kernel:s0 tcontext=u:r:kernel:s0 tclass=capability permissive=1
03-14 04:44:10.768 954 1638 I input_interaction: Interaction with: 52265f com.microsoft.emmx/com.microsoft.ruby.Main (server), edge-swipe (server), swipe-up (server), PointerEventDispatcher0 (server),
01-01 08:59:04.009 0 0 I logd : logdr: UID=1000 GID=1000 PID=26007 n tail=127 logMask=19 pid=0 start=0ns deadline=0ns
01-01 08:59:04.119 0 0 I logd : logdr: UID=1000 GID=1000 PID=26009 n tail=127 logMask=80 pid=0 start=0ns deadline=0ns
03-14 04:44:11.645 954 954 I service_manager_stats: [100,63,24494]
03-14 04:44:11.823 6630 6630 I view_enqueue_input_event: [Motion - Cancel,com.microsoft.emmx/com.microsoft.ruby.Main]
03-14 04:44:11.824 954 1638 I input_interaction: Interaction with: WindowManager (server), edge-swipe (server), swipe-up (server), PointerEventDispatcher0 (server),
03-14 04:44:11.827 979 979 I auditd : type=1400 audit(0.0:9102): avc: denied { add_name } for comm="perf@2.2-servic" name="cpu_min_freq" scontext=u:r:vendor_hal_perf_default:s0 tcontext=u:object_r:vendor_sysfs_msm_perf:s0 tclass=dir permissive=1
03-14 04:44:11.827 979 979 I auditd : type=1400 audit(0.0:9103): avc: denied { create } for comm="perf@2.2-servic" name="cpu_min_freq" scontext=u:r:vendor_hal_perf_default:s0 tcontext=u:object_r:vendor_sysfs_msm_perf:s0 tclass=file permissive=1
03-14 04:44:12.499 0 0 I auditd : type=1400 audit(0.0:9104): avc: denied { kill } for comm="swapper/0" capability=5 scontext=u:r:kernel:s0 tcontext=u:r:kernel:s0 tclass=capability permissive=1
03-14 04:44:12.832 954 1638 I input_interaction: Interaction with: 52265f com.microsoft.emmx/com.microsoft.ruby.Main (server), edge-swipe (server), swipe-up (server), PointerEventDispatcher0 (server),
03-14 04:44:12.958 6630 6630 I view_enqueue_input_event: [Motion - Cancel,com.microsoft.emmx/com.microsoft.ruby.Main]
03-14 04:44:12.966 954 1638 I input_interaction: Interaction with: WindowManager (server), edge-swipe (server), swipe-up (server), PointerEventDispatcher0 (server),
01-01 08:59:06.989 0 0 E [wifi@1][0xe6c9db73c][04:44:13.763899] wlan: [925:E:QDF] cds_flush_logs: 2424: Bug report already in progress - dropping! type:0, indicator=1 reason_code=0
01-01 08:59:07.004 0 0 E [wifi@1][0xe6ca24f83][04:44:13.779583] wlan: [925:E:HDD] __wlan_hdd_cfg80211_wifi_logger_get_ring_data: 9840: Failed to trigger bug report
01-01 08:59:07.029 0 0 I logd : logdr: UID=1000 GID=1000 PID=26153 n tail=127 logMask=19 pid=0 start=0ns deadline=0ns
03-14 04:44:13.806 954 1638 I input_interaction: Interaction with: 52265f com.microsoft.emmx/com.microsoft.ruby.Main (server), edge-swipe (server), swipe-up (server), PointerEventDispatcher0 (server),
03-14 04:44:13.861 6630 6630 I view_enqueue_input_event: [Motion - Cancel,com.microsoft.emmx/com.microsoft.ruby.Main]
03-14 04:44:13.873 954 1638 I input_interaction: Interaction with: WindowManager (server), edge-swipe (server), swipe-up (server), PointerEventDispatcher0 (server),
01-01 08:59:07.144 0 0 I logd : logdr: UID=1000 GID=1000 PID=26166 n tail=127 logMask=80 pid=0 start=0ns deadline=0ns
03-14 04:44:14.851 954 1638 I input_interaction: Interaction with: 52265f com.microsoft.emmx/com.microsoft.ruby.Main (server), edge-swipe (server), swipe-up (server), PointerEventDispatcher0 (server),
03-14 04:44:14.930 6630 6630 I view_enqueue_input_event: [Motion - Cancel,com.microsoft.emmx/com.microsoft.ruby.Main]
03-14 04:44:14.930 954 1638 I input_interaction: Interaction with: WindowManager (server), edge-swipe (server), swipe-up (server), PointerEventDispatcher0 (server),
01-01 08:59:08.302 0 0 E msm_pcm_playback_close: CMD_EOS failed, cmd_pending 0x8
01-01 08:59:08.314 0 0 I afe_close: port_id = 0x9000
01-01 08:59:08.335 0 0 I afe_find_cal_topo_id_by_port: port id: 0x9000, dev_acdb_id: 0
01-01 08:59:08.335 0 0 I afe_find_cal_topo_id_by_port: top_id:112fc acdb_id:15 afe_port:0x9000
01-01 08:59:08.335 0 0 I afe_get_cal_topology_id: port_id = 0x9000 acdb_id = 15 topology_id = 0x112fc cal_type_index=8 ret=0
01-01 08:59:08.335 0 0 I afe_send_port_topology_id: AFE set topology id 0x112fc enable for port 0x9000 ret 0
01-01 08:59:08.335 0 0 I send_afe_cal_type: cal_index is 0
01-01 08:59:08.335 0 0 I send_afe_cal_type: dev_acdb_id[55] is 0
01-01 08:59:08.335 0 0 I send_afe_cal_type: Sending cal_index cal 0
01-01 08:59:08.335 0 0 E send_afe_cal_type: No cal sent for cal_index 0, port_id = 0x9000! ret -22
01-01 08:59:08.343 0 0 I afe_send_hw_delay: port_id 0x9000 rate 48000 delay_usec 474 status 0
01-01 08:59:08.359 0 0 E DTC_ETH,link_delay_work_func: 3003, SQI=0, link=0 --------- beginning of system
03-14 04:44:15.331 954 1048 W WindowManager: updateScale : 0.45565748
03-14 04:44:15.346 954 1048 I ActivityTaskManager: clear resize flag in freeform mode
03-14 04:44:15.346 954 1048 W WindowManager: updateScale : 0.45565748
03-14 04:44:15.362 954 1048 I ActivityTaskManager: clear resize flag in freeform mode
03-14 04:44:15.362 954 1048 W WindowManager: updateScale : 0.45565748
03-14 04:44:15.607 954 1638 I input_interaction: Interaction with: 52265f com.microsoft.emmx/com.microsoft.ruby.Main (server), edge-swipe (server), swipe-up (server), PointerEventDispatcher0 (server),
03-14 04:44:15.681 6630 6630 I view_enqueue_input_event: [Motion - Cancel,com.microsoft.emmx/com.microsoft.ruby.Main]
03-14 04:44:15.686 954 1638 I input_interaction: Interaction with: WindowManager (server), edge-swipe (server), swipe-up (server), PointerEventDispatcher0 (server),
03-14 04:44:15.696 954 1047 I ActivityTaskManager: clear resize flag in freeform mode
03-14 04:44:15.697 954 1047 W WindowManager: updateScale : 0.45565748
03-14 04:44:15.712 954 1047 I ActivityTaskManager: clear resize flag in freeform mode
03-14 04:44:15.713 954 1047 W WindowManager: updateScale : 0.45565748
03-14 04:44:15.729 954 1047 I ActivityTaskManager: clear resize flag in freeform mode
03-14 04:44:15.729 954 1047 W WindowManager: updateScale : 0.45565748
03-14 04:44:15.743 954 10386 W WindowManager: updateScale : 0.45565748
03-14 04:44:15.745 954 1047 I ActivityTaskManager: clear resize flag in freeform mode
03-14 04:44:15.746 954 1047 W WindowManager: updateScale : 0.45565748
03-14 04:44:15.762 954 1047 I ActivityTaskManager: clear resize flag in freeform mode
03-14 04:44:15.763 954 1047 W WindowManager: updateScale : 0.45565748
03-14 04:44:15.779 954 1047 I ActivityTaskManager: clear resize flag in freeform mode
03-14 04:44:15.779 954 1047 W WindowManager: updateScale : 0.45565748
03-14 04:44:15.781 954 23230 W WindowManager: updateScale : 0.45565748
03-14 04:44:15.796 954 1047 I ActivityTaskManager: clear resize flag in freeform mode
03-14 04:44:15.796 954 1047 W WindowManager: updateScale : 0.45565748
03-14 04:44:15.813 954 1047 I ActivityTaskManager: clear resize flag in freeform mode
03-14 04:44:15.813 954 1047 W WindowManager: updateScale : 0.45565748
03-14 04:44:15.853 954 1047 D WindowManager: updateWindowDragBounds: mIsSwipeYtrue
03-14 04:44:15.853 954 1047 D WindowManager: updateWindowDragBounds: mIsTopfalse
03-14 04:44:15.880 954 1048 I ActivityTaskManager: clear resize flag in freeform mode
03-14 04:44:15.880 954 1048 W WindowManager: updateScale : 0.45565748
03-14 04:44:15.896 954 1048 I ActivityTaskManager: clear resize flag in freeform mode
03-14 04:44:15.897 954 1048 W WindowManager: updateScale : 0.45565748
03-14 04:44:15.913 954 1048 I ActivityTaskManager: clear resize flag in freeform mode
03-14 04:44:15.913 954 1048 W WindowManager: updateScale : 0.45565748
03-14 04:44:15.926 954 10386 W WindowManager: updateScale : 0.45565748
03-14 04:44:15.929 954 1048 I ActivityTaskManager: clear resize flag in freeform mode
03-14 04:44:15.930 954 1048 W WindowManager: updateScale : 0.45565748
03-14 04:44:15.946 954 1048 I ActivityTaskManager: clear resize flag in freeform mode
03-14 04:44:15.946 954 1048 W WindowManager: updateScale : 0.45565748
03-14 04:44:15.964 954 1048 I ActivityTaskManager: clear resize flag in freeform mode
03-14 04:44:15.964 954 1048 W WindowManager: updateScale : 0.45565748
03-14 04:44:15.980 954 1048 I ActivityTaskManager: clear resize flag in freeform mode
03-14 04:44:15.980 954 1048 W WindowManager: updateScale : 0.45565748
03-14 04:44:15.983 954 10386 W WindowManager: updateScale : 0.45565748
03-14 04:44:15.996 954 1048 I ActivityTaskManager: clear resize flag in freeform mode
03-14 04:44:15.997 954 1048 W WindowManager: updateScale : 0.45565748
03-14 04:44:16.010 954 10386 W WindowManager: updateScale : 0.45565748
03-14 04:44:16.013 954 1048 I ActivityTaskManager: clear resize flag in freeform mode
03-14 04:44:16.013 954 1048 W WindowManager: updateScale : 0.45565748
03-14 04:44:16.028 954 10386 W WindowManager: updateScale : 0.45565748
03-14 04:44:16.030 954 1048 I ActivityTaskManager: clear resize flag in freeform mode
03-14 04:44:16.031 954 1048 W WindowManager: updateScale : 0.45565748
03-14 04:44:16.046 954 1048 I ActivityTaskManager: clear resize flag in freeform mode
03-14 04:44:16.047 954 1048 W WindowManager: updateScale : 0.45565748
03-14 04:44:16.064 954 1048 I ActivityTaskManager: clear resize flag in freeform mode
03-14 04:44:16.064 954 1048 W WindowManager: updateScale : 0.45565748
03-14 04:44:16.081 954 1048 I ActivityTaskManager: clear resize flag in freeform mode
03-14 04:44:16.081 954 1048 W WindowManager: updateScale : 0.45565748
03-14 04:44:16.098 954 1048 I ActivityTaskManager: clear resize flag in freeform mode
03-14 04:44:16.098 954 1048 W WindowManager: updateScale : 0.45565748
03-14 04:44:16.113 954 1048 I ActivityTaskManager: clear resize flag in freeform mode
03-14 04:44:16.114 954 1048 W WindowManager: updateScale : 0.45565748
03-14 04:44:16.130 954 1048 I ActivityTaskManager: clear resize flag in freeform mode
03-14 04:44:16.130 954 1048 W WindowManager: updateScale : 0.45565748
03-14 04:44:16.147 954 1048 I ActivityTaskManager: clear resize flag in freeform mode
03-14 04:44:16.147 954 1048 W WindowManager: updateScale : 0.45565748
01-01 08:59:12.072 0 0 I msm_vidc: err : ffffffff: .....: DBLP Set: status 0
03-14 04:44:18.899 954 1638 I input_interaction: Interaction with: 52265f com.microsoft.emmx/com.microsoft.ruby.Main (server), edge-swipe (server), swipe-up (server), PointerEventDispatcher0 (server),
03-14 04:44:18.956 6630 6630 I view_enqueue_input_event: [Motion - Cancel,com.microsoft.emmx/com.microsoft.ruby.Main]
03-14 04:44:18.965 954 1638 I input_interaction: Interaction with: WindowManager (server), edge-swipe (server), swipe-up (server), PointerEventDispatcher0 (server),
03-14 04:44:18.971 954 1047 I ActivityTaskManager: clear resize flag in freeform mode
03-14 04:44:18.971 954 1047 W WindowManager: updateScale : 0.45565748
03-14 04:44:18.987 954 1047 I ActivityTaskManager: clear resize flag in freeform mode
03-14 04:44:18.988 954 1047 W WindowManager: updateScale : 0.45565748
03-14 04:44:19.020 954 1047 I ActivityTaskManager: clear resize flag in freeform mode
03-14 04:44:19.020 954 1047 W WindowManager: updateScale : 0.45565748
03-14 04:44:19.037 954 1047 I ActivityTaskManager: clear resize flag in freeform mode
03-14 04:44:19.037 954 1047 W WindowManager: updateScale : 0.45565748
03-14 04:44:19.054 954 1047 I ActivityTaskManager: clear resize flag in freeform mode
03-14 04:44:19.054 954 1047 W WindowManager: updateScale : 0.45565748
03-14 04:44:19.070 954 1047 I ActivityTaskManager: clear resize flag in freeform mode
03-14 04:44:19.070 954 1047 W WindowManager: updateScale : 0.45565748
03-14 04:44:19.087 954 1047 I ActivityTaskManager: clear resize flag in freeform mode
03-14 04:44:19.087 954 1047 W WindowManager: updateScale : 0.45565748
03-14 04:44:19.103 954 1047 I ActivityTaskManager: clear resize flag in freeform mode
03-14 04:44:19.104 954 1047 W WindowManager: updateScale : 0.45565748
03-14 04:44:19.105 954 23233 W WindowManager: updateScale : 0.45565748
03-14 04:44:19.120 954 1047 I ActivityTaskManager: clear resize flag in freeform mode
03-14 04:44:19.121 954 1047 W WindowManager: updateScale : 0.45565748
03-14 04:44:19.131 954 23233 W WindowManager: updateScale : 0.45565748
03-14 04:44:19.137 954 1047 I ActivityTaskManager: clear resize flag in freeform mode
03-14 04:44:19.138 954 1047 W WindowManager: updateScale : 0.45565748
03-14 04:44:19.149 954 23233 W WindowManager: updateScale : 0.45565748
03-14 04:44:19.161 954 12635 W WindowManager: updateScale : 0.45565748
03-14 04:44:19.185 954 1047 D WindowManager: updateWindowDragBounds: mIsSwipeYtrue
03-14 04:44:19.185 954 1047 D WindowManager: updateWindowDragBounds: mIsTopfalse
03-14 04:44:19.205 954 1048 I ActivityTaskManager: clear resize flag in freeform mode
03-14 04:44:19.206 954 1048 W WindowManager: updateScale : 0.45565748
03-14 04:44:19.221 954 1048 I ActivityTaskManager: clear resize flag in freeform mode
03-14 04:44:19.221 954 1048 W WindowManager: updateScale : 0.45565748
03-14 04:44:19.240 954 1048 I ActivityTaskManager: clear resize flag in freeform mode
03-14 04:44:19.241 954 1048 W WindowManager: updateScale : 0.45565748
03-14 04:44:19.254 954 1048 I ActivityTaskManager: clear resize flag in freeform mode
03-14 04:44:19.255 954 1048 W WindowManager: updateScale : 0.45565748
03-14 04:44:19.271 954 1048 I ActivityTaskManager: clear resize flag in freeform mode
03-14 04:44:19.271 954 1048 W WindowManager: updateScale : 0.45565748
03-14 04:44:19.288 954 1048 I ActivityTaskManager: clear resize flag in freeform mode
03-14 04:44:19.288 954 1048 W WindowManager: updateScale : 0.45565748
03-14 04:44:19.305 954 1048 I ActivityTaskManager: clear resize flag in freeform mode
03-14 04:44:19.305 954 1048 W WindowManager: updateScale : 0.45565748
03-14 04:44:19.322 954 1048 I ActivityTaskManager: clear resize flag in freeform mode
03-14 04:44:19.322 954 1048 W WindowManager: updateScale : 0.45565748
03-14 04:44:19.323 954 23233 W WindowManager: updateScale : 0.45565748
03-14 04:44:19.336 6630 6630 I service_manager_stats: [200,65,27608]
03-14 04:44:19.338 954 1048 I ActivityTaskManager: clear resize flag in freeform mode
03-14 04:44:19.338 954 1048 W WindowManager: updateScale : 0.45565748
03-14 04:44:19.343 954 23233 W WindowManager: updateScale : 0.45565748
03-14 04:44:19.354 954 1048 I ActivityTaskManager: clear resize flag in freeform mode
03-14 04:44:19.355 954 1048 W WindowManager: updateScale : 0.45565748
03-14 04:44:19.360 954 23230 W WindowManager: updateScale : 0.45565748
03-14 04:44:19.372 954 1048 I ActivityTaskManager: clear resize flag in freeform mode
03-14 04:44:19.373 954 1048 W WindowManager: updateScale : 0.45565748
03-14 04:44:19.374 954 23233 W WindowManager: updateScale : 0.45565748
03-14 04:44:19.386 954 23233 W WindowManager: updateScale : 0.45565748
03-14 04:44:19.388 954 1048 I ActivityTaskManager: clear resize flag in freeform mode
03-14 04:44:19.389 954 1048 W WindowManager: updateScale : 0.45565748
03-14 04:44:19.405 954 1048 I ActivityTaskManager: clear resize flag in freeform mode
03-14 04:44:19.405 954 1048 W WindowManager: updateScale : 0.45565748
03-14 04:44:19.423 954 1048 I ActivityTaskManager: clear resize flag in freeform mode
03-14 04:44:19.423 954 1048 W WindowManager: updateScale : 0.45565748
03-14 04:44:19.439 954 1048 I ActivityTaskManager: clear resize flag in freeform mode
03-14 04:44:19.439 954 1048 W WindowManager: updateScale : 0.45565748
03-14 04:44:19.455 954 1048 I ActivityTaskManager: clear resize flag in freeform mode
03-14 04:44:19.455 954 1048 W WindowManager: updateScale : 0.45565748
03-14 04:44:19.471 954 1048 I ActivityTaskManager: clear resize flag in freeform mode
03-14 04:44:19.472 954 1048 W WindowManager: updateScale : 0.45565748
03-14 04:44:19.491 954 1048 I ActivityTaskManager: clear resize flag in freeform mode
03-14 04:44:19.491 954 1048 W WindowManager: updateScale : 0.45565748
03-14 04:44:19.613 954 1638 I input_interaction: Interaction with: 52265f com.microsoft.emmx/com.microsoft.ruby.Main (server), edge-swipe (server), swipe-up (server), PointerEventDispatcher0 (server),
03-14 04:44:19.726 6630 6630 I view_enqueue_input_event: [Motion - Cancel,com.microsoft.emmx/com.microsoft.ruby.Main]
03-14 04:44:19.748 954 1638 I input_interaction: Interaction with: WindowManager (server), edge-swipe (server), swipe-up (server), PointerEventDispatcher0 (server),
03-14 04:44:19.756 954 1047 I ActivityTaskManager: clear resize flag in freeform mode
03-14 04:44:19.756 954 1047 W WindowManager: updateScale : 0.45565748
03-14 04:44:19.772 954 1047 I ActivityTaskManager: clear resize flag in freeform mode
03-14 04:44:19.772 954 1047 W WindowManager: updateScale : 0.45565748
03-14 04:44:19.789 954 1047 I ActivityTaskManager: clear resize flag in freeform mode
03-14 04:44:19.789 954 1047 W WindowManager: updateScale : 0.45565748
03-14 04:44:19.805 954 1047 I ActivityTaskManager: clear resize flag in freeform mode
03-14 04:44:19.806 954 1047 W WindowManager: updateScale : 0.45565748
03-14 04:44:19.822 954 1047 I ActivityTaskManager: clear resize flag in freeform mode
03-14 04:44:19.822 954 1047 W WindowManager: updateScale : 0.45565748
03-14 04:44:19.839 954 1047 I ActivityTaskManager: clear resize flag in freeform mode
03-14 04:44:19.839 954 1047 W WindowManager: updateScale : 0.45565748
03-14 04:44:19.840 954 12635 W WindowManager: updateScale : 0.45565748
03-14 04:44:19.855 954 1047 I ActivityTaskManager: clear resize flag in freeform mode
03-14 04:44:19.856 954 1047 W WindowManager: updateScale : 0.45565748
03-14 04:44:19.863 954 12635 W WindowManager: updateScale : 0.45565748
03-14 04:44:19.886 954 23233 W WindowManager: updateScale : 0.45565748
03-14 04:44:19.900 954 1047 D WindowManager: updateWindowDragBounds: mIsSwipeYtrue
03-14 04:44:19.900 954 1047 D WindowManager: updateWindowDragBounds: mIsTopfalse
03-14 04:44:19.924 954 1048 I ActivityTaskManager: clear resize flag in freeform mode
03-14 04:44:19.924 954 1048 W WindowManager: updateScale : 0.45565748
03-14 04:44:19.940 954 1048 I ActivityTaskManager: clear resize flag in freeform mode
