01-01 08:53:50.248 0 0 I msm_vidc: err : ffffffff: .....: DBLP Set: status 0
01-01 08:53:50.918 0 0 E DTC_ETH,link_delay_work_func: 3003, SQI=0, link=0
01-01 08:53:53.422 0 0 E msm_pcm_playback_close: CMD_EOS failed, cmd_pending 0x8
01-01 08:53:53.436 0 0 I afe_close: port_id = 0x9000
01-01 08:53:53.460 0 0 I afe_find_cal_topo_id_by_port: port id: 0x9000, dev_acdb_id: 0
01-01 08:53:53.460 0 0 I afe_find_cal_topo_id_by_port: top_id:112fc acdb_id:15 afe_port:0x9000
01-01 08:53:53.460 0 0 I afe_get_cal_topology_id: port_id = 0x9000 acdb_id = 15 topology_id = 0x112fc cal_type_index=8 ret=0
01-01 08:53:53.461 0 0 I afe_send_port_topology_id: AFE set topology id 0x112fc enable for port 0x9000 ret 0
01-01 08:53:53.461 0 0 I send_afe_cal_type: cal_index is 0
01-01 08:53:53.461 0 0 I send_afe_cal_type: dev_acdb_id[55] is 0
01-01 08:53:53.461 0 0 I send_afe_cal_type: Sending cal_index cal 0
01-01 08:53:53.461 0 0 E send_afe_cal_type: No cal sent for cal_index 0, port_id = 0x9000! ret -22
01-01 08:53:53.469 0 0 I afe_send_hw_delay: port_id 0x9000 rate 48000 delay_usec 474 status 0
01-01 08:53:55.816 0 0 I msm_vidc: err : ffffffff: .....: DBLP Set: status 0
01-01 08:53:56.038 0 0 E DTC_ETH,link_delay_work_func: 3003, SQI=0, link=0
03-14 04:39:04.499 0 0 I auditd : type=1400 audit(0.0:8212): avc: denied { kill } for comm="swapper/3" capability=5 scontext=u:r:kernel:s0 tcontext=u:r:kernel:s0 tclass=capability permissive=1
01-01 08:54:01.158 0 0 E DTC_ETH,link_delay_work_func: 3003, SQI=0, link=0
01-01 08:54:03.918 0 0 E msm_pcm_playback_close: CMD_EOS failed, cmd_pending 0x8
01-01 08:54:03.931 0 0 I afe_close: port_id = 0x9000
01-01 08:54:03.949 0 0 I afe_find_cal_topo_id_by_port: port id: 0x9000, dev_acdb_id: 0
01-01 08:54:03.949 0 0 I afe_find_cal_topo_id_by_port: top_id:112fc acdb_id:15 afe_port:0x9000
01-01 08:54:03.949 0 0 I afe_get_cal_topology_id: port_id = 0x9000 acdb_id = 15 topology_id = 0x112fc cal_type_index=8 ret=0
01-01 08:54:03.949 0 0 I afe_send_port_topology_id: AFE set topology id 0x112fc enable for port 0x9000 ret 0
01-01 08:54:03.949 0 0 I send_afe_cal_type: cal_index is 0
01-01 08:54:03.949 0 0 I send_afe_cal_type: dev_acdb_id[55] is 0
01-01 08:54:03.949 0 0 I send_afe_cal_type: Sending cal_index cal 0
01-01 08:54:03.949 0 0 E send_afe_cal_type: No cal sent for cal_index 0, port_id = 0x9000! ret -22
01-01 08:54:03.958 0 0 I afe_send_hw_delay: port_id 0x9000 rate 48000 delay_usec 474 status 0
01-01 08:54:06.278 0 0 E DTC_ETH,link_delay_work_func: 3003, SQI=0, link=0
03-14 04:39:15.295 954 1638 I input_interaction: Interaction with: fca4b77 com.android.launcher3/com.android.launcher3.uioverrides.QuickstepLauncher (server), 45b849f com.android.systemui.ImageWallpaper (server), edge-swipe (server), swipe-up (server), PointerEventDispatcher0 (server),
03-14 04:39:16.922 954 10386 I wm_task_created: [52,-1]
03-14 04:39:16.926 954 10386 I wm_task_moved: [52,1,6]
03-14 04:39:16.926 954 10386 I wm_task_to_front: [0,52]
03-14 04:39:16.926 954 10386 I wm_create_task: [0,52]
03-14 04:39:16.926 954 10386 I wm_create_activity: [0,256434119,52,com.microsoft.emmx/com.microsoft.ruby.Main,android.intent.action.MAIN,NULL,NULL,270532608]
03-14 04:39:16.926 954 10386 I wm_task_moved: [52,1,6]
03-14 04:39:16.928 954 10386 I wm_restart_activity: [0,256434119,52,com.microsoft.emmx/com.microsoft.ruby.Main]
03-14 04:39:16.928 954 10386 I wm_set_resumed_activity: [0,com.microsoft.emmx/com.microsoft.ruby.Main,minimalResumeActivityLocked]
03-14 04:39:16.934 2598 2598 I wm_on_top_resumed_lost_called: [194529402,com.android.launcher3.uioverrides.QuickstepLauncher,topStateChangedWhenResumed]
03-14 04:39:16.982 6630 6630 I wm_on_create_called: [256434119,com.microsoft.ruby.Main,performCreate]
03-14 04:39:16.984 6630 6630 I wm_on_start_called: [256434119,com.microsoft.ruby.Main,handleStartActivity]
03-14 04:39:16.989 6630 6630 I wm_on_resume_called: [256434119,com.microsoft.ruby.Main,RESUME_ACTIVITY]
03-14 04:39:16.992 6630 6630 I wm_on_top_resumed_gained_called: [256434119,com.microsoft.ruby.Main,topStateChangedWhenResumed]
03-14 04:39:17.000 954 1047 I input_focus: [Focus request 3c94ad5 com.microsoft.emmx/com.microsoft.ruby.Main,reason=UpdateInputWindows]
03-14 04:39:17.005 954 5679 I am_uid_running: 90000
03-14 04:39:17.026 954 1638 I input_focus: [Focus leaving fca4b77 com.android.launcher3/com.android.launcher3.uioverrides.QuickstepLauncher (server),reason=Waiting for window because NOT_VISIBLE]
03-14 04:39:17.098 954 1067 I am_proc_start: [0,13723,90000,com.microsoft.emmx:sandboxed_process0:org.chromium.content.app.SandboxedProcessService0:28,,{com.microsoft.emmx/org.chromium.content.app.SandboxedProcessService0:28}]
01-01 08:54:10.328 0 0 I binder : 13723:13723 ioctl 40046210 7ffedd5054 returned -22
03-14 04:39:17.104 954 2215 I am_proc_bound: [0,13723,com.microsoft.emmx:sandboxed_process0:org.chromium.content.app.SandboxedProcessService0:28]
03-14 04:39:17.106 954 2215 I am_uid_active: 90000
03-14 04:39:17.145 954 2136 I am_uid_running: 90001
03-14 04:39:17.157 954 1067 I am_proc_start: [0,13752,90001,com.microsoft.emmx:sandboxed_process0:org.chromium.content.app.SandboxedProcessService0:29,,{com.microsoft.emmx/org.chromium.content.app.SandboxedProcessService0:29}]
03-14 04:39:17.172 954 12775 I am_proc_bound: [0,13752,com.microsoft.emmx:sandboxed_process0:org.chromium.content.app.SandboxedProcessService0:29]
01-01 08:54:10.394 0 0 I binder : 13752:13752 ioctl 40046210 7ffedd5054 returned -22
03-14 04:39:17.173 954 12775 I am_uid_active: 90001
03-14 04:39:17.196 954 1043 I sysui_multi_action: [319,275,322,274,325,2927,757,761,758,8,759,2,806,com.microsoft.emmx,871,com.microsoft.ruby.Main,904,com.android.launcher3,905,0,1320,4,1321,2]
03-14 04:39:17.199 954 1043 I wm_activity_launch_time: [0,256434119,com.microsoft.emmx/com.microsoft.ruby.Main,274]
03-14 04:39:17.211 954 1638 I input_focus: [Focus entering 3c94ad5 com.microsoft.emmx/com.microsoft.ruby.Main (server),reason=Window became focusable. Previous reason: NOT_VISIBLE]
03-14 04:39:17.499 0 0 I auditd : type=1400 audit(0.0:8213): avc: denied { kill } for comm="swapper/3" capability=5 scontext=u:r:kernel:s0 tcontext=u:r:kernel:s0 tclass=capability permissive=1
01-01 08:54:11.398 0 0 E DTC_ETH,link_delay_work_func: 3003, SQI=0, link=0
03-14 04:39:18.607 954 1638 I input_interaction: Interaction with: 3c94ad5 com.microsoft.emmx/com.microsoft.ruby.Main (server), edge-swipe (server), swipe-up (server), PointerEventDispatcher0 (server),
03-14 04:39:18.757 954 12775 I wm_finish_activity: [0,256434119,52,com.microsoft.emmx/com.microsoft.ruby.Main,finish-activity]
03-14 04:39:18.757 954 12775 I wm_task_moved: [1,1,6]
03-14 04:39:18.757 954 12775 I wm_set_resumed_activity: [0,com.android.launcher3/.uioverrides.QuickstepLauncher,positionChildAt]
03-14 04:39:18.757 954 12775 I wm_task_moved: [12,1,2147483647]
03-14 04:39:18.757 954 12775 I wm_task_to_front: [0,12]
03-14 04:39:18.757 954 12775 I wm_focused_root_task: [0,0,1,-1,finish-top adjustFocusToNextFocusableTask]
03-14 04:39:18.757 954 12775 I wm_set_resumed_activity: [0,com.android.launcher3/.uioverrides.QuickstepLauncher,finish-top]
03-14 04:39:18.757 954 12775 I wm_pause_activity: [0,256434119,com.microsoft.emmx/com.microsoft.ruby.Main,userLeaving=false,finish]
03-14 04:39:18.758 954 1047 I input_focus: [Focus request fca4b77 com.android.launcher3/com.android.launcher3.uioverrides.QuickstepLauncher,reason=UpdateInputWindows]
03-14 04:39:18.760 954 1046 I sysui_multi_action: [757,803,799,window_time_0,802,29]
03-14 04:39:18.760 6630 6630 I wm_on_top_resumed_lost_called: [256434119,com.microsoft.ruby.Main,topStateChangedWhenResumed]
03-14 04:39:18.761 2598 2598 I wm_on_top_resumed_gained_called: [194529402,com.android.launcher3.uioverrides.QuickstepLauncher,topStateChangedWhenResumed]
03-14 04:39:18.766 954 1638 I input_focus: [Focus leaving 3c94ad5 com.microsoft.emmx/com.microsoft.ruby.Main (server),reason=NOT_VISIBLE]
03-14 04:39:18.773 6630 6630 I wm_on_paused_called: [256434119,com.microsoft.ruby.Main,performPause]
03-14 04:39:18.774 954 4509 I wm_destroy_activity: [0,256434119,52,com.microsoft.emmx/com.microsoft.ruby.Main,finish-imm:completePausedLocked]
03-14 04:39:18.776 954 1046 I sysui_multi_action: [757,803,799,window_time_0,802,0]
03-14 04:39:18.782 954 1638 I input_focus: [Focus entering fca4b77 com.android.launcher3/com.android.launcher3.uioverrides.QuickstepLauncher (server),reason=setFocusedWindow]
03-14 04:39:18.840 6630 6630 I wm_on_stop_called: [256434119,com.microsoft.ruby.Main,LIFECYCLER_STOP_ACTIVITY]
03-14 04:39:18.860 954 12775 I am_kill : [0,13723,com.microsoft.emmx:sandboxed_process0:org.chromium.content.app.SandboxedProcessService0:28,0,isolated not needed]
03-14 04:39:18.868 6630 6630 I wm_on_destroy_called: [256434119,com.microsoft.ruby.Main,performDestroy]
03-14 04:39:18.872 954 12775 I wm_task_removed: [52,removeChild:removeChild last r=ActivityRecord{f48dfc7 u0 com.microsoft.emmx/com.microsoft.ruby.Main t-1 f}} in t=Task{2729d06 #52 type=standard A=10033:com.microsoft.emmx U=0 visible=false mode=freeform translucent=true sz=0}]
03-14 04:39:18.872 954 12775 I wm_task_removed: [52,removeChild]
03-14 04:39:18.882 954 4590 I am_kill : [0,13752,com.microsoft.emmx:sandboxed_process0:org.chromium.content.app.SandboxedProcessService0:29,0,isolated not needed]
03-14 04:39:18.891 954 4590 I am_proc_died: [0,13723,com.microsoft.emmx:sandboxed_process0:org.chromium.content.app.SandboxedProcessService0:28,0,10]
03-14 04:39:18.891 954 4590 I am_uid_stopped: 90000
01-01 08:54:12.116 0 0 I binder : undelivered transaction 969411, process died.
01-01 08:54:12.116 0 0 I binder : undelivered transaction 969415, process died.
01-01 08:54:12.116 0 0 I binder : undelivered transaction 969410, process died.
03-14 04:39:18.910 954 4590 I am_proc_died: [0,13752,com.microsoft.emmx:sandboxed_process0:org.chromium.content.app.SandboxedProcessService0:29,0,10]
03-14 04:39:18.910 954 4590 I am_uid_stopped: 90001
03-14 04:39:18.927 979 979 I auditd : type=1400 audit(0.0:8214): avc: denied { add_name } for comm="perf@2.2-servic" name="force_rail_on" scontext=u:r:vendor_hal_perf_default:s0 tcontext=u:object_r:vendor_sysfs_kgsl:s0 tclass=dir permissive=1
03-14 04:39:18.927 979 979 I auditd : type=1400 audit(0.0:8215): avc: denied { create } for comm="perf@2.2-servic" name="force_rail_on" scontext=u:r:vendor_hal_perf_default:s0 tcontext=u:object_r:vendor_sysfs_kgsl:s0 tclass=file permissive=1
03-14 04:39:18.927 979 979 I auditd : type=1400 audit(0.0:8216): avc: denied { add_name } for comm="perf@2.2-servic" name="min_freq" scontext=u:r:vendor_hal_perf_default:s0 tcontext=u:object_r:vendor_sysfs_devfreq:s0 tclass=dir permissive=1
03-14 04:39:18.927 979 979 I auditd : type=1400 audit(0.0:8217): avc: denied { create } for comm="perf@2.2-servic" name="min_freq" scontext=u:r:vendor_hal_perf_default:s0 tcontext=u:object_r:vendor_sysfs_devfreq:s0 tclass=file permissive=1
03-14 04:39:18.927 979 979 I auditd : type=1400 audit(0.0:8218): avc: denied { add_name } for comm="perf@2.2-servic" name="clkscale_enable" scontext=u:r:vendor_hal_perf_default:s0 tcontext=u:object_r:sysfs:s0 tclass=dir permissive=1
03-14 04:39:18.927 979 979 I auditd : type=1400 audit(0.0:8219): avc: denied { create } for comm="perf@2.2-servic" name="clkscale_enable" scontext=u:r:vendor_hal_perf_default:s0 tcontext=u:object_r:sysfs:s0 tclass=file permissive=1
03-14 04:39:18.927 979 979 I auditd : type=1400 audit(0.0:8220): avc: denied { add_name } for comm="perf@2.2-servic" name="cpu_min_freq" scontext=u:r:vendor_hal_perf_default:s0 tcontext=u:object_r:vendor_sysfs_msm_perf:s0 tclass=dir permissive=1
03-14 04:39:18.927 979 979 I auditd : type=1400 audit(0.0:8221): avc: denied { create } for comm="perf@2.2-servic" name="cpu_min_freq" scontext=u:r:vendor_hal_perf_default:s0 tcontext=u:object_r:vendor_sysfs_msm_perf:s0 tclass=file permissive=1
03-14 04:39:20.285 954 1064 I sysui_multi_action: [757,1717,758,1,759,0]
03-14 04:39:20.286 954 1064 I sysui_multi_action: [757,1717,758,2,759,0]
03-14 04:39:20.286 954 1064 I sysui_multi_action: [757,1717,758,3,759,0]
01-01 08:54:14.414 0 0 E msm_pcm_playback_close: CMD_EOS failed, cmd_pending 0x8
01-01 08:54:14.427 0 0 I afe_close: port_id = 0x9000
01-01 08:54:14.450 0 0 I afe_find_cal_topo_id_by_port: port id: 0x9000, dev_acdb_id: 0
01-01 08:54:14.450 0 0 I afe_find_cal_topo_id_by_port: top_id:112fc acdb_id:15 afe_port:0x9000
01-01 08:54:14.450 0 0 I afe_get_cal_topology_id: port_id = 0x9000 acdb_id = 15 topology_id = 0x112fc cal_type_index=8 ret=0
01-01 08:54:14.450 0 0 I afe_send_port_topology_id: AFE set topology id 0x112fc enable for port 0x9000 ret 0
01-01 08:54:14.450 0 0 I send_afe_cal_type: cal_index is 0
01-01 08:54:14.450 0 0 I send_afe_cal_type: dev_acdb_id[55] is 0
01-01 08:54:14.450 0 0 I send_afe_cal_type: Sending cal_index cal 0
01-01 08:54:14.450 0 0 E send_afe_cal_type: No cal sent for cal_index 0, port_id = 0x9000! ret -22
01-01 08:54:14.458 0 0 I afe_send_hw_delay: port_id 0x9000 rate 48000 delay_usec 474 status 0
01-01 08:54:14.664 0 0 I msm_vidc: err : ffffffff: .....: DBLP Set: status 0
01-01 08:54:15.870 0 0 I [soft_i][0xd1f7508bb][04:39:22.645200] wlan: [0:I:QDF] ARP-RS TX: SA:b2:69:a0:5d:ba:36 DA:d6:44:3b:15:39:91 msdu_id:169 status: nack
01-01 08:54:16.518 0 0 E DTC_ETH,link_delay_work_func: 3003, SQI=0, link=0
03-14 04:39:23.907 954 954 I auditd : type=1400 audit(0.0:8222): avc: denied { getpgid } for comm="ActivityManager" scontext=u:r:system_server:s0 tcontext=u:r:app_zygote:s0:c512,c768 tclass=process permissive=1
03-14 04:39:26.626 954 2041 I ntp_failure: [time.android.com/2001:4860:4806:4::,java.net.SocketTimeoutException: Poll timed out]
01-01 08:54:21.638 0 0 E DTC_ETH,link_delay_work_func: 3003, SQI=0, link=0
03-14 04:39:31.635 954 2041 I ntp_failure: [time.android.com/2001:4860:4806:8::,java.net.SocketTimeoutException: Poll timed out]
01-01 08:54:24.910 0 0 E msm_pcm_playback_close: CMD_EOS failed, cmd_pending 0x8
01-01 08:54:24.924 0 0 I afe_close: port_id = 0x9000
01-01 08:54:24.946 0 0 I afe_find_cal_topo_id_by_port: port id: 0x9000, dev_acdb_id: 0
01-01 08:54:24.946 0 0 I afe_find_cal_topo_id_by_port: top_id:112fc acdb_id:15 afe_port:0x9000
01-01 08:54:24.946 0 0 I afe_get_cal_topology_id: port_id = 0x9000 acdb_id = 15 topology_id = 0x112fc cal_type_index=8 ret=0
01-01 08:54:24.946 0 0 I afe_send_port_topology_id: AFE set topology id 0x112fc enable for port 0x9000 ret 0
01-01 08:54:24.946 0 0 I send_afe_cal_type: cal_index is 0
01-01 08:54:24.946 0 0 I send_afe_cal_type: dev_acdb_id[55] is 0
01-01 08:54:24.946 0 0 I send_afe_cal_type: Sending cal_index cal 0
01-01 08:54:24.946 0 0 E send_afe_cal_type: No cal sent for cal_index 0, port_id = 0x9000! ret -22
01-01 08:54:24.955 0 0 I afe_send_hw_delay: port_id 0x9000 rate 48000 delay_usec 474 status 0
01-01 08:54:26.758 0 0 E DTC_ETH,link_delay_work_func: 3003, SQI=0, link=0
03-14 04:39:36.645 954 2041 I ntp_failure: [time.android.com/2001:4860:4806::,java.net.SocketTimeoutException: Poll timed out]
01-01 08:54:31.878 0 0 E DTC_ETH,link_delay_work_func: 3003, SQI=0, link=0
03-14 04:39:41.654 954 2041 I ntp_failure: [time.android.com/2001:4860:4806:c::,java.net.SocketTimeoutException: Poll timed out]
01-01 08:54:35.406 0 0 E msm_pcm_playback_close: CMD_EOS failed, cmd_pending 0x8
01-01 08:54:35.419 0 0 I afe_close: port_id = 0x9000
01-01 08:54:35.442 0 0 I afe_find_cal_topo_id_by_port: port id: 0x9000, dev_acdb_id: 0
01-01 08:54:35.442 0 0 I afe_find_cal_topo_id_by_port: top_id:112fc acdb_id:15 afe_port:0x9000
01-01 08:54:35.443 0 0 I afe_get_cal_topology_id: port_id = 0x9000 acdb_id = 15 topology_id = 0x112fc cal_type_index=8 ret=0
01-01 08:54:35.443 0 0 I afe_send_port_topology_id: AFE set topology id 0x112fc enable for port 0x9000 ret 0
01-01 08:54:35.443 0 0 I send_afe_cal_type: cal_index is 0
01-01 08:54:35.443 0 0 I send_afe_cal_type: dev_acdb_id[55] is 0
01-01 08:54:35.443 0 0 I send_afe_cal_type: Sending cal_index cal 0
01-01 08:54:35.443 0 0 E send_afe_cal_type: No cal sent for cal_index 0, port_id = 0x9000! ret -22
01-01 08:54:35.451 0 0 I afe_send_hw_delay: port_id 0x9000 rate 48000 delay_usec 474 status 0
03-14 04:39:43.486 954 1066 I am_uid_idle: 10062
01-01 08:54:36.998 0 0 E DTC_ETH,link_delay_work_func: 3003, SQI=0, link=0
03-14 04:39:46.661 954 2041 I ntp_failure: [time.android.com/216.239.35.0,java.net.SocketTimeoutException: Poll timed out]
01-01 08:54:41.704 0 0 I msm_vidc: err : ffffffff: .....: DBLP Set: status 0
01-01 08:54:42.118 0 0 E DTC_ETH,link_delay_work_func: 3003, SQI=0, link=0
01-01 08:54:44.712 0 0 I msm_vidc: err : ffffffff: .....: DBLP Set: status 0
03-14 04:39:51.669 954 2041 I ntp_failure: [time.android.com/216.239.35.4,java.net.SocketTimeoutException: Poll timed out]
01-01 08:54:45.902 0 0 E msm_pcm_playback_close: CMD_EOS failed, cmd_pending 0x8
01-01 08:54:45.915 0 0 I afe_close: port_id = 0x9000
01-01 08:54:45.937 0 0 I afe_find_cal_topo_id_by_port: port id: 0x9000, dev_acdb_id: 0
01-01 08:54:45.937 0 0 I afe_find_cal_topo_id_by_port: top_id:112fc acdb_id:15 afe_port:0x9000
01-01 08:54:45.937 0 0 I afe_get_cal_topology_id: port_id = 0x9000 acdb_id = 15 topology_id = 0x112fc cal_type_index=8 ret=0
01-01 08:54:45.938 0 0 I afe_send_port_topology_id: AFE set topology id 0x112fc enable for port 0x9000 ret 0
01-01 08:54:45.938 0 0 I send_afe_cal_type: cal_index is 0
01-01 08:54:45.938 0 0 I send_afe_cal_type: dev_acdb_id[55] is 0
01-01 08:54:45.938 0 0 I send_afe_cal_type: Sending cal_index cal 0
01-01 08:54:45.938 0 0 E send_afe_cal_type: No cal sent for cal_index 0, port_id = 0x9000! ret -22
01-01 08:54:45.946 0 0 I afe_send_hw_delay: port_id 0x9000 rate 48000 delay_usec 474 status 0
01-01 08:54:47.238 0 0 E DTC_ETH,link_delay_work_func: 3003, SQI=0, link=0
03-14 04:39:56.679 954 2041 I ntp_failure: [time.android.com/216.239.35.12,java.net.SocketTimeoutException: Poll timed out]
01-01 08:54:52.358 0 0 E DTC_ETH,link_delay_work_func: 3003, SQI=0, link=0
03-14 04:40:00.242 954 1064 I am_pss : [3380,10024,com.baidu.input,83397632,72560640,11264,214319104,0,7,18]
03-14 04:40:00.256 954 1064 I am_pss : [7666,10097,cn.kuwo.player:pushservice,189048832,180801536,195584,283869184,0,10,13]
03-14 04:40:00.267 954 1064 I am_pss : [7491,10097,cn.kuwo.player:service,198309888,189247488,4393984,264409088,0,10,10]
03-14 04:40:00.278 954 1064 I am_pss : [1986,1002,com.android.bluetooth,28514304,24133632,11264,136298496,0,0,9]
03-14 04:40:00.286 954 1064 I am_pss : [2490,10092,android.ext.services,15014912,7442432,11264,127807488,0,5,8]
03-14 04:40:00.292 954 1064 I am_pss : [3112,10071,com.qualcomm.location.XT,5995520,4177920,12288,90329088,0,6,5]
03-14 04:40:00.298 954 1064 I am_pss : [2275,1001,.dataservices,7538688,5660672,12288,91873280,0,0,5]
03-14 04:40:00.306 954 1064 I am_pss : [2068,1073,com.android.networkstack.process,26255360,23875584,11264,118398976,0,0,7]
03-14 04:40:00.321 954 1064 I am_pss : [2007,10078,com.android.systemui,173939712,160014336,11264,331145216,0,0,14]
03-14 04:40:00.344 954 1064 I am_pss : [954,1000,system,209179648,129286144,10240,523784192,0,0,21]
03-14 04:40:01.686 954 2041 I ntp_failure: [time.android.com/216.239.35.8,java.net.SocketTimeoutException: Poll timed out]
01-01 08:54:56.398 0 0 E msm_pcm_playback_close: CMD_EOS failed, cmd_pending 0x8
01-01 08:54:56.411 0 0 I afe_close: port_id = 0x9000
01-01 08:54:56.436 0 0 I afe_find_cal_topo_id_by_port: port id: 0x9000, dev_acdb_id: 0
01-01 08:54:56.436 0 0 I afe_find_cal_topo_id_by_port: top_id:112fc acdb_id:15 afe_port:0x9000
01-01 08:54:56.436 0 0 I afe_get_cal_topology_id: port_id = 0x9000 acdb_id = 15 topology_id = 0x112fc cal_type_index=8 ret=0
01-01 08:54:56.436 0 0 I afe_send_port_topology_id: AFE set topology id 0x112fc enable for port 0x9000 ret 0
01-01 08:54:56.436 0 0 I send_afe_cal_type: cal_index is 0
01-01 08:54:56.436 0 0 I send_afe_cal_type: dev_acdb_id[55] is 0
01-01 08:54:56.436 0 0 I send_afe_cal_type: Sending cal_index cal 0
01-01 08:54:56.436 0 0 E send_afe_cal_type: No cal sent for cal_index 0, port_id = 0x9000! ret -22
01-01 08:54:56.444 0 0 I afe_send_hw_delay: port_id 0x9000 rate 48000 delay_usec 474 status 0
01-01 08:54:56.840 0 0 I msm_vidc: err : ffffffff: .....: DBLP Set: status 0
01-01 08:54:57.478 0 0 E DTC_ETH,link_delay_work_func: 3003, SQI=0, link=0
01-01 08:54:59.177 0 0 I binder : 954:1612 ioctl 400c620e 7af8e5c5d8 returned -22
01-01 08:54:59.180 0 0 I binder : 954:1612 ioctl c00c620f 7af8e5c5b8 returned -22
03-14 04:40:05.955 954 1612 I am_freeze: [5985,android:ui]
03-14 04:40:05.959 954 1612 I am_kill : [0,5985,android:ui,995,Unable to freeze binder interface]
03-14 04:40:05.994 954 2215 I am_proc_died: [0,5985,android:ui,995,19]
03-14 04:40:06.002 954 1064 I am_pss : [5716,10032,com.android.musicfx,7631872,2588672,4083712,56713216,0,19,5]
03-14 04:40:06.009 954 1064 I am_pss : [2470,1000,com.qualcomm.qti.qdma,15305728,12369920,11264,113590272,0,0,6]
03-14 04:40:06.014 954 1064 I am_pss : [2380,1068,com.android.se,5688320,3899392,12288,88510464,0,0,4]
03-14 04:40:06.018 954 1064 I am_pss : [2338,1000,vendor.qti.qesdk.sysservice,5489664,3694592,12288,88231936,0,0,4]
03-14 04:40:06.023 954 1064 I am_pss : [2360,10080,com.qti.qualcomm.mstatssystemservice,5422080,3682304,12288,86708224,0,0,4]
03-14 04:40:06.028 954 1064 I am_pss : [2398,1000,com.thundercomm.tcservice,7707648,5869568,12288,92274688,0,0,5]
03-14 04:40:06.033 954 1064 I am_pss : [2383,1000,com.thundercomm.remotecontrolservice,12879872,10899456,12288,97820672,0,0,5]
03-14 04:40:06.038 954 1064 I am_pss : [2322,1000,com.thundercomm.tcsetupwizard,5619712,3887104,12288,86708224,0,0,4]
03-14 04:40:06.043 954 1064 I am_pss : [2305,1000,com.tc.logclient,6705152,4771840,12288,93241344,0,0,4]
03-14 04:40:06.048 954 1064 I am_pss : [2298,1000,com.thundercomm.tchttpserver,6180864,4403200,12288,88891392,0,0,5]
03-14 04:40:06.053 954 1064 I am_pss : [2285,10055,.qtidataservices,5654528,3883008,12288,87822336,0,0,5]
03-14 04:40:06.058 954 1064 I am_pss : [2251,1000,com.thundercomm.microsettings,11281408,5652480,12288,105193472,0,0,5]
03-14 04:40:06.063 954 1064 I am_pss : [2239,1000,com.thundercomm.microservice,6413312,4628480,12288,89575424,0,0,4]
03-14 04:40:06.070 954 1064 I am_pss : [2221,1000,com.thundercomm.gamemode,26683392,22761472,11264,128630784,0,0,6]
01-01 08:54:59.912 0 0 I msm_vidc: err : ffffffff: .....: DBLP Set: status 0
01-01 08:55:02.598 0 0 E DTC_ETH,link_delay_work_func: 3003, SQI=0, link=0
01-01 08:55:02.888 0 0 I msm_vidc: err : ffffffff: .....: DBLP Set: status 0
03-14 04:40:11.766 954 1123 I sysui_multi_action: [757,1696,758,6,759,2]
03-14 04:40:11.772 954 1066 I am_wtf : [0,954,system_server,-1,DisplayDeviceConfig,requesting nits when no mapping exists.]
03-14 04:40:11.776 954 1066 I am_wtf : [0,954,system_server,-1,DisplayDeviceConfig,requesting nits when no mapping exists.]
03-14 04:40:11.788 954 1066 I am_wtf : [0,954,system_server,-1,DisplayDeviceConfig,requesting nits when no mapping exists.]
03-14 04:40:11.790 954 1066 I am_wtf : [0,954,system_server,-1,DisplayDeviceConfig,requesting nits when no mapping exists.]
03-14 04:40:11.806 954 1066 I am_wtf : [0,954,system_server,-1,DisplayDeviceConfig,requesting nits when no mapping exists.]
03-14 04:40:11.808 954 1066 I am_wtf : [0,954,system_server,-1,DisplayDeviceConfig,requesting nits when no mapping exists.]
03-14 04:40:11.822 954 1066 I am_wtf : [0,954,system_server,-1,DisplayDeviceConfig,requesting nits when no mapping exists.]
03-14 04:40:11.823 954 1066 I am_wtf : [0,954,system_server,-1,DisplayDeviceConfig,requesting nits when no mapping exists.]
03-14 04:40:11.839 954 1066 I am_wtf : [0,954,system_server,-1,DisplayDeviceConfig,requesting nits when no mapping exists.]
03-14 04:40:11.839 954 1066 I am_wtf : [0,954,system_server,-1,DisplayDeviceConfig,requesting nits when no mapping exists.]
03-14 04:40:11.855 954 1066 I am_wtf : [0,954,system_server,-1,DisplayDeviceConfig,requesting nits when no mapping exists.]
03-14 04:40:11.856 954 1066 I am_wtf : [0,954,system_server,-1,DisplayDeviceConfig,requesting nits when no mapping exists.]
03-14 04:40:11.872 954 1066 I am_wtf : [0,954,system_server,-1,DisplayDeviceConfig,requesting nits when no mapping exists.]
03-14 04:40:11.873 954 1066 I am_wtf : [0,954,system_server,-1,DisplayDeviceConfig,requesting nits when no mapping exists.]
03-14 04:40:11.889 954 1066 I am_wtf : [0,954,system_server,-1,DisplayDeviceConfig,requesting nits when no mapping exists.]
03-14 04:40:11.890 954 1066 I am_wtf : [0,954,system_server,-1,DisplayDeviceConfig,requesting nits when no mapping exists.]
03-14 04:40:11.906 954 1066 I am_wtf : [0,954,system_server,-1,DisplayDeviceConfig,requesting nits when no mapping exists.]
03-14 04:40:11.907 954 1066 I am_wtf : [0,954,system_server,-1,DisplayDeviceConfig,requesting nits when no mapping exists.]
03-14 04:40:11.922 954 1066 I am_wtf : [0,954,system_server,-1,DisplayDeviceConfig,requesting nits when no mapping exists.]
03-14 04:40:11.923 954 1066 I am_wtf : [0,954,system_server,-1,DisplayDeviceConfig,requesting nits when no mapping exists.]
03-14 04:40:11.939 954 1066 I am_wtf : [0,954,system_server,-1,DisplayDeviceConfig,requesting nits when no mapping exists.]
03-14 04:40:11.940 954 1066 I am_wtf : [0,954,system_server,-1,DisplayDeviceConfig,requesting nits when no mapping exists.]
03-14 04:40:11.956 954 1066 I am_wtf : [0,954,system_server,-1,DisplayDeviceConfig,requesting nits when no mapping exists.]
03-14 04:40:11.957 954 1066 I am_wtf : [0,954,system_server,-1,DisplayDeviceConfig,requesting nits when no mapping exists.]
03-14 04:40:11.972 954 1066 I am_wtf : [0,954,system_server,-1,DisplayDeviceConfig,requesting nits when no mapping exists.]
03-14 04:40:11.973 954 1066 I am_wtf : [0,954,system_server,-1,DisplayDeviceConfig,requesting nits when no mapping exists.]
03-14 04:40:11.989 954 1066 I am_wtf : [0,954,system_server,-1,DisplayDeviceConfig,requesting nits when no mapping exists.]
03-14 04:40:11.990 954 1066 I am_wtf : [0,954,system_server,-1,DisplayDeviceConfig,requesting nits when no mapping exists.]
03-14 04:40:12.006 954 1066 I am_wtf : [0,954,system_server,-1,DisplayDeviceConfig,requesting nits when no mapping exists.]
03-14 04:40:12.006 954 1066 I am_wtf : [0,954,system_server,-1,DisplayDeviceConfig,requesting nits when no mapping exists.]
03-14 04:40:12.022 954 1066 I am_wtf : [0,954,system_server,-1,DisplayDeviceConfig,requesting nits when no mapping exists.]
03-14 04:40:12.023 954 1066 I am_wtf : [0,954,system_server,-1,DisplayDeviceConfig,requesting nits when no mapping exists.]
03-14 04:40:12.039 954 1066 I am_wtf : [0,954,system_server,-1,DisplayDeviceConfig,requesting nits when no mapping exists.]
03-14 04:40:12.040 954 1066 I am_wtf : [0,954,system_server,-1,DisplayDeviceConfig,requesting nits when no mapping exists.]
03-14 04:40:12.056 954 1066 I am_wtf : [0,954,system_server,-1,DisplayDeviceConfig,requesting nits when no mapping exists.]
03-14 04:40:12.057 954 1066 I am_wtf : [0,954,system_server,-1,DisplayDeviceConfig,requesting nits when no mapping exists.]
03-14 04:40:12.073 954 1066 I am_wtf : [0,954,system_server,-1,DisplayDeviceConfig,requesting nits when no mapping exists.]
03-14 04:40:12.074 954 1066 I am_wtf : [0,954,system_server,-1,DisplayDeviceConfig,requesting nits when no mapping exists.]
03-14 04:40:12.090 954 1066 I am_wtf : [0,954,system_server,-1,DisplayDeviceConfig,requesting nits when no mapping exists.]
03-14 04:40:12.091 954 1066 I am_wtf : [0,954,system_server,-1,DisplayDeviceConfig,requesting nits when no mapping exists.]
03-14 04:40:12.106 954 1066 I am_wtf : [0,954,system_server,-1,DisplayDeviceConfig,requesting nits when no mapping exists.]
03-14 04:40:12.107 954 1066 I am_wtf : [0,954,system_server,-1,DisplayDeviceConfig,requesting nits when no mapping exists.]
03-14 04:40:12.123 954 1066 I am_wtf : [0,954,system_server,-1,DisplayDeviceConfig,requesting nits when no mapping exists.]
03-14 04:40:12.124 954 1066 I am_wtf : [0,954,system_server,-1,DisplayDeviceConfig,requesting nits when no mapping exists.]
03-14 04:40:12.140 954 1066 I am_wtf : [0,954,system_server,-1,DisplayDeviceConfig,requesting nits when no mapping exists.]
03-14 04:40:12.141 954 1066 I am_wtf : [0,954,system_server,-1,DisplayDeviceConfig,requesting nits when no mapping exists.]
03-14 04:40:12.156 954 1066 I am_wtf : [0,954,system_server,-1,DisplayDeviceConfig,requesting nits when no mapping exists.]
03-14 04:40:12.157 954 1066 I am_wtf : [0,954,system_server,-1,DisplayDeviceConfig,requesting nits when no mapping exists.]
03-14 04:40:12.173 954 1066 I am_wtf : [0,954,system_server,-1,DisplayDeviceConfig,requesting nits when no mapping exists.]
03-14 04:40:12.174 954 1066 I am_wtf : [0,954,system_server,-1,DisplayDeviceConfig,requesting nits when no mapping exists.]
03-14 04:40:12.190 954 1066 I am_wtf : [0,954,system_server,-1,DisplayDeviceConfig,requesting nits when no mapping exists.]
03-14 04:40:12.190 954 1066 I am_wtf : [0,954,system_server,-1,DisplayDeviceConfig,requesting nits when no mapping exists.]
03-14 04:40:12.206 954 1066 I am_wtf : [0,954,system_server,-1,DisplayDeviceConfig,requesting nits when no mapping exists.]
03-14 04:40:12.207 954 1066 I am_wtf : [0,954,system_server,-1,DisplayDeviceConfig,requesting nits when no mapping exists.]
03-14 04:40:12.223 954 1066 I am_wtf : [0,954,system_server,-1,DisplayDeviceConfig,requesting nits when no mapping exists.]
03-14 04:40:12.224 954 1066 I am_wtf : [0,954,system_server,-1,DisplayDeviceConfig,requesting nits when no mapping exists.]
03-14 04:40:12.240 954 1066 I am_wtf : [0,954,system_server,-1,DisplayDeviceConfig,requesting nits when no mapping exists.]
03-14 04:40:12.240 954 1066 I am_wtf : [0,954,system_server,-1,DisplayDeviceConfig,requesting nits when no mapping exists.]
03-14 04:40:12.256 954 1066 I am_wtf : [0,954,system_server,-1,DisplayDeviceConfig,requesting nits when no mapping exists.]
03-14 04:40:12.257 954 1066 I am_wtf : [0,954,system_server,-1,DisplayDeviceConfig,requesting nits when no mapping exists.]
03-14 04:40:12.273 954 1066 I am_wtf : [0,954,system_server,-1,DisplayDeviceConfig,requesting nits when no mapping exists.]
03-14 04:40:12.274 954 1066 I am_wtf : [0,954,system_server,-1,DisplayDeviceConfig,requesting nits when no mapping exists.]
03-14 04:40:12.290 954 1066 I am_wtf : [0,954,system_server,-1,DisplayDeviceConfig,requesting nits when no mapping exists.]
03-14 04:40:12.291 954 1066 I am_wtf : [0,954,system_server,-1,DisplayDeviceConfig,requesting nits when no mapping exists.]
03-14 04:40:12.307 954 1066 I am_wtf : [0,954,system_server,-1,DisplayDeviceConfig,requesting nits when no mapping exists.]
03-14 04:40:12.308 954 1066 I am_wtf : [0,954,system_server,-1,DisplayDeviceConfig,requesting nits when no mapping exists.]
03-14 04:40:12.323 954 1066 I am_wtf : [0,954,system_server,-1,DisplayDeviceConfig,requesting nits when no mapping exists.]
03-14 04:40:12.324 954 1066 I service_manager_stats: [100,57,91003]
03-14 04:40:12.324 954 1066 I am_wtf : [0,954,system_server,-1,DisplayDeviceConfig,requesting nits when no mapping exists.]
03-14 04:40:12.340 954 1066 I am_wtf : [0,954,system_server,-1,DisplayDeviceConfig,requesting nits when no mapping exists.]
03-14 04:40:12.341 954 1066 I am_wtf : [0,954,system_server,-1,DisplayDeviceConfig,requesting nits when no mapping exists.]
03-14 04:40:12.356 954 1066 I am_wtf : [0,954,system_server,-1,DisplayDeviceConfig,requesting nits when no mapping exists.]
03-14 04:40:12.357 954 1066 I am_wtf : [0,954,system_server,-1,DisplayDeviceConfig,requesting nits when no mapping exists.]
03-14 04:40:12.373 954 1066 I am_wtf : [0,954,system_server,-1,DisplayDeviceConfig,requesting nits when no mapping exists.]
03-14 04:40:12.374 954 1066 I am_wtf : [0,954,system_server,-1,DisplayDeviceConfig,requesting nits when no mapping exists.]
03-14 04:40:12.390 954 1066 I am_wtf : [0,954,system_server,-1,DisplayDeviceConfig,requesting nits when no mapping exists.]
03-14 04:40:12.391 954 1066 I am_wtf : [0,954,system_server,-1,DisplayDeviceConfig,requesting nits when no mapping exists.]
03-14 04:40:12.407 954 1066 I am_wtf : [0,954,system_server,-1,DisplayDeviceConfig,requesting nits when no mapping exists.]
03-14 04:40:12.407 954 1066 I am_wtf : [0,954,system_server,-1,DisplayDeviceConfig,requesting nits when no mapping exists.]
03-14 04:40:12.423 954 1066 I am_wtf : [0,954,system_server,-1,DisplayDeviceConfig,requesting nits when no mapping exists.]
03-14 04:40:12.424 954 1066 I am_wtf : [0,954,system_server,-1,DisplayDeviceConfig,requesting nits when no mapping exists.]
03-14 04:40:12.440 954 1066 I am_wtf : [0,954,system_server,-1,DisplayDeviceConfig,requesting nits when no mapping exists.]
03-14 04:40:12.441 954 1066 I am_wtf : [0,954,system_server,-1,DisplayDeviceConfig,requesting nits when no mapping exists.]
03-14 04:40:12.457 954 1066 I am_wtf : [0,954,system_server,-1,DisplayDeviceConfig,requesting nits when no mapping exists.]
03-14 04:40:12.458 954 1066 I am_wtf : [0,954,system_server,-1,DisplayDeviceConfig,requesting nits when no mapping exists.]
03-14 04:40:12.474 954 1066 I am_wtf : [0,954,system_server,-1,DisplayDeviceConfig,requesting nits when no mapping exists.]
03-14 04:40:12.475 954 1066 I am_wtf : [0,954,system_server,-1,DisplayDeviceConfig,requesting nits when no mapping exists.]
03-14 04:40:12.491 954 1066 I am_wtf : [0,954,system_server,-1,DisplayDeviceConfig,requesting nits when no mapping exists.]
03-14 04:40:12.492 954 1066 I am_wtf : [0,954,system_server,-1,DisplayDeviceConfig,requesting nits when no mapping exists.]
03-14 04:40:12.507 954 1066 I am_wtf : [0,954,system_server,-1,DisplayDeviceConfig,requesting nits when no mapping exists.]
03-14 04:40:12.508 954 1066 I am_wtf : [0,954,system_server,-1,DisplayDeviceConfig,requesting nits when no mapping exists.]
03-14 04:40:12.524 954 1066 I am_wtf : [0,954,system_server,-1,DisplayDeviceConfig,requesting nits when no mapping exists.]
03-14 04:40:12.525 954 1066 I am_wtf : [0,954,system_server,-1,DisplayDeviceConfig,requesting nits when no mapping exists.]
03-14 04:40:12.541 954 1066 I am_wtf : [0,954,system_server,-1,DisplayDeviceConfig,requesting nits when no mapping exists.]
03-14 04:40:12.541 954 1066 I am_wtf : [0,954,system_server,-1,DisplayDeviceConfig,requesting nits when no mapping exists.]
03-14 04:40:12.557 954 1066 I am_wtf : [0,954,system_server,-1,DisplayDeviceConfig,requesting nits when no mapping exists.]
03-14 04:40:12.558 954 1066 I am_wtf : [0,954,system_server,-1,DisplayDeviceConfig,requesting nits when no mapping exists.]
03-14 04:40:12.574 954 1066 I am_wtf : [0,954,system_server,-1,DisplayDeviceConfig,requesting nits when no mapping exists.]
03-14 04:40:12.575 954 1066 I am_wtf : [0,954,system_server,-1,DisplayDeviceConfig,requesting nits when no mapping exists.]
03-14 04:40:12.590 954 1066 I am_wtf : [0,954,system_server,-1,DisplayDeviceConfig,requesting nits when no mapping exists.]
03-14 04:40:12.591 954 1066 I am_wtf : [0,954,system_server,-1,DisplayDeviceConfig,requesting nits when no mapping exists.]
03-14 04:40:12.607 954 1066 I am_wtf : [0,954,system_server,-1,DisplayDeviceConfig,requesting nits when no mapping exists.]
03-14 04:40:12.608 954 1066 I am_wtf : [0,954,system_server,-1,DisplayDeviceConfig,requesting nits when no mapping exists.]
03-14 04:40:12.624 954 1066 I am_wtf : [0,954,system_server,-1,DisplayDeviceConfig,requesting nits when no mapping exists.]
03-14 04:40:12.625 954 1066 I am_wtf : [0,954,system_server,-1,DisplayDeviceConfig,requesting nits when no mapping exists.]
03-14 04:40:12.641 954 1066 I am_wtf : [0,954,system_server,-1,DisplayDeviceConfig,requesting nits when no mapping exists.]
03-14 04:40:12.642 954 1066 I am_wtf : [0,954,system_server,-1,DisplayDeviceConfig,requesting nits when no mapping exists.]
03-14 04:40:12.658 954 1066 I am_wtf : [0,954,system_server,-1,DisplayDeviceConfig,requesting nits when no mapping exists.]
03-14 04:40:12.658 954 1066 I am_wtf : [0,954,system_server,-1,DisplayDeviceConfig,requesting nits when no mapping exists.]
03-14 04:40:12.674 954 1066 I am_wtf : [0,954,system_server,-1,DisplayDeviceConfig,requesting nits when no mapping exists.]
03-14 04:40:12.675 954 1066 I am_wtf : [0,954,system_server,-1,DisplayDeviceConfig,requesting nits when no mapping exists.]
03-14 04:40:12.691 954 1066 I am_wtf : [0,954,system_server,-1,DisplayDeviceConfig,requesting nits when no mapping exists.]
03-14 04:40:12.692 954 1066 I am_wtf : [0,954,system_server,-1,DisplayDeviceConfig,requesting nits when no mapping exists.]
03-14 04:40:12.708 954 1066 I am_wtf : [0,954,system_server,-1,DisplayDeviceConfig,requesting nits when no mapping exists.]
03-14 04:40:12.708 954 1066 I am_wtf : [0,954,system_server,-1,DisplayDeviceConfig,requesting nits when no mapping exists.]
03-14 04:40:12.724 954 1066 I am_wtf : [0,954,system_server,-1,DisplayDeviceConfig,requesting nits when no mapping exists.]
03-14 04:40:12.725 954 1066 I am_wtf : [0,954,system_server,-1,DisplayDeviceConfig,requesting nits when no mapping exists.]
01-01 08:55:06.894 0 0 E msm_pcm_playback_close: CMD_EOS failed, cmd_pending 0x8
01-01 08:55:06.907 0 0 I afe_close: port_id = 0x9000
01-01 08:55:06.930 0 0 I afe_find_cal_topo_id_by_port: port id: 0x9000, dev_acdb_id: 0
01-01 08:55:06.930 0 0 I afe_find_cal_topo_id_by_port: top_id:112fc acdb_id:15 afe_port:0x9000
01-01 08:55:06.930 0 0 I afe_get_cal_topology_id: port_id = 0x9000 acdb_id = 15 topology_id = 0x112fc cal_type_index=8 ret=0
01-01 08:55:06.930 0 0 I afe_send_port_topology_id: AFE set topology id 0x112fc enable for port 0x9000 ret 0
01-01 08:55:06.930 0 0 I send_afe_cal_type: cal_index is 0
01-01 08:55:06.930 0 0 I send_afe_cal_type: dev_acdb_id[55] is 0
01-01 08:55:06.930 0 0 I send_afe_cal_type: Sending cal_index cal 0
01-01 08:55:06.930 0 0 E send_afe_cal_type: No cal sent for cal_index 0, port_id = 0x9000! ret -22
01-01 08:55:06.939 0 0 I afe_send_hw_delay: port_id 0x9000 rate 48000 delay_usec 474 status 0
01-01 08:55:07.718 0 0 E DTC_ETH,link_delay_work_func: 3003, SQI=0, link=0
03-14 04:40:18.772 954 1043 I sysui_multi_action: [757,222,758,1]
03-14 04:40:18.775 954 1043 I am_uid_running: 10050
03-14 04:40:18.780 954 1066 I am_uid_idle: 10033
03-14 04:40:18.799 954 1067 I am_proc_start: [0,13800,10050,com.thundercomm.screensaver,service,{com.thundercomm.screensaver/com.thundercomm.screensaver.service.SystemDream}]
01-01 08:55:12.051 0 0 I binder : 13800:13800 ioctl 40046210 7ffedd5de4 returned -22
03-14 04:40:18.832 954 2215 I am_proc_bound: [0,13800,com.thundercomm.screensaver]
03-14 04:40:18.835 954 2215 I am_uid_active: 10050
03-14 04:40:18.977 954 2215 I wm_task_created: [53,-1]
03-14 04:40:18.981 954 2215 I wm_task_moved: [53,1,6]
03-14 04:40:18.981 954 2215 I wm_task_to_front: [0,53]
03-14 04:40:18.981 954 2215 I wm_create_task: [0,53]
03-14 04:40:18.982 954 2215 I wm_create_activity: [0,243244313,53,com.thundercomm.screensaver/android.service.dreams.DreamActivity,NULL,NULL,NULL,276824064]
03-14 04:40:18.982 954 2215 I wm_task_moved: [53,1,6]
03-14 04:40:18.982 2598 2598 I wm_on_top_resumed_lost_called: [194529402,com.android.launcher3.uioverrides.QuickstepLauncher,topStateChangedWhenResumed]
03-14 04:40:18.982 954 2215 I wm_pause_activity: [0,194529402,com.android.launcher3/.uioverrides.QuickstepLauncher,userLeaving=true,pauseBackTasks]
03-14 04:40:18.984 2598 2598 I wm_on_paused_called: [194529402,com.android.launcher3.uioverrides.QuickstepLauncher,performPause]
03-14 04:40:18.985 954 2136 I wm_add_to_stopping: [0,194529402,com.android.launcher3/.uioverrides.QuickstepLauncher,makeInvisible]
03-14 04:40:18.985 954 2136 I wm_restart_activity: [0,243244313,53,com.thundercomm.screensaver/android.service.dreams.DreamActivity]
03-14 04:40:18.986 954 2136 I wm_set_resumed_activity: [0,com.thundercomm.screensaver/android.service.dreams.DreamActivity,minimalResumeActivityLocked]
03-14 04:40:18.989 954 1046 I sysui_multi_action: [757,803,799,window_time_0,802,60]
03-14 04:40:18.990 954 2136 I am_uid_active: 10062
03-14 04:40:18.993 13800 13800 I wm_on_create_called: [243244313,android.service.dreams.DreamActivity,performCreate]
03-14 04:40:18.993 13800 13800 I wm_on_start_called: [243244313,android.service.dreams.DreamActivity,handleStartActivity]
03-14 04:40:18.994 13800 13800 I wm_on_resume_called: [243244313,android.service.dreams.DreamActivity,RESUME_ACTIVITY]
03-14 04:40:18.999 13800 13800 I wm_on_top_resumed_gained_called: [243244313,android.service.dreams.DreamActivity,topStateChangedWhenResumed]
03-14 04:40:19.008 954 1638 I input_focus: [Focus leaving fca4b77 com.android.launcher3/com.android.launcher3.uioverrides.QuickstepLauncher (server),reason=NO_WINDOW]
03-14 04:40:19.025 954 1047 I input_focus: [Focus request 7741eb6 com.thundercomm.screensaver/android.service.dreams.DreamActivity,reason=UpdateInputWindows]
01-01 08:55:12.264 0 0 I binder : 13800:13824 ioctl 40046210 7b3a2b41f4 returned -22
03-14 04:40:19.050 954 1043 I sysui_multi_action: [319,76,322,75,325,2989,757,761,758,8,759,2,806,com.thundercomm.screensaver,871,android.service.dreams.DreamActivity,904,com.thundercomm.screensaver,905,0,1320,4,1321,2]
03-14 04:40:19.050 954 1123 I sysui_multi_action: [757,1696,758,6,759,3]
03-14 04:40:19.050 954 1043 I wm_activity_launch_time: [0,243244313,com.thundercomm.screensaver/android.service.dreams.DreamActivity,75]
03-14 04:40:19.057 954 1066 I am_wtf : [0,954,system_server,-1,DisplayDeviceConfig,requesting nits when no mapping exists.]
03-14 04:40:19.058 954 1066 I am_wtf : [0,954,system_server,-1,DisplayDeviceConfig,requesting nits when no mapping exists.]
03-14 04:40:19.059 954 1638 I input_focus: [Focus entering 7741eb6 com.thundercomm.screensaver/android.service.dreams.DreamActivity (server),reason=setFocusedWindow]
03-14 04:40:19.074 954 1066 I am_wtf : [0,954,system_server,-1,DisplayDeviceConfig,requesting nits when no mapping exists.]
03-14 04:40:19.074 954 1066 I am_wtf : [0,954,system_server,-1,DisplayDeviceConfig,requesting nits when no mapping exists.]
03-14 04:40:19.090 954 1066 I am_wtf : [0,954,system_server,-1,DisplayDeviceConfig,requesting nits when no mapping exists.]
03-14 04:40:19.091 954 1066 I am_wtf : [0,954,system_server,-1,DisplayDeviceConfig,requesting nits when no mapping exists.]
03-14 04:40:19.107 954 1066 I am_wtf : [0,954,system_server,-1,DisplayDeviceConfig,requesting nits when no mapping exists.]
03-14 04:40:19.108 954 1066 I am_wtf : [0,954,system_server,-1,DisplayDeviceConfig,requesting nits when no mapping exists.]
03-14 04:40:19.125 954 1066 I am_wtf : [0,954,system_server,-1,DisplayDeviceConfig,requesting nits when no mapping exists.]
03-14 04:40:19.125 954 1066 I am_wtf : [0,954,system_server,-1,DisplayDeviceConfig,requesting nits when no mapping exists.]
03-14 04:40:19.142 954 1066 I am_wtf : [0,954,system_server,-1,DisplayDeviceConfig,requesting nits when no mapping exists.]
03-14 04:40:19.142 954 1066 I am_wtf : [0,954,system_server,-1,DisplayDeviceConfig,requesting nits when no mapping exists.]
03-14 04:40:19.158 954 1066 I am_wtf : [0,954,system_server,-1,DisplayDeviceConfig,requesting nits when no mapping exists.]
03-14 04:40:19.158 954 1066 I am_wtf : [0,954,system_server,-1,DisplayDeviceConfig,requesting nits when no mapping exists.]
03-14 04:40:19.174 954 1066 I am_wtf : [0,954,system_server,-1,DisplayDeviceConfig,requesting nits when no mapping exists.]
03-14 04:40:19.175 954 1066 I am_wtf : [0,954,system_server,-1,DisplayDeviceConfig,requesting nits when no mapping exists.]
03-14 04:40:19.191 954 1066 I am_wtf : [0,954,system_server,-1,DisplayDeviceConfig,requesting nits when no mapping exists.]
03-14 04:40:19.191 954 1066 I am_wtf : [0,954,system_server,-1,DisplayDeviceConfig,requesting nits when no mapping exists.]
03-14 04:40:19.208 954 1066 I am_wtf : [0,954,system_server,-1,DisplayDeviceConfig,requesting nits when no mapping exists.]
03-14 04:40:19.208 954 1066 I am_wtf : [0,954,system_server,-1,DisplayDeviceConfig,requesting nits when no mapping exists.]
03-14 04:40:19.224 954 1066 I am_wtf : [0,954,system_server,-1,DisplayDeviceConfig,requesting nits when no mapping exists.]
03-14 04:40:19.225 954 1066 I am_wtf : [0,954,system_server,-1,DisplayDeviceConfig,requesting nits when no mapping exists.]
03-14 04:40:19.241 954 1066 I am_wtf : [0,954,system_server,-1,DisplayDeviceConfig,requesting nits when no mapping exists.]
03-14 04:40:19.241 954 1066 I am_wtf : [0,954,system_server,-1,DisplayDeviceConfig,requesting nits when no mapping exists.]
03-14 04:40:19.258 954 1066 I am_wtf : [0,954,system_server,-1,DisplayDeviceConfig,requesting nits when no mapping exists.]
03-14 04:40:19.258 954 1066 I am_wtf : [0,954,system_server,-1,DisplayDeviceConfig,requesting nits when no mapping exists.]
03-14 04:40:19.274 954 1066 I am_wtf : [0,954,system_server,-1,DisplayDeviceConfig,requesting nits when no mapping exists.]
03-14 04:40:19.275 954 1066 I am_wtf : [0,954,system_server,-1,DisplayDeviceConfig,requesting nits when no mapping exists.]
03-14 04:40:19.291 954 1066 I am_wtf : [0,954,system_server,-1,DisplayDeviceConfig,requesting nits when no mapping exists.]
03-14 04:40:19.291 954 1066 I am_wtf : [0,954,system_server,-1,DisplayDeviceConfig,requesting nits when no mapping exists.]
03-14 04:40:19.308 954 1066 I am_wtf : [0,954,system_server,-1,DisplayDeviceConfig,requesting nits when no mapping exists.]
03-14 04:40:19.308 954 1066 I am_wtf : [0,954,system_server,-1,DisplayDeviceConfig,requesting nits when no mapping exists.]
03-14 04:40:19.325 954 1066 I am_wtf : [0,954,system_server,-1,DisplayDeviceConfig,requesting nits when no mapping exists.]
03-14 04:40:19.325 954 1066 I am_wtf : [0,954,system_server,-1,DisplayDeviceConfig,requesting nits when no mapping exists.]
03-14 04:40:19.341 954 1066 I am_wtf : [0,954,system_server,-1,DisplayDeviceConfig,requesting nits when no mapping exists.]
03-14 04:40:19.342 954 1066 I am_wtf : [0,954,system_server,-1,DisplayDeviceConfig,requesting nits when no mapping exists.]
03-14 04:40:19.342 954 1046 I wm_stop_activity: [0,194529402,com.android.launcher3/.uioverrides.QuickstepLauncher]
03-14 04:40:19.358 954 1066 I am_wtf : [0,954,system_server,-1,DisplayDeviceConfig,requesting nits when no mapping exists.]
03-14 04:40:19.359 954 1066 I am_wtf : [0,954,system_server,-1,DisplayDeviceConfig,requesting nits when no mapping exists.]
03-14 04:40:19.367 2598 2598 I wm_on_stop_called: [194529402,com.android.launcher3.uioverrides.QuickstepLauncher,STOP_ACTIVITY_ITEM]
03-14 04:40:19.375 954 1066 I am_wtf : [0,954,system_server,-1,DisplayDeviceConfig,requesting nits when no mapping exists.]
03-14 04:40:19.375 954 1066 I am_wtf : [0,954,system_server,-1,DisplayDeviceConfig,requesting nits when no mapping exists.]
03-14 04:40:19.391 954 1066 I am_wtf : [0,954,system_server,-1,DisplayDeviceConfig,requesting nits when no mapping exists.]
03-14 04:40:19.392 954 1066 I am_wtf : [0,954,system_server,-1,DisplayDeviceConfig,requesting nits when no mapping exists.]
03-14 04:40:19.406 954 1066 I am_wtf : [0,954,system_server,-1,DisplayDeviceConfig,requesting nits when no mapping exists.]
03-14 04:40:19.406 954 1066 I am_wtf : [0,954,system_server,-1,DisplayDeviceConfig,requesting nits when no mapping exists.]
03-14 04:40:19.422 954 1066 I am_wtf : [0,954,system_server,-1,DisplayDeviceConfig,requesting nits when no mapping exists.]
03-14 04:40:19.423 954 1066 I service_manager_stats: [100,36,7099]
03-14 04:40:19.423 954 1066 I am_wtf : [0,954,system_server,-1,DisplayDeviceConfig,requesting nits when no mapping exists.]
03-14 04:40:19.439 954 1066 I am_wtf : [0,954,system_server,-1,DisplayDeviceConfig,requesting nits when no mapping exists.]
03-14 04:40:19.439 954 1066 I am_wtf : [0,954,system_server,-1,DisplayDeviceConfig,requesting nits when no mapping exists.]
03-14 04:40:19.456 954 1066 I am_wtf : [0,954,system_server,-1,DisplayDeviceConfig,requesting nits when no mapping exists.]
03-14 04:40:19.456 954 1066 I am_wtf : [0,954,system_server,-1,DisplayDeviceConfig,requesting nits when no mapping exists.]
03-14 04:40:19.472 954 1066 I am_wtf : [0,954,system_server,-1,DisplayDeviceConfig,requesting nits when no mapping exists.]
03-14 04:40:19.473 954 1066 I am_wtf : [0,954,system_server,-1,DisplayDeviceConfig,requesting nits when no mapping exists.]
03-14 04:40:19.489 954 1066 I am_wtf : [0,954,system_server,-1,DisplayDeviceConfig,requesting nits when no mapping exists.]
03-14 04:40:19.489 954 1066 I am_wtf : [0,954,system_server,-1,DisplayDeviceConfig,requesting nits when no mapping exists.]
03-14 04:40:19.499 0 0 I auditd : type=1400 audit(0.0:8223): avc: denied { kill } for comm="swapper/2" capability=5 scontext=u:r:kernel:s0 tcontext=u:r:kernel:s0 tclass=capability permissive=1
03-14 04:40:19.506 954 1066 I am_wtf : [0,954,system_server,-1,DisplayDeviceConfig,requesting nits when no mapping exists.]
03-14 04:40:19.506 954 1066 I am_wtf : [0,954,system_server,-1,DisplayDeviceConfig,requesting nits when no mapping exists.]
03-14 04:40:19.523 954 1066 I am_wtf : [0,954,system_server,-1,DisplayDeviceConfig,requesting nits when no mapping exists.]
03-14 04:40:19.523 954 1066 I am_wtf : [0,954,system_server,-1,DisplayDeviceConfig,requesting nits when no mapping exists.]
03-14 04:40:19.539 954 1066 I am_wtf : [0,954,system_server,-1,DisplayDeviceConfig,requesting nits when no mapping exists.]
03-14 04:40:19.540 954 1066 I am_wtf : [0,954,system_server,-1,DisplayDeviceConfig,requesting nits when no mapping exists.]
03-14 04:40:19.556 954 1066 I am_wtf : [0,954,system_server,-1,DisplayDeviceConfig,requesting nits when no mapping exists.]
03-14 04:40:19.556 954 1066 I am_wtf : [0,954,system_server,-1,DisplayDeviceConfig,requesting nits when no mapping exists.]
03-14 04:40:19.573 954 1066 I am_wtf : [0,954,system_server,-1,DisplayDeviceConfig,requesting nits when no mapping exists.]
