03-14 04:52:02.516 954 12775 W WindowManager: updateScale : 0.79357797
03-14 04:52:02.517 954 1047 D FreeFormWindowHelper: refreshTipWindow mTipWindowTitle : freeform_bottom_left_tip_window
03-14 04:52:02.518 954 1047 I ActivityTaskManager: clear resize flag in freeform mode
03-14 04:52:02.518 954 1047 W WindowManager: updateScale : 0.79357797
03-14 04:52:02.534 954 12775 W WindowManager: updateScale : 0.79357797
03-14 04:52:02.535 954 1047 D FreeFormWindowHelper: refreshTipWindow mTipWindowTitle : freeform_bottom_left_tip_window
03-14 04:52:02.535 954 1047 I ActivityTaskManager: clear resize flag in freeform mode
03-14 04:52:02.535 954 1047 W WindowManager: updateScale : 0.79357797
03-14 04:52:02.551 954 1047 D FreeFormWindowHelper: refreshTipWindow mTipWindowTitle : freeform_bottom_left_tip_window
03-14 04:52:02.551 954 1047 I ActivityTaskManager: clear resize flag in freeform mode
03-14 04:52:02.551 954 1047 W WindowManager: updateScale : 0.79357797
03-14 04:52:02.567 954 1047 D FreeFormWindowHelper: refreshTipWindow mTipWindowTitle : freeform_bottom_left_tip_window
03-14 04:52:02.568 954 1047 I ActivityTaskManager: clear resize flag in freeform mode
03-14 04:52:02.568 954 1047 W WindowManager: updateScale : 0.79357797
03-14 04:52:02.584 954 1047 D FreeFormWindowHelper: refreshTipWindow mTipWindowTitle : freeform_bottom_left_tip_window
03-14 04:52:02.584 954 1047 I ActivityTaskManager: clear resize flag in freeform mode
03-14 04:52:02.585 954 1047 W WindowManager: updateScale : 0.79357797
03-14 04:52:02.601 954 12775 W WindowManager: updateScale : 0.79357797
03-14 04:52:02.602 954 1047 D FreeFormWindowHelper: refreshTipWindow mTipWindowTitle : freeform_bottom_left_tip_window
03-14 04:52:02.602 954 1047 I ActivityTaskManager: clear resize flag in freeform mode
03-14 04:52:02.602 954 1047 W WindowManager: updateScale : 0.79357797
03-14 04:52:02.618 954 1047 D FreeFormWindowHelper: refreshTipWindow mTipWindowTitle : freeform_bottom_left_tip_window
03-14 04:52:02.618 954 1047 I ActivityTaskManager: clear resize flag in freeform mode
03-14 04:52:02.618 954 1047 W WindowManager: updateScale : 0.79357797
03-14 04:52:02.634 954 2640 W WindowManager: updateScale : 0.79357797
03-14 04:52:02.635 954 1047 D FreeFormWindowHelper: refreshTipWindow mTipWindowTitle : freeform_bottom_left_tip_window
03-14 04:52:02.635 954 1047 I ActivityTaskManager: clear resize flag in freeform mode
03-14 04:52:02.636 954 1047 W WindowManager: updateScale : 0.79357797
03-14 04:52:02.683 954 1047 D WindowManager: updateWindowDragBounds: mIsSwipeYtrue
03-14 04:52:02.683 954 1047 D WindowManager: updateWindowDragBounds: mIsTopfalse
03-14 04:52:02.720 954 1048 I ActivityTaskManager: clear resize flag in freeform mode
03-14 04:52:02.720 954 1048 W WindowManager: updateScale : 0.7262997
03-14 04:52:02.736 954 1048 I ActivityTaskManager: clear resize flag in freeform mode
03-14 04:52:02.736 954 1048 W WindowManager: updateScale : 0.675841
03-14 04:52:02.738 954 2640 W WindowManager: updateScale : 0.675841
03-14 04:52:02.753 954 1048 I ActivityTaskManager: clear resize flag in freeform mode
03-14 04:52:02.753 954 1048 W WindowManager: updateScale : 0.6284404
03-14 04:52:02.758 954 2640 W WindowManager: updateScale : 0.6284404
03-14 04:52:02.769 954 1048 I ActivityTaskManager: clear resize flag in freeform mode
03-14 04:52:02.769 954 1048 W WindowManager: updateScale : 0.5917431
03-14 04:52:02.775 954 2640 W WindowManager: updateScale : 0.5917431
03-14 04:52:02.785 954 1048 I ActivityTaskManager: clear resize flag in freeform mode
03-14 04:52:02.786 954 1048 W WindowManager: updateScale : 0.56116205
03-14 04:52:02.793 954 2640 W WindowManager: updateScale : 0.56116205
03-14 04:52:02.802 954 1048 I ActivityTaskManager: clear resize flag in freeform mode
03-14 04:52:02.802 954 1048 W WindowManager: updateScale : 0.53669727
03-14 04:52:02.807 954 2640 W WindowManager: updateScale : 0.53669727
03-14 04:52:02.819 954 1048 I ActivityTaskManager: clear resize flag in freeform mode
03-14 04:52:02.819 954 1048 W WindowManager: updateScale : 0.5152905
03-14 04:52:02.824 954 2640 W WindowManager: updateScale : 0.5152905
01-01 09:06:56.051 0 0 I binder : 954:1612 ioctl 400c620e 7af8e5c5d8 returned -22
01-01 09:06:56.052 0 0 I binder : 954:1612 ioctl c00c620f 7af8e5c5b8 returned -22
01-01 09:06:56.056 0 0 I binder : 954:1612 ioctl 400c620e 7af8e5c5d8 returned -22
01-01 09:06:56.058 0 0 I binder : 954:1612 ioctl c00c620f 7af8e5c5b8 returned -22
03-14 04:52:02.826 954 1612 D ActivityManager: freezing 14452 com.android.musicfx
03-14 04:52:02.826 954 1612 E ActivityManager: Unable to freeze binder for 14452 com.android.musicfx
03-14 04:52:02.827 954 1612 D ActivityManager: froze 14452 com.android.musicfx
03-14 04:52:02.827 954 1612 I am_freeze: [14452,com.android.musicfx]
03-14 04:52:02.827 954 1612 E ActivityManager: Unable to freeze binder for 14452 com.android.musicfx
03-14 04:52:02.831 954 1612 D ActivityManager: freezing 14427 com.android.music
03-14 04:52:02.831 954 1612 E ActivityManager: Unable to freeze binder for 14427 com.android.music
03-14 04:52:02.832 954 1612 D ActivityManager: froze 14427 com.android.music
03-14 04:52:02.832 954 1612 I am_freeze: [14427,com.android.music]
03-14 04:52:02.832 954 1612 E ActivityManager: Unable to freeze binder for 14427 com.android.music
03-14 04:52:02.834 954 1612 I ActivityManager: Killing 14452:com.android.musicfx/u0a32 (adj 955): Unable to freeze binder interface
03-14 04:52:02.834 954 1612 I am_kill : [0,14452,com.android.musicfx,955,Unable to freeze binder interface]
03-14 04:52:02.835 954 1048 I ActivityTaskManager: clear resize flag in freeform mode
03-14 04:52:02.835 954 1048 W WindowManager: updateScale : 0.5
03-14 04:52:02.836 954 1612 I ActivityManager: Killing 14427:com.android.music/u0a86 (adj 955): Unable to freeze binder interface
03-14 04:52:02.836 954 1612 I am_kill : [0,14427,com.android.music,955,Unable to freeze binder interface]
03-14 04:52:02.840 954 2640 W WindowManager: updateScale : 0.5
03-14 04:52:02.853 954 1048 I ActivityTaskManager: clear resize flag in freeform mode
03-14 04:52:02.853 954 1048 W WindowManager: updateScale : 0.48776758
03-14 04:52:02.854 954 2640 W WindowManager: updateScale : 0.48776758
03-14 04:52:02.868 954 2640 W WindowManager: updateScale : 0.48776758
03-14 04:52:02.869 954 1048 I ActivityTaskManager: clear resize flag in freeform mode
03-14 04:52:02.869 954 1048 W WindowManager: updateScale : 0.47859326
03-14 04:52:02.872 954 12775 I am_proc_died: [0,14427,com.android.music,955,19]
03-14 04:52:02.874 954 12775 I am_uid_stopped: 10086
03-14 04:52:02.879 954 12775 I am_proc_died: [0,14452,com.android.musicfx,955,19]
03-14 04:52:02.879 954 12775 I am_uid_stopped: 10032
03-14 04:52:02.882 954 12775 W WindowManager: updateScale : 0.47859326
03-14 04:52:02.886 954 1048 I ActivityTaskManager: clear resize flag in freeform mode
03-14 04:52:02.886 954 1048 W WindowManager: updateScale : 0.470948
03-14 04:52:02.903 954 1048 I ActivityTaskManager: clear resize flag in freeform mode
03-14 04:52:02.903 954 1048 W WindowManager: updateScale : 0.46636087
03-14 04:52:02.918 954 12775 W WindowManager: updateScale : 0.46636087
03-14 04:52:02.919 954 1048 I ActivityTaskManager: clear resize flag in freeform mode
03-14 04:52:02.919 954 1048 W WindowManager: updateScale : 0.4617737
03-14 04:52:02.932 954 10386 W WindowManager: updateScale : 0.4617737
03-14 04:52:02.937 954 1048 I ActivityTaskManager: clear resize flag in freeform mode
03-14 04:52:02.937 954 1048 W WindowManager: updateScale : 0.46024466
03-14 04:52:02.947 954 10386 W WindowManager: updateScale : 0.46024466
03-14 04:52:02.953 954 1048 I ActivityTaskManager: clear resize flag in freeform mode
03-14 04:52:02.953 954 1048 W WindowManager: updateScale : 0.45718655
03-14 04:52:02.964 954 10386 W WindowManager: updateScale : 0.45718655
03-14 04:52:02.971 954 1048 I ActivityTaskManager: clear resize flag in freeform mode
03-14 04:52:02.971 954 1048 W WindowManager: updateScale : 0.45718655
03-14 04:52:02.981 954 10386 W WindowManager: updateScale : 0.45718655
03-14 04:52:02.986 954 1048 I ActivityTaskManager: clear resize flag in freeform mode
03-14 04:52:02.986 954 1048 W WindowManager: updateScale : 0.45565748
03-14 04:52:02.998 954 10386 W WindowManager: updateScale : 0.45565748
03-14 04:52:03.003 954 1048 I ActivityTaskManager: clear resize flag in freeform mode
03-14 04:52:03.004 954 1048 W WindowManager: updateScale : 0.45565748
03-14 04:52:03.014 954 10386 W WindowManager: updateScale : 0.45565748
03-14 04:52:03.031 954 2640 W WindowManager: updateScale : 0.45565748
03-14 04:52:03.070 954 1638 I input_interaction: Interaction with: fca4b77 com.android.launcher3/com.android.launcher3.uioverrides.QuickstepLauncher (server), 45b849f com.android.systemui.ImageWallpaper (server), edge-swipe (server), swipe-up (server), PointerEventDispatcher0 (server),
03-14 04:52:03.074 954 954 I service_manager_stats: [100,52,36406]
03-14 04:52:03.137 954 1064 I sysui_multi_action: [757,1717,758,1,759,0]
03-14 04:52:03.137 954 1064 I sysui_multi_action: [757,1717,758,2,759,0]
03-14 04:52:03.137 954 1064 I sysui_multi_action: [757,1717,758,3,759,0]
03-14 04:52:03.815 954 2964 E TaskPersister: File error accessing recents directory (directory doesn't exist?).
01-01 09:06:59.398 0 0 E DTC_ETH,link_delay_work_func: 3003, SQI=0, link=0
03-14 04:52:06.569 954 23230 I thunderperf: PlatormCompat.setOverrides: Uid1=10074 Pid1=2598 Uid2=10074 Pid2=2598
03-14 04:52:06.569 954 23230 I thunderperf: PlatormCompat.setOverrides: needCheck:false
03-14 04:52:06.569 954 23230 I thunderperf: CompatConfig.addOverrideUnsafe: bef-state=0
03-14 04:52:06.569 954 23230 I thunderperf: CompatConfig.addOverrideUnsafe: aft-state=0
03-14 04:52:06.570 954 23230 I thunderperf: CompatConfig.addOverrideUnsafe: bef-state=0
03-14 04:52:06.570 954 23230 I thunderperf: CompatConfig.addOverrideUnsafe: aft-state=0
03-14 04:52:06.570 954 23230 I thunderperf: CompatConfig.addOverrideUnsafe: bef-state=0
03-14 04:52:06.570 954 23230 I thunderperf: CompatConfig.addOverrideUnsafe: aft-state=0
03-14 04:52:06.571 954 23230 I thunderperf: CompatConfig.addOverrideUnsafe: bef-state=0
03-14 04:52:06.571 954 23230 I thunderperf: CompatConfig.addOverrideUnsafe: aft-state=0
03-14 04:52:06.571 954 23230 I thunderperf: CompatConfig.addOverrideUnsafe: bef-state=0
03-14 04:52:06.571 954 23230 I thunderperf: CompatConfig.addOverrideUnsafe: aft-state=0
03-14 04:52:06.572 954 23230 I thunderperf: CompatConfig.addOverrideUnsafe: bef-state=0
03-14 04:52:06.572 954 23230 I thunderperf: CompatConfig.addOverrideUnsafe: aft-state=0
03-14 04:52:06.572 954 23230 I thunderperf: CompatConfig.addOverrideUnsafe: bef-state=0
03-14 04:52:06.572 954 23230 I thunderperf: CompatConfig.addOverrideUnsafe: aft-state=0
03-14 04:52:06.572 954 23230 I thunderperf: CompatConfig.addOverrideUnsafe: bef-state=0
03-14 04:52:06.573 954 23230 I thunderperf: CompatConfig.addOverrideUnsafe: aft-state=0
03-14 04:52:06.573 954 23230 I thunderperf: CompatConfig.addOverrideUnsafe: bef-state=0
03-14 04:52:06.573 954 23230 I thunderperf: CompatConfig.addOverrideUnsafe: aft-state=0
03-14 04:52:06.573 954 23230 I thunderperf: CompatConfig.addOverrideUnsafe: bef-state=0
03-14 04:52:06.573 954 23230 I thunderperf: CompatConfig.addOverrideUnsafe: aft-state=0
03-14 04:52:06.573 954 23230 I thunderperf: CompatConfig.addOverrideUnsafe: bef-state=0
03-14 04:52:06.574 954 23230 I thunderperf: CompatConfig.addOverrideUnsafe: aft-state=0
03-14 04:52:06.574 954 23230 I thunderperf: CompatConfig.addOverrideUnsafe: bef-state=0
03-14 04:52:06.574 954 23230 I thunderperf: CompatConfig.addOverrideUnsafe: aft-state=0
03-14 04:52:06.574 954 23230 I thunderperf: CompatConfig.addOverrideUnsafe: bef-state=0
03-14 04:52:06.574 954 23230 I thunderperf: CompatConfig.addOverrideUnsafe: aft-state=0
03-14 04:52:06.574 954 23230 I thunderperf: CompatConfig.addOverrideUnsafe: bef-state=0
03-14 04:52:06.574 954 23230 I thunderperf: CompatConfig.addOverrideUnsafe: aft-state=0
03-14 04:52:06.581 954 23230 I ActivityTaskManager: START u0 {act=android.intent.action.MAIN cat=[android.intent.category.LAUNCHER] flg=0x10200000 cmp=com.sohu.inputmethod.sogou.car/.settingsui.SogouSettingsActivity} from uid 10074
03-14 04:52:06.586 954 23230 I wm_task_created: [71,-1]
03-14 04:52:06.586 954 23230 W ActivityTaskManager: Can't find TaskDisplayArea to determine support for multi window. Task id=71 attached=false
03-14 04:52:06.587 954 23230 D FreeFormWindowHelper: finish old freeform task = ActivityRecord{9b14a6f u0 com.microsoft.emmx/com.microsoft.ruby.Main t70}
03-14 04:52:06.587 954 23230 I wm_finish_activity: [0,162613871,70,com.microsoft.emmx/com.microsoft.ruby.Main,app-request]
03-14 04:52:06.587 954 23230 I wm_task_moved: [1,1,8]
03-14 04:52:06.588 954 23230 I wm_set_resumed_activity: [0,com.android.launcher3/.uioverrides.QuickstepLauncher,positionChildAt]
03-14 04:52:06.588 954 23230 I wm_task_moved: [12,1,2147483647]
03-14 04:52:06.588 954 23230 I wm_task_to_front: [0,12]
03-14 04:52:06.588 6630 6630 I wm_on_top_resumed_lost_called: [162613871,com.microsoft.ruby.Main,topStateChangedWhenResumed]
03-14 04:52:06.588 954 23230 I wm_focused_root_task: [0,0,1,-1,finish-top adjustFocusToNextFocusableTask]
03-14 04:52:06.588 954 23230 I wm_set_resumed_activity: [0,com.android.launcher3/.uioverrides.QuickstepLauncher,finish-top]
03-14 04:52:06.592 954 23230 I wm_pause_activity: [0,162613871,com.microsoft.emmx/com.microsoft.ruby.Main,userLeaving=false,finish]
03-14 04:52:06.592 954 23230 D FreeFormWindowHelper: Add freeform task=Task{8b62aa0 #71 type=standard ?? U=0 visible=false mode=freeform translucent=true sz=0}
03-14 04:52:06.594 954 23230 I wm_task_moved: [71,1,8]
03-14 04:52:06.594 954 23230 I wm_task_to_front: [0,71]
03-14 04:52:06.594 954 23230 I wm_focused_root_task: [0,0,71,1,reuseOrNewTask]
03-14 04:52:06.594 954 23230 I wm_create_task: [0,71]
03-14 04:52:06.594 954 23230 I wm_create_activity: [0,239933017,71,com.sohu.inputmethod.sogou.car/.settingsui.SogouSettingsActivity,android.intent.action.MAIN,NULL,NULL,278921216]
03-14 04:52:06.594 954 23230 I wm_task_moved: [71,1,8]
03-14 04:52:06.595 954 23230 V SplashScreenExceptionList: SplashScreen checking exception for package com.sohu.inputmethod.sogou.car (target sdk:21) -> false
03-14 04:52:06.596 954 1047 I input_focus: [Focus request fca4b77 com.android.launcher3/com.android.launcher3.uioverrides.QuickstepLauncher,reason=UpdateInputWindows]
03-14 04:52:06.610 954 1638 I input_focus: [Focus leaving f340ebd com.microsoft.emmx/com.microsoft.ruby.Main (server),reason=NO_WINDOW]
03-14 04:52:06.610 954 1638 I input_focus: [Focus entering fca4b77 com.android.launcher3/com.android.launcher3.uioverrides.QuickstepLauncher (server),reason=setFocusedWindow]
03-14 04:52:06.617 6630 6630 I wm_on_paused_called: [162613871,com.microsoft.ruby.Main,performPause]
03-14 04:52:06.617 954 23230 I wm_add_to_stopping: [0,162613871,com.microsoft.emmx/com.microsoft.ruby.Main,completeFinishing]
03-14 04:52:06.618 954 23230 I ActivityTaskManager: FOREGROUND_APPLICATION_CHANGED to com.sohu.inputmethod.sogou.car.settingsui.SogouSettingsActivity
03-14 04:52:06.618 954 23230 I ActivityTaskManager: clear resize flag in freeform mode
01-01 09:06:59.845 0 0 W perfetto: enabled ftrace
03-14 04:52:06.621 954 1046 I am_uid_running: 10022
03-14 04:52:06.621 954 1046 D CompatibilityChangeReporter: Compat change id reported: 135634846; UID 10022; state: DISABLED
03-14 04:52:06.621 954 1046 I sysui_multi_action: [757,803,799,window_time_0,802,30]
03-14 04:52:06.621 954 1067 D CompatibilityChangeReporter: Compat change id reported: 143937733; UID 10022; state: DISABLED
03-14 04:52:06.622 954 1046 W ProcessStats: Tracking association SourceState{a2b0eed cn.kuwo.player:pushservice/10097 BTopFgs #3553} whose proc state 2 is better than process ProcessState{b2fc122 cn.kuwo.player/10097 pkg=cn.kuwo.player} proc state 3 (0 skipped)
03-14 04:52:06.629 954 1067 I am_proc_start: [0,29159,10022,com.sohu.inputmethod.sogou.car,top-activity,{com.sohu.inputmethod.sogou.car/com.sohu.inputmethod.sogou.car.settingsui.SogouSettingsActivity}]
03-14 04:52:06.629 954 1067 I ActivityManager: Start proc 29159:com.sohu.inputmethod.sogou.car/u0a22 for top-activity {com.sohu.inputmethod.sogou.car/com.sohu.inputmethod.sogou.car.settingsui.SogouSettingsActivity}
03-14 04:52:06.639 954 23230 I am_proc_bound: [0,29159,com.sohu.inputmethod.sogou.car]
01-01 09:06:59.862 0 0 I binder : 29159:29159 ioctl 40046210 fffa1908 returned -22
03-14 04:52:06.641 954 23230 I wm_restart_activity: [0,239933017,71,com.sohu.inputmethod.sogou.car/.settingsui.SogouSettingsActivity]
03-14 04:52:06.641 954 23230 I wm_set_resumed_activity: [0,com.sohu.inputmethod.sogou.car/.settingsui.SogouSettingsActivity,minimalResumeActivityLocked]
03-14 04:52:06.642 954 1046 I am_uid_active: 10022
03-14 04:52:06.655 29159 29159 E SystemConfig: SystemConfig is being accessed by a process other than system_server.
03-14 04:52:06.656 954 1066 I am_wtf : [0,29159,com.sohu.inputmethod.sogou.car,948485701,SystemConfig,SystemConfig is being accessed by a process other than system_server.]
03-14 04:52:06.656 29159 29159 I SystemConfig: Reading permissions from /system/etc/sysconfig/framework-sysconfig.xml
03-14 04:52:06.656 954 29177 I DropBoxManagerService: add tag=system_app_wtf isTagEnabled=true flags=0x2
03-14 04:52:06.655 29159 29159 I auditd : type=1400 audit(0.0:9829): avc: denied { read } for comm="ethod.sogou.car" name="filesystems" dev="proc" ino=4026532295 scontext=u:r:priv_app:s0:c512,c768 tcontext=u:object_r:proc_filesystems:s0 tclass=file permissive=1 app=com.sohu.inputmethod.sogou.car
03-14 04:52:06.657 29159 29159 I SystemConfig: Reading permissions from /system/etc/sysconfig/preinstalled-packages-com.android.providers.media.module.xml
03-14 04:52:06.655 29159 29159 I auditd : type=1400 audit(0.0:9830): avc: denied { open } for comm="ethod.sogou.car" path="/proc/filesystems" dev="proc" ino=4026532295 scontext=u:r:priv_app:s0:c512,c768 tcontext=u:object_r:proc_filesystems:s0 tclass=file permissive=1 app=com.sohu.inputmethod.sogou.car
03-14 04:52:06.655 29159 29159 I auditd : type=1400 audit(0.0:9831): avc: denied { getattr } for comm="ethod.sogou.car" path="/proc/filesystems" dev="proc" ino=4026532295 scontext=u:r:priv_app:s0:c512,c768 tcontext=u:object_r:proc_filesystems:s0 tclass=file permissive=1 app=com.sohu.inputmethod.sogou.car
03-14 04:52:06.658 29159 29159 I SystemConfig: Reading permissions from /system/etc/sysconfig/hiddenapi-package-whitelist.xml
03-14 04:52:06.658 29159 29159 I SystemConfig: Reading permissions from /system/etc/sysconfig/preinstalled-packages-platform-full-base.xml
03-14 04:52:06.659 29159 29159 I SystemConfig: Reading permissions from /system/etc/sysconfig/preinstalled-packages-platform.xml
03-14 04:52:06.659 29159 29159 I SystemConfig: Reading permissions from /system/etc/sysconfig/qti_whitelist.xml
03-14 04:52:06.660 29159 29159 I SystemConfig: Reading permissions from /system/etc/permissions/com.thundercomm.screensaver.xml
03-14 04:52:06.660 29159 29159 I SystemConfig: Reading permissions from /system/etc/permissions/com.android.networkstack.tethering.xml
03-14 04:52:06.660 29159 29159 I SystemConfig: Reading permissions from /system/etc/permissions/com.android.networkstack.xml
03-14 04:52:06.661 29159 29159 I SystemConfig: Reading permissions from /system/etc/permissions/javax.obex.xml
03-14 04:52:06.661 29159 29159 I SystemConfig: Reading permissions from /system/etc/permissions/android.test.base.xml
03-14 04:52:06.661 29159 29159 I SystemConfig: Reading permissions from /system/etc/permissions/com.android.media.remotedisplay.xml
03-14 04:52:06.662 29159 29159 I SystemConfig: Reading permissions from /system/etc/permissions/privapp-permissions-platform.xml
03-14 04:52:06.664 29159 29159 I SystemConfig: Reading permissions from /system/etc/permissions/privapp-permissions-qti.xml
03-14 04:52:06.665 29159 29159 I SystemConfig: Reading permissions from /system/etc/permissions/com.thundercomm.debugtools.xml
03-14 04:52:06.665 29159 29159 I SystemConfig: Reading permissions from /system/etc/permissions/com.baidu.input.xml
03-14 04:52:06.666 29159 29159 I SystemConfig: Reading permissions from /system/etc/permissions/android.test.mock.xml
03-14 04:52:06.666 29159 29159 I SystemConfig: Reading permissions from /system/etc/permissions/android.software.live_wallpaper.xml
03-14 04:52:06.666 29159 29159 I SystemConfig: Reading permissions from /system/etc/permissions/android.test.runner.xml
03-14 04:52:06.666 29159 29159 I SystemConfig: Reading permissions from /system/etc/permissions/com.android.nfc_extras.xml
03-14 04:52:06.666 29159 29159 I SystemConfig: Reading permissions from /system/etc/permissions/com.android.location.provider.xml
03-14 04:52:06.667 29159 29159 I SystemConfig: Reading permissions from /system/etc/permissions/com.android.mediadrm.signer.xml
03-14 04:52:06.667 29159 29159 I SystemConfig: Reading permissions from /system/etc/permissions/org.apache.http.legacy.xml
03-14 04:52:06.667 29159 29159 I SystemConfig: Reading permissions from /system/etc/permissions/android.software.freeform_window_management.xml
03-14 04:52:06.667 29159 29159 I SystemConfig: Reading permissions from /system/etc/permissions/com.android.documentsui.xml
03-14 04:52:06.668 29159 29159 I SystemConfig: Reading permissions from /system/etc/permissions/android.software.webview.xml
03-14 04:52:06.668 29159 29159 I SystemConfig: Reading permissions from /system/etc/permissions/com.android.future.usb.accessory.xml
03-14 04:52:06.668 29159 29159 I SystemConfig: Reading permissions from /system/etc/permissions/com.thundercomm.tcservice.xml
03-14 04:52:06.669 29159 29159 I SystemConfig: Reading permissions from /system/etc/permissions/platform.xml
03-14 04:52:06.670 29159 29159 I SystemConfig: Reading permissions from /vendor/etc/permissions/handheld_core_hardware.xml
03-14 04:52:06.671 29159 29159 I SystemConfig: Reading permissions from /vendor/etc/permissions/android.hardware.wifi.direct.xml
03-14 04:52:06.671 29159 29159 I SystemConfig: Reading permissions from /vendor/etc/permissions/android.hardware.sensor.relative_humidity.xml
03-14 04:52:06.671 29159 29159 I SystemConfig: Reading permissions from /vendor/etc/permissions/android.hardware.opengles.aep.xml
03-14 04:52:06.672 29159 29159 I SystemConfig: Reading permissions from /vendor/etc/permissions/android.hardware.usb.host.xml
03-14 04:52:06.672 29159 29159 I SystemConfig: Reading permissions from /vendor/etc/permissions/android.hardware.sensor.ambient_temperature.xml
03-14 04:52:06.672 29159 29159 I SystemConfig: Reading permissions from /vendor/etc/permissions/android.hardware.se.omapi.ese.xml
03-14 04:52:06.672 29159 29159 I SystemConfig: Reading permissions from /vendor/etc/permissions/android.hardware.sensor.compass.xml
03-14 04:52:06.673 29159 29159 I SystemConfig: Reading permissions from /vendor/etc/permissions/android.hardware.touchscreen.multitouch.jazzhand.xml
03-14 04:52:06.673 29159 29159 I SystemConfig: Reading permissions from /vendor/etc/permissions/android.software.verified_boot.xml
03-14 04:52:06.673 29159 29159 I SystemConfig: Reading permissions from /vendor/etc/permissions/android.hardware.se.omapi.uicc.xml
03-14 04:52:06.673 29159 29159 I SystemConfig: Reading permissions from /vendor/etc/permissions/android.hardware.vulkan.level-1.xml
03-14 04:52:06.674 29159 29159 I SystemConfig: Reading permissions from /vendor/etc/permissions/android.hardware.vulkan.version-1_1.xml
03-14 04:52:06.674 29159 29159 I SystemConfig: Reading permissions from /vendor/etc/permissions/android.software.ipsec_tunnels.xml
03-14 04:52:06.674 29159 29159 I SystemConfig: Reading permissions from /vendor/etc/permissions/android.hardware.usb.accessory.xml
03-14 04:52:06.674 29159 29159 I SystemConfig: Reading permissions from /vendor/etc/permissions/android.hardware.vulkan.compute-0.xml
03-14 04:52:06.675 29159 29159 I SystemConfig: Reading permissions from /vendor/etc/permissions/android.hardware.wifi.xml
03-14 04:52:06.675 29159 29159 I SystemConfig: Reading permissions from /vendor/etc/permissions/qti_fingerprint_interface.xml
03-14 04:52:06.675 29159 29159 I SystemConfig: Reading permissions from /vendor/etc/permissions/vendor-qti-hardware-sensorscalibrate.xml
03-14 04:52:06.675 29159 29159 I SystemConfig: Reading permissions from /vendor/etc/permissions/android.hardware.wifi.aware.xml
03-14 04:52:06.676 29159 29159 I SystemConfig: Reading permissions from /vendor/etc/permissions/android.hardware.wifi.rtt.xml
03-14 04:52:06.676 29159 29159 I SystemConfig: Reading permissions from /vendor/etc/permissions/android.hardware.bluetooth_le.xml
03-14 04:52:06.676 29159 29159 I SystemConfig: Reading permissions from /vendor/etc/permissions/android.hardware.light.xml
03-14 04:52:06.677 29159 29159 I SystemConfig: Reading permissions from /vendor/etc/permissions/android.software.midi.xml
03-14 04:52:06.677 29159 29159 I SystemConfig: Reading permissions from /vendor/etc/permissions/android.software.device_id_attestation.xml
03-14 04:52:06.677 29159 29159 I SystemConfig: Reading permissions from /vendor/etc/permissions/android.hardware.fingerprint.xml
03-14 04:52:06.678 29159 29159 I SystemConfig: Reading permissions from /vendor/etc/permissions/android.hardware.sensor.hifi_sensors.xml
03-14 04:52:06.678 29159 29159 I SystemConfig: Reading permissions from /vendor/etc/permissions/android.hardware.audio.low_latency.xml
03-14 04:52:06.678 29159 29159 I SystemConfig: Reading permissions from /vendor/etc/permissions/android.hardware.bluetooth.xml
03-14 04:52:06.678 29159 29159 I SystemConfig: Reading permissions from /vendor/etc/permissions/vendor.qti.hardware.factory.xml
03-14 04:52:06.678 29159 29159 I SystemConfig: Reading permissions from /vendor/etc/permissions/android.hardware.wifi.passpoint.xml
03-14 04:52:06.679 29159 29159 I SystemConfig: Reading permissions from /vendor/etc/permissions/android.hardware.sensor.accelerometer.xml
03-14 04:52:06.679 29159 29159 I SystemConfig: Reading permissions from /vendor/etc/permissions/android.hardware.sensor.barometer.xml
03-14 04:52:06.679 29159 29159 I SystemConfig: Reading permissions from /vendor/etc/permissions/android.software.vulkan.deqp.level.xml
03-14 04:52:06.679 29159 29159 I SystemConfig: Reading permissions from /vendor/etc/permissions/android.hardware.audio.pro.xml
03-14 04:52:06.680 29159 29159 I SystemConfig: Reading permissions from /vendor/etc/permissions/android.hardware.location.gps.xml
03-14 04:52:06.680 29159 29159 I SystemConfig: Reading permissions from /vendor/etc/permissions/android.hardware.sensor.gyroscope.xml
03-14 04:52:06.680 29159 29159 I SystemConfig: Reading permissions from /product/etc/sysconfig/preinstalled-packages-platform-overlays.xml
03-14 04:52:06.682 29159 29159 I SystemConfig: Reading permissions from /product/etc/sysconfig/preinstalled-packages-platform-handheld-product.xml
03-14 04:52:06.682 29159 29159 I SystemConfig: Reading permissions from /product/etc/permissions/ims_ext_common.xml
03-14 04:52:06.682 29159 29159 I SystemConfig: Reading permissions from /product/etc/permissions/UimService.xml
03-14 04:52:06.682 29159 29159 I SystemConfig: Reading permissions from /product/etc/permissions/telephony_product_privapp-permissions-qti.xml
03-14 04:52:06.683 29159 29159 I SystemConfig: Reading permissions from /product/etc/permissions/com.android.settings.intelligence.xml
03-14 04:52:06.683 29159 29159 I SystemConfig: Reading permissions from /product/etc/permissions/vendor.qti.hardware.data.connection-V1.0-java.xml
03-14 04:52:06.683 29159 29159 I SystemConfig: Reading permissions from /product/etc/permissions/com.qti.snapdragon.sdk.display.xml
03-14 04:52:06.684 29159 29159 I SystemConfig: Reading permissions from /product/etc/permissions/vendor.qti.hardware.data.connection-V1.1-java.xml
03-14 04:52:06.684 29159 29159 I SystemConfig: Reading permissions from /system_ext/etc/sysconfig/qti_whitelist_system_ext.xml
03-14 04:52:06.684 29159 29159 I SystemConfig: Reading permissions from /system_ext/etc/sysconfig/qti_telephony_system_packages_config.xml
03-14 04:52:06.685 29159 29159 I SystemConfig: Reading permissions from /system_ext/etc/permissions/privapp-permissions-aptxals.xml
03-14 04:52:06.685 29159 29159 I SystemConfig: Reading permissions from /system_ext/etc/permissions/wfd-system-ext-privapp-permissions-qti.xml
03-14 04:52:06.685 29159 29159 I SystemConfig: Reading permissions from /system_ext/etc/permissions/embms-noship_product_privapp_permissions_qti.xml
03-14 04:52:06.685 29159 29159 I SystemConfig: Reading permissions from /system_ext/etc/permissions/com.qualcomm.qti.imscmservice-V2.0-java.xml
03-14 04:52:06.686 29159 29159 I SystemConfig: Reading permissions from /system_ext/etc/permissions/com.qualcomm.location.xml
03-14 04:52:06.686 29159 29159 I SystemConfig: Reading permissions from /system_ext/etc/permissions/com.android.provision.xml
03-14 04:52:06.686 29159 29159 I SystemConfig: Reading permissions from /system_ext/etc/permissions/com.qualcomm.qti.imscmservice-V2.1-java.xml
03-14 04:52:06.686 29159 29159 I SystemConfig: Reading permissions from /system_ext/etc/permissions/privapp-permissions-com.qualcomm.location.xml
03-14 04:52:06.687 29159 29159 I SystemConfig: Reading permissions from /system_ext/etc/permissions/embms.xml
03-14 04:52:06.687 29159 29159 I SystemConfig: Reading permissions from /system_ext/etc/permissions/vendor.qti.ims.rcsservice.xml
03-14 04:52:06.687 29159 29159 I SystemConfig: Reading permissions from /system_ext/etc/permissions/qti_libpermissions.xml
03-14 04:52:06.688 29159 29159 I SystemConfig: Reading permissions from /system_ext/etc/permissions/dpmapi.xml
03-14 04:52:06.688 29159 29159 I SystemConfig: Reading permissions from /system_ext/etc/permissions/com.qti.location.sdk.xml
03-14 04:52:06.688 29159 29159 I SystemConfig: Reading permissions from /system_ext/etc/permissions/android.software.verified_boot.xml
03-14 04:52:06.688 29159 29159 I SystemConfig: Reading permissions from /system_ext/etc/permissions/com.qualcomm.qmapbridge.xml
03-14 04:52:06.688 29159 29159 I SystemConfig: Reading permissions from /system_ext/etc/permissions/qti_permissions.xml
03-14 04:52:06.689 29159 29159 I SystemConfig: Reading permissions from /system_ext/etc/permissions/com.hht.lebocast.xml
03-14 04:52:06.689 29159 29159 I SystemConfig: Reading permissions from /system_ext/etc/permissions/com.android.emergency.xml
03-14 04:52:06.689 29159 29159 I SystemConfig: Reading permissions from /system_ext/etc/permissions/com.android.storagemanager.xml
03-14 04:52:06.690 29159 29159 I SystemConfig: Reading permissions from /system_ext/etc/permissions/qti_supplicant_interface.xml
03-14 04:52:06.690 29159 29159 I SystemConfig: Reading permissions from /system_ext/etc/permissions/audiosphere.xml
03-14 04:52:06.690 29159 29159 I SystemConfig: Reading permissions from /system_ext/etc/permissions/com.android.systemui.xml
03-14 04:52:06.691 29159 29159 I SystemConfig: Reading permissions from /system_ext/etc/permissions/com.qualcomm.qti.imscmservice-V2.2-java.xml
03-14 04:52:06.691 29159 29159 I SystemConfig: Reading permissions from /system_ext/etc/permissions/com.android.launcher3.xml
03-14 04:52:06.691 29159 29159 I SystemConfig: Reading permissions from /system_ext/etc/permissions/com.android.settings.xml
03-14 04:52:06.692 29159 29159 I SystemConfig: Reading permissions from /system_ext/etc/permissions/telephony_system-ext_privapp-permissions-qti.xml
03-14 04:52:06.692 29159 29159 I SystemConfig: Reading permissions from /system_ext/etc/permissions/com.nxp.nfc.nq.xml
03-14 04:52:06.692 29159 29159 I SystemConfig: Reading permissions from /system_ext/etc/permissions/com.qualcomm.qti.imscmservice.xml
03-14 04:52:06.693 29159 29159 I SystemConfig: Reading permissions from /system_ext/etc/permissions/com.qualcomm.qti.izattools.xml
03-14 04:52:06.693 29159 29159 I SystemConfig: Reading permissions from /system_ext/etc/permissions/izat.xt.srv.xml
03-14 04:52:06.693 29159 29159 I SystemConfig: Reading permissions from /system_ext/etc/permissions/com.thundercomm.microsettings.xml
03-14 04:52:06.694 29159 29159 I SystemConfig: Reading permissions from /system_ext/etc/permissions/com.qti.media.secureprocessor.xml
03-14 04:52:06.694 29159 29159 I SystemConfig: Reading permissions from /system_ext/etc/permissions/privapp-permissions-qti-system-ext.xml
03-14 04:52:06.694 29159 29159 I SystemConfig: Reading permissions from /system_ext/etc/permissions/com.qti.dpmframework.xml
03-14 04:52:06.695 29159 29159 I auditd : type=1400 audit(0.0:9832): avc: denied { read } for comm="ethod.sogou.car" name="anr" dev="dm-10" ino=34 scontext=u:r:priv_app:s0:c512,c768 tcontext=u:object_r:anr_data_file:s0 tclass=dir permissive=1 app=com.sohu.inputmethod.sogou.car
03-14 04:52:06.720 954 23230 W FreeFormWindowHelper: Current Display FreeFormTask is Task{8b62aa0 #71 type=standard A=10022:com.sohu.inputmethod.sogou.car U=0 visible=true mode=freeform translucent=false sz=1}
03-14 04:52:06.721 954 10386 W FreeFormWindowHelper: Current Display FreeFormTask is Task{8b62aa0 #71 type=standard A=10022:com.sohu.inputmethod.sogou.car U=0 visible=true mode=freeform translucent=false sz=1}
03-14 04:52:06.725 29159 29159 I wm_on_create_called: [239933017,com.sohu.inputmethod.sogou.car.settingsui.SogouSettingsActivity,performCreate]
03-14 04:52:06.726 29159 29159 I wm_on_start_called: [239933017,com.sohu.inputmethod.sogou.car.settingsui.SogouSettingsActivity,handleStartActivity]
03-14 04:52:06.727 29159 29159 I wm_on_resume_called: [239933017,com.sohu.inputmethod.sogou.car.settingsui.SogouSettingsActivity,RESUME_ACTIVITY]
03-14 04:52:06.731 29159 29159 I wm_on_top_resumed_gained_called: [239933017,com.sohu.inputmethod.sogou.car.settingsui.SogouSettingsActivity,topStateChangedWhenResumed]
03-14 04:52:06.749 954 10386 W WindowManager: updateScale : 0.79357797
03-14 04:52:06.750 954 1047 I input_focus: [Focus request 7413e0b com.sohu.inputmethod.sogou.car/com.sohu.inputmethod.sogou.car.settingsui.SogouSettingsActivity,reason=UpdateInputWindows]
01-01 09:06:59.996 0 0 I binder : 29159:29179 ioctl 40046210 d7680d38 returned -22
03-14 04:52:06.776 954 1638 I input_focus: [Focus leaving fca4b77 com.android.launcher3/com.android.launcher3.uioverrides.QuickstepLauncher (server),reason=Waiting for window because NOT_VISIBLE]
03-14 04:52:06.784 954 1047 W WindowManager: updateScale : 0.79357797
03-14 04:52:06.786 954 1047 W WindowManager: updateScale : 0.79357797
03-14 04:52:06.787 954 1047 W WindowManager: updateScale : 0.79357797
03-14 04:52:06.790 954 1043 I sysui_multi_action: [319,205,322,205,325,3697,757,761,758,7,759,2,806,com.sohu.inputmethod.sogou.car,871,com.sohu.inputmethod.sogou.car.settingsui.SogouSettingsActivity,904,com.android.launcher3,905,0,945,59,1320,4,1321,2]
03-14 04:52:06.790 954 1043 I wm_activity_launch_time: [0,239933017,com.sohu.inputmethod.sogou.car/.settingsui.SogouSettingsActivity,205]
03-14 04:52:06.793 954 1638 I input_focus: [Focus entering 7413e0b com.sohu.inputmethod.sogou.car/com.sohu.inputmethod.sogou.car.settingsui.SogouSettingsActivity (server),reason=Window became focusable. Previous reason: NOT_VISIBLE]
03-14 04:52:07.060 954 1047 W WindowManager: updateScale : 0.79357797
03-14 04:52:07.061 954 1046 I wm_destroy_activity: [0,162613871,70,com.microsoft.emmx/com.microsoft.ruby.Main,finish-imm:idle]
03-14 04:52:07.094 954 23230 W WindowManager: updateScale : 0.79357797
03-14 04:52:07.120 6630 6630 I wm_on_stop_called: [162613871,com.microsoft.ruby.Main,LIFECYCLER_STOP_ACTIVITY]
03-14 04:52:07.153 954 23230 I ActivityManager: Killing 28972:com.microsoft.emmx:sandboxed_process0:org.chromium.content.app.SandboxedProcessService0:57/u0a33i-9000 (adj 0): isolated not needed
03-14 04:52:07.153 954 23230 I am_kill : [0,28972,com.microsoft.emmx:sandboxed_process0:org.chromium.content.app.SandboxedProcessService0:57,0,isolated not needed]
03-14 04:52:07.168 6630 6630 I wm_on_destroy_called: [162613871,com.microsoft.ruby.Main,performDestroy]
03-14 04:52:07.171 954 23230 W WindowManager: updateScale : 0.79357797
03-14 04:52:07.172 954 23230 I wm_task_removed: [70,removeChild:removeChild last r=ActivityRecord{9b14a6f u0 com.microsoft.emmx/com.microsoft.ruby.Main t-1 f}} in t=Task{af4e94e #70 type=standard A=10033:com.microsoft.emmx U=0 visible=false mode=freeform translucent=true sz=0}]
03-14 04:52:07.172 954 23230 I wm_task_removed: [70,removeChild]
03-14 04:52:07.181 954 23230 I ActivityManager: Killing 28998:com.microsoft.emmx:sandboxed_process0:org.chromium.content.app.SandboxedProcessService0:58/u0a33i-8999 (adj 0): isolated not needed
03-14 04:52:07.181 954 23230 I am_kill : [0,28998,com.microsoft.emmx:sandboxed_process0:org.chromium.content.app.SandboxedProcessService0:58,0,isolated not needed]
01-01 09:07:00.412 0 0 I binder : undelivered transaction 1414471, process died.
01-01 09:07:00.412 0 0 I binder : undelivered transaction 1414475, process died.
03-14 04:52:07.187 954 23230 I am_proc_died: [0,28972,com.microsoft.emmx:sandboxed_process0:org.chromium.content.app.SandboxedProcessService0:57,0,10]
03-14 04:52:07.187 954 23230 I am_uid_stopped: 90000
03-14 04:52:07.189 954 1099 E KernelCpuSpeedReader: Failed to read cpu-freq: /sys/devices/system/cpu/cpu4/cpufreq/stats/time_in_state: open failed: ENOENT (No such file or directory)
03-14 04:52:07.190 954 1099 E KernelCpuSpeedReader: Failed to read cpu-freq: /sys/devices/system/cpu/cpu0/cpufreq/stats/time_in_state: open failed: ENOENT (No such file or directory)
03-14 04:52:07.217 954 23230 I am_proc_died: [0,28998,com.microsoft.emmx:sandboxed_process0:org.chromium.content.app.SandboxedProcessService0:58,0,10]
03-14 04:52:07.217 954 23230 I am_uid_stopped: 90001
03-14 04:52:07.218 954 1099 E KernelCpuSpeedReader: Failed to read cpu-freq: /sys/devices/system/cpu/cpu4/cpufreq/stats/time_in_state: open failed: ENOENT (No such file or directory)
03-14 04:52:07.218 954 1099 E KernelCpuSpeedReader: Failed to read cpu-freq: /sys/devices/system/cpu/cpu0/cpufreq/stats/time_in_state: open failed: ENOENT (No such file or directory)
01-01 09:07:00.622 0 0 E msm_pcm_playback_close: CMD_EOS failed, cmd_pending 0x8
01-01 09:07:00.633 0 0 I afe_close: port_id = 0x9000
01-01 09:07:00.650 0 0 I afe_find_cal_topo_id_by_port: port id: 0x9000, dev_acdb_id: 0
01-01 09:07:00.650 0 0 I afe_find_cal_topo_id_by_port: top_id:112fc acdb_id:15 afe_port:0x9000
01-01 09:07:00.650 0 0 I afe_get_cal_topology_id: port_id = 0x9000 acdb_id = 15 topology_id = 0x112fc cal_type_index=8 ret=0
01-01 09:07:00.651 0 0 I afe_send_port_topology_id: AFE set topology id 0x112fc enable for port 0x9000 ret 0
01-01 09:07:00.651 0 0 I send_afe_cal_type: cal_index is 0
01-01 09:07:00.651 0 0 I send_afe_cal_type: dev_acdb_id[55] is 0
01-01 09:07:00.651 0 0 I send_afe_cal_type: Sending cal_index cal 0
01-01 09:07:00.651 0 0 E send_afe_cal_type: No cal sent for cal_index 0, port_id = 0x9000! ret -22
01-01 09:07:00.659 0 0 I afe_send_hw_delay: port_id 0x9000 rate 48000 delay_usec 474 status 0
03-14 04:52:07.499 0 0 I auditd : type=1400 audit(0.0:9833): avc: denied { kill } for comm="swapper/3" capability=5 scontext=u:r:kernel:s0 tcontext=u:r:kernel:s0 tclass=capability permissive=1
03-14 04:52:08.406 954 10386 I thunderperf: PlatormCompat.setOverrides: Uid1=10074 Pid1=2598 Uid2=10074 Pid2=2598
03-14 04:52:08.406 954 10386 I thunderperf: PlatormCompat.setOverrides: needCheck:false
03-14 04:52:08.406 954 10386 I thunderperf: CompatConfig.addOverrideUnsafe: bef-state=0
03-14 04:52:08.406 954 10386 I thunderperf: CompatConfig.addOverrideUnsafe: aft-state=0
03-14 04:52:08.406 954 10386 I thunderperf: CompatConfig.addOverrideUnsafe: bef-state=0
03-14 04:52:08.406 954 10386 I thunderperf: CompatConfig.addOverrideUnsafe: aft-state=0
03-14 04:52:08.407 954 10386 I thunderperf: CompatConfig.addOverrideUnsafe: bef-state=0
03-14 04:52:08.407 954 10386 I thunderperf: CompatConfig.addOverrideUnsafe: aft-state=0
03-14 04:52:08.407 954 10386 I thunderperf: CompatConfig.addOverrideUnsafe: bef-state=0
03-14 04:52:08.407 954 10386 I thunderperf: CompatConfig.addOverrideUnsafe: aft-state=0
03-14 04:52:08.407 954 10386 I thunderperf: CompatConfig.addOverrideUnsafe: bef-state=0
03-14 04:52:08.407 954 10386 I thunderperf: CompatConfig.addOverrideUnsafe: aft-state=0
03-14 04:52:08.407 954 10386 I thunderperf: CompatConfig.addOverrideUnsafe: bef-state=0
03-14 04:52:08.407 954 10386 I thunderperf: CompatConfig.addOverrideUnsafe: aft-state=0
03-14 04:52:08.407 954 10386 I thunderperf: CompatConfig.addOverrideUnsafe: bef-state=0
03-14 04:52:08.407 954 10386 I thunderperf: CompatConfig.addOverrideUnsafe: aft-state=0
03-14 04:52:08.407 954 10386 I thunderperf: CompatConfig.addOverrideUnsafe: bef-state=0
03-14 04:52:08.407 954 10386 I thunderperf: CompatConfig.addOverrideUnsafe: aft-state=0
03-14 04:52:08.408 954 10386 I thunderperf: CompatConfig.addOverrideUnsafe: bef-state=0
03-14 04:52:08.408 954 10386 I thunderperf: CompatConfig.addOverrideUnsafe: aft-state=0
03-14 04:52:08.408 954 10386 I thunderperf: CompatConfig.addOverrideUnsafe: bef-state=0
03-14 04:52:08.408 954 10386 I thunderperf: CompatConfig.addOverrideUnsafe: aft-state=0
03-14 04:52:08.408 954 10386 I thunderperf: CompatConfig.addOverrideUnsafe: bef-state=0
03-14 04:52:08.408 954 10386 I thunderperf: CompatConfig.addOverrideUnsafe: aft-state=0
03-14 04:52:08.408 954 10386 I thunderperf: CompatConfig.addOverrideUnsafe: bef-state=0
03-14 04:52:08.408 954 10386 I thunderperf: CompatConfig.addOverrideUnsafe: aft-state=0
03-14 04:52:08.408 954 10386 I thunderperf: CompatConfig.addOverrideUnsafe: bef-state=0
03-14 04:52:08.408 954 10386 I thunderperf: CompatConfig.addOverrideUnsafe: aft-state=0
03-14 04:52:08.408 954 10386 I thunderperf: CompatConfig.addOverrideUnsafe: bef-state=0
03-14 04:52:08.408 954 10386 I thunderperf: CompatConfig.addOverrideUnsafe: aft-state=0
03-14 04:52:08.410 954 10386 I ActivityTaskManager: START u0 {act=android.intent.action.MAIN cat=[android.intent.category.LAUNCHER] flg=0x10200000 cmp=com.qiyi.video/.WelcomeActivity} from uid 10074
03-14 04:52:08.413 954 10386 I wm_task_created: [72,-1]
03-14 04:52:08.413 954 10386 W ActivityTaskManager: Can't find TaskDisplayArea to determine support for multi window. Task id=72 attached=false
03-14 04:52:08.414 954 10386 D FreeFormWindowHelper: finish old freeform task = ActivityRecord{e4d1659 u0 com.sohu.inputmethod.sogou.car/.settingsui.SogouSettingsActivity t71}
03-14 04:52:08.414 954 10386 I wm_finish_activity: [0,239933017,71,com.sohu.inputmethod.sogou.car/.settingsui.SogouSettingsActivity,app-request]
03-14 04:52:08.414 954 10386 I wm_task_moved: [1,1,8]
03-14 04:52:08.415 954 10386 I wm_set_resumed_activity: [0,com.android.launcher3/.uioverrides.QuickstepLauncher,positionChildAt]
03-14 04:52:08.415 954 10386 I wm_task_moved: [12,1,2147483647]
03-14 04:52:08.415 954 10386 I wm_task_to_front: [0,12]
03-14 04:52:08.415 954 10386 I wm_focused_root_task: [0,0,1,-1,finish-top adjustFocusToNextFocusableTask]
03-14 04:52:08.415 954 10386 I wm_set_resumed_activity: [0,com.android.launcher3/.uioverrides.QuickstepLauncher,finish-top]
03-14 04:52:08.425 954 10386 I wm_pause_activity: [0,239933017,com.sohu.inputmethod.sogou.car/.settingsui.SogouSettingsActivity,userLeaving=false,finish]
03-14 04:52:08.426 954 10386 D FreeFormWindowHelper: Add freeform task=Task{3de9deb #72 type=standard ?? U=0 visible=false mode=freeform translucent=true sz=0}
03-14 04:52:08.427 29159 29159 I wm_on_top_resumed_lost_called: [239933017,com.sohu.inputmethod.sogou.car.settingsui.SogouSettingsActivity,topStateChangedWhenResumed]
03-14 04:52:08.427 954 10386 D CompatibilityChangeReporter: Compat change id reported: 174042980; UID 10093; state: DISABLED
03-14 04:52:08.428 954 10386 D CompatibilityChangeReporter: Compat change id reported: 184838306; UID 10093; state: DISABLED
03-14 04:52:08.428 954 10386 D CompatibilityChangeReporter: Compat change id reported: 185004937; UID 10093; state: DISABLED
03-14 04:52:08.428 954 10386 D CompatibilityChangeReporter: Compat change id reported: 181136395; UID 10093; state: DISABLED
03-14 04:52:08.428 954 10386 D CompatibilityChangeReporter: Compat change id reported: 174042936; UID 10093; state: DISABLED
03-14 04:52:08.429 954 10386 I wm_task_moved: [72,1,8]
03-14 04:52:08.429 954 10386 I wm_task_to_front: [0,72]
03-14 04:52:08.429 954 10386 I wm_focused_root_task: [0,0,72,1,reuseOrNewTask]
03-14 04:52:08.429 954 10386 I wm_create_task: [0,72]
03-14 04:52:08.429 954 10386 I wm_create_activity: [0,145295176,72,com.qiyi.video/.WelcomeActivity,android.intent.action.MAIN,NULL,NULL,270532608]
03-14 04:52:08.429 954 10386 I wm_task_moved: [72,1,8]
03-14 04:52:08.429 954 10386 D CompatibilityChangeReporter: Compat change id reported: 168419799; UID 10093; state: DISABLED
03-14 04:52:08.429 954 10386 V SplashScreenExceptionList: SplashScreen checking exception for package com.qiyi.video (target sdk:30) -> false
03-14 04:52:08.431 29159 29159 I wm_on_paused_called: [239933017,com.sohu.inputmethod.sogou.car.settingsui.SogouSettingsActivity,performPause]
03-14 04:52:08.432 954 1047 I input_focus: [Focus request fca4b77 com.android.launcher3/com.android.launcher3.uioverrides.QuickstepLauncher,reason=UpdateInputWindows]
03-14 04:52:08.432 954 10386 I wm_add_to_stopping: [0,239933017,com.sohu.inputmethod.sogou.car/.settingsui.SogouSettingsActivity,completeFinishing]
03-14 04:52:08.433 954 10386 I ActivityTaskManager: FOREGROUND_APPLICATION_CHANGED to org.qiyi.android.video.MainActivity
03-14 04:52:08.433 954 10386 I ActivityTaskManager: The Process com.qiyi.video Already Exists in BG. So sending its PID: 8978
03-14 04:52:08.433 954 10386 W ActivityTaskManager: Tried to set launchTime (0) < mLastActivityLaunchTime (2576884)
03-14 04:52:08.434 954 10386 I wm_restart_activity: [0,145295176,72,com.qiyi.video/.WelcomeActivity]
03-14 04:52:08.434 954 10386 I wm_set_resumed_activity: [0,com.qiyi.video/.WelcomeActivity,minimalResumeActivityLocked]
03-14 04:52:08.440 954 1046 I am_uid_active: 10093
03-14 04:52:08.446 954 1046 I sysui_multi_action: [757,803,799,window_time_2,802,2]
03-14 04:52:08.448 954 1638 I input_focus: [Focus leaving 7413e0b com.sohu.inputmethod.sogou.car/com.sohu.inputmethod.sogou.car.settingsui.SogouSettingsActivity (server),reason=NO_WINDOW]
03-14 04:52:08.448 954 1638 I input_focus: [Focus entering fca4b77 com.android.launcher3/com.android.launcher3.uioverrides.QuickstepLauncher (server),reason=setFocusedWindow]
03-14 04:52:08.474 8978 8978 I wm_on_create_called: [145295176,com.qiyi.video.WelcomeActivity,performCreate]
03-14 04:52:08.518 8978 8978 I wm_on_start_called: [145295176,com.qiyi.video.WelcomeActivity,handleStartActivity]
03-14 04:52:08.540 954 4806 W FreeFormWindowHelper: Current Display FreeFormTask is Task{3de9deb #72 type=standard A=10093:com.qiyi.video U=0 visible=true mode=freeform translucent=false sz=1}
03-14 04:52:08.543 954 23230 D CompatibilityChangeReporter: Compat change id reported: 135634846; UID 10093; state: DISABLED
03-14 04:52:08.544 954 1067 D CompatibilityChangeReporter: Compat change id reported: 143937733; UID 10093; state: ENABLED
03-14 04:52:08.545 8978 8978 I wm_on_resume_called: [145295176,com.qiyi.video.WelcomeActivity,RESUME_ACTIVITY]
03-14 04:52:08.550 954 1067 I am_proc_start: [0,29271,10093,com.qiyi.video:QS,service,{com.qiyi.video/com.q.m.QS}]
03-14 04:52:08.550 954 1067 I ActivityManager: Start proc 29271:com.qiyi.video:QS/u0a93 for service {com.qiyi.video/com.q.m.QS}
01-01 09:07:01.790 0 0 I binder : 29271:29271 ioctl 40046210 fffa1908 returned -22
03-14 04:52:08.568 954 23230 I am_proc_bound: [0,29271,com.qiyi.video:QS]
03-14 04:52:08.576 8978 8978 I wm_on_top_resumed_gained_called: [145295176,com.qiyi.video.WelcomeActivity,topStateChangedWhenResumed]
03-14 04:52:08.632 954 10386 W WindowManager: updateScale : 0.79357797
03-14 04:52:08.636 954 1047 I input_focus: [Focus request a777890 com.qiyi.video/com.qiyi.video.WelcomeActivity,reason=UpdateInputWindows]
03-14 04:52:08.665 954 1638 I input_focus: [Focus leaving fca4b77 com.android.launcher3/com.android.launcher3.uioverrides.QuickstepLauncher (server),reason=Waiting for window because NOT_VISIBLE]
03-14 04:52:08.741 29271 29271 W Looper : Loop again would have the queued messages be executed before this one completed.
03-14 04:52:08.769 954 1047 W WindowManager: updateScale : 0.79357797
03-14 04:52:08.777 954 1047 W WindowManager: updateScale : 0.79357797
03-14 04:52:08.778 954 1047 W WindowManager: updateScale : 0.79357797
03-14 04:52:08.780 954 1046 I wm_destroy_activity: [0,239933017,71,com.sohu.inputmethod.sogou.car/.settingsui.SogouSettingsActivity,finish-imm:transit]
03-14 04:52:08.780 954 12775 I sysui_multi_action: [757,859,758,6,806,com.qiyi.video,860,channelGroupPushId]
03-14 04:52:08.780 954 12775 I sysui_multi_action: [757,856,758,1,806,com.qiyi.video,857,channelNormalPushId,858,3]
03-14 04:52:08.782 954 1638 I input_focus: [Focus entering a777890 com.qiyi.video/com.qiyi.video.WelcomeActivity (server),reason=Window became focusable. Previous reason: NOT_VISIBLE]
03-14 04:52:08.783 954 1043 I sysui_multi_action: [319,361,322,360,325,3699,757,761,758,8,759,2,806,com.qiyi.video,871,com.qiyi.video.WelcomeActivity,904,com.android.launcher3,905,0,1320,4,1321,4]
03-14 04:52:08.794 954 2640 W WindowManager: updateScale : 0.79357797
03-14 04:52:08.797 954 1043 I wm_activity_launch_time: [0,145295176,com.qiyi.video/.WelcomeActivity,360]
03-14 04:52:08.809 29159 29159 I wm_on_stop_called: [239933017,com.sohu.inputmethod.sogou.car.settingsui.SogouSettingsActivity,LIFECYCLER_STOP_ACTIVITY]
03-14 04:52:08.811 29159 29159 I wm_on_destroy_called: [239933017,com.sohu.inputmethod.sogou.car.settingsui.SogouSettingsActivity,performDestroy]
