03-14 04:52:24.390 954 1067 D CompatibilityChangeReporter: Compat change id reported: 143937733; UID 10093; state: ENABLED
03-14 04:52:24.395 954 1067 I am_proc_start: [0,30194,10093,com.qiyi.video:plugin1,service,{com.qiyi.video/org.qiyi.android.plugin.ipc.IPCService1}]
03-14 04:52:24.395 954 1067 I ActivityManager: Start proc 30194:com.qiyi.video:plugin1/u0a93 for service {com.qiyi.video/org.qiyi.android.plugin.ipc.IPCService1}
01-01 09:07:17.630 0 0 I binder : 30194:30194 ioctl 40046210 fffa1908 returned -22
03-14 04:52:24.407 954 6613 I am_proc_bound: [0,30194,com.qiyi.video:plugin1]
03-14 04:52:24.410 954 4509 I thunderperf: PlatormCompat.setOverrides: Uid1=10096 Pid1=30116 Uid2=10096 Pid2=30116
03-14 04:52:24.410 954 4509 I thunderperf: PlatormCompat.setOverrides: needCheck:false
03-14 04:52:24.410 954 4509 I thunderperf: CompatConfig.addOverrideUnsafe: bef-state=0
03-14 04:52:24.410 954 4509 I thunderperf: CompatConfig.addOverrideUnsafe: aft-state=0
03-14 04:52:24.410 954 4509 W PackageManager: MATCH_ANY_USER flag requires INTERACT_ACROSS_USERS permission: UID 10096 requires android.permission.INTERACT_ACROSS_USERS_FULL or android.permission.INTERACT_ACROSS_USERS to access user 0.
03-14 04:52:24.410 954 4509 I ActivityTaskManager: START u0 {cmp=com.ss.android.lark/.authorization.AuthorizationActivity} from uid 10096
03-14 04:52:24.407 979 979 I auditd : type=1400 audit(0.0:9840): avc: denied { add_name } for comm="perf@2.2-servic" name="clkscale_enable" scontext=u:r:vendor_hal_perf_default:s0 tcontext=u:object_r:sysfs:s0 tclass=dir permissive=1
03-14 04:52:24.407 979 979 I auditd : type=1400 audit(0.0:9841): avc: denied { create } for comm="perf@2.2-servic" name="clkscale_enable" scontext=u:r:vendor_hal_perf_default:s0 tcontext=u:object_r:sysfs:s0 tclass=file permissive=1
03-14 04:52:24.412 954 4509 I wm_task_moved: [75,1,8]
03-14 04:52:24.412 954 4509 I wm_set_resumed_activity: [0,com.ss.android.lark/.main.app.MainActivity,positionChildAt]
03-14 04:52:24.413 954 4509 I wm_create_activity: [0,114949908,75,com.ss.android.lark/.authorization.AuthorizationActivity,NULL,NULL,NULL,0]
03-14 04:52:24.413 954 4509 I wm_pause_activity: [0,222374827,com.ss.android.lark/.main.app.MainActivity,userLeaving=true,resumeTopActivityInnerLocked]
03-14 04:52:24.415 954 4509 I wm_finish_activity: [0,222374827,75,com.ss.android.lark/.main.app.MainActivity,app-request]
03-14 04:52:24.415 954 1046 D CompatibilityChangeReporter: Compat change id reported: 135634846; UID 10096; state: DISABLED
03-14 04:52:24.416 30116 30116 I wm_on_create_called: [222374827,com.ss.android.lark.main.app.MainActivity,performCreate]
03-14 04:52:24.416 954 1067 D CompatibilityChangeReporter: Compat change id reported: 143937733; UID 10096; state: ENABLED
03-14 04:52:24.420 954 6613 I wm_add_to_stopping: [0,222374827,com.ss.android.lark/.main.app.MainActivity,completeFinishing]
03-14 04:52:24.421 954 1067 I am_proc_start: [0,30213,10096,com.ss.android.lark:authorized,pre-top-activity,{com.ss.android.lark/com.ss.android.lark.authorization.AuthorizationActivity}]
03-14 04:52:24.421 954 6613 I ActivityTaskManager: FOREGROUND_APPLICATION_CHANGED to com.ss.android.lark.authorization.AuthorizationActivity
03-14 04:52:24.421 954 1067 I ActivityManager: Start proc 30213:com.ss.android.lark:authorized/u0a96 for pre-top-activity {com.ss.android.lark/com.ss.android.lark.authorization.AuthorizationActivity}
03-14 04:52:24.421 954 6613 I ActivityTaskManager: clear resize flag in freeform mode
01-01 09:07:17.657 0 0 I binder : 30213:30213 ioctl 40046210 fffa1908 returned -22
03-14 04:52:24.423 954 30214 W ContextImpl: Calling a method in the system process without a qualified user: android.app.ContextImpl.sendBroadcast:1173 com.qualcomm.qti.Performance$SendGameLaunchBroadcast.run:217 java.lang.Thread.run:920
03-14 04:52:24.424 954 1046 I sysui_multi_action: [757,803,799,window_time_2,802,1]
03-14 04:52:24.445 954 4509 I am_proc_bound: [0,30213,com.ss.android.lark:authorized]
03-14 04:52:24.447 954 4509 I wm_restart_activity: [0,114949908,75,com.ss.android.lark/.authorization.AuthorizationActivity]
03-14 04:52:24.447 954 4509 I wm_set_resumed_activity: [0,com.ss.android.lark/.authorization.AuthorizationActivity,minimalResumeActivityLocked]
03-14 04:52:24.523 954 27171 W FreeFormWindowHelper: Current Display FreeFormTask is Task{2d6d9fa #75 type=standard A=10096:com.ss.android.lark U=0 visible=true mode=freeform translucent=false sz=2}
03-14 04:52:24.632 30213 30213 I wm_on_create_called: [114949908,com.ss.android.lark.authorization.AuthorizationActivity,performCreate]
03-14 04:52:24.632 30213 30213 I wm_on_start_called: [114949908,com.ss.android.lark.authorization.AuthorizationActivity,handleStartActivity]
03-14 04:52:24.633 30213 30213 I wm_on_resume_called: [114949908,com.ss.android.lark.authorization.AuthorizationActivity,RESUME_ACTIVITY]
03-14 04:52:24.635 30213 30213 I wm_on_top_resumed_gained_called: [114949908,com.ss.android.lark.authorization.AuthorizationActivity,topStateChangedWhenResumed]
03-14 04:52:24.645 954 4509 W WindowManager: updateScale : 0.79357797
03-14 04:52:24.645 954 4509 W WindowManager: updateScale : 0.79357797
03-14 04:52:24.649 954 1047 I input_focus: [Focus request a9b60f3 com.ss.android.lark/com.ss.android.lark.authorization.AuthorizationActivity,reason=UpdateInputWindows]
01-01 09:07:17.890 0 0 I binder : 30213:30283 ioctl 40046210 b1c57d38 returned -22
03-14 04:52:24.669 954 1638 I input_focus: [Focus leaving fca4b77 com.android.launcher3/com.android.launcher3.uioverrides.QuickstepLauncher (server),reason=Waiting for window because NOT_VISIBLE]
03-14 04:52:24.696 954 969 W WindowManager: updateScale : 0.79357797
03-14 04:52:24.696 954 969 W WindowManager: updateScale : 0.79357797
03-14 04:52:24.711 954 1047 W WindowManager: updateScale : 0.79357797
03-14 04:52:24.711 954 1047 W WindowManager: updateScale : 0.79357797
03-14 04:52:24.712 954 27171 W WindowManager: updateScale : 0.79357797
03-14 04:52:24.712 954 27171 W WindowManager: updateScale : 0.79357797
03-14 04:52:24.715 954 27171 W WindowManager: updateScale : 0.79357797
03-14 04:52:24.715 954 27171 W WindowManager: updateScale : 0.79357797
03-14 04:52:24.717 954 27171 W WindowManager: updateScale : 0.79357797
03-14 04:52:24.717 954 27171 W WindowManager: updateScale : 0.79357797
03-14 04:52:24.719 954 1043 I sysui_multi_action: [319,751,322,750,325,3714,757,761,758,7,759,2,806,com.ss.android.lark,871,com.ss.android.lark.authorization.AuthorizationActivity,904,com.ss.android.lark,905,0,945,482,1320,4,1321,4]
03-14 04:52:24.720 954 1043 I wm_activity_launch_time: [0,114949908,com.ss.android.lark/.authorization.AuthorizationActivity,750]
03-14 04:52:24.721 954 1638 I input_focus: [Focus entering a9b60f3 com.ss.android.lark/com.ss.android.lark.authorization.AuthorizationActivity (server),reason=Window became focusable. Previous reason: NOT_VISIBLE]
03-14 04:52:24.719 979 979 I auditd : type=1400 audit(0.0:9842): avc: denied { add_name } for comm="perf@2.2-servic" name="clkscale_enable" scontext=u:r:vendor_hal_perf_default:s0 tcontext=u:object_r:sysfs:s0 tclass=dir permissive=1
03-14 04:52:24.719 979 979 I auditd : type=1400 audit(0.0:9843): avc: denied { create } for comm="perf@2.2-servic" name="clkscale_enable" scontext=u:r:vendor_hal_perf_default:s0 tcontext=u:object_r:sysfs:s0 tclass=file permissive=1
03-14 04:52:24.722 954 969 W WindowManager: updateScale : 0.79357797
03-14 04:52:24.722 954 969 W WindowManager: updateScale : 0.79357797
03-14 04:52:24.855 30194 30323 D ActivityThread: Loading provider com.qiyi.video: org.qiyi.basecore.db.QiyiContentProvider
03-14 04:52:25.003 954 1046 I wm_destroy_activity: [0,222374827,75,com.ss.android.lark/.main.app.MainActivity,finish-imm:idle]
03-14 04:52:25.004 954 1046 I wm_destroy_activity: [0,223214360,74,com.huawei.appmarket/.MarketActivity,finish-imm:idle]
03-14 04:52:25.005 30116 30116 I wm_on_destroy_called: [222374827,com.ss.android.lark.main.app.MainActivity,performDestroy]
03-14 04:52:25.005 954 1047 W WindowManager: updateScale : 0.79357797
03-14 04:52:25.005 954 1047 W WindowManager: updateScale : 0.79357797
03-14 04:52:25.010 954 969 W ActivityManager: Unable to start service Intent { act=com.bun.msa.action.start.service cmp=com.mdid.msa/.service.MsaKlService (has extras) } U=0: not found
03-14 04:52:25.015 954 969 W ActivityManager: Unable to start service Intent { act=com.bun.msa.action.bindto.service cmp=com.mdid.msa/.service.MsaIdService (has extras) } U=0: not found
03-14 04:52:25.024 30194 30364 D ActivityThread: Loading provider com.qiyi.video.pingback.provider: org.qiyi.android.pingback.internal.db.PingbackContentProvider
03-14 04:52:25.034 30194 30194 W Looper : Loop again would have the queued messages be executed before this one completed.
03-14 04:52:25.065 8038 8038 I wm_on_stop_called: [223214360,com.huawei.appmarket.MarketActivity,LIFECYCLER_STOP_ACTIVITY]
03-14 04:52:25.095 8038 8038 I wm_on_destroy_called: [223214360,com.huawei.appmarket.MarketActivity,performDestroy]
03-14 04:52:25.100 954 27171 W WindowManager: updateScale : 0.79357797
03-14 04:52:25.100 954 27171 W WindowManager: updateScale : 0.79357797
03-14 04:52:25.101 954 27171 I wm_task_removed: [74,removeChild:removeChild last r=ActivityRecord{d4dfb18 u0 com.huawei.appmarket/.MarketActivity t-1 f}} in t=Task{2cf793d #74 type=standard A=10095:com.huawei.appmarket U=0 visible=false mode=freeform translucent=true sz=0}]
03-14 04:52:25.101 954 27171 I wm_task_removed: [74,removeChild]
03-14 04:52:25.118 954 8433 W WindowManager: updateScale : 0.79357797
03-14 04:52:25.118 954 8433 W WindowManager: updateScale : 0.79357797
03-14 04:52:25.121 954 1047 W WindowManager: updateScale : 0.79357797
03-14 04:52:25.121 954 1047 W WindowManager: updateScale : 0.79357797
03-14 04:52:25.403 954 8433 E PackageDexUsage: Unsupported context?
03-14 04:52:25.487 954 8433 I sysui_multi_action: [757,859,758,6,806,com.qiyi.video,860,appDownloadGroupId]
03-14 04:52:25.487 954 8433 I sysui_multi_action: [757,856,758,1,806,com.qiyi.video,857,appDownloadingChannelId,858,2]
03-14 04:52:25.488 954 8433 I sysui_multi_action: [757,856,758,1,806,com.qiyi.video,857,appDownloadFinishChannelId,858,2]
03-14 04:52:25.499 0 0 I auditd : type=1400 audit(0.0:9844): avc: denied { kill } for comm="swapper/7" capability=5 scontext=u:r:kernel:s0 tcontext=u:r:kernel:s0 tclass=capability permissive=1
03-14 04:52:25.739 954 1045 I commit_sys_config_file: [notification-policy,3681955]
03-14 04:52:25.983 979 979 I auditd : type=1400 audit(0.0:9845): avc: denied { add_name } for comm="perf@2.2-servic" name="force_rail_on" scontext=u:r:vendor_hal_perf_default:s0 tcontext=u:object_r:vendor_sysfs_kgsl:s0 tclass=dir permissive=1
03-14 04:52:25.983 979 979 I auditd : type=1400 audit(0.0:9846): avc: denied { create } for comm="perf@2.2-servic" name="force_rail_on" scontext=u:r:vendor_hal_perf_default:s0 tcontext=u:object_r:vendor_sysfs_kgsl:s0 tclass=file permissive=1
03-14 04:52:25.983 979 979 I auditd : type=1400 audit(0.0:9847): avc: denied { add_name } for comm="perf@2.2-servic" name="min_freq" scontext=u:r:vendor_hal_perf_default:s0 tcontext=u:object_r:vendor_sysfs_devfreq:s0 tclass=dir permissive=1
03-14 04:52:25.983 979 979 I auditd : type=1400 audit(0.0:9848): avc: denied { create } for comm="perf@2.2-servic" name="min_freq" scontext=u:r:vendor_hal_perf_default:s0 tcontext=u:object_r:vendor_sysfs_devfreq:s0 tclass=file permissive=1
01-01 09:07:19.214 0 0 W audit : audit_lost=9908 audit_rate_limit=5 audit_backlog_limit=64
03-14 04:52:25.987 979 979 I auditd : type=1400 audit(0.0:9849): avc: denied { add_name } for comm="perf@2.2-servic" name="cpu_min_freq" scontext=u:r:vendor_hal_perf_default:s0 tcontext=u:object_r:vendor_sysfs_msm_perf:s0 tclass=dir permissive=1
01-01 09:07:19.214 0 0 E audit : rate limit exceeded
03-14 04:52:26.127 954 1685 I netstats_mobile_sample: [0,0,0,0,0,0,0,0,0,0,0,0,1678740746127]
03-14 04:52:26.127 954 1685 I netstats_wifi_sample: [91485464,132818,14965955,120017,91485464,132818,14965955,120017,72396552,83254,11592217,94681,1678740746127]
03-14 04:52:26.330 954 1638 I input_interaction: Interaction with: a9b60f3 com.ss.android.lark/com.ss.android.lark.authorization.AuthorizationActivity (server), edge-swipe (server), swipe-up (server), PointerEventDispatcher0 (server),
03-14 04:52:26.504 954 969 W WindowManager: updateScale : 0.79357797
03-14 04:52:26.504 954 969 W WindowManager: updateScale : 0.79357797
03-14 04:52:26.509 954 1047 I input_focus: [Focus request 77410ba com.ss.android.lark/com.ss.android.lark.authorization.AuthorizationActivity,reason=UpdateInputWindows]
03-14 04:52:26.518 954 969 I ActivityManager: Process com.ss.android.lark (pid 30116) has died: fg BTOP
03-14 04:52:26.519 954 969 I am_proc_died: [0,30116,com.ss.android.lark,0,3]
03-14 04:52:26.527 954 1638 I input_focus: [Focus entering 77410ba com.ss.android.lark/com.ss.android.lark.authorization.AuthorizationActivity (server),reason=setFocusedWindow]
01-01 09:07:19.878 0 0 E DTC_ETH,link_delay_work_func: 3003, SQI=0, link=0
03-14 04:52:26.746 954 1047 W WindowManager: updateScale : 0.79357797
03-14 04:52:26.761 954 1047 W WindowManager: updateScale : 0.79357797
03-14 04:52:26.811 954 969 I thunderperf: PlatormCompat.setOverrides: Uid1=10096 Pid1=30213 Uid2=10096 Pid2=30213
03-14 04:52:26.811 954 969 I thunderperf: PlatormCompat.setOverrides: needCheck:false
03-14 04:52:26.811 954 969 I thunderperf: CompatConfig.addOverrideUnsafe: bef-state=0
03-14 04:52:26.811 954 969 I thunderperf: CompatConfig.addOverrideUnsafe: aft-state=0
03-14 04:52:26.811 954 969 W PackageManager: MATCH_ANY_USER flag requires INTERACT_ACROSS_USERS permission: UID 10096 requires android.permission.INTERACT_ACROSS_USERS_FULL or android.permission.INTERACT_ACROSS_USERS to access user 0.
03-14 04:52:26.812 954 969 I ActivityTaskManager: START u0 {flg=0x14000000 pkg=com.ss.android.lark cmp=com.ss.android.lark/.main.app.MainActivity (has extras)} from uid 10096
03-14 04:52:26.816 954 969 I wm_task_moved: [75,1,7]
03-14 04:52:26.816 954 969 I wm_set_resumed_activity: [0,com.ss.android.lark/.authorization.AuthorizationActivity,positionChildAt]
03-14 04:52:26.816 954 969 I wm_create_activity: [0,30652669,75,com.ss.android.lark/.main.app.MainActivity,NULL,NULL,NULL,335544320]
03-14 04:52:26.817 954 969 I wm_pause_activity: [0,114949908,com.ss.android.lark/.authorization.AuthorizationActivity,userLeaving=true,resumeTopActivityInnerLocked]
03-14 04:52:26.818 954 969 W WindowManager: updateScale : 0.79357797
03-14 04:52:26.819 954 969 I wm_finish_activity: [0,114949908,75,com.ss.android.lark/.authorization.AuthorizationActivity,app-request]
03-14 04:52:26.819 954 1046 D CompatibilityChangeReporter: Compat change id reported: 135634846; UID 10096; state: DISABLED
03-14 04:52:26.819 954 1067 D CompatibilityChangeReporter: Compat change id reported: 143937733; UID 10096; state: ENABLED
03-14 04:52:26.820 30213 30213 I wm_on_top_resumed_lost_called: [114949908,com.ss.android.lark.authorization.AuthorizationActivity,topStateChangedWhenResumed]
03-14 04:52:26.821 30213 30213 I wm_on_paused_called: [114949908,com.ss.android.lark.authorization.AuthorizationActivity,performPause]
03-14 04:52:26.821 954 969 I wm_add_to_stopping: [0,114949908,com.ss.android.lark/.authorization.AuthorizationActivity,completeFinishing]
03-14 04:52:26.822 954 969 I ActivityTaskManager: FOREGROUND_APPLICATION_CHANGED to com.ss.android.lark.main.app.MainActivity
03-14 04:52:26.822 954 969 I ActivityTaskManager: clear resize flag in freeform mode
03-14 04:52:26.824 954 1046 I sysui_multi_action: [757,803,799,window_time_2,802,2]
03-14 04:52:26.825 954 1067 I am_proc_start: [0,30419,10096,com.ss.android.lark,pre-top-activity,{com.ss.android.lark/com.ss.android.lark.main.app.MainActivity}]
03-14 04:52:26.825 954 1067 I ActivityManager: Start proc 30419:com.ss.android.lark/u0a96 for pre-top-activity {com.ss.android.lark/com.ss.android.lark.main.app.MainActivity}
03-14 04:52:26.825 954 30420 W ContextImpl: Calling a method in the system process without a qualified user: android.app.ContextImpl.sendBroadcast:1173 com.qualcomm.qti.Performance$SendGameLaunchBroadcast.run:217 java.lang.Thread.run:920
01-01 09:07:20.057 0 0 I binder : 30419:30419 ioctl 40046210 fffa1908 returned -22
03-14 04:52:26.834 954 969 I am_proc_bound: [0,30419,com.ss.android.lark]
03-14 04:52:26.836 954 969 I wm_restart_activity: [0,30652669,75,com.ss.android.lark/.main.app.MainActivity]
03-14 04:52:26.838 954 969 I wm_set_resumed_activity: [0,com.ss.android.lark/.main.app.MainActivity,minimalResumeActivityLocked]
03-14 04:52:26.841 954 1638 I input_focus: [Focus leaving 77410ba com.ss.android.lark/com.ss.android.lark.authorization.AuthorizationActivity (server),reason=NO_WINDOW]
03-14 04:52:26.923 954 4509 W FreeFormWindowHelper: Current Display FreeFormTask is Task{2d6d9fa #75 type=standard A=10096:com.ss.android.lark U=0 visible=true mode=freeform translucent=false sz=2}
03-14 04:52:26.987 30419 30507 D ActivityThread: Loading provider com.ss.android.lark.ttnet.share: com.ss.android.lark.framework.assembly.ttnet.MultiProcessSharedProvider
03-14 04:52:26.998 954 8433 D PackageManager: Instant App installer not found with android.intent.action.INSTALL_INSTANT_APP_PACKAGE
03-14 04:52:26.998 954 8433 D PackageManager: Clear ephemeral installer activity
03-14 04:52:26.999 954 8433 D PackageManager: Instant App installer not found with android.intent.action.INSTALL_INSTANT_APP_PACKAGE
03-14 04:52:26.999 954 8433 D PackageManager: Clear ephemeral installer activity
03-14 04:52:27.000 954 8433 D PackageManager: Instant App installer not found with android.intent.action.INSTALL_INSTANT_APP_PACKAGE
03-14 04:52:27.000 954 8433 D PackageManager: Clear ephemeral installer activity
03-14 04:52:27.000 954 8433 D PackageManager: Instant App installer not found with android.intent.action.INSTALL_INSTANT_APP_PACKAGE
03-14 04:52:27.000 954 8433 D PackageManager: Clear ephemeral installer activity
03-14 04:52:27.000 954 8433 D PackageManager: Instant App installer not found with android.intent.action.INSTALL_INSTANT_APP_PACKAGE
03-14 04:52:27.000 954 8433 D PackageManager: Clear ephemeral installer activity
03-14 04:52:27.001 954 8433 D PackageManager: Instant App installer not found with android.intent.action.INSTALL_INSTANT_APP_PACKAGE
03-14 04:52:27.001 954 8433 D PackageManager: Clear ephemeral installer activity
03-14 04:52:27.033 954 969 W ActivityManager: Unable to start service Intent { act=com.bun.msa.action.start.service cmp=com.mdid.msa/.service.MsaKlService (has extras) } U=0: not found
03-14 04:52:27.035 954 969 W ActivityManager: Unable to start service Intent { act=com.bun.msa.action.bindto.service cmp=com.mdid.msa/.service.MsaIdService (has extras) } U=0: not found
03-14 04:52:27.101 954 4509 I NotificationService: cancelToast pkg=com.huawei.appmarket token=android.os.BinderProxy@7fbc89e
03-14 04:52:27.131 954 27171 I sysui_multi_action: [757,856,758,1,806,com.ss.android.lark,857,normal_v2,858,4]
03-14 04:52:27.132 954 969 I sysui_multi_action: [757,856,758,1,806,com.ss.android.lark,857,at_v2,858,4]
03-14 04:52:27.133 954 27171 I sysui_multi_action: [757,856,758,1,806,com.ss.android.lark,857,ding_v2,858,4]
03-14 04:52:27.134 954 969 I sysui_multi_action: [757,856,758,1,806,com.ss.android.lark,857,scheduleCalReminder,858,4]
03-14 04:52:27.134 954 4509 I sysui_multi_action: [757,856,758,1,806,com.ss.android.lark,857,progress,858,2]
03-14 04:52:27.135 954 969 I sysui_multi_action: [757,856,758,1,806,com.ss.android.lark,857,newMail,858,4]
03-14 04:52:27.135 954 5436 I sysui_multi_action: [757,856,758,1,806,com.ss.android.lark,857,vc_foreground,858,3]
03-14 04:52:27.136 954 4509 I sysui_multi_action: [757,856,758,1,806,com.ss.android.lark,857,vc_ringing_voip,858,4]
03-14 04:52:27.137 954 954 I notification_cancel_all: [1000,954,com.ss.android.lark,0,0,0,20,NULL]
03-14 04:52:27.137 954 954 I notification_cancel_all: [1000,954,com.ss.android.lark,0,0,0,20,NULL]
03-14 04:52:27.137 954 954 I notification_cancel_all: [1000,954,com.ss.android.lark,0,0,0,20,NULL]
03-14 04:52:27.137 954 954 I notification_cancel_all: [1000,954,com.ss.android.lark,0,0,0,20,NULL]
03-14 04:52:27.143 30419 30419 I auditd : type=1400 audit(0.0:9853): avc: denied { read } for comm="ss.android.lark" name="/" dev="dm-5" ino=2 scontext=u:r:untrusted_app:s0:c96,c256,c512,c768 tcontext=u:object_r:rootfs:s0 tclass=dir permissive=1 app=com.ss.android.lark
03-14 04:52:27.143 30419 30419 I auditd : type=1400 audit(0.0:9854): avc: denied { open } for comm="ss.android.lark" path="/" dev="dm-5" ino=2 scontext=u:r:untrusted_app:s0:c96,c256,c512,c768 tcontext=u:object_r:rootfs:s0 tclass=dir permissive=1 app=com.ss.android.lark
03-14 04:52:27.262 954 2468 I thunderperf: PlatormCompat.setOverrides: Uid1=10096 Pid1=30419 Uid2=10096 Pid2=30419
03-14 04:52:27.262 954 2468 I thunderperf: PlatormCompat.setOverrides: needCheck:false
03-14 04:52:27.262 954 2468 I thunderperf: CompatConfig.addOverrideUnsafe: bef-state=0
03-14 04:52:27.262 954 2468 I thunderperf: CompatConfig.addOverrideUnsafe: aft-state=0
03-14 04:52:27.262 954 2468 W PackageManager: MATCH_ANY_USER flag requires INTERACT_ACROSS_USERS permission: UID 10096 requires android.permission.INTERACT_ACROSS_USERS_FULL or android.permission.INTERACT_ACROSS_USERS to access user 0.
03-14 04:52:27.263 954 2468 I ActivityTaskManager: START u0 {cmp=com.ss.android.lark/.guide.landing.general.ui.GuidePageActivity} from uid 10096
03-14 04:52:27.259 979 979 I auditd : type=1400 audit(0.0:9855): avc: denied { add_name } for comm="perf@2.2-servic" name="clkscale_enable" scontext=u:r:vendor_hal_perf_default:s0 tcontext=u:object_r:sysfs:s0 tclass=dir permissive=1
03-14 04:52:27.259 979 979 I auditd : type=1400 audit(0.0:9856): avc: denied { create } for comm="perf@2.2-servic" name="clkscale_enable" scontext=u:r:vendor_hal_perf_default:s0 tcontext=u:object_r:sysfs:s0 tclass=file permissive=1
03-14 04:52:27.266 954 2468 I wm_task_moved: [75,1,7]
03-14 04:52:27.266 954 2468 I wm_set_resumed_activity: [0,com.ss.android.lark/.main.app.MainActivity,positionChildAt]
03-14 04:52:27.266 954 2468 I wm_create_activity: [0,255295404,75,com.ss.android.lark/.guide.landing.general.ui.GuidePageActivity,NULL,NULL,NULL,268435456]
03-14 04:52:27.267 954 2468 I wm_pause_activity: [0,30652669,com.ss.android.lark/.main.app.MainActivity,userLeaving=true,resumeTopActivityInnerLocked]
03-14 04:52:27.268 954 8433 I wm_finish_activity: [0,30652669,75,com.ss.android.lark/.main.app.MainActivity,app-request]
03-14 04:52:27.269 30419 30419 I wm_on_create_called: [30652669,com.ss.android.lark.main.app.MainActivity,performCreate]
03-14 04:52:27.279 954 2468 I wm_add_to_stopping: [0,30652669,com.ss.android.lark/.main.app.MainActivity,completeFinishing]
03-14 04:52:27.279 954 2468 I ActivityTaskManager: FOREGROUND_APPLICATION_CHANGED to com.ss.android.lark.guide.landing.general.ui.GuidePageActivity
03-14 04:52:27.279 954 2468 I ActivityTaskManager: The Process com.ss.android.lark Already Exists in BG. So sending its PID: 30419
03-14 04:52:27.279 954 2468 W ActivityTaskManager: Tried to set launchTime (0) < mLastActivityLaunchTime (3717528)
03-14 04:52:27.280 954 2468 I wm_restart_activity: [0,255295404,75,com.ss.android.lark/.guide.landing.general.ui.GuidePageActivity]
03-14 04:52:27.280 954 2468 I wm_set_resumed_activity: [0,com.ss.android.lark/.guide.landing.general.ui.GuidePageActivity,minimalResumeActivityLocked]
03-14 04:52:27.281 954 1046 I sysui_multi_action: [757,803,799,window_time_2,802,0]
03-14 04:52:27.313 954 1610 I commit_sys_config_file: [settings-3-0,2]
03-14 04:52:27.368 954 8433 W NotificationService: Toast already killed. pkg=com.huawei.appmarket token=android.os.BinderProxy@7fbc89e
03-14 04:52:27.376 30419 30419 I wm_on_create_called: [255295404,com.ss.android.lark.guide.landing.general.ui.GuidePageActivity,performCreate]
03-14 04:52:27.382 30419 30419 I wm_on_start_called: [255295404,com.ss.android.lark.guide.landing.general.ui.GuidePageActivity,handleStartActivity]
03-14 04:52:27.383 954 8433 W FreeFormWindowHelper: Current Display FreeFormTask is Task{2d6d9fa #75 type=standard A=10096:com.ss.android.lark U=0 visible=true mode=freeform translucent=false sz=3}
03-14 04:52:27.383 954 1045 I commit_sys_config_file: [notification-policy,3683599]
03-14 04:52:27.385 30419 30419 I wm_on_resume_called: [255295404,com.ss.android.lark.guide.landing.general.ui.GuidePageActivity,RESUME_ACTIVITY]
03-14 04:52:27.391 30419 30419 I wm_on_top_resumed_gained_called: [255295404,com.ss.android.lark.guide.landing.general.ui.GuidePageActivity,topStateChangedWhenResumed]
03-14 04:52:27.405 954 2468 W WindowManager: updateScale : 0.79357797
03-14 04:52:27.407 954 1047 I input_focus: [Focus request a8074b0 com.ss.android.lark/com.ss.android.lark.guide.landing.general.ui.GuidePageActivity,reason=UpdateInputWindows]
03-14 04:52:27.409 954 1047 W WindowManager: updateScale : 0.79357797
01-01 09:07:20.650 0 0 I binder : 30419:30606 ioctl 40046210 a95bbd38 returned -22
03-14 04:52:27.470 954 1047 W WindowManager: updateScale : 0.79357797
03-14 04:52:27.472 954 1047 W WindowManager: updateScale : 0.79357797
03-14 04:52:27.473 954 8433 I wm_destroy_activity: [0,30652669,75,com.ss.android.lark/.main.app.MainActivity,finish-imm:idle]
03-14 04:52:27.473 954 8433 I wm_destroy_activity: [0,114949908,75,com.ss.android.lark/.authorization.AuthorizationActivity,finish-imm:idle]
03-14 04:52:27.474 954 6613 W WindowManager: updateScale : 0.79357797
03-14 04:52:27.476 30419 30419 I wm_on_destroy_called: [30652669,com.ss.android.lark.main.app.MainActivity,performDestroy]
03-14 04:52:27.478 954 1043 I sysui_multi_action: [319,659,322,658,325,3717,757,761,758,7,759,2,806,com.ss.android.lark,871,com.ss.android.lark.guide.landing.general.ui.GuidePageActivity,904,com.ss.android.lark,905,0,945,23,1320,4,1321,4]
03-14 04:52:27.478 954 1638 I input_focus: [Focus entering a8074b0 com.ss.android.lark/com.ss.android.lark.guide.landing.general.ui.GuidePageActivity (server),reason=Window became focusable. Previous reason: NOT_VISIBLE]
03-14 04:52:27.479 954 1043 I wm_activity_launch_time: [0,255295404,com.ss.android.lark/.guide.landing.general.ui.GuidePageActivity,658]
03-14 04:52:27.480 30213 30213 I wm_on_stop_called: [114949908,com.ss.android.lark.authorization.AuthorizationActivity,LIFECYCLER_STOP_ACTIVITY]
03-14 04:52:27.499 0 0 I auditd : type=1400 audit(0.0:9857): avc: denied { kill } for comm="swapper/0" capability=5 scontext=u:r:kernel:s0 tcontext=u:r:kernel:s0 tclass=capability permissive=1
03-14 04:52:27.517 954 8433 I ActivityManager: Process com.ss.android.lark:authorized (pid 30213) has died: cch+25 CEM
03-14 04:52:27.518 954 969 I WindowManager: WIN DEATH: Window{77410ba u0 com.ss.android.lark/com.ss.android.lark.authorization.AuthorizationActivity}
03-14 04:52:27.518 954 8433 I am_proc_died: [0,30213,com.ss.android.lark:authorized,925,19]
03-14 04:52:27.518 954 969 W WindowManager: updateScale : 0.79357797
03-14 04:52:27.520 954 1046 W ActivityManager: setHasOverlayUi called on unknown pid: 30213
01-01 09:07:20.756 0 0 I logd : logdr: UID=10096 GID=10096 PID=30648 n tail=0 logMask=d pid=0 start=0ns deadline=0ns
01-01 09:07:21.158 0 0 E thermal cooling_device4: DTC_Fan: ERROR, avg(0) out of range(1680, 2800)
at stat(1)
03-14 04:52:28.004 954 1043 D CompanionDeviceManagerService: onPackageModified(packageName = com.ss.android.lark)
03-14 04:52:28.006 954 954 I Telecom : DefaultDialerCache: Refreshing default dialer for user 0: now null: DDC.oR@ADk
03-14 04:52:28.007 954 1613 I am_uid_running: 10090
03-14 04:52:28.007 954 1613 D CompatibilityChangeReporter: Compat change id reported: 135634846; UID 10090; state: DISABLED
03-14 04:52:28.007 954 1613 D CompatibilityChangeReporter: Compat change id reported: 177438394; UID 10090; state: DISABLED
03-14 04:52:28.007 954 1613 D CompatibilityChangeReporter: Compat change id reported: 135772972; UID 10090; state: DISABLED
03-14 04:52:28.007 954 1613 D CompatibilityChangeReporter: Compat change id reported: 135754954; UID 10090; state: DISABLED
03-14 04:52:28.007 954 1067 D CompatibilityChangeReporter: Compat change id reported: 143937733; UID 10090; state: DISABLED
03-14 04:52:28.012 954 1067 I am_proc_start: [0,30661,10090,com.android.permissioncontroller,service,{com.android.permissioncontroller/com.android.permissioncontroller.role.service.RoleControllerServiceImpl}]
03-14 04:52:28.012 954 1067 I ActivityManager: Start proc 30661:com.android.permissioncontroller/u0a90 for service {com.android.permissioncontroller/com.android.permissioncontroller.role.service.RoleControllerServiceImpl}
03-14 04:52:28.020 954 8433 I am_proc_bound: [0,30661,com.android.permissioncontroller]
01-01 09:07:21.243 0 0 I binder : 30661:30661 ioctl 40046210 7ffedd5de4 returned -22
03-14 04:52:28.021 954 8433 I am_uid_active: 10090
03-14 04:52:28.081 954 1064 W VoiceInteractionManager: no available voice recognition services found for user 0
03-14 04:52:28.134 954 1685 I netstats_mobile_sample: [0,0,0,0,0,0,0,0,0,0,0,0,1678740748134]
03-14 04:52:28.134 954 1685 I netstats_wifi_sample: [94738660,135197,15080298,121900,94738660,135197,15080298,121900,75650724,85652,11705984,96558,1678740748134]
01-01 09:07:21.360 0 0 W audit : audit_lost=9911 audit_rate_limit=5 audit_backlog_limit=64
01-01 09:07:21.360 0 0 E audit : rate limit exceeded
03-14 04:52:28.139 954 1686 I service_manager_stats: [100,54,13041]
03-14 04:52:28.275 954 1638 I input_interaction: Interaction with: fca4b77 com.android.launcher3/com.android.launcher3.uioverrides.QuickstepLauncher (server), 45b849f com.android.systemui.ImageWallpaper (server), edge-swipe (server), swipe-up (server), PointerEventDispatcher0 (server),
01-01 09:07:21.614 0 0 E msm_pcm_playback_close: CMD_EOS failed, cmd_pending 0x8
01-01 09:07:21.625 0 0 I afe_close: port_id = 0x9000
01-01 09:07:21.642 0 0 I afe_find_cal_topo_id_by_port: port id: 0x9000, dev_acdb_id: 0
01-01 09:07:21.642 0 0 I afe_find_cal_topo_id_by_port: top_id:112fc acdb_id:15 afe_port:0x9000
01-01 09:07:21.642 0 0 I afe_get_cal_topology_id: port_id = 0x9000 acdb_id = 15 topology_id = 0x112fc cal_type_index=8 ret=0
01-01 09:07:21.643 0 0 I afe_send_port_topology_id: AFE set topology id 0x112fc enable for port 0x9000 ret 0
01-01 09:07:21.643 0 0 I send_afe_cal_type: cal_index is 0
01-01 09:07:21.643 0 0 I send_afe_cal_type: dev_acdb_id[55] is 0
01-01 09:07:21.643 0 0 I send_afe_cal_type: Sending cal_index cal 0
01-01 09:07:21.643 0 0 E send_afe_cal_type: No cal sent for cal_index 0, port_id = 0x9000! ret -22
01-01 09:07:21.651 0 0 I afe_send_hw_delay: port_id 0x9000 rate 48000 delay_usec 474 status 0
03-14 04:52:28.497 954 2964 E TaskPersister: File error accessing recents directory (directory doesn't exist?).
03-14 04:52:28.499 0 0 I auditd : type=1400 audit(0.0:9860): avc: denied { kill } for comm="swapper/0" capability=5 scontext=u:r:kernel:s0 tcontext=u:r:kernel:s0 tclass=capability permissive=1
03-14 04:52:28.588 954 1066 I ActivityManager: Waited long enough for: ServiceRecord{18afab3 u0 com.qiyi.video/com.iqiyi.video.download.QiyiDownloadCenterService}
03-14 04:52:29.084 1271 30111 I iorapd : Perfetto TraceBuffer saved to file: /data/misc/iorapd/com.ss.android.lark/5300450/com.ss.android.lark.main.app.MainActivity/raw_traces/1678740749080272448.perfetto_trace.pb
03-14 04:52:29.108 954 1046 W WindowManager: updateScale : 0.79357797
03-14 04:52:29.259 979 979 I auditd : type=1400 audit(0.0:9861): avc: denied { add_name } for comm="perf@2.2-servic" name="force_rail_on" scontext=u:r:vendor_hal_perf_default:s0 tcontext=u:object_r:vendor_sysfs_kgsl:s0 tclass=dir permissive=1
03-14 04:52:29.259 979 979 I auditd : type=1400 audit(0.0:9862): avc: denied { create } for comm="perf@2.2-servic" name="force_rail_on" scontext=u:r:vendor_hal_perf_default:s0 tcontext=u:object_r:vendor_sysfs_kgsl:s0 tclass=file permissive=1
03-14 04:52:29.259 979 979 I auditd : type=1400 audit(0.0:9863): avc: denied { add_name } for comm="perf@2.2-servic" name="min_freq" scontext=u:r:vendor_hal_perf_default:s0 tcontext=u:object_r:vendor_sysfs_devfreq:s0 tclass=dir permissive=1
03-14 04:52:29.259 979 979 I auditd : type=1400 audit(0.0:9864): avc: denied { create } for comm="perf@2.2-servic" name="min_freq" scontext=u:r:vendor_hal_perf_default:s0 tcontext=u:object_r:vendor_sysfs_devfreq:s0 tclass=file permissive=1
01-01 09:07:22.491 0 0 W audit : audit_lost=9913 audit_rate_limit=5 audit_backlog_limit=64
01-01 09:07:22.491 0 0 E audit : rate limit exceeded
03-14 04:52:29.742 954 2468 I thunderperf: PlatormCompat.setOverrides: Uid1=10074 Pid1=2598 Uid2=10074 Pid2=2598
03-14 04:52:29.742 954 2468 I thunderperf: PlatormCompat.setOverrides: needCheck:false
03-14 04:52:29.742 954 2468 I thunderperf: CompatConfig.addOverrideUnsafe: bef-state=0
03-14 04:52:29.742 954 2468 I thunderperf: CompatConfig.addOverrideUnsafe: aft-state=0
03-14 04:52:29.743 954 2468 I thunderperf: CompatConfig.addOverrideUnsafe: bef-state=0
03-14 04:52:29.743 954 2468 I thunderperf: CompatConfig.addOverrideUnsafe: aft-state=0
03-14 04:52:29.743 954 2468 I thunderperf: CompatConfig.addOverrideUnsafe: bef-state=0
03-14 04:52:29.743 954 2468 I thunderperf: CompatConfig.addOverrideUnsafe: aft-state=0
03-14 04:52:29.744 954 2468 I thunderperf: CompatConfig.addOverrideUnsafe: bef-state=0
03-14 04:52:29.744 954 2468 I thunderperf: CompatConfig.addOverrideUnsafe: aft-state=0
03-14 04:52:29.745 954 2468 I thunderperf: CompatConfig.addOverrideUnsafe: bef-state=0
03-14 04:52:29.745 954 2468 I thunderperf: CompatConfig.addOverrideUnsafe: aft-state=0
03-14 04:52:29.745 954 2468 I thunderperf: CompatConfig.addOverrideUnsafe: bef-state=0
03-14 04:52:29.745 954 2468 I thunderperf: CompatConfig.addOverrideUnsafe: aft-state=0
03-14 04:52:29.746 954 2468 I thunderperf: CompatConfig.addOverrideUnsafe: bef-state=0
03-14 04:52:29.746 954 2468 I thunderperf: CompatConfig.addOverrideUnsafe: aft-state=0
03-14 04:52:29.747 954 2468 I thunderperf: CompatConfig.addOverrideUnsafe: bef-state=0
03-14 04:52:29.747 954 2468 I thunderperf: CompatConfig.addOverrideUnsafe: aft-state=0
03-14 04:52:29.747 954 2468 I thunderperf: CompatConfig.addOverrideUnsafe: bef-state=0
03-14 04:52:29.747 954 2468 I thunderperf: CompatConfig.addOverrideUnsafe: aft-state=0
03-14 04:52:29.748 954 2468 I thunderperf: CompatConfig.addOverrideUnsafe: bef-state=0
03-14 04:52:29.748 954 2468 I thunderperf: CompatConfig.addOverrideUnsafe: aft-state=0
03-14 04:52:29.749 954 2468 I thunderperf: CompatConfig.addOverrideUnsafe: bef-state=0
03-14 04:52:29.749 954 2468 I thunderperf: CompatConfig.addOverrideUnsafe: aft-state=0
03-14 04:52:29.749 954 2468 I thunderperf: CompatConfig.addOverrideUnsafe: bef-state=0
03-14 04:52:29.749 954 2468 I thunderperf: CompatConfig.addOverrideUnsafe: aft-state=0
03-14 04:52:29.750 954 2468 I thunderperf: CompatConfig.addOverrideUnsafe: bef-state=0
03-14 04:52:29.750 954 2468 I thunderperf: CompatConfig.addOverrideUnsafe: aft-state=0
03-14 04:52:29.751 954 2468 I thunderperf: CompatConfig.addOverrideUnsafe: bef-state=0
03-14 04:52:29.751 954 2468 I thunderperf: CompatConfig.addOverrideUnsafe: aft-state=0
03-14 04:52:29.763 954 2468 I ActivityTaskManager: START u0 {act=android.intent.action.MAIN cat=[android.intent.category.LAUNCHER] flg=0x10200000 cmp=com.tencent.mtt/.SplashActivity} from uid 10074
03-14 04:52:29.768 954 2468 I wm_task_created: [76,-1]
03-14 04:52:29.768 954 2468 W ActivityTaskManager: Can't find TaskDisplayArea to determine support for multi window. Task id=76 attached=false
03-14 04:52:29.769 954 2468 D FreeFormWindowHelper: finish old freeform task = ActivityRecord{f377fac u0 com.ss.android.lark/.guide.landing.general.ui.GuidePageActivity t75}
03-14 04:52:29.770 954 2468 I wm_finish_activity: [0,255295404,75,com.ss.android.lark/.guide.landing.general.ui.GuidePageActivity,app-request]
03-14 04:52:29.770 954 2468 I wm_task_moved: [1,1,8]
03-14 04:52:29.771 954 2468 I wm_set_resumed_activity: [0,com.android.launcher3/.uioverrides.QuickstepLauncher,positionChildAt]
03-14 04:52:29.771 954 2468 I wm_task_moved: [12,1,2147483647]
03-14 04:52:29.771 954 2468 I wm_task_to_front: [0,12]
03-14 04:52:29.771 954 2468 I wm_focused_root_task: [0,0,1,-1,finish-top adjustFocusToNextFocusableTask]
03-14 04:52:29.771 954 2468 I wm_set_resumed_activity: [0,com.android.launcher3/.uioverrides.QuickstepLauncher,finish-top]
03-14 04:52:29.771 30419 30419 I wm_on_top_resumed_lost_called: [255295404,com.ss.android.lark.guide.landing.general.ui.GuidePageActivity,topStateChangedWhenResumed]
03-14 04:52:29.774 954 2468 I wm_pause_activity: [0,255295404,com.ss.android.lark/.guide.landing.general.ui.GuidePageActivity,userLeaving=false,finish]
03-14 04:52:29.774 954 2468 D FreeFormWindowHelper: Add freeform task=Task{e2dd6f7 #76 type=standard ?? U=0 visible=false mode=freeform translucent=true sz=0}
03-14 04:52:29.775 954 2468 D CompatibilityChangeReporter: Compat change id reported: 174042980; UID 10101; state: DISABLED
03-14 04:52:29.776 954 2468 D CompatibilityChangeReporter: Compat change id reported: 184838306; UID 10101; state: DISABLED
03-14 04:52:29.776 954 2468 D CompatibilityChangeReporter: Compat change id reported: 185004937; UID 10101; state: DISABLED
03-14 04:52:29.776 954 2468 D CompatibilityChangeReporter: Compat change id reported: 181136395; UID 10101; state: DISABLED
03-14 04:52:29.776 954 2468 D CompatibilityChangeReporter: Compat change id reported: 174042936; UID 10101; state: DISABLED
03-14 04:52:29.777 954 2468 I wm_task_moved: [76,1,8]
03-14 04:52:29.777 954 2468 I wm_task_to_front: [0,76]
03-14 04:52:29.777 954 2468 I wm_focused_root_task: [0,0,76,1,reuseOrNewTask]
03-14 04:52:29.777 954 2468 I wm_create_task: [0,76]
03-14 04:52:29.777 954 2468 I wm_create_activity: [0,185465188,76,com.tencent.mtt/.SplashActivity,android.intent.action.MAIN,NULL,NULL,270532608]
03-14 04:52:29.777 954 2468 I wm_task_moved: [76,1,8]
03-14 04:52:29.778 954 2468 V SplashScreenExceptionList: SplashScreen checking exception for package com.tencent.mtt (target sdk:29) -> false
03-14 04:52:29.779 954 1047 I input_focus: [Focus request fca4b77 com.android.launcher3/com.android.launcher3.uioverrides.QuickstepLauncher,reason=UpdateInputWindows]
03-14 04:52:29.781 30419 30419 I wm_on_paused_called: [255295404,com.ss.android.lark.guide.landing.general.ui.GuidePageActivity,performPause]
03-14 04:52:29.781 954 2468 I wm_add_to_stopping: [0,255295404,com.ss.android.lark/.guide.landing.general.ui.GuidePageActivity,completeFinishing]
03-14 04:52:29.781 954 2468 I ActivityTaskManager: FOREGROUND_APPLICATION_CHANGED to com.tencent.mtt.SplashActivity
03-14 04:52:29.782 954 2468 I ActivityTaskManager: The Process com.tencent.mtt Already Exists in BG. So sending its PID: 13864
03-14 04:52:29.782 954 2468 I wm_restart_activity: [0,185465188,76,com.tencent.mtt/.SplashActivity]
03-14 04:52:29.783 954 2468 I wm_set_resumed_activity: [0,com.tencent.mtt/.SplashActivity,minimalResumeActivityLocked]
03-14 04:52:29.785 954 1046 I am_uid_active: 10101
03-14 04:52:29.787 954 1046 I sysui_multi_action: [757,803,799,window_time_2,802,3]
03-14 04:52:29.795 954 1064 I am_pss : [29159,10022,com.sohu.inputmethod.sogou.car,18111488,11464704,38912,111177728,0,19,6]
03-14 04:52:29.798 954 1638 I input_focus: [Focus leaving a8074b0 com.ss.android.lark/com.ss.android.lark.guide.landing.general.ui.GuidePageActivity (server),reason=NO_WINDOW]
03-14 04:52:29.798 954 1638 I input_focus: [Focus entering fca4b77 com.android.launcher3/com.android.launcher3.uioverrides.QuickstepLauncher (server),reason=setFocusedWindow]
03-14 04:52:29.801 954 1064 I am_pss : [29271,10093,com.qiyi.video:QS,19169280,7532544,40960,118452224,0,10,6]
03-14 04:52:29.886 954 5649 W FreeFormWindowHelper: Current Display FreeFormTask is Task{e2dd6f7 #76 type=standard A=10101:com.tencent.mtt U=0 visible=true mode=freeform translucent=false sz=1}
03-14 04:52:29.932 954 8433 I thunderperf: PlatormCompat.setOverrides: Uid1=10101 Pid1=13864 Uid2=10101 Pid2=13864
03-14 04:52:29.932 954 8433 I thunderperf: PlatormCompat.setOverrides: needCheck:false
03-14 04:52:29.932 954 8433 I thunderperf: CompatConfig.addOverrideUnsafe: bef-state=0
03-14 04:52:29.932 954 8433 I thunderperf: CompatConfig.addOverrideUnsafe: aft-state=0
03-14 04:52:29.932 954 8433 W PackageManager: MATCH_ANY_USER flag requires INTERACT_ACROSS_USERS permission: UID 10101 requires android.permission.INTERACT_ACROSS_USERS_FULL or android.permission.INTERACT_ACROSS_USERS to access user 0.
03-14 04:52:29.932 954 8433 I ActivityTaskManager: START u0 {flg=0x10000 cmp=com.tencent.mtt/.MainActivity} from uid 10101
03-14 04:52:29.935 954 8433 I wm_task_moved: [76,1,8]
03-14 04:52:29.935 954 8433 I wm_set_resumed_activity: [0,com.tencent.mtt/.SplashActivity,positionChildAt]
03-14 04:52:29.935 954 8433 I wm_create_activity: [0,265790938,76,com.tencent.mtt/.MainActivity,NULL,NULL,NULL,268500992]
03-14 04:52:29.936 954 8433 I wm_pause_activity: [0,185465188,com.tencent.mtt/.SplashActivity,userLeaving=true,resumeTopActivityInnerLocked]
03-14 04:52:29.937 13864 13864 I wm_on_create_called: [185465188,com.tencent.mtt.SplashActivity,performCreate]
03-14 04:52:29.955 13864 13864 I wm_on_start_called: [185465188,com.tencent.mtt.SplashActivity,handleStartActivity]
03-14 04:52:29.967 13864 13864 I wm_on_resume_called: [185465188,com.tencent.mtt.SplashActivity,RESUME_ACTIVITY]
03-14 04:52:29.973 954 18689 W WindowManager: Failed looking up window session=Session{4951632 13864:u0a10101} callers=com.android.server.wm.WindowManagerService.windowForClientLocked:5628 com.android.server.wm.Session.insetsModified:629 android.view.IWindowSession$Stub.onTransact:1151
03-14 04:52:29.975 13864 13864 I wm_on_top_resumed_gained_called: [185465188,com.tencent.mtt.SplashActivity,topStateChangedWhenResumed]
03-14 04:52:29.975 13864 13864 I wm_on_top_resumed_lost_called: [185465188,com.tencent.mtt.SplashActivity,topStateChangedWhenResumed]
03-14 04:52:29.978 13864 13864 I wm_on_paused_called: [185465188,com.tencent.mtt.SplashActivity,performPause]
03-14 04:52:29.979 954 5649 I ActivityTaskManager: FOREGROUND_APPLICATION_CHANGED to com.tencent.mtt.MainActivity
03-14 04:52:29.979 954 5649 I ActivityTaskManager: The Process com.tencent.mtt Already Exists in BG. So sending its PID: 13864
03-14 04:52:29.980 954 5649 W ActivityTaskManager: Tried to set launchTime (0) < mLastActivityLaunchTime (3720474)
03-14 04:52:29.980 954 5649 I wm_restart_activity: [0,265790938,76,com.tencent.mtt/.MainActivity]
03-14 04:52:29.981 954 5649 I wm_set_resumed_activity: [0,com.tencent.mtt/.MainActivity,minimalResumeActivityLocked]
03-14 04:52:29.986 954 1046 I sysui_multi_action: [757,803,799,window_time_2,802,0]
03-14 04:52:29.986 954 8433 W WindowManager: updateScale : 0.79357797
01-01 09:07:23.231 0 0 I binder : 13864:30729 ioctl 40046210 b12fbd38 returned -22
03-14 04:52:30.013 954 1047 W WindowManager: updateScale : 0.79357797
03-14 04:52:30.014 954 1047 W WindowManager: updateScale : 0.79357797
03-14 04:52:30.011 13864 13864 I auditd : type=1400 audit(0.0:9868): avc: denied { read } for comm="Thread-10" name="bootstrap" dev="dm-5" ino=2998 scontext=u:r:untrusted_app_29:s0:c101,c256,c512,c768 tcontext=u:object_r:system_bootstrap_lib_file:s0 tclass=dir permissive=1 app=com.tencent.mtt
03-14 04:52:30.053 13864 13864 I wm_on_create_called: [265790938,com.tencent.mtt.MainActivity,performCreate]
03-14 04:52:30.069 13864 13864 I wm_on_start_called: [265790938,com.tencent.mtt.MainActivity,handleStartActivity]
03-14 04:52:30.083 954 8433 W FreeFormWindowHelper: Current Display FreeFormTask is Task{e2dd6f7 #76 type=standard A=10101:com.tencent.mtt U=0 visible=true mode=freeform translucent=false sz=2}
03-14 04:52:30.117 954 5649 W WindowManager: Failed looking up window session=Session{4951632 13864:u0a10101} callers=com.android.server.wm.WindowManagerService.windowForClientLocked:5628 com.android.server.wm.Session.insetsModified:629 android.view.IWindowSession$Stub.onTransact:1151
03-14 04:52:30.134 954 1046 W WindowManager: updateScale : 0.79357797
03-14 04:52:30.134 954 1046 W WindowManager: updateScale : 0.79357797
03-14 04:52:30.631 13864 13864 I auditd : type=1400 audit(0.0:9869): avc: denied { read } for comm="hippy-js-Thread" name="u:object_r:qemu_hw_prop:s0" dev="tmpfs" ino=3436 scontext=u:r:untrusted_app_29:s0:c101,c256,c512,c768 tcontext=u:object_r:qemu_hw_prop:s0 tclass=file permissive=1 app=com.tencent.mtt
03-14 04:52:30.631 13864 13864 I auditd : type=1400 audit(0.0:9870): avc: denied { open } for comm="hippy-js-Thread" path="/dev/__properties__/u:object_r:qemu_hw_prop:s0" dev="tmpfs" ino=3436 scontext=u:r:untrusted_app_29:s0:c101,c256,c512,c768 tcontext=u:object_r:qemu_hw_prop:s0 tclass=file permissive=1 app=com.tencent.mtt
03-14 04:52:30.631 13864 13864 I auditd : type=1400 audit(0.0:9871): avc: denied { getattr } for comm="hippy-js-Thread" path="/dev/__properties__/u:object_r:qemu_hw_prop:s0" dev="tmpfs" ino=3436 scontext=u:r:untrusted_app_29:s0:c101,c256,c512,c768 tcontext=u:object_r:qemu_hw_prop:s0 tclass=file permissive=1 app=com.tencent.mtt
03-14 04:52:30.631 13864 13864 I auditd : type=1400 audit(0.0:9872): avc: denied { map } for comm="hippy-js-Thread" path="/dev/__properties__/u:object_r:qemu_hw_prop:s0" dev="tmpfs" ino=3436 scontext=u:r:untrusted_app_29:s0:c101,c256,c512,c768 tcontext=u:object_r:qemu_hw_prop:s0 tclass=file permissive=1 app=com.tencent.mtt
03-14 04:52:30.750 13864 13864 I wm_on_resume_called: [265790938,com.tencent.mtt.MainActivity,RESUME_ACTIVITY]
03-14 04:52:30.752 13864 13864 I wm_on_top_resumed_gained_called: [265790938,com.tencent.mtt.MainActivity,topStateChangedWhenResumed]
03-14 04:52:30.757 954 5649 W WindowManager: updateScale : 0.79357797
03-14 04:52:30.757 954 5649 W WindowManager: updateScale : 0.79357797
03-14 04:52:30.757 954 5649 W WindowManager: updateScale : 0.79357797
03-14 04:52:30.759 954 1047 I input_focus: [Focus request 9d5398a com.tencent.mtt/com.tencent.mtt.MainActivity,reason=UpdateInputWindows]
03-14 04:52:30.779 954 5649 W WindowManager: updateScale : 0.79357797
03-14 04:52:30.779 954 5649 W WindowManager: updateScale : 0.79357797
03-14 04:52:30.779 954 5649 W WindowManager: updateScale : 0.79357797
03-14 04:52:30.784 954 1638 I input_focus: [Focus leaving fca4b77 com.android.launcher3/com.android.launcher3.uioverrides.QuickstepLauncher (server),reason=Waiting for window because NOT_VISIBLE]
03-14 04:52:30.818 954 1047 W WindowManager: updateScale : 0.79357797
03-14 04:52:30.818 954 1047 W WindowManager: updateScale : 0.79357797
03-14 04:52:30.818 954 1047 W WindowManager: updateScale : 0.79357797
03-14 04:52:30.947 954 1047 W WindowManager: updateScale : 0.79357797
03-14 04:52:30.947 954 1047 W WindowManager: updateScale : 0.79357797
03-14 04:52:30.947 954 1047 W WindowManager: updateScale : 0.79357797
03-14 04:52:30.949 954 1047 W WindowManager: updateScale : 0.79357797
03-14 04:52:30.949 954 1047 W WindowManager: updateScale : 0.79357797
03-14 04:52:30.949 954 1047 W WindowManager: updateScale : 0.79357797
03-14 04:52:30.951 954 1047 W WindowManager: updateScale : 0.79357797
03-14 04:52:30.951 954 1047 W WindowManager: updateScale : 0.79357797
03-14 04:52:30.951 954 1047 W WindowManager: updateScale : 0.79357797
03-14 04:52:30.953 954 1046 I wm_destroy_activity: [0,255295404,75,com.ss.android.lark/.guide.landing.general.ui.GuidePageActivity,finish-imm:transit]
03-14 04:52:30.953 954 18689 W WindowManager: updateScale : 0.79357797
03-14 04:52:30.953 954 18689 W WindowManager: updateScale : 0.79357797
03-14 04:52:30.953 954 18689 W WindowManager: updateScale : 0.79357797
03-14 04:52:30.955 954 1043 I sysui_multi_action: [319,1186,322,1186,325,3720,757,761,758,8,759,2,806,com.tencent.mtt,871,com.tencent.mtt.MainActivity,904,com.tencent.mtt,905,0,1320,4,1321,4]
03-14 04:52:30.955 954 1046 W WindowManager: updateScale : 0.79357797
03-14 04:52:30.955 954 1046 W WindowManager: updateScale : 0.79357797
03-14 04:52:30.955 954 1046 W WindowManager: updateScale : 0.79357797
03-14 04:52:30.956 954 1043 I wm_activity_launch_time: [0,265790938,com.tencent.mtt/.MainActivity,1186]
01-01 09:07:24.186 0 0 W audit : audit_lost=9916 audit_rate_limit=5 audit_backlog_limit=64
01-01 09:07:24.186 0 0 E audit : rate limit exceeded
03-14 04:52:30.969 954 1638 I input_focus: [Focus entering 9d5398a com.tencent.mtt/com.tencent.mtt.MainActivity (server),reason=Window became focusable. Previous reason: NOT_VISIBLE]
03-14 04:52:30.970 954 2468 W WindowManager: updateScale : 0.79357797
03-14 04:52:30.970 954 2468 W WindowManager: updateScale : 0.79357797
03-14 04:52:30.970 954 2468 W WindowManager: updateScale : 0.79357797
03-14 04:52:30.972 30419 30419 I wm_on_stop_called: [255295404,com.ss.android.lark.guide.landing.general.ui.GuidePageActivity,LIFECYCLER_STOP_ACTIVITY]
03-14 04:52:30.985 30419 30419 I wm_on_destroy_called: [255295404,com.ss.android.lark.guide.landing.general.ui.GuidePageActivity,performDestroy]
03-14 04:52:30.988 954 2468 W WindowManager: updateScale : 0.79357797
03-14 04:52:30.989 954 2468 W WindowManager: updateScale : 0.79357797
03-14 04:52:30.989 954 2468 W WindowManager: updateScale : 0.79357797
03-14 04:52:30.990 954 2468 I wm_task_removed: [75,removeChild:removeChild last r=ActivityRecord{f377fac u0 com.ss.android.lark/.guide.landing.general.ui.GuidePageActivity t-1 f}} in t=Task{2d6d9fa #75 type=standard A=10096:com.ss.android.lark U=0 visible=false mode=freeform translucent=true sz=0}]
03-14 04:52:30.990 954 2468 I wm_task_removed: [75,removeChild]
03-14 04:52:30.996 954 1066 W BroadcastQueue: Permission Denial: broadcasting Intent { act=android.net.conn.CONNECTIVITY_CHANGE flg=0x4200010 (has extras) } from null (pid=-1, uid=-1) requires com.tencent.mtt.broadcast due to registered receiver BroadcastFilter{9a91e78 10101/u0 ReceiverList{fe0d3db 13864 com.tencent.mtt/10101/u0 remote:5e844ea}}
