03-14 04:36:57.614 6630 6630 I wm_on_paused_called: [38734622,org.chromium.chrome.browser.edge_settings.EdgeSettingsActivity,performPause]
03-14 04:36:57.616 954 2139 I wm_add_to_stopping: [0,38734622,com.microsoft.emmx/org.chromium.chrome.browser.edge_settings.EdgeSettingsActivity,completeFinishing]
03-14 04:36:57.618 954 2139 I wm_set_resumed_activity: [0,com.microsoft.emmx/org.chromium.chrome.browser.edge_settings.EdgeSettingsActivity,resumeTopActivityInnerLocked]
03-14 04:36:57.619 954 2139 I wm_resume_activity: [0,87562760,48,com.microsoft.emmx/org.chromium.chrome.browser.edge_settings.EdgeSettingsActivity]
03-14 04:36:57.625 954 1638 I input_focus: [Focus leaving 2b70c15 com.microsoft.emmx/org.chromium.chrome.browser.edge_settings.EdgeSettingsActivity (server),reason=NO_WINDOW]
03-14 04:36:57.626 954 1046 I sysui_multi_action: [757,803,799,window_time_0,802,4]
03-14 04:36:57.628 6630 6630 I wm_on_restart_called: [87562760,org.chromium.chrome.browser.edge_settings.EdgeSettingsActivity,performRestartActivity]
03-14 04:36:57.631 6630 6630 I wm_on_start_called: [87562760,org.chromium.chrome.browser.edge_settings.EdgeSettingsActivity,handleStartActivity]
03-14 04:36:57.634 6630 6630 I wm_on_resume_called: [87562760,org.chromium.chrome.browser.edge_settings.EdgeSettingsActivity,RESUME_ACTIVITY]
03-14 04:36:57.635 6630 6630 I wm_on_top_resumed_gained_called: [87562760,org.chromium.chrome.browser.edge_settings.EdgeSettingsActivity,topWhenResuming]
03-14 04:36:57.648 954 1047 I input_focus: [Focus request b46f87 com.microsoft.emmx/org.chromium.chrome.browser.edge_settings.EdgeSettingsActivity,reason=UpdateInputWindows]
03-14 04:36:57.679 954 1638 I input_focus: [Focus entering b46f87 com.microsoft.emmx/org.chromium.chrome.browser.edge_settings.EdgeSettingsActivity (server),reason=setFocusedWindow]
03-14 04:36:58.060 954 1046 I wm_destroy_activity: [0,38734622,48,com.microsoft.emmx/org.chromium.chrome.browser.edge_settings.EdgeSettingsActivity,finish-imm:idle]
03-14 04:36:58.082 6630 6630 I wm_on_stop_called: [38734622,org.chromium.chrome.browser.edge_settings.EdgeSettingsActivity,LIFECYCLER_STOP_ACTIVITY]
03-14 04:36:58.085 6630 6630 I wm_on_destroy_called: [38734622,org.chromium.chrome.browser.edge_settings.EdgeSettingsActivity,performDestroy]
03-14 04:36:59.095 954 1638 I input_interaction: Interaction with: b46f87 com.microsoft.emmx/org.chromium.chrome.browser.edge_settings.EdgeSettingsActivity (server), edge-swipe (server), swipe-up (server), PointerEventDispatcher0 (server),
03-14 04:36:59.200 954 2139 I wm_task_moved: [48,1,7]
03-14 04:36:59.201 954 2139 I wm_set_resumed_activity: [0,com.microsoft.emmx/org.chromium.chrome.browser.edge_settings.EdgeSettingsActivity,positionChildAt]
03-14 04:36:59.201 954 2139 I wm_create_activity: [0,8591073,48,com.microsoft.emmx/org.chromium.chrome.browser.edge_settings.EdgeSettingsActivity,android.intent.action.MAIN,NULL,NULL,0]
03-14 04:36:59.201 954 2139 I wm_pause_activity: [0,87562760,com.microsoft.emmx/org.chromium.chrome.browser.edge_settings.EdgeSettingsActivity,userLeaving=true,resumeTopActivityInnerLocked]
03-14 04:36:59.205 6630 6630 I wm_on_top_resumed_lost_called: [87562760,org.chromium.chrome.browser.edge_settings.EdgeSettingsActivity,topStateChangedWhenResumed]
03-14 04:36:59.209 6630 6630 I wm_on_paused_called: [87562760,org.chromium.chrome.browser.edge_settings.EdgeSettingsActivity,performPause]
03-14 04:36:59.209 954 2139 I wm_add_to_stopping: [0,87562760,com.microsoft.emmx/org.chromium.chrome.browser.edge_settings.EdgeSettingsActivity,makeInvisible]
03-14 04:36:59.210 954 2139 I wm_restart_activity: [0,8591073,48,com.microsoft.emmx/org.chromium.chrome.browser.edge_settings.EdgeSettingsActivity]
03-14 04:36:59.210 954 2139 I wm_set_resumed_activity: [0,com.microsoft.emmx/org.chromium.chrome.browser.edge_settings.EdgeSettingsActivity,minimalResumeActivityLocked]
03-14 04:36:59.212 954 1046 I sysui_multi_action: [757,803,799,window_time_0,802,1]
03-14 04:36:59.223 6630 6630 I wm_on_create_called: [8591073,org.chromium.chrome.browser.edge_settings.EdgeSettingsActivity,performCreate]
03-14 04:36:59.225 6630 6630 I wm_on_start_called: [8591073,org.chromium.chrome.browser.edge_settings.EdgeSettingsActivity,handleStartActivity]
03-14 04:36:59.227 6630 6630 I wm_on_resume_called: [8591073,org.chromium.chrome.browser.edge_settings.EdgeSettingsActivity,RESUME_ACTIVITY]
03-14 04:36:59.229 6630 6630 I wm_on_top_resumed_gained_called: [8591073,org.chromium.chrome.browser.edge_settings.EdgeSettingsActivity,topStateChangedWhenResumed]
03-14 04:36:59.232 954 1047 I input_focus: [Focus request 45d90f4 com.microsoft.emmx/org.chromium.chrome.browser.edge_settings.EdgeSettingsActivity,reason=UpdateInputWindows]
03-14 04:36:59.239 954 1043 I wm_activity_launch_time: [0,8591073,com.microsoft.emmx/org.chromium.chrome.browser.edge_settings.EdgeSettingsActivity,41]
03-14 04:36:59.246 954 1638 I input_focus: [Focus leaving b46f87 com.microsoft.emmx/org.chromium.chrome.browser.edge_settings.EdgeSettingsActivity (server),reason=NO_WINDOW]
03-14 04:36:59.246 954 1638 I input_focus: [Focus entering 45d90f4 com.microsoft.emmx/org.chromium.chrome.browser.edge_settings.EdgeSettingsActivity (server),reason=setFocusedWindow]
03-14 04:36:59.558 954 1064 I am_pss : [10788,99003,com.android.webview:sandboxed_process0:org.chromium.content.app.SandboxedProcessService0:0,8515584,2154496,4279296,51372032,0,19,5]
03-14 04:36:59.630 954 1046 I wm_stop_activity: [0,87562760,com.microsoft.emmx/org.chromium.chrome.browser.edge_settings.EdgeSettingsActivity]
03-14 04:36:59.652 6630 6630 I wm_on_stop_called: [87562760,org.chromium.chrome.browser.edge_settings.EdgeSettingsActivity,STOP_ACTIVITY_ITEM]
01-01 08:51:53.158 0 0 E DTC_ETH,link_delay_work_func: 3003, SQI=0, link=0
03-14 04:37:00.553 954 1638 I input_interaction: Interaction with: 45d90f4 com.microsoft.emmx/org.chromium.chrome.browser.edge_settings.EdgeSettingsActivity (server), edge-swipe (server), swipe-up (server), PointerEventDispatcher0 (server),
03-14 04:37:00.649 954 2215 I wm_finish_activity: [0,8591073,48,com.microsoft.emmx/org.chromium.chrome.browser.edge_settings.EdgeSettingsActivity,app-request]
03-14 04:37:00.660 954 2215 I wm_pause_activity: [0,8591073,com.microsoft.emmx/org.chromium.chrome.browser.edge_settings.EdgeSettingsActivity,userLeaving=false,finish]
03-14 04:37:00.665 6630 6630 I wm_on_top_resumed_lost_called: [8591073,org.chromium.chrome.browser.edge_settings.EdgeSettingsActivity,topStateChangedWhenResumed]
03-14 04:37:00.681 6630 6630 I wm_on_paused_called: [8591073,org.chromium.chrome.browser.edge_settings.EdgeSettingsActivity,performPause]
03-14 04:37:00.682 954 4509 I wm_add_to_stopping: [0,8591073,com.microsoft.emmx/org.chromium.chrome.browser.edge_settings.EdgeSettingsActivity,completeFinishing]
03-14 04:37:00.689 954 1638 I input_focus: [Focus leaving 45d90f4 com.microsoft.emmx/org.chromium.chrome.browser.edge_settings.EdgeSettingsActivity (server),reason=NO_WINDOW]
03-14 04:37:00.689 954 4509 I wm_set_resumed_activity: [0,com.microsoft.emmx/org.chromium.chrome.browser.edge_settings.EdgeSettingsActivity,resumeTopActivityInnerLocked]
03-14 04:37:00.690 954 4509 I wm_resume_activity: [0,87562760,48,com.microsoft.emmx/org.chromium.chrome.browser.edge_settings.EdgeSettingsActivity]
03-14 04:37:00.694 954 1046 I sysui_multi_action: [757,803,799,window_time_0,802,2]
03-14 04:37:00.695 6630 6630 I wm_on_restart_called: [87562760,org.chromium.chrome.browser.edge_settings.EdgeSettingsActivity,performRestartActivity]
03-14 04:37:00.698 6630 6630 I wm_on_start_called: [87562760,org.chromium.chrome.browser.edge_settings.EdgeSettingsActivity,handleStartActivity]
03-14 04:37:00.702 6630 6630 I wm_on_resume_called: [87562760,org.chromium.chrome.browser.edge_settings.EdgeSettingsActivity,RESUME_ACTIVITY]
03-14 04:37:00.703 6630 6630 I wm_on_top_resumed_gained_called: [87562760,org.chromium.chrome.browser.edge_settings.EdgeSettingsActivity,topWhenResuming]
03-14 04:37:00.710 954 1047 I input_focus: [Focus request b46f87 com.microsoft.emmx/org.chromium.chrome.browser.edge_settings.EdgeSettingsActivity,reason=UpdateInputWindows]
03-14 04:37:00.734 954 1638 I input_focus: [Focus entering b46f87 com.microsoft.emmx/org.chromium.chrome.browser.edge_settings.EdgeSettingsActivity (server),reason=setFocusedWindow]
03-14 04:37:01.121 954 1046 I wm_destroy_activity: [0,8591073,48,com.microsoft.emmx/org.chromium.chrome.browser.edge_settings.EdgeSettingsActivity,finish-imm:idle]
03-14 04:37:01.137 6630 6630 I wm_on_stop_called: [8591073,org.chromium.chrome.browser.edge_settings.EdgeSettingsActivity,LIFECYCLER_STOP_ACTIVITY]
03-14 04:37:01.140 6630 6630 I wm_on_destroy_called: [8591073,org.chromium.chrome.browser.edge_settings.EdgeSettingsActivity,performDestroy]
03-14 04:37:03.049 954 1638 I input_interaction: Interaction with: b46f87 com.microsoft.emmx/org.chromium.chrome.browser.edge_settings.EdgeSettingsActivity (server), edge-swipe (server), swipe-up (server), PointerEventDispatcher0 (server),
03-14 04:37:03.184 954 2215 I wm_finish_activity: [0,87562760,48,com.microsoft.emmx/org.chromium.chrome.browser.edge_settings.EdgeSettingsActivity,app-request]
03-14 04:37:03.191 954 2215 I wm_pause_activity: [0,87562760,com.microsoft.emmx/org.chromium.chrome.browser.edge_settings.EdgeSettingsActivity,userLeaving=false,finish]
03-14 04:37:03.196 6630 6630 I wm_on_top_resumed_lost_called: [87562760,org.chromium.chrome.browser.edge_settings.EdgeSettingsActivity,topStateChangedWhenResumed]
03-14 04:37:03.204 6630 6630 I wm_on_paused_called: [87562760,org.chromium.chrome.browser.edge_settings.EdgeSettingsActivity,performPause]
03-14 04:37:03.204 954 2215 I wm_add_to_stopping: [0,87562760,com.microsoft.emmx/org.chromium.chrome.browser.edge_settings.EdgeSettingsActivity,completeFinishing]
03-14 04:37:03.206 954 2215 I wm_set_resumed_activity: [0,com.microsoft.emmx/com.microsoft.ruby.Main,resumeTopActivityInnerLocked]
03-14 04:37:03.207 954 2215 I wm_resume_activity: [0,241111625,48,com.microsoft.emmx/com.microsoft.ruby.Main]
03-14 04:37:03.210 954 1046 I sysui_multi_action: [757,803,799,window_time_0,802,2]
03-14 04:37:03.211 6630 6630 I wm_on_restart_called: [241111625,com.microsoft.ruby.Main,performRestartActivity]
03-14 04:37:03.221 954 1638 I input_focus: [Focus leaving b46f87 com.microsoft.emmx/org.chromium.chrome.browser.edge_settings.EdgeSettingsActivity (server),reason=NO_WINDOW]
03-14 04:37:03.226 6630 6630 I wm_on_start_called: [241111625,com.microsoft.ruby.Main,handleStartActivity]
03-14 04:37:03.241 6630 6630 I wm_on_resume_called: [241111625,com.microsoft.ruby.Main,RESUME_ACTIVITY]
03-14 04:37:03.241 6630 6630 I wm_on_top_resumed_gained_called: [241111625,com.microsoft.ruby.Main,topWhenResuming]
03-14 04:37:03.249 954 1047 I input_focus: [Focus request a3b2e0a com.microsoft.emmx/com.microsoft.ruby.Main,reason=UpdateInputWindows]
03-14 04:37:03.303 954 1064 I am_pss : [7253,10097,cn.kuwo.player,255279104,242036736,0,377626624,0,4,13]
03-14 04:37:03.306 954 1638 I input_focus: [Focus entering a3b2e0a com.microsoft.emmx/com.microsoft.ruby.Main (server),reason=Window became focusable. Previous reason: NOT_VISIBLE]
03-14 04:37:03.693 954 1046 I wm_destroy_activity: [0,87562760,48,com.microsoft.emmx/org.chromium.chrome.browser.edge_settings.EdgeSettingsActivity,finish-imm:idle]
03-14 04:37:03.711 6630 6630 I wm_on_stop_called: [87562760,org.chromium.chrome.browser.edge_settings.EdgeSettingsActivity,LIFECYCLER_STOP_ACTIVITY]
03-14 04:37:03.717 6630 6630 I wm_on_destroy_called: [87562760,org.chromium.chrome.browser.edge_settings.EdgeSettingsActivity,performDestroy]
01-01 08:51:57.966 0 0 E msm_pcm_playback_close: CMD_EOS failed, cmd_pending 0x8
01-01 08:51:57.979 0 0 I afe_close: port_id = 0x9000
01-01 08:51:57.999 0 0 I afe_find_cal_topo_id_by_port: port id: 0x9000, dev_acdb_id: 0
01-01 08:51:57.999 0 0 I afe_find_cal_topo_id_by_port: top_id:112fc acdb_id:15 afe_port:0x9000
01-01 08:51:57.999 0 0 I afe_get_cal_topology_id: port_id = 0x9000 acdb_id = 15 topology_id = 0x112fc cal_type_index=8 ret=0
01-01 08:51:57.999 0 0 I afe_send_port_topology_id: AFE set topology id 0x112fc enable for port 0x9000 ret 0
01-01 08:51:57.999 0 0 I send_afe_cal_type: cal_index is 0
01-01 08:51:57.999 0 0 I send_afe_cal_type: dev_acdb_id[55] is 0
01-01 08:51:57.999 0 0 I send_afe_cal_type: Sending cal_index cal 0
01-01 08:51:57.999 0 0 E send_afe_cal_type: No cal sent for cal_index 0, port_id = 0x9000! ret -22
01-01 08:51:58.007 0 0 I afe_send_hw_delay: port_id 0x9000 rate 48000 delay_usec 474 status 0
03-14 04:37:05.026 954 1064 I am_pss : [7666,10097,cn.kuwo.player:pushservice,189961216,182767616,266240,284213248,0,4,10]
03-14 04:37:05.040 954 1064 I am_pss : [7491,10097,cn.kuwo.player:service,197833728,189259776,4293632,264421376,0,4,9]
01-01 08:51:58.282 0 0 E DTC_ETH,link_delay_work_func: 3003, SQI=0, link=0
03-14 04:37:05.154 954 954 I notification_enqueue: [10097,7666,cn.kuwo.player,67337,NULL,0,Notification(channel=cn.kuwo.player shortcut=null contentView=null vibrate=default sound=null defaults=0x2 flags=0x10 color=0x00000000 vis=PRIVATE),1]
03-14 04:37:05.279 954 1638 I input_interaction: Interaction with: a3b2e0a com.microsoft.emmx/com.microsoft.ruby.Main (server), edge-swipe (server), swipe-up (server), PointerEventDispatcher0 (server),
03-14 04:37:05.305 954 2215 I wm_task_moved: [1,0,0]
03-14 04:37:05.305 954 2215 I wm_task_moved: [1,0,6]
03-14 04:37:05.325 2598 2598 I wm_on_restart_called: [194529402,com.android.launcher3.uioverrides.QuickstepLauncher,performRestartActivity]
03-14 04:37:05.350 2598 2598 I wm_on_start_called: [194529402,com.android.launcher3.uioverrides.QuickstepLauncher,handleStartActivity]
03-14 04:37:05.354 954 954 I sysui_multi_action: [757,1501,758,1,793,59692,794,0,795,201,796,67337,806,cn.kuwo.player,857,cn.kuwo.player,858,2,947,0,1500,0,1688,1]
03-14 04:37:05.355 954 954 I sysui_multi_action: [757,804,799,note_interruptive,801,0,802,1]
03-14 04:37:05.376 954 1043 I sysui_multi_action: [319,7,322,62,325,2795,757,761,758,9,759,5,806,com.android.launcher3,871,com.android.launcher3.uioverrides.QuickstepLauncher,905,0,1320,4,1321,1]
03-14 04:37:05.406 6630 6630 I view_enqueue_input_event: [Motion - Cancel,com.microsoft.emmx/com.microsoft.ruby.Main]
03-14 04:37:05.408 2598 2598 I sysui_latency: [1,83]
03-14 04:37:05.410 954 1047 I input_focus: [Focus request recents_animation_input_consumer,reason=UpdateInputWindows]
03-14 04:37:05.415 954 1638 I input_interaction: Interaction with: edge-swipe (server), swipe-up (server), PointerEventDispatcher0 (server),
03-14 04:37:05.443 954 1638 I input_focus: [Focus leaving a3b2e0a com.microsoft.emmx/com.microsoft.ruby.Main (server),reason=NOT_FOCUSABLE]
03-14 04:37:05.444 954 1638 I input_focus: [Focus entering recents_animation_input_consumer (server),reason=setFocusedWindow]
03-14 04:37:05.555 954 1610 I commit_sys_config_file: [settings-1-0,6]
03-14 04:37:05.668 954 1064 I sysui_latency: [8,82]
03-14 04:37:05.911 979 979 I auditd : type=1400 audit(0.0:7444): avc: denied { add_name } for comm="perf@2.2-servic" name="min_freq" scontext=u:r:vendor_hal_perf_default:s0 tcontext=u:object_r:vendor_sysfs_devfreq:s0 tclass=dir permissive=1
03-14 04:37:05.911 979 979 I auditd : type=1400 audit(0.0:7445): avc: denied { create } for comm="perf@2.2-servic" name="min_freq" scontext=u:r:vendor_hal_perf_default:s0 tcontext=u:object_r:vendor_sysfs_devfreq:s0 tclass=file permissive=1
03-14 04:37:06.179 954 3426 I wm_task_moved: [1,1,7]
03-14 04:37:06.182 954 3426 I wm_focused_root_task: [0,0,1,48,RecentsAnimation.onAnimationFinished()]
03-14 04:37:06.184 6630 6630 I wm_on_top_resumed_lost_called: [241111625,com.microsoft.ruby.Main,topStateChangedWhenResumed]
03-14 04:37:06.188 954 3426 I wm_pause_activity: [0,241111625,com.microsoft.emmx/com.microsoft.ruby.Main,userLeaving=false,pauseBackTasks]
03-14 04:37:06.190 954 3426 I wm_set_resumed_activity: [0,com.android.launcher3/.uioverrides.QuickstepLauncher,resumeTopActivityInnerLocked]
03-14 04:37:06.193 954 3426 I wm_resume_activity: [0,194529402,12,com.android.launcher3/.uioverrides.QuickstepLauncher]
03-14 04:37:06.194 954 3426 I wm_add_to_stopping: [0,241111625,com.microsoft.emmx/com.microsoft.ruby.Main,makeInvisible]
03-14 04:37:06.197 2598 2598 I wm_on_resume_called: [194529402,com.android.launcher3.uioverrides.QuickstepLauncher,RESUME_ACTIVITY]
03-14 04:37:06.200 954 1047 I input_focus: [Focus request fca4b77 com.android.launcher3/com.android.launcher3.uioverrides.QuickstepLauncher,reason=UpdateInputWindows]
03-14 04:37:06.201 954 1046 I sysui_multi_action: [757,803,799,window_time_0,802,3]
03-14 04:37:06.207 954 1046 I wm_stop_activity: [0,241111625,com.microsoft.emmx/com.microsoft.ruby.Main]
03-14 04:37:06.209 954 1046 I sysui_multi_action: [757,803,799,window_time_0,802,0]
03-14 04:37:06.212 954 1638 I input_focus: [Focus leaving recents_animation_input_consumer (server),reason=NOT_VISIBLE]
03-14 04:37:06.212 954 1638 I input_focus: [Focus entering fca4b77 com.android.launcher3/com.android.launcher3.uioverrides.QuickstepLauncher (server),reason=setFocusedWindow]
03-14 04:37:06.224 2598 2598 I wm_on_top_resumed_gained_called: [194529402,com.android.launcher3.uioverrides.QuickstepLauncher,topStateChangedWhenResumed]
03-14 04:37:06.245 6630 6630 I wm_on_paused_called: [241111625,com.microsoft.ruby.Main,performPause]
03-14 04:37:06.402 954 1066 I am_uid_idle: 10081
03-14 04:37:06.422 954 1610 I commit_sys_config_file: [settings-1-0,3]
03-14 04:37:06.439 6630 6630 I wm_on_stop_called: [241111625,com.microsoft.ruby.Main,STOP_ACTIVITY_ITEM]
03-14 04:37:07.109 954 1726 I storage_state: [41217664-9172-527a-b3d5-edabb50a7d69,0,0,109558517760,118610538496]
03-14 04:37:08.064 954 1638 I input_interaction: Interaction with: fca4b77 com.android.launcher3/com.android.launcher3.uioverrides.QuickstepLauncher (server), 45b849f com.android.systemui.ImageWallpaper (server), edge-swipe (server), swipe-up (server), PointerEventDispatcher0 (server),
03-14 04:37:08.135 979 979 I auditd : type=1400 audit(0.0:7446): avc: denied { add_name } for comm="perf@2.2-servic" name="cpu_min_freq" scontext=u:r:vendor_hal_perf_default:s0 tcontext=u:object_r:vendor_sysfs_msm_perf:s0 tclass=dir permissive=1
03-14 04:37:08.135 979 979 I auditd : type=1400 audit(0.0:7447): avc: denied { create } for comm="perf@2.2-servic" name="cpu_min_freq" scontext=u:r:vendor_hal_perf_default:s0 tcontext=u:object_r:vendor_sysfs_msm_perf:s0 tclass=file permissive=1
01-01 08:52:03.402 0 0 E DTC_ETH,link_delay_work_func: 3003, SQI=0, link=0
03-14 04:37:10.499 2657 2657 I auditd : type=1400 audit(0.0:7448): avc: denied { kill } for comm="dcm_main" capability=5 scontext=u:r:hht_ota_mgr:s0 tcontext=u:r:hht_ota_mgr:s0 tclass=capability permissive=1
03-14 04:37:13.499 0 0 I auditd : type=1400 audit(0.0:7449): avc: denied { kill } for comm="swapper/2" capability=5 scontext=u:r:kernel:s0 tcontext=u:r:kernel:s0 tclass=capability permissive=1
01-01 08:52:07.497 0 0 I msm_vidc: err : ffffffff: .....: DBLP Set: status 0
03-14 04:37:15.239 954 1066 I am_uid_idle: 10090
01-01 08:52:08.462 0 0 E msm_pcm_playback_close: CMD_EOS failed, cmd_pending 0x8
01-01 08:52:08.475 0 0 I afe_close: port_id = 0x9000
01-01 08:52:08.494 0 0 I afe_find_cal_topo_id_by_port: port id: 0x9000, dev_acdb_id: 0
01-01 08:52:08.494 0 0 I afe_find_cal_topo_id_by_port: top_id:112fc acdb_id:15 afe_port:0x9000
01-01 08:52:08.494 0 0 I afe_get_cal_topology_id: port_id = 0x9000 acdb_id = 15 topology_id = 0x112fc cal_type_index=8 ret=0
01-01 08:52:08.494 0 0 I afe_send_port_topology_id: AFE set topology id 0x112fc enable for port 0x9000 ret 0
01-01 08:52:08.494 0 0 I send_afe_cal_type: cal_index is 0
01-01 08:52:08.494 0 0 I send_afe_cal_type: dev_acdb_id[55] is 0
01-01 08:52:08.494 0 0 I send_afe_cal_type: Sending cal_index cal 0
01-01 08:52:08.494 0 0 E send_afe_cal_type: No cal sent for cal_index 0, port_id = 0x9000! ret -22
01-01 08:52:08.503 0 0 I afe_send_hw_delay: port_id 0x9000 rate 48000 delay_usec 474 status 0
01-01 08:52:08.518 0 0 E DTC_ETH,link_delay_work_func: 3003, SQI=0, link=0
01-01 08:52:10.504 0 0 I msm_vidc: err : ffffffff: .....: DBLP Set: status 0
01-01 08:52:13.638 0 0 E DTC_ETH,link_delay_work_func: 3003, SQI=0, link=0
01-01 08:52:16.520 0 0 I msm_vidc: err : ffffffff: .....: DBLP Set: status 0
01-01 08:52:18.760 0 0 E DTC_ETH,link_delay_work_func: 3003, SQI=0, link=0
01-01 08:52:18.962 0 0 E msm_pcm_playback_close: CMD_EOS failed, cmd_pending 0x8
01-01 08:52:18.974 0 0 I afe_close: port_id = 0x9000
01-01 08:52:18.994 0 0 I afe_find_cal_topo_id_by_port: port id: 0x9000, dev_acdb_id: 0
01-01 08:52:18.994 0 0 I afe_find_cal_topo_id_by_port: top_id:112fc acdb_id:15 afe_port:0x9000
01-01 08:52:18.994 0 0 I afe_get_cal_topology_id: port_id = 0x9000 acdb_id = 15 topology_id = 0x112fc cal_type_index=8 ret=0
01-01 08:52:18.994 0 0 I afe_send_port_topology_id: AFE set topology id 0x112fc enable for port 0x9000 ret 0
01-01 08:52:18.994 0 0 I send_afe_cal_type: cal_index is 0
01-01 08:52:18.994 0 0 I send_afe_cal_type: dev_acdb_id[55] is 0
01-01 08:52:18.994 0 0 I send_afe_cal_type: Sending cal_index cal 0
01-01 08:52:18.994 0 0 E send_afe_cal_type: No cal sent for cal_index 0, port_id = 0x9000! ret -22
01-01 08:52:19.003 0 0 I afe_send_hw_delay: port_id 0x9000 rate 48000 delay_usec 474 status 0
01-01 08:52:23.878 0 0 E DTC_ETH,link_delay_work_func: 3003, SQI=0, link=0
03-14 04:37:30.963 954 1064 I am_pss : [12135,10101,com.tencent.mtt:patch,35584000,16789504,0,140173312,0,10,8]
03-14 04:37:30.979 12135 12135 I auditd : type=1400 audit(0.0:7450): avc: denied { search } for comm="BeaconUploader" name="net" dev="sysfs" ino=46949 scontext=u:r:untrusted_app_29:s0:c101,c256,c512,c768 tcontext=u:object_r:sysfs_net:s0 tclass=dir permissive=1 app=com.tencent.mtt
03-14 04:37:30.979 12135 12135 I auditd : type=1400 audit(0.0:7451): avc: denied { read } for comm="BeaconUploader" name="address" dev="sysfs" ino=80847 scontext=u:r:untrusted_app_29:s0:c101,c256,c512,c768 tcontext=u:object_r:sysfs_net:s0 tclass=file permissive=1 app=com.tencent.mtt
03-14 04:37:30.979 12135 12135 I auditd : type=1400 audit(0.0:7452): avc: denied { open } for comm="BeaconUploader" path="/sys/devices/platform/soc/1c00000.qcom,pcie/pci0000:00/0000:00:00.0/0000:01:00.0/net/wlan0/address" dev="sysfs" ino=80847 scontext=u:r:untrusted_app_29:s0:c101,c256,c512,c768 tcontext=u:object_r:sysfs_net:s0 tclass=file permissive=1 app=com.tencent.mtt
03-14 04:37:30.979 12135 12135 I auditd : type=1400 audit(0.0:7453): avc: denied { getattr } for comm="BeaconUploader" path="/sys/devices/platform/soc/1c00000.qcom,pcie/pci0000:00/0000:00:00.0/0000:01:00.0/net/wlan0/address" dev="sysfs" ino=80847 scontext=u:r:untrusted_app_29:s0:c101,c256,c512,c768 tcontext=u:object_r:sysfs_net:s0 tclass=file permissive=1 app=com.tencent.mtt
03-14 04:37:31.031 12578 12578 I auditd : type=1400 audit(0.0:7454): avc: denied { getattr } for comm="stat" path="/mnt/sdcard" dev="tmpfs" ino=3772 scontext=u:r:untrusted_app_29:s0:c101,c256,c512,c768 tcontext=u:object_r:mnt_sdcard_file:s0 tclass=lnk_file permissive=1 app=com.tencent.mtt
03-14 04:37:31.031 12578 12578 I auditd : type=1400 audit(0.0:7455): avc: denied { read } for comm="stat" name="sdcard" dev="tmpfs" ino=3772 scontext=u:r:untrusted_app_29:s0:c101,c256,c512,c768 tcontext=u:object_r:mnt_sdcard_file:s0 tclass=lnk_file permissive=1 app=com.tencent.mtt
03-14 04:37:31.059 12135 12135 I auditd : type=1400 audit(0.0:7456): avc: granted { nlmsg_readpriv } for comm="qimei-thread-1" scontext=u:r:untrusted_app_29:s0:c101,c256,c512,c768 tcontext=u:r:untrusted_app_29:s0:c101,c256,c512,c768 tclass=netlink_route_socket app=com.tencent.mtt
01-01 08:52:24.293 0 0 W audit : audit_lost=7790 audit_rate_limit=5 audit_backlog_limit=64
01-01 08:52:24.293 0 0 E audit : rate limit exceeded
03-14 04:37:33.238 954 1066 I am_wtf : [0,954,system_server,-1,ProcessStats,Executing service ServiceState{ed73ae6 org.chromium.content.app.SandboxedProcessService0 pkg=com.microsoft.emmx proc=97a5827} without owner]
03-14 04:37:33.240 954 2135 I am_kill : [0,11433,com.microsoft.emmx:sandboxed_process0:org.chromium.content.app.SandboxedProcessService0:12,0,isolated not needed]
03-14 04:37:33.242 954 1066 I am_wtf : [0,954,system_server,-1,ProcessStats,Binding service ServiceState{ed73ae6 org.chromium.content.app.SandboxedProcessService0 pkg=com.microsoft.emmx proc=97a5827} without owner]
03-14 04:37:33.243 954 1066 I am_wtf : [0,954,system_server,-1,ProcessStats,Starting service ServiceState{ed73ae6 org.chromium.content.app.SandboxedProcessService0 pkg=com.microsoft.emmx proc=97a5827} without owner]
03-14 04:37:33.243 954 1066 I am_wtf : [0,954,system_server,-1,ProcessStats,Binding service ServiceState{ed73ae6 org.chromium.content.app.SandboxedProcessService0 pkg=com.microsoft.emmx proc=97a5827} without owner]
03-14 04:37:33.252 954 1064 I am_pss : [6630,10033,com.microsoft.emmx,138180608,113848320,2048,317067264,0,15,16]
03-14 04:37:33.259 954 2135 I am_proc_died: [0,11433,com.microsoft.emmx:sandboxed_process0:org.chromium.content.app.SandboxedProcessService0:12,0,10]
01-01 08:52:26.483 0 0 W binder_cleanup_transaction: 8 callbacks suppressed
01-01 08:52:26.483 0 0 I binder : undelivered transaction 926413, process died.
01-01 08:52:26.483 0 0 I binder : undelivered transaction 926417, process died.
01-01 08:52:26.483 0 0 I binder : undelivered transaction 926411, process died.
03-14 04:37:33.259 954 2135 I am_uid_stopped: 90000
03-14 04:37:33.276 954 1064 I am_pss : [9624,1000,com.android.settings,128448512,120729600,2048,258347008,0,16,13]
03-14 04:37:33.287 954 1064 I am_pss : [11707,90001,com.microsoft.emmx:sandboxed_process0:org.chromium.content.app.SandboxedProcessService0:13,31611904,8605696,2048,163311616,0,15,10]
03-14 04:37:33.299 954 1064 I am_pss : [11744,90002,com.microsoft.emmx:sandboxed_process0:org.chromium.content.app.SandboxedProcessService0:14,62505984,38318080,2048,195710976,0,15,11]
03-14 04:37:33.309 954 1064 I am_pss : [6742,10033,com.microsoft.emmx:privileged_process0,50868224,30797824,2630656,166105088,0,15,9]
03-14 04:37:33.315 954 1064 I am_pss : [11565,1000,com.qti.diagservices,6153216,4292608,2048,90632192,0,10,5]
03-14 04:37:33.499 0 0 I auditd : type=1400 audit(0.0:7460): avc: denied { kill } for comm="swapper/3" capability=5 scontext=u:r:kernel:s0 tcontext=u:r:kernel:s0 tclass=capability permissive=1
01-01 08:52:28.998 0 0 E DTC_ETH,link_delay_work_func: 3003, SQI=0, link=0
03-14 04:37:36.141 954 2215 I am_proc_died: [0,12135,com.tencent.mtt:patch,800,10]
03-14 04:37:36.142 954 2215 I am_schedule_service_restart: [0,com.tencent.mtt/com.tencent.tinker.lib.service.TinkerPatchForeService,1000]
01-01 08:52:29.454 0 0 E msm_pcm_playback_close: CMD_EOS failed, cmd_pending 0x8
01-01 08:52:29.468 0 0 I afe_close: port_id = 0x9000
01-01 08:52:29.490 0 0 I afe_find_cal_topo_id_by_port: port id: 0x9000, dev_acdb_id: 0
01-01 08:52:29.490 0 0 I afe_find_cal_topo_id_by_port: top_id:112fc acdb_id:15 afe_port:0x9000
01-01 08:52:29.490 0 0 I afe_get_cal_topology_id: port_id = 0x9000 acdb_id = 15 topology_id = 0x112fc cal_type_index=8 ret=0
01-01 08:52:29.491 0 0 I afe_send_port_topology_id: AFE set topology id 0x112fc enable for port 0x9000 ret 0
01-01 08:52:29.491 0 0 I send_afe_cal_type: cal_index is 0
01-01 08:52:29.491 0 0 I send_afe_cal_type: dev_acdb_id[55] is 0
01-01 08:52:29.491 0 0 I send_afe_cal_type: Sending cal_index cal 0
01-01 08:52:29.491 0 0 E send_afe_cal_type: No cal sent for cal_index 0, port_id = 0x9000! ret -22
01-01 08:52:29.499 0 0 I afe_send_hw_delay: port_id 0x9000 rate 48000 delay_usec 474 status 0
03-14 04:37:38.154 954 4509 I am_proc_died: [0,9988,com.tencent.mtt:service,800,10]
03-14 04:37:38.163 954 4509 I am_proc_died: [0,10420,com.tencent.mtt,800,10]
03-14 04:37:38.164 954 4509 I am_uid_stopped: 10101
01-01 08:52:31.386 0 0 I binder : undelivered TRANSACTION_COMPLETE
01-01 08:52:31.386 0 0 I binder : undelivered transaction 926599, process died.
01-01 08:52:31.386 0 0 I binder : undelivered TRANSACTION_COMPLETE
01-01 08:52:31.386 0 0 I binder : undelivered transaction 926601, process died.
01-01 08:52:31.386 0 0 I binder : undelivered TRANSACTION_COMPLETE
01-01 08:52:31.386 0 0 I binder : undelivered transaction 926600, process died.
03-14 04:37:40.243 3380 3380 I auditd : type=1400 audit(0.0:7461): avc: denied { read } for comm="BackgroundThrea" name="enforce" dev="selinuxfs" ino=4 scontext=u:r:priv_app:s0:c512,c768 tcontext=u:object_r:selinuxfs:s0 tclass=file permissive=1 app=com.baidu.input
03-14 04:37:40.243 3380 3380 I auditd : type=1400 audit(0.0:7462): avc: denied { open } for comm="BackgroundThrea" path="/sys/fs/selinux/enforce" dev="selinuxfs" ino=4 scontext=u:r:priv_app:s0:c512,c768 tcontext=u:object_r:selinuxfs:s0 tclass=file permissive=1 app=com.baidu.input
01-01 08:52:34.118 0 0 E DTC_ETH,link_delay_work_func: 3003, SQI=0, link=0
03-14 04:37:41.361 954 2041 I ntp_failure: [time.android.com/2001:4860:4806:4::,java.net.SocketTimeoutException: Poll timed out]
03-14 04:37:41.785 954 969 I service_manager_stats: [100,67,104692]
03-14 04:37:41.797 954 969 I wm_task_moved: [48,1,7]
03-14 04:37:41.798 954 969 I wm_focused_root_task: [0,0,48,1,bringingFoundTaskToFront]
03-14 04:37:41.798 954 969 I wm_set_resumed_activity: [0,com.microsoft.emmx/com.microsoft.ruby.Main,bringingFoundTaskToFront]
03-14 04:37:41.804 954 969 I wm_set_resumed_activity: [0,com.microsoft.emmx/com.microsoft.ruby.Main,resumeTopActivityInnerLocked]
03-14 04:37:41.805 954 969 I wm_resume_activity: [0,241111625,48,com.microsoft.emmx/com.microsoft.ruby.Main]
03-14 04:37:41.809 954 969 I wm_new_intent: [0,241111625,48,com.microsoft.emmx/com.microsoft.ruby.Main,android.intent.action.MAIN,NULL,NULL,270532608]
03-14 04:37:41.816 2598 2598 I wm_on_top_resumed_lost_called: [194529402,com.android.launcher3.uioverrides.QuickstepLauncher,topStateChangedWhenResumed]
03-14 04:37:41.850 6630 6630 I wm_on_restart_called: [241111625,com.microsoft.ruby.Main,performRestartActivity]
03-14 04:37:41.863 6630 6630 I wm_on_start_called: [241111625,com.microsoft.ruby.Main,handleStartActivity]
03-14 04:37:41.875 6630 6630 I wm_on_resume_called: [241111625,com.microsoft.ruby.Main,RESUME_ACTIVITY]
03-14 04:37:41.889 6630 6630 I wm_on_paused_called: [241111625,com.microsoft.ruby.Main,performPause]
03-14 04:37:41.906 6630 6630 I wm_on_resume_called: [241111625,com.microsoft.ruby.Main,LIFECYCLER_RESUME_ACTIVITY]
03-14 04:37:41.907 6630 6630 I wm_on_top_resumed_gained_called: [241111625,com.microsoft.ruby.Main,topStateChangedWhenResumed]
03-14 04:37:41.918 954 1047 I input_focus: [Focus request a3b2e0a com.microsoft.emmx/com.microsoft.ruby.Main,reason=UpdateInputWindows]
03-14 04:37:41.948 954 1638 I input_focus: [Focus leaving fca4b77 com.android.launcher3/com.android.launcher3.uioverrides.QuickstepLauncher (server),reason=Waiting for window because NOT_VISIBLE]
03-14 04:37:41.980 954 1064 I am_pss : [7686,10097,cn.kuwo.player:QS,183171072,170115072,9132032,242384896,0,10,8]
03-14 04:37:41.993 954 1043 I sysui_multi_action: [319,195,322,194,325,2832,757,761,758,9,759,2,806,com.microsoft.emmx,871,com.microsoft.ruby.Main,904,com.android.launcher3,905,0,1320,4,1321,2]
03-14 04:37:41.998 954 1638 I input_focus: [Focus entering a3b2e0a com.microsoft.emmx/com.microsoft.ruby.Main (server),reason=Window became focusable. Previous reason: NOT_VISIBLE]
01-01 08:52:36.166 0 0 E thermal cooling_device4: DTC_Fan: ERROR, avg(0) out of range(1680, 2800)
at stat(1)
03-14 04:37:43.043 12719 12719 I auditd : type=1400 audit(0.0:7463): avc: denied { open } for comm="BackgroundThrea" path="/dev" dev="tmpfs" ino=3159 scontext=u:r:priv_app:s0:c512,c768 tcontext=u:object_r:device:s0 tclass=dir permissive=1 app=com.baidu.input
03-14 04:37:43.043 12719 12719 I auditd : type=1400 audit(0.0:7464): avc: denied { open } for comm="BackgroundThrea" path="/sys/bus/i2c/drivers" dev="sysfs" ino=28886 scontext=u:r:priv_app:s0:c512,c768 tcontext=u:object_r:sysfs:s0 tclass=dir permissive=1 app=com.baidu.input
03-14 04:37:43.043 12719 12719 I auditd : type=1400 audit(0.0:7465): avc: denied { open } for comm="BackgroundThrea" path="/proc/version" dev="proc" ino=4026532247 scontext=u:r:priv_app:s0:c512,c768 tcontext=u:object_r:proc_version:s0 tclass=file permissive=1 app=com.baidu.input
03-14 04:37:43.043 12719 12719 I auditd : type=1400 audit(0.0:7466): avc: denied { read } for comm="BackgroundThrea" name="uptime" dev="proc" ino=4026532246 scontext=u:r:priv_app:s0:c512,c768 tcontext=u:object_r:proc_uptime:s0 tclass=file permissive=1 app=com.baidu.input
03-14 04:37:43.043 12719 12719 I auditd : type=1400 audit(0.0:7467): avc: denied { open } for comm="BackgroundThrea" path="/proc/uptime" dev="proc" ino=4026532246 scontext=u:r:priv_app:s0:c512,c768 tcontext=u:object_r:proc_uptime:s0 tclass=file permissive=1 app=com.baidu.input
03-14 04:37:43.043 12719 12719 I auditd : type=1400 audit(0.0:7468): avc: denied { read } for comm="BackgroundThrea" name="tcp" dev="proc" ino=4026532265 scontext=u:r:priv_app:s0:c512,c768 tcontext=u:object_r:proc_net_tcp_udp:s0 tclass=file permissive=1 app=com.baidu.input
03-14 04:37:43.043 12719 12719 I auditd : type=1400 audit(0.0:7469): avc: denied { open } for comm="BackgroundThrea" path="/proc/12719/net/tcp" dev="proc" ino=4026532265 scontext=u:r:priv_app:s0:c512,c768 tcontext=u:object_r:proc_net_tcp_udp:s0 tclass=file permissive=1 app=com.baidu.input
01-01 08:52:36.274 0 0 W audit : audit_lost=7793 audit_rate_limit=5 audit_backlog_limit=64
01-01 08:52:36.274 0 0 E audit : rate limit exceeded
03-14 04:37:45.366 954 1638 I input_interaction: Interaction with: a3b2e0a com.microsoft.emmx/com.microsoft.ruby.Main (server), edge-swipe (server), swipe-up (server), PointerEventDispatcher0 (server),
03-14 04:37:45.432 954 969 I wm_finish_activity: [0,241111625,48,com.microsoft.emmx/com.microsoft.ruby.Main,finish-activity]
03-14 04:37:45.432 954 969 I wm_task_moved: [1,1,7]
03-14 04:37:45.433 954 969 I wm_set_resumed_activity: [0,com.android.launcher3/.uioverrides.QuickstepLauncher,positionChildAt]
03-14 04:37:45.433 954 969 I wm_task_moved: [12,1,2147483647]
03-14 04:37:45.433 954 969 I wm_task_to_front: [0,12]
03-14 04:37:45.433 954 969 I wm_focused_root_task: [0,0,1,-1,finish-top adjustFocusToNextFocusableTask]
03-14 04:37:45.433 954 969 I wm_set_resumed_activity: [0,com.android.launcher3/.uioverrides.QuickstepLauncher,finish-top]
03-14 04:37:45.434 954 969 I wm_pause_activity: [0,241111625,com.microsoft.emmx/com.microsoft.ruby.Main,userLeaving=false,finish]
03-14 04:37:45.437 954 1047 I input_focus: [Focus request fca4b77 com.android.launcher3/com.android.launcher3.uioverrides.QuickstepLauncher,reason=UpdateInputWindows]
03-14 04:37:45.438 6630 6630 I wm_on_top_resumed_lost_called: [241111625,com.microsoft.ruby.Main,topStateChangedWhenResumed]
03-14 04:37:45.442 954 1638 I input_focus: [Focus leaving a3b2e0a com.microsoft.emmx/com.microsoft.ruby.Main (server),reason=NOT_VISIBLE]
03-14 04:37:45.443 2598 2598 I wm_on_top_resumed_gained_called: [194529402,com.android.launcher3.uioverrides.QuickstepLauncher,topStateChangedWhenResumed]
03-14 04:37:45.444 954 1046 I sysui_multi_action: [757,803,799,window_time_0,802,40]
03-14 04:37:45.458 954 1638 I input_focus: [Focus entering fca4b77 com.android.launcher3/com.android.launcher3.uioverrides.QuickstepLauncher (server),reason=setFocusedWindow]
03-14 04:37:45.464 6630 6630 I wm_on_paused_called: [241111625,com.microsoft.ruby.Main,performPause]
03-14 04:37:45.464 954 4509 I wm_destroy_activity: [0,241111625,48,com.microsoft.emmx/com.microsoft.ruby.Main,finish-imm:completePausedLocked]
03-14 04:37:45.470 954 1046 I sysui_multi_action: [757,803,799,window_time_0,802,0]
03-14 04:37:45.539 6630 6630 I wm_on_stop_called: [241111625,com.microsoft.ruby.Main,LIFECYCLER_STOP_ACTIVITY]
03-14 04:37:45.559 954 1066 I am_wtf : [0,954,system_server,-1,ProcessStats,Executing service ServiceState{ed73ae6 org.chromium.content.app.SandboxedProcessService0 pkg=com.microsoft.emmx proc=97a5827} without owner]
03-14 04:37:45.561 954 4509 I am_kill : [0,11707,com.microsoft.emmx:sandboxed_process0:org.chromium.content.app.SandboxedProcessService0:13,0,isolated not needed]
03-14 04:37:45.565 954 1066 I am_wtf : [0,954,system_server,-1,ProcessStats,Binding service ServiceState{ed73ae6 org.chromium.content.app.SandboxedProcessService0 pkg=com.microsoft.emmx proc=97a5827} without owner]
03-14 04:37:45.566 954 1066 I am_wtf : [0,954,system_server,-1,ProcessStats,Starting service ServiceState{ed73ae6 org.chromium.content.app.SandboxedProcessService0 pkg=com.microsoft.emmx proc=97a5827} without owner]
03-14 04:37:45.566 954 1066 I am_wtf : [0,954,system_server,-1,ProcessStats,Binding service ServiceState{ed73ae6 org.chromium.content.app.SandboxedProcessService0 pkg=com.microsoft.emmx proc=97a5827} without owner]
03-14 04:37:45.576 6630 6630 I wm_on_destroy_called: [241111625,com.microsoft.ruby.Main,performDestroy]
03-14 04:37:45.584 954 12635 I wm_task_removed: [48,removeChild:removeChild last r=ActivityRecord{e5f1249 u0 com.microsoft.emmx/com.microsoft.ruby.Main t-1 f}} in t=Task{ee9b414 #48 type=standard A=10033:com.microsoft.emmx U=0 visible=false mode=freeform translucent=true sz=0}]
03-14 04:37:45.584 954 12635 I wm_task_removed: [48,removeChild]
03-14 04:37:45.602 954 1066 I am_wtf : [0,954,system_server,-1,ProcessStats,Executing service ServiceState{ed73ae6 org.chromium.content.app.SandboxedProcessService0 pkg=com.microsoft.emmx proc=97a5827} without owner]
03-14 04:37:45.603 954 1066 I am_wtf : [0,954,system_server,-1,ProcessStats,Binding service ServiceState{ed73ae6 org.chromium.content.app.SandboxedProcessService0 pkg=com.microsoft.emmx proc=97a5827} without owner]
03-14 04:37:45.603 954 3124 I am_kill : [0,11744,com.microsoft.emmx:sandboxed_process0:org.chromium.content.app.SandboxedProcessService0:14,0,isolated not needed]
03-14 04:37:45.608 954 1066 I am_wtf : [0,954,system_server,-1,ProcessStats,Starting service ServiceState{ed73ae6 org.chromium.content.app.SandboxedProcessService0 pkg=com.microsoft.emmx proc=97a5827} without owner]
03-14 04:37:45.610 954 1066 I am_wtf : [0,954,system_server,-1,ProcessStats,Binding service ServiceState{ed73ae6 org.chromium.content.app.SandboxedProcessService0 pkg=com.microsoft.emmx proc=97a5827} without owner]
01-01 08:52:38.873 0 0 I binder : undelivered transaction 930461, process died.
03-14 04:37:45.649 954 3124 I am_proc_died: [0,11744,com.microsoft.emmx:sandboxed_process0:org.chromium.content.app.SandboxedProcessService0:14,0,10]
03-14 04:37:45.649 954 3124 I am_uid_stopped: 90002
01-01 08:52:38.883 0 0 I binder : undelivered transaction 930340, process died.
01-01 08:52:38.883 0 0 I binder : undelivered transaction 930342, process died.
01-01 08:52:38.883 0 0 I binder : undelivered transaction 930338, process died.
03-14 04:37:45.659 954 12635 I am_proc_died: [0,11707,com.microsoft.emmx:sandboxed_process0:org.chromium.content.app.SandboxedProcessService0:13,0,10]
03-14 04:37:45.659 954 12635 I am_uid_stopped: 90001
01-01 08:52:39.238 0 0 E DTC_ETH,link_delay_work_func: 3003, SQI=0, link=0
03-14 04:37:46.369 954 2041 I ntp_failure: [time.android.com/2001:4860:4806:8::,java.net.SocketTimeoutException: Poll timed out]
01-01 08:52:39.950 0 0 E msm_pcm_playback_close: CMD_EOS failed, cmd_pending 0x8
01-01 08:52:39.964 0 0 I afe_close: port_id = 0x9000
03-14 04:37:46.751 979 979 I auditd : type=1400 audit(0.0:7473): avc: denied { add_name } for comm="perf@2.2-servic" name="cpu_min_freq" scontext=u:r:vendor_hal_perf_default:s0 tcontext=u:object_r:vendor_sysfs_msm_perf:s0 tclass=dir permissive=1
03-14 04:37:46.751 979 979 I auditd : type=1400 audit(0.0:7474): avc: denied { create } for comm="perf@2.2-servic" name="cpu_min_freq" scontext=u:r:vendor_hal_perf_default:s0 tcontext=u:object_r:vendor_sysfs_msm_perf:s0 tclass=file permissive=1
01-01 08:52:39.988 0 0 I afe_find_cal_topo_id_by_port: port id: 0x9000, dev_acdb_id: 0
01-01 08:52:39.988 0 0 I afe_find_cal_topo_id_by_port: top_id:112fc acdb_id:15 afe_port:0x9000
01-01 08:52:39.988 0 0 I afe_get_cal_topology_id: port_id = 0x9000 acdb_id = 15 topology_id = 0x112fc cal_type_index=8 ret=0
01-01 08:52:39.988 0 0 I afe_send_port_topology_id: AFE set topology id 0x112fc enable for port 0x9000 ret 0
01-01 08:52:39.988 0 0 I send_afe_cal_type: cal_index is 0
01-01 08:52:39.988 0 0 I send_afe_cal_type: dev_acdb_id[55] is 0
01-01 08:52:39.988 0 0 I send_afe_cal_type: Sending cal_index cal 0
01-01 08:52:39.988 0 0 E send_afe_cal_type: No cal sent for cal_index 0, port_id = 0x9000! ret -22
01-01 08:52:39.997 0 0 I afe_send_hw_delay: port_id 0x9000 rate 48000 delay_usec 474 status 0
03-14 04:37:47.568 954 1638 I input_interaction: Interaction with: fca4b77 com.android.launcher3/com.android.launcher3.uioverrides.QuickstepLauncher (server), 45b849f com.android.systemui.ImageWallpaper (server), edge-swipe (server), swipe-up (server), PointerEventDispatcher0 (server),
03-14 04:37:47.623 2598 2598 I view_enqueue_input_event: [Motion - Cancel,com.android.launcher3/com.android.launcher3.uioverrides.QuickstepLauncher]
03-14 04:37:47.627 954 1638 I input_interaction: Interaction with: edge-swipe (server), swipe-up (server), PointerEventDispatcher0 (server),
03-14 04:37:47.797 954 1610 I commit_sys_config_file: [settings-1-0,4]
03-14 04:37:48.208 954 1610 I commit_sys_config_file: [settings-1-0,4]
03-14 04:37:49.266 954 1638 I input_interaction: Interaction with: fca4b77 com.android.launcher3/com.android.launcher3.uioverrides.QuickstepLauncher (server), 45b849f com.android.systemui.ImageWallpaper (server), edge-swipe (server), swipe-up (server), PointerEventDispatcher0 (server),
03-14 04:37:49.800 954 2139 I wm_finish_activity: [0,39071916,46,com.android.settings/.Settings,recent-task-trimmed]
03-14 04:37:49.803 954 2139 I wm_destroy_activity: [0,39071916,46,com.android.settings/.Settings,finish-imm:finishIfPossible]
03-14 04:37:49.810 954 1046 I am_kill : [0,9624,com.android.settings,910,remove task]
03-14 04:37:49.813 954 1046 I sysui_multi_action: [757,803,799,window_time_0,802,4]
03-14 04:37:49.868 954 3426 I am_proc_died: [0,9624,com.android.settings,910,19]
03-14 04:37:49.873 954 3426 I wm_task_removed: [46,removeChild:removeChild last r=ActivityRecord{25430ac u0 com.android.settings/.Settings t-1 f}} in t=Task{8d9e944 #46 type=standard A=1000:com.android.settings.root U=0 visible=false mode=fullscreen translucent=true sz=0}]
03-14 04:37:49.873 954 3426 I wm_task_removed: [46,removeChild]
03-14 04:37:49.901 954 1067 I am_proc_start: [0,12776,1000,com.android.settings,NULL,]
01-01 08:52:43.148 0 0 I binder : 12776:12776 ioctl 40046210 7ffedd5de4 returned -22
03-14 04:37:49.925 954 3426 I am_proc_bound: [0,12776,com.android.settings]
03-14 04:37:50.659 954 954 I auditd : type=1400 audit(0.0:7475): avc: denied { getpgid } for comm="ActivityManager" scontext=u:r:system_server:s0 tcontext=u:r:app_zygote:s0:c512,c768 tclass=process permissive=1
01-01 08:52:44.358 0 0 E DTC_ETH,link_delay_work_func: 3003, SQI=0, link=0
03-14 04:37:51.380 954 2041 I ntp_failure: [time.android.com/2001:4860:4806::,java.net.SocketTimeoutException: Poll timed out]
03-14 04:37:51.499 0 0 I auditd : type=1400 audit(0.0:7476): avc: denied { kill } for comm="swapper/0" capability=5 scontext=u:r:kernel:s0 tcontext=u:r:kernel:s0 tclass=capability permissive=1
01-01 08:52:46.792 0 0 I msm_vidc: err : ffffffff: .....: DBLP Set: status 0
01-01 08:52:49.478 0 0 E DTC_ETH,link_delay_work_func: 3003, SQI=0, link=0
03-14 04:37:56.390 954 2041 I ntp_failure: [time.android.com/2001:4860:4806:c::,java.net.SocketTimeoutException: Poll timed out]
01-01 08:52:49.800 0 0 I msm_vidc: err : ffffffff: .....: DBLP Set: status 0
01-01 08:52:50.446 0 0 E msm_pcm_playback_close: CMD_EOS failed, cmd_pending 0x8
01-01 08:52:50.460 0 0 I afe_close: port_id = 0x9000
01-01 08:52:50.482 0 0 I afe_find_cal_topo_id_by_port: port id: 0x9000, dev_acdb_id: 0
01-01 08:52:50.482 0 0 I afe_find_cal_topo_id_by_port: top_id:112fc acdb_id:15 afe_port:0x9000
01-01 08:52:50.483 0 0 I afe_get_cal_topology_id: port_id = 0x9000 acdb_id = 15 topology_id = 0x112fc cal_type_index=8 ret=0
01-01 08:52:50.483 0 0 I afe_send_port_topology_id: AFE set topology id 0x112fc enable for port 0x9000 ret 0
01-01 08:52:50.483 0 0 I send_afe_cal_type: cal_index is 0
01-01 08:52:50.483 0 0 I send_afe_cal_type: dev_acdb_id[55] is 0
01-01 08:52:50.483 0 0 I send_afe_cal_type: Sending cal_index cal 0
01-01 08:52:50.483 0 0 E send_afe_cal_type: No cal sent for cal_index 0, port_id = 0x9000! ret -22
01-01 08:52:50.491 0 0 I afe_send_hw_delay: port_id 0x9000 rate 48000 delay_usec 474 status 0
01-01 08:52:54.598 0 0 E DTC_ETH,link_delay_work_func: 3003, SQI=0, link=0
03-14 04:38:01.397 954 2041 I ntp_failure: [time.android.com/216.239.35.0,java.net.SocketTimeoutException: Poll timed out]
03-14 04:38:01.499 0 0 I auditd : type=1400 audit(0.0:7477): avc: denied { kill } for comm="swapper/3" capability=5 scontext=u:r:kernel:s0 tcontext=u:r:kernel:s0 tclass=capability permissive=1
01-01 08:52:57.416 0 0 I msm_vidc: err : ffffffff: .....: DBLP Set: status 0
03-14 04:38:05.258 954 954 I notification_enqueue: [10097,7666,cn.kuwo.player,67337,NULL,0,Notification(channel=cn.kuwo.player shortcut=null contentView=null vibrate=default sound=null defaults=0x2 flags=0x10 color=0x00000000 vis=PRIVATE),1]
03-14 04:38:05.459 954 954 I sysui_multi_action: [757,1501,758,1,793,119797,794,0,795,203,796,67337,806,cn.kuwo.player,857,cn.kuwo.player,858,2,947,0,1500,0,1688,1]
03-14 04:38:05.460 954 954 I sysui_multi_action: [757,804,799,note_interruptive,801,0,802,1]
03-14 04:38:06.283 979 979 I auditd : type=1400 audit(0.0:7478): avc: denied { add_name } for comm="perf@2.2-servic" name="cpu_max_freq" scontext=u:r:vendor_hal_perf_default:s0 tcontext=u:object_r:vendor_sysfs_msm_perf:s0 tclass=dir permissive=1
03-14 04:38:06.283 979 979 I auditd : type=1400 audit(0.0:7479): avc: denied { create } for comm="perf@2.2-servic" name="cpu_max_freq" scontext=u:r:vendor_hal_perf_default:s0 tcontext=u:object_r:vendor_sysfs_msm_perf:s0 tclass=file permissive=1
03-14 04:38:06.287 954 10386 I wm_task_created: [49,-1]
03-14 04:38:06.290 954 10386 I wm_task_moved: [49,1,6]
03-14 04:38:06.290 954 10386 I wm_task_to_front: [0,49]
03-14 04:38:06.290 954 10386 I wm_create_task: [0,49]
03-14 04:38:06.290 954 10386 I wm_create_activity: [0,201426976,49,com.microsoft.emmx/com.microsoft.ruby.Main,android.intent.action.MAIN,NULL,NULL,270532608]
03-14 04:38:06.290 954 10386 I wm_task_moved: [49,1,6]
03-14 04:38:06.292 954 10386 I wm_restart_activity: [0,201426976,49,com.microsoft.emmx/com.microsoft.ruby.Main]
03-14 04:38:06.292 954 10386 I wm_set_resumed_activity: [0,com.microsoft.emmx/com.microsoft.ruby.Main,minimalResumeActivityLocked]
03-14 04:38:06.295 2598 2598 I wm_on_top_resumed_lost_called: [194529402,com.android.launcher3.uioverrides.QuickstepLauncher,topStateChangedWhenResumed]
03-14 04:38:06.313 6630 6630 I service_manager_stats: [200,61,2857004]
03-14 04:38:06.343 6630 6630 I wm_on_create_called: [201426976,com.microsoft.ruby.Main,performCreate]
03-14 04:38:06.346 6630 6630 I wm_on_start_called: [201426976,com.microsoft.ruby.Main,handleStartActivity]
03-14 04:38:06.349 6630 6630 I wm_on_resume_called: [201426976,com.microsoft.ruby.Main,RESUME_ACTIVITY]
03-14 04:38:06.352 6630 6630 I wm_on_top_resumed_gained_called: [201426976,com.microsoft.ruby.Main,topStateChangedWhenResumed]
03-14 04:38:06.358 954 1047 I input_focus: [Focus request 1281076 com.microsoft.emmx/com.microsoft.ruby.Main,reason=UpdateInputWindows]
03-14 04:38:06.363 954 10386 I am_uid_running: 90000
03-14 04:38:06.390 954 1638 I input_focus: [Focus leaving fca4b77 com.android.launcher3/com.android.launcher3.uioverrides.QuickstepLauncher (server),reason=Waiting for window because NOT_VISIBLE]
03-14 04:38:06.401 954 2041 I ntp_failure: [time.android.com/216.239.35.12,java.net.SocketTimeoutException: Poll timed out]
03-14 04:38:06.455 954 1067 I am_proc_start: [0,12994,90000,com.microsoft.emmx:sandboxed_process0:org.chromium.content.app.SandboxedProcessService0:22,,{com.microsoft.emmx/org.chromium.content.app.SandboxedProcessService0:22}]
01-01 08:52:59.686 0 0 I binder : 12994:12994 ioctl 40046210 7ffedd5054 returned -22
03-14 04:38:06.463 954 3426 I am_proc_bound: [0,12994,com.microsoft.emmx:sandboxed_process0:org.chromium.content.app.SandboxedProcessService0:22]
03-14 04:38:06.464 954 3426 I am_uid_active: 90000
01-01 08:52:59.718 0 0 E DTC_ETH,link_delay_work_func: 3003, SQI=0, link=0
03-14 04:38:06.499 0 0 I auditd : type=1400 audit(0.0:7480): avc: denied { kill } for comm="swapper/0" capability=5 scontext=u:r:kernel:s0 tcontext=u:r:kernel:s0 tclass=capability permissive=1
03-14 04:38:06.509 954 10386 I am_uid_running: 90001
03-14 04:38:06.519 954 1067 I am_proc_start: [0,13025,90001,com.microsoft.emmx:sandboxed_process0:org.chromium.content.app.SandboxedProcessService0:23,,{com.microsoft.emmx/org.chromium.content.app.SandboxedProcessService0:23}]
03-14 04:38:06.536 954 3426 I am_proc_bound: [0,13025,com.microsoft.emmx:sandboxed_process0:org.chromium.content.app.SandboxedProcessService0:23]
01-01 08:52:59.758 0 0 I binder : 13025:13025 ioctl 40046210 7ffedd5054 returned -22
03-14 04:38:06.537 954 3426 I am_uid_active: 90001
03-14 04:38:06.555 954 1043 I sysui_multi_action: [319,271,322,270,325,2856,757,761,758,8,759,2,806,com.microsoft.emmx,871,com.microsoft.ruby.Main,904,com.android.launcher3,905,0,1320,4,1321,2]
03-14 04:38:06.556 954 1043 I wm_activity_launch_time: [0,201426976,com.microsoft.emmx/com.microsoft.ruby.Main,270]
03-14 04:38:06.558 954 1638 I input_focus: [Focus entering 1281076 com.microsoft.emmx/com.microsoft.ruby.Main (server),reason=Window became focusable. Previous reason: NOT_VISIBLE]
03-14 04:38:07.205 954 1726 I storage_state: [41217664-9172-527a-b3d5-edabb50a7d69,0,0,109459955712,118610538496]
