03-14 04:52:08.816 954 12775 I sysui_multi_action: [757,859,758,6,806,com.qiyi.video,860,filedownload_channel_group_id]
03-14 04:52:08.816 954 12775 I sysui_multi_action: [757,856,758,1,806,com.qiyi.video,857,filedownload_channel_id,858,2]
03-14 04:52:08.817 954 12775 I sysui_multi_action: [757,856,758,1,806,com.qiyi.video,857,filedownload_finish_channel_id,858,4]
03-14 04:52:08.819 954 12775 I sysui_multi_action: [757,856,758,1,806,com.qiyi.video,857,filedownload_environment_channel_id,858,4]
03-14 04:52:08.822 954 2640 W WindowManager: updateScale : 0.79357797
03-14 04:52:08.827 954 6613 I wm_task_removed: [71,removeChild:removeChild last r=ActivityRecord{e4d1659 u0 com.sohu.inputmethod.sogou.car/.settingsui.SogouSettingsActivity t-1 f}} in t=Task{8b62aa0 #71 type=standard A=10022:com.sohu.inputmethod.sogou.car U=0 visible=false mode=freeform translucent=true sz=0}]
03-14 04:52:08.827 954 6613 I wm_task_removed: [71,removeChild]
03-14 04:52:08.903 954 6613 W WindowManager: updateScale : 0.79357797
03-14 04:52:09.002 954 12775 W WindowManager: updateScale : 0.79357797
03-14 04:52:09.032 954 1045 I commit_sys_config_file: [notification-policy,3665248]
03-14 04:52:09.043 954 2640 W ActivityTaskManager: Request to remove task ignored for non-existent task 71
03-14 04:52:09.499 0 0 I auditd : type=1400 audit(0.0:9834): avc: denied { kill } for comm="swapper/6" capability=5 scontext=u:r:kernel:s0 tcontext=u:r:kernel:s0 tclass=capability permissive=1
03-14 04:52:10.136 954 1685 I netstats_mobile_sample: [0,0,0,0,0,0,0,0,0,0,0,0,1678740730136]
03-14 04:52:10.136 954 1685 I netstats_wifi_sample: [64676381,111499,13798544,106197,64676381,111499,13798544,106197,47499499,63713,10464510,81023,1678740730136]
03-14 04:52:10.263 954 12775 I thunderperf: PlatormCompat.setOverrides: Uid1=10074 Pid1=2598 Uid2=10074 Pid2=2598
03-14 04:52:10.263 954 12775 I thunderperf: PlatormCompat.setOverrides: needCheck:false
03-14 04:52:10.263 954 12775 I thunderperf: CompatConfig.addOverrideUnsafe: bef-state=0
03-14 04:52:10.263 954 12775 I thunderperf: CompatConfig.addOverrideUnsafe: aft-state=0
03-14 04:52:10.264 954 12775 I thunderperf: CompatConfig.addOverrideUnsafe: bef-state=0
03-14 04:52:10.264 954 12775 I thunderperf: CompatConfig.addOverrideUnsafe: aft-state=0
03-14 04:52:10.264 954 12775 I thunderperf: CompatConfig.addOverrideUnsafe: bef-state=0
03-14 04:52:10.264 954 12775 I thunderperf: CompatConfig.addOverrideUnsafe: aft-state=0
03-14 04:52:10.264 954 12775 I thunderperf: CompatConfig.addOverrideUnsafe: bef-state=0
03-14 04:52:10.264 954 12775 I thunderperf: CompatConfig.addOverrideUnsafe: aft-state=0
03-14 04:52:10.264 954 12775 I thunderperf: CompatConfig.addOverrideUnsafe: bef-state=0
03-14 04:52:10.264 954 12775 I thunderperf: CompatConfig.addOverrideUnsafe: aft-state=0
03-14 04:52:10.264 954 12775 I thunderperf: CompatConfig.addOverrideUnsafe: bef-state=0
03-14 04:52:10.264 954 12775 I thunderperf: CompatConfig.addOverrideUnsafe: aft-state=0
03-14 04:52:10.265 954 12775 I thunderperf: CompatConfig.addOverrideUnsafe: bef-state=0
03-14 04:52:10.265 954 12775 I thunderperf: CompatConfig.addOverrideUnsafe: aft-state=0
03-14 04:52:10.265 954 12775 I thunderperf: CompatConfig.addOverrideUnsafe: bef-state=0
03-14 04:52:10.265 954 12775 I thunderperf: CompatConfig.addOverrideUnsafe: aft-state=0
03-14 04:52:10.265 954 12775 I thunderperf: CompatConfig.addOverrideUnsafe: bef-state=0
03-14 04:52:10.266 954 12775 I thunderperf: CompatConfig.addOverrideUnsafe: aft-state=0
03-14 04:52:10.266 954 12775 I thunderperf: CompatConfig.addOverrideUnsafe: bef-state=0
03-14 04:52:10.266 954 12775 I thunderperf: CompatConfig.addOverrideUnsafe: aft-state=0
03-14 04:52:10.266 954 12775 I thunderperf: CompatConfig.addOverrideUnsafe: bef-state=0
03-14 04:52:10.266 954 12775 I thunderperf: CompatConfig.addOverrideUnsafe: aft-state=0
03-14 04:52:10.266 954 12775 I thunderperf: CompatConfig.addOverrideUnsafe: bef-state=0
03-14 04:52:10.266 954 12775 I thunderperf: CompatConfig.addOverrideUnsafe: aft-state=0
03-14 04:52:10.266 954 12775 I thunderperf: CompatConfig.addOverrideUnsafe: bef-state=0
03-14 04:52:10.266 954 12775 I thunderperf: CompatConfig.addOverrideUnsafe: aft-state=0
03-14 04:52:10.266 954 12775 I thunderperf: CompatConfig.addOverrideUnsafe: bef-state=0
03-14 04:52:10.266 954 12775 I thunderperf: CompatConfig.addOverrideUnsafe: aft-state=0
03-14 04:52:10.268 954 12775 I ActivityTaskManager: START u0 {act=android.intent.action.MAIN cat=[android.intent.category.LAUNCHER] flg=0x10200000 cmp=com.sohu.sohuvideo/.ui.homepage.MainActivity} from uid 10074
03-14 04:52:10.271 954 12775 I wm_task_created: [73,-1]
03-14 04:52:10.271 954 12775 W ActivityTaskManager: Can't find TaskDisplayArea to determine support for multi window. Task id=73 attached=false
03-14 04:52:10.272 954 12775 D FreeFormWindowHelper: finish old freeform task = ActivityRecord{8a90748 u0 com.qiyi.video/.WelcomeActivity t72}
03-14 04:52:10.272 954 12775 I wm_finish_activity: [0,145295176,72,com.qiyi.video/.WelcomeActivity,app-request]
03-14 04:52:10.272 954 12775 I wm_task_moved: [1,1,8]
03-14 04:52:10.273 954 12775 I wm_set_resumed_activity: [0,com.android.launcher3/.uioverrides.QuickstepLauncher,positionChildAt]
03-14 04:52:10.273 954 12775 I wm_task_moved: [12,1,2147483647]
03-14 04:52:10.273 954 12775 I wm_task_to_front: [0,12]
03-14 04:52:10.273 954 12775 I wm_focused_root_task: [0,0,1,-1,finish-top adjustFocusToNextFocusableTask]
03-14 04:52:10.273 8978 8978 I wm_on_top_resumed_lost_called: [145295176,com.qiyi.video.WelcomeActivity,topStateChangedWhenResumed]
03-14 04:52:10.273 954 12775 I wm_set_resumed_activity: [0,com.android.launcher3/.uioverrides.QuickstepLauncher,finish-top]
03-14 04:52:10.281 954 12775 I wm_pause_activity: [0,145295176,com.qiyi.video/.WelcomeActivity,userLeaving=false,finish]
03-14 04:52:10.281 954 12775 D FreeFormWindowHelper: Add freeform task=Task{c4aff4d #73 type=standard ?? U=0 visible=false mode=freeform translucent=true sz=0}
03-14 04:52:10.282 954 12775 D CompatibilityChangeReporter: Compat change id reported: 174042980; UID 10094; state: DISABLED
03-14 04:52:10.282 954 12775 D CompatibilityChangeReporter: Compat change id reported: 184838306; UID 10094; state: DISABLED
03-14 04:52:10.283 954 12775 D CompatibilityChangeReporter: Compat change id reported: 185004937; UID 10094; state: DISABLED
03-14 04:52:10.283 954 12775 D CompatibilityChangeReporter: Compat change id reported: 181136395; UID 10094; state: DISABLED
03-14 04:52:10.283 954 12775 D CompatibilityChangeReporter: Compat change id reported: 174042936; UID 10094; state: DISABLED
03-14 04:52:10.284 954 12775 I wm_task_moved: [73,1,8]
03-14 04:52:10.284 954 12775 I wm_task_to_front: [0,73]
03-14 04:52:10.284 954 12775 I wm_focused_root_task: [0,0,73,1,reuseOrNewTask]
03-14 04:52:10.284 954 12775 I wm_create_task: [0,73]
03-14 04:52:10.284 954 12775 I wm_create_activity: [0,138828290,73,com.sohu.sohuvideo/.ui.homepage.MainActivity,android.intent.action.MAIN,NULL,NULL,270532608]
03-14 04:52:10.284 954 12775 I wm_task_moved: [73,1,8]
03-14 04:52:10.284 954 12775 V SplashScreenExceptionList: SplashScreen checking exception for package com.sohu.sohuvideo (target sdk:30) -> false
03-14 04:52:10.288 954 1047 I input_focus: [Focus request fca4b77 com.android.launcher3/com.android.launcher3.uioverrides.QuickstepLauncher,reason=UpdateInputWindows]
03-14 04:52:10.292 8978 8978 I wm_on_paused_called: [145295176,com.qiyi.video.WelcomeActivity,performPause]
03-14 04:52:10.293 954 6613 I wm_add_to_stopping: [0,145295176,com.qiyi.video/.WelcomeActivity,completeFinishing]
03-14 04:52:10.293 954 6613 I ActivityTaskManager: FOREGROUND_APPLICATION_CHANGED to com.sohu.sohuvideo.ui.homepage.MainActivity
03-14 04:52:10.294 954 6613 I ActivityTaskManager: The Process com.sohu.sohuvideo Already Exists in BG. So sending its PID: 8217
03-14 04:52:10.295 954 6613 W ActivityTaskManager: Tried to set launchTime (0) < mLastActivityLaunchTime (2529759)
03-14 04:52:10.295 954 6613 I wm_restart_activity: [0,138828290,73,com.sohu.sohuvideo/.ui.homepage.MainActivity]
03-14 04:52:10.296 954 6613 I wm_set_resumed_activity: [0,com.sohu.sohuvideo/.ui.homepage.MainActivity,minimalResumeActivityLocked]
03-14 04:52:10.298 954 1046 I am_uid_active: 10094
03-14 04:52:10.302 954 1638 I input_focus: [Focus leaving a777890 com.qiyi.video/com.qiyi.video.WelcomeActivity (server),reason=NO_WINDOW]
03-14 04:52:10.302 954 1638 I input_focus: [Focus entering fca4b77 com.android.launcher3/com.android.launcher3.uioverrides.QuickstepLauncher (server),reason=setFocusedWindow]
03-14 04:52:10.304 954 1046 I am_uid_active: 99000
03-14 04:52:10.305 954 1046 I sysui_multi_action: [757,803,799,window_time_2,802,1]
03-14 04:52:10.337 8217 8217 I wm_on_create_called: [138828290,com.sohu.sohuvideo.ui.homepage.MainActivity,performCreate]
03-14 04:52:10.339 954 23230 E ClipboardService: Denying clipboard access to com.sohu.sohuvideo, application is not in focus nor is it a system service for user 0
03-14 04:52:10.346 8217 8217 I wm_on_start_called: [138828290,com.sohu.sohuvideo.ui.homepage.MainActivity,handleStartActivity]
03-14 04:52:10.350 954 4806 I thunderperf: PlatormCompat.setOverrides: Uid1=10094 Pid1=8217 Uid2=10094 Pid2=8217
03-14 04:52:10.350 954 4806 I thunderperf: PlatormCompat.setOverrides: needCheck:false
03-14 04:52:10.350 954 4806 I thunderperf: CompatConfig.addOverrideUnsafe: bef-state=0
03-14 04:52:10.350 954 4806 I thunderperf: CompatConfig.addOverrideUnsafe: aft-state=0
03-14 04:52:10.350 954 4806 W PackageManager: MATCH_ANY_USER flag requires INTERACT_ACROSS_USERS permission: UID 10094 requires android.permission.INTERACT_ACROSS_USERS_FULL or android.permission.INTERACT_ACROSS_USERS to access user 0.
03-14 04:52:10.350 954 4806 I ActivityTaskManager: START u0 {cmp=com.sohu.sohuvideo/.FirstNavigationActivityGroup (has extras)} from uid 10094
03-14 04:52:10.354 954 4806 I wm_task_moved: [73,1,8]
03-14 04:52:10.354 954 4806 I wm_set_resumed_activity: [0,com.sohu.sohuvideo/.ui.homepage.MainActivity,positionChildAt]
03-14 04:52:10.354 954 4806 I wm_create_activity: [0,241852198,73,com.sohu.sohuvideo/.FirstNavigationActivityGroup,NULL,NULL,NULL,0]
03-14 04:52:10.355 954 4806 I wm_pause_activity: [0,138828290,com.sohu.sohuvideo/.ui.homepage.MainActivity,userLeaving=true,resumeTopActivityInnerLocked]
03-14 04:52:10.358 8217 8217 I wm_on_resume_called: [138828290,com.sohu.sohuvideo.ui.homepage.MainActivity,RESUME_ACTIVITY]
03-14 04:52:10.364 8217 8217 I wm_on_top_resumed_gained_called: [138828290,com.sohu.sohuvideo.ui.homepage.MainActivity,topStateChangedWhenResumed]
03-14 04:52:10.364 8217 8217 I wm_on_top_resumed_lost_called: [138828290,com.sohu.sohuvideo.ui.homepage.MainActivity,topStateChangedWhenResumed]
03-14 04:52:10.365 8217 8217 I wm_on_paused_called: [138828290,com.sohu.sohuvideo.ui.homepage.MainActivity,performPause]
03-14 04:52:10.366 954 5679 I ActivityTaskManager: FOREGROUND_APPLICATION_CHANGED to com.sohu.sohuvideo.FirstNavigationActivityGroup
03-14 04:52:10.366 954 5679 I ActivityTaskManager: The Process com.sohu.sohuvideo Already Exists in BG. So sending its PID: 8217
03-14 04:52:10.366 954 5679 W ActivityTaskManager: Tried to set launchTime (0) < mLastActivityLaunchTime (3700986)
03-14 04:52:10.367 954 5679 I wm_restart_activity: [0,241852198,73,com.sohu.sohuvideo/.FirstNavigationActivityGroup]
03-14 04:52:10.367 954 5679 I wm_set_resumed_activity: [0,com.sohu.sohuvideo/.FirstNavigationActivityGroup,minimalResumeActivityLocked]
03-14 04:52:10.369 954 1046 I sysui_multi_action: [757,803,799,window_time_2,802,1]
03-14 04:52:10.393 954 12775 W WindowManager: updateScale : 0.79357797
03-14 04:52:10.412 954 1047 W WindowManager: updateScale : 0.79357797
03-14 04:52:10.413 954 1047 W WindowManager: updateScale : 0.79357797
03-14 04:52:10.424 8217 8217 I wm_on_create_called: [241852198,com.sohu.sohuvideo.FirstNavigationActivityGroup,performCreate]
03-14 04:52:10.456 8217 8217 I wm_on_start_called: [241852198,com.sohu.sohuvideo.FirstNavigationActivityGroup,handleStartActivity]
03-14 04:52:10.457 8217 8217 I wm_on_resume_called: [241852198,com.sohu.sohuvideo.FirstNavigationActivityGroup,RESUME_ACTIVITY]
03-14 04:52:10.459 954 6613 W WindowManager: Failed looking up window session=Session{f460d90 8217:u0a10094} callers=com.android.server.wm.WindowManagerService.windowForClientLocked:5628 com.android.server.wm.Session.insetsModified:629 android.view.IWindowSession$Stub.onTransact:1151
03-14 04:52:10.460 8217 8217 I wm_on_top_resumed_gained_called: [241852198,com.sohu.sohuvideo.FirstNavigationActivityGroup,topStateChangedWhenResumed]
03-14 04:52:10.462 954 6613 W WindowManager: updateScale : 0.79357797
03-14 04:52:10.462 954 6613 W WindowManager: updateScale : 0.79357797
03-14 04:52:10.464 954 1047 I input_focus: [Focus request 8df56ac com.sohu.sohuvideo/com.sohu.sohuvideo.FirstNavigationActivityGroup,reason=UpdateInputWindows]
03-14 04:52:10.469 954 1047 W WindowManager: updateScale : 0.79357797
03-14 04:52:10.469 954 1047 W WindowManager: updateScale : 0.79357797
03-14 04:52:10.473 954 1047 W WindowManager: updateScale : 0.79357797
03-14 04:52:10.473 954 1047 W WindowManager: updateScale : 0.79357797
03-14 04:52:10.475 954 1047 W WindowManager: updateScale : 0.79357797
03-14 04:52:10.475 954 1047 W WindowManager: updateScale : 0.79357797
03-14 04:52:10.477 954 1043 I sysui_multi_action: [319,204,322,203,325,3700,757,761,758,8,759,2,806,com.sohu.sohuvideo,871,com.sohu.sohuvideo.FirstNavigationActivityGroup,904,com.sohu.sohuvideo,905,0,1320,4,1321,4]
03-14 04:52:10.477 954 1043 I wm_activity_launch_time: [0,241852198,com.sohu.sohuvideo/.FirstNavigationActivityGroup,203]
03-14 04:52:10.477 954 1046 W WindowManager: updateScale : 0.79357797
03-14 04:52:10.478 954 1046 W WindowManager: updateScale : 0.79357797
03-14 04:52:10.480 954 1046 W WindowManager: updateScale : 0.79357797
03-14 04:52:10.480 954 1046 W WindowManager: updateScale : 0.79357797
03-14 04:52:10.486 954 2135 W FreeFormWindowHelper: Current Display FreeFormTask is Task{c4aff4d #73 type=standard A=10094:com.sohu.sohuvideo U=0 visible=true mode=freeform translucent=false sz=2}
03-14 04:52:10.487 954 1638 I input_focus: [Focus leaving fca4b77 com.android.launcher3/com.android.launcher3.uioverrides.QuickstepLauncher (server),reason=setFocusedWindow]
03-14 04:52:10.488 954 1638 I input_focus: [Focus entering 8df56ac com.sohu.sohuvideo/com.sohu.sohuvideo.FirstNavigationActivityGroup (server),reason=setFocusedWindow]
03-14 04:52:10.752 954 1046 I wm_destroy_activity: [0,145295176,72,com.qiyi.video/.WelcomeActivity,finish-imm:idle]
03-14 04:52:10.754 954 1047 W WindowManager: updateScale : 0.79357797
03-14 04:52:10.754 954 1047 W WindowManager: updateScale : 0.79357797
03-14 04:52:10.890 8978 8978 I wm_on_stop_called: [145295176,com.qiyi.video.WelcomeActivity,LIFECYCLER_STOP_ACTIVITY]
03-14 04:52:11.016 8978 8978 I wm_on_destroy_called: [145295176,com.qiyi.video.WelcomeActivity,performDestroy]
03-14 04:52:11.019 954 5679 W WindowManager: updateScale : 0.79357797
03-14 04:52:11.019 954 5679 W WindowManager: updateScale : 0.79357797
03-14 04:52:11.021 954 2135 I wm_task_removed: [72,removeChild:removeChild last r=ActivityRecord{8a90748 u0 com.qiyi.video/.WelcomeActivity t-1 f}} in t=Task{3de9deb #72 type=standard A=10093:com.qiyi.video U=0 visible=false mode=freeform translucent=true sz=0}]
03-14 04:52:11.021 954 2135 I wm_task_removed: [72,removeChild]
01-01 09:07:04.518 0 0 E DTC_ETH,link_delay_work_func: 3003, SQI=0, link=0
03-14 04:52:11.325 8217 29618 E ActivityThread: Failed to find provider info for telephony
03-14 04:52:11.354 954 1685 I netstats_mobile_sample: [0,0,0,0,0,0,0,0,0,0,0,0,1678740731354]
03-14 04:52:11.354 954 1685 I netstats_wifi_sample: [67354269,113794,13913120,107533,67354269,113794,13913120,107533,49308690,65253,10573120,82348,1678740731354]
03-14 04:52:11.499 0 0 I auditd : type=1400 audit(0.0:9835): avc: denied { kill } for comm="swapper/6" capability=5 scontext=u:r:kernel:s0 tcontext=u:r:kernel:s0 tclass=capability permissive=1
01-01 09:07:04.830 0 0 W perfetto: disabled ftrace
03-14 04:52:11.620 1271 29154 I iorapd : Perfetto TraceBuffer saved to file: /data/misc/iorapd/com.sohu.inputmethod.sogou.car/1/com.sohu.inputmethod.sogou.car.settingsui.SogouSettingsActivity/raw_traces/1678740731617692663.perfetto_trace.pb
03-14 04:52:11.680 954 2964 E TaskPersister: File error accessing recents directory (directory doesn't exist?).
03-14 04:52:11.958 954 2135 I wm_finish_activity: [0,241852198,73,com.sohu.sohuvideo/.FirstNavigationActivityGroup,app-request]
03-14 04:52:11.969 954 2135 I wm_pause_activity: [0,241852198,com.sohu.sohuvideo/.FirstNavigationActivityGroup,userLeaving=false,finish]
03-14 04:52:11.971 8217 8217 I wm_on_top_resumed_lost_called: [241852198,com.sohu.sohuvideo.FirstNavigationActivityGroup,topStateChangedWhenResumed]
03-14 04:52:11.973 8217 8217 I wm_on_paused_called: [241852198,com.sohu.sohuvideo.FirstNavigationActivityGroup,performPause]
03-14 04:52:11.974 954 5679 I ActivityTaskManager: FOREGROUND_APPLICATION_CHANGED to com.sohu.sohuvideo.ui.homepage.MainActivity
03-14 04:52:11.975 954 5679 I wm_set_resumed_activity: [0,com.sohu.sohuvideo/.ui.homepage.MainActivity,resumeTopActivityInnerLocked]
03-14 04:52:11.976 954 5679 I wm_resume_activity: [0,138828290,73,com.sohu.sohuvideo/.ui.homepage.MainActivity]
03-14 04:52:11.977 954 5679 W WindowManager: updateScale : 0.79357797
03-14 04:52:11.979 954 5679 W WindowManager: updateScale : 0.79357797
03-14 04:52:11.979 954 1047 I input_focus: [Focus request cc5f914 com.sohu.sohuvideo/com.sohu.sohuvideo.ui.homepage.MainActivity,reason=UpdateInputWindows]
03-14 04:52:11.979 954 1046 I sysui_multi_action: [757,803,799,window_time_2,802,1]
03-14 04:52:11.988 954 2135 W WindowManager: updateScale : 0.79357797
03-14 04:52:11.988 954 2135 W WindowManager: updateScale : 0.79357797
03-14 04:52:11.990 954 1638 I input_focus: [Focus leaving 8df56ac com.sohu.sohuvideo/com.sohu.sohuvideo.FirstNavigationActivityGroup (server),reason=NO_WINDOW]
03-14 04:52:11.993 8217 8217 I wm_on_resume_called: [138828290,com.sohu.sohuvideo.ui.homepage.MainActivity,RESUME_ACTIVITY]
03-14 04:52:11.996 8217 8217 I wm_on_top_resumed_gained_called: [138828290,com.sohu.sohuvideo.ui.homepage.MainActivity,topWhenResuming]
03-14 04:52:12.006 954 1638 I input_focus: [Focus entering cc5f914 com.sohu.sohuvideo/com.sohu.sohuvideo.ui.homepage.MainActivity (server),reason=setFocusedWindow]
03-14 04:52:12.012 954 2135 I wm_destroy_activity: [0,241852198,73,com.sohu.sohuvideo/.FirstNavigationActivityGroup,finish-idle]
03-14 04:52:12.014 8217 8217 I wm_on_stop_called: [241852198,com.sohu.sohuvideo.FirstNavigationActivityGroup,LIFECYCLER_STOP_ACTIVITY]
03-14 04:52:12.015 8217 8217 I wm_on_destroy_called: [241852198,com.sohu.sohuvideo.FirstNavigationActivityGroup,performDestroy]
03-14 04:52:12.016 954 6613 W WindowManager: updateScale : 0.79357797
03-14 04:52:12.078 954 5679 W FreeFormWindowHelper: Current Display FreeFormTask is Task{c4aff4d #73 type=standard A=10094:com.sohu.sohuvideo U=0 visible=true mode=freeform translucent=false sz=2}
03-14 04:52:12.189 954 1685 I netstats_mobile_sample: [0,0,0,0,0,0,0,0,0,0,0,0,1678740732189]
03-14 04:52:12.190 954 1685 I netstats_wifi_sample: [69037994,115059,13964101,108263,69037994,115059,13964101,108263,50095200,65855,10623701,83071,1678740732189]
03-14 04:52:12.215 954 954 I auditd : type=1400 audit(0.0:9836): avc: denied { getpgid } for comm="ActivityManager" scontext=u:r:system_server:s0 tcontext=u:r:app_zygote:s0:c512,c768 tclass=process permissive=1
03-14 04:52:12.255 954 1047 W WindowManager: updateScale : 0.79357797
03-14 04:52:12.256 954 1047 W WindowManager: updateScale : 0.79357797
03-14 04:52:12.272 954 1047 W WindowManager: updateScale : 0.79357797
03-14 04:52:13.063 8217 8217 I auditd : type=1400 audit(0.0:9837): avc: denied { create } for comm="ChromiumNet" scontext=u:r:untrusted_app:s0:c94,c256,c512,c768 tcontext=u:r:untrusted_app:s0:c94,c256,c512,c768 tclass=socket permissive=1 app=com.sohu.sohuvideo
03-14 04:52:13.586 954 2467 D CompatibilityChangeReporter: Compat change id reported: 168419799; UID 10093; state: DISABLED
03-14 04:52:13.589 954 2467 W ActivityManager: Binding with unknown activity: Token{b2293cf ActivityRecord{8a90748 u0 com.qiyi.video/.WelcomeActivity t-1 f}}}
03-14 04:52:13.751 27072 27072 I auditd : type=1400 audit(0.0:9838): avc: denied { read } for comm="ideo:downloader" name="sdcard" dev="tmpfs" ino=3772 scontext=u:r:untrusted_app:s0:c93,c256,c512,c768 tcontext=u:object_r:mnt_sdcard_file:s0 tclass=lnk_file permissive=1 app=com.qiyi.video
03-14 04:52:14.668 954 1685 I netstats_mobile_sample: [0,0,0,0,0,0,0,0,0,0,0,0,1678740734667]
03-14 04:52:14.668 954 1685 I netstats_wifi_sample: [72372554,118059,14158398,110484,72372554,118059,14158398,110484,53309474,68549,10810340,85245,1678740734667]
03-14 04:52:15.098 954 954 I service_manager_stats: [100,38,12024]
03-14 04:52:15.277 954 2964 E TaskPersister: File error accessing recents directory (directory doesn't exist?).
03-14 04:52:15.313 954 2135 I thunderperf: PlatormCompat.setOverrides: Uid1=10074 Pid1=2598 Uid2=10074 Pid2=2598
03-14 04:52:15.313 954 2135 I thunderperf: PlatormCompat.setOverrides: needCheck:false
03-14 04:52:15.313 954 2135 I thunderperf: CompatConfig.addOverrideUnsafe: bef-state=0
03-14 04:52:15.313 954 2135 I thunderperf: CompatConfig.addOverrideUnsafe: aft-state=0
03-14 04:52:15.322 954 2135 I thunderperf: CompatConfig.addOverrideUnsafe: bef-state=0
03-14 04:52:15.322 954 2135 I thunderperf: CompatConfig.addOverrideUnsafe: aft-state=0
03-14 04:52:15.323 954 2135 I thunderperf: CompatConfig.addOverrideUnsafe: bef-state=0
03-14 04:52:15.323 954 2135 I thunderperf: CompatConfig.addOverrideUnsafe: aft-state=0
03-14 04:52:15.323 954 2135 I thunderperf: CompatConfig.addOverrideUnsafe: bef-state=0
03-14 04:52:15.323 954 2135 I thunderperf: CompatConfig.addOverrideUnsafe: aft-state=0
03-14 04:52:15.323 954 2135 I thunderperf: CompatConfig.addOverrideUnsafe: bef-state=0
03-14 04:52:15.323 954 2135 I thunderperf: CompatConfig.addOverrideUnsafe: aft-state=0
03-14 04:52:15.324 954 2135 I thunderperf: CompatConfig.addOverrideUnsafe: bef-state=0
03-14 04:52:15.324 954 2135 I thunderperf: CompatConfig.addOverrideUnsafe: aft-state=0
03-14 04:52:15.324 954 2135 I thunderperf: CompatConfig.addOverrideUnsafe: bef-state=0
03-14 04:52:15.324 954 2135 I thunderperf: CompatConfig.addOverrideUnsafe: aft-state=0
03-14 04:52:15.324 954 2135 I thunderperf: CompatConfig.addOverrideUnsafe: bef-state=0
03-14 04:52:15.324 954 2135 I thunderperf: CompatConfig.addOverrideUnsafe: aft-state=0
03-14 04:52:15.326 954 2135 I thunderperf: CompatConfig.addOverrideUnsafe: bef-state=0
03-14 04:52:15.326 954 2135 I thunderperf: CompatConfig.addOverrideUnsafe: aft-state=0
03-14 04:52:15.329 954 2135 I thunderperf: CompatConfig.addOverrideUnsafe: bef-state=0
03-14 04:52:15.329 954 2135 I thunderperf: CompatConfig.addOverrideUnsafe: aft-state=0
03-14 04:52:15.330 954 2135 I thunderperf: CompatConfig.addOverrideUnsafe: bef-state=0
03-14 04:52:15.330 954 2135 I thunderperf: CompatConfig.addOverrideUnsafe: aft-state=0
03-14 04:52:15.330 954 2135 I thunderperf: CompatConfig.addOverrideUnsafe: bef-state=0
03-14 04:52:15.330 954 2135 I thunderperf: CompatConfig.addOverrideUnsafe: aft-state=0
03-14 04:52:15.331 954 2135 I thunderperf: CompatConfig.addOverrideUnsafe: bef-state=0
03-14 04:52:15.331 954 2135 I thunderperf: CompatConfig.addOverrideUnsafe: aft-state=0
03-14 04:52:15.331 954 2135 I thunderperf: CompatConfig.addOverrideUnsafe: bef-state=0
03-14 04:52:15.331 954 2135 I thunderperf: CompatConfig.addOverrideUnsafe: aft-state=0
03-14 04:52:15.336 954 2135 I ActivityTaskManager: START u0 {act=android.intent.action.MAIN cat=[android.intent.category.LAUNCHER] flg=0x10200000 cmp=com.huawei.appmarket/.MainActivity} from uid 10074
03-14 04:52:15.341 954 2135 I wm_task_created: [74,-1]
03-14 04:52:15.341 954 2135 W ActivityTaskManager: Can't find TaskDisplayArea to determine support for multi window. Task id=74 attached=false
03-14 04:52:15.342 954 2135 D FreeFormWindowHelper: finish old freeform task = ActivityRecord{8465a02 u0 com.sohu.sohuvideo/.ui.homepage.MainActivity t73}
03-14 04:52:15.342 954 2135 I wm_finish_activity: [0,138828290,73,com.sohu.sohuvideo/.ui.homepage.MainActivity,app-request]
03-14 04:52:15.342 954 2135 I wm_task_moved: [1,1,8]
03-14 04:52:15.343 954 2135 I wm_set_resumed_activity: [0,com.android.launcher3/.uioverrides.QuickstepLauncher,positionChildAt]
03-14 04:52:15.343 954 2135 I wm_task_moved: [12,1,2147483647]
03-14 04:52:15.343 954 2135 I wm_task_to_front: [0,12]
03-14 04:52:15.343 954 2135 I wm_focused_root_task: [0,0,1,-1,finish-top adjustFocusToNextFocusableTask]
03-14 04:52:15.343 954 2135 I wm_set_resumed_activity: [0,com.android.launcher3/.uioverrides.QuickstepLauncher,finish-top]
03-14 04:52:15.346 8217 8217 I wm_on_top_resumed_lost_called: [138828290,com.sohu.sohuvideo.ui.homepage.MainActivity,topStateChangedWhenResumed]
03-14 04:52:15.347 954 2135 I wm_pause_activity: [0,138828290,com.sohu.sohuvideo/.ui.homepage.MainActivity,userLeaving=false,finish]
03-14 04:52:15.347 954 2135 D FreeFormWindowHelper: Add freeform task=Task{2cf793d #74 type=standard ?? U=0 visible=false mode=freeform translucent=true sz=0}
03-14 04:52:15.349 954 2135 D CompatibilityChangeReporter: Compat change id reported: 174042980; UID 10095; state: DISABLED
03-14 04:52:15.349 954 2135 D CompatibilityChangeReporter: Compat change id reported: 184838306; UID 10095; state: DISABLED
03-14 04:52:15.350 954 2135 D CompatibilityChangeReporter: Compat change id reported: 185004937; UID 10095; state: DISABLED
03-14 04:52:15.350 954 2135 D CompatibilityChangeReporter: Compat change id reported: 181136395; UID 10095; state: DISABLED
03-14 04:52:15.353 954 2135 D CompatibilityChangeReporter: Compat change id reported: 174042936; UID 10095; state: DISABLED
03-14 04:52:15.353 954 2135 I wm_task_moved: [74,1,8]
03-14 04:52:15.353 954 2135 I wm_task_to_front: [0,74]
03-14 04:52:15.353 954 2135 I wm_focused_root_task: [0,0,74,1,reuseOrNewTask]
03-14 04:52:15.353 954 2135 I wm_create_task: [0,74]
03-14 04:52:15.353 954 2135 I wm_create_activity: [0,209552003,74,com.huawei.appmarket/.MainActivity,android.intent.action.MAIN,NULL,NULL,270532608]
03-14 04:52:15.354 954 2135 I wm_task_moved: [74,1,8]
03-14 04:52:15.354 954 2135 D CompatibilityChangeReporter: Compat change id reported: 168419799; UID 10095; state: DISABLED
03-14 04:52:15.354 954 2135 V SplashScreenExceptionList: SplashScreen checking exception for package com.huawei.appmarket (target sdk:30) -> false
03-14 04:52:15.356 954 1047 I input_focus: [Focus request fca4b77 com.android.launcher3/com.android.launcher3.uioverrides.QuickstepLauncher,reason=UpdateInputWindows]
03-14 04:52:15.364 954 1638 I input_focus: [Focus leaving cc5f914 com.sohu.sohuvideo/com.sohu.sohuvideo.ui.homepage.MainActivity (server),reason=NO_WINDOW]
03-14 04:52:15.364 954 1638 I input_focus: [Focus entering fca4b77 com.android.launcher3/com.android.launcher3.uioverrides.QuickstepLauncher (server),reason=setFocusedWindow]
03-14 04:52:15.370 8217 8217 I wm_on_paused_called: [138828290,com.sohu.sohuvideo.ui.homepage.MainActivity,performPause]
03-14 04:52:15.370 954 2467 I wm_add_to_stopping: [0,138828290,com.sohu.sohuvideo/.ui.homepage.MainActivity,completeFinishing]
03-14 04:52:15.371 954 2467 I ActivityTaskManager: FOREGROUND_APPLICATION_CHANGED to com.huawei.appmarket.MainActivity
03-14 04:52:15.371 954 2467 I ActivityTaskManager: The Process com.huawei.appmarket Already Exists in BG. So sending its PID: 8038
03-14 04:52:15.371 954 2467 W ActivityTaskManager: Tried to set launchTime (0) < mLastActivityLaunchTime (2584435)
03-14 04:52:15.372 954 2467 I wm_restart_activity: [0,209552003,74,com.huawei.appmarket/.MainActivity]
03-14 04:52:15.372 954 2467 I wm_set_resumed_activity: [0,com.huawei.appmarket/.MainActivity,minimalResumeActivityLocked]
03-14 04:52:15.383 954 1046 I am_uid_active: 10095
03-14 04:52:15.401 954 1046 I sysui_multi_action: [757,803,799,window_time_2,802,4]
03-14 04:52:15.405 954 12775 I thunderperf: PlatormCompat.setOverrides: Uid1=10095 Pid1=8038 Uid2=10095 Pid2=8038
03-14 04:52:15.405 954 12775 I thunderperf: PlatormCompat.setOverrides: needCheck:false
03-14 04:52:15.405 954 12775 I thunderperf: CompatConfig.addOverrideUnsafe: bef-state=0
03-14 04:52:15.405 954 12775 I thunderperf: CompatConfig.addOverrideUnsafe: aft-state=0
03-14 04:52:15.405 954 12775 W PackageManager: MATCH_ANY_USER flag requires INTERACT_ACROSS_USERS permission: UID 10095 requires android.permission.INTERACT_ACROSS_USERS_FULL or android.permission.INTERACT_ACROSS_USERS to access user 0.
03-14 04:52:15.405 954 12775 I ActivityTaskManager: START u0 {cmp=com.huawei.appmarket/.MarketActivity (has extras)} from uid 10095
03-14 04:52:15.407 954 12775 I wm_task_moved: [74,1,8]
03-14 04:52:15.407 954 12775 I wm_set_resumed_activity: [0,com.huawei.appmarket/.MainActivity,positionChildAt]
03-14 04:52:15.407 954 12775 I wm_create_activity: [0,223214360,74,com.huawei.appmarket/.MarketActivity,NULL,NULL,NULL,0]
03-14 04:52:15.407 954 12775 I wm_pause_activity: [0,209552003,com.huawei.appmarket/.MainActivity,userLeaving=true,resumeTopActivityInnerLocked]
03-14 04:52:15.409 954 12775 I wm_finish_activity: [0,209552003,74,com.huawei.appmarket/.MainActivity,app-request]
03-14 04:52:15.410 8038 8038 I wm_on_create_called: [209552003,com.huawei.appmarket.MainActivity,performCreate]
03-14 04:52:15.411 954 5679 I wm_add_to_stopping: [0,209552003,com.huawei.appmarket/.MainActivity,completeFinishing]
03-14 04:52:15.411 954 5679 I ActivityTaskManager: FOREGROUND_APPLICATION_CHANGED to com.huawei.appmarket.MarketActivity
03-14 04:52:15.411 954 5679 I ActivityTaskManager: The Process com.huawei.appmarket Already Exists in BG. So sending its PID: 8038
03-14 04:52:15.412 954 5679 W ActivityTaskManager: Tried to set launchTime (0) < mLastActivityLaunchTime (3706063)
03-14 04:52:15.412 954 5679 I wm_restart_activity: [0,223214360,74,com.huawei.appmarket/.MarketActivity]
03-14 04:52:15.413 954 5679 I wm_set_resumed_activity: [0,com.huawei.appmarket/.MarketActivity,minimalResumeActivityLocked]
03-14 04:52:15.414 954 1046 I sysui_multi_action: [757,803,799,window_time_2,802,0]
03-14 04:52:15.442 8038 8038 I wm_on_create_called: [223214360,com.huawei.appmarket.MarketActivity,performCreate]
03-14 04:52:15.456 8038 8038 I wm_on_start_called: [223214360,com.huawei.appmarket.MarketActivity,handleStartActivity]
03-14 04:52:15.465 8038 8038 I wm_on_resume_called: [223214360,com.huawei.appmarket.MarketActivity,RESUME_ACTIVITY]
03-14 04:52:15.468 8038 8038 I wm_on_top_resumed_gained_called: [223214360,com.huawei.appmarket.MarketActivity,topStateChangedWhenResumed]
03-14 04:52:15.469 954 2135 E ClipboardService: Denying clipboard access to com.huawei.appmarket, application is not in focus nor is it a system service for user 0
03-14 04:52:15.472 8038 29882 E ActivityThread: Failed to find provider info for com.huawei.hwid.api.provider
03-14 04:52:15.482 954 5679 W WindowManager: updateScale : 0.79357797
03-14 04:52:15.484 954 1047 I input_focus: [Focus request c4853c2 com.huawei.appmarket/com.huawei.appmarket.MarketActivity,reason=UpdateInputWindows]
03-14 04:52:15.489 8038 29884 E ActivityThread: Failed to find provider info for com.huawei.hwid.api.provider
01-01 09:07:08.732 0 0 I binder : 954:1612 ioctl 400c620e 7af8e5c5d8 returned -22
03-14 04:52:15.507 954 1612 D ActivityManager: freezing 6301 com.android.permissioncontroller
03-14 04:52:15.507 954 1612 E ActivityManager: Unable to freeze binder for 6301 com.android.permissioncontroller
03-14 04:52:15.510 954 1612 D ActivityManager: froze 6301 com.android.permissioncontroller
03-14 04:52:15.510 954 1612 I am_freeze: [6301,com.android.permissioncontroller]
03-14 04:52:15.510 954 1612 E ActivityManager: Unable to freeze binder for 6301 com.android.permissioncontroller
01-01 09:07:08.736 0 0 I binder : 954:1612 ioctl c00c620f 7af8e5c5b8 returned -22
03-14 04:52:15.513 954 1612 I ActivityManager: Killing 6301:com.android.permissioncontroller/u0a90 (adj 955): Unable to freeze binder interface
03-14 04:52:15.513 954 1612 I am_kill : [0,6301,com.android.permissioncontroller,955,Unable to freeze binder interface]
03-14 04:52:15.515 954 1638 I input_focus: [Focus leaving fca4b77 com.android.launcher3/com.android.launcher3.uioverrides.QuickstepLauncher (server),reason=Waiting for window because NOT_VISIBLE]
03-14 04:52:15.517 954 5679 W FreeFormWindowHelper: Current Display FreeFormTask is Task{2cf793d #74 type=standard A=10095:com.huawei.appmarket U=0 visible=true mode=freeform translucent=false sz=2}
03-14 04:52:15.517 954 1047 W WindowManager: updateScale : 0.79357797
03-14 04:52:15.520 954 1047 W WindowManager: updateScale : 0.79357797
03-14 04:52:15.524 954 1043 I sysui_multi_action: [319,183,322,183,325,3706,757,761,758,8,759,2,806,com.huawei.appmarket,871,com.huawei.appmarket.MarketActivity,904,com.huawei.appmarket,905,0,1320,4,1321,4]
03-14 04:52:15.524 954 1047 W WindowManager: updateScale : 0.79357797
03-14 04:52:15.526 954 1043 I wm_activity_launch_time: [0,223214360,com.huawei.appmarket/.MarketActivity,183]
03-14 04:52:15.532 954 1638 I input_focus: [Focus entering c4853c2 com.huawei.appmarket/com.huawei.appmarket.MarketActivity (server),reason=Window became focusable. Previous reason: NOT_VISIBLE]
03-14 04:52:15.552 954 6613 I am_proc_died: [0,6301,com.android.permissioncontroller,955,19]
03-14 04:52:15.554 954 6613 I am_uid_stopped: 10090
03-14 04:52:15.554 954 1046 W ActivityManager: setHasOverlayUi called on unknown pid: 6301
03-14 04:52:15.797 954 1046 I wm_destroy_activity: [0,138828290,73,com.sohu.sohuvideo/.ui.homepage.MainActivity,finish-imm:idle]
03-14 04:52:15.799 954 1047 W WindowManager: updateScale : 0.79357797
03-14 04:52:15.800 954 1046 I wm_destroy_activity: [0,209552003,74,com.huawei.appmarket/.MainActivity,finish-imm:idle]
03-14 04:52:15.801 8038 8038 I wm_on_destroy_called: [209552003,com.huawei.appmarket.MainActivity,performDestroy]
03-14 04:52:15.829 954 27171 W WindowManager: updateScale : 0.79357797
03-14 04:52:15.845 8217 8217 I wm_on_stop_called: [138828290,com.sohu.sohuvideo.ui.homepage.MainActivity,LIFECYCLER_STOP_ACTIVITY]
03-14 04:52:15.873 8217 8217 I wm_on_destroy_called: [138828290,com.sohu.sohuvideo.ui.homepage.MainActivity,performDestroy]
03-14 04:52:15.874 954 27171 W WindowManager: updateScale : 0.79357797
03-14 04:52:15.876 954 969 I wm_task_removed: [73,removeChild:removeChild last r=ActivityRecord{8465a02 u0 com.sohu.sohuvideo/.ui.homepage.MainActivity t-1 f}} in t=Task{c4aff4d #73 type=standard A=10094:com.sohu.sohuvideo U=0 visible=false mode=freeform translucent=true sz=0}]
03-14 04:52:15.876 954 969 I wm_task_removed: [73,removeChild]
03-14 04:52:16.272 954 8433 W WindowManager: updateScale : 0.79357797
03-14 04:52:16.307 8038 8038 E ActivityThread: Failed to find provider info for com.huawei.hwid.api.provider
03-14 04:52:16.320 954 27171 W WindowManager: updateScale : 0.79357797
03-14 04:52:16.321 954 27171 W WindowManager: updateScale : 0.79357797
03-14 04:52:16.322 954 1047 I input_focus: [Focus request 56b16cc com.huawei.appmarket/com.huawei.appmarket.MarketActivity,reason=UpdateInputWindows]
03-14 04:52:16.332 954 1047 W WindowManager: updateScale : 0.79357797
03-14 04:52:16.332 954 1047 W WindowManager: updateScale : 0.79357797
03-14 04:52:16.333 954 1047 W WindowManager: updateScale : 0.79357797
03-14 04:52:16.333 954 1047 W WindowManager: updateScale : 0.79357797
03-14 04:52:16.336 954 1638 I input_focus: [Focus leaving c4853c2 com.huawei.appmarket/com.huawei.appmarket.MarketActivity (server),reason=Waiting for window because NOT_VISIBLE]
03-14 04:52:16.352 954 1638 I input_focus: [Focus entering 56b16cc com.huawei.appmarket/com.huawei.appmarket.MarketActivity (server),reason=Window became focusable. Previous reason: NOT_VISIBLE]
01-01 09:07:09.638 0 0 E DTC_ETH,link_delay_work_func: 3003, SQI=0, link=0
03-14 04:52:16.499 0 0 I auditd : type=1400 audit(0.0:9839): avc: denied { kill } for comm="swapper/7" capability=5 scontext=u:r:kernel:s0 tcontext=u:r:kernel:s0 tclass=capability permissive=1
03-14 04:52:16.942 954 1685 I netstats_mobile_sample: [0,0,0,0,0,0,0,0,0,0,0,0,1678740736942]
03-14 04:52:16.942 954 1685 I netstats_wifi_sample: [76067586,120990,14392703,112579,76067586,120990,14392703,112579,57003482,71478,11044153,87335,1678740736942]
03-14 04:52:17.351 8038 8145 I service_manager_stats: [200,107,3708042]
03-14 04:52:17.375 8038 9737 E ActivityThread: Failed to find provider info for com.huawei.android.launcher.settings
03-14 04:52:17.407 954 27171 W WindowManager: updateScale : 0.79357797
03-14 04:52:17.407 954 27171 W WindowManager: updateScale : 0.79357797
03-14 04:52:17.407 954 27171 W WindowManager: updateScale : 0.79357797
03-14 04:52:17.410 954 1047 I input_focus: [Focus request c100de7 com.huawei.appmarket/com.huawei.appmarket.MarketActivity,reason=UpdateInputWindows]
03-14 04:52:17.419 954 1047 W WindowManager: updateScale : 0.79357797
03-14 04:52:17.419 954 1047 W WindowManager: updateScale : 0.79357797
03-14 04:52:17.419 954 1047 W WindowManager: updateScale : 0.79357797
03-14 04:52:17.420 954 1047 W WindowManager: updateScale : 0.79357797
03-14 04:52:17.420 954 1047 W WindowManager: updateScale : 0.79357797
03-14 04:52:17.420 954 1047 W WindowManager: updateScale : 0.79357797
03-14 04:52:17.439 954 1638 I input_focus: [Focus leaving 56b16cc com.huawei.appmarket/com.huawei.appmarket.MarketActivity (server),reason=setFocusedWindow]
03-14 04:52:17.439 954 1638 I input_focus: [Focus entering c100de7 com.huawei.appmarket/com.huawei.appmarket.MarketActivity (server),reason=setFocusedWindow]
03-14 04:52:17.526 954 1638 I input_interaction: Interaction with: c100de7 com.huawei.appmarket/com.huawei.appmarket.MarketActivity (server), edge-swipe (server), swipe-up (server), PointerEventDispatcher0 (server),
01-01 09:07:11.118 0 0 E msm_pcm_playback_close: CMD_EOS failed, cmd_pending 0x8
01-01 09:07:11.132 0 0 I afe_close: port_id = 0x9000
01-01 09:07:11.155 0 0 I afe_find_cal_topo_id_by_port: port id: 0x9000, dev_acdb_id: 0
01-01 09:07:11.155 0 0 I afe_find_cal_topo_id_by_port: top_id:112fc acdb_id:15 afe_port:0x9000
01-01 09:07:11.155 0 0 I afe_get_cal_topology_id: port_id = 0x9000 acdb_id = 15 topology_id = 0x112fc cal_type_index=8 ret=0
01-01 09:07:11.155 0 0 I afe_send_port_topology_id: AFE set topology id 0x112fc enable for port 0x9000 ret 0
01-01 09:07:11.155 0 0 I send_afe_cal_type: cal_index is 0
01-01 09:07:11.155 0 0 I send_afe_cal_type: dev_acdb_id[55] is 0
01-01 09:07:11.155 0 0 I send_afe_cal_type: Sending cal_index cal 0
01-01 09:07:11.155 0 0 E send_afe_cal_type: No cal sent for cal_index 0, port_id = 0x9000! ret -22
01-01 09:07:11.163 0 0 I afe_send_hw_delay: port_id 0x9000 rate 48000 delay_usec 474 status 0
03-14 04:52:19.219 954 6613 W WindowManager: updateScale : 0.79357797
03-14 04:52:19.219 954 6613 W WindowManager: updateScale : 0.79357797
03-14 04:52:19.219 954 6613 W WindowManager: updateScale : 0.79357797
03-14 04:52:19.222 954 1047 I input_focus: [Focus request 56b16cc com.huawei.appmarket/com.huawei.appmarket.MarketActivity,reason=UpdateInputWindows]
03-14 04:52:19.243 954 1638 I input_focus: [Focus entering 56b16cc com.huawei.appmarket/com.huawei.appmarket.MarketActivity (server),reason=setFocusedWindow]
03-14 04:52:19.372 954 2964 E TaskPersister: File error accessing recents directory (directory doesn't exist?).
03-14 04:52:19.378 954 1047 W WindowManager: updateScale : 0.79357797
03-14 04:52:19.378 954 1047 W WindowManager: updateScale : 0.79357797
03-14 04:52:19.393 954 1047 W WindowManager: updateScale : 0.79357797
03-14 04:52:19.393 954 1047 W WindowManager: updateScale : 0.79357797
03-14 04:52:19.667 954 1685 I netstats_mobile_sample: [0,0,0,0,0,0,0,0,0,0,0,0,1678740739667]
03-14 04:52:19.667 954 1685 I netstats_wifi_sample: [79626685,123873,14571483,114443,79626685,123873,14571483,114443,60548457,74340,11215643,89161,1678740739667]
03-14 04:52:19.765 954 1638 I input_interaction: Interaction with: 56b16cc com.huawei.appmarket/com.huawei.appmarket.MarketActivity (server), edge-swipe (server), swipe-up (server), PointerEventDispatcher0 (server),
03-14 04:52:19.894 954 6613 W WindowManager: updateScale : 0.79357797
03-14 04:52:19.894 954 6613 W WindowManager: updateScale : 0.79357797
03-14 04:52:19.899 954 1047 I input_focus: [Focus request c4853c2 com.huawei.appmarket/com.huawei.appmarket.MarketActivity,reason=UpdateInputWindows]
03-14 04:52:19.928 954 1638 I input_focus: [Focus entering c4853c2 com.huawei.appmarket/com.huawei.appmarket.MarketActivity (server),reason=setFocusedWindow]
03-14 04:52:20.062 954 1047 W WindowManager: updateScale : 0.79357797
03-14 04:52:20.078 954 1047 W WindowManager: updateScale : 0.79357797
03-14 04:52:21.341 954 1685 I netstats_mobile_sample: [0,0,0,0,0,0,0,0,0,0,0,0,1678740741340]
03-14 04:52:21.341 954 1685 I netstats_wifi_sample: [83871507,127035,14703213,116164,83871507,127035,14703213,116164,64791727,77497,11341775,90869,1678740741340]
03-14 04:52:21.511 954 1064 I sysui_multi_action: [757,1717,758,1,759,0]
03-14 04:52:21.511 954 1064 I sysui_multi_action: [757,1717,758,2,759,0]
03-14 04:52:21.511 954 1064 I sysui_multi_action: [757,1717,758,3,759,0]
01-01 09:07:14.758 0 0 E DTC_ETH,link_delay_work_func: 3003, SQI=0, link=0
03-14 04:52:22.500 8038 8145 I service_manager_stats: [260,151,5150]
03-14 04:52:22.533 954 1638 I input_interaction: Interaction with: fca4b77 com.android.launcher3/com.android.launcher3.uioverrides.QuickstepLauncher (server), 45b849f com.android.systemui.ImageWallpaper (server), edge-swipe (server), swipe-up (server), PointerEventDispatcher0 (server),
03-14 04:52:23.671 954 1685 I netstats_mobile_sample: [0,0,0,0,0,0,0,0,0,0,0,0,1678740743671]
03-14 04:52:23.671 954 1685 I netstats_wifi_sample: [88079472,130223,14836779,118189,88079472,130223,14836779,118189,68991268,80672,11468951,92871,1678740743671]
03-14 04:52:23.946 954 4808 I thunderperf: PlatormCompat.setOverrides: Uid1=10074 Pid1=2598 Uid2=10074 Pid2=2598
03-14 04:52:23.946 954 4808 I thunderperf: PlatormCompat.setOverrides: needCheck:false
03-14 04:52:23.946 954 4808 I thunderperf: CompatConfig.addOverrideUnsafe: bef-state=0
03-14 04:52:23.946 954 4808 I thunderperf: CompatConfig.addOverrideUnsafe: aft-state=0
03-14 04:52:23.947 954 4808 I thunderperf: CompatConfig.addOverrideUnsafe: bef-state=0
03-14 04:52:23.947 954 4808 I thunderperf: CompatConfig.addOverrideUnsafe: aft-state=0
03-14 04:52:23.948 954 4808 I thunderperf: CompatConfig.addOverrideUnsafe: bef-state=0
03-14 04:52:23.949 954 4808 I thunderperf: CompatConfig.addOverrideUnsafe: aft-state=0
03-14 04:52:23.949 954 4808 I thunderperf: CompatConfig.addOverrideUnsafe: bef-state=0
03-14 04:52:23.949 954 4808 I thunderperf: CompatConfig.addOverrideUnsafe: aft-state=0
03-14 04:52:23.950 954 4808 I thunderperf: CompatConfig.addOverrideUnsafe: bef-state=0
03-14 04:52:23.950 954 4808 I thunderperf: CompatConfig.addOverrideUnsafe: aft-state=0
03-14 04:52:23.950 954 4808 I thunderperf: CompatConfig.addOverrideUnsafe: bef-state=0
03-14 04:52:23.950 954 4808 I thunderperf: CompatConfig.addOverrideUnsafe: aft-state=0
03-14 04:52:23.950 954 4808 I thunderperf: CompatConfig.addOverrideUnsafe: bef-state=0
03-14 04:52:23.951 954 4808 I thunderperf: CompatConfig.addOverrideUnsafe: aft-state=0
03-14 04:52:23.951 954 4808 I thunderperf: CompatConfig.addOverrideUnsafe: bef-state=0
03-14 04:52:23.951 954 4808 I thunderperf: CompatConfig.addOverrideUnsafe: aft-state=0
03-14 04:52:23.951 954 4808 I thunderperf: CompatConfig.addOverrideUnsafe: bef-state=0
03-14 04:52:23.951 954 4808 I thunderperf: CompatConfig.addOverrideUnsafe: aft-state=0
03-14 04:52:23.952 954 4808 I thunderperf: CompatConfig.addOverrideUnsafe: bef-state=0
03-14 04:52:23.952 954 4808 I thunderperf: CompatConfig.addOverrideUnsafe: aft-state=0
03-14 04:52:23.952 954 4808 I thunderperf: CompatConfig.addOverrideUnsafe: bef-state=0
03-14 04:52:23.952 954 4808 I thunderperf: CompatConfig.addOverrideUnsafe: aft-state=0
03-14 04:52:23.953 954 4808 I thunderperf: CompatConfig.addOverrideUnsafe: bef-state=0
03-14 04:52:23.953 954 4808 I thunderperf: CompatConfig.addOverrideUnsafe: aft-state=0
03-14 04:52:23.953 954 4808 I thunderperf: CompatConfig.addOverrideUnsafe: bef-state=0
03-14 04:52:23.953 954 4808 I thunderperf: CompatConfig.addOverrideUnsafe: aft-state=0
03-14 04:52:23.954 954 4808 I thunderperf: CompatConfig.addOverrideUnsafe: bef-state=0
03-14 04:52:23.954 954 4808 I thunderperf: CompatConfig.addOverrideUnsafe: aft-state=0
03-14 04:52:23.964 954 4808 I ActivityTaskManager: START u0 {act=android.intent.action.MAIN cat=[android.intent.category.LAUNCHER] flg=0x10200000 cmp=com.ss.android.lark/.main.app.MainActivity} from uid 10074
03-14 04:52:23.976 954 4808 I wm_task_created: [75,-1]
03-14 04:52:23.976 954 4808 W ActivityTaskManager: Can't find TaskDisplayArea to determine support for multi window. Task id=75 attached=false
03-14 04:52:23.978 954 4808 D FreeFormWindowHelper: finish old freeform task = ActivityRecord{d4dfb18 u0 com.huawei.appmarket/.MarketActivity t74}
03-14 04:52:23.978 954 4808 I wm_finish_activity: [0,223214360,74,com.huawei.appmarket/.MarketActivity,app-request]
03-14 04:52:23.978 954 4808 I wm_task_moved: [1,1,8]
03-14 04:52:23.979 954 4808 I wm_set_resumed_activity: [0,com.android.launcher3/.uioverrides.QuickstepLauncher,positionChildAt]
03-14 04:52:23.979 954 4808 I wm_task_moved: [12,1,2147483647]
03-14 04:52:23.979 954 4808 I wm_task_to_front: [0,12]
03-14 04:52:23.979 954 4808 I wm_focused_root_task: [0,0,1,-1,finish-top adjustFocusToNextFocusableTask]
03-14 04:52:23.979 954 4808 I wm_set_resumed_activity: [0,com.android.launcher3/.uioverrides.QuickstepLauncher,finish-top]
03-14 04:52:23.979 8038 8038 I wm_on_top_resumed_lost_called: [223214360,com.huawei.appmarket.MarketActivity,topStateChangedWhenResumed]
03-14 04:52:23.982 954 4808 I wm_pause_activity: [0,223214360,com.huawei.appmarket/.MarketActivity,userLeaving=false,finish]
03-14 04:52:23.983 954 4808 D FreeFormWindowHelper: Add freeform task=Task{2d6d9fa #75 type=standard ?? U=0 visible=false mode=freeform translucent=true sz=0}
03-14 04:52:23.984 954 4808 D CompatibilityChangeReporter: Compat change id reported: 174042980; UID 10096; state: DISABLED
03-14 04:52:23.984 954 4808 D CompatibilityChangeReporter: Compat change id reported: 184838306; UID 10096; state: DISABLED
03-14 04:52:23.984 954 4808 D CompatibilityChangeReporter: Compat change id reported: 185004937; UID 10096; state: DISABLED
03-14 04:52:23.984 954 4808 D CompatibilityChangeReporter: Compat change id reported: 181136395; UID 10096; state: DISABLED
03-14 04:52:23.985 954 4808 D CompatibilityChangeReporter: Compat change id reported: 174042936; UID 10096; state: DISABLED
03-14 04:52:23.985 954 4808 I wm_task_moved: [75,1,8]
03-14 04:52:23.985 954 4808 I wm_task_to_front: [0,75]
03-14 04:52:23.985 954 4808 I wm_focused_root_task: [0,0,75,1,reuseOrNewTask]
03-14 04:52:23.985 954 4808 I wm_create_task: [0,75]
03-14 04:52:23.985 954 4808 I wm_create_activity: [0,222374827,75,com.ss.android.lark/.main.app.MainActivity,android.intent.action.MAIN,NULL,NULL,270532608]
03-14 04:52:23.985 954 4808 I wm_task_moved: [75,1,8]
03-14 04:52:23.988 954 1047 I input_focus: [Focus request fca4b77 com.android.launcher3/com.android.launcher3.uioverrides.QuickstepLauncher,reason=UpdateInputWindows]
03-14 04:52:23.995 8038 8038 I wm_on_paused_called: [223214360,com.huawei.appmarket.MarketActivity,performPause]
03-14 04:52:23.995 954 969 I wm_add_to_stopping: [0,223214360,com.huawei.appmarket/.MarketActivity,completeFinishing]
03-14 04:52:23.995 954 969 I ActivityTaskManager: FOREGROUND_APPLICATION_CHANGED to com.ss.android.lark.main.app.MainActivity
03-14 04:52:23.996 954 969 I ActivityTaskManager: clear resize flag in freeform mode
01-01 09:07:17.225 0 0 W perfetto: enabled ftrace
03-14 04:52:24.001 954 1046 I am_uid_running: 10096
03-14 04:52:24.001 954 1046 D CompatibilityChangeReporter: Compat change id reported: 135634846; UID 10096; state: DISABLED
03-14 04:52:24.002 954 1046 I sysui_multi_action: [757,803,799,window_time_2,802,8]
03-14 04:52:24.002 954 1067 D CompatibilityChangeReporter: Compat change id reported: 143937733; UID 10096; state: ENABLED
03-14 04:52:24.002 954 1638 I input_focus: [Focus leaving c4853c2 com.huawei.appmarket/com.huawei.appmarket.MarketActivity (server),reason=NO_WINDOW]
03-14 04:52:24.002 954 1638 I input_focus: [Focus entering fca4b77 com.android.launcher3/com.android.launcher3.uioverrides.QuickstepLauncher (server),reason=setFocusedWindow]
03-14 04:52:24.009 954 1067 I am_proc_start: [0,30116,10096,com.ss.android.lark,top-activity,{com.ss.android.lark/com.ss.android.lark.main.app.MainActivity}]
03-14 04:52:24.009 954 1067 I ActivityManager: Start proc 30116:com.ss.android.lark/u0a96 for top-activity {com.ss.android.lark/com.ss.android.lark.main.app.MainActivity}
01-01 09:07:17.248 0 0 I binder : 30116:30116 ioctl 40046210 fffa1908 returned -22
03-14 04:52:24.027 954 4808 I am_proc_bound: [0,30116,com.ss.android.lark]
03-14 04:52:24.030 954 4808 I wm_restart_activity: [0,222374827,75,com.ss.android.lark/.main.app.MainActivity]
03-14 04:52:24.031 954 4808 I wm_set_resumed_activity: [0,com.ss.android.lark/.main.app.MainActivity,minimalResumeActivityLocked]
03-14 04:52:24.032 954 1046 I am_uid_active: 10096
03-14 04:52:24.101 954 969 W FreeFormWindowHelper: Current Display FreeFormTask is Task{2d6d9fa #75 type=standard A=10096:com.ss.android.lark U=0 visible=true mode=freeform translucent=false sz=1}
03-14 04:52:24.389 954 6613 D CompatibilityChangeReporter: Compat change id reported: 135634846; UID 10093; state: DISABLED
