03-14 04:49:02.133 954 14421 I wm_pause_activity: [0,262020074,com.thundercomm.screensaver/android.service.dreams.DreamActivity,userLeaving=false,finish]
03-14 04:49:02.134 954 14421 W WindowManager: updateScale : 0.45565748
03-14 04:49:02.138 954 27171 I DreamManagerService: Gently waking up from dream.
03-14 04:49:02.139 13800 13800 I wm_on_top_resumed_lost_called: [262020074,android.service.dreams.DreamActivity,topStateChangedWhenResumed]
03-14 04:49:02.139 954 1043 I DreamManagerService: Performing gentle wake from dream.
03-14 04:49:02.139 954 1046 I sysui_multi_action: [757,803,799,window_time_0,802,211]
03-14 04:49:02.140 13800 13800 I wm_on_paused_called: [262020074,android.service.dreams.DreamActivity,performPause]
03-14 04:49:02.140 6630 6630 I wm_on_top_resumed_gained_called: [134572307,com.microsoft.ruby.Main,topStateChangedWhenResumed]
03-14 04:49:02.142 954 27171 I ActivityTaskManager: FOREGROUND_APPLICATION_CHANGED to com.android.launcher3.uioverrides.QuickstepLauncher
03-14 04:49:02.145 954 27171 I wm_resume_activity: [0,194529402,12,com.android.launcher3/.uioverrides.QuickstepLauncher]
03-14 04:49:02.145 954 27171 I ActivityTaskManager: FOREGROUND_APPLICATION_CHANGED to org.chromium.chrome.browser.ChromeTabbedActivity
03-14 04:49:02.146 954 27171 W WindowManager: updateScale : 0.45565748
03-14 04:49:02.150 954 27171 W WindowManager: updateScale : 0.45565748
03-14 04:49:02.151 954 1638 I input_focus: [Focus leaving 97cc924 com.thundercomm.screensaver/android.service.dreams.DreamActivity (server),reason=NO_WINDOW]
03-14 04:49:02.151 954 14421 W WindowManager: updateScale : 0.45565748
03-14 04:49:02.156 13800 13800 I view_enqueue_input_event: [Motion - Cancel,com.thundercomm.screensaver/android.service.dreams.DreamActivity]
03-14 04:49:02.157 954 1638 I input_interaction: Interaction with: edge-swipe (server), swipe-up (server), PointerEventDispatcher0 (server),
03-14 04:49:02.157 2598 2598 I wm_on_restart_called: [194529402,com.android.launcher3.uioverrides.QuickstepLauncher,performRestartActivity]
03-14 04:49:02.157 2598 2598 I wm_on_start_called: [194529402,com.android.launcher3.uioverrides.QuickstepLauncher,handleStartActivity]
03-14 04:49:02.158 2598 2598 I wm_on_resume_called: [194529402,com.android.launcher3.uioverrides.QuickstepLauncher,RESUME_ACTIVITY]
03-14 04:49:02.166 954 1047 I input_focus: [Focus request 52265f com.microsoft.emmx/com.microsoft.ruby.Main,reason=UpdateInputWindows]
03-14 04:49:02.166 954 1046 I sysui_multi_action: [757,803,799,window_time_2,802,0]
03-14 04:49:02.166 954 1047 W WindowManager: updateScale : 0.45565748
03-14 04:49:02.167 954 1047 W WindowManager: updateScale : 0.45565748
03-14 04:49:02.168 954 1046 W WindowManager: updateScale : 0.45565748
03-14 04:49:02.171 954 27171 W WindowManager: updateScale : 0.45565748
03-14 04:49:02.172 954 1046 W WindowManager: updateScale : 0.45565748
03-14 04:49:02.172 954 1064 I am_pss : [3089,10091,com.android.providers.media.module,23775232,20553728,27648,123232256,0,0,6]
03-14 04:49:02.175 954 27171 I am_uid_active: 10062
03-14 04:49:02.178 954 1638 I input_focus: [Focus entering 52265f com.microsoft.emmx/com.microsoft.ruby.Main (server),reason=setFocusedWindow]
03-14 04:49:02.179 954 1064 I am_pss : [2770,10070,com.qualcomm.location,8864768,6463488,28672,98779136,0,0,6]
03-14 04:49:02.190 954 1047 W WindowManager: updateScale : 0.45565748
03-14 04:49:02.194 954 1047 W WindowManager: updateScale : 0.45565748
03-14 04:49:02.196 954 1047 W WindowManager: updateScale : 0.45565748
03-14 04:49:02.230 954 1123 I PowerManagerService: Powering on display group fromDreaming (groupId=0, uid=1000, reason=WAKE_REASON_UNKNOWN, details=android.server.power:DREAM_FINISHED)...
03-14 04:49:02.230 954 1123 I PowerManagerService: Waking up from Dreaming (uid=1000, reason=WAKE_REASON_UNKNOWN, details=android.server.power:DREAM_FINISHED)...
03-14 04:49:02.230 954 2640 I wm_destroy_activity: [0,262020074,60,com.thundercomm.screensaver/android.service.dreams.DreamActivity,finish-idle]
03-14 04:49:02.233 13800 13800 I wm_on_stop_called: [262020074,android.service.dreams.DreamActivity,LIFECYCLER_STOP_ACTIVITY]
03-14 04:49:02.234 13800 13800 I wm_on_destroy_called: [262020074,android.service.dreams.DreamActivity,performDestroy]
03-14 04:49:02.234 954 2640 I DreamManagerService: Leaving dreamland.
03-14 04:49:02.235 954 1043 I DreamManagerService: Performing gentle wake from dream.
03-14 04:49:02.235 954 1043 I DreamController: Stopping dream: name=ComponentInfo{com.thundercomm.screensaver/com.thundercomm.screensaver.service.SystemDream}, isTest=false, canDoze=false, userId=0, reason='finished self'(from 'finished self')
03-14 04:49:02.235 954 1043 I sysui_multi_action: [757,222,758,2]
03-14 04:49:02.235 954 1043 I sysui_multi_action: [757,804,799,dreaming_minutes,801,3,802,1]
03-14 04:49:02.237 954 2640 W WindowManager: updateScale : 0.45565748
03-14 04:49:02.246 954 2135 W FreeFormWindowHelper: Current Display FreeFormTask is Task{b6bc505 #59 type=standard A=10033:com.microsoft.emmx U=0 visible=true mode=freeform translucent=false sz=1}
03-14 04:49:02.250 954 1064 I am_pss : [27326,1000,com.android.settings,15924224,11980800,28672,102776832,0,19,6]
03-14 04:49:02.255 954 1064 I am_pss : [3087,10079,com.qualcomm.qti.workloadclassifier,12967936,10936320,28672,99115008,0,0,4]
03-14 04:49:02.261 954 1064 I am_pss : [3084,10082,com.qualcomm.qti.qccnetstat,5659648,3936256,28672,87252992,0,0,5]
03-14 04:49:02.268 954 1064 I am_pss : [3057,10069,com.qualcomm.qti.services.systemhelper:systemhelper_service,5738496,4022272,28672,87842816,0,0,5]
03-14 04:49:02.274 954 1064 I am_pss : [3024,10053,.pasr,5288960,3616768,28672,85409792,0,0,6]
03-14 04:49:02.280 954 1064 I am_pss : [2967,1000,com.hryt.hiphishowfsecontrol,7083008,5128192,27648,94433280,0,0,5]
03-14 04:49:02.286 954 1064 I am_pss : [2962,10056,ts.car.uart,5509120,3837952,28672,85856256,0,0,5]
03-14 04:49:02.297 954 1064 I am_pss : [2953,10083,com.hht.lebocast,82822144,75689984,23552,169426944,0,0,10]
03-14 04:49:02.303 954 1064 I am_pss : [3282,10061,com.qualcomm.qti.devicestatisticsservice,5251072,3579904,28672,85041152,0,0,5]
03-14 04:49:02.434 954 1047 W WindowManager: updateScale : 0.45565748
03-14 04:49:02.437 954 1047 W WindowManager: updateScale : 0.45565748
03-14 04:49:02.440 954 1047 W WindowManager: updateScale : 0.45565748
03-14 04:49:02.442 954 1047 W WindowManager: updateScale : 0.45565748
03-14 04:49:02.449 954 1047 I wm_task_removed: [60,removeChild:removeChild last r=ActivityRecord{f9e1bea u0 com.thundercomm.screensaver/android.service.dreams.DreamActivity t-1 f}} in t=Task{bc9fc8e #60 type=dream A=10050:android:com.thundercomm.screensaver/dream U=0 visible=false mode=fullscreen translucent=true sz=0}]
03-14 04:49:02.449 954 1047 I wm_task_removed: [60,removeChild]
03-14 04:49:02.451 954 1047 W ActivityTaskManager: Can't find TaskDisplayArea to determine support for multi window. Task id=60 attached=false
03-14 04:49:03.695 954 1638 I input_interaction: Interaction with: 52265f com.microsoft.emmx/com.microsoft.ruby.Main (server), edge-swipe (server), swipe-up (server), PointerEventDispatcher0 (server),
03-14 04:49:03.789 6630 6630 I view_enqueue_input_event: [Motion - Cancel,com.microsoft.emmx/com.microsoft.ruby.Main]
03-14 04:49:03.789 954 1638 I input_interaction: Interaction with: WindowManager (server), edge-swipe (server), swipe-up (server), PointerEventDispatcher0 (server),
03-14 04:49:03.806 954 1047 D CompatibilityChangeReporter: Compat change id reported: 184838306; UID 10033; state: DISABLED
03-14 04:49:03.806 954 1047 D CompatibilityChangeReporter: Compat change id reported: 185004937; UID 10033; state: DISABLED
03-14 04:49:03.807 954 1047 I ActivityTaskManager: clear resize flag in freeform mode
03-14 04:49:03.808 954 1047 W WindowManager: updateScale : 0.45565748
03-14 04:49:03.822 954 1047 I ActivityTaskManager: clear resize flag in freeform mode
03-14 04:49:03.822 954 1047 W WindowManager: updateScale : 0.45565748
03-14 04:49:03.839 954 1047 I ActivityTaskManager: clear resize flag in freeform mode
03-14 04:49:03.839 954 1047 W WindowManager: updateScale : 0.45565748
03-14 04:49:03.855 954 1047 I ActivityTaskManager: clear resize flag in freeform mode
03-14 04:49:03.855 954 1047 W WindowManager: updateScale : 0.45565748
03-14 04:49:03.872 954 1047 I ActivityTaskManager: clear resize flag in freeform mode
03-14 04:49:03.872 954 1047 W WindowManager: updateScale : 0.45565748
03-14 04:49:03.888 954 1047 I ActivityTaskManager: clear resize flag in freeform mode
03-14 04:49:03.889 954 1047 W WindowManager: updateScale : 0.45565748
03-14 04:49:03.905 954 1047 I ActivityTaskManager: clear resize flag in freeform mode
03-14 04:49:03.906 954 1047 W WindowManager: updateScale : 0.45565748
03-14 04:49:03.907 954 6613 W WindowManager: updateScale : 0.45565748
03-14 04:49:03.922 954 1047 I ActivityTaskManager: clear resize flag in freeform mode
03-14 04:49:03.922 954 1047 W WindowManager: updateScale : 0.45565748
03-14 04:49:03.928 954 6613 W WindowManager: updateScale : 0.45565748
03-14 04:49:03.939 954 1047 I ActivityTaskManager: clear resize flag in freeform mode
03-14 04:49:03.939 954 1047 W WindowManager: updateScale : 0.45565748
03-14 04:49:03.940 954 6613 W WindowManager: updateScale : 0.45565748
03-14 04:49:03.950 954 6613 W WindowManager: updateScale : 0.45565748
03-14 04:49:03.955 954 1047 I ActivityTaskManager: clear resize flag in freeform mode
03-14 04:49:03.955 954 1047 W WindowManager: updateScale : 0.45565748
03-14 04:49:03.972 954 1047 I ActivityTaskManager: clear resize flag in freeform mode
03-14 04:49:03.972 954 1047 W WindowManager: updateScale : 0.45565748
03-14 04:49:03.989 954 1047 I ActivityTaskManager: clear resize flag in freeform mode
03-14 04:49:03.989 954 1047 W WindowManager: updateScale : 0.45565748
03-14 04:49:04.005 954 1047 I ActivityTaskManager: clear resize flag in freeform mode
03-14 04:49:04.006 954 1047 W WindowManager: updateScale : 0.45565748
03-14 04:49:04.022 954 1047 I ActivityTaskManager: clear resize flag in freeform mode
03-14 04:49:04.022 954 1047 W WindowManager: updateScale : 0.45565748
03-14 04:49:04.039 954 1047 I ActivityTaskManager: clear resize flag in freeform mode
03-14 04:49:04.039 954 1047 W WindowManager: updateScale : 0.45565748
03-14 04:49:04.055 954 1047 I ActivityTaskManager: clear resize flag in freeform mode
03-14 04:49:04.056 954 1047 W WindowManager: updateScale : 0.45565748
03-14 04:49:04.091 954 1047 D WindowManager: updateWindowDragBounds: mIsSwipeYtrue
03-14 04:49:04.091 954 1047 D WindowManager: updateWindowDragBounds: mIsTopfalse
03-14 04:49:04.124 954 1048 I ActivityTaskManager: clear resize flag in freeform mode
03-14 04:49:04.124 954 1048 W WindowManager: updateScale : 0.45565748
03-14 04:49:04.139 954 1048 I ActivityTaskManager: clear resize flag in freeform mode
03-14 04:49:04.139 954 1048 W WindowManager: updateScale : 0.45565748
03-14 04:49:04.157 954 1048 I ActivityTaskManager: clear resize flag in freeform mode
03-14 04:49:04.157 954 1048 W WindowManager: updateScale : 0.45565748
03-14 04:49:04.174 954 1048 I ActivityTaskManager: clear resize flag in freeform mode
03-14 04:49:04.174 954 1048 W WindowManager: updateScale : 0.45565748
03-14 04:49:04.191 954 1048 I ActivityTaskManager: clear resize flag in freeform mode
03-14 04:49:04.192 954 1048 W WindowManager: updateScale : 0.45565748
03-14 04:49:04.207 954 1048 I ActivityTaskManager: clear resize flag in freeform mode
03-14 04:49:04.208 954 1048 W WindowManager: updateScale : 0.45565748
03-14 04:49:04.224 954 1048 I ActivityTaskManager: clear resize flag in freeform mode
03-14 04:49:04.225 954 1048 W WindowManager: updateScale : 0.45565748
03-14 04:49:04.242 954 1048 I ActivityTaskManager: clear resize flag in freeform mode
03-14 04:49:04.242 954 1048 W WindowManager: updateScale : 0.45565748
03-14 04:49:04.257 954 1048 I ActivityTaskManager: clear resize flag in freeform mode
03-14 04:49:04.258 954 1048 W WindowManager: updateScale : 0.45565748
03-14 04:49:04.259 954 6613 W WindowManager: updateScale : 0.45565748
03-14 04:49:04.276 954 1048 I ActivityTaskManager: clear resize flag in freeform mode
03-14 04:49:04.277 954 1048 W WindowManager: updateScale : 0.45565748
03-14 04:49:04.279 954 6613 W WindowManager: updateScale : 0.45565748
03-14 04:49:04.290 954 1048 I ActivityTaskManager: clear resize flag in freeform mode
03-14 04:49:04.291 954 1048 W WindowManager: updateScale : 0.45565748
03-14 04:49:04.295 954 6613 W WindowManager: updateScale : 0.45565748
03-14 04:49:04.308 954 1048 I ActivityTaskManager: clear resize flag in freeform mode
03-14 04:49:04.308 954 1048 W WindowManager: updateScale : 0.45565748
03-14 04:49:04.310 954 6613 W WindowManager: updateScale : 0.45565748
03-14 04:49:04.322 954 6613 W WindowManager: updateScale : 0.45565748
03-14 04:49:04.323 954 1048 I ActivityTaskManager: clear resize flag in freeform mode
03-14 04:49:04.323 954 1048 W WindowManager: updateScale : 0.45565748
03-14 04:49:04.341 954 1048 I ActivityTaskManager: clear resize flag in freeform mode
03-14 04:49:04.341 954 1048 W WindowManager: updateScale : 0.45565748
03-14 04:49:04.357 954 1048 I ActivityTaskManager: clear resize flag in freeform mode
03-14 04:49:04.357 954 1048 W WindowManager: updateScale : 0.45565748
03-14 04:49:04.374 954 1048 I ActivityTaskManager: clear resize flag in freeform mode
03-14 04:49:04.374 954 1048 W WindowManager: updateScale : 0.45565748
03-14 04:49:04.390 954 1048 I ActivityTaskManager: clear resize flag in freeform mode
03-14 04:49:04.390 954 1048 W WindowManager: updateScale : 0.45565748
03-14 04:49:04.407 954 1048 I ActivityTaskManager: clear resize flag in freeform mode
03-14 04:49:04.407 954 1048 W WindowManager: updateScale : 0.45565748
03-14 04:49:04.646 954 1638 I input_interaction: Interaction with: 52265f com.microsoft.emmx/com.microsoft.ruby.Main (server), edge-swipe (server), swipe-up (server), PointerEventDispatcher0 (server),
03-14 04:49:04.793 6630 6630 I view_enqueue_input_event: [Motion - Cancel,com.microsoft.emmx/com.microsoft.ruby.Main]
03-14 04:49:04.793 954 1638 I input_interaction: Interaction with: WindowManager (server), edge-swipe (server), swipe-up (server), PointerEventDispatcher0 (server),
03-14 04:49:04.808 954 1047 I ActivityTaskManager: clear resize flag in freeform mode
03-14 04:49:04.808 954 1047 W WindowManager: updateScale : 0.45565748
03-14 04:49:04.824 954 1047 I ActivityTaskManager: clear resize flag in freeform mode
03-14 04:49:04.824 954 1047 W WindowManager: updateScale : 0.45565748
03-14 04:49:04.838 954 6613 W WindowManager: updateScale : 0.45565748
03-14 04:49:04.840 954 1047 I ActivityTaskManager: clear resize flag in freeform mode
03-14 04:49:04.841 954 1047 W WindowManager: updateScale : 0.45565748
03-14 04:49:04.857 954 1047 I ActivityTaskManager: clear resize flag in freeform mode
03-14 04:49:04.858 954 1047 W WindowManager: updateScale : 0.45565748
03-14 04:49:04.874 954 1047 I ActivityTaskManager: clear resize flag in freeform mode
03-14 04:49:04.874 954 1047 W WindowManager: updateScale : 0.45565748
03-14 04:49:04.891 954 1047 I ActivityTaskManager: clear resize flag in freeform mode
03-14 04:49:04.891 954 1047 W WindowManager: updateScale : 0.45565748
03-14 04:49:04.893 954 6613 W WindowManager: updateScale : 0.45565748
03-14 04:49:04.909 954 1047 I ActivityTaskManager: clear resize flag in freeform mode
03-14 04:49:04.909 954 1047 W WindowManager: updateScale : 0.45565748
03-14 04:49:04.910 954 6613 W WindowManager: updateScale : 0.45565748
03-14 04:49:04.924 954 1047 I ActivityTaskManager: clear resize flag in freeform mode
03-14 04:49:04.924 954 1047 W WindowManager: updateScale : 0.45565748
03-14 04:49:04.927 954 2467 W WindowManager: updateScale : 0.45565748
03-14 04:49:04.936 954 2467 W WindowManager: updateScale : 0.45565748
03-14 04:49:04.941 954 1047 I ActivityTaskManager: clear resize flag in freeform mode
03-14 04:49:04.941 954 1047 W WindowManager: updateScale : 0.45565748
03-14 04:49:04.957 954 1047 I ActivityTaskManager: clear resize flag in freeform mode
03-14 04:49:04.958 954 1047 W WindowManager: updateScale : 0.45565748
03-14 04:49:04.974 954 1047 I ActivityTaskManager: clear resize flag in freeform mode
03-14 04:49:04.975 954 1047 W WindowManager: updateScale : 0.45565748
03-14 04:49:04.991 954 1047 I ActivityTaskManager: clear resize flag in freeform mode
03-14 04:49:04.991 954 1047 W WindowManager: updateScale : 0.45565748
03-14 04:49:05.040 954 1047 D WindowManager: updateWindowDragBounds: mIsSwipeYtrue
03-14 04:49:05.040 954 1047 D WindowManager: updateWindowDragBounds: mIsToptrue
03-14 04:49:05.043 954 1047 I wm_finish_activity: [0,134572307,59,com.microsoft.emmx/com.microsoft.ruby.Main,finish-activity]
03-14 04:49:05.043 954 1047 I wm_task_moved: [1,1,7]
03-14 04:49:05.044 954 1047 I wm_set_resumed_activity: [0,com.android.launcher3/.uioverrides.QuickstepLauncher,positionChildAt]
03-14 04:49:05.044 954 1047 I wm_task_moved: [12,1,2147483647]
03-14 04:49:05.044 954 1047 I wm_task_to_front: [0,12]
03-14 04:49:05.044 954 1047 I wm_focused_root_task: [0,0,1,-1,finish-top adjustFocusToNextFocusableTask]
03-14 04:49:05.044 954 1047 I wm_set_resumed_activity: [0,com.android.launcher3/.uioverrides.QuickstepLauncher,finish-top]
03-14 04:49:05.044 954 1047 I wm_pause_activity: [0,134572307,com.microsoft.emmx/com.microsoft.ruby.Main,userLeaving=false,finish]
03-14 04:49:05.046 954 1047 I input_focus: [Focus request fca4b77 com.android.launcher3/com.android.launcher3.uioverrides.QuickstepLauncher,reason=UpdateInputWindows]
03-14 04:49:05.050 954 2964 E TaskPersister: File error accessing recents directory (directory doesn't exist?).
03-14 04:49:05.059 954 1638 I input_focus: [Focus leaving 52265f com.microsoft.emmx/com.microsoft.ruby.Main (server),reason=NO_WINDOW]
03-14 04:49:05.060 954 1638 I input_focus: [Focus entering fca4b77 com.android.launcher3/com.android.launcher3.uioverrides.QuickstepLauncher (server),reason=setFocusedWindow]
03-14 04:49:05.067 6630 6630 I wm_on_top_resumed_lost_called: [134572307,com.microsoft.ruby.Main,topStateChangedWhenResumed]
03-14 04:49:05.069 954 1046 I sysui_multi_action: [757,803,799,window_time_2,802,3]
03-14 04:49:05.069 2598 2598 I wm_on_top_resumed_gained_called: [194529402,com.android.launcher3.uioverrides.QuickstepLauncher,topStateChangedWhenResumed]
03-14 04:49:05.090 6630 6630 I wm_on_paused_called: [134572307,com.microsoft.ruby.Main,performPause]
03-14 04:49:05.090 954 6613 I ActivityTaskManager: FOREGROUND_APPLICATION_CHANGED to com.android.launcher3.uioverrides.QuickstepLauncher
03-14 04:49:05.090 954 6613 I wm_destroy_activity: [0,134572307,59,com.microsoft.emmx/com.microsoft.ruby.Main,finish-imm:completePausedLocked]
03-14 04:49:05.096 954 1046 I sysui_multi_action: [757,803,799,window_time_0,802,0]
03-14 04:49:05.119 6630 6630 I wm_on_stop_called: [134572307,com.microsoft.ruby.Main,LIFECYCLER_STOP_ACTIVITY]
03-14 04:49:05.150 954 2135 I ActivityManager: Killing 25847:com.microsoft.emmx:sandboxed_process0:org.chromium.content.app.SandboxedProcessService0:44/u0a33i-8990 (adj 0): isolated not needed
03-14 04:49:05.150 954 2135 I am_kill : [0,25847,com.microsoft.emmx:sandboxed_process0:org.chromium.content.app.SandboxedProcessService0:44,0,isolated not needed]
03-14 04:49:05.164 6630 6630 I wm_on_destroy_called: [134572307,com.microsoft.ruby.Main,performDestroy]
03-14 04:49:05.170 954 2135 I wm_task_removed: [59,removeChild:removeChild last r=ActivityRecord{8056913 u0 com.microsoft.emmx/com.microsoft.ruby.Main t-1 f}} in t=Task{b6bc505 #59 type=standard A=10033:com.microsoft.emmx U=0 visible=false mode=freeform translucent=true sz=0}]
03-14 04:49:05.171 954 2135 I wm_task_removed: [59,removeChild]
03-14 04:49:05.171 954 2135 D FreeFormWindowHelper: Remove freefrom task=Task{b6bc505 #59 type=standard A=10033:com.microsoft.emmx U=0 visible=false mode=freeform translucent=true sz=0}
03-14 04:49:05.191 954 6613 I ActivityManager: Killing 27217:com.microsoft.emmx:sandboxed_process0:org.chromium.content.app.SandboxedProcessService0:50/u0a33i-8984 (adj 0): isolated not needed
03-14 04:49:05.191 954 6613 I am_kill : [0,27217,com.microsoft.emmx:sandboxed_process0:org.chromium.content.app.SandboxedProcessService0:50,0,isolated not needed]
03-14 04:49:05.193 954 2135 W FreeFormWindowHelper: Current Display FreeFormTask is null
03-14 04:49:05.193 954 4806 W FreeFormWindowHelper: Current Display FreeFormTask is null
01-01 09:03:58.436 0 0 I binder : undelivered transaction 1299484, process died.
01-01 09:03:58.436 0 0 I binder : undelivered transaction 1299488, process died.
01-01 09:03:58.436 0 0 I binder : undelivered transaction 1299483, process died.
03-14 04:49:05.211 954 6613 I am_proc_died: [0,25847,com.microsoft.emmx:sandboxed_process0:org.chromium.content.app.SandboxedProcessService0:44,0,10]
03-14 04:49:05.212 954 6613 I am_uid_stopped: 90010
03-14 04:49:05.213 954 6613 W ProcessStats: Tracking association SourceState{a2b0eed cn.kuwo.player:pushservice/10097 BTopFgs #3323} whose proc state 2 is better than process ProcessState{b2fc122 cn.kuwo.player/10097 pkg=cn.kuwo.player} proc state 3 (0 skipped)
03-14 04:49:05.217 954 1099 E KernelCpuSpeedReader: Failed to read cpu-freq: /sys/devices/system/cpu/cpu4/cpufreq/stats/time_in_state: open failed: ENOENT (No such file or directory)
03-14 04:49:05.217 954 1099 E KernelCpuSpeedReader: Failed to read cpu-freq: /sys/devices/system/cpu/cpu0/cpufreq/stats/time_in_state: open failed: ENOENT (No such file or directory)
03-14 04:49:05.218 954 1099 D KernelCpuUidUserSysTimeReader: Removing uids 90000-90000
03-14 04:49:05.218 954 1099 D KernelCpuUidUserSysTimeReader: Removing uids 90001-90001
03-14 04:49:05.218 954 1099 D KernelCpuUidUserSysTimeReader: Removing uids 90001-90001
03-14 04:49:05.218 954 1099 D KernelCpuUidUserSysTimeReader: Removing uids 90003-90003
03-14 04:49:05.218 954 1099 D KernelCpuUidUserSysTimeReader: Removing uids 90000-90000
03-14 04:49:05.218 954 1099 D KernelCpuUidUserSysTimeReader: Removing uids 90004-90004
03-14 04:49:05.218 954 1099 D KernelCpuUidUserSysTimeReader: Removing uids 90002-90002
03-14 04:49:05.219 954 1099 D KernelCpuUidUserSysTimeReader: Removing uids 90006-90006
03-14 04:49:05.219 954 1099 D KernelCpuUidUserSysTimeReader: Removing uids 90008-90008
03-14 04:49:05.219 954 1099 D KernelCpuUidUserSysTimeReader: Removing uids 90005-90005
03-14 04:49:05.219 954 1099 D KernelCpuUidUserSysTimeReader: Removing uids 90009-90009
03-14 04:49:05.219 954 1099 D KernelCpuUidUserSysTimeReader: Removing uids 90007-90007
03-14 04:49:05.236 954 5679 I am_proc_died: [0,27217,com.microsoft.emmx:sandboxed_process0:org.chromium.content.app.SandboxedProcessService0:50,0,10]
01-01 09:03:58.460 0 0 I binder : undelivered transaction 1299581, process died.
01-01 09:03:58.460 0 0 I binder : undelivered transaction 1299582, process died.
01-01 09:03:58.460 0 0 I binder : undelivered transaction 1299585, process died.
03-14 04:49:05.236 954 5679 I am_uid_stopped: 90016
03-14 04:49:05.237 954 1099 E KernelCpuSpeedReader: Failed to read cpu-freq: /sys/devices/system/cpu/cpu4/cpufreq/stats/time_in_state: open failed: ENOENT (No such file or directory)
03-14 04:49:05.237 954 1099 E KernelCpuSpeedReader: Failed to read cpu-freq: /sys/devices/system/cpu/cpu0/cpufreq/stats/time_in_state: open failed: ENOENT (No such file or directory)
03-14 04:49:06.726 954 1638 I input_interaction: Interaction with: fca4b77 com.android.launcher3/com.android.launcher3.uioverrides.QuickstepLauncher (server), 45b849f com.android.systemui.ImageWallpaper (server), edge-swipe (server), swipe-up (server), PointerEventDispatcher0 (server),
03-14 04:49:06.831 954 6613 I thunderperf: PlatormCompat.setOverrides: Uid1=10074 Pid1=2598 Uid2=10074 Pid2=2598
03-14 04:49:06.831 954 6613 I thunderperf: PlatormCompat.setOverrides: needCheck:false
03-14 04:49:06.831 954 6613 I thunderperf: CompatConfig.addOverrideUnsafe: bef-state=0
03-14 04:49:06.831 954 6613 I thunderperf: CompatConfig.addOverrideUnsafe: aft-state=0
03-14 04:49:06.831 954 6613 I thunderperf: CompatConfig.addOverrideUnsafe: bef-state=0
03-14 04:49:06.831 954 6613 I thunderperf: CompatConfig.addOverrideUnsafe: aft-state=0
03-14 04:49:06.832 954 6613 I thunderperf: CompatConfig.addOverrideUnsafe: bef-state=0
03-14 04:49:06.832 954 6613 I thunderperf: CompatConfig.addOverrideUnsafe: aft-state=0
03-14 04:49:06.832 954 6613 I thunderperf: CompatConfig.addOverrideUnsafe: bef-state=0
03-14 04:49:06.832 954 6613 I thunderperf: CompatConfig.addOverrideUnsafe: aft-state=0
03-14 04:49:06.833 954 6613 I thunderperf: CompatConfig.addOverrideUnsafe: bef-state=0
03-14 04:49:06.833 954 6613 I thunderperf: CompatConfig.addOverrideUnsafe: aft-state=0
03-14 04:49:06.833 954 6613 I thunderperf: CompatConfig.addOverrideUnsafe: bef-state=0
03-14 04:49:06.833 954 6613 I thunderperf: CompatConfig.addOverrideUnsafe: aft-state=0
03-14 04:49:06.833 954 6613 I thunderperf: CompatConfig.addOverrideUnsafe: bef-state=0
03-14 04:49:06.833 954 6613 I thunderperf: CompatConfig.addOverrideUnsafe: aft-state=0
03-14 04:49:06.834 954 6613 I thunderperf: CompatConfig.addOverrideUnsafe: bef-state=0
03-14 04:49:06.834 954 6613 I thunderperf: CompatConfig.addOverrideUnsafe: aft-state=0
03-14 04:49:06.834 954 6613 I thunderperf: CompatConfig.addOverrideUnsafe: bef-state=0
03-14 04:49:06.834 954 6613 I thunderperf: CompatConfig.addOverrideUnsafe: aft-state=0
03-14 04:49:06.835 954 6613 I thunderperf: CompatConfig.addOverrideUnsafe: bef-state=0
03-14 04:49:06.835 954 6613 I thunderperf: CompatConfig.addOverrideUnsafe: aft-state=0
03-14 04:49:06.835 954 6613 I thunderperf: CompatConfig.addOverrideUnsafe: bef-state=0
03-14 04:49:06.835 954 6613 I thunderperf: CompatConfig.addOverrideUnsafe: aft-state=0
03-14 04:49:06.835 954 6613 I thunderperf: CompatConfig.addOverrideUnsafe: bef-state=0
03-14 04:49:06.835 954 6613 I thunderperf: CompatConfig.addOverrideUnsafe: aft-state=0
03-14 04:49:06.836 954 6613 I thunderperf: CompatConfig.addOverrideUnsafe: bef-state=0
03-14 04:49:06.836 954 6613 I thunderperf: CompatConfig.addOverrideUnsafe: aft-state=0
03-14 04:49:06.836 954 6613 I thunderperf: CompatConfig.addOverrideUnsafe: bef-state=0
03-14 04:49:06.836 954 6613 I thunderperf: CompatConfig.addOverrideUnsafe: aft-state=0
03-14 04:49:06.842 954 6613 I ActivityTaskManager: START u0 {act=android.intent.action.MAIN cat=[android.intent.category.LAUNCHER] flg=0x10200000 cmp=com.microsoft.emmx/com.microsoft.ruby.Main bnds=[112,84][388,358]} from uid 10074
03-14 04:49:06.846 954 6613 I wm_task_created: [61,-1]
03-14 04:49:06.846 954 6613 W ActivityTaskManager: Can't find TaskDisplayArea to determine support for multi window. Task id=61 attached=false
03-14 04:49:06.847 954 6613 D CompatibilityChangeReporter: Compat change id reported: 174042980; UID 10033; state: DISABLED
03-14 04:49:06.848 954 6613 D CompatibilityChangeReporter: Compat change id reported: 181136395; UID 10033; state: DISABLED
03-14 04:49:06.848 954 6613 D CompatibilityChangeReporter: Compat change id reported: 174042936; UID 10033; state: DISABLED
03-14 04:49:06.848 954 6613 I wm_task_moved: [61,1,7]
03-14 04:49:06.848 954 6613 I wm_task_to_front: [0,61]
03-14 04:49:06.848 954 6613 I wm_create_task: [0,61]
03-14 04:49:06.848 954 6613 I wm_create_activity: [0,41181304,61,com.microsoft.emmx/com.microsoft.ruby.Main,android.intent.action.MAIN,NULL,NULL,270532608]
03-14 04:49:06.849 954 6613 I wm_task_moved: [61,1,7]
03-14 04:49:06.849 954 6613 D CompatibilityChangeReporter: Compat change id reported: 168419799; UID 10033; state: DISABLED
03-14 04:49:06.849 2007 2166 D PhoneStartingWindowTypeAlgorithm: preferredStartingWindowType newTask:true taskSwitch:true processRunning:true allowTaskSnapshot:true activityCreated:false useEmptySplashScreen:false legacySplashScreen:false topIsHome:false
03-14 04:49:06.849 2007 2166 D StartingSurfaceDrawer: addSplashScreen com.microsoft.emmx theme=7f150632 task=61 suggestType=1
03-14 04:49:06.849 954 6613 I wm_pause_activity: [0,194529402,com.android.launcher3/.uioverrides.QuickstepLauncher,userLeaving=true,pauseBackTasks]
03-14 04:49:06.851 2007 2168 D StartingSurfaceDrawer: window attributes color: fffcfcff icon null duration 0 brandImage null
03-14 04:49:06.851 954 2135 W FreeFormWindowHelper: Current Display FreeFormTask is null
03-14 04:49:06.854 2007 2168 D StartingSurfaceDrawer: FgMainColor=ff0c73c0 BgMainColor=fff8f8f8 IsBgComplex=false FromCache=true ThemeColor=fffcfcff
03-14 04:49:06.854 2007 2168 D StartingSurfaceDrawer: isRgbSimilarInHsv a: fffcfcff b fff8f8f8 contrast ratio: 1.0370965
03-14 04:49:06.854 2007 2168 D StartingSurfaceDrawer: makeSplashScreenContentView: choose fg icon
03-14 04:49:06.855 2007 2168 D StartingSurfaceDrawer: fillViewWithIcon surfaceWindowView android.window.SplashScreenView{aa401ce V.E...... ......ID 0,0-0,0}
03-14 04:49:06.856 2598 2598 I wm_on_top_resumed_lost_called: [194529402,com.android.launcher3.uioverrides.QuickstepLauncher,topStateChangedWhenResumed]
03-14 04:49:06.856 2598 2598 I wm_on_paused_called: [194529402,com.android.launcher3.uioverrides.QuickstepLauncher,performPause]
03-14 04:49:06.856 954 5679 I ActivityTaskManager: FOREGROUND_APPLICATION_CHANGED to org.chromium.chrome.browser.ChromeTabbedActivity
03-14 04:49:06.857 954 5679 I ActivityTaskManager: The Process com.microsoft.emmx Already Exists in BG. So sending its PID: 6630
03-14 04:49:06.857 954 5679 W ActivityTaskManager: Tried to set launchTime (0) < mLastActivityLaunchTime (3216186)
03-14 04:49:06.857 954 5679 I wm_add_to_stopping: [0,194529402,com.android.launcher3/.uioverrides.QuickstepLauncher,makeInvisible]
03-14 04:49:06.858 954 5679 I wm_restart_activity: [0,41181304,61,com.microsoft.emmx/com.microsoft.ruby.Main]
03-14 04:49:06.858 954 5679 I wm_set_resumed_activity: [0,com.microsoft.emmx/com.microsoft.ruby.Main,minimalResumeActivityLocked]
03-14 04:49:06.863 954 1046 I sysui_multi_action: [757,803,799,window_time_0,802,2]
03-14 04:49:06.879 954 1638 I input_focus: [Focus leaving fca4b77 com.android.launcher3/com.android.launcher3.uioverrides.QuickstepLauncher (server),reason=NO_WINDOW]
03-14 04:49:06.921 6630 6630 I wm_on_create_called: [41181304,com.microsoft.ruby.Main,performCreate]
03-14 04:49:06.923 6630 6630 I wm_on_start_called: [41181304,com.microsoft.ruby.Main,handleStartActivity]
03-14 04:49:06.926 6630 6630 I wm_on_resume_called: [41181304,com.microsoft.ruby.Main,RESUME_ACTIVITY]
03-14 04:49:06.929 6630 6630 I wm_on_top_resumed_gained_called: [41181304,com.microsoft.ruby.Main,topStateChangedWhenResumed]
03-14 04:49:06.933 954 1047 I input_focus: [Focus request f1bc654 com.microsoft.emmx/com.microsoft.ruby.Main,reason=UpdateInputWindows]
03-14 04:49:06.937 954 5679 I am_uid_running: 90017
03-14 04:49:06.937 954 5679 D CompatibilityChangeReporter: Compat change id reported: 135634846; UID 10033; state: DISABLED
03-14 04:49:06.937 954 5679 D CompatibilityChangeReporter: Compat change id reported: 177438394; UID 10033; state: DISABLED
03-14 04:49:06.937 954 5679 D CompatibilityChangeReporter: Compat change id reported: 135772972; UID 10033; state: DISABLED
03-14 04:49:06.937 954 5679 D CompatibilityChangeReporter: Compat change id reported: 135754954; UID 10033; state: ENABLED
03-14 04:49:06.937 954 1067 D CompatibilityChangeReporter: Compat change id reported: 143937733; UID 10033; state: ENABLED
03-14 04:49:06.942 954 1067 I am_proc_start: [0,27534,90017,com.microsoft.emmx:sandboxed_process0:org.chromium.content.app.SandboxedProcessService0:51,,{com.microsoft.emmx/org.chromium.content.app.SandboxedProcessService0:51}]
03-14 04:49:06.942 954 1067 I ActivityManager: Start proc 27534:com.microsoft.emmx:sandboxed_process0:org.chromium.content.app.SandboxedProcessService0:51/u0ai17 for {com.microsoft.emmx/org.chromium.content.app.SandboxedProcessService0:51}
01-01 09:04:00.172 0 0 I binder : 27534:27534 ioctl 40046210 7ffedd5054 returned -22
03-14 04:49:06.949 954 2467 I am_proc_bound: [0,27534,com.microsoft.emmx:sandboxed_process0:org.chromium.content.app.SandboxedProcessService0:51]
03-14 04:49:06.950 954 2467 I am_uid_active: 90017
03-14 04:49:06.964 954 5679 W FreeFormWindowHelper: Current Display FreeFormTask is null
01-01 09:04:00.198 0 0 E DTC_ETH,link_delay_work_func: 3003, SQI=0, link=0
03-14 04:49:07.088 954 2467 I am_uid_running: 90018
03-14 04:49:07.088 954 2467 D CompatibilityChangeReporter: Compat change id reported: 135634846; UID 10033; state: DISABLED
03-14 04:49:07.088 954 2467 D CompatibilityChangeReporter: Compat change id reported: 177438394; UID 10033; state: DISABLED
03-14 04:49:07.089 954 2467 D CompatibilityChangeReporter: Compat change id reported: 135772972; UID 10033; state: DISABLED
03-14 04:49:07.089 954 2467 D CompatibilityChangeReporter: Compat change id reported: 135754954; UID 10033; state: ENABLED
03-14 04:49:07.089 954 1067 D CompatibilityChangeReporter: Compat change id reported: 143937733; UID 10033; state: ENABLED
03-14 04:49:07.103 954 1067 I am_proc_start: [0,27571,90018,com.microsoft.emmx:sandboxed_process0:org.chromium.content.app.SandboxedProcessService0:52,,{com.microsoft.emmx/org.chromium.content.app.SandboxedProcessService0:52}]
03-14 04:49:07.103 954 1067 I ActivityManager: Start proc 27571:com.microsoft.emmx:sandboxed_process0:org.chromium.content.app.SandboxedProcessService0:52/u0ai18 for {com.microsoft.emmx/org.chromium.content.app.SandboxedProcessService0:52}
01-01 09:04:00.343 0 0 I binder : 27571:27571 ioctl 40046210 7ffedd5054 returned -22
03-14 04:49:07.122 954 2467 I am_proc_bound: [0,27571,com.microsoft.emmx:sandboxed_process0:org.chromium.content.app.SandboxedProcessService0:52]
03-14 04:49:07.124 954 2467 I am_uid_active: 90018
03-14 04:49:07.145 954 1043 I sysui_multi_action: [319,29,321,27,322,300,325,3517,757,761,758,8,759,1,806,com.microsoft.emmx,871,com.microsoft.ruby.Main,904,com.android.launcher3,905,0,1320,4,1321,2]
03-14 04:49:07.145 954 1043 I wm_activity_launch_time: [0,41181304,com.microsoft.emmx/com.microsoft.ruby.Main,300]
03-14 04:49:07.146 2007 2166 D StartingSurfaceDrawer: Task start finish, remove starting surface for task 61
03-14 04:49:07.146 2007 2166 V StartingSurfaceDrawer: Removing splash screen window for task: 61
03-14 04:49:07.164 954 1638 I input_focus: [Focus entering f1bc654 com.microsoft.emmx/com.microsoft.ruby.Main (server),reason=Window became focusable. Previous reason: NOT_VISIBLE]
03-14 04:49:07.396 954 1046 I wm_stop_activity: [0,194529402,com.android.launcher3/.uioverrides.QuickstepLauncher]
03-14 04:49:07.414 2598 2598 I wm_on_stop_called: [194529402,com.android.launcher3.uioverrides.QuickstepLauncher,STOP_ACTIVITY_ITEM]
03-14 04:49:07.757 954 1638 I input_interaction: Interaction with: f1bc654 com.microsoft.emmx/com.microsoft.ruby.Main (server), edge-swipe (server), swipe-up (server), PointerEventDispatcher0 (server),
03-14 04:49:07.763 954 12635 W FreeFormWindowHelper: Current Display FreeFormTask is null
03-14 04:49:07.763 954 12635 W FreeFormWindowHelper: Current Display FreeFormTask is null
03-14 04:49:07.766 954 2467 I wm_task_moved: [1,0,0]
03-14 04:49:07.766 954 2467 I wm_task_moved: [1,0,6]
03-14 04:49:07.767 954 954 I service_manager_slow: [10,phone]
03-14 04:49:07.768 954 12635 W FreeFormWindowHelper: Current Display FreeFormTask is null
03-14 04:49:07.772 954 12635 W FreeFormWindowHelper: Current Display FreeFormTask is null
03-14 04:49:07.774 2598 2598 I wm_on_restart_called: [194529402,com.android.launcher3.uioverrides.QuickstepLauncher,performRestartActivity]
03-14 04:49:07.774 954 2467 W FreeFormWindowHelper: Current Display FreeFormTask is null
03-14 04:49:07.775 954 2467 W FreeFormWindowHelper: Current Display FreeFormTask is null
03-14 04:49:07.796 2598 2598 I wm_on_start_called: [194529402,com.android.launcher3.uioverrides.QuickstepLauncher,handleStartActivity]
03-14 04:49:07.797 6630 6630 I view_enqueue_input_event: [Motion - Cancel,com.microsoft.emmx/com.microsoft.ruby.Main]
03-14 04:49:07.798 954 1043 D AutofillManagerService: Close system dialogs
03-14 04:49:07.799 954 1047 I input_focus: [Focus request recents_animation_input_consumer,reason=UpdateInputWindows]
03-14 04:49:07.799 954 5679 W ActivityTaskManager: getTaskSnapshot: taskId=-964 not found
03-14 04:49:07.802 954 1638 I input_interaction: Interaction with: edge-swipe (server), swipe-up (server), PointerEventDispatcher0 (server),
03-14 04:49:07.803 954 12635 W FreeFormWindowHelper: Current Display FreeFormTask is null
03-14 04:49:07.803 954 12635 W FreeFormWindowHelper: Current Display FreeFormTask is null
03-14 04:49:07.803 954 5679 W ActivityTaskManager: getTaskSnapshot: taskId=-963 not found
03-14 04:49:07.804 2598 2598 I sysui_latency: [1,47]
03-14 04:49:07.804 954 5679 W ActivityTaskManager: getTaskSnapshot: taskId=-963 not found
03-14 04:49:07.805 954 5679 W ActivityTaskManager: getTaskSnapshot: taskId=-963 not found
03-14 04:49:07.807 954 12635 W FreeFormWindowHelper: Current Display FreeFormTask is null
03-14 04:49:07.808 954 12635 W FreeFormWindowHelper: Current Display FreeFormTask is null
03-14 04:49:07.810 954 2467 W ActivityTaskManager: getTaskSnapshot: taskId=-928 not found
03-14 04:49:07.811 954 2467 W ActivityTaskManager: getTaskSnapshot: taskId=-928 not found
03-14 04:49:07.811 954 2467 W ActivityTaskManager: getTaskSnapshot: taskId=-928 not found
03-14 04:49:07.811 954 2467 W ActivityTaskManager: getTaskSnapshot: taskId=-928 not found
03-14 04:49:07.812 954 5679 W FreeFormWindowHelper: Current Display FreeFormTask is null
03-14 04:49:07.813 954 12635 W FreeFormWindowHelper: Current Display FreeFormTask is null
03-14 04:49:07.813 954 1043 I sysui_multi_action: [319,3,322,42,325,3518,757,761,758,9,759,5,806,com.android.launcher3,871,com.android.launcher3.uioverrides.QuickstepLauncher,905,0,1320,4,1321,1]
03-14 04:49:07.815 954 1638 I input_focus: [Focus leaving f1bc654 com.microsoft.emmx/com.microsoft.ruby.Main (server),reason=NOT_FOCUSABLE]
03-14 04:49:07.815 954 1638 I input_focus: [Focus entering recents_animation_input_consumer (server),reason=setFocusedWindow]
03-14 04:49:07.829 954 5679 W FreeFormWindowHelper: Current Display FreeFormTask is null
03-14 04:49:07.829 954 2467 W FreeFormWindowHelper: Current Display FreeFormTask is null
03-14 04:49:07.857 954 1685 I netstats_mobile_sample: [0,0,0,0,0,0,0,0,0,0,0,0,1678740547857]
03-14 04:49:07.857 954 1685 I netstats_wifi_sample: [17705752,61455,9682459,73352,17705752,61455,9682459,73352,11074317,28911,7017627,54294,1678740547857]
03-14 04:49:07.884 954 2467 W FreeFormWindowHelper: exitRecentTasks type=0
03-14 04:49:07.896 954 2467 W FreeFormWindowHelper: Current Display FreeFormTask is null
03-14 04:49:07.897 954 2467 W FreeFormWindowHelper: Current Display FreeFormTask is null
03-14 04:49:07.997 954 1610 I commit_sys_config_file: [settings-1-0,3]
03-14 04:49:08.109 954 1064 I sysui_latency: [8,50]
03-14 04:49:08.405 954 1638 I input_interaction: Interaction with: recents_animation_input_consumer (server), edge-swipe (server), swipe-up (server), PointerEventDispatcher0 (server),
03-14 04:49:08.418 954 2640 I wm_task_moved: [1,1,7]
03-14 04:49:08.418 954 2640 I wm_task_moved: [12,1,2147483647]
03-14 04:49:08.418 954 2640 I wm_task_to_front: [0,12]
03-14 04:49:08.418 954 2640 I wm_focused_root_task: [0,0,1,61,RecentsAnimation.onAnimationFinished()]
03-14 04:49:08.419 6630 6630 I wm_on_top_resumed_lost_called: [41181304,com.microsoft.ruby.Main,topStateChangedWhenResumed]
03-14 04:49:08.419 954 2640 I wm_set_resumed_activity: [0,com.android.launcher3/.uioverrides.QuickstepLauncher,RecentsAnimation.onAnimationFinished()]
03-14 04:49:08.419 954 2640 I wm_pause_activity: [0,41181304,com.microsoft.emmx/com.microsoft.ruby.Main,userLeaving=true,pauseBackTasks]
03-14 04:49:08.420 954 2640 I wm_add_to_stopping: [0,41181304,com.microsoft.emmx/com.microsoft.ruby.Main,makeInvisible]
03-14 04:49:08.423 954 1047 I input_focus: [Focus request fca4b77 com.android.launcher3/com.android.launcher3.uioverrides.QuickstepLauncher,reason=UpdateInputWindows]
03-14 04:49:08.424 954 1046 I sysui_multi_action: [757,803,799,window_time_0,802,2]
03-14 04:49:08.432 954 1638 I input_focus: [Focus leaving recents_animation_input_consumer (server),reason=NOT_VISIBLE]
03-14 04:49:08.436 954 2640 W FreeFormWindowHelper: Current Display FreeFormTask is null
03-14 04:49:08.438 954 2640 W FreeFormWindowHelper: Current Display FreeFormTask is null
03-14 04:49:08.444 6630 6630 I wm_on_paused_called: [41181304,com.microsoft.ruby.Main,performPause]
03-14 04:49:08.445 954 23230 I ActivityTaskManager: FOREGROUND_APPLICATION_CHANGED to com.android.launcher3.uioverrides.QuickstepLauncher
03-14 04:49:08.445 954 23230 I wm_set_resumed_activity: [0,com.android.launcher3/.uioverrides.QuickstepLauncher,resumeTopActivityInnerLocked]
03-14 04:49:08.449 954 1638 I input_focus: [Focus entering fca4b77 com.android.launcher3/com.android.launcher3.uioverrides.QuickstepLauncher (server),reason=setFocusedWindow]
03-14 04:49:08.449 954 23230 I wm_resume_activity: [0,194529402,12,com.android.launcher3/.uioverrides.QuickstepLauncher]
03-14 04:49:08.455 954 1046 I wm_stop_activity: [0,41181304,com.microsoft.emmx/com.microsoft.ruby.Main]
03-14 04:49:08.462 954 1046 I sysui_multi_action: [757,803,799,window_time_0,802,0]
03-14 04:49:08.462 2598 2598 I wm_on_resume_called: [194529402,com.android.launcher3.uioverrides.QuickstepLauncher,RESUME_ACTIVITY]
03-14 04:49:08.462 2598 2598 I wm_on_top_resumed_gained_called: [194529402,com.android.launcher3.uioverrides.QuickstepLauncher,topWhenResuming]
03-14 04:49:08.550 954 2135 W FreeFormWindowHelper: Current Display FreeFormTask is null
03-14 04:49:08.552 6630 6630 I wm_on_stop_called: [41181304,com.microsoft.ruby.Main,STOP_ACTIVITY_ITEM]
01-01 09:04:02.190 0 0 E msm_pcm_playback_close: CMD_EOS failed, cmd_pending 0x8
01-01 09:04:02.202 0 0 I afe_close: port_id = 0x9000
01-01 09:04:02.221 0 0 I afe_find_cal_topo_id_by_port: port id: 0x9000, dev_acdb_id: 0
01-01 09:04:02.221 0 0 I afe_find_cal_topo_id_by_port: top_id:112fc acdb_id:15 afe_port:0x9000
01-01 09:04:02.221 0 0 I afe_get_cal_topology_id: port_id = 0x9000 acdb_id = 15 topology_id = 0x112fc cal_type_index=8 ret=0
01-01 09:04:02.221 0 0 I afe_send_port_topology_id: AFE set topology id 0x112fc enable for port 0x9000 ret 0
01-01 09:04:02.221 0 0 I send_afe_cal_type: cal_index is 0
01-01 09:04:02.221 0 0 I send_afe_cal_type: dev_acdb_id[55] is 0
01-01 09:04:02.221 0 0 I send_afe_cal_type: Sending cal_index cal 0
01-01 09:04:02.221 0 0 E send_afe_cal_type: No cal sent for cal_index 0, port_id = 0x9000! ret -22
01-01 09:04:02.230 0 0 I afe_send_hw_delay: port_id 0x9000 rate 48000 delay_usec 474 status 0
03-14 04:49:09.176 954 2964 E TaskPersister: File error accessing recents directory (directory doesn't exist?).
03-14 04:49:09.437 954 1638 I input_interaction: Interaction with: fca4b77 com.android.launcher3/com.android.launcher3.uioverrides.QuickstepLauncher (server), 45b849f com.android.systemui.ImageWallpaper (server), edge-swipe (server), swipe-up (server), PointerEventDispatcher0 (server),
03-14 04:49:09.499 0 0 I auditd : type=1400 audit(0.0:9156): avc: denied { kill } for comm="swapper/4" capability=5 scontext=u:r:kernel:s0 tcontext=u:r:kernel:s0 tclass=capability permissive=1
03-14 04:49:09.538 954 12635 I thunderperf: PlatormCompat.setOverrides: Uid1=10074 Pid1=2598 Uid2=10074 Pid2=2598
03-14 04:49:09.538 954 12635 I thunderperf: PlatormCompat.setOverrides: needCheck:false
03-14 04:49:09.538 954 12635 I thunderperf: CompatConfig.addOverrideUnsafe: bef-state=0
03-14 04:49:09.538 954 12635 I thunderperf: CompatConfig.addOverrideUnsafe: aft-state=0
03-14 04:49:09.539 954 12635 I thunderperf: CompatConfig.addOverrideUnsafe: bef-state=0
03-14 04:49:09.539 954 12635 I thunderperf: CompatConfig.addOverrideUnsafe: aft-state=0
03-14 04:49:09.539 954 12635 I thunderperf: CompatConfig.addOverrideUnsafe: bef-state=0
03-14 04:49:09.539 954 12635 I thunderperf: CompatConfig.addOverrideUnsafe: aft-state=0
03-14 04:49:09.540 954 12635 I thunderperf: CompatConfig.addOverrideUnsafe: bef-state=0
03-14 04:49:09.540 954 12635 I thunderperf: CompatConfig.addOverrideUnsafe: aft-state=0
03-14 04:49:09.540 954 12635 I thunderperf: CompatConfig.addOverrideUnsafe: bef-state=0
03-14 04:49:09.540 954 12635 I thunderperf: CompatConfig.addOverrideUnsafe: aft-state=0
03-14 04:49:09.540 954 12635 I thunderperf: CompatConfig.addOverrideUnsafe: bef-state=0
03-14 04:49:09.540 954 12635 I thunderperf: CompatConfig.addOverrideUnsafe: aft-state=0
03-14 04:49:09.540 954 12635 I thunderperf: CompatConfig.addOverrideUnsafe: bef-state=0
03-14 04:49:09.540 954 12635 I thunderperf: CompatConfig.addOverrideUnsafe: aft-state=0
03-14 04:49:09.541 954 12635 I thunderperf: CompatConfig.addOverrideUnsafe: bef-state=0
03-14 04:49:09.541 954 12635 I thunderperf: CompatConfig.addOverrideUnsafe: aft-state=0
03-14 04:49:09.541 954 12635 I thunderperf: CompatConfig.addOverrideUnsafe: bef-state=0
03-14 04:49:09.541 954 12635 I thunderperf: CompatConfig.addOverrideUnsafe: aft-state=0
03-14 04:49:09.541 954 12635 I thunderperf: CompatConfig.addOverrideUnsafe: bef-state=0
03-14 04:49:09.541 954 12635 I thunderperf: CompatConfig.addOverrideUnsafe: aft-state=0
03-14 04:49:09.542 954 12635 I thunderperf: CompatConfig.addOverrideUnsafe: bef-state=0
03-14 04:49:09.542 954 12635 I thunderperf: CompatConfig.addOverrideUnsafe: aft-state=0
03-14 04:49:09.542 954 12635 I thunderperf: CompatConfig.addOverrideUnsafe: bef-state=0
03-14 04:49:09.542 954 12635 I thunderperf: CompatConfig.addOverrideUnsafe: aft-state=0
03-14 04:49:09.542 954 12635 I thunderperf: CompatConfig.addOverrideUnsafe: bef-state=0
03-14 04:49:09.542 954 12635 I thunderperf: CompatConfig.addOverrideUnsafe: aft-state=0
03-14 04:49:09.542 954 12635 I thunderperf: CompatConfig.addOverrideUnsafe: bef-state=0
03-14 04:49:09.543 954 12635 I thunderperf: CompatConfig.addOverrideUnsafe: aft-state=0
03-14 04:49:09.549 954 12635 I ActivityTaskManager: START u0 {act=android.intent.action.MAIN cat=[android.intent.category.LAUNCHER] flg=0x10200000 cmp=com.microsoft.emmx/com.microsoft.ruby.Main} from uid 10074
03-14 04:49:09.550 954 12635 I wm_task_moved: [61,1,7]
03-14 04:49:09.550 954 12635 I wm_task_to_front: [0,61]
03-14 04:49:09.550 954 12635 I wm_focused_root_task: [0,0,61,1,bringingFoundTaskToFront]
03-14 04:49:09.551 954 12635 I wm_set_resumed_activity: [0,com.microsoft.emmx/com.microsoft.ruby.Main,bringingFoundTaskToFront]
03-14 04:49:09.552 954 12635 D CompatibilityChangeReporter: Compat change id reported: 174042980; UID 10033; state: DISABLED
03-14 04:49:09.552 954 12635 D CompatibilityChangeReporter: Compat change id reported: 184838306; UID 10033; state: DISABLED
03-14 04:49:09.553 954 12635 D CompatibilityChangeReporter: Compat change id reported: 185004937; UID 10033; state: DISABLED
03-14 04:49:09.554 954 12635 D CompatibilityChangeReporter: Compat change id reported: 181136395; UID 10033; state: DISABLED
03-14 04:49:09.554 954 12635 D CompatibilityChangeReporter: Compat change id reported: 174042936; UID 10033; state: DISABLED
03-14 04:49:09.556 954 12635 D FreeFormWindowHelper: Add freeform task=Task{139b942 #61 type=standard A=10033:com.microsoft.emmx U=0 visible=true mode=freeform translucent=true sz=1}
03-14 04:49:09.556 954 12635 I ActivityTaskManager: clear resize flag in freeform mode
03-14 04:49:09.557 954 12635 I ActivityTaskManager: FOREGROUND_APPLICATION_CHANGED to org.chromium.chrome.browser.ChromeTabbedActivity
03-14 04:49:09.558 954 12635 I wm_set_resumed_activity: [0,com.microsoft.emmx/com.microsoft.ruby.Main,resumeTopActivityInnerLocked]
03-14 04:49:09.559 954 12635 I wm_resume_activity: [0,41181304,61,com.microsoft.emmx/com.microsoft.ruby.Main]
03-14 04:49:09.563 954 12635 I wm_new_intent: [0,41181304,61,com.microsoft.emmx/com.microsoft.ruby.Main,android.intent.action.MAIN,NULL,NULL,270532608]
03-14 04:49:09.564 954 12635 D CompatibilityChangeReporter: Compat change id reported: 168419799; UID 10033; state: DISABLED
03-14 04:49:09.569 2598 2598 I wm_on_top_resumed_lost_called: [194529402,com.android.launcher3.uioverrides.QuickstepLauncher,topStateChangedWhenResumed]
03-14 04:49:09.603 6630 6630 I wm_on_restart_called: [41181304,com.microsoft.ruby.Main,performRestartActivity]
03-14 04:49:09.617 6630 6630 I wm_on_start_called: [41181304,com.microsoft.ruby.Main,handleStartActivity]
03-14 04:49:09.633 6630 6630 I wm_on_resume_called: [41181304,com.microsoft.ruby.Main,RESUME_ACTIVITY]
03-14 04:49:09.642 954 2467 W WindowManager: updateScale : 0.79357797
03-14 04:49:09.646 954 1047 I input_focus: [Focus request f1bc654 com.microsoft.emmx/com.microsoft.ruby.Main,reason=UpdateInputWindows]
03-14 04:49:09.669 954 1638 I input_focus: [Focus leaving fca4b77 com.android.launcher3/com.android.launcher3.uioverrides.QuickstepLauncher (server),reason=Waiting for window because NOT_VISIBLE]
03-14 04:49:09.704 6630 6630 I wm_on_paused_called: [41181304,com.microsoft.ruby.Main,performPause]
03-14 04:49:09.727 6630 6630 I wm_on_resume_called: [41181304,com.microsoft.ruby.Main,LIFECYCLER_RESUME_ACTIVITY]
03-14 04:49:09.734 6630 6630 I wm_on_top_resumed_gained_called: [41181304,com.microsoft.ruby.Main,topStateChangedWhenResumed]
03-14 04:49:09.777 954 1047 W WindowManager: updateScale : 0.79357797
03-14 04:49:09.780 954 1047 W WindowManager: updateScale : 0.79357797
03-14 04:49:09.781 954 1047 W WindowManager: updateScale : 0.79357797
03-14 04:49:09.785 954 1638 I input_focus: [Focus entering f1bc654 com.microsoft.emmx/com.microsoft.ruby.Main (server),reason=Window became focusable. Previous reason: NOT_VISIBLE]
03-14 04:49:09.788 954 1043 I sysui_multi_action: [319,231,322,230,325,3520,757,761,758,9,759,2,806,com.microsoft.emmx,871,com.microsoft.ruby.Main,904,com.android.launcher3,905,0,1320,4,1321,2]
03-14 04:49:10.053 954 1047 W WindowManager: updateScale : 0.79357797
