01-01 08:05:57.602 0 0 E kona-asoc-snd soc: qcom,msm-audio-apr:qcom,q6core-audio:sound: ASoC: Failed to add route DMIC6_OUTPUT -> direct -> VA SWR_MIC5
01-01 08:05:57.614 0 0 E kona-asoc-snd soc: qcom,msm-audio-apr:qcom,q6core-audio:sound: ASoC: no source widget found for DMIC7_OUTPUT
01-01 08:05:57.625 0 0 E kona-asoc-snd soc: qcom,msm-audio-apr:qcom,q6core-audio:sound: ASoC: Failed to add route DMIC7_OUTPUT -> direct -> VA SWR_MIC6
01-01 08:05:57.638 0 0 E kona-asoc-snd soc: qcom,msm-audio-apr:qcom,q6core-audio:sound: ASoC: no source widget found for DMIC8_OUTPUT
01-01 08:05:57.649 0 0 E kona-asoc-snd soc: qcom,msm-audio-apr:qcom,q6core-audio:sound: ASoC: Failed to add route DMIC8_OUTPUT -> direct -> VA SWR_MIC7
01-01 08:05:57.680 0 0 I kona-asoc-snd soc: qcom,msm-audio-apr:qcom,q6core-audio:sound: msm_asoc_machine_probe: Sound card kona-mtp-snd-card registered
01-01 08:05:57.681 0 0 E : [drm:dp_display_init_aux_switch][msm-dp-err][79 ]failed to register notifier (-22)
01-01 08:05:57.690 0 0 E register_client_adhoc: find path.src 1 dest 589
01-01 08:05:57.690 0 0 E register_client_adhoc: Failed to find path.src 1 dest 589
01-01 08:05:57.697 0 0 D cnss : Sending respond memory message, state: 0x9
01-01 08:05:57.697 0 0 E swr-wcd wsa_swr_ctrl: swrm_runtime_suspend: clk stop mode not supported or SSR entry
01-01 08:05:57.703 0 0 W QSEECOM : qseecom_load_app: App (featenabler) does'nt exist, loading apps for first time
01-01 08:05:57.703 0 0 D cnss : Memory for FW, va: 0x0000000000000000, pa: 0x00000000a1000000, size: 0x5e0000, type: 1
01-01 08:05:57.712 0 0 D cnss : Memory for FW, va: 0x0000000000000000, pa: 0x00000000a1600000, size: 0xd8000, type: 4
01-01 08:05:57.718 0 0 D cnss : PM relax, state: 0x9, count: 0
01-01 08:05:57.719 0 0 W cnss-daemon: wlfw_qmi_ind_cb: Receive Ind : 0x37
01-01 08:05:57.720 0 0 D cnss : Received QMI WLFW FW memory ready indication
01-01 08:05:57.720 0 0 D cnss : Posting event: FW_MEM_READY(3), state: 0x9 flags: 0x0
01-01 08:05:57.720 0 0 D cnss : PM stay awake, state: 0x9, count: 1
01-01 08:05:57.720 0 0 D cnss : PM relax, state: 0x9, count: 0
01-01 08:05:57.720 0 0 D cnss : PM stay awake, state: 0x9, count: 1
01-01 08:05:57.720 0 0 D cnss : Processing driver event: FW_MEM_READY(3), state: 0x9
01-01 08:05:57.720 0 0 D cnss : Sending target capability message, state: 0xb
01-01 08:05:57.720 0 0 W QSEECOM : qseecom_load_app: App with id 5 (featenabler) now loaded
01-01 08:05:57.721 0 0 W QSEECOM : qseecom_load_app: App (fingerpr) does'nt exist, loading apps for first time
01-01 08:05:57.731 0 0 D cnss : Voltage for CPR: 948mV
01-01 08:05:57.731 0 0 D cnss : Got voltage 800mV from i: 0, j: 0
01-01 08:05:57.731 0 0 D cnss : Got voltage 1012mV from i: 4, j: 1
01-01 08:05:57.731 0 0 D cnss : Update TCS CMD data address 0x000000000b2e5844 with voltage 950mV
01-01 08:05:57.731 0 0 D cnss : Device frequency is 24000000 HZ
01-01 08:05:57.731 0 0 D cnss : Target capability: chip_id: 0x0, chip_family: 0xb, board_id: 0xff, soc_id: 0xffffffff, fw_version: 0x101a0521, fw_build_timestamp: 2021-12-20 07:54, fw_build_id: QC_IMAGE_VERSION_STRING=WLAN.HST.1.0.1.r1-01313-QCAHSTSWPL_SILICONZ-1, otp_version: 0x0
01-01 08:05:57.731 0 0 D cnss : Sending BDF download message, state: 0xb, type: 4
01-01 08:05:57.731 0 0 D cnss : FW name added with prefix: qca6390/regdb.bin
01-01 08:05:57.731 0 0 W cnss2 b0000000.qcom,cnss-qca6390: Falling back to syfs fallback for: qca6390/regdb.bin
01-01 08:05:57.731 0 0 W subsys-pil-tz soc: qcom,kgsl-hyp: Falling back to syfs fallback for: a650_zap.mdt
01-01 08:05:57.732 0 0 I ueventd : firmware: loading 'qca6390/regdb.bin' for '/devices/platform/soc/b0000000.qcom,cnss-qca6390/firmware/qca6390!regdb.bin'
01-01 08:05:57.732 0 0 E ueventd : firmware: could not find firmware for qca6390/regdb.bin
01-01 08:05:57.733 0 0 I ueventd : firmware: loading 'a650_zap.mdt' for '/devices/platform/soc/soc:qcom,kgsl-hyp/firmware/a650_zap.mdt'
01-01 08:05:57.739 0 0 E ueventd : firmware: attempted /etc/firmware/qca6390/regdb.bin, open failed: No such file or directory
01-01 08:05:57.741 0 0 I ueventd : loading /devices/platform/soc/soc:qcom,kgsl-hyp/firmware/a650_zap.mdt took 7ms
01-01 08:05:57.750 0 0 E ueventd : firmware: attempted /odm/firmware/qca6390/regdb.bin, open failed: No such file or directory
01-01 08:05:57.761 0 0 I subsys-pil-tz soc: qcom,kgsl-hyp: a650_zap: loading from 0x00000000fcd00000 to 0x00000000fcd01000
01-01 08:05:57.761 0 0 E ueventd : firmware: attempted /vendor/firmware/qca6390/regdb.bin, open failed: No such file or directory
01-01 08:05:57.772 0 0 E ueventd : firmware: attempted /firmware/image/qca6390/regdb.bin, open failed: No such file or directory
01-01 08:05:57.782 0 0 E ueventd : firmware: attempted /vendor/firmware_mnt/image/qca6390/regdb.bin, open failed: No such file or directory
01-01 08:05:57.794 0 0 I ueventd : loading /devices/platform/soc/b0000000.qcom,cnss-qca6390/firmware/qca6390!regdb.bin took 62ms
01-01 08:05:57.794 0 0 E cnss : Failed to load BDF: qca6390/regdb.bin
01-01 08:05:57.800 0 0 D cnss : Sending BDF download message, state: 0xb, type: 1
01-01 08:05:57.800 0 0 D cnss : FW name added with prefix: qca6390/bdwlan.elf
01-01 08:05:57.800 0 0 W cnss2 b0000000.qcom,cnss-qca6390: Falling back to syfs fallback for: qca6390/bdwlan.elf
01-01 08:05:57.801 0 0 I ueventd : firmware: loading 'qca6390/bdwlan.elf' for '/devices/platform/soc/b0000000.qcom,cnss-qca6390/firmware/qca6390!bdwlan.elf'
01-01 08:05:57.802 0 0 I ueventd : loading /devices/platform/soc/b0000000.qcom,cnss-qca6390/firmware/qca6390!bdwlan.elf took 1ms
01-01 08:05:57.802 0 0 W QSEECOM : qseecom_load_app: App with id 6 (fingerpr) now loaded
01-01 08:05:57.803 0 0 D cnss : Downloading BDF: qca6390/bdwlan.elf, size: 57908
01-01 08:05:57.804 0 0 W subsys-pil-tz soc: qcom,kgsl-hyp: Falling back to syfs fallback for: a650_zap.b02
01-01 08:05:57.805 0 0 I ueventd : firmware: loading 'a650_zap.b02' for '/devices/platform/soc/soc:qcom,kgsl-hyp/firmware/a650_zap.b02'
01-01 08:05:57.807 0 0 I ueventd : loading /devices/platform/soc/soc:qcom,kgsl-hyp/firmware/a650_zap.b02 took 1ms
01-01 08:05:57.812 0 0 I subsys-pil-tz soc: qcom,kgsl-hyp: a650_zap: Brought out of reset
01-01 08:05:57.821 0 0 W rpmh_rsc_send_data: 7 callbacks suppressed
01-01 08:05:57.821 0 0 I qcom_rpmh DRV: apps_rsc TCS Busy, retrying RPMH message send: addr=0x30080
01-01 08:05:57.824 0 0 I binder : 1160:1178 ioctl 40046210 7b03d6e144 returned -22
01-01 08:05:57.832 0 0 D cnss : FW name added with prefix: qca6390/m3.bin
01-01 08:05:57.833 0 0 W cnss_pci 0000: 01:00.0: Falling back to syfs fallback for: qca6390/m3.bin
01-01 08:05:57.834 0 0 I ueventd : firmware: loading 'qca6390/m3.bin' for '/devices/platform/soc/1c00000.qcom,pcie/pci0000:00/0000:00:00.0/0000:01:00.0/firmware/qca6390!m3.bin'
01-01 08:05:57.836 0 0 D cnss : Sending M3 information message, state: 0xb
01-01 08:05:57.836 0 0 D cnss : M3 memory, va: 0x0000000000000000, pa: 0x00000000a1800000, size: 0x411bc
01-01 08:05:57.836 0 0 I ueventd : loading /devices/platform/soc/1c00000.qcom,pcie/pci0000:00/0000:00:00.0/0000:01:00.0/firmware/qca6390!m3.bin took 1ms
01-01 08:05:57.837 0 0 W QSEECOM : __qseecom_reentrancy_process_incomplete_cmd: send lsr 11 rsp, but app 5 block on lsr 10
01-01 08:05:57.837 0 0 W QSEECOM : __qseecom_process_reentrancy_blocked_on_listener: Lsntr 10 in_use 1, block session(1) app(5)
01-01 08:05:57.842 0 0 D cnss : PM relax, state: 0xb, count: 0
01-01 08:05:57.842 0 0 D cnss : Received QMI WLFW FW initialization done indication
01-01 08:05:57.842 0 0 D cnss : Posting event: FW_READY(4), state: 0xb flags: 0x0
01-01 08:05:57.842 0 0 D cnss : PM stay awake, state: 0xb, count: 1
01-01 08:05:57.842 0 0 D cnss : PM relax, state: 0xb, count: 0
01-01 08:05:57.842 0 0 D cnss : PM stay awake, state: 0xb, count: 1
01-01 08:05:57.842 0 0 D cnss : Processing driver event: FW_READY(4), state: 0xb
01-01 08:05:57.842 0 0 D cnss : PCIE Gen speed not setup
01-01 08:05:57.842 0 0 D cnss : Sending antenna switch sync request, state: 0xf
01-01 08:05:57.844 0 0 E cnss : Antenna switch request failed, result: 1, err: 94
01-01 08:05:57.855 0 0 D cnss : Sending mode message, mode: CALIBRATION(7), state: 0xf
01-01 08:05:57.893 0 0 W QSEECOM : __qseecom_process_reentrancy_blocked_on_listener: Lsntr 10 is available, unblock session(1) app(5)
01-01 08:05:57.914 0 0 W : ------------[ cut here ]------------
01-01 08:05:57.914 0 0 W : Unbalanced enable for IRQ 402
01-01 08:05:57.914 0 0 W : WARNING: CPU: 6 PID: 492 at kernel/irq/manage.c:621 enable_irq+0x90/0xe8
01-01 08:05:57.914 0 0 W : Modules linked in: wlan(O+) tsnv(O) machine_dlkm(O) wcd938x_slave_dlkm(O) wcd938x_dlkm(O) wcd9xxx_dlkm(O) mbhc_dlkm(O) tx_macro_dlkm(O) rx_macro_dlkm(O) va_macro_dlkm(O) wsa_macro_dlkm(O) swr_ctrl_dlkm(O) bolero_cdc_dlkm(O) wsa881x_dlkm(O) wcd_core_dlkm(O) stub_dlkm(O) hdmi_dlkm(O) swr_dlkm(O) pinctrl_lpi_dlkm(O) pinctrl_wcd_dlkm(O) usf_dlkm(O) native_dlkm(O) platform_dlkm(O) q6_dlkm(O) adsp_loader_dlkm(O) apr_dlkm(O) snd_event_dlkm(O) q6_notifier_dlkm(O) q6_pdr_dlkm(O) msm_11ad_proxy
01-01 08:05:57.914 0 0 W : CPU: 6 PID: 492 Comm: kworker/6:3 Tainted: G S O 4.19.157-perf+ #1
01-01 08:05:57.914 0 0 W Hardware name: Qualcomm Technologies, Inc. kona MTP-RmPM8150b. VX1(MCE) DVT2 (DT)
01-01 08:05:57.914 0 0 W Workqueue: pm pm_runtime_work
01-01 08:05:57.914 0 0 W pstate : 60c00085 (nZCv daIf +PAN +UAO)
01-01 08:05:57.914 0 0 W pc : enable_irq+0x90/0xe8
01-01 08:05:57.914 0 0 W lr : enable_irq+0x90/0xe8
01-01 08:05:57.914 0 0 W sp : ffffff801703bbb0
01-01 08:05:57.914 0 0 W : x29: ffffff801703bbc0 x28: 0000000000000002
01-01 08:05:57.914 0 0 W : x27: 0000000000000295 x26: 0000000000000000
01-01 08:05:57.914 0 0 W : x25: 0000000000000000 x24: ffffffc16248b37d
01-01 08:05:57.914 0 0 W : x23: ffffffc162489ca1 x22: ffffffc16248b248
01-01 08:05:57.914 0 0 W : x21: ffffffc1858a5010 x20: 0000000000000192
01-01 08:05:57.914 0 0 W : x19: ffffffc16543fe00 x18: 0000000000000030
01-01 08:05:57.914 0 0 W : x17: ffffffa372420000 x16: 00000000fff8a20c
01-01 08:05:57.914 0 0 W : x15: 000000000008a20c x14: 0000000000000086
01-01 08:05:57.914 0 0 W : x13: 0000000000000030 x12: 0000000000000000
01-01 08:05:57.914 0 0 W : x11: 0000000000000000 x10: 0000000000000007
01-01 08:05:57.914 0 0 W : x9 : 5b1f2eedc1037200 x8 : 5b1f2eedc1037200
01-01 08:05:57.914 0 0 W : x7 : 0000000000000000 x6 : ffffffc1b98b5e21
01-01 08:05:57.914 0 0 W : x5 : 0000000000000000 x4 : 0000000000000006
01-01 08:05:57.914 0 0 W : x3 : 0000000000000032 x2 : 0000000000000007
01-01 08:05:57.914 0 0 W : x1 : 0000000000000007 x0 : 000000000000001d
01-01 08:05:57.914 0 0 W Call trace:
01-01 08:05:57.914 0 0 W : enable_irq+0x90/0xe8
01-01 08:05:57.914 0 0 W : swrm_runtime_suspend+0x428/0x4d8 [swr_ctrl_dlkm]
01-01 08:05:57.914 0 0 W : pm_generic_runtime_suspend+0x24/0x38
01-01 08:05:57.914 0 0 W : __rpm_callback+0x124/0x228
01-01 08:05:57.914 0 0 W : rpm_suspend+0x464/0x818
01-01 08:05:57.914 0 0 W : pm_runtime_work+0x90/0xa0
01-01 08:05:57.914 0 0 W : process_one_work+0x278/0x440
01-01 08:05:57.914 0 0 W : worker_thread+0x260/0x4a8
01-01 08:05:57.914 0 0 W : kthread+0x140/0x150
01-01 08:05:57.914 0 0 W : ret_from_fork+0x10/0x18
01-01 08:05:57.914 0 0 W : ---[ end trace 7293baabe1d96136 ]---
01-01 08:05:57.915 0 0 E swr-wcd rx_swr_ctrl: swrm_get_logical_dev_num: device 0xd01170224 is not ready
01-01 08:05:57.918 0 0 W QSEECOM : __qseecom_unload_app: App (6) is unloaded
01-01 08:05:57.923 0 0 E swr_get_logical_dev_num: Error -22 to get logical addr for device d01170224
01-01 08:05:57.924 0 0 D qbt : qbt_release: entry minor_no=0 fd_available=0
01-01 08:05:57.931 0 0 D qbt : qbt_release: Releasing wakelock
01-01 08:05:57.931 0 0 D qbt : qbt_release: exit : fd_available=1
01-01 08:05:57.932 0 0 D qbt : qbt_release: entry minor_no=1 fd_available=1
01-01 08:05:57.932 0 0 D qbt : qbt_release: exit : fd_available=1
01-01 08:05:57.932 0 0 E swr-wcd rx_swr_ctrl: swrm_get_logical_dev_num: device 0xd01170224 is not ready
01-01 08:05:57.940 0 0 E swr_get_logical_dev_num: Error -22 to get logical addr for device d01170224
01-01 08:05:57.941 0 0 E swr-wcd rx_swr_ctrl: swrm_get_logical_dev_num: device 0xd01170224 is not ready
01-01 08:05:57.957 0 0 E swr_get_logical_dev_num: Error -22 to get logical addr for device d01170224
01-01 08:05:57.957 0 0 E swr-wcd rx_swr_ctrl: swrm_get_logical_dev_num: device 0xd01170224 is not ready
01-01 08:05:57.974 0 0 E swr_get_logical_dev_num: Error -22 to get logical addr for device d01170224
01-01 08:05:57.974 0 0 E swr-wcd rx_swr_ctrl: swrm_get_logical_dev_num: device 0xd01170224 is not ready
01-01 08:05:57.991 0 0 E swr_get_logical_dev_num: Error -22 to get logical addr for device d01170224
01-01 08:05:57.994 0 0 E : msm_qti_pp_get_rms_value_control, back not active to query rms be_idx:3
01-01 08:05:57.999 0 0 E wcd938x_codec wcd938x-codec: wcd938x_bind: Slave bind failed, ret = -517
01-01 08:05:58.014 0 0 I core_get_license_status: cmdrsp_license_result.result = 0x15 for module 0x131ff
01-01 08:05:58.015 0 0 E msm_ext_disp_update_audio_ops: Display not found (EXT_DISPLAY_TYPE_DP) ctld (0) stream (0)
01-01 08:05:58.022 0 0 W cnss-daemon: wlfw_qmi_ind_cb: Receive Ind : 0x28
01-01 08:05:58.024 0 0 D cnss : Received QMI WLFW pin connect result indication
01-01 08:05:58.025 0 0 D cnss : Pin connect Result: pwr_pin: 0x1 phy_io_pin: 0x0 rf_io_pin: 0x0
01-01 08:05:58.025 0 0 D cnss : Removing vote for Regulator vdd-wlan-rfa2
01-01 08:05:58.025 0 0 D cnss : Removing vote for Regulator vdd-wlan-rfa1
01-01 08:05:58.025 0 0 D cnss : Removing vote for Regulator vdd-wlan-dig
01-01 08:05:58.025 0 0 D cnss : Removing vote for Regulator vdd-wlan-aon
01-01 08:05:58.025 0 0 D cnss : Removing vote for Regulator vdd-wlan-io
01-01 08:05:58.025 0 0 D cnss : PM relax, state: 0xf, count: 0
01-01 08:05:58.025 0 0 E msm_ext_disp_update_audio_ops: Display not found (EXT_DISPLAY_TYPE_HDMI) ctld (0) stream (0)
01-01 08:05:58.035 0 0 E msm_ext_disp_update_audio_ops: Display not found (EXT_DISPLAY_TYPE_DP) ctld (0) stream (0)
01-01 08:05:58.044 0 0 E msm_ext_disp_update_audio_ops: Display not found (EXT_DISPLAY_TYPE_DP) ctld (0) stream (0)
01-01 08:05:58.054 0 0 E msm_ext_disp_update_audio_ops: Display not found (EXT_DISPLAY_TYPE_DP) ctld (0) stream (0)
01-01 08:05:58.064 0 0 E msm-ext-disp-audio-codec-rx soc: qcom,msm-ext-disp:qcom,msm-ext-disp-audio-codec-rx: msm_ext_disp_audio_type_get: get_audio_edid_blk() or get_intf_id is NULL
01-01 08:05:58.079 0 0 E msm_ext_disp_update_audio_ops: Display not found (EXT_DISPLAY_TYPE_DP) ctld (0) stream (0)
01-01 08:05:58.089 0 0 E msm-ext-disp-audio-codec-rx soc: qcom,msm-ext-disp:qcom,msm-ext-disp-audio-codec-rx: msm_ext_disp_audio_type_get: get_audio_edid_blk() or get_intf_id is NULL
01-01 08:05:58.105 0 0 E msm_ext_disp_update_audio_ops: Display not found (EXT_DISPLAY_TYPE_DP) ctld (0) stream (0)
01-01 08:05:58.114 0 0 E msm-ext-disp-audio-codec-rx soc: qcom,msm-ext-disp:qcom,msm-ext-disp-audio-codec-rx: msm_ext_disp_audio_type_get: get_audio_edid_blk() or get_intf_id is NULL
01-01 08:05:58.130 0 0 E msm-ext-disp-audio-codec-rx soc: qcom,msm-ext-disp:qcom,msm-ext-disp-audio-codec-rx: msm_ext_disp_audio_device_get: invalid dai id: 4
01-01 08:05:58.171 0 0 E : msm_pcm_volume_ctl_get substream not found
01-01 08:05:58.386 0 0 E HL6111R : is_dc_online: DC psy unavailable
01-01 08:05:58.598 0 0 E DTC_ETH,link_delay_work_func: 3003, SQI=0, link=0
01-01 08:05:58.816 0 0 E : msm_qti_pp_get_rms_value_control, back not active to query rms be_idx:3
01-01 08:05:58.832 0 0 I core_get_license_status: cmdrsp_license_result.result = 0x15 for module 0x131ff
01-01 08:05:58.832 0 0 E msm_ext_disp_update_audio_ops: Display not found (EXT_DISPLAY_TYPE_DP) ctld (0) stream (0)
01-01 08:05:58.841 0 0 E msm_ext_disp_update_audio_ops: Display not found (EXT_DISPLAY_TYPE_HDMI) ctld (0) stream (0)
01-01 08:05:58.851 0 0 E msm_ext_disp_update_audio_ops: Display not found (EXT_DISPLAY_TYPE_DP) ctld (0) stream (0)
01-01 08:05:58.861 0 0 E msm_ext_disp_update_audio_ops: Display not found (EXT_DISPLAY_TYPE_DP) ctld (0) stream (0)
01-01 08:05:58.871 0 0 E msm_ext_disp_update_audio_ops: Display not found (EXT_DISPLAY_TYPE_DP) ctld (0) stream (0)
01-01 08:05:58.880 0 0 E msm-ext-disp-audio-codec-rx soc: qcom,msm-ext-disp:qcom,msm-ext-disp-audio-codec-rx: msm_ext_disp_audio_type_get: get_audio_edid_blk() or get_intf_id is NULL
01-01 08:05:58.896 0 0 E msm_ext_disp_update_audio_ops: Display not found (EXT_DISPLAY_TYPE_DP) ctld (0) stream (0)
01-01 08:05:58.905 0 0 E msm-ext-disp-audio-codec-rx soc: qcom,msm-ext-disp:qcom,msm-ext-disp-audio-codec-rx: msm_ext_disp_audio_type_get: get_audio_edid_blk() or get_intf_id is NULL
01-01 08:05:58.921 0 0 E msm_ext_disp_update_audio_ops: Display not found (EXT_DISPLAY_TYPE_DP) ctld (0) stream (0)
01-01 08:05:58.930 0 0 E msm-ext-disp-audio-codec-rx soc: qcom,msm-ext-disp:qcom,msm-ext-disp-audio-codec-rx: msm_ext_disp_audio_type_get: get_audio_edid_blk() or get_intf_id is NULL
01-01 08:05:58.947 0 0 E msm-ext-disp-audio-codec-rx soc: qcom,msm-ext-disp:qcom,msm-ext-disp-audio-codec-rx: msm_ext_disp_audio_device_get: invalid dai id: 4
01-01 08:05:58.987 0 0 E : msm_pcm_volume_ctl_get substream not found
01-01 08:05:59.397 0 0 I : acc_open
01-01 08:05:59.397 0 0 I : acc_release
01-01 08:05:59.413 0 0 I msm_vidc: high: 00000001: ....e: Opening video instance: 0000000000000000, 0
01-01 08:05:59.413 0 0 I msm_vidc: err : 00000001: ....e: Failed to create debugfs for msm_vidc
01-01 08:05:59.418 0 0 I msm_vidc: high: 00000001: h265e: Closed video instance: 0000000000000000
01-01 08:05:59.431 0 0 I msm_vidc: high: 00000001: ....d: Opening video instance: 0000000000000000, 1
01-01 08:05:59.431 0 0 I msm_vidc: err : 00000001: ....d: Failed to create debugfs for msm_vidc
01-01 08:05:59.434 0 0 I msm_vidc: high: 00000001: h264d: Closed video instance: 0000000000000000
01-01 08:05:59.440 0 0 I msm_vidc: high: 00000001: ....d: Opening video instance: 0000000000000000, 1
01-01 08:05:59.440 0 0 I msm_vidc: err : 00000001: ....d: Failed to create debugfs for msm_vidc
01-01 08:05:59.446 0 0 I msm_vidc: high: 00000001: h264d: Closed video instance: 0000000000000000
01-01 08:05:59.468 0 0 I msm_vidc: high: 00000001: ....d: Opening video instance: 0000000000000000, 1
01-01 08:05:59.468 0 0 I msm_vidc: err : 00000001: ....d: Failed to create debugfs for msm_vidc
01-01 08:05:59.472 0 0 I msm_vidc: high: 00000001: h265d: Closed video instance: 0000000000000000
01-01 08:05:59.479 0 0 I msm_vidc: high: 00000001: ....d: Opening video instance: 0000000000000000, 1
01-01 08:05:59.479 0 0 I msm_vidc: err : 00000001: ....d: Failed to create debugfs for msm_vidc
01-01 08:05:59.483 0 0 I msm_vidc: high: 00000001: h265d: Closed video instance: 0000000000000000
01-01 08:05:59.493 0 0 I msm_vidc: high: 00000001: ....d: Opening video instance: 0000000000000000, 1
01-01 08:05:59.493 0 0 I msm_vidc: err : 00000001: ....d: Failed to create debugfs for msm_vidc
01-01 08:05:59.496 0 0 I msm_vidc: high: 00000001: mpg2d: Closed video instance: 0000000000000000
01-01 08:05:59.501 0 0 I msm_vidc: high: 00000001: ....d: Opening video instance: 0000000000000000, 1
01-01 08:05:59.501 0 0 I msm_vidc: err : 00000001: ....d: Failed to create debugfs for msm_vidc
01-01 08:05:59.504 0 0 I msm_vidc: high: 00000001: mpg2d: Closed video instance: 0000000000000000
01-01 08:05:59.518 0 0 I msm_vidc: high: 00000001: ....d: Opening video instance: 0000000000000000, 1
01-01 08:05:59.518 0 0 I msm_vidc: err : 00000001: ....d: Failed to create debugfs for msm_vidc
01-01 08:05:59.522 0 0 I msm_vidc: high: 00000001: vp8d: Closed video instance: 0000000000000000
01-01 08:05:59.537 0 0 I msm_vidc: high: 00000001: ....d: Opening video instance: 0000000000000000, 1
01-01 08:05:59.537 0 0 I msm_vidc: err : 00000001: ....d: Failed to create debugfs for msm_vidc
01-01 08:05:59.540 0 0 I msm_vidc: high: 00000001: vp9d: Closed video instance: 0000000000000000
01-01 08:05:59.547 0 0 I msm_vidc: high: 00000001: ....d: Opening video instance: 0000000000000000, 1
01-01 08:05:59.547 0 0 I msm_vidc: err : 00000001: ....d: Failed to create debugfs for msm_vidc
01-01 08:05:59.548 0 0 I : Wifi Turning On from UI
01-01 08:05:59.551 0 0 I msm_vidc: high: 00000001: vp9d: Closed video instance: 0000000000000000
01-01 08:05:59.568 0 0 I msm_vidc: high: 00000001: ....e: Opening video instance: 0000000000000000, 0
01-01 08:05:59.568 0 0 I msm_vidc: err : 00000001: ....e: Failed to create debugfs for msm_vidc
01-01 08:05:59.572 0 0 I msm_vidc: high: 00000001: h264e: Closed video instance: 0000000000000000
01-01 08:05:59.602 0 0 I msm_vidc: high: 00000001: ....e: Opening video instance: 0000000000000000, 0
01-01 08:05:59.602 0 0 I msm_vidc: err : 00000001: ....e: Failed to create debugfs for msm_vidc
01-01 08:05:59.605 0 0 I msm_vidc: high: 00000001: h265e: Closed video instance: 0000000000000000
01-01 08:05:59.612 0 0 I msm_vidc: high: 00000001: ....e: Opening video instance: 0000000000000000, 0
01-01 08:05:59.613 0 0 I msm_vidc: err : 00000001: ....e: Failed to create debugfs for msm_vidc
01-01 08:05:59.615 0 0 I msm_vidc: high: 00000001: h265e: Closed video instance: 0000000000000000
01-01 08:05:59.637 0 0 I msm_vidc: high: 00000001: ....e: Opening video instance: 0000000000000000, 0
01-01 08:05:59.637 0 0 I msm_vidc: err : 00000001: ....e: Failed to create debugfs for msm_vidc
01-01 08:05:59.637 0 0 I msm_vidc: err : 00000001: ....e: msm_vidc_comm_update_ctrl: failed: control name Ltr Count, min 0, max 0, step 0, default_value 0
01-01 08:05:59.640 0 0 I msm_vidc: high: 00000001: vp8e: Closed video instance: 0000000000000000
01-01 08:05:59.657 0 0 I binder : 1986:1986 ioctl 40046210 7ffedd5de4 returned -22
01-01 08:05:59.689 0 0 I binder : 2007:2007 ioctl 40046210 7ffedd5de4 returned -22
03-14 03:51:06.488 954 1685 D TelephonyRegistry: listen oscl: mHasNotifySubscriptionInfoChangedOccurred==false no callback
03-14 03:51:06.498 954 1686 D TelephonyRegistry: listen oscl: mHasNotifySubscriptionInfoChangedOccurred==false no callback
03-14 03:51:06.513 954 954 D TelephonyRegistry: listen oscl: mHasNotifySubscriptionInfoChangedOccurred==false no callback
03-14 03:51:06.541 954 954 D TelephonyRegistry: listen oscl: mHasNotifySubscriptionInfoChangedOccurred==false no callback
03-14 03:51:06.578 954 954 D TelephonyRegistry: systemRunning register for intents
01-01 08:05:59.840 0 0 I binder : 2049:2049 ioctl 40046210 fffa1908 returned -22
01-01 08:05:59.848 0 0 I binder : 1311:1326 ioctl 40046210 71500edfc4 returned -22
03-14 03:51:06.627 954 1043 W CarrierConfigManager: Error getting config for subId -1 ICarrierConfigLoader is null
01-01 08:05:59.853 0 0 I binder : 2052:2052 ioctl 40046210 7ffedd5de4 returned -22
01-01 08:05:59.854 0 0 I msm_vidc: high: 00000001: ....d: Opening video instance: 0000000000000000, 1
01-01 08:05:59.854 0 0 I msm_vidc: err : 00000001: ....d: Failed to create debugfs for msm_vidc
01-01 08:05:59.858 0 0 E init : Control message: Could not find 'vendor.qti.hardware.iop@2.0::IIop/default' for ctl.interface_start from pid: 509 (/system/bin/hwservicemanager)
01-01 08:05:59.870 0 0 I binder : 2068:2068 ioctl 40046210 7ffedd5de4 returned -22
01-01 08:05:59.879 0 0 I binder : 2092:2092 ioctl 40046210 7ffedd5de4 returned -22
01-01 08:05:59.921 0 0 E init : Control message: Could not find 'vendor.qti.hardware.iop@2.0::IIop/default' for ctl.interface_start from pid: 509 (/system/bin/hwservicemanager)
01-01 08:05:59.982 0 0 I : [MAX975X:max96755x_drm_notifier_callback] *INFO* receives EARLY_BLANK:UNBLANK
01-01 08:05:59.982 0 0 I cyttsp7_i2c_adapter 0-0024: FB event:2,blank:0
01-01 08:05:59.982 0 0 I cyttsp7_i2c_adapter 0-0024: suspend: event = 2, blank = 0, not care
01-01 08:05:59.982 0 0 I [drm:dsi_display_set_mode] [msm-dsi-info]: mdp_transfer_time_us=0 us
01-01 08:05:59.982 0 0 I [drm:dsi_display_set_mode] [msm-dsi-info]: hactive= 2380,vactive= 1020,fps=60
01-01 08:05:59.982 0 0 I [drm:dsi_ctrl_isr_configure] [msm-dsi-info]: dsi-ctrl-0: IRQ 403 registered
01-01 08:05:59.990 0 0 I binder : 1986:1986 ioctl 40046210 7ffedd5454 returned -22
01-01 08:05:59.993 0 0 E init : Control message: Could not find 'vendor.qti.hardware.iop@2.0::IIop/default' for ctl.interface_start from pid: 509 (/system/bin/hwservicemanager)
01-01 08:06:00.011 0 0 E init : Control message: Could not find 'vendor.qti.hardware.iop@2.0::IIop/default' for ctl.interface_start from pid: 509 (/system/bin/hwservicemanager)
01-01 08:06:00.026 0 0 E init : Control message: Could not find 'vendor.qti.hardware.iop@2.0::IIop/default' for ctl.interface_start from pid: 509 (/system/bin/hwservicemanager)
01-01 08:06:00.035 0 0 I : [MAX975X:max96755x_drm_notifier_callback] *INFO* receives BLANK:UNBLANK
01-01 08:06:00.041 0 0 I cyttsp7_i2c_adapter 0-0024: FB event:1,blank:0
01-01 08:06:00.041 0 0 I cyttsp7_i2c_adapter 0-0024: drm_notifier_callback: UNBLANK! Resume by drm notifier.
03-14 03:51:06.819 954 1064 D TelephonyRegistry: listen oscl: mHasNotifySubscriptionInfoChangedOccurred==false no callback
01-01 08:06:00.083 0 0 I binder : 2221:2221 ioctl 40046210 7ffedd5de4 returned -22
01-01 08:06:00.083 0 0 E init : Control message: Could not find 'vendor.qti.hardware.iop@2.0::IIop/default' for ctl.interface_start from pid: 509 (/system/bin/hwservicemanager)
03-14 03:51:06.892 954 2136 D TelephonyRegistry: listen oscl: mHasNotifySubscriptionInfoChangedOccurred==false no callback
01-01 08:06:00.143 0 0 I binder : 2251:2251 ioctl 40046210 7ffedd5de4 returned -22
01-01 08:06:00.145 0 0 I binder : 2239:2239 ioctl 40046210 7ffedd5de4 returned -22
01-01 08:06:00.150 0 0 I binder : 1276:1276 ioctl 40046210 7fd897a0c4 returned -22
01-01 08:06:00.161 0 0 I binder : 2275:2275 ioctl 40046210 7ffedd5de4 returned -22
01-01 08:06:00.165 0 0 W perfetto: enabled ftrace
01-01 08:06:00.174 0 0 I binder : 2285:2285 ioctl 40046210 7ffedd5de4 returned -22
01-01 08:06:00.185 0 0 I binder : 2298:2298 ioctl 40046210 7ffedd5de4 returned -22
01-01 08:06:00.185 0 0 E init : Control message: Could not find 'vendor.qti.hardware.iop@2.0::IIop/default' for ctl.interface_start from pid: 509 (/system/bin/hwservicemanager)
01-01 08:06:00.191 0 0 I binder : 2305:2305 ioctl 40046210 7ffedd5de4 returned -22
01-01 08:06:00.207 0 0 E init : Control message: Could not find 'vendor.qti.hardware.iop@2.0::IIop/default' for ctl.interface_start from pid: 509 (/system/bin/hwservicemanager)
01-01 08:06:00.211 0 0 I binder : 2322:2322 ioctl 40046210 7ffedd5de4 returned -22
01-01 08:06:00.226 0 0 E init : Control message: Could not find 'vendor.qti.hardware.iop@2.0::IIop/default' for ctl.interface_start from pid: 509 (/system/bin/hwservicemanager)
01-01 08:06:00.231 0 0 I binder : 2338:2338 ioctl 40046210 7ffedd5de4 returned -22
01-01 08:06:00.233 0 0 I binder : 2360:2360 ioctl 40046210 7ffedd5de4 returned -22
01-01 08:06:00.241 0 0 E init : Control message: Could not find 'vendor.qti.hardware.iop@2.0::IIop/default' for ctl.interface_start from pid: 509 (/system/bin/hwservicemanager)
01-01 08:06:00.244 0 0 I binder : 2380:2380 ioctl 40046210 7ffedd5de4 returned -22
01-01 08:06:00.245 0 0 I binder : 2383:2383 ioctl 40046210 7ffedd5de4 returned -22
01-01 08:06:00.249 0 0 I binder : 2398:2398 ioctl 40046210 7ffedd5de4 returned -22
01-01 08:06:00.258 0 0 E init : Control message: Could not find 'vendor.qti.hardware.iop@2.0::IIop/default' for ctl.interface_start from pid: 509 (/system/bin/hwservicemanager)
01-01 08:06:00.263 0 0 I binder : 2275:2462 ioctl 40046210 7b3ca4b9e4 returned -22
01-01 08:06:00.278 0 0 E init : Control message: Could not find 'vendor.qti.hardware.iop@2.0::IIop/default' for ctl.interface_start from pid: 509 (/system/bin/hwservicemanager)
01-01 08:06:00.293 0 0 I binder : 2454:2454 ioctl 40046210 7ffedd5de4 returned -22
01-01 08:06:00.298 0 0 E init : Control message: Could not find 'vendor.qti.hardware.iop@2.0::IIop/default' for ctl.interface_start from pid: 509 (/system/bin/hwservicemanager)
01-01 08:06:00.311 0 0 I binder : 2478:2478 ioctl 40046210 7ffedd5de4 returned -22
01-01 08:06:00.314 0 0 E init : Control message: Could not find 'vendor.qti.hardware.iop@2.0::IIop/default' for ctl.interface_start from pid: 509 (/system/bin/hwservicemanager)
01-01 08:06:00.325 0 0 I binder : 2490:2490 ioctl 40046210 7ffedd5de4 returned -22
01-01 08:06:00.334 0 0 E init : Control message: Could not find 'vendor.qti.hardware.iop@2.0::IIop/default' for ctl.interface_start from pid: 509 (/system/bin/hwservicemanager)
01-01 08:06:00.341 0 0 I binder : 2470:2470 ioctl 40046210 7ffedd5de4 returned -22
01-01 08:06:00.347 0 0 I binder : 2398:2398 ioctl 40046210 7ffedd4954 returned -22
01-01 08:06:00.350 0 0 I binder : 2380:2380 ioctl 40046210 7ffedd4d94 returned -22
01-01 08:06:00.350 0 0 E init : Control message: Could not find 'vendor.qti.hardware.iop@2.0::IIop/default' for ctl.interface_start from pid: 509 (/system/bin/hwservicemanager)
01-01 08:06:00.352 0 0 I binder : 2516:2516 ioctl 40046210 7ffedd5de4 returned -22
01-01 08:06:00.366 0 0 E init : Control message: Could not find 'vendor.qti.hardware.iop@2.0::IIop/default' for ctl.interface_start from pid: 509 (/system/bin/hwservicemanager)
01-01 08:06:00.380 0 0 I binder : 2007:2586 ioctl 40046210 7b2cde8124 returned -22
01-01 08:06:00.381 0 0 E init : Control message: Could not find 'vendor.qti.hardware.iop@2.0::IIop/default' for ctl.interface_start from pid: 509 (/system/bin/hwservicemanager)
01-01 08:06:00.397 0 0 E init : Control message: Could not find 'vendor.qti.hardware.iop@2.0::IIop/default' for ctl.interface_start from pid: 509 (/system/bin/hwservicemanager)
01-01 08:06:00.413 0 0 E init : Control message: Could not find 'vendor.qti.hardware.iop@2.0::IIop/default' for ctl.interface_start from pid: 509 (/system/bin/hwservicemanager)
01-01 08:06:00.418 0 0 E bt_ioctl: BT_CMD_PWR_CTRL pwr_cntrl:0
01-01 08:06:00.428 0 0 E init : Control message: Could not find 'vendor.qti.hardware.iop@2.0::IIop/default' for ctl.interface_start from pid: 509 (/system/bin/hwservicemanager)
01-01 08:06:00.430 0 0 I binder : 2598:2598 ioctl 40046210 7ffedd5de4 returned -22
01-01 08:06:00.433 0 0 E bt_ioctl: BT state already:0 no change done
01-01 08:06:00.448 0 0 E init : Control message: Could not find 'vendor.qti.hardware.iop@2.0::IIop/default' for ctl.interface_start from pid: 509 (/system/bin/hwservicemanager)
01-01 08:06:00.455 0 0 E bt_ioctl: BT_CMD_PWR_CTRL pwr_cntrl:1
01-01 08:06:00.469 0 0 E init : Control message: Could not find 'vendor.qti.hardware.iop@2.0::IIop/default' for ctl.interface_start from pid: 509 (/system/bin/hwservicemanager)
01-01 08:06:00.474 0 0 I bt_power vendor: bt_qca6390: Linked as a consumer to regulator.9
01-01 08:06:00.489 0 0 E init : Control message: Could not find 'vendor.qti.hardware.iop@2.0::IIop/default' for ctl.interface_start from pid: 509 (/system/bin/hwservicemanager)
01-01 08:06:00.492 0 0 E bt_vreg_enable: vreg_en successful for : qca,bt-vdd-aon
01-01 08:06:00.498 0 0 I binder : 2470:2470 ioctl 40046210 7ffedd3dc4 returned -22
01-01 08:06:00.504 0 0 E init : Control message: Could not find 'vendor.qti.hardware.iop@2.0::IIop/default' for ctl.interface_start from pid: 509 (/system/bin/hwservicemanager)
01-01 08:06:00.511 0 0 I bt_power vendor: bt_qca6390: Linked as a consumer to regulator.51
01-01 08:06:00.526 0 0 E bt_vreg_enable: vreg_en successful for : qca,bt-vdd-dig
01-01 08:06:00.526 0 0 I init : starting service 'hht_ota_mgr_service'...
01-01 08:06:00.528 0 0 I binder : 2478:2630 ioctl 40046210 7b9d5fa1f4 returned -22
01-01 08:06:00.532 0 0 I bt_power vendor: bt_qca6390: Linked as a consumer to regulator.8
01-01 08:06:00.532 0 0 E bt_vreg_enable: vreg_en successful for : qca,bt-vdd-rfa1
01-01 08:06:00.539 0 0 I bt_power vendor: bt_qca6390: Linked as a consumer to regulator.36
03-14 03:51:07.323 2007 2007 W CarrierConfigManager: Error getting config for subId -1 ICarrierConfigLoader is null
03-14 03:51:07.334 954 954 D TelephonyRegistry: listen oscl: mHasNotifySubscriptionInfoChangedOccurred==false no callback
03-14 03:51:07.335 954 2135 D TelephonyRegistry: listen oscl: mHasNotifySubscriptionInfoChangedOccurred==false no callback
01-01 08:06:00.539 0 0 E bt_vreg_enable: vreg_en successful for : qca,bt-vdd-rfa2
01-01 08:06:00.545 0 0 E init : Control message: Could not find 'vendor.qti.hardware.iop@2.0::IIop/default' for ctl.interface_start from pid: 509 (/system/bin/hwservicemanager)
01-01 08:06:00.546 0 0 I bt_power vendor: bt_qca6390: Linked as a consumer to regulator.27
01-01 08:06:00.563 0 0 E bt_vreg_enable: vreg_en successful for : qca,bt-vdd-asd
03-14 03:51:07.345 954 954 D TelephonyRegistry: notifyCellLocationForSubscriber: subId=2147483647 cellIdentity=null
01-01 08:06:00.588 0 0 I binder : 2666:2666 ioctl 40046210 7ffedd5de4 returned -22
01-01 08:06:00.609 0 0 E init : Control message: Could not find 'vendor.qti.hardware.iop@2.0::IIop/default' for ctl.interface_start from pid: 509 (/system/bin/hwservicemanager)
01-01 08:06:00.622 0 0 I bt_configure_gpios: BTON:Turn Bt Off bt-reset-gpio(1121) value(0)
01-01 08:06:00.624 0 0 I bt_configure_gpios: BTON:Turn Bt Off
01-01 08:06:00.624 0 0 I bt_configure_gpios: bt-sw-ctrl-gpio(1224) value(1)
01-01 08:06:00.624 0 0 I bt_enable_bt_reset_gpios_safely: bt_enable_bt_reset_gpios_safely: BTON:Turn Bt On
01-01 08:06:00.624 0 0 I bt_enable_bt_reset_gpios_safely: bt_enable_bt_reset_gpios_safely: wl-reset-gpio(1120) value(1)
01-01 08:06:00.624 0 0 I bt_enable_bt_reset_gpios_safely: bt_enable_bt_reset_gpios_safely: BTON: Asserting BT_EN
01-01 08:06:00.627 0 0 E init : Control message: Could not find 'vendor.qti.hardware.iop@2.0::IIop/default' for ctl.interface_start from pid: 509 (/system/bin/hwservicemanager)
01-01 08:06:00.637 0 0 E diag : In diag_ioctl_set_buffering_mode, invalid peripheral = -22
01-01 08:06:00.678 0 0 I bt_configure_gpios: BTON:Turn Bt On bt-reset-gpio(1121) value(1)
01-01 08:06:00.678 0 0 I bt_configure_gpios: BTON:Turn Bt On
01-01 08:06:00.678 0 0 I bt_configure_gpios: bt-sw-ctrl-gpio(1224) value(1)
01-01 08:06:00.678 0 0 I bt_configure_gpios: bt_gpio= 1121 on: 1 is successful
01-01 08:06:00.705 0 0 E bt_ioctl: unified Current SOC Version : 400a0200
01-01 08:06:00.820 0 0 D qbt : qbt_open: entry minor_no=0 fd_available=1
01-01 08:06:00.820 0 0 D qbt : qbt_open: exit : 0 fd_available=0
01-01 08:06:00.820 0 0 D qbt : qbt_open: entry minor_no=1 fd_available=0
01-01 08:06:00.820 0 0 D qbt : qbt_open: exit : 0 fd_available=0
01-01 08:06:00.820 0 0 D qbt : qbt_ioctl: cmd received 107
01-01 08:06:00.820 0 0 D qbt : qbt_ioctl: Acquiring wakelock
01-01 08:06:00.825 0 0 W QSEECOM : qseecom_load_app: App (fingerpr) does'nt exist, loading apps for first time
01-01 08:06:00.919 0 0 W QSEECOM : qseecom_load_app: App with id 7 (fingerpr) now loaded
01-01 08:06:01.023 0 0 W QSEECOM : __qseecom_unload_app: App (7) is unloaded
01-01 08:06:01.023 0 0 D qbt : qbt_release: entry minor_no=0 fd_available=0
01-01 08:06:01.023 0 0 D qbt : qbt_release: Releasing wakelock
01-01 08:06:01.023 0 0 D qbt : qbt_release: exit : fd_available=1
01-01 08:06:01.023 0 0 D qbt : qbt_release: entry minor_no=1 fd_available=1
01-01 08:06:01.023 0 0 D qbt : qbt_release: exit : fd_available=1
01-01 08:06:01.025 0 0 D qbt : qbt_open: entry minor_no=0 fd_available=1
01-01 08:06:01.025 0 0 D qbt : qbt_open: exit : 0 fd_available=0
01-01 08:06:01.025 0 0 D qbt : qbt_open: entry minor_no=1 fd_available=0
01-01 08:06:01.025 0 0 D qbt : qbt_open: exit : 0 fd_available=0
01-01 08:06:01.025 0 0 D qbt : qbt_ioctl: cmd received 107
01-01 08:06:01.025 0 0 D qbt : qbt_ioctl: Acquiring wakelock
01-01 08:06:01.029 0 0 W QSEECOM : qseecom_load_app: App (fingerpr) does'nt exist, loading apps for first time
01-01 08:06:01.076 0 0 W cnss-daemon: wlfw_qmi_ind_cb: Receive Ind : 0x2a
01-01 08:06:01.119 0 0 W QSEECOM : qseecom_load_app: App with id 8 (fingerpr) now loaded
01-01 08:06:01.161 0 0 I init : processing action (sys.boot_completed=1) from (/system/etc/init/hw/init.rc:1163)
01-01 08:06:01.161 0 0 I init : starting service 'exec 28 (/bin/rm -rf /data/per_boot)'...
01-01 08:06:01.162 0 0 I init : SVC_EXEC service 'exec 28 (/bin/rm -rf /data/per_boot)' pid 2751 (uid 1000 gid 1000+0 context default) started; waiting...
01-01 08:06:01.171 0 0 I init : Service 'exec 28 (/bin/rm -rf /data/per_boot)' (pid 2751) exited with status 0 waiting took 0.008000 seconds
01-01 08:06:01.171 0 0 I init : Sending signal 9 to service 'exec 28 (/bin/rm -rf /data/per_boot)' (pid 2751) process group...
01-01 08:06:01.171 0 0 I libprocessgroup: Successfully killed process cgroup uid 1000 pid 2751 in 0ms
01-01 08:06:01.172 0 0 I init : Encryption policy of /data/per_boot set to d0903dd6973dd2ffecb2e01cd4433fed v2 modes 1/4 flags 0xa
01-01 08:06:01.172 0 0 I init : processing action (sys.boot_completed=1) from (/vendor/etc/init/hw/init.qcom.rc:473)
01-01 08:06:01.172 0 0 W : Boot completed
01-01 08:06:01.175 0 0 I init : processing action (sys.boot_completed=1) from (/vendor/etc/init/hw/init.qcom.rc:737)
01-01 08:06:01.175 0 0 I init : starting service 'qcom-post-boot'...
01-01 08:06:01.177 0 0 I init : starting service 'qti-testscripts'...
01-01 08:06:01.178 0 0 F init : cannot setexeccon('u:r:qti-testscripts:s0') for qti-testscripts: Invalid argument
03-14 03:51:07.963 2753 2753 F libc : Fatal signal 6 (SIGABRT), code -1 (SI_QUEUE) in tid 2753 (init), pid 2753 (init)
01-01 08:06:01.180 0 0 I init : processing action (sys.boot_completed=1) from (/vendor/etc/init/hw/init.qcom.rc:945)
01-01 08:06:01.189 0 0 I init : Sending signal 9 to service 'adbd' (pid 1236) process group...
01-01 08:06:01.195 0 0 I libprocessgroup: Successfully killed process cgroup uid 0 pid 1236 in 6ms
01-01 08:06:01.211 0 0 W audit_log_start: 2354 callbacks suppressed
01-01 08:06:01.211 0 0 W audit : audit_backlog=65 > audit_backlog_limit=64
01-01 08:06:01.211 0 0 W audit : audit_lost=1298 audit_rate_limit=0 audit_backlog_limit=64
01-01 08:06:01.211 0 0 E audit : backlog limit exceeded
01-01 08:06:01.215 0 0 W audit : audit_backlog=65 > audit_backlog_limit=64
01-01 08:06:01.215 0 0 W audit : audit_lost=1299 audit_rate_limit=0 audit_backlog_limit=64
01-01 08:06:01.215 0 0 E audit : backlog limit exceeded
01-01 08:06:01.220 0 0 W audit : audit_backlog=65 > audit_backlog_limit=64
01-01 08:06:01.220 0 0 W audit : audit_lost=1300 audit_rate_limit=0 audit_backlog_limit=64
01-01 08:06:01.220 0 0 E audit : backlog limit exceeded
01-01 08:06:01.225 0 0 W audit : audit_backlog=65 > audit_backlog_limit=64
01-01 08:06:01.237 0 0 I logd : logdr: UID=0 GID=0 PID=2758 n tail=0 logMask=8 pid=2753 start=0ns deadline=0ns
01-01 08:06:01.239 0 0 I selinux : SELinux: Skipping restorecon on directory(/data/system_ce/0)
01-01 08:06:01.239 0 0 I selinux :
01-01 08:06:01.241 0 0 I logd : logdr: UID=0 GID=0 PID=2758 n tail=0 logMask=1 pid=2753 start=0ns deadline=0ns
01-01 08:06:01.242 0 0 I selinux : SELinux: Skipping restorecon on directory(/data/vendor_ce/0)
01-01 08:06:01.242 0 0 I selinux :
01-01 08:06:01.245 0 0 I selinux : SELinux: Skipping restorecon on directory(/data/misc_ce/0)
01-01 08:06:01.245 0 0 I selinux :
03-14 03:51:08.025 2758 2758 F DEBUG : *** *** *** *** *** *** *** *** *** *** *** *** *** *** *** ***
03-14 03:51:08.025 2758 2758 F DEBUG : Build fingerprint: 'TC/figure_CN/figure:12/SKQ1.220201.001/2464:user/test-keys'
03-14 03:51:08.025 2758 2758 F DEBUG : Revision: '0'
03-14 03:51:08.025 2758 2758 F DEBUG : ABI: 'arm64'
03-14 03:51:08.025 2758 2758 F DEBUG : Timestamp: 2023-03-14 03:51:07.978471196+0800
03-14 03:51:08.025 2758 2758 F DEBUG : Process uptime: 0s
03-14 03:51:08.025 2758 2758 F DEBUG : Cmdline: /system/bin/init second_stage
03-14 03:51:08.025 2758 2758 F DEBUG : pid: 2753, tid: 2753, name: init >>> /system/bin/init <<<
03-14 03:51:08.026 2758 2758 F DEBUG : uid: 0
03-14 03:51:08.026 2758 2758 F DEBUG : signal 6 (SIGABRT), code -1 (SI_QUEUE), fault addr --------
03-14 03:51:08.026 2758 2758 F DEBUG : x0 0000000000000000 x1 0000000000000ac1 x2 0000000000000006 x3 0000007fec55d7c0
03-14 03:51:08.026 2758 2758 F DEBUG : x4 000000000000000a x5 000000000000000a x6 000000000000000a x7 000000000000000a
03-14 03:51:08.026 2758 2758 F DEBUG : x8 00000000000000f0 x9 bc35c5eadf221ed4 x10 0000000000000000 x11 ffffff80ffffffdf
03-14 03:51:08.026 2758 2758 F DEBUG : x12 0000000000000001 x13 3a73747069726373 x14 0000000000000010 x15 0000000000000000
03-14 03:51:08.026 2758 2758 F DEBUG : x16 0000007f88a49060 x17 0000007f88a25560 x18 0000007f8f170000 x19 0000000000000ac1
03-14 03:51:08.026 2758 2758 F DEBUG : x20 0000000000000ac1 x21 00000000ffffffff x22 0000007f8f030000 x23 0000007f8f030000
03-14 03:51:08.026 2758 2758 F DEBUG : x24 0000007fec55da90 x25 0000007fec55da90 x26 0000000000000000 x27 0000007f8f030000
03-14 03:51:08.026 2758 2758 F DEBUG : x28 0000007f889d9d20 x29 0000007fec55d840
03-14 03:51:08.026 2758 2758 F DEBUG : lr 0000007f889d595c sp 0000007fec55d7a0 pc 0000007f889d5988 pst 0000000000001000
03-14 03:51:08.026 2758 2758 F DEBUG : backtrace:
03-14 03:51:08.026 2758 2758 F DEBUG : #00 pc 0000000000051988 /system/lib64/bootstrap/libc.so (abort+168) (BuildId: 369edc656806aeaf384cbeb8f7a347af)
03-14 03:51:08.026 2758 2758 F DEBUG : #01 pc 0000000000015038 /system/lib64/libbase.so (android::base::DefaultAborter(char const*)+16) (BuildId: 96895dcea0300fc102132e9762aef6bc)
03-14 03:51:08.026 2758 2758 F DEBUG : #02 pc 0000000000016bc4 /system/lib64/libbase.so (android::base::SetAborter(std::__1::function&&)::$_3::__invoke(char const*)+80) (BuildId: 96895dcea0300fc102132e9762aef6bc)
03-14 03:51:08.026 2758 2758 F DEBUG : #03 pc 0000000000016184 /system/lib64/libbase.so (android::base::LogMessage::~LogMessage()+368) (BuildId: 96895dcea0300fc102132e9762aef6bc)
03-14 03:51:08.026 2758 2758 F DEBUG : #04 pc 00000000000d8128 /system/bin/init (android::init::Service::SetProcessAttributesAndCaps()+716) (BuildId: 22e05086498bc9c9e3a5fc9a10a930c1)
03-14 03:51:08.026 2758 2758 F DEBUG : #05 pc 00000000000dac18 /system/bin/init (android::init::Service::Start()+7348) (BuildId: 22e05086498bc9c9e3a5fc9a10a930c1)
03-14 03:51:08.026 2758 2758 F DEBUG : #06 pc 00000000000cda20 /system/bin/init (android::init::do_start(android::init::BuiltinArguments const&)+316) (BuildId: 22e05086498bc9c9e3a5fc9a10a930c1)
03-14 03:51:08.026 2758 2758 F DEBUG : #07 pc 00000000000b16cc /system/bin/init (android::init::RunBuiltinFunction(std::__1::function (android::init::BuiltinArguments const&)> const&, std::__1::vector, std::__1::allocator >, std::__1::allocator, std::__1::allocator > > > const&, std::__1::basic_string, std::__1::allocator > const&)+476) (BuildId: 22e05086498bc9c9e3a5fc9a10a930c1)
03-14 03:51:08.026 2758 2758 F DEBUG : #08 pc 00000000000b1880 /system/bin/init (android::init::Command::InvokeFunc(android::init::Subcontext*) const+284) (BuildId: 22e05086498bc9c9e3a5fc9a10a930c1)
03-14 03:51:08.026 2758 2758 F DEBUG : #09 pc 00000000000b22e4 /system/bin/init (android::init::Action::ExecuteCommand(android::init::Command const&) const+80) (BuildId: 22e05086498bc9c9e3a5fc9a10a930c1)
03-14 03:51:08.026 2758 2758 F DEBUG : #10 pc 00000000000b21d8 /system/bin/init (android::init::Action::ExecuteOneCommand(unsigned long) const+336) (BuildId: 22e05086498bc9c9e3a5fc9a10a930c1)
03-14 03:51:08.026 2758 2758 F DEBUG : #11 pc 00000000000e2d74 /system/bin/init (android::init::ActionManager::ExecuteOneCommand()+188) (BuildId: 22e05086498bc9c9e3a5fc9a10a930c1)
03-14 03:51:08.026 2758 2758 F DEBUG : #12 pc 00000000000fa6dc /system/bin/init (android::init::SecondStageMain(int, char**)+7560) (BuildId: 22e05086498bc9c9e3a5fc9a10a930c1)
03-14 03:51:08.026 2758 2758 F DEBUG : #13 pc 00000000000ac19c /system/bin/init (main+308) (BuildId: 22e05086498bc9c9e3a5fc9a10a930c1)
03-14 03:51:08.026 2758 2758 F DEBUG : #14 pc 000000000004a084 /system/lib64/bootstrap/libc.so (__libc_init+100) (BuildId: 369edc656806aeaf384cbeb8f7a347af)
01-01 08:06:01.263 0 0 I init : Command 'stop adbd' action=sys.boot_completed=1 (/vendor/etc/init/hw/init.qcom.rc:950) took 74ms and succeeded
01-01 08:06:01.263 0 0 I init : Service 'adbd' (pid 1236) received signal 9
01-01 08:06:01.263 0 0 I init : Service 'qti-testscripts' (pid 2753) received signal 6 oneshot service took 0.085000 seconds in background
01-01 08:06:01.263 0 0 I init : Sending signal 9 to service 'qti-testscripts' (pid 2753) process group...
01-01 08:06:01.263 0 0 I libprocessgroup: Successfully killed process cgroup uid 0 pid 2753 in 0ms
01-01 08:06:01.264 0 0 I init : Untracked pid 2758 exited with status 0
01-01 08:06:01.264 0 0 I init : Untracked pid 2760 exited with status 0
01-01 08:06:01.264 0 0 I init : starting service 'adbd'...
01-01 08:06:01.264 0 0 I init : Created socket '/dev/socket/adbd', mode 660, user 1000, group 1000
01-01 08:06:01.266 0 0 I init : processing action (sys.boot_completed=1) from (/vendor/etc/init/hw/init.target.rc:172)
01-01 08:06:01.271 0 0 I binder : 2770:2770 ioctl 40046210 7ffedd5de4 returned -22
01-01 08:06:01.273 0 0 W QSEECOM : __qseecom_unload_app: App (8) is unloaded
01-01 08:06:01.273 0 0 I : read descriptors
01-01 08:06:01.273 0 0 I : read strings
01-01 08:06:01.273 0 0 D qbt : qbt_release: entry minor_no=0 fd_available=0
01-01 08:06:01.273 0 0 D qbt : qbt_release: Releasing wakelock
01-01 08:06:01.273 0 0 D qbt : qbt_release: exit : fd_available=1
01-01 08:06:01.273 0 0 D qbt : qbt_release: entry minor_no=1 fd_available=1
01-01 08:06:01.273 0 0 D qbt : qbt_release: exit : fd_available=1
01-01 08:06:01.278 0 0 D qbt : qbt_open: entry minor_no=0 fd_available=1
01-01 08:06:01.278 0 0 D qbt : qbt_open: exit : 0 fd_available=0
01-01 08:06:01.278 0 0 D qbt : qbt_open: entry minor_no=1 fd_available=0
01-01 08:06:01.278 0 0 D qbt : qbt_open: exit : 0 fd_available=0
01-01 08:06:01.278 0 0 D qbt : qbt_ioctl: cmd received 107
01-01 08:06:01.278 0 0 D qbt : qbt_ioctl: Acquiring wakelock
01-01 08:06:01.278 0 0 I init : qssi copy & sync /metadata/vold/metadata_encryption/key/encrypted_key to /persist/key/encrypted_key_bak: No such file or directory
01-01 08:06:01.279 0 0 I init : starting service 'mdnsd'...
01-01 08:06:01.280 0 0 I init : Created socket '/dev/socket/mdnsd', mode 660, user 1020, group 3003
01-01 08:06:01.287 0 0 I init : Control message: Processed ctl.start for 'mdnsd' from pid: 2778 (/apex/com.android.adbd/bin/adbd --root_seclabel=u:r:su:s0)
01-01 08:06:01.293 0 0 I init : qssi copy & sync /metadata/vold/metadata_encryption/key/keymaster_key_blob to /persist/key/keymaster_key_blob_bak: No such file or directory
01-01 08:06:01.296 0 0 W QSEECOM : qseecom_load_app: App (fingerpr) does'nt exist, loading apps for first time
01-01 08:06:01.302 0 0 I init : qssi copy & sync /metadata/vold/metadata_encryption/key/secdiscardable to /persist/key/secdiscardable_bak: No such file or directory
01-01 08:06:01.311 0 0 I init : qssi copy & sync /metadata/vold/metadata_encryption/key/stretching to /persist/key/stretching_bak: No such file or directory
01-01 08:06:01.315 0 0 I init : qssi copy & sync /metadata/vold/metadata_encryption/key/version to /persist/key/version_bak: No such file or directory
01-01 08:06:01.315 0 0 I init : processing action (sys.boot_completed=1 && sys.bootstat.first_boot_completed=0) from (/system/etc/init/bootstat.rc:77)
01-01 08:06:01.316 0 0 I init : starting service 'exec 29 (/system/bin/bootstat --record_boot_complete --record_boot_reason --record_time_since_factory_reset -l)'...
01-01 08:06:01.320 0 0 I init : processing action (sys.boot_completed=1) from (/system/etc/init/flags_health_check.rc:7)
01-01 08:06:01.324 0 0 I init : processing action (sys.boot_completed=1) from (/system/etc/init/hht_ota_mgr.rc:6)
01-01 08:06:01.325 0 0 I init : processing action (sys.boot_completed=1) from (/system/etc/init/logd.rc:33)
01-01 08:06:01.325 0 0 I init : starting service 'logd-auditctl'...
01-01 08:06:01.329 0 0 I init : processing action (sys.boot_completed=1) from (/system/etc/init/selfinstaller.rc:6)
01-01 08:06:01.329 0 0 I init : processing action (sys.boot_completed=1 && sys.wifitracing.started=0) from (/system/etc/init/wifi.rc:28)
01-01 08:06:01.330 0 0 E selinux : SELinux: Could not get canonical path for /sys/kernel/debug/tracing/instances/wifi restorecon: No such file or directory.
01-01 08:06:01.344 0 0 E selinux :
01-01 08:06:01.346 0 0 I init : Service 'exec 29 (/system/bin/bootstat --record_boot_complete --record_boot_reason --record_time_since_factory_reset -l)' (pid 2815) exited with status 0 oneshot service took 0.028000 seconds in background
01-01 08:06:01.346 0 0 I init : Sending signal 9 to service 'exec 29 (/system/bin/bootstat --record_boot_complete --record_boot_reason --record_time_since_factory_reset -l)' (pid 2815) process group...
01-01 08:06:01.346 0 0 I libprocessgroup: Successfully killed process cgroup uid 1000 pid 2815 in 0ms
01-01 08:06:01.347 0 0 I init : Service 'logd-auditctl' (pid 2816) exited with status 0 oneshot service took 0.019000 seconds in background
01-01 08:06:01.347 0 0 I init : Sending signal 9 to service 'logd-auditctl' (pid 2816) process group...
01-01 08:06:01.347 0 0 I libprocessgroup: Successfully killed process cgroup uid 1036 pid 2816 in 0ms
01-01 08:06:01.376 0 0 E init : Control message: Could not find 'vendor.qti.hardware.iop@2.0::IIop/default' for ctl.interface_start from pid: 509 (/system/bin/hwservicemanager)
01-01 08:06:01.401 0 0 W QSEECOM : qseecom_load_app: App with id 9 (fingerpr) now loaded
01-01 08:06:01.401 0 0 I binder : 2770:2825 ioctl 40046210 7b3fba4934 returned -22
01-01 08:06:01.402 0 0 I init : processing action (sys.boot_completed=1) from (/system_ext/etc/init/qspmsvc.rc:14)
01-01 08:06:01.402 0 0 I init : starting service 'vendor.qspmsvc'...
01-01 08:06:01.404 0 0 I init : processing action (sys.boot_completed=1) from (/vendor/etc/init/android.hardware.camera.provider@2.4-service_64.rc:8)
01-01 08:06:01.404 0 0 W cnss-daemon: wlfw_qmi_ind_cb: Receive Ind : 0x21
