03-14 04:11:26.369 1009 9310 W ActivityManager: Receiver with filter android.content.IntentFilter@790fcd4 already registered for pid 8885, callerPackage is com.android.music
03-14 04:11:26.373 1009 9310 W WindowManager: updateScale : 0.79357797
03-14 04:11:26.378 1009 1185 I ActivityTaskManager: clear resize flag in freeform mode
03-14 04:11:26.379 1009 1185 W WindowManager: updateScale : 0.79357797
03-14 04:11:26.379 1009 1009 I GameModeConfig: isGameModeOn = false
03-14 04:11:26.385 1009 1009 I GameModeConfig: isGameModeOn = false
03-14 04:11:26.390 1009 3052 W WindowManager: updateScale : 0.79357797
03-14 04:11:26.407 1009 9751 W WindowManager: updateScale : 0.79357797
03-14 04:11:26.447 1009 1009 I GameModeConfig: isGameModeOn = false
03-14 04:11:26.448 1009 1009 I GameModeConfig: isGameModeOn = false
03-14 04:11:26.629 1009 1185 I ActivityTaskManager: clear resize flag in freeform mode
03-14 04:11:26.629 1009 1185 W WindowManager: updateScale : 0.72782874
03-14 04:11:26.630 1009 1185 W WindowManager: updateScale : 0.72782874
03-14 04:11:26.646 1009 9751 W ActivityManager: Receiver with filter android.content.IntentFilter@96b1240 already registered for pid 8885, callerPackage is com.android.music
03-14 04:11:26.649 1009 1185 I ActivityTaskManager: clear resize flag in freeform mode
03-14 04:11:26.650 1009 1185 W WindowManager: updateScale : 0.6727829
03-14 04:11:26.662 1009 3052 W ActivityManager: Receiver with filter android.content.IntentFilter@fa67579 already registered for pid 8885, callerPackage is com.android.music
03-14 04:11:26.663 1009 1185 I ActivityTaskManager: clear resize flag in freeform mode
03-14 04:11:26.663 1009 1185 W WindowManager: updateScale : 0.62691134
03-14 04:11:26.679 1009 1185 I ActivityTaskManager: clear resize flag in freeform mode
03-14 04:11:26.680 1009 1185 W WindowManager: updateScale : 0.5902141
03-14 04:11:26.696 1009 1185 I ActivityTaskManager: clear resize flag in freeform mode
03-14 04:11:26.696 1009 1185 W WindowManager: updateScale : 0.559633
03-14 04:11:26.698 1009 9647 W ActivityManager: Receiver with filter android.content.IntentFilter@735a76e already registered for pid 8885, callerPackage is com.android.music
03-14 04:11:26.699 1009 9647 W WindowManager: updateScale : 0.559633
03-14 04:11:26.707 1009 1698 I GameModeConfig: isGameModeOn = false
03-14 04:11:26.707 1009 1698 I GameModeConfig: isGameModeOn = false
03-14 04:11:26.707 1009 1698 I GameModeConfig: isGameModeOn = false
03-14 04:11:26.707 1009 1698 I GameModeConfig: isGameModeOn = false
03-14 04:11:26.712 1009 1185 I ActivityTaskManager: clear resize flag in freeform mode
03-14 04:11:26.712 1009 1185 W WindowManager: updateScale : 0.5351682
03-14 04:11:26.719 1009 2635 W ActivityManager: Receiver with filter android.content.IntentFilter@bc85221 already registered for pid 8885, callerPackage is com.android.music
03-14 04:11:26.720 1009 2635 W WindowManager: updateScale : 0.5351682
03-14 04:11:26.728 1009 2635 W WindowManager: updateScale : 0.5351682
03-14 04:11:26.730 1009 1185 I ActivityTaskManager: clear resize flag in freeform mode
03-14 04:11:26.730 1009 1185 W WindowManager: updateScale : 0.5152905
03-14 04:11:26.732 1009 9751 W ActivityManager: Receiver with filter android.content.IntentFilter@3d73646 already registered for pid 8885, callerPackage is com.android.music
03-14 04:11:26.741 1009 9751 W WindowManager: updateScale : 0.5152905
03-14 04:11:26.746 1009 1185 I ActivityTaskManager: clear resize flag in freeform mode
03-14 04:11:26.746 1009 1185 W WindowManager: updateScale : 0.5
03-14 04:11:26.760 1009 9751 W ActivityManager: Receiver with filter android.content.IntentFilter@54fa007 already registered for pid 8885, callerPackage is com.android.music
03-14 04:11:26.763 1009 1185 I ActivityTaskManager: clear resize flag in freeform mode
03-14 04:11:26.764 1009 1185 W WindowManager: updateScale : 0.48776758
03-14 04:11:26.779 1009 9751 W ActivityManager: Receiver with filter android.content.IntentFilter@2137534 already registered for pid 8885, callerPackage is com.android.music
03-14 04:11:26.781 1009 1185 I ActivityTaskManager: clear resize flag in freeform mode
03-14 04:11:26.782 1009 1185 W WindowManager: updateScale : 0.47859326
03-14 04:11:26.792 1009 9751 W WindowManager: updateScale : 0.47859326
03-14 04:11:26.796 1009 1185 I ActivityTaskManager: clear resize flag in freeform mode
03-14 04:11:26.797 1009 1185 W WindowManager: updateScale : 0.470948
03-14 04:11:26.802 1009 2635 W ActivityManager: Receiver with filter android.content.IntentFilter@a36ef5d already registered for pid 8885, callerPackage is com.android.music
03-14 04:11:26.814 1009 1185 I ActivityTaskManager: clear resize flag in freeform mode
03-14 04:11:26.814 1009 1185 W WindowManager: updateScale : 0.46636087
03-14 04:11:26.816 1009 9751 W WindowManager: updateScale : 0.46636087
03-14 04:11:26.825 1009 9751 W ActivityManager: Receiver with filter android.content.IntentFilter@54070d2 already registered for pid 8885, callerPackage is com.android.music
03-14 04:11:26.830 1009 1185 I ActivityTaskManager: clear resize flag in freeform mode
03-14 04:11:26.831 1009 1185 W WindowManager: updateScale : 0.4617737
03-14 04:11:26.843 1009 9751 W ActivityManager: Receiver with filter android.content.IntentFilter@33c35a3 already registered for pid 8885, callerPackage is com.android.music
03-14 04:11:26.847 1009 1185 I ActivityTaskManager: clear resize flag in freeform mode
03-14 04:11:26.847 1009 1185 W WindowManager: updateScale : 0.46024466
03-14 04:11:26.859 1009 9751 W WindowManager: updateScale : 0.46024466
03-14 04:11:26.863 1009 1185 I ActivityTaskManager: clear resize flag in freeform mode
03-14 04:11:26.863 1009 1185 W WindowManager: updateScale : 0.4587156
03-14 04:11:26.869 1009 2635 W ActivityManager: Receiver with filter android.content.IntentFilter@80cb0a0 already registered for pid 8885, callerPackage is com.android.music
03-14 04:11:26.880 1009 1185 I ActivityTaskManager: clear resize flag in freeform mode
03-14 04:11:26.881 1009 1185 W WindowManager: updateScale : 0.45718655
03-14 04:11:26.896 1009 1185 I ActivityTaskManager: clear resize flag in freeform mode
03-14 04:11:26.896 1009 1185 W WindowManager: updateScale : 0.45565748
03-14 04:11:26.913 1009 1185 I ActivityTaskManager: clear resize flag in freeform mode
03-14 04:11:26.914 1009 1185 W WindowManager: updateScale : 0.45565748
03-14 04:11:26.920 1009 2635 W ActivityManager: Receiver with filter android.content.IntentFilter@bddd5c9 already registered for pid 8885, callerPackage is com.android.music
03-14 04:11:26.925 1009 9751 W WindowManager: updateScale : 0.45565748
03-14 04:11:26.929 1009 1698 I GameModeConfig: isGameModeOn = false
03-14 04:11:26.929 1009 1698 I GameModeConfig: isGameModeOn = false
03-14 04:11:26.929 1009 1698 I GameModeConfig: isGameModeOn = false
03-14 04:11:26.929 1009 1698 I GameModeConfig: isGameModeOn = false
03-14 04:11:26.941 1009 1009 I notification_enqueue: [10086,8885,com.android.music,1,NULL,0,Notification(channel=Channel-music shortcut=null contentView=null vibrate=null sound=null defaults=0x0 flags=0x42 color=0x00000000 category=transport actions=4 vis=PRIVATE),1]
03-14 04:11:26.943 1009 1009 I notification_enqueue: [10086,8885,com.android.music,1,NULL,0,Notification(channel=Channel-music shortcut=null contentView=null vibrate=null sound=null defaults=0x0 flags=0x42 color=0x00000000 category=transport actions=4 vis=PRIVATE),1]
03-14 04:11:26.948 1009 9310 W WindowManager: updateScale : 0.45565748
03-14 04:11:27.143 1009 1009 I GameModeConfig: isGameModeOn = false
03-14 04:11:27.144 1009 1009 I GameModeConfig: isGameModeOn = false
03-14 04:11:27.466 1009 1185 I ActivityTaskManager: clear resize flag in freeform mode
03-14 04:11:27.467 1009 1185 W WindowManager: updateScale : 0.51834863
03-14 04:11:27.482 1009 9751 W ActivityManager: Receiver with filter android.content.IntentFilter@80dade7 already registered for pid 8885, callerPackage is com.android.music
03-14 04:11:27.482 1009 1185 I ActivityTaskManager: clear resize flag in freeform mode
03-14 04:11:27.483 1009 1185 W WindowManager: updateScale : 0.5733945
03-14 04:11:27.500 1009 1185 I ActivityTaskManager: clear resize flag in freeform mode
03-14 04:11:27.500 1009 1185 W WindowManager: updateScale : 0.62079513
03-14 04:11:27.515 1009 1185 I ActivityTaskManager: clear resize flag in freeform mode
03-14 04:11:27.515 1009 1185 W WindowManager: updateScale : 0.6590214
03-14 04:11:27.532 1009 1185 I ActivityTaskManager: clear resize flag in freeform mode
03-14 04:11:27.532 1009 1185 W WindowManager: updateScale : 0.6880734
03-14 04:11:27.533 1009 9751 W WindowManager: updateScale : 0.6880734
03-14 04:11:27.538 1009 9647 W ActivityManager: Receiver with filter android.content.IntentFilter@2fbae18 already registered for pid 8885, callerPackage is com.android.music
03-14 04:11:27.548 1009 1698 I GameModeConfig: isGameModeOn = false
03-14 04:11:27.548 1009 1698 I GameModeConfig: isGameModeOn = false
03-14 04:11:27.548 1009 1698 I GameModeConfig: isGameModeOn = false
03-14 04:11:27.548 1009 1698 I GameModeConfig: isGameModeOn = false
03-14 04:11:27.548 1009 1185 I ActivityTaskManager: clear resize flag in freeform mode
03-14 04:11:27.549 1009 1185 W WindowManager: updateScale : 0.7140673
03-14 04:11:27.562 1009 1009 I notification_enqueue: [10086,8885,com.android.music,1,NULL,0,Notification(channel=Channel-music shortcut=null contentView=null vibrate=null sound=null defaults=0x0 flags=0x42 color=0x00000000 category=transport actions=4 vis=PRIVATE),1]
03-14 04:11:27.563 1009 1009 I notification_enqueue: [10086,8885,com.android.music,1,NULL,0,Notification(channel=Channel-music shortcut=null contentView=null vibrate=null sound=null defaults=0x0 flags=0x42 color=0x00000000 category=transport actions=4 vis=PRIVATE),1]
03-14 04:11:27.564 1009 1185 I ActivityTaskManager: clear resize flag in freeform mode
03-14 04:11:27.565 1009 1185 W WindowManager: updateScale : 0.73394495
03-14 04:11:27.570 1009 9751 W ActivityManager: Receiver with filter android.content.IntentFilter@a59d1cf already registered for pid 8885, callerPackage is com.android.music
03-14 04:11:27.581 1009 1185 I ActivityTaskManager: clear resize flag in freeform mode
03-14 04:11:27.581 1009 1185 W WindowManager: updateScale : 0.74923545
03-14 04:11:27.591 1009 2635 W ActivityManager: Receiver with filter android.content.IntentFilter@7dac2de already registered for pid 8885, callerPackage is com.android.music
03-14 04:11:27.593 1009 9751 W WindowManager: updateScale : 0.74923545
03-14 04:11:27.596 1009 1698 I GameModeConfig: isGameModeOn = false
03-14 04:11:27.596 1009 1698 I GameModeConfig: isGameModeOn = false
03-14 04:11:27.596 1009 1698 I GameModeConfig: isGameModeOn = false
03-14 04:11:27.596 1009 1698 I GameModeConfig: isGameModeOn = false
03-14 04:11:27.598 1009 1185 I ActivityTaskManager: clear resize flag in freeform mode
03-14 04:11:27.598 1009 1185 W WindowManager: updateScale : 0.7614679
03-14 04:11:27.598 1009 1185 W WindowManager: updateScale : 0.7614679
03-14 04:11:27.607 1009 1009 I notification_enqueue: [10086,8885,com.android.music,1,NULL,0,Notification(channel=Channel-music shortcut=null contentView=null vibrate=null sound=null defaults=0x0 flags=0x42 color=0x00000000 category=transport actions=4 vis=PRIVATE),1]
03-14 04:11:27.610 1009 1009 I notification_enqueue: [10086,8885,com.android.music,1,NULL,0,Notification(channel=Channel-music shortcut=null contentView=null vibrate=null sound=null defaults=0x0 flags=0x42 color=0x00000000 category=transport actions=4 vis=PRIVATE),1]
03-14 04:11:27.614 1009 1185 I ActivityTaskManager: clear resize flag in freeform mode
03-14 04:11:27.615 1009 1185 W WindowManager: updateScale : 0.7706422
03-14 04:11:27.618 1009 9623 W ActivityManager: Receiver with filter android.content.IntentFilter@5ad94b7 already registered for pid 8885, callerPackage is com.android.music
03-14 04:11:27.627 1009 9623 W WindowManager: updateScale : 0.7706422
03-14 04:11:27.631 1009 1185 I ActivityTaskManager: clear resize flag in freeform mode
03-14 04:11:27.631 1009 1185 W WindowManager: updateScale : 0.7782875
03-14 04:11:27.647 1009 9623 W ActivityManager: Receiver with filter android.content.IntentFilter@ac24424 already registered for pid 8885, callerPackage is com.android.music
03-14 04:11:27.648 1009 1185 I ActivityTaskManager: clear resize flag in freeform mode
03-14 04:11:27.649 1009 1185 W WindowManager: updateScale : 0.78287464
03-14 04:11:27.661 1009 9623 W WindowManager: updateScale : 0.78287464
03-14 04:11:27.665 1009 1185 I ActivityTaskManager: clear resize flag in freeform mode
03-14 04:11:27.666 1009 1185 W WindowManager: updateScale : 0.78746176
03-14 04:11:27.673 1009 9623 W ActivityManager: Receiver with filter android.content.IntentFilter@d522b8d already registered for pid 8885, callerPackage is com.android.music
03-14 04:11:27.677 1009 9623 W WindowManager: updateScale : 0.78746176
03-14 04:11:27.682 1009 1185 I ActivityTaskManager: clear resize flag in freeform mode
03-14 04:11:27.682 1009 1185 W WindowManager: updateScale : 0.78899086
03-14 04:11:27.687 1009 9623 W ActivityManager: Receiver with filter android.content.IntentFilter@14fb142 already registered for pid 8885, callerPackage is com.android.music
03-14 04:11:27.693 1009 9623 W WindowManager: updateScale : 0.78899086
03-14 04:11:27.698 1009 1185 I ActivityTaskManager: clear resize flag in freeform mode
03-14 04:11:27.699 1009 1185 W WindowManager: updateScale : 0.7905199
03-14 04:11:27.710 1009 9623 W WindowManager: updateScale : 0.7905199
03-14 04:11:27.715 1009 1185 I ActivityTaskManager: clear resize flag in freeform mode
03-14 04:11:27.715 1009 1185 W WindowManager: updateScale : 0.79204893
03-14 04:11:27.722 1009 9623 W ActivityManager: Receiver with filter android.content.IntentFilter@1fcc553 already registered for pid 8885, callerPackage is com.android.music
03-14 04:11:27.726 1009 9623 W WindowManager: updateScale : 0.79204893
03-14 04:11:27.732 1009 1185 I ActivityTaskManager: clear resize flag in freeform mode
03-14 04:11:27.732 1009 1185 W WindowManager: updateScale : 0.79357797
03-14 04:11:27.738 1009 9623 W ActivityManager: Receiver with filter android.content.IntentFilter@df17e90 already registered for pid 8885, callerPackage is com.android.music
03-14 04:11:27.743 1009 9623 W WindowManager: updateScale : 0.79357797
03-14 04:11:27.749 1009 1185 I ActivityTaskManager: clear resize flag in freeform mode
03-14 04:11:27.750 1009 1185 W WindowManager: updateScale : 0.79357797
03-14 04:11:27.760 1009 9623 W WindowManager: updateScale : 0.79357797
03-14 04:11:27.763 1009 1009 I GameModeConfig: isGameModeOn = false
03-14 04:11:27.764 1009 1009 I GameModeConfig: isGameModeOn = false
03-14 04:11:27.777 1009 9751 W WindowManager: updateScale : 0.79357797
03-14 04:11:27.808 1009 1009 I GameModeConfig: isGameModeOn = false
03-14 04:11:27.810 1009 1009 I GameModeConfig: isGameModeOn = false
03-14 04:11:27.990 1009 1587 I input_interaction: Interaction with: a99babe com.android.launcher3/com.android.launcher3.uioverrides.QuickstepLauncher (server), 8c59581 com.android.systemui.ImageWallpaper (server), edge-swipe (server), swipe-up (server), PointerEventDispatcher0 (server),
01-01 08:20:59.927 0 0 E DTC_ETH,link_delay_work_func: 3003, SQI=0, link=0
03-14 04:11:31.983 1009 2635 I thunderperf: PlatormCompat.setOverrides: Uid1=10074 Pid1=9852 Uid2=10074 Pid2=9852
03-14 04:11:31.983 1009 2635 I thunderperf: PlatormCompat.setOverrides: needCheck:false
03-14 04:11:31.983 1009 2635 I thunderperf: CompatConfig.addOverrideUnsafe: bef-state=0
03-14 04:11:31.983 1009 2635 I thunderperf: CompatConfig.addOverrideUnsafe: aft-state=0
03-14 04:11:31.984 1009 2635 I thunderperf: CompatConfig.addOverrideUnsafe: bef-state=0
03-14 04:11:31.984 1009 2635 I thunderperf: CompatConfig.addOverrideUnsafe: aft-state=0
03-14 04:11:31.984 1009 2635 I thunderperf: CompatConfig.addOverrideUnsafe: bef-state=0
03-14 04:11:31.984 1009 2635 I thunderperf: CompatConfig.addOverrideUnsafe: aft-state=0
03-14 04:11:31.985 1009 2635 I thunderperf: CompatConfig.addOverrideUnsafe: bef-state=0
03-14 04:11:31.985 1009 2635 I thunderperf: CompatConfig.addOverrideUnsafe: aft-state=0
03-14 04:11:31.985 1009 2635 I thunderperf: CompatConfig.addOverrideUnsafe: bef-state=0
03-14 04:11:31.985 1009 2635 I thunderperf: CompatConfig.addOverrideUnsafe: aft-state=0
03-14 04:11:31.986 1009 2635 I thunderperf: CompatConfig.addOverrideUnsafe: bef-state=0
03-14 04:11:31.986 1009 2635 I thunderperf: CompatConfig.addOverrideUnsafe: aft-state=0
03-14 04:11:31.986 1009 2635 I thunderperf: CompatConfig.addOverrideUnsafe: bef-state=0
03-14 04:11:31.986 1009 2635 I thunderperf: CompatConfig.addOverrideUnsafe: aft-state=0
03-14 04:11:31.987 1009 2635 I thunderperf: CompatConfig.addOverrideUnsafe: bef-state=0
03-14 04:11:31.987 1009 2635 I thunderperf: CompatConfig.addOverrideUnsafe: aft-state=0
03-14 04:11:31.987 1009 2635 I thunderperf: CompatConfig.addOverrideUnsafe: bef-state=0
03-14 04:11:31.987 1009 2635 I thunderperf: CompatConfig.addOverrideUnsafe: aft-state=0
03-14 04:11:31.987 1009 2635 I thunderperf: CompatConfig.addOverrideUnsafe: bef-state=0
03-14 04:11:31.987 1009 2635 I thunderperf: CompatConfig.addOverrideUnsafe: aft-state=0
03-14 04:11:31.988 1009 2635 I thunderperf: CompatConfig.addOverrideUnsafe: bef-state=0
03-14 04:11:31.988 1009 2635 I thunderperf: CompatConfig.addOverrideUnsafe: aft-state=0
03-14 04:11:31.988 1009 2635 I thunderperf: CompatConfig.addOverrideUnsafe: bef-state=0
03-14 04:11:31.988 1009 2635 I thunderperf: CompatConfig.addOverrideUnsafe: aft-state=0
03-14 04:11:31.989 1009 2635 I thunderperf: CompatConfig.addOverrideUnsafe: bef-state=0
03-14 04:11:31.989 1009 2635 I thunderperf: CompatConfig.addOverrideUnsafe: aft-state=0
03-14 04:11:31.989 1009 2635 I thunderperf: CompatConfig.addOverrideUnsafe: bef-state=0
03-14 04:11:31.989 1009 2635 I thunderperf: CompatConfig.addOverrideUnsafe: aft-state=0
03-14 04:11:31.997 1009 2635 I ActivityTaskManager: START u0 {act=android.intent.action.MAIN cat=[android.intent.category.LAUNCHER] flg=0x10200000 cmp=com.android.music/.VideoBrowserActivity} from uid 10074
03-14 04:11:32.002 1009 2635 I wm_task_created: [157,-1]
03-14 04:11:32.002 1009 2635 W ActivityTaskManager: Can't find TaskDisplayArea to determine support for multi window. Task id=157 attached=false
03-14 04:11:32.002 1009 2635 D FreeFormWindowHelper: finish old freeform task = ActivityRecord{3dd0e89 u0 com.android.music/.MusicBrowserActivity t156}
03-14 04:11:32.002 1009 2635 I wm_finish_activity: [0,64818825,156,com.android.music/.MusicBrowserActivity,app-request]
03-14 04:11:32.002 1009 2635 I wm_task_moved: [1,1,7]
03-14 04:11:32.003 1009 2635 I wm_set_resumed_activity: [0,com.android.launcher3/.uioverrides.QuickstepLauncher,positionChildAt]
03-14 04:11:32.003 1009 2635 I wm_task_moved: [149,1,2147483647]
03-14 04:11:32.003 1009 2635 I wm_task_to_front: [0,149]
03-14 04:11:32.003 8885 8885 I wm_on_top_resumed_lost_called: [64818825,com.android.music.MusicBrowserActivity,topStateChangedWhenResumed]
03-14 04:11:32.003 1009 2635 I wm_focused_root_task: [0,0,1,-1,finish-top adjustFocusToNextFocusableTask]
03-14 04:11:32.003 1009 2635 I wm_set_resumed_activity: [0,com.android.launcher3/.uioverrides.QuickstepLauncher,finish-top]
03-14 04:11:32.006 1009 2635 I wm_pause_activity: [0,64818825,com.android.music/.MusicBrowserActivity,userLeaving=false,finish]
03-14 04:11:32.006 1009 2635 D FreeFormWindowHelper: Add freeform task=Task{43d8bcb #157 type=standard ?? U=0 visible=false mode=freeform translucent=true sz=0}
03-14 04:11:32.007 1009 2635 I service_manager_stats: [100,48,41123]
03-14 04:11:32.009 1009 2635 I wm_task_moved: [157,1,7]
03-14 04:11:32.009 1009 2635 I wm_task_to_front: [0,157]
03-14 04:11:32.009 1009 2635 I wm_focused_root_task: [0,0,157,1,reuseOrNewTask]
03-14 04:11:32.009 1009 2635 I wm_create_task: [0,157]
03-14 04:11:32.009 1009 2635 I wm_create_activity: [0,147754920,157,com.android.music/.VideoBrowserActivity,android.intent.action.MAIN,NULL,NULL,270532608]
03-14 04:11:32.009 1009 2635 I wm_task_moved: [157,1,7]
03-14 04:11:32.011 1009 1184 I input_focus: [Focus request a99babe com.android.launcher3/com.android.launcher3.uioverrides.QuickstepLauncher,reason=UpdateInputWindows]
03-14 04:11:32.011 8885 8885 I wm_on_paused_called: [64818825,com.android.music.MusicBrowserActivity,performPause]
03-14 04:11:32.012 1009 9623 I wm_add_to_stopping: [0,64818825,com.android.music/.MusicBrowserActivity,completeFinishing]
03-14 04:11:32.012 1009 9623 I ActivityTaskManager: FOREGROUND_APPLICATION_CHANGED to com.android.music.VideoBrowserActivity
03-14 04:11:32.012 1009 9623 I ActivityTaskManager: The Process com.android.music Already Exists in BG. So sending its PID: 8885
03-14 04:11:32.013 1009 9623 W ActivityTaskManager: Tried to set launchTime (0) < mLastActivityLaunchTime (1243493)
03-14 04:11:32.013 1009 9623 I wm_restart_activity: [0,147754920,157,com.android.music/.VideoBrowserActivity]
03-14 04:11:32.014 1009 9623 I wm_set_resumed_activity: [0,com.android.music/.VideoBrowserActivity,minimalResumeActivityLocked]
03-14 04:11:32.020 1009 1183 I sysui_multi_action: [757,803,799,window_time_0,802,17]
03-14 04:11:32.026 1009 1587 I input_focus: [Focus leaving d08ed97 com.android.music/com.android.music.MusicBrowserActivity (server),reason=NO_WINDOW]
03-14 04:11:32.026 1009 1587 I input_focus: [Focus entering a99babe com.android.launcher3/com.android.launcher3.uioverrides.QuickstepLauncher (server),reason=setFocusedWindow]
03-14 04:11:32.029 8885 8885 I wm_on_create_called: [147754920,com.android.music.VideoBrowserActivity,performCreate]
03-14 04:11:32.030 8885 8885 I wm_on_start_called: [147754920,com.android.music.VideoBrowserActivity,handleStartActivity]
03-14 04:11:32.030 8885 8885 I wm_on_resume_called: [147754920,com.android.music.VideoBrowserActivity,RESUME_ACTIVITY]
03-14 04:11:32.032 8885 8885 I wm_on_top_resumed_gained_called: [147754920,com.android.music.VideoBrowserActivity,topStateChangedWhenResumed]
03-14 04:11:32.040 1009 9751 W WindowManager: updateScale : 0.79357797
03-14 04:11:32.043 1009 1184 I input_focus: [Focus request e85083e com.android.music/com.android.music.VideoBrowserActivity,reason=UpdateInputWindows]
03-14 04:11:32.049 1009 1184 W WindowManager: updateScale : 0.79357797
03-14 04:11:32.053 1009 1180 I wm_activity_launch_time: [0,147754920,com.android.music/.VideoBrowserActivity,55]
03-14 04:11:32.053 1009 1184 W WindowManager: updateScale : 0.79357797
03-14 04:11:32.055 1009 1184 W WindowManager: updateScale : 0.79357797
03-14 04:11:32.058 1009 1587 I input_focus: [Focus leaving a99babe com.android.launcher3/com.android.launcher3.uioverrides.QuickstepLauncher (server),reason=setFocusedWindow]
03-14 04:11:32.058 1009 1587 I input_focus: [Focus entering e85083e com.android.music/com.android.music.VideoBrowserActivity (server),reason=setFocusedWindow]
03-14 04:11:32.116 1009 9647 W FreeFormWindowHelper: Current Display FreeFormTask is Task{43d8bcb #157 type=standard A=10086:android.task.video U=0 visible=true mode=freeform translucent=false sz=1}
03-14 04:11:32.116 1009 9647 W FreeFormWindowHelper: Current Display FreeFormTask is Task{43d8bcb #157 type=standard A=10086:android.task.video U=0 visible=true mode=freeform translucent=false sz=1}
03-14 04:11:32.324 1009 1184 W WindowManager: updateScale : 0.79357797
03-14 04:11:32.325 1009 1183 I wm_destroy_activity: [0,64818825,156,com.android.music/.MusicBrowserActivity,finish-imm:idle]
03-14 04:11:32.340 1009 9647 W WindowManager: updateScale : 0.79357797
03-14 04:11:32.342 8885 8885 I wm_on_stop_called: [64818825,com.android.music.MusicBrowserActivity,LIFECYCLER_STOP_ACTIVITY]
03-14 04:11:32.343 8885 8885 I wm_on_destroy_called: [64818825,com.android.music.MusicBrowserActivity,performDestroy]
03-14 04:11:32.344 1009 2635 W WindowManager: updateScale : 0.79357797
03-14 04:11:32.345 1009 2635 I wm_task_removed: [156,removeChild:removeChild last r=ActivityRecord{3dd0e89 u0 com.android.music/.MusicBrowserActivity t-1 f}} in t=Task{e072590 #156 type=standard A=10086:android.task.music U=0 visible=false mode=freeform translucent=true sz=0}]
03-14 04:11:32.345 1009 2635 I wm_task_removed: [156,removeChild]
03-14 04:11:32.967 0 0 I auditd : type=1400 audit(0.0:4084): avc: denied { kill } for comm="swapper/2" capability=5 scontext=u:r:kernel:s0 tcontext=u:r:kernel:s0 tclass=capability permissive=1
03-14 04:11:33.827 1009 1587 I input_interaction: Interaction with: e85083e com.android.music/com.android.music.VideoBrowserActivity (server), edge-swipe (server), swipe-up (server), PointerEventDispatcher0 (server),
03-14 04:11:35.681 1009 9647 I wm_finish_activity: [0,147754920,157,com.android.music/.VideoBrowserActivity,finish-activity]
03-14 04:11:35.681 1009 9647 I wm_task_moved: [1,1,6]
03-14 04:11:35.682 1009 9647 I wm_set_resumed_activity: [0,com.android.launcher3/.uioverrides.QuickstepLauncher,positionChildAt]
03-14 04:11:35.682 1009 9647 I wm_task_moved: [149,1,2147483647]
03-14 04:11:35.682 1009 9647 I wm_task_to_front: [0,149]
03-14 04:11:35.682 1009 9647 I wm_focused_root_task: [0,0,1,-1,finish-top adjustFocusToNextFocusableTask]
03-14 04:11:35.682 1009 9647 I wm_set_resumed_activity: [0,com.android.launcher3/.uioverrides.QuickstepLauncher,finish-top]
03-14 04:11:35.683 1009 9647 I wm_pause_activity: [0,147754920,com.android.music/.VideoBrowserActivity,userLeaving=false,finish]
03-14 04:11:35.685 1009 1587 I input_focus: [Focus leaving e85083e com.android.music/com.android.music.VideoBrowserActivity (server),reason=NOT_VISIBLE]
03-14 04:11:35.686 1009 1184 I input_focus: [Focus request a99babe com.android.launcher3/com.android.launcher3.uioverrides.QuickstepLauncher,reason=UpdateInputWindows]
03-14 04:11:35.695 8885 8885 I wm_on_top_resumed_lost_called: [147754920,com.android.music.VideoBrowserActivity,topStateChangedWhenResumed]
03-14 04:11:35.701 1009 1587 I input_focus: [Focus entering a99babe com.android.launcher3/com.android.launcher3.uioverrides.QuickstepLauncher (server),reason=setFocusedWindow]
03-14 04:11:35.704 1009 1183 I sysui_multi_action: [757,803,799,window_time_2,802,4]
03-14 04:11:35.705 8885 8885 I wm_on_paused_called: [147754920,com.android.music.VideoBrowserActivity,performPause]
03-14 04:11:35.706 9852 9852 I wm_on_top_resumed_gained_called: [94520459,com.android.launcher3.uioverrides.QuickstepLauncher,topStateChangedWhenResumed]
03-14 04:11:35.707 1009 2635 I ActivityTaskManager: FOREGROUND_APPLICATION_CHANGED to com.android.launcher3.uioverrides.QuickstepLauncher
03-14 04:11:35.707 1009 2635 I wm_destroy_activity: [0,147754920,157,com.android.music/.VideoBrowserActivity,finish-imm:completePausedLocked]
03-14 04:11:35.714 1009 1183 I sysui_multi_action: [757,803,799,window_time_0,802,0]
03-14 04:11:35.718 1009 9751 W ActivityManager: Receiver with filter android.content.IntentFilter@468d07f already registered for pid 8885, callerPackage is com.android.music
03-14 04:11:35.720 1009 2881 E TaskPersister: File error accessing recents directory (directory doesn't exist?).
03-14 04:11:35.722 8885 8885 I wm_on_stop_called: [147754920,com.android.music.VideoBrowserActivity,LIFECYCLER_STOP_ACTIVITY]
03-14 04:11:35.723 8885 8885 I wm_on_destroy_called: [147754920,com.android.music.VideoBrowserActivity,performDestroy]
03-14 04:11:35.728 1009 9751 I wm_task_removed: [157,removeChild:removeChild last r=ActivityRecord{8ce8fa8 u0 com.android.music/.VideoBrowserActivity t-1 f}} in t=Task{43d8bcb #157 type=standard A=10086:android.task.video U=0 visible=false mode=freeform translucent=true sz=0}]
03-14 04:11:35.728 1009 9751 I wm_task_removed: [157,removeChild]
03-14 04:11:35.728 1009 9751 D FreeFormWindowHelper: Remove freefrom task=Task{43d8bcb #157 type=standard A=10086:android.task.video U=0 visible=false mode=freeform translucent=true sz=0}
03-14 04:11:35.815 1009 9647 W FreeFormWindowHelper: Current Display FreeFormTask is null
03-14 04:11:35.815 1009 9751 W FreeFormWindowHelper: Current Display FreeFormTask is null
03-14 04:11:36.252 1009 1587 I input_interaction: Interaction with: a99babe com.android.launcher3/com.android.launcher3.uioverrides.QuickstepLauncher (server), 8c59581 com.android.systemui.ImageWallpaper (server), edge-swipe (server), swipe-up (server), PointerEventDispatcher0 (server),
03-14 04:11:36.301 1009 9647 W FreeFormWindowHelper: Current Display FreeFormTask is null
03-14 04:11:36.302 1009 9647 W FreeFormWindowHelper: Current Display FreeFormTask is null
03-14 04:11:36.302 1009 9647 W FreeFormWindowHelper: Current Display FreeFormTask is null
03-14 04:11:36.323 1009 1180 D AutofillManagerService: Close system dialogs
03-14 04:11:36.323 1009 9623 W FreeFormWindowHelper: Current Display FreeFormTask is null
03-14 04:11:36.324 1009 9623 W FreeFormWindowHelper: Current Display FreeFormTask is null
03-14 04:11:36.325 9852 9852 I view_enqueue_input_event: [Motion - Cancel,com.android.launcher3/com.android.launcher3.uioverrides.QuickstepLauncher]
03-14 04:11:36.325 1009 9623 W FreeFormWindowHelper: Current Display FreeFormTask is null
03-14 04:11:36.327 1009 9560 W FreeFormWindowHelper: Current Display FreeFormTask is null
03-14 04:11:36.329 1009 9560 W FreeFormWindowHelper: Current Display FreeFormTask is null
03-14 04:11:36.329 1009 9560 W FreeFormWindowHelper: Current Display FreeFormTask is null
03-14 04:11:36.331 1009 1587 I input_interaction: Interaction with: edge-swipe (server), swipe-up (server), PointerEventDispatcher0 (server),
03-14 04:11:36.332 1009 9560 W FreeFormWindowHelper: Current Display FreeFormTask is null
03-14 04:11:36.332 1009 9647 W FreeFormWindowHelper: Current Display FreeFormTask is null
03-14 04:11:36.343 1009 9623 W ActivityTaskManager: getTaskSnapshot: taskId=-409 not found
03-14 04:11:36.343 1009 9623 W ActivityTaskManager: getTaskSnapshot: taskId=-408 not found
03-14 04:11:36.349 1009 9623 W FreeFormWindowHelper: Current Display FreeFormTask is null
03-14 04:11:36.349 1009 9623 W FreeFormWindowHelper: Current Display FreeFormTask is null
01-01 08:21:05.043 0 0 E DTC_ETH,link_delay_work_func: 3003, SQI=0, link=0
03-14 04:11:36.365 1009 9623 W FreeFormWindowHelper: Current Display FreeFormTask is null
03-14 04:11:36.365 1009 9623 W FreeFormWindowHelper: Current Display FreeFormTask is null
03-14 04:11:36.505 1009 1488 I commit_sys_config_file: [settings-1-0,3]
03-14 04:11:36.589 1009 9623 W FreeFormWindowHelper: Current Display FreeFormTask is null
03-14 04:11:36.590 1009 9623 W FreeFormWindowHelper: Current Display FreeFormTask is null
03-14 04:11:36.603 1009 9560 W FreeFormWindowHelper: Current Display FreeFormTask is null
03-14 04:11:36.603 1009 9560 W FreeFormWindowHelper: Current Display FreeFormTask is null
03-14 04:11:36.621 1009 9560 W FreeFormWindowHelper: Current Display FreeFormTask is null
03-14 04:11:36.621 1009 9560 W FreeFormWindowHelper: Current Display FreeFormTask is null
03-14 04:11:36.637 1009 9623 W FreeFormWindowHelper: Current Display FreeFormTask is null
03-14 04:11:36.638 1009 9623 W FreeFormWindowHelper: Current Display FreeFormTask is null
03-14 04:11:36.656 1009 9560 W FreeFormWindowHelper: Current Display FreeFormTask is null
03-14 04:11:36.656 1009 9623 W FreeFormWindowHelper: Current Display FreeFormTask is null
03-14 04:11:36.673 1009 9560 W FreeFormWindowHelper: Current Display FreeFormTask is null
03-14 04:11:36.673 1009 9623 W FreeFormWindowHelper: Current Display FreeFormTask is null
03-14 04:11:36.689 1009 9560 W FreeFormWindowHelper: Current Display FreeFormTask is null
03-14 04:11:36.689 1009 9623 W FreeFormWindowHelper: Current Display FreeFormTask is null
03-14 04:11:36.706 1009 9560 W FreeFormWindowHelper: Current Display FreeFormTask is null
03-14 04:11:36.706 1009 9623 W FreeFormWindowHelper: Current Display FreeFormTask is null
03-14 04:11:36.722 1009 9560 W FreeFormWindowHelper: Current Display FreeFormTask is null
03-14 04:11:36.722 1009 9623 W FreeFormWindowHelper: Current Display FreeFormTask is null
03-14 04:11:36.739 1009 9560 W FreeFormWindowHelper: Current Display FreeFormTask is null
03-14 04:11:36.740 1009 9623 W FreeFormWindowHelper: Current Display FreeFormTask is null
03-14 04:11:36.756 1009 9647 W FreeFormWindowHelper: Current Display FreeFormTask is null
03-14 04:11:36.756 1009 9647 W FreeFormWindowHelper: Current Display FreeFormTask is null
03-14 04:11:36.773 1009 9647 W FreeFormWindowHelper: Current Display FreeFormTask is null
03-14 04:11:36.773 1009 9647 W FreeFormWindowHelper: Current Display FreeFormTask is null
03-14 04:11:36.782 1009 1488 I commit_sys_config_file: [settings-1-0,7]
03-14 04:11:36.791 1009 9647 W FreeFormWindowHelper: Current Display FreeFormTask is null
03-14 04:11:36.791 1009 9647 W FreeFormWindowHelper: Current Display FreeFormTask is null
03-14 04:11:36.804 1009 9647 W FreeFormWindowHelper: Current Display FreeFormTask is null
03-14 04:11:36.805 1009 9647 W FreeFormWindowHelper: Current Display FreeFormTask is null
03-14 04:11:36.828 1009 9647 W FreeFormWindowHelper: Current Display FreeFormTask is null
03-14 04:11:36.828 1009 9647 W FreeFormWindowHelper: Current Display FreeFormTask is null
03-14 04:11:36.837 1009 9647 W FreeFormWindowHelper: Current Display FreeFormTask is null
03-14 04:11:36.838 1009 9647 W FreeFormWindowHelper: Current Display FreeFormTask is null
03-14 04:11:36.855 1009 9560 W FreeFormWindowHelper: Current Display FreeFormTask is null
03-14 04:11:36.856 1009 9560 W FreeFormWindowHelper: Current Display FreeFormTask is null
03-14 04:11:36.874 1009 9560 W FreeFormWindowHelper: Current Display FreeFormTask is null
03-14 04:11:36.874 1009 9560 W FreeFormWindowHelper: Current Display FreeFormTask is null
03-14 04:11:36.894 1009 9647 W FreeFormWindowHelper: Current Display FreeFormTask is null
03-14 04:11:36.894 1009 9560 W FreeFormWindowHelper: Current Display FreeFormTask is null
03-14 04:11:36.895 1009 9647 W FreeFormWindowHelper: Current Display FreeFormTask is null
03-14 04:11:36.920 1009 9560 W FreeFormWindowHelper: Current Display FreeFormTask is null
03-14 04:11:36.920 1009 9560 W FreeFormWindowHelper: Current Display FreeFormTask is null
03-14 04:11:37.442 1009 1587 I input_interaction: Interaction with: a99babe com.android.launcher3/com.android.launcher3.uioverrides.QuickstepLauncher (server), 8c59581 com.android.systemui.ImageWallpaper (server), edge-swipe (server), swipe-up (server), PointerEventDispatcher0 (server),
03-14 04:11:37.487 9852 9852 I view_enqueue_input_event: [Motion - Cancel,com.android.launcher3/com.android.launcher3.uioverrides.QuickstepLauncher]
03-14 04:11:37.487 1009 1180 D AutofillManagerService: Close system dialogs
03-14 04:11:37.494 1009 1587 I input_interaction: Interaction with: edge-swipe (server), swipe-up (server), PointerEventDispatcher0 (server),
03-14 04:11:37.561 1009 9560 W FreeFormWindowHelper: exitRecentTasks type=0
03-14 04:11:37.563 1009 1180 D AutofillManagerService: Close system dialogs
03-14 04:11:38.608 1009 1587 I input_interaction: Interaction with: a99babe com.android.launcher3/com.android.launcher3.uioverrides.QuickstepLauncher (server), 8c59581 com.android.systemui.ImageWallpaper (server), edge-swipe (server), swipe-up (server), PointerEventDispatcher0 (server),
03-14 04:11:38.734 1009 2881 E TaskPersister: File error accessing recents directory (directory doesn't exist?).
03-14 04:11:40.936 1009 9647 I thunderperf: PlatormCompat.setOverrides: Uid1=10074 Pid1=9852 Uid2=10074 Pid2=9852
03-14 04:11:40.936 1009 9647 I thunderperf: PlatormCompat.setOverrides: needCheck:false
03-14 04:11:40.937 1009 9647 I thunderperf: CompatConfig.addOverrideUnsafe: bef-state=0
03-14 04:11:40.937 1009 9647 I thunderperf: CompatConfig.addOverrideUnsafe: aft-state=0
03-14 04:11:40.938 1009 9647 I thunderperf: CompatConfig.addOverrideUnsafe: bef-state=0
03-14 04:11:40.938 1009 9647 I thunderperf: CompatConfig.addOverrideUnsafe: aft-state=0
03-14 04:11:40.938 1009 9647 I thunderperf: CompatConfig.addOverrideUnsafe: bef-state=0
03-14 04:11:40.938 1009 9647 I thunderperf: CompatConfig.addOverrideUnsafe: aft-state=0
03-14 04:11:40.939 1009 9647 I thunderperf: CompatConfig.addOverrideUnsafe: bef-state=0
03-14 04:11:40.939 1009 9647 I thunderperf: CompatConfig.addOverrideUnsafe: aft-state=0
03-14 04:11:40.939 1009 9647 I thunderperf: CompatConfig.addOverrideUnsafe: bef-state=0
03-14 04:11:40.939 1009 9647 I thunderperf: CompatConfig.addOverrideUnsafe: aft-state=0
03-14 04:11:40.940 1009 9647 I thunderperf: CompatConfig.addOverrideUnsafe: bef-state=0
03-14 04:11:40.940 1009 9647 I thunderperf: CompatConfig.addOverrideUnsafe: aft-state=0
03-14 04:11:40.940 1009 9647 I thunderperf: CompatConfig.addOverrideUnsafe: bef-state=0
03-14 04:11:40.940 1009 9647 I thunderperf: CompatConfig.addOverrideUnsafe: aft-state=0
03-14 04:11:40.941 1009 9647 I thunderperf: CompatConfig.addOverrideUnsafe: bef-state=0
03-14 04:11:40.941 1009 9647 I thunderperf: CompatConfig.addOverrideUnsafe: aft-state=0
03-14 04:11:40.941 1009 9647 I thunderperf: CompatConfig.addOverrideUnsafe: bef-state=0
03-14 04:11:40.941 1009 9647 I thunderperf: CompatConfig.addOverrideUnsafe: aft-state=0
03-14 04:11:40.942 1009 9647 I thunderperf: CompatConfig.addOverrideUnsafe: bef-state=0
03-14 04:11:40.942 1009 9647 I thunderperf: CompatConfig.addOverrideUnsafe: aft-state=0
03-14 04:11:40.942 1009 9647 I thunderperf: CompatConfig.addOverrideUnsafe: bef-state=0
03-14 04:11:40.942 1009 9647 I thunderperf: CompatConfig.addOverrideUnsafe: aft-state=0
03-14 04:11:40.942 1009 9647 I thunderperf: CompatConfig.addOverrideUnsafe: bef-state=0
03-14 04:11:40.942 1009 9647 I thunderperf: CompatConfig.addOverrideUnsafe: aft-state=0
03-14 04:11:40.943 1009 9647 I thunderperf: CompatConfig.addOverrideUnsafe: bef-state=0
03-14 04:11:40.943 1009 9647 I thunderperf: CompatConfig.addOverrideUnsafe: aft-state=0
03-14 04:11:40.943 1009 9647 I thunderperf: CompatConfig.addOverrideUnsafe: bef-state=0
03-14 04:11:40.943 1009 9647 I thunderperf: CompatConfig.addOverrideUnsafe: aft-state=0
03-14 04:11:40.952 1009 9647 I ActivityTaskManager: START u0 {act=android.intent.action.MAIN cat=[android.intent.category.LAUNCHER] flg=0x10200000 cmp=com.android.music/.MusicBrowserActivity} from uid 10074
03-14 04:11:40.957 1009 9647 I wm_task_created: [158,-1]
03-14 04:11:40.957 1009 9647 W ActivityTaskManager: Can't find TaskDisplayArea to determine support for multi window. Task id=158 attached=false
03-14 04:11:40.958 1009 9647 D FreeFormWindowHelper: Add freeform task=Task{ad28a4e #158 type=standard ?? U=0 visible=false mode=freeform translucent=true sz=0}
03-14 04:11:40.960 1009 9647 I wm_task_moved: [158,1,6]
03-14 04:11:40.960 1009 9647 I wm_task_to_front: [0,158]
03-14 04:11:40.960 1009 9647 I wm_create_task: [0,158]
03-14 04:11:40.960 1009 9647 I wm_create_activity: [0,136107887,158,com.android.music/.MusicBrowserActivity,android.intent.action.MAIN,NULL,NULL,270532608]
03-14 04:11:40.960 1009 9647 I wm_task_moved: [158,1,6]
03-14 04:11:40.960 1009 9647 I ActivityTaskManager: FOREGROUND_APPLICATION_CHANGED to com.android.music.MusicBrowserActivity
03-14 04:11:40.961 1009 9647 I ActivityTaskManager: The Process com.android.music Already Exists in BG. So sending its PID: 8885
03-14 04:11:40.961 1009 9647 W ActivityTaskManager: Tried to set launchTime (0) < mLastActivityLaunchTime (1258488)
03-14 04:11:40.961 1009 9647 I wm_restart_activity: [0,136107887,158,com.android.music/.MusicBrowserActivity]
03-14 04:11:40.962 1009 9647 I wm_set_resumed_activity: [0,com.android.music/.MusicBrowserActivity,minimalResumeActivityLocked]
03-14 04:11:40.962 1009 9560 W ActivityManager: Receiver with filter android.content.IntentFilter@cc5bc7c already registered for pid 8885, callerPackage is com.android.music
03-14 04:11:40.964 9852 9852 I wm_on_top_resumed_lost_called: [94520459,com.android.launcher3.uioverrides.QuickstepLauncher,topStateChangedWhenResumed]
03-14 04:11:40.979 8885 8885 I wm_on_create_called: [136107887,com.android.music.MusicBrowserActivity,performCreate]
03-14 04:11:40.984 8885 8885 I wm_on_start_called: [136107887,com.android.music.MusicBrowserActivity,handleStartActivity]
03-14 04:11:40.985 8885 8885 I wm_on_resume_called: [136107887,com.android.music.MusicBrowserActivity,RESUME_ACTIVITY]
03-14 04:11:40.987 8885 8885 I wm_on_top_resumed_gained_called: [136107887,com.android.music.MusicBrowserActivity,topStateChangedWhenResumed]
03-14 04:11:40.987 1009 1698 I GameModeConfig: isGameModeOn = false
03-14 04:11:40.987 1009 1698 I GameModeConfig: isGameModeOn = false
03-14 04:11:40.987 1009 1698 I GameModeConfig: isGameModeOn = false
03-14 04:11:40.987 1009 1698 I GameModeConfig: isGameModeOn = false
03-14 04:11:41.001 1009 1009 I notification_enqueue: [10086,8885,com.android.music,1,NULL,0,Notification(channel=Channel-music shortcut=null contentView=null vibrate=null sound=null defaults=0x0 flags=0x42 color=0x00000000 category=transport actions=4 vis=PRIVATE),1]
03-14 04:11:41.003 1009 1009 I notification_enqueue: [10086,8885,com.android.music,1,NULL,0,Notification(channel=Channel-music shortcut=null contentView=null vibrate=null sound=null defaults=0x0 flags=0x42 color=0x00000000 category=transport actions=4 vis=PRIVATE),1]
03-14 04:11:41.005 1009 1698 I GameModeConfig: isGameModeOn = false
03-14 04:11:41.005 1009 1698 I GameModeConfig: isGameModeOn = false
03-14 04:11:41.005 1009 1698 I GameModeConfig: isGameModeOn = false
03-14 04:11:41.005 1009 1698 I GameModeConfig: isGameModeOn = false
03-14 04:11:41.017 1009 1009 I notification_enqueue: [10086,8885,com.android.music,1,NULL,0,Notification(channel=Channel-music shortcut=null contentView=null vibrate=null sound=null defaults=0x0 flags=0x42 color=0x00000000 category=transport actions=4 vis=PRIVATE),1]
03-14 04:11:41.019 1009 1009 I notification_enqueue: [10086,8885,com.android.music,1,NULL,0,Notification(channel=Channel-music shortcut=null contentView=null vibrate=null sound=null defaults=0x0 flags=0x42 color=0x00000000 category=transport actions=4 vis=PRIVATE),1]
03-14 04:11:41.035 1009 9751 W WindowManager: updateScale : 0.79357797
03-14 04:11:41.036 1009 1184 I input_focus: [Focus request f46d62d com.android.music/com.android.music.MusicBrowserActivity,reason=UpdateInputWindows]
03-14 04:11:41.045 1009 1184 W WindowManager: updateScale : 0.79357797
03-14 04:11:41.047 1009 1184 W WindowManager: updateScale : 0.79357797
03-14 04:11:41.048 1009 1184 W WindowManager: updateScale : 0.79357797
03-14 04:11:41.049 1009 1180 I sysui_multi_action: [319,95,322,94,325,1267,757,761,758,8,759,2,806,com.android.music,871,com.android.music.MusicBrowserActivity,904,com.android.launcher3,905,0,1320,4,1321,1]
03-14 04:11:41.049 1009 1180 I wm_activity_launch_time: [0,136107887,com.android.music/.MusicBrowserActivity,94]
03-14 04:11:41.062 1009 1587 I input_focus: [Focus leaving a99babe com.android.launcher3/com.android.launcher3.uioverrides.QuickstepLauncher (server),reason=setFocusedWindow]
03-14 04:11:41.062 1009 1587 I input_focus: [Focus entering f46d62d com.android.music/com.android.music.MusicBrowserActivity (server),reason=setFocusedWindow]
03-14 04:11:41.201 1009 1009 I GameModeConfig: isGameModeOn = false
03-14 04:11:41.203 1009 1009 I GameModeConfig: isGameModeOn = false
03-14 04:11:41.218 1009 1009 I GameModeConfig: isGameModeOn = false
03-14 04:11:41.218 1009 1009 I GameModeConfig: isGameModeOn = false
03-14 04:11:41.285 1009 1188 I am_pss : [10009,10023,com.android.documentsui,34451456,28278784,0,157437952,0,18,6]
03-14 04:11:41.328 1009 1184 W WindowManager: updateScale : 0.79357797
01-01 08:21:10.163 0 0 E DTC_ETH,link_delay_work_func: 3003, SQI=0, link=0
03-14 04:11:44.207 1009 9647 I thunderperf: PlatormCompat.setOverrides: Uid1=10074 Pid1=9852 Uid2=10074 Pid2=9852
03-14 04:11:44.207 1009 9647 I thunderperf: PlatormCompat.setOverrides: needCheck:false
03-14 04:11:44.207 1009 9647 I thunderperf: CompatConfig.addOverrideUnsafe: bef-state=0
03-14 04:11:44.207 1009 9647 I thunderperf: CompatConfig.addOverrideUnsafe: aft-state=0
03-14 04:11:44.208 1009 9647 I thunderperf: CompatConfig.addOverrideUnsafe: bef-state=0
03-14 04:11:44.208 1009 9647 I thunderperf: CompatConfig.addOverrideUnsafe: aft-state=0
03-14 04:11:44.209 1009 9647 I thunderperf: CompatConfig.addOverrideUnsafe: bef-state=0
03-14 04:11:44.209 1009 9647 I thunderperf: CompatConfig.addOverrideUnsafe: aft-state=0
03-14 04:11:44.210 1009 9647 I thunderperf: CompatConfig.addOverrideUnsafe: bef-state=0
03-14 04:11:44.210 1009 9647 I thunderperf: CompatConfig.addOverrideUnsafe: aft-state=0
03-14 04:11:44.211 1009 9647 I thunderperf: CompatConfig.addOverrideUnsafe: bef-state=0
03-14 04:11:44.211 1009 9647 I thunderperf: CompatConfig.addOverrideUnsafe: aft-state=0
03-14 04:11:44.211 1009 9647 I thunderperf: CompatConfig.addOverrideUnsafe: bef-state=0
03-14 04:11:44.211 1009 9647 I thunderperf: CompatConfig.addOverrideUnsafe: aft-state=0
03-14 04:11:44.212 1009 9647 I thunderperf: CompatConfig.addOverrideUnsafe: bef-state=0
03-14 04:11:44.212 1009 9647 I thunderperf: CompatConfig.addOverrideUnsafe: aft-state=0
03-14 04:11:44.212 1009 9647 I thunderperf: CompatConfig.addOverrideUnsafe: bef-state=0
03-14 04:11:44.212 1009 9647 I thunderperf: CompatConfig.addOverrideUnsafe: aft-state=0
03-14 04:11:44.212 1009 9647 I thunderperf: CompatConfig.addOverrideUnsafe: bef-state=0
03-14 04:11:44.212 1009 9647 I thunderperf: CompatConfig.addOverrideUnsafe: aft-state=0
03-14 04:11:44.213 1009 9647 I thunderperf: CompatConfig.addOverrideUnsafe: bef-state=0
03-14 04:11:44.213 1009 9647 I thunderperf: CompatConfig.addOverrideUnsafe: aft-state=0
03-14 04:11:44.214 1009 9647 I thunderperf: CompatConfig.addOverrideUnsafe: bef-state=0
03-14 04:11:44.214 1009 9647 I thunderperf: CompatConfig.addOverrideUnsafe: aft-state=0
03-14 04:11:44.215 1009 9647 I thunderperf: CompatConfig.addOverrideUnsafe: bef-state=0
03-14 04:11:44.215 1009 9647 I thunderperf: CompatConfig.addOverrideUnsafe: aft-state=0
03-14 04:11:44.215 1009 9647 I thunderperf: CompatConfig.addOverrideUnsafe: bef-state=0
03-14 04:11:44.215 1009 9647 I thunderperf: CompatConfig.addOverrideUnsafe: aft-state=0
03-14 04:11:44.216 1009 9647 I thunderperf: CompatConfig.addOverrideUnsafe: bef-state=0
03-14 04:11:44.216 1009 9647 I thunderperf: CompatConfig.addOverrideUnsafe: aft-state=0
03-14 04:11:44.223 1009 9647 I ActivityTaskManager: START u0 {act=android.intent.action.MAIN cat=[android.intent.category.LAUNCHER] flg=0x10200000 cmp=com.android.music/.VideoBrowserActivity} from uid 10074
03-14 04:11:44.227 1009 9647 I wm_task_created: [159,-1]
03-14 04:11:44.227 1009 9647 W ActivityTaskManager: Can't find TaskDisplayArea to determine support for multi window. Task id=159 attached=false
03-14 04:11:44.228 1009 9647 D FreeFormWindowHelper: finish old freeform task = ActivityRecord{81cd76f u0 com.android.music/.MusicBrowserActivity t158}
03-14 04:11:44.228 1009 9647 I wm_finish_activity: [0,136107887,158,com.android.music/.MusicBrowserActivity,app-request]
03-14 04:11:44.228 1009 9647 I wm_task_moved: [1,1,7]
03-14 04:11:44.229 1009 9647 I wm_set_resumed_activity: [0,com.android.launcher3/.uioverrides.QuickstepLauncher,positionChildAt]
03-14 04:11:44.229 1009 9647 I wm_task_moved: [149,1,2147483647]
03-14 04:11:44.229 1009 9647 I wm_task_to_front: [0,149]
03-14 04:11:44.229 8885 8885 I wm_on_top_resumed_lost_called: [136107887,com.android.music.MusicBrowserActivity,topStateChangedWhenResumed]
03-14 04:11:44.229 1009 9647 I wm_focused_root_task: [0,0,1,-1,finish-top adjustFocusToNextFocusableTask]
03-14 04:11:44.229 1009 9647 I wm_set_resumed_activity: [0,com.android.launcher3/.uioverrides.QuickstepLauncher,finish-top]
03-14 04:11:44.232 1009 9647 I wm_pause_activity: [0,136107887,com.android.music/.MusicBrowserActivity,userLeaving=false,finish]
03-14 04:11:44.232 1009 9647 D FreeFormWindowHelper: Add freeform task=Task{ff0941a #159 type=standard ?? U=0 visible=false mode=freeform translucent=true sz=0}
03-14 04:11:44.235 1009 9647 I wm_task_moved: [159,1,7]
03-14 04:11:44.235 1009 9647 I wm_task_to_front: [0,159]
03-14 04:11:44.235 1009 9647 I wm_focused_root_task: [0,0,159,1,reuseOrNewTask]
03-14 04:11:44.235 1009 9647 I wm_create_task: [0,159]
03-14 04:11:44.235 1009 9647 I wm_create_activity: [0,212544331,159,com.android.music/.VideoBrowserActivity,android.intent.action.MAIN,NULL,NULL,270532608]
03-14 04:11:44.235 1009 9647 I wm_task_moved: [159,1,7]
03-14 04:11:44.237 1009 1184 I input_focus: [Focus request a99babe com.android.launcher3/com.android.launcher3.uioverrides.QuickstepLauncher,reason=UpdateInputWindows]
03-14 04:11:44.237 8885 8885 I wm_on_paused_called: [136107887,com.android.music.MusicBrowserActivity,performPause]
03-14 04:11:44.238 1009 9751 I wm_add_to_stopping: [0,136107887,com.android.music/.MusicBrowserActivity,completeFinishing]
03-14 04:11:44.238 1009 9751 I ActivityTaskManager: FOREGROUND_APPLICATION_CHANGED to com.android.music.VideoBrowserActivity
03-14 04:11:44.238 1009 9751 I ActivityTaskManager: The Process com.android.music Already Exists in BG. So sending its PID: 8885
03-14 04:11:44.238 1009 9751 W ActivityTaskManager: Tried to set launchTime (0) < mLastActivityLaunchTime (1267436)
03-14 04:11:44.239 1009 9751 I wm_restart_activity: [0,212544331,159,com.android.music/.VideoBrowserActivity]
03-14 04:11:44.239 1009 9751 I wm_set_resumed_activity: [0,com.android.music/.VideoBrowserActivity,minimalResumeActivityLocked]
03-14 04:11:44.245 1009 1183 I sysui_multi_action: [757,803,799,window_time_0,802,8]
03-14 04:11:44.252 1009 1587 I input_focus: [Focus leaving f46d62d com.android.music/com.android.music.MusicBrowserActivity (server),reason=NO_WINDOW]
03-14 04:11:44.252 1009 1587 I input_focus: [Focus entering a99babe com.android.launcher3/com.android.launcher3.uioverrides.QuickstepLauncher (server),reason=setFocusedWindow]
