03-14 04:11:53.328 1009 1185 I ActivityTaskManager: clear resize flag in freeform mode
03-14 04:11:53.328 1009 1185 W WindowManager: updateScale : 0.45565748
03-14 04:11:53.336 1009 9560 W ActivityManager: Receiver with filter android.content.IntentFilter@3df0d45 already registered for pid 8885, callerPackage is com.android.music
03-14 04:11:53.340 1009 1698 I GameModeConfig: isGameModeOn = false
03-14 04:11:53.340 1009 1698 I GameModeConfig: isGameModeOn = false
03-14 04:11:53.340 1009 1698 I GameModeConfig: isGameModeOn = false
03-14 04:11:53.341 1009 1698 I GameModeConfig: isGameModeOn = false
03-14 04:11:53.343 1009 1185 I ActivityTaskManager: clear resize flag in freeform mode
03-14 04:11:53.343 1009 1185 W WindowManager: updateScale : 0.45565748
03-14 04:11:53.352 1009 1009 I notification_enqueue: [10086,8885,com.android.music,1,NULL,0,Notification(channel=Channel-music shortcut=null contentView=null vibrate=null sound=null defaults=0x0 flags=0x42 color=0x00000000 category=transport actions=4 vis=PRIVATE),1]
03-14 04:11:53.353 1009 1009 I notification_enqueue: [10086,8885,com.android.music,1,NULL,0,Notification(channel=Channel-music shortcut=null contentView=null vibrate=null sound=null defaults=0x0 flags=0x42 color=0x00000000 category=transport actions=4 vis=PRIVATE),1]
03-14 04:11:53.358 1009 9560 W WindowManager: updateScale : 0.45565748
03-14 04:11:53.371 1009 9560 W WindowManager: updateScale : 0.45565748
03-14 04:11:53.374 1009 1009 I GameModeConfig: isGameModeOn = false
03-14 04:11:53.379 1009 1009 I GameModeConfig: isGameModeOn = false
03-14 04:11:53.553 1009 1009 I GameModeConfig: isGameModeOn = false
03-14 04:11:53.555 1009 1009 I GameModeConfig: isGameModeOn = false
03-14 04:11:53.655 1009 1194 I am_uid_idle: 10064
03-14 04:11:53.778 1009 1185 I ActivityTaskManager: clear resize flag in freeform mode
03-14 04:11:53.779 1009 1185 W WindowManager: updateScale : 0.5214067
03-14 04:11:53.791 1009 9872 W ActivityManager: Receiver with filter android.content.IntentFilter@69a3ef9 already registered for pid 8885, callerPackage is com.android.music
03-14 04:11:53.795 1009 1185 I ActivityTaskManager: clear resize flag in freeform mode
03-14 04:11:53.796 1009 1185 W WindowManager: updateScale : 0.5733945
03-14 04:11:53.811 1009 1185 I ActivityTaskManager: clear resize flag in freeform mode
03-14 04:11:53.811 1009 1185 W WindowManager: updateScale : 0.62079513
03-14 04:11:53.820 1009 9872 W WindowManager: updateScale : 0.62079513
03-14 04:11:53.832 1009 1185 I ActivityTaskManager: clear resize flag in freeform mode
03-14 04:11:53.833 1009 1185 W WindowManager: updateScale : 0.6590214
03-14 04:11:53.836 1009 9560 W ActivityManager: Receiver with filter android.content.IntentFilter@93152ee already registered for pid 8885, callerPackage is com.android.music
03-14 04:11:53.841 1009 1698 I GameModeConfig: isGameModeOn = false
03-14 04:11:53.841 1009 1698 I GameModeConfig: isGameModeOn = false
03-14 04:11:53.841 1009 1698 I GameModeConfig: isGameModeOn = false
03-14 04:11:53.842 1009 1698 I GameModeConfig: isGameModeOn = false
03-14 04:11:53.844 1009 1185 I ActivityTaskManager: clear resize flag in freeform mode
03-14 04:11:53.844 1009 1185 W WindowManager: updateScale : 0.68960243
03-14 04:11:53.854 1009 1009 I notification_enqueue: [10086,8885,com.android.music,1,NULL,0,Notification(channel=Channel-music shortcut=null contentView=null vibrate=null sound=null defaults=0x0 flags=0x42 color=0x00000000 category=transport actions=4 vis=PRIVATE),1]
03-14 04:11:53.858 1009 1009 I notification_enqueue: [10086,8885,com.android.music,1,NULL,0,Notification(channel=Channel-music shortcut=null contentView=null vibrate=null sound=null defaults=0x0 flags=0x42 color=0x00000000 category=transport actions=4 vis=PRIVATE),1]
03-14 04:11:53.861 1009 1185 I ActivityTaskManager: clear resize flag in freeform mode
03-14 04:11:53.861 1009 1185 W WindowManager: updateScale : 0.7140673
03-14 04:11:53.864 1009 9560 W ActivityManager: Receiver with filter android.content.IntentFilter@fcd2ba1 already registered for pid 8885, callerPackage is com.android.music
03-14 04:11:53.878 1009 1185 I ActivityTaskManager: clear resize flag in freeform mode
03-14 04:11:53.878 1009 1185 W WindowManager: updateScale : 0.73394495
03-14 04:11:53.890 1009 8883 W WindowManager: updateScale : 0.73394495
03-14 04:11:53.894 1009 1185 I ActivityTaskManager: clear resize flag in freeform mode
03-14 04:11:53.894 1009 1185 W WindowManager: updateScale : 0.74923545
03-14 04:11:53.912 1009 1185 I ActivityTaskManager: clear resize flag in freeform mode
03-14 04:11:53.913 1009 1185 W WindowManager: updateScale : 0.7614679
03-14 04:11:53.913 1009 1185 W WindowManager: updateScale : 0.7614679
03-14 04:11:53.916 1009 9872 W ActivityManager: Receiver with filter android.content.IntentFilter@d12b35a already registered for pid 8885, callerPackage is com.android.music
03-14 04:11:53.917 1009 9872 W WindowManager: updateScale : 0.7614679
03-14 04:11:53.927 1009 1698 I GameModeConfig: isGameModeOn = false
03-14 04:11:53.927 1009 1698 I GameModeConfig: isGameModeOn = false
03-14 04:11:53.927 1009 1698 I GameModeConfig: isGameModeOn = false
03-14 04:11:53.927 1009 1698 I GameModeConfig: isGameModeOn = false
03-14 04:11:53.927 1009 1185 I ActivityTaskManager: clear resize flag in freeform mode
03-14 04:11:53.928 1009 1185 W WindowManager: updateScale : 0.7706422
03-14 04:11:53.939 1009 8883 W ActivityManager: Receiver with filter android.content.IntentFilter@fd311bd already registered for pid 8885, callerPackage is com.android.music
03-14 04:11:53.939 1009 1009 I notification_enqueue: [10086,8885,com.android.music,1,NULL,0,Notification(channel=Channel-music shortcut=null contentView=null vibrate=null sound=null defaults=0x0 flags=0x42 color=0x00000000 category=transport actions=4 vis=PRIVATE),1]
03-14 04:11:53.941 1009 1009 I notification_enqueue: [10086,8885,com.android.music,1,NULL,0,Notification(channel=Channel-music shortcut=null contentView=null vibrate=null sound=null defaults=0x0 flags=0x42 color=0x00000000 category=transport actions=4 vis=PRIVATE),1]
03-14 04:11:53.945 1009 1185 I ActivityTaskManager: clear resize flag in freeform mode
03-14 04:11:53.945 1009 1185 W WindowManager: updateScale : 0.7782875
03-14 04:11:53.958 1009 8883 W ActivityManager: Receiver with filter android.content.IntentFilter@17453b2 already registered for pid 8885, callerPackage is com.android.music
03-14 04:11:53.961 1009 1185 I ActivityTaskManager: clear resize flag in freeform mode
03-14 04:11:53.961 1009 1185 W WindowManager: updateScale : 0.78287464
03-14 04:11:53.974 1009 8883 W WindowManager: updateScale : 0.78287464
03-14 04:11:53.978 1009 1185 I ActivityTaskManager: clear resize flag in freeform mode
03-14 04:11:53.979 1009 1185 W WindowManager: updateScale : 0.78746176
03-14 04:11:53.985 1009 9751 W ActivityManager: Receiver with filter android.content.IntentFilter@db40f03 already registered for pid 8885, callerPackage is com.android.music
03-14 04:11:53.990 1009 9751 W WindowManager: updateScale : 0.78746176
03-14 04:11:53.995 1009 1185 I ActivityTaskManager: clear resize flag in freeform mode
03-14 04:11:53.996 1009 1185 W WindowManager: updateScale : 0.78899086
03-14 04:11:54.000 1009 9751 W ActivityManager: Receiver with filter android.content.IntentFilter@18f7e80 already registered for pid 8885, callerPackage is com.android.music
03-14 04:11:54.006 1009 9751 W WindowManager: updateScale : 0.78899086
03-14 04:11:54.012 1009 1185 I ActivityTaskManager: clear resize flag in freeform mode
03-14 04:11:54.012 1009 1185 W WindowManager: updateScale : 0.7905199
03-14 04:11:54.023 1009 9751 W WindowManager: updateScale : 0.7905199
03-14 04:11:54.028 1009 1185 I ActivityTaskManager: clear resize flag in freeform mode
03-14 04:11:54.029 1009 1185 W WindowManager: updateScale : 0.79204893
03-14 04:11:54.036 1009 9751 W ActivityManager: Receiver with filter android.content.IntentFilter@9a40cb9 already registered for pid 8885, callerPackage is com.android.music
03-14 04:11:54.040 1009 9751 W WindowManager: updateScale : 0.79204893
03-14 04:11:54.045 1009 1185 I ActivityTaskManager: clear resize flag in freeform mode
03-14 04:11:54.046 1009 1185 W WindowManager: updateScale : 0.79357797
03-14 04:11:54.048 1009 9751 W ActivityManager: Receiver with filter android.content.IntentFilter@6cff8fe already registered for pid 8885, callerPackage is com.android.music
03-14 04:11:54.054 1009 1009 I GameModeConfig: isGameModeOn = false
03-14 04:11:54.056 1009 9560 W WindowManager: updateScale : 0.79357797
03-14 04:11:54.059 1009 1009 I GameModeConfig: isGameModeOn = false
03-14 04:11:54.062 1009 1185 I ActivityTaskManager: clear resize flag in freeform mode
03-14 04:11:54.063 1009 1185 W WindowManager: updateScale : 0.79357797
03-14 04:11:54.073 1009 8883 W WindowManager: updateScale : 0.79357797
03-14 04:11:54.090 1009 8883 W WindowManager: updateScale : 0.79357797
03-14 04:11:54.141 1009 1009 I GameModeConfig: isGameModeOn = false
03-14 04:11:54.143 1009 1009 I GameModeConfig: isGameModeOn = false
03-14 04:11:54.338 1009 1009 I service_manager_stats: [100,43,22330]
03-14 04:11:54.463 1009 1185 I ActivityTaskManager: clear resize flag in freeform mode
03-14 04:11:54.463 1009 1185 W WindowManager: updateScale : 0.72782874
03-14 04:11:54.464 1009 1185 W WindowManager: updateScale : 0.72782874
03-14 04:11:54.479 1009 8883 W ActivityManager: Receiver with filter android.content.IntentFilter@aea70a already registered for pid 8885, callerPackage is com.android.music
03-14 04:11:54.480 1009 1185 I ActivityTaskManager: clear resize flag in freeform mode
03-14 04:11:54.480 1009 1185 W WindowManager: updateScale : 0.675841
03-14 04:11:54.495 1009 9560 W ActivityManager: Receiver with filter android.content.IntentFilter@cfe5b7b already registered for pid 8885, callerPackage is com.android.music
03-14 04:11:54.498 1009 1185 I ActivityTaskManager: clear resize flag in freeform mode
03-14 04:11:54.498 1009 1185 W WindowManager: updateScale : 0.6284404
03-14 04:11:54.512 1009 1185 I ActivityTaskManager: clear resize flag in freeform mode
03-14 04:11:54.513 1009 1185 W WindowManager: updateScale : 0.5902141
03-14 04:11:54.529 1009 1185 I ActivityTaskManager: clear resize flag in freeform mode
03-14 04:11:54.529 1009 1185 W WindowManager: updateScale : 0.56116205
03-14 04:11:54.531 1009 9751 W WindowManager: updateScale : 0.56116205
03-14 04:11:54.544 1009 8883 W ActivityManager: Receiver with filter android.content.IntentFilter@8c6e6ba already registered for pid 8885, callerPackage is com.android.music
03-14 04:11:54.546 1009 1185 I ActivityTaskManager: clear resize flag in freeform mode
03-14 04:11:54.546 1009 1185 W WindowManager: updateScale : 0.5351682
03-14 04:11:54.547 1009 1698 I GameModeConfig: isGameModeOn = false
03-14 04:11:54.548 1009 1698 I GameModeConfig: isGameModeOn = false
03-14 04:11:54.548 1009 1698 I GameModeConfig: isGameModeOn = false
03-14 04:11:54.548 1009 1698 I GameModeConfig: isGameModeOn = false
03-14 04:11:54.559 1009 1009 I notification_enqueue: [10086,8885,com.android.music,1,NULL,0,Notification(channel=Channel-music shortcut=null contentView=null vibrate=null sound=null defaults=0x0 flags=0x42 color=0x00000000 category=transport actions=4 vis=PRIVATE),1]
03-14 04:11:54.561 1009 1009 I notification_enqueue: [10086,8885,com.android.music,1,NULL,0,Notification(channel=Channel-music shortcut=null contentView=null vibrate=null sound=null defaults=0x0 flags=0x42 color=0x00000000 category=transport actions=4 vis=PRIVATE),1]
03-14 04:11:54.563 1009 1185 I ActivityTaskManager: clear resize flag in freeform mode
03-14 04:11:54.563 1009 1185 W WindowManager: updateScale : 0.5152905
03-14 04:11:54.567 1009 9560 W ActivityManager: Receiver with filter android.content.IntentFilter@9d4ae3 already registered for pid 8885, callerPackage is com.android.music
03-14 04:11:54.575 1009 9560 W WindowManager: updateScale : 0.5152905
03-14 04:11:54.579 1009 1185 I ActivityTaskManager: clear resize flag in freeform mode
03-14 04:11:54.579 1009 1185 W WindowManager: updateScale : 0.5
03-14 04:11:54.593 1009 9560 W ActivityManager: Receiver with filter android.content.IntentFilter@e5c3ce0 already registered for pid 8885, callerPackage is com.android.music
03-14 04:11:54.596 1009 1185 I ActivityTaskManager: clear resize flag in freeform mode
03-14 04:11:54.596 1009 1185 W WindowManager: updateScale : 0.48776758
03-14 04:11:54.613 1009 9560 W ActivityManager: Receiver with filter android.content.IntentFilter@d125b99 already registered for pid 8885, callerPackage is com.android.music
03-14 04:11:54.613 1009 1185 I ActivityTaskManager: clear resize flag in freeform mode
03-14 04:11:54.614 1009 1185 W WindowManager: updateScale : 0.47859326
03-14 04:11:54.629 1009 9560 W ActivityManager: Receiver with filter android.content.IntentFilter@a0fce5e already registered for pid 8885, callerPackage is com.android.music
03-14 04:11:54.630 1009 1185 I ActivityTaskManager: clear resize flag in freeform mode
03-14 04:11:54.631 1009 1185 W WindowManager: updateScale : 0.470948
03-14 04:11:54.646 1009 9751 W ActivityManager: Receiver with filter android.content.IntentFilter@44fb23f already registered for pid 8885, callerPackage is com.android.music
03-14 04:11:54.647 1009 1185 I ActivityTaskManager: clear resize flag in freeform mode
03-14 04:11:54.647 1009 1185 W WindowManager: updateScale : 0.46636087
03-14 04:11:54.659 1009 9751 W WindowManager: updateScale : 0.46636087
03-14 04:11:54.663 1009 1185 I ActivityTaskManager: clear resize flag in freeform mode
03-14 04:11:54.664 1009 1185 W WindowManager: updateScale : 0.4617737
03-14 04:11:54.668 1009 9751 W ActivityManager: Receiver with filter android.content.IntentFilter@9f8470c already registered for pid 8885, callerPackage is com.android.music
03-14 04:11:54.675 1009 9751 W WindowManager: updateScale : 0.4617737
03-14 04:11:54.680 1009 1185 I ActivityTaskManager: clear resize flag in freeform mode
03-14 04:11:54.680 1009 1185 W WindowManager: updateScale : 0.46024466
03-14 04:11:54.683 1009 9751 W ActivityManager: Receiver with filter android.content.IntentFilter@3a41855 already registered for pid 8885, callerPackage is com.android.music
03-14 04:11:54.692 1009 9751 W WindowManager: updateScale : 0.46024466
03-14 04:11:54.697 1009 1185 I ActivityTaskManager: clear resize flag in freeform mode
03-14 04:11:54.697 1009 1185 W WindowManager: updateScale : 0.4587156
03-14 04:11:54.713 1009 1185 I ActivityTaskManager: clear resize flag in freeform mode
03-14 04:11:54.714 1009 1185 W WindowManager: updateScale : 0.45718655
03-14 04:11:54.722 1009 9560 W ActivityManager: Receiver with filter android.content.IntentFilter@e7a8b0e already registered for pid 8885, callerPackage is com.android.music
03-14 04:11:54.727 1009 9560 W WindowManager: updateScale : 0.45718655
03-14 04:11:54.730 1009 1185 I ActivityTaskManager: clear resize flag in freeform mode
03-14 04:11:54.730 1009 1185 W WindowManager: updateScale : 0.45565748
03-14 04:11:54.736 1009 9751 W ActivityManager: Receiver with filter android.content.IntentFilter@79cc0c5 already registered for pid 8885, callerPackage is com.android.music
03-14 04:11:54.739 1009 1698 I GameModeConfig: isGameModeOn = false
03-14 04:11:54.739 1009 1698 I GameModeConfig: isGameModeOn = false
03-14 04:11:54.740 1009 1698 I GameModeConfig: isGameModeOn = false
03-14 04:11:54.740 1009 1698 I GameModeConfig: isGameModeOn = false
03-14 04:11:54.746 1009 1185 I ActivityTaskManager: clear resize flag in freeform mode
03-14 04:11:54.746 1009 1185 W WindowManager: updateScale : 0.45565748
03-14 04:11:54.755 1009 1009 I notification_enqueue: [10086,8885,com.android.music,1,NULL,0,Notification(channel=Channel-music shortcut=null contentView=null vibrate=null sound=null defaults=0x0 flags=0x42 color=0x00000000 category=transport actions=4 vis=PRIVATE),1]
03-14 04:11:54.756 1009 9751 W WindowManager: updateScale : 0.45565748
03-14 04:11:54.756 1009 1009 I notification_enqueue: [10086,8885,com.android.music,1,NULL,0,Notification(channel=Channel-music shortcut=null contentView=null vibrate=null sound=null defaults=0x0 flags=0x42 color=0x00000000 category=transport actions=4 vis=PRIVATE),1]
03-14 04:11:54.760 1009 1009 I GameModeConfig: isGameModeOn = false
03-14 04:11:54.761 1009 9751 W WindowManager: updateScale : 0.45565748
03-14 04:11:54.762 1009 1009 I GameModeConfig: isGameModeOn = false
03-14 04:11:54.956 1009 1009 I GameModeConfig: isGameModeOn = false
03-14 04:11:54.957 1009 1009 I GameModeConfig: isGameModeOn = false
03-14 04:11:55.198 1009 1185 I ActivityTaskManager: clear resize flag in freeform mode
03-14 04:11:55.199 1009 1185 W WindowManager: updateScale : 0.5214067
03-14 04:11:55.213 1009 9751 W ActivityManager: Receiver with filter android.content.IntentFilter@125d3be already registered for pid 8885, callerPackage is com.android.music
03-14 04:11:55.216 1009 1185 I ActivityTaskManager: clear resize flag in freeform mode
03-14 04:11:55.216 1009 1185 W WindowManager: updateScale : 0.5733945
03-14 04:11:55.231 1009 1185 I ActivityTaskManager: clear resize flag in freeform mode
03-14 04:11:55.231 1009 1185 W WindowManager: updateScale : 0.62079513
03-14 04:11:55.238 1009 3052 W WindowManager: updateScale : 0.62079513
03-14 04:11:55.248 1009 1185 I ActivityTaskManager: clear resize flag in freeform mode
03-14 04:11:55.248 1009 1185 W WindowManager: updateScale : 0.6590214
03-14 04:11:55.252 1009 3052 W ActivityManager: Receiver with filter android.content.IntentFilter@1d113e9 already registered for pid 8885, callerPackage is com.android.music
03-14 04:11:55.254 1009 1698 I GameModeConfig: isGameModeOn = false
03-14 04:11:55.254 1009 1698 I GameModeConfig: isGameModeOn = false
03-14 04:11:55.255 1009 1698 I GameModeConfig: isGameModeOn = false
03-14 04:11:55.255 1009 1698 I GameModeConfig: isGameModeOn = false
03-14 04:11:55.264 1009 1185 I ActivityTaskManager: clear resize flag in freeform mode
03-14 04:11:55.264 1009 1185 W WindowManager: updateScale : 0.68960243
03-14 04:11:55.266 1009 3052 E NotificationService: Package enqueue rate is 5.0692234. Shedding 0|com.android.music|1|null|10086. package=com.android.music
03-14 04:11:55.279 1009 3052 W ActivityManager: Receiver with filter android.content.IntentFilter@fad5746 already registered for pid 8885, callerPackage is com.android.music
03-14 04:11:55.281 1009 1185 I ActivityTaskManager: clear resize flag in freeform mode
03-14 04:11:55.281 1009 1185 W WindowManager: updateScale : 0.7140673
03-14 04:11:55.298 1009 1185 I ActivityTaskManager: clear resize flag in freeform mode
03-14 04:11:55.298 1009 1185 W WindowManager: updateScale : 0.73394495
03-14 04:11:55.300 1009 9751 W ActivityManager: Receiver with filter android.content.IntentFilter@389ad07 already registered for pid 8885, callerPackage is com.android.music
03-14 04:11:55.310 1009 9751 W WindowManager: updateScale : 0.73394495
03-14 04:11:55.315 1009 1185 I ActivityTaskManager: clear resize flag in freeform mode
03-14 04:11:55.315 1009 1185 W WindowManager: updateScale : 0.74923545
03-14 04:11:55.331 1009 1185 I ActivityTaskManager: clear resize flag in freeform mode
03-14 04:11:55.332 1009 1185 W WindowManager: updateScale : 0.7614679
03-14 04:11:55.332 1009 1185 W WindowManager: updateScale : 0.7614679
03-14 04:11:55.343 1009 9751 W ActivityManager: Receiver with filter android.content.IntentFilter@a32cb8 already registered for pid 8885, callerPackage is com.android.music
03-14 04:11:55.347 1009 9751 W WindowManager: updateScale : 0.7614679
03-14 04:11:55.350 1009 1185 I ActivityTaskManager: clear resize flag in freeform mode
03-14 04:11:55.350 1009 1185 W WindowManager: updateScale : 0.7706422
03-14 04:11:55.360 1009 9751 W ActivityManager: Receiver with filter android.content.IntentFilter@511e5f7 already registered for pid 8885, callerPackage is com.android.music
03-14 04:11:55.365 1009 1185 I ActivityTaskManager: clear resize flag in freeform mode
03-14 04:11:55.365 1009 1185 W WindowManager: updateScale : 0.7782875
03-14 04:11:55.368 1009 1698 I GameModeConfig: isGameModeOn = false
03-14 04:11:55.369 1009 1698 I GameModeConfig: isGameModeOn = false
03-14 04:11:55.369 1009 1698 I GameModeConfig: isGameModeOn = false
03-14 04:11:55.369 1009 1698 I GameModeConfig: isGameModeOn = false
03-14 04:11:55.380 1009 1009 I notification_enqueue: [10086,8885,com.android.music,1,NULL,0,Notification(channel=Channel-music shortcut=null contentView=null vibrate=null sound=null defaults=0x0 flags=0x42 color=0x00000000 category=transport actions=4 vis=PRIVATE),1]
03-14 04:11:55.381 1009 1185 I ActivityTaskManager: clear resize flag in freeform mode
03-14 04:11:55.382 1009 1185 W WindowManager: updateScale : 0.78287464
03-14 04:11:55.388 1009 9872 W ActivityManager: Receiver with filter android.content.IntentFilter@9f2d3fc already registered for pid 8885, callerPackage is com.android.music
03-14 04:11:55.391 1009 1009 I notification_enqueue: [10086,8885,com.android.music,1,NULL,0,Notification(channel=Channel-music shortcut=null contentView=null vibrate=null sound=null defaults=0x0 flags=0x42 color=0x00000000 category=transport actions=4 vis=PRIVATE),1]
03-14 04:11:55.393 1009 9872 W WindowManager: updateScale : 0.78287464
03-14 04:11:55.398 1009 1185 I ActivityTaskManager: clear resize flag in freeform mode
03-14 04:11:55.398 1009 1185 W WindowManager: updateScale : 0.78746176
03-14 04:11:55.412 1009 9872 W ActivityManager: Receiver with filter android.content.IntentFilter@9e33a85 already registered for pid 8885, callerPackage is com.android.music
03-14 04:11:55.414 1009 1185 I ActivityTaskManager: clear resize flag in freeform mode
03-14 04:11:55.415 1009 1185 W WindowManager: updateScale : 0.78899086
03-14 04:11:55.428 1009 9872 W WindowManager: updateScale : 0.78899086
03-14 04:11:55.432 1009 1185 I ActivityTaskManager: clear resize flag in freeform mode
03-14 04:11:55.432 1009 1185 W WindowManager: updateScale : 0.7905199
03-14 04:11:55.440 1009 9872 W ActivityManager: Receiver with filter android.content.IntentFilter@972a0da already registered for pid 8885, callerPackage is com.android.music
03-14 04:11:55.443 1009 9872 W WindowManager: updateScale : 0.7905199
03-14 04:11:55.448 1009 1185 I ActivityTaskManager: clear resize flag in freeform mode
03-14 04:11:55.449 1009 1185 W WindowManager: updateScale : 0.79204893
03-14 04:11:55.455 1009 9872 W ActivityManager: Receiver with filter android.content.IntentFilter@56d190b already registered for pid 8885, callerPackage is com.android.music
03-14 04:11:55.460 1009 9872 W WindowManager: updateScale : 0.79204893
03-14 04:11:55.465 1009 1185 I ActivityTaskManager: clear resize flag in freeform mode
03-14 04:11:55.466 1009 1185 W WindowManager: updateScale : 0.79357797
03-14 04:11:55.469 1009 9872 W ActivityManager: Receiver with filter android.content.IntentFilter@69733e8 already registered for pid 8885, callerPackage is com.android.music
03-14 04:11:55.477 1009 9872 W WindowManager: updateScale : 0.79357797
03-14 04:11:55.482 1009 1185 I ActivityTaskManager: clear resize flag in freeform mode
03-14 04:11:55.482 1009 1185 W WindowManager: updateScale : 0.79357797
03-14 04:11:55.493 1009 9872 W WindowManager: updateScale : 0.79357797
03-14 04:11:55.510 1009 9872 W WindowManager: updateScale : 0.79357797
03-14 04:11:55.582 1009 1009 I GameModeConfig: isGameModeOn = false
03-14 04:11:55.593 1009 1009 I GameModeConfig: isGameModeOn = false
03-14 04:11:55.716 1009 1185 I ActivityTaskManager: clear resize flag in freeform mode
03-14 04:11:55.716 1009 1185 W WindowManager: updateScale : 0.72782874
03-14 04:11:55.717 1009 1185 W WindowManager: updateScale : 0.72782874
03-14 04:11:55.732 1009 8883 W ActivityManager: Receiver with filter android.content.IntentFilter@9fa694 already registered for pid 8885, callerPackage is com.android.music
03-14 04:11:55.734 1009 1185 I ActivityTaskManager: clear resize flag in freeform mode
03-14 04:11:55.735 1009 1185 W WindowManager: updateScale : 0.675841
03-14 04:11:55.749 1009 1185 I ActivityTaskManager: clear resize flag in freeform mode
03-14 04:11:55.750 1009 1185 W WindowManager: updateScale : 0.6284404
03-14 04:11:55.751 1009 8883 W ActivityManager: Receiver with filter android.content.IntentFilter@333353d already registered for pid 8885, callerPackage is com.android.music
03-14 04:11:55.762 1009 8883 W WindowManager: updateScale : 0.6284404
03-14 04:11:55.765 1009 1185 I ActivityTaskManager: clear resize flag in freeform mode
03-14 04:11:55.766 1009 1185 W WindowManager: updateScale : 0.5902141
03-14 04:11:55.783 1009 1185 I ActivityTaskManager: clear resize flag in freeform mode
03-14 04:11:55.784 1009 1185 W WindowManager: updateScale : 0.559633
03-14 04:11:55.796 1009 3052 W ActivityManager: Receiver with filter android.content.IntentFilter@6e5cf56 already registered for pid 8885, callerPackage is com.android.music
03-14 04:11:55.799 1009 1185 I ActivityTaskManager: clear resize flag in freeform mode
03-14 04:11:55.799 1009 1185 W WindowManager: updateScale : 0.5351682
03-14 04:11:55.801 1009 3052 W WindowManager: updateScale : 0.5351682
03-14 04:11:55.807 1009 3052 W ActivityManager: Receiver with filter android.content.IntentFilter@789abd7 already registered for pid 8885, callerPackage is com.android.music
03-14 04:11:55.813 1009 1698 I GameModeConfig: isGameModeOn = false
03-14 04:11:55.813 1009 1698 I GameModeConfig: isGameModeOn = false
03-14 04:11:55.814 1009 1698 I GameModeConfig: isGameModeOn = false
03-14 04:11:55.814 1009 1698 I GameModeConfig: isGameModeOn = false
03-14 04:11:55.815 1009 1185 I ActivityTaskManager: clear resize flag in freeform mode
03-14 04:11:55.816 1009 1185 W WindowManager: updateScale : 0.5152905
03-14 04:11:55.828 1009 1009 I notification_enqueue: [10086,8885,com.android.music,1,NULL,0,Notification(channel=Channel-music shortcut=null contentView=null vibrate=null sound=null defaults=0x0 flags=0x42 color=0x00000000 category=transport actions=4 vis=PRIVATE),1]
03-14 04:11:55.832 1009 1185 I ActivityTaskManager: clear resize flag in freeform mode
03-14 04:11:55.832 1009 1009 I notification_enqueue: [10086,8885,com.android.music,1,NULL,0,Notification(channel=Channel-music shortcut=null contentView=null vibrate=null sound=null defaults=0x0 flags=0x42 color=0x00000000 category=transport actions=4 vis=PRIVATE),1]
03-14 04:11:55.832 1009 1185 W WindowManager: updateScale : 0.5
03-14 04:11:55.833 1009 9751 W ActivityManager: Receiver with filter android.content.IntentFilter@ab943a already registered for pid 8885, callerPackage is com.android.music
03-14 04:11:55.844 1009 3052 W WindowManager: updateScale : 0.5
03-14 04:11:55.849 1009 1185 I ActivityTaskManager: clear resize flag in freeform mode
03-14 04:11:55.849 1009 1185 W WindowManager: updateScale : 0.48776758
03-14 04:11:55.863 1009 3052 W ActivityManager: Receiver with filter android.content.IntentFilter@f13f8eb already registered for pid 8885, callerPackage is com.android.music
03-14 04:11:55.866 1009 1185 I ActivityTaskManager: clear resize flag in freeform mode
03-14 04:11:55.866 1009 1185 W WindowManager: updateScale : 0.47859326
03-14 04:11:55.881 1009 9560 W ActivityManager: Receiver with filter android.content.IntentFilter@21ac648 already registered for pid 8885, callerPackage is com.android.music
03-14 04:11:55.882 1009 1185 I ActivityTaskManager: clear resize flag in freeform mode
03-14 04:11:55.883 1009 1185 W WindowManager: updateScale : 0.470948
03-14 04:11:55.898 1009 3052 W ActivityManager: Receiver with filter android.content.IntentFilter@1808ce1 already registered for pid 8885, callerPackage is com.android.music
03-14 04:11:55.900 1009 1185 I ActivityTaskManager: clear resize flag in freeform mode
03-14 04:11:55.900 1009 1185 W WindowManager: updateScale : 0.46636087
03-14 04:11:55.916 1009 1185 I ActivityTaskManager: clear resize flag in freeform mode
03-14 04:11:55.917 1009 1185 W WindowManager: updateScale : 0.4617737
03-14 04:11:55.920 1009 3052 W WindowManager: updateScale : 0.4617737
03-14 04:11:55.929 1009 9560 W ActivityManager: Receiver with filter android.content.IntentFilter@5aeba06 already registered for pid 8885, callerPackage is com.android.music
03-14 04:11:55.934 1009 1185 I ActivityTaskManager: clear resize flag in freeform mode
03-14 04:11:55.934 1009 1185 W WindowManager: updateScale : 0.46024466
03-14 04:11:55.946 1009 3052 W ActivityManager: Receiver with filter android.content.IntentFilter@eb738c7 already registered for pid 8885, callerPackage is com.android.music
03-14 04:11:55.950 1009 1185 I ActivityTaskManager: clear resize flag in freeform mode
03-14 04:11:55.951 1009 1185 W WindowManager: updateScale : 0.4587156
03-14 04:11:55.966 1009 1185 I ActivityTaskManager: clear resize flag in freeform mode
03-14 04:11:55.966 1009 1185 W WindowManager: updateScale : 0.45718655
03-14 04:11:55.983 1009 1185 I ActivityTaskManager: clear resize flag in freeform mode
03-14 04:11:55.983 1009 1185 W WindowManager: updateScale : 0.45565748
03-14 04:11:55.991 1009 3052 W WindowManager: updateScale : 0.45565748
03-14 04:11:55.998 1009 3052 W ActivityManager: Receiver with filter android.content.IntentFilter@1d50d24 already registered for pid 8885, callerPackage is com.android.music
03-14 04:11:56.000 1009 1185 I ActivityTaskManager: clear resize flag in freeform mode
03-14 04:11:56.001 1009 1185 W WindowManager: updateScale : 0.45565748
03-14 04:11:56.002 1009 1698 I GameModeConfig: isGameModeOn = false
03-14 04:11:56.002 1009 1698 I GameModeConfig: isGameModeOn = false
03-14 04:11:56.003 1009 1698 I GameModeConfig: isGameModeOn = false
03-14 04:11:56.003 1009 1698 I GameModeConfig: isGameModeOn = false
03-14 04:11:56.013 1009 1009 I notification_enqueue: [10086,8885,com.android.music,1,NULL,0,Notification(channel=Channel-music shortcut=null contentView=null vibrate=null sound=null defaults=0x0 flags=0x42 color=0x00000000 category=transport actions=4 vis=PRIVATE),1]
03-14 04:11:56.014 1009 1009 I notification_enqueue: [10086,8885,com.android.music,1,NULL,0,Notification(channel=Channel-music shortcut=null contentView=null vibrate=null sound=null defaults=0x0 flags=0x42 color=0x00000000 category=transport actions=4 vis=PRIVATE),1]
03-14 04:11:56.029 1009 9751 W WindowManager: updateScale : 0.45565748
03-14 04:11:56.029 1009 1009 I GameModeConfig: isGameModeOn = false
03-14 04:11:56.035 1009 1009 I GameModeConfig: isGameModeOn = false
03-14 04:11:56.214 1009 1009 I GameModeConfig: isGameModeOn = false
03-14 04:11:56.215 1009 1009 I GameModeConfig: isGameModeOn = false
03-14 04:11:56.219 8885 8885 I view_enqueue_input_event: [Motion - Cancel,com.android.music/com.android.music.MusicBrowserActivity]
03-14 04:11:56.249 1009 1184 D WindowManager: updateWindowDragBounds: mIsSwipeYfalse
03-14 04:11:56.249 1009 1184 D WindowManager: updateWindowDragBounds: mIsTopfalse
01-01 08:21:25.523 0 0 E DTC_ETH,link_delay_work_func: 3003, SQI=0, link=0
03-14 04:11:57.538 1009 1185 I ActivityTaskManager: clear resize flag in freeform mode
03-14 04:11:57.538 1009 1185 W WindowManager: updateScale : 0.5214067
03-14 04:11:57.552 1009 9647 W ActivityManager: Receiver with filter android.content.IntentFilter@6d3b366 already registered for pid 8885, callerPackage is com.android.music
03-14 04:11:57.554 1009 1185 I ActivityTaskManager: clear resize flag in freeform mode
03-14 04:11:57.556 1009 1185 W WindowManager: updateScale : 0.5733945
03-14 04:11:57.573 1009 1185 I ActivityTaskManager: clear resize flag in freeform mode
03-14 04:11:57.573 1009 1185 W WindowManager: updateScale : 0.62079513
03-14 04:11:57.588 1009 1185 I ActivityTaskManager: clear resize flag in freeform mode
03-14 04:11:57.588 1009 1185 W WindowManager: updateScale : 0.6590214
03-14 04:11:57.594 1009 9560 W WindowManager: updateScale : 0.6590214
03-14 04:11:57.600 1009 9647 W ActivityManager: Receiver with filter android.content.IntentFilter@500fabb already registered for pid 8885, callerPackage is com.android.music
03-14 04:11:57.603 1009 1185 I ActivityTaskManager: clear resize flag in freeform mode
03-14 04:11:57.604 1009 1185 W WindowManager: updateScale : 0.68960243
03-14 04:11:57.607 1009 9647 W ActivityManager: Receiver with filter android.content.IntentFilter@e05ed84 already registered for pid 8885, callerPackage is com.android.music
03-14 04:11:57.609 1009 1698 I GameModeConfig: isGameModeOn = false
03-14 04:11:57.610 1009 1698 I GameModeConfig: isGameModeOn = false
03-14 04:11:57.610 1009 1698 I GameModeConfig: isGameModeOn = false
03-14 04:11:57.610 1009 1698 I GameModeConfig: isGameModeOn = false
03-14 04:11:57.620 1009 1185 I ActivityTaskManager: clear resize flag in freeform mode
03-14 04:11:57.620 1009 1185 W WindowManager: updateScale : 0.7140673
03-14 04:11:57.622 1009 1009 I notification_enqueue: [10086,8885,com.android.music,1,NULL,0,Notification(channel=Channel-music shortcut=null contentView=null vibrate=null sound=null defaults=0x0 flags=0x42 color=0x00000000 category=transport actions=4 vis=PRIVATE),1]
03-14 04:11:57.623 1009 1009 I notification_enqueue: [10086,8885,com.android.music,1,NULL,0,Notification(channel=Channel-music shortcut=null contentView=null vibrate=null sound=null defaults=0x0 flags=0x42 color=0x00000000 category=transport actions=4 vis=PRIVATE),1]
03-14 04:11:57.632 1009 9647 W ActivityManager: Receiver with filter android.content.IntentFilter@920d28f already registered for pid 8885, callerPackage is com.android.music
03-14 04:11:57.637 1009 1185 I ActivityTaskManager: clear resize flag in freeform mode
03-14 04:11:57.637 1009 1185 W WindowManager: updateScale : 0.73394495
03-14 04:11:57.637 1009 9647 W ActivityManager: Receiver with filter android.content.IntentFilter@cbb691c already registered for pid 8885, callerPackage is com.android.music
03-14 04:11:57.649 1009 3052 W WindowManager: updateScale : 0.73394495
03-14 04:11:57.653 1009 1185 I ActivityTaskManager: clear resize flag in freeform mode
03-14 04:11:57.653 1009 1185 W WindowManager: updateScale : 0.74923545
03-14 04:11:57.670 1009 1185 I ActivityTaskManager: clear resize flag in freeform mode
03-14 04:11:57.671 1009 1185 W WindowManager: updateScale : 0.7614679
03-14 04:11:57.671 1009 1185 W WindowManager: updateScale : 0.7614679
03-14 04:11:57.675 1009 9647 W ActivityManager: Receiver with filter android.content.IntentFilter@f33e4d9 already registered for pid 8885, callerPackage is com.android.music
03-14 04:11:57.679 1009 9647 W WindowManager: updateScale : 0.7614679
03-14 04:11:57.687 1009 1185 I ActivityTaskManager: clear resize flag in freeform mode
03-14 04:11:57.687 1009 1185 W WindowManager: updateScale : 0.7706422
03-14 04:11:57.690 1009 9647 W ActivityManager: Receiver with filter android.content.IntentFilter@4de26aa already registered for pid 8885, callerPackage is com.android.music
03-14 04:11:57.692 1009 1698 I GameModeConfig: isGameModeOn = false
03-14 04:11:57.693 1009 1698 I GameModeConfig: isGameModeOn = false
03-14 04:11:57.693 1009 1698 I GameModeConfig: isGameModeOn = false
03-14 04:11:57.693 1009 1698 I GameModeConfig: isGameModeOn = false
03-14 04:11:57.703 1009 1185 I ActivityTaskManager: clear resize flag in freeform mode
03-14 04:11:57.703 1009 1185 W WindowManager: updateScale : 0.7782875
03-14 04:11:57.704 1009 1009 I notification_enqueue: [10086,8885,com.android.music,1,NULL,0,Notification(channel=Channel-music shortcut=null contentView=null vibrate=null sound=null defaults=0x0 flags=0x42 color=0x00000000 category=transport actions=4 vis=PRIVATE),1]
03-14 04:11:57.709 1009 9647 W ActivityManager: Receiver with filter android.content.IntentFilter@cbf424d already registered for pid 8885, callerPackage is com.android.music
03-14 04:11:57.709 1009 1009 I notification_enqueue: [10086,8885,com.android.music,1,NULL,0,Notification(channel=Channel-music shortcut=null contentView=null vibrate=null sound=null defaults=0x0 flags=0x42 color=0x00000000 category=transport actions=4 vis=PRIVATE),1]
03-14 04:11:57.716 1009 8883 W WindowManager: updateScale : 0.7782875
03-14 04:11:57.720 1009 1185 I ActivityTaskManager: clear resize flag in freeform mode
03-14 04:11:57.720 1009 1185 W WindowManager: updateScale : 0.78287464
03-14 04:11:57.733 1009 8883 W ActivityManager: Receiver with filter android.content.IntentFilter@830e102 already registered for pid 8885, callerPackage is com.android.music
03-14 04:11:57.737 1009 1185 I ActivityTaskManager: clear resize flag in freeform mode
03-14 04:11:57.737 1009 1185 W WindowManager: updateScale : 0.78746176
03-14 04:11:57.752 1009 8883 W ActivityManager: Receiver with filter android.content.IntentFilter@aea9a13 already registered for pid 8885, callerPackage is com.android.music
03-14 04:11:57.755 1009 1185 I ActivityTaskManager: clear resize flag in freeform mode
03-14 04:11:57.755 1009 1185 W WindowManager: updateScale : 0.78899086
03-14 04:11:57.761 1009 8883 W ActivityManager: Receiver with filter android.content.IntentFilter@e879450 already registered for pid 8885, callerPackage is com.android.music
03-14 04:11:57.767 1009 8883 W WindowManager: updateScale : 0.78899086
03-14 04:11:57.771 1009 1185 I ActivityTaskManager: clear resize flag in freeform mode
03-14 04:11:57.772 1009 1185 W WindowManager: updateScale : 0.7905199
03-14 04:11:57.788 1009 1185 I ActivityTaskManager: clear resize flag in freeform mode
03-14 04:11:57.788 1009 1185 W WindowManager: updateScale : 0.79204893
03-14 04:11:57.803 1009 9872 W ActivityManager: Receiver with filter android.content.IntentFilter@4cab649 already registered for pid 8885, callerPackage is com.android.music
03-14 04:11:57.804 1009 1185 I ActivityTaskManager: clear resize flag in freeform mode
03-14 04:11:57.805 1009 1185 W WindowManager: updateScale : 0.79357797
03-14 04:11:57.817 1009 9872 W WindowManager: updateScale : 0.79357797
03-14 04:11:57.821 1009 1185 I ActivityTaskManager: clear resize flag in freeform mode
03-14 04:11:57.821 1009 1185 W WindowManager: updateScale : 0.79357797
03-14 04:11:57.824 1009 1009 I GameModeConfig: isGameModeOn = false
03-14 04:11:57.825 1009 1009 I GameModeConfig: isGameModeOn = false
03-14 04:11:57.828 1009 9647 W ActivityManager: Receiver with filter android.content.IntentFilter@3500b4e already registered for pid 8885, callerPackage is com.android.music
03-14 04:11:57.832 1009 9872 W WindowManager: updateScale : 0.79357797
03-14 04:11:57.849 1009 9872 W WindowManager: updateScale : 0.79357797
03-14 04:11:57.906 1009 1009 I GameModeConfig: isGameModeOn = false
03-14 04:11:57.910 1009 1009 I GameModeConfig: isGameModeOn = false
03-14 04:11:58.788 1009 1587 I input_interaction: Interaction with: a99babe com.android.launcher3/com.android.launcher3.uioverrides.QuickstepLauncher (server), 8c59581 com.android.systemui.ImageWallpaper (server), edge-swipe (server), swipe-up (server), PointerEventDispatcher0 (server),
03-14 04:12:00.007 1009 8883 I thunderperf: PlatormCompat.setOverrides: Uid1=10074 Pid1=9852 Uid2=10074 Pid2=9852
03-14 04:12:00.007 1009 8883 I thunderperf: PlatormCompat.setOverrides: needCheck:false
03-14 04:12:00.007 1009 8883 I thunderperf: CompatConfig.addOverrideUnsafe: bef-state=0
03-14 04:12:00.007 1009 8883 I thunderperf: CompatConfig.addOverrideUnsafe: aft-state=0
03-14 04:12:00.009 1009 8883 I thunderperf: CompatConfig.addOverrideUnsafe: bef-state=0
03-14 04:12:00.009 1009 8883 I thunderperf: CompatConfig.addOverrideUnsafe: aft-state=0
03-14 04:12:00.009 1009 8883 I thunderperf: CompatConfig.addOverrideUnsafe: bef-state=0
03-14 04:12:00.009 1009 8883 I thunderperf: CompatConfig.addOverrideUnsafe: aft-state=0
03-14 04:12:00.010 1009 8883 I thunderperf: CompatConfig.addOverrideUnsafe: bef-state=0
03-14 04:12:00.010 1009 8883 I thunderperf: CompatConfig.addOverrideUnsafe: aft-state=0
03-14 04:12:00.011 1009 8883 I thunderperf: CompatConfig.addOverrideUnsafe: bef-state=0
03-14 04:12:00.011 1009 8883 I thunderperf: CompatConfig.addOverrideUnsafe: aft-state=0
03-14 04:12:00.011 1009 8883 I thunderperf: CompatConfig.addOverrideUnsafe: bef-state=0
03-14 04:12:00.011 1009 8883 I thunderperf: CompatConfig.addOverrideUnsafe: aft-state=0
03-14 04:12:00.012 1009 8883 I thunderperf: CompatConfig.addOverrideUnsafe: bef-state=0
03-14 04:12:00.012 1009 8883 I thunderperf: CompatConfig.addOverrideUnsafe: aft-state=0
03-14 04:12:00.012 1009 8883 I thunderperf: CompatConfig.addOverrideUnsafe: bef-state=0
03-14 04:12:00.012 1009 8883 I thunderperf: CompatConfig.addOverrideUnsafe: aft-state=0
03-14 04:12:00.012 1009 8883 I thunderperf: CompatConfig.addOverrideUnsafe: bef-state=0
03-14 04:12:00.013 1009 8883 I thunderperf: CompatConfig.addOverrideUnsafe: aft-state=0
03-14 04:12:00.013 1009 8883 I thunderperf: CompatConfig.addOverrideUnsafe: bef-state=0
03-14 04:12:00.013 1009 8883 I thunderperf: CompatConfig.addOverrideUnsafe: aft-state=0
03-14 04:12:00.013 1009 8883 I thunderperf: CompatConfig.addOverrideUnsafe: bef-state=0
03-14 04:12:00.013 1009 8883 I thunderperf: CompatConfig.addOverrideUnsafe: aft-state=0
03-14 04:12:00.014 1009 8883 I thunderperf: CompatConfig.addOverrideUnsafe: bef-state=0
03-14 04:12:00.014 1009 8883 I thunderperf: CompatConfig.addOverrideUnsafe: aft-state=0
03-14 04:12:00.014 1009 8883 I thunderperf: CompatConfig.addOverrideUnsafe: bef-state=0
03-14 04:12:00.014 1009 8883 I thunderperf: CompatConfig.addOverrideUnsafe: aft-state=0
03-14 04:12:00.015 1009 8883 I thunderperf: CompatConfig.addOverrideUnsafe: bef-state=0
03-14 04:12:00.015 1009 8883 I thunderperf: CompatConfig.addOverrideUnsafe: aft-state=0
03-14 04:12:00.023 1009 8883 I ActivityTaskManager: START u0 {act=android.intent.action.MAIN cat=[android.intent.category.LAUNCHER] flg=0x10200000 cmp=com.android.music/.VideoBrowserActivity} from uid 10074
03-14 04:12:00.027 1009 8883 I wm_task_created: [161,-1]
03-14 04:12:00.027 1009 8883 W ActivityTaskManager: Can't find TaskDisplayArea to determine support for multi window. Task id=161 attached=false
03-14 04:12:00.027 1009 8883 D FreeFormWindowHelper: finish old freeform task = ActivityRecord{72617ff u0 com.android.music/.MusicBrowserActivity t160}
03-14 04:12:00.028 1009 8883 I wm_finish_activity: [0,119937023,160,com.android.music/.MusicBrowserActivity,app-request]
03-14 04:12:00.028 1009 8883 I wm_task_moved: [1,1,7]
03-14 04:12:00.028 1009 8883 I wm_set_resumed_activity: [0,com.android.launcher3/.uioverrides.QuickstepLauncher,positionChildAt]
03-14 04:12:00.028 1009 8883 I wm_task_moved: [149,1,2147483647]
03-14 04:12:00.028 1009 8883 I wm_task_to_front: [0,149]
03-14 04:12:00.028 8885 8885 I wm_on_top_resumed_lost_called: [119937023,com.android.music.MusicBrowserActivity,topStateChangedWhenResumed]
03-14 04:12:00.028 1009 8883 I wm_focused_root_task: [0,0,1,-1,finish-top adjustFocusToNextFocusableTask]
03-14 04:12:00.028 1009 8883 I wm_set_resumed_activity: [0,com.android.launcher3/.uioverrides.QuickstepLauncher,finish-top]
03-14 04:12:00.031 1009 8883 I wm_pause_activity: [0,119937023,com.android.music/.MusicBrowserActivity,userLeaving=false,finish]
03-14 04:12:00.032 1009 8883 D FreeFormWindowHelper: Add freeform task=Task{89e3626 #161 type=standard ?? U=0 visible=false mode=freeform translucent=true sz=0}
03-14 04:12:00.034 1009 8883 I wm_task_moved: [161,1,7]
03-14 04:12:00.034 1009 8883 I wm_task_to_front: [0,161]
03-14 04:12:00.034 1009 8883 I wm_focused_root_task: [0,0,161,1,reuseOrNewTask]
03-14 04:12:00.034 1009 8883 I wm_create_task: [0,161]
03-14 04:12:00.034 1009 8883 I wm_create_activity: [0,121688679,161,com.android.music/.VideoBrowserActivity,android.intent.action.MAIN,NULL,NULL,270532608]
03-14 04:12:00.034 1009 8883 I wm_task_moved: [161,1,7]
03-14 04:12:00.036 1009 1184 I input_focus: [Focus request a99babe com.android.launcher3/com.android.launcher3.uioverrides.QuickstepLauncher,reason=UpdateInputWindows]
03-14 04:12:00.036 8885 8885 I wm_on_paused_called: [119937023,com.android.music.MusicBrowserActivity,performPause]
03-14 04:12:00.037 1009 9872 I wm_add_to_stopping: [0,119937023,com.android.music/.MusicBrowserActivity,completeFinishing]
03-14 04:12:00.037 1009 9872 I ActivityTaskManager: FOREGROUND_APPLICATION_CHANGED to com.android.music.VideoBrowserActivity
03-14 04:12:00.037 1009 9872 I ActivityTaskManager: The Process com.android.music Already Exists in BG. So sending its PID: 8885
03-14 04:12:00.037 1009 9872 W ActivityTaskManager: Tried to set launchTime (0) < mLastActivityLaunchTime (1273655)
03-14 04:12:00.038 1009 9872 I wm_restart_activity: [0,121688679,161,com.android.music/.VideoBrowserActivity]
03-14 04:12:00.038 1009 9872 I wm_set_resumed_activity: [0,com.android.music/.VideoBrowserActivity,minimalResumeActivityLocked]
03-14 04:12:00.043 1009 1183 I sysui_multi_action: [757,803,799,window_time_2,802,13]
03-14 04:12:00.043 1009 1587 I input_focus: [Focus leaving 3017a39 com.android.music/com.android.music.MusicBrowserActivity (server),reason=NO_WINDOW]
03-14 04:12:00.043 1009 1587 I input_focus: [Focus entering a99babe com.android.launcher3/com.android.launcher3.uioverrides.QuickstepLauncher (server),reason=setFocusedWindow]
03-14 04:12:00.054 8885 8885 I wm_on_create_called: [121688679,com.android.music.VideoBrowserActivity,performCreate]
03-14 04:12:00.054 8885 8885 I wm_on_start_called: [121688679,com.android.music.VideoBrowserActivity,handleStartActivity]
03-14 04:12:00.054 8885 8885 I wm_on_resume_called: [121688679,com.android.music.VideoBrowserActivity,RESUME_ACTIVITY]
03-14 04:12:00.056 8885 8885 I wm_on_top_resumed_gained_called: [121688679,com.android.music.VideoBrowserActivity,topStateChangedWhenResumed]
03-14 04:12:00.058 1009 9872 W WindowManager: updateScale : 0.79357797
03-14 04:12:00.059 1009 1184 I input_focus: [Focus request c10e275 com.android.music/com.android.music.VideoBrowserActivity,reason=UpdateInputWindows]
03-14 04:12:00.064 1009 1184 W WindowManager: updateScale : 0.79357797
03-14 04:12:00.067 1009 1180 I wm_activity_launch_time: [0,121688679,com.android.music/.VideoBrowserActivity,43]
03-14 04:12:00.067 1009 1184 W WindowManager: updateScale : 0.79357797
03-14 04:12:00.068 1009 1184 W WindowManager: updateScale : 0.79357797
03-14 04:12:00.075 1009 1587 I input_focus: [Focus leaving a99babe com.android.launcher3/com.android.launcher3.uioverrides.QuickstepLauncher (server),reason=setFocusedWindow]
03-14 04:12:00.075 1009 1587 I input_focus: [Focus entering c10e275 com.android.music/com.android.music.VideoBrowserActivity (server),reason=setFocusedWindow]
03-14 04:12:00.139 1009 3052 W FreeFormWindowHelper: Current Display FreeFormTask is Task{89e3626 #161 type=standard A=10086:android.task.video U=0 visible=true mode=freeform translucent=false sz=1}
03-14 04:12:00.341 1009 1183 I wm_destroy_activity: [0,119937023,160,com.android.music/.MusicBrowserActivity,finish-imm:idle]
03-14 04:12:00.342 1009 1184 W WindowManager: updateScale : 0.79357797
03-14 04:12:00.358 1009 9872 W WindowManager: updateScale : 0.79357797
03-14 04:12:00.360 8885 8885 I wm_on_stop_called: [119937023,com.android.music.MusicBrowserActivity,LIFECYCLER_STOP_ACTIVITY]
03-14 04:12:00.361 8885 8885 I wm_on_destroy_called: [119937023,com.android.music.MusicBrowserActivity,performDestroy]
03-14 04:12:00.362 1009 3052 W WindowManager: updateScale : 0.79357797
03-14 04:12:00.363 1009 3052 I wm_task_removed: [160,removeChild:removeChild last r=ActivityRecord{72617ff u0 com.android.music/.MusicBrowserActivity t-1 f}} in t=Task{b075b59 #160 type=standard A=10086:android.task.music U=0 visible=false mode=freeform translucent=true sz=0}]
03-14 04:12:00.363 1009 3052 I wm_task_removed: [160,removeChild]
03-14 04:12:00.967 6881 6881 I auditd : type=1400 audit(0.0:4085): avc: denied { open } for comm="HCDN_DownloadEn" path="/proc/stat" dev="proc" ino=4026532236 scontext=u:r:untrusted_app:s0:c102,c256,c512,c768 tcontext=u:object_r:proc_stat:s0 tclass=file permissive=1 app=com.qiyi.video
03-14 04:12:00.967 6881 6881 I auditd : type=1400 audit(0.0:4086): avc: denied { getattr } for comm="HCDN_DownloadEn" path="/proc/stat" dev="proc" ino=4026532236 scontext=u:r:untrusted_app:s0:c102,c256,c512,c768 tcontext=u:object_r:proc_stat:s0 tclass=file permissive=1 app=com.qiyi.video
01-01 08:21:30.643 0 0 E DTC_ETH,link_delay_work_func: 3003, SQI=0, link=0
03-14 04:12:01.951 1009 9560 I thunderperf: PlatormCompat.setOverrides: Uid1=10074 Pid1=9852 Uid2=10074 Pid2=9852
03-14 04:12:01.951 1009 9560 I thunderperf: PlatormCompat.setOverrides: needCheck:false
03-14 04:12:01.951 1009 9560 I thunderperf: CompatConfig.addOverrideUnsafe: bef-state=0
03-14 04:12:01.951 1009 9560 I thunderperf: CompatConfig.addOverrideUnsafe: aft-state=0
03-14 04:12:01.952 1009 9560 I thunderperf: CompatConfig.addOverrideUnsafe: bef-state=0
03-14 04:12:01.952 1009 9560 I thunderperf: CompatConfig.addOverrideUnsafe: aft-state=0
03-14 04:12:01.952 1009 9560 I thunderperf: CompatConfig.addOverrideUnsafe: bef-state=0
03-14 04:12:01.952 1009 9560 I thunderperf: CompatConfig.addOverrideUnsafe: aft-state=0
03-14 04:12:01.952 1009 9560 I thunderperf: CompatConfig.addOverrideUnsafe: bef-state=0
03-14 04:12:01.952 1009 9560 I thunderperf: CompatConfig.addOverrideUnsafe: aft-state=0
03-14 04:12:01.952 1009 9560 I thunderperf: CompatConfig.addOverrideUnsafe: bef-state=0
03-14 04:12:01.952 1009 9560 I thunderperf: CompatConfig.addOverrideUnsafe: aft-state=0
03-14 04:12:01.952 1009 9560 I thunderperf: CompatConfig.addOverrideUnsafe: bef-state=0
03-14 04:12:01.952 1009 9560 I thunderperf: CompatConfig.addOverrideUnsafe: aft-state=0
03-14 04:12:01.952 1009 9560 I thunderperf: CompatConfig.addOverrideUnsafe: bef-state=0
03-14 04:12:01.952 1009 9560 I thunderperf: CompatConfig.addOverrideUnsafe: aft-state=0
03-14 04:12:01.953 1009 9560 I thunderperf: CompatConfig.addOverrideUnsafe: bef-state=0
03-14 04:12:01.953 1009 9560 I thunderperf: CompatConfig.addOverrideUnsafe: aft-state=0
03-14 04:12:01.953 1009 9560 I thunderperf: CompatConfig.addOverrideUnsafe: bef-state=0
