03-14 04:09:39.659 6881 6881 I auditd : type=1400 audit(0.0:4067): avc: denied { getattr } for comm="HCDN_DownloadEn" path="/proc/stat" dev="proc" ino=4026532236 scontext=u:r:untrusted_app:s0:c102,c256,c512,c768 tcontext=u:object_r:proc_stat:s0 tclass=file permissive=1 app=com.qiyi.video
03-14 04:09:40.245 1009 1587 I input_interaction: Interaction with: a99babe com.android.launcher3/com.android.launcher3.uioverrides.QuickstepLauncher (server), 8c59581 com.android.systemui.ImageWallpaper (server), edge-swipe (server), swipe-up (server), PointerEventDispatcher0 (server),
03-14 04:09:41.461 1009 2178 I thunderperf: PlatormCompat.setOverrides: Uid1=10074 Pid1=9852 Uid2=10074 Pid2=9852
03-14 04:09:41.461 1009 2178 I thunderperf: PlatormCompat.setOverrides: needCheck:false
03-14 04:09:41.461 1009 2178 I thunderperf: CompatConfig.addOverrideUnsafe: bef-state=0
03-14 04:09:41.461 1009 2178 I thunderperf: CompatConfig.addOverrideUnsafe: aft-state=0
03-14 04:09:41.462 1009 2178 I thunderperf: CompatConfig.addOverrideUnsafe: bef-state=0
03-14 04:09:41.462 1009 2178 I thunderperf: CompatConfig.addOverrideUnsafe: aft-state=0
03-14 04:09:41.462 1009 2178 I thunderperf: CompatConfig.addOverrideUnsafe: bef-state=0
03-14 04:09:41.462 1009 2178 I thunderperf: CompatConfig.addOverrideUnsafe: aft-state=0
03-14 04:09:41.463 1009 2178 I thunderperf: CompatConfig.addOverrideUnsafe: bef-state=0
03-14 04:09:41.463 1009 2178 I thunderperf: CompatConfig.addOverrideUnsafe: aft-state=0
03-14 04:09:41.463 1009 2178 I thunderperf: CompatConfig.addOverrideUnsafe: bef-state=0
03-14 04:09:41.463 1009 2178 I thunderperf: CompatConfig.addOverrideUnsafe: aft-state=0
03-14 04:09:41.464 1009 2178 I thunderperf: CompatConfig.addOverrideUnsafe: bef-state=0
03-14 04:09:41.464 1009 2178 I thunderperf: CompatConfig.addOverrideUnsafe: aft-state=0
03-14 04:09:41.464 1009 2178 I thunderperf: CompatConfig.addOverrideUnsafe: bef-state=0
03-14 04:09:41.464 1009 2178 I thunderperf: CompatConfig.addOverrideUnsafe: aft-state=0
03-14 04:09:41.465 1009 2178 I thunderperf: CompatConfig.addOverrideUnsafe: bef-state=0
03-14 04:09:41.465 1009 2178 I thunderperf: CompatConfig.addOverrideUnsafe: aft-state=0
03-14 04:09:41.465 1009 2178 I thunderperf: CompatConfig.addOverrideUnsafe: bef-state=0
03-14 04:09:41.465 1009 2178 I thunderperf: CompatConfig.addOverrideUnsafe: aft-state=0
03-14 04:09:41.466 1009 2178 I thunderperf: CompatConfig.addOverrideUnsafe: bef-state=0
03-14 04:09:41.466 1009 2178 I thunderperf: CompatConfig.addOverrideUnsafe: aft-state=0
03-14 04:09:41.466 1009 2178 I thunderperf: CompatConfig.addOverrideUnsafe: bef-state=0
03-14 04:09:41.466 1009 2178 I thunderperf: CompatConfig.addOverrideUnsafe: aft-state=0
03-14 04:09:41.467 1009 2178 I thunderperf: CompatConfig.addOverrideUnsafe: bef-state=0
03-14 04:09:41.467 1009 2178 I thunderperf: CompatConfig.addOverrideUnsafe: aft-state=0
03-14 04:09:41.467 1009 2178 I thunderperf: CompatConfig.addOverrideUnsafe: bef-state=0
03-14 04:09:41.467 1009 2178 I thunderperf: CompatConfig.addOverrideUnsafe: aft-state=0
03-14 04:09:41.468 1009 2178 I thunderperf: CompatConfig.addOverrideUnsafe: bef-state=0
03-14 04:09:41.468 1009 2178 I thunderperf: CompatConfig.addOverrideUnsafe: aft-state=0
03-14 04:09:41.476 1009 2178 I ActivityTaskManager: START u0 {act=android.intent.action.MAIN cat=[android.intent.category.LAUNCHER] flg=0x10200000 cmp=com.android.gallery3d/.app.GalleryActivity} from uid 10074
03-14 04:09:41.479 1009 2178 I wm_task_moved: [144,1,7]
03-14 04:09:41.479 1009 2178 I wm_task_to_front: [0,144]
03-14 04:09:41.479 1009 2178 I wm_focused_root_task: [0,0,144,1,bringingFoundTaskToFront]
03-14 04:09:41.480 1009 2178 I wm_set_resumed_activity: [0,com.android.gallery3d/.app.GalleryActivity,bringingFoundTaskToFront]
03-14 04:09:41.481 1009 2178 D CompatibilityChangeReporter: Compat change id reported: 174042980; UID 10064; state: DISABLED
03-14 04:09:41.481 1009 2178 D CompatibilityChangeReporter: Compat change id reported: 184838306; UID 10064; state: DISABLED
03-14 04:09:41.482 1009 2178 D CompatibilityChangeReporter: Compat change id reported: 185004937; UID 10064; state: DISABLED
03-14 04:09:41.482 1009 2178 D CompatibilityChangeReporter: Compat change id reported: 181136395; UID 10064; state: DISABLED
03-14 04:09:41.482 1009 2178 D CompatibilityChangeReporter: Compat change id reported: 174042936; UID 10064; state: DISABLED
03-14 04:09:41.484 1009 2178 D FreeFormWindowHelper: Add freeform task=Task{cc6214d #144 type=standard A=10064:com.android.gallery3d U=0 visible=true mode=freeform translucent=true sz=1}
03-14 04:09:41.484 1009 2178 I ActivityTaskManager: clear resize flag in freeform mode
03-14 04:09:41.485 1009 2178 I ActivityTaskManager: FOREGROUND_APPLICATION_CHANGED to com.android.gallery3d.app.GalleryActivity
03-14 04:09:41.485 1009 2178 I wm_set_resumed_activity: [0,com.android.gallery3d/.app.GalleryActivity,resumeTopActivityInnerLocked]
03-14 04:09:41.486 1009 2178 I wm_resume_activity: [0,219141122,144,com.android.gallery3d/.app.GalleryActivity]
03-14 04:09:41.488 1009 2178 D CompatibilityChangeReporter: Compat change id reported: 168419799; UID 10064; state: DISABLED
03-14 04:09:41.498 9852 9852 I wm_on_top_resumed_lost_called: [94520459,com.android.launcher3.uioverrides.QuickstepLauncher,topStateChangedWhenResumed]
03-14 04:09:41.505 9834 9834 I wm_on_restart_called: [219141122,com.android.gallery3d.app.GalleryActivity,performRestartActivity]
03-14 04:09:41.506 9834 9834 I wm_on_start_called: [219141122,com.android.gallery3d.app.GalleryActivity,handleStartActivity]
03-14 04:09:41.509 9834 9834 I wm_on_resume_called: [219141122,com.android.gallery3d.app.GalleryActivity,RESUME_ACTIVITY]
03-14 04:09:41.510 9834 9834 I wm_on_top_resumed_gained_called: [219141122,com.android.gallery3d.app.GalleryActivity,topStateChangedWhenResumed]
03-14 04:09:41.516 1009 2178 W WindowManager: updateScale : 0.79357797
03-14 04:09:41.520 1009 1184 I input_focus: [Focus request 8d5c51c com.android.gallery3d/com.android.gallery3d.app.GalleryActivity,reason=UpdateInputWindows]
03-14 04:09:41.525 1009 1183 W WindowManager: updateScale : 0.79357797
03-14 04:09:41.542 1009 1587 I input_focus: [Focus leaving a99babe com.android.launcher3/com.android.launcher3.uioverrides.QuickstepLauncher (server),reason=Waiting for window because NOT_VISIBLE]
03-14 04:09:41.543 1009 1184 W WindowManager: updateScale : 0.79357797
03-14 04:09:41.545 1009 1184 W WindowManager: updateScale : 0.79357797
03-14 04:09:41.546 1009 1184 W WindowManager: updateScale : 0.79357797
03-14 04:09:41.548 1009 1183 W WindowManager: updateScale : 0.79357797
03-14 04:09:41.552 1009 1180 I sysui_multi_action: [319,69,322,69,325,1147,757,761,758,9,759,2,806,com.android.gallery3d,871,com.android.gallery3d.app.GalleryActivity,904,com.android.launcher3,905,0,1320,4,1321,1]
03-14 04:09:41.559 1009 1587 I input_focus: [Focus entering 8d5c51c com.android.gallery3d/com.android.gallery3d.app.GalleryActivity (server),reason=Window became focusable. Previous reason: NOT_VISIBLE]
03-14 04:09:41.563 1009 1188 I am_pss : [10009,10023,com.android.documentsui,45996032,39948288,0,168460288,0,15,8]
03-14 04:09:41.571 1009 1188 I am_pss : [10066,10028,com.android.externalstorage,5929984,3936256,0,93425664,0,19,6]
03-14 04:09:41.577 1009 1188 I am_pss : [10064,10017,android.process.media,9912320,7700480,0,101126144,0,19,5]
03-14 04:09:41.827 1009 1184 W WindowManager: updateScale : 0.79357797
03-14 04:09:42.746 1009 2881 E TaskPersister: File error accessing recents directory (directory doesn't exist?).
03-14 04:09:43.207 1009 1587 I input_interaction: Interaction with: 8d5c51c com.android.gallery3d/com.android.gallery3d.app.GalleryActivity (server), edge-swipe (server), swipe-up (server), PointerEventDispatcher0 (server),
03-14 04:09:43.346 9834 9834 I view_enqueue_input_event: [Motion - Cancel,com.android.gallery3d/com.android.gallery3d.app.GalleryActivity]
03-14 04:09:43.354 1009 1587 I input_interaction: Interaction with: WindowManager (server), edge-swipe (server), swipe-up (server), PointerEventDispatcher0 (server),
03-14 04:09:43.363 1009 1184 D FreeFormWindowHelper: refreshTipWindow mTipWindowTitle : freeform_top_right_tip_window
03-14 04:09:43.365 1009 1184 I ActivityTaskManager: clear resize flag in freeform mode
03-14 04:09:43.365 1009 1184 W WindowManager: updateScale : 0.79357797
03-14 04:09:43.380 1009 1184 D FreeFormWindowHelper: refreshTipWindow mTipWindowTitle : freeform_top_right_tip_window
03-14 04:09:43.380 1009 1184 I ActivityTaskManager: clear resize flag in freeform mode
03-14 04:09:43.381 1009 1184 W WindowManager: updateScale : 0.79357797
03-14 04:09:43.395 1009 9872 W WindowManager: updateScale : 0.79357797
03-14 04:09:43.397 1009 1184 D FreeFormWindowHelper: refreshTipWindow mTipWindowTitle : freeform_top_right_tip_window
03-14 04:09:43.397 1009 1184 I ActivityTaskManager: clear resize flag in freeform mode
03-14 04:09:43.398 1009 1184 W WindowManager: updateScale : 0.79357797
03-14 04:09:43.413 1009 1184 D FreeFormWindowHelper: refreshTipWindow mTipWindowTitle : freeform_top_right_tip_window
03-14 04:09:43.414 1009 1184 I ActivityTaskManager: clear resize flag in freeform mode
03-14 04:09:43.414 1009 1184 W WindowManager: updateScale : 0.79357797
03-14 04:09:43.430 1009 1184 D FreeFormWindowHelper: refreshTipWindow mTipWindowTitle : null
03-14 04:09:43.431 1009 1184 I ActivityTaskManager: clear resize flag in freeform mode
03-14 04:09:43.431 1009 1184 W WindowManager: updateScale : 0.79357797
03-14 04:09:43.444 1009 2178 W WindowManager: updateScale : 0.79357797
03-14 04:09:43.447 1009 1184 D FreeFormWindowHelper: refreshTipWindow mTipWindowTitle : null
03-14 04:09:43.447 1009 1184 I ActivityTaskManager: clear resize flag in freeform mode
03-14 04:09:43.448 1009 1184 W WindowManager: updateScale : 0.79357797
03-14 04:09:43.461 1009 2178 W WindowManager: updateScale : 0.79357797
03-14 04:09:43.463 1009 1184 D FreeFormWindowHelper: refreshTipWindow mTipWindowTitle : null
03-14 04:09:43.464 1009 1184 I ActivityTaskManager: clear resize flag in freeform mode
03-14 04:09:43.464 1009 1184 W WindowManager: updateScale : 0.79357797
03-14 04:09:43.478 1009 2178 W WindowManager: updateScale : 0.79357797
03-14 04:09:43.480 1009 1184 D FreeFormWindowHelper: refreshTipWindow mTipWindowTitle : null
03-14 04:09:43.481 1009 1184 I ActivityTaskManager: clear resize flag in freeform mode
03-14 04:09:43.481 1009 1184 W WindowManager: updateScale : 0.79357797
03-14 04:09:43.494 1009 2178 W WindowManager: updateScale : 0.79357797
03-14 04:09:43.498 1009 1184 D FreeFormWindowHelper: refreshTipWindow mTipWindowTitle : null
03-14 04:09:43.499 1009 1184 I ActivityTaskManager: clear resize flag in freeform mode
03-14 04:09:43.499 1009 1184 W WindowManager: updateScale : 0.79357797
03-14 04:09:43.514 1009 1184 D FreeFormWindowHelper: refreshTipWindow mTipWindowTitle : null
03-14 04:09:43.514 1009 1184 I ActivityTaskManager: clear resize flag in freeform mode
03-14 04:09:43.514 1009 1184 W WindowManager: updateScale : 0.79357797
03-14 04:09:43.528 1009 2178 W WindowManager: updateScale : 0.79357797
03-14 04:09:43.530 1009 1184 D FreeFormWindowHelper: refreshTipWindow mTipWindowTitle : null
03-14 04:09:43.531 1009 1184 I ActivityTaskManager: clear resize flag in freeform mode
03-14 04:09:43.531 1009 1184 W WindowManager: updateScale : 0.79357797
03-14 04:09:43.543 1009 2178 W WindowManager: updateScale : 0.79357797
03-14 04:09:43.547 1009 1184 D FreeFormWindowHelper: refreshTipWindow mTipWindowTitle : null
03-14 04:09:43.547 1009 1184 I ActivityTaskManager: clear resize flag in freeform mode
03-14 04:09:43.548 1009 1184 W WindowManager: updateScale : 0.79357797
03-14 04:09:43.564 1009 1184 D FreeFormWindowHelper: refreshTipWindow mTipWindowTitle : null
03-14 04:09:43.564 1009 1184 I ActivityTaskManager: clear resize flag in freeform mode
03-14 04:09:43.565 1009 1184 W WindowManager: updateScale : 0.79357797
03-14 04:09:43.570 1009 2178 W WindowManager: updateScale : 0.79357797
03-14 04:09:43.580 1009 1184 D FreeFormWindowHelper: refreshTipWindow mTipWindowTitle : null
03-14 04:09:43.581 1009 1184 I ActivityTaskManager: clear resize flag in freeform mode
03-14 04:09:43.581 1009 1184 W WindowManager: updateScale : 0.79357797
03-14 04:09:43.597 1009 1184 D FreeFormWindowHelper: refreshTipWindow mTipWindowTitle : null
03-14 04:09:43.598 1009 1184 I ActivityTaskManager: clear resize flag in freeform mode
03-14 04:09:43.598 1009 1184 W WindowManager: updateScale : 0.79357797
03-14 04:09:43.614 1009 1184 D FreeFormWindowHelper: refreshTipWindow mTipWindowTitle : null
03-14 04:09:43.614 1009 1184 I ActivityTaskManager: clear resize flag in freeform mode
03-14 04:09:43.615 1009 1184 W WindowManager: updateScale : 0.79357797
03-14 04:09:43.630 1009 1184 D FreeFormWindowHelper: refreshTipWindow mTipWindowTitle : null
03-14 04:09:43.631 1009 1184 I ActivityTaskManager: clear resize flag in freeform mode
03-14 04:09:43.631 1009 1184 W WindowManager: updateScale : 0.79357797
03-14 04:09:43.647 1009 1184 D FreeFormWindowHelper: refreshTipWindow mTipWindowTitle : null
03-14 04:09:43.648 1009 1184 I ActivityTaskManager: clear resize flag in freeform mode
03-14 04:09:43.648 1009 1184 W WindowManager: updateScale : 0.79357797
03-14 04:09:43.664 1009 1184 D FreeFormWindowHelper: refreshTipWindow mTipWindowTitle : null
03-14 04:09:43.664 1009 1184 I ActivityTaskManager: clear resize flag in freeform mode
03-14 04:09:43.665 1009 1184 W WindowManager: updateScale : 0.79357797
03-14 04:09:43.680 1009 1184 D FreeFormWindowHelper: refreshTipWindow mTipWindowTitle : null
03-14 04:09:43.681 1009 1184 I ActivityTaskManager: clear resize flag in freeform mode
03-14 04:09:43.681 1009 1184 W WindowManager: updateScale : 0.79357797
03-14 04:09:43.697 1009 1184 D FreeFormWindowHelper: refreshTipWindow mTipWindowTitle : null
03-14 04:09:43.698 1009 1184 I ActivityTaskManager: clear resize flag in freeform mode
03-14 04:09:43.698 1009 1184 W WindowManager: updateScale : 0.79357797
03-14 04:09:43.699 1009 9872 W WindowManager: updateScale : 0.79357797
01-01 08:19:12.403 0 0 E DTC_ETH,link_delay_work_func: 3003, SQI=0, link=0
03-14 04:09:43.712 1009 9872 W WindowManager: updateScale : 0.79357797
03-14 04:09:43.714 1009 1184 D FreeFormWindowHelper: refreshTipWindow mTipWindowTitle : null
03-14 04:09:43.715 1009 1184 I ActivityTaskManager: clear resize flag in freeform mode
03-14 04:09:43.715 1009 1184 W WindowManager: updateScale : 0.79357797
03-14 04:09:43.728 1009 2178 W WindowManager: updateScale : 0.79357797
03-14 04:09:43.731 1009 1184 D FreeFormWindowHelper: refreshTipWindow mTipWindowTitle : null
03-14 04:09:43.731 1009 1184 I ActivityTaskManager: clear resize flag in freeform mode
03-14 04:09:43.731 1009 1184 W WindowManager: updateScale : 0.79357797
03-14 04:09:43.747 1009 1184 D FreeFormWindowHelper: refreshTipWindow mTipWindowTitle : null
03-14 04:09:43.748 1009 1184 I ActivityTaskManager: clear resize flag in freeform mode
03-14 04:09:43.748 1009 1184 W WindowManager: updateScale : 0.79357797
03-14 04:09:43.764 1009 1184 D FreeFormWindowHelper: refreshTipWindow mTipWindowTitle : null
03-14 04:09:43.765 1009 1184 I ActivityTaskManager: clear resize flag in freeform mode
03-14 04:09:43.765 1009 1184 W WindowManager: updateScale : 0.79357797
03-14 04:09:43.778 1009 2178 W WindowManager: updateScale : 0.79357797
03-14 04:09:43.781 1009 1184 D FreeFormWindowHelper: refreshTipWindow mTipWindowTitle : null
03-14 04:09:43.781 1009 1184 I ActivityTaskManager: clear resize flag in freeform mode
03-14 04:09:43.782 1009 1184 W WindowManager: updateScale : 0.79357797
03-14 04:09:43.793 1009 9872 W WindowManager: updateScale : 0.79357797
03-14 04:09:43.797 1009 1184 D FreeFormWindowHelper: refreshTipWindow mTipWindowTitle : null
03-14 04:09:43.798 1009 1184 I ActivityTaskManager: clear resize flag in freeform mode
03-14 04:09:43.798 1009 1184 W WindowManager: updateScale : 0.79357797
03-14 04:09:43.810 1009 9872 W WindowManager: updateScale : 0.79357797
03-14 04:09:43.814 1009 1184 D FreeFormWindowHelper: refreshTipWindow mTipWindowTitle : null
03-14 04:09:43.815 1009 1184 I ActivityTaskManager: clear resize flag in freeform mode
03-14 04:09:43.815 1009 1184 W WindowManager: updateScale : 0.79357797
03-14 04:09:43.827 1009 9872 W WindowManager: updateScale : 0.79357797
03-14 04:09:43.831 1009 1184 D FreeFormWindowHelper: refreshTipWindow mTipWindowTitle : null
03-14 04:09:43.831 1009 1184 I ActivityTaskManager: clear resize flag in freeform mode
03-14 04:09:43.832 1009 1184 W WindowManager: updateScale : 0.79357797
03-14 04:09:43.843 1009 9872 W WindowManager: updateScale : 0.79357797
03-14 04:09:43.848 1009 1184 D FreeFormWindowHelper: refreshTipWindow mTipWindowTitle : null
03-14 04:09:43.848 1009 1184 I ActivityTaskManager: clear resize flag in freeform mode
03-14 04:09:43.848 1009 1184 W WindowManager: updateScale : 0.79357797
03-14 04:09:43.861 1009 9872 W WindowManager: updateScale : 0.79357797
03-14 04:09:43.864 1009 1184 D FreeFormWindowHelper: refreshTipWindow mTipWindowTitle : null
03-14 04:09:43.865 1009 1184 I ActivityTaskManager: clear resize flag in freeform mode
03-14 04:09:43.865 1009 1184 W WindowManager: updateScale : 0.79357797
03-14 04:09:43.877 1009 9872 W WindowManager: updateScale : 0.79357797
03-14 04:09:43.893 1009 9872 W WindowManager: updateScale : 0.79357797
03-14 04:09:43.906 1009 1184 D WindowManager: updateWindowDragBounds: mIsSwipeYfalse
03-14 04:09:43.906 1009 1184 D WindowManager: updateWindowDragBounds: mIsTopfalse
03-14 04:09:43.932 1009 1185 I ActivityTaskManager: clear resize flag in freeform mode
03-14 04:09:43.933 1009 1185 W WindowManager: updateScale : 0.45565748
03-14 04:09:43.945 1009 9872 W WindowManager: updateScale : 0.45565748
03-14 04:09:43.949 1009 1185 I ActivityTaskManager: clear resize flag in freeform mode
03-14 04:09:43.949 1009 1185 W WindowManager: updateScale : 0.45565748
03-14 04:09:43.966 1009 1185 I ActivityTaskManager: clear resize flag in freeform mode
03-14 04:09:43.967 1009 1185 W WindowManager: updateScale : 0.45565748
03-14 04:09:43.982 1009 1185 I ActivityTaskManager: clear resize flag in freeform mode
03-14 04:09:43.982 1009 1185 W WindowManager: updateScale : 0.45565748
03-14 04:09:44.000 1009 1185 I ActivityTaskManager: clear resize flag in freeform mode
03-14 04:09:44.000 1009 1185 W WindowManager: updateScale : 0.45565748
03-14 04:09:44.016 1009 1185 I ActivityTaskManager: clear resize flag in freeform mode
03-14 04:09:44.016 1009 1185 W WindowManager: updateScale : 0.45565748
03-14 04:09:44.033 1009 1185 I ActivityTaskManager: clear resize flag in freeform mode
03-14 04:09:44.033 1009 1185 W WindowManager: updateScale : 0.45565748
03-14 04:09:44.050 1009 1185 I ActivityTaskManager: clear resize flag in freeform mode
03-14 04:09:44.050 1009 1185 W WindowManager: updateScale : 0.45565748
03-14 04:09:44.063 1009 2178 W WindowManager: updateScale : 0.45565748
03-14 04:09:44.066 1009 1185 I ActivityTaskManager: clear resize flag in freeform mode
03-14 04:09:44.067 1009 1185 W WindowManager: updateScale : 0.45565748
03-14 04:09:44.079 1009 2178 W WindowManager: updateScale : 0.45565748
03-14 04:09:44.083 1009 1185 I ActivityTaskManager: clear resize flag in freeform mode
03-14 04:09:44.083 1009 1185 W WindowManager: updateScale : 0.45565748
03-14 04:09:44.100 1009 1185 I ActivityTaskManager: clear resize flag in freeform mode
03-14 04:09:44.100 1009 1185 W WindowManager: updateScale : 0.45565748
03-14 04:09:44.116 1009 1185 I ActivityTaskManager: clear resize flag in freeform mode
03-14 04:09:44.117 1009 1185 W WindowManager: updateScale : 0.45565748
03-14 04:09:44.133 1009 1185 I ActivityTaskManager: clear resize flag in freeform mode
03-14 04:09:44.134 1009 1185 W WindowManager: updateScale : 0.45565748
03-14 04:09:44.150 1009 1185 I ActivityTaskManager: clear resize flag in freeform mode
03-14 04:09:44.150 1009 1185 W WindowManager: updateScale : 0.45565748
03-14 04:09:44.166 1009 1185 I ActivityTaskManager: clear resize flag in freeform mode
03-14 04:09:44.167 1009 1185 W WindowManager: updateScale : 0.45565748
03-14 04:09:44.183 1009 1185 I ActivityTaskManager: clear resize flag in freeform mode
03-14 04:09:44.184 1009 1185 W WindowManager: updateScale : 0.45565748
03-14 04:09:44.200 1009 1185 I ActivityTaskManager: clear resize flag in freeform mode
03-14 04:09:44.200 1009 1185 W WindowManager: updateScale : 0.45565748
03-14 04:09:44.217 1009 1185 I ActivityTaskManager: clear resize flag in freeform mode
03-14 04:09:44.217 1009 1185 W WindowManager: updateScale : 0.45565748
03-14 04:09:44.234 1009 1185 I ActivityTaskManager: clear resize flag in freeform mode
03-14 04:09:44.234 1009 1185 W WindowManager: updateScale : 0.45565748
03-14 04:09:45.094 1009 1587 I input_interaction: Interaction with: 8d5c51c com.android.gallery3d/com.android.gallery3d.app.GalleryActivity (server), edge-swipe (server), swipe-up (server), PointerEventDispatcher0 (server),
03-14 04:09:45.453 1009 1185 I ActivityTaskManager: clear resize flag in freeform mode
03-14 04:09:45.454 1009 1185 W WindowManager: updateScale : 0.5214067
03-14 04:09:45.471 1009 1185 I ActivityTaskManager: clear resize flag in freeform mode
03-14 04:09:45.471 1009 1185 W WindowManager: updateScale : 0.5733945
03-14 04:09:45.488 1009 1185 I ActivityTaskManager: clear resize flag in freeform mode
03-14 04:09:45.489 1009 1185 W WindowManager: updateScale : 0.62079513
03-14 04:09:45.496 1009 9872 W WindowManager: updateScale : 0.62079513
03-14 04:09:45.503 1009 1185 I ActivityTaskManager: clear resize flag in freeform mode
03-14 04:09:45.503 1009 1185 W WindowManager: updateScale : 0.6590214
03-14 04:09:45.516 1009 2178 W WindowManager: updateScale : 0.6590214
03-14 04:09:45.519 1009 1185 I ActivityTaskManager: clear resize flag in freeform mode
03-14 04:09:45.519 1009 1185 W WindowManager: updateScale : 0.6880734
03-14 04:09:45.531 1009 2178 W WindowManager: updateScale : 0.6880734
03-14 04:09:45.536 1009 1185 I ActivityTaskManager: clear resize flag in freeform mode
03-14 04:09:45.536 1009 1185 W WindowManager: updateScale : 0.7140673
03-14 04:09:45.548 1009 2178 W WindowManager: updateScale : 0.7140673
03-14 04:09:45.552 1009 1185 I ActivityTaskManager: clear resize flag in freeform mode
03-14 04:09:45.553 1009 1185 W WindowManager: updateScale : 0.73394495
03-14 04:09:45.564 1009 2178 W WindowManager: updateScale : 0.73394495
03-14 04:09:45.570 1009 1185 I ActivityTaskManager: clear resize flag in freeform mode
03-14 04:09:45.570 1009 1185 W WindowManager: updateScale : 0.74923545
03-14 04:09:45.581 1009 2178 W WindowManager: updateScale : 0.74923545
03-14 04:09:45.586 1009 1185 I ActivityTaskManager: clear resize flag in freeform mode
03-14 04:09:45.587 1009 1185 W WindowManager: updateScale : 0.7614679
03-14 04:09:45.587 1009 1185 W WindowManager: updateScale : 0.7614679
03-14 04:09:45.598 1009 2178 W WindowManager: updateScale : 0.7614679
03-14 04:09:45.603 1009 1185 I ActivityTaskManager: clear resize flag in freeform mode
03-14 04:09:45.604 1009 1185 W WindowManager: updateScale : 0.7706422
03-14 04:09:45.620 1009 1185 I ActivityTaskManager: clear resize flag in freeform mode
03-14 04:09:45.620 1009 1185 W WindowManager: updateScale : 0.7782875
03-14 04:09:45.622 1009 2178 W WindowManager: updateScale : 0.7782875
03-14 04:09:45.636 1009 1185 I ActivityTaskManager: clear resize flag in freeform mode
03-14 04:09:45.637 1009 1185 W WindowManager: updateScale : 0.78287464
03-14 04:09:45.653 1009 1185 I ActivityTaskManager: clear resize flag in freeform mode
03-14 04:09:45.654 1009 1185 W WindowManager: updateScale : 0.78746176
03-14 04:09:45.667 1009 9872 W WindowManager: updateScale : 0.78746176
03-14 04:09:45.670 1009 1185 I ActivityTaskManager: clear resize flag in freeform mode
03-14 04:09:45.670 1009 1185 W WindowManager: updateScale : 0.78899086
03-14 04:09:45.687 1009 1185 I ActivityTaskManager: clear resize flag in freeform mode
03-14 04:09:45.687 1009 1185 W WindowManager: updateScale : 0.7905199
03-14 04:09:45.701 1009 9872 W WindowManager: updateScale : 0.7905199
03-14 04:09:45.705 1009 1185 I ActivityTaskManager: clear resize flag in freeform mode
03-14 04:09:45.705 1009 1185 W WindowManager: updateScale : 0.79204893
03-14 04:09:45.716 1009 2178 W WindowManager: updateScale : 0.79204893
03-14 04:09:45.720 1009 1185 I ActivityTaskManager: clear resize flag in freeform mode
03-14 04:09:45.720 1009 1185 W WindowManager: updateScale : 0.79357797
03-14 04:09:45.731 1009 2178 W WindowManager: updateScale : 0.79357797
03-14 04:09:45.736 1009 1185 I ActivityTaskManager: clear resize flag in freeform mode
03-14 04:09:45.736 1009 1185 W WindowManager: updateScale : 0.79357797
03-14 04:09:45.748 1009 2178 W WindowManager: updateScale : 0.79357797
03-14 04:09:45.765 1009 2178 W WindowManager: updateScale : 0.79357797
03-14 04:09:46.130 1009 2178 I wm_finish_activity: [0,219141122,144,com.android.gallery3d/.app.GalleryActivity,finish-activity]
03-14 04:09:46.130 1009 2178 I wm_task_moved: [1,1,7]
03-14 04:09:46.131 1009 2178 I wm_set_resumed_activity: [0,com.android.launcher3/.uioverrides.QuickstepLauncher,positionChildAt]
03-14 04:09:46.131 1009 2178 I wm_task_moved: [149,1,2147483647]
03-14 04:09:46.131 1009 2178 I wm_task_to_front: [0,149]
03-14 04:09:46.131 1009 2178 I wm_focused_root_task: [0,0,1,-1,finish-top adjustFocusToNextFocusableTask]
03-14 04:09:46.131 1009 2178 I wm_set_resumed_activity: [0,com.android.launcher3/.uioverrides.QuickstepLauncher,finish-top]
03-14 04:09:46.132 1009 2178 I wm_pause_activity: [0,219141122,com.android.gallery3d/.app.GalleryActivity,userLeaving=false,finish]
03-14 04:09:46.137 1009 1184 I input_focus: [Focus request a99babe com.android.launcher3/com.android.launcher3.uioverrides.QuickstepLauncher,reason=UpdateInputWindows]
03-14 04:09:46.138 9834 9834 I wm_on_top_resumed_lost_called: [219141122,com.android.gallery3d.app.GalleryActivity,topStateChangedWhenResumed]
03-14 04:09:46.138 1009 1587 I input_focus: [Focus leaving 8d5c51c com.android.gallery3d/com.android.gallery3d.app.GalleryActivity (server),reason=NOT_VISIBLE]
03-14 04:09:46.142 1009 1183 I sysui_multi_action: [757,803,799,window_time_0,802,7]
03-14 04:09:46.145 9852 9852 I wm_on_top_resumed_gained_called: [94520459,com.android.launcher3.uioverrides.QuickstepLauncher,topStateChangedWhenResumed]
03-14 04:09:46.146 1009 2881 E TaskPersister: File error accessing recents directory (directory doesn't exist?).
03-14 04:09:46.149 9834 9834 I wm_on_paused_called: [219141122,com.android.gallery3d.app.GalleryActivity,performPause]
03-14 04:09:46.151 1009 2178 I ActivityTaskManager: FOREGROUND_APPLICATION_CHANGED to com.android.launcher3.uioverrides.QuickstepLauncher
03-14 04:09:46.152 1009 2178 I wm_destroy_activity: [0,219141122,144,com.android.gallery3d/.app.GalleryActivity,finish-imm:completePausedLocked]
03-14 04:09:46.159 1009 1587 I input_focus: [Focus entering a99babe com.android.launcher3/com.android.launcher3.uioverrides.QuickstepLauncher (server),reason=setFocusedWindow]
03-14 04:09:46.161 1009 1183 I sysui_multi_action: [757,803,799,window_time_0,802,0]
03-14 04:09:46.175 9834 9834 I wm_on_stop_called: [219141122,com.android.gallery3d.app.GalleryActivity,LIFECYCLER_STOP_ACTIVITY]
03-14 04:09:46.178 9834 9834 I wm_on_destroy_called: [219141122,com.android.gallery3d.app.GalleryActivity,performDestroy]
03-14 04:09:46.183 1009 9872 I wm_task_removed: [144,removeChild:removeChild last r=ActivityRecord{d0fd402 u0 com.android.gallery3d/.app.GalleryActivity t-1 f}} in t=Task{cc6214d #144 type=standard A=10064:com.android.gallery3d U=0 visible=false mode=freeform translucent=true sz=0}]
03-14 04:09:46.183 1009 9872 I wm_task_removed: [144,removeChild]
03-14 04:09:46.183 1009 9872 D FreeFormWindowHelper: Remove freefrom task=Task{cc6214d #144 type=standard A=10064:com.android.gallery3d U=0 visible=false mode=freeform translucent=true sz=0}
03-14 04:09:46.258 1009 7626 W FreeFormWindowHelper: Current Display FreeFormTask is null
03-14 04:09:46.703 1009 1587 I input_interaction: Interaction with: a99babe com.android.launcher3/com.android.launcher3.uioverrides.QuickstepLauncher (server), 8c59581 com.android.systemui.ImageWallpaper (server), edge-swipe (server), swipe-up (server), PointerEventDispatcher0 (server),
03-14 04:09:47.986 1009 2178 I thunderperf: PlatormCompat.setOverrides: Uid1=10074 Pid1=9852 Uid2=10074 Pid2=9852
03-14 04:09:47.986 1009 2178 I thunderperf: PlatormCompat.setOverrides: needCheck:false
03-14 04:09:47.986 1009 2178 I thunderperf: CompatConfig.addOverrideUnsafe: bef-state=0
03-14 04:09:47.986 1009 2178 I thunderperf: CompatConfig.addOverrideUnsafe: aft-state=0
03-14 04:09:47.988 1009 2178 I thunderperf: CompatConfig.addOverrideUnsafe: bef-state=0
03-14 04:09:47.988 1009 2178 I thunderperf: CompatConfig.addOverrideUnsafe: aft-state=0
03-14 04:09:47.988 1009 2178 I thunderperf: CompatConfig.addOverrideUnsafe: bef-state=0
03-14 04:09:47.988 1009 2178 I thunderperf: CompatConfig.addOverrideUnsafe: aft-state=0
03-14 04:09:47.989 1009 2178 I thunderperf: CompatConfig.addOverrideUnsafe: bef-state=0
03-14 04:09:47.989 1009 2178 I thunderperf: CompatConfig.addOverrideUnsafe: aft-state=0
03-14 04:09:47.989 1009 2178 I thunderperf: CompatConfig.addOverrideUnsafe: bef-state=0
03-14 04:09:47.989 1009 2178 I thunderperf: CompatConfig.addOverrideUnsafe: aft-state=0
03-14 04:09:47.990 1009 2178 I thunderperf: CompatConfig.addOverrideUnsafe: bef-state=0
03-14 04:09:47.990 1009 2178 I thunderperf: CompatConfig.addOverrideUnsafe: aft-state=0
03-14 04:09:47.990 1009 2178 I thunderperf: CompatConfig.addOverrideUnsafe: bef-state=0
03-14 04:09:47.990 1009 2178 I thunderperf: CompatConfig.addOverrideUnsafe: aft-state=0
03-14 04:09:47.991 1009 2178 I thunderperf: CompatConfig.addOverrideUnsafe: bef-state=0
03-14 04:09:47.991 1009 2178 I thunderperf: CompatConfig.addOverrideUnsafe: aft-state=0
03-14 04:09:47.991 1009 2178 I thunderperf: CompatConfig.addOverrideUnsafe: bef-state=0
03-14 04:09:47.991 1009 2178 I thunderperf: CompatConfig.addOverrideUnsafe: aft-state=0
03-14 04:09:47.992 1009 2178 I thunderperf: CompatConfig.addOverrideUnsafe: bef-state=0
03-14 04:09:47.992 1009 2178 I thunderperf: CompatConfig.addOverrideUnsafe: aft-state=0
03-14 04:09:47.992 1009 2178 I thunderperf: CompatConfig.addOverrideUnsafe: bef-state=0
03-14 04:09:47.992 1009 2178 I thunderperf: CompatConfig.addOverrideUnsafe: aft-state=0
03-14 04:09:47.993 1009 2178 I thunderperf: CompatConfig.addOverrideUnsafe: bef-state=0
03-14 04:09:47.993 1009 2178 I thunderperf: CompatConfig.addOverrideUnsafe: aft-state=0
03-14 04:09:47.993 1009 2178 I thunderperf: CompatConfig.addOverrideUnsafe: bef-state=0
03-14 04:09:47.993 1009 2178 I thunderperf: CompatConfig.addOverrideUnsafe: aft-state=0
03-14 04:09:47.994 1009 2178 I thunderperf: CompatConfig.addOverrideUnsafe: bef-state=0
03-14 04:09:47.994 1009 2178 I thunderperf: CompatConfig.addOverrideUnsafe: aft-state=0
03-14 04:09:48.000 1009 2178 I ActivityTaskManager: START u0 {act=android.intent.action.MAIN cat=[android.intent.category.LAUNCHER] flg=0x10200000 cmp=com.android.documentsui/.LauncherActivity} from uid 10074
03-14 04:09:48.004 1009 2178 I wm_task_created: [152,-1]
03-14 04:09:48.005 1009 2178 W ActivityTaskManager: Can't find TaskDisplayArea to determine support for multi window. Task id=152 attached=false
03-14 04:09:48.005 1009 2178 D FreeFormWindowHelper: Add freeform task=Task{a5627b #152 type=standard ?? U=0 visible=false mode=freeform translucent=true sz=0}
03-14 04:09:48.007 1009 2178 I wm_task_moved: [152,1,7]
03-14 04:09:48.007 1009 2178 I wm_task_to_front: [0,152]
03-14 04:09:48.007 1009 2178 I wm_create_task: [0,152]
03-14 04:09:48.007 1009 2178 I wm_create_activity: [0,9345176,152,com.android.documentsui/.LauncherActivity,android.intent.action.MAIN,NULL,NULL,270532608]
03-14 04:09:48.007 1009 2178 I wm_task_moved: [152,1,7]
03-14 04:09:48.008 1009 2178 V SplashScreenExceptionList: SplashScreen checking exception for package com.android.documentsui (target sdk:30) -> false
03-14 04:09:48.008 1009 2178 I ActivityTaskManager: FOREGROUND_APPLICATION_CHANGED to com.android.documentsui.files.LauncherActivity
03-14 04:09:48.008 1009 2178 I ActivityTaskManager: The Process com.android.documentsui Already Exists in BG. So sending its PID: 10009
03-14 04:09:48.009 1009 2178 W ActivityTaskManager: Tried to set launchTime (0) < mLastActivityLaunchTime (1119932)
03-14 04:09:48.009 1009 2178 I wm_restart_activity: [0,9345176,152,com.android.documentsui/.LauncherActivity]
03-14 04:09:48.010 1009 2178 I wm_set_resumed_activity: [0,com.android.documentsui/.LauncherActivity,minimalResumeActivityLocked]
03-14 04:09:48.012 9852 9852 I wm_on_top_resumed_lost_called: [94520459,com.android.launcher3.uioverrides.QuickstepLauncher,topStateChangedWhenResumed]
03-14 04:09:48.017 1009 9872 I thunderperf: PlatormCompat.setOverrides: Uid1=10023 Pid1=10009 Uid2=10023 Pid2=10009
03-14 04:09:48.017 1009 9872 I thunderperf: PlatormCompat.setOverrides: needCheck:false
03-14 04:09:48.017 1009 9872 I thunderperf: CompatConfig.addOverrideUnsafe: bef-state=0
03-14 04:09:48.017 1009 9872 I thunderperf: CompatConfig.addOverrideUnsafe: aft-state=0
03-14 04:09:48.017 1009 9872 I thunderperf: CompatConfig.addOverrideUnsafe: bef-state=0
03-14 04:09:48.017 1009 9872 I thunderperf: CompatConfig.addOverrideUnsafe: aft-state=0
03-14 04:09:48.018 1009 9872 I thunderperf: CompatConfig.addOverrideUnsafe: bef-state=0
03-14 04:09:48.018 1009 9872 I thunderperf: CompatConfig.addOverrideUnsafe: aft-state=0
03-14 04:09:48.018 1009 9872 I thunderperf: CompatConfig.addOverrideUnsafe: bef-state=0
03-14 04:09:48.018 1009 9872 I thunderperf: CompatConfig.addOverrideUnsafe: aft-state=0
03-14 04:09:48.018 1009 9872 I thunderperf: CompatConfig.addOverrideUnsafe: bef-state=0
03-14 04:09:48.018 1009 9872 I thunderperf: CompatConfig.addOverrideUnsafe: aft-state=0
03-14 04:09:48.018 1009 9872 I thunderperf: CompatConfig.addOverrideUnsafe: bef-state=0
03-14 04:09:48.018 1009 9872 I thunderperf: CompatConfig.addOverrideUnsafe: aft-state=0
03-14 04:09:48.018 1009 9872 I thunderperf: CompatConfig.addOverrideUnsafe: bef-state=0
03-14 04:09:48.018 1009 9872 I thunderperf: CompatConfig.addOverrideUnsafe: aft-state=0
03-14 04:09:48.019 1009 9872 I thunderperf: CompatConfig.addOverrideUnsafe: bef-state=0
03-14 04:09:48.019 1009 9872 I thunderperf: CompatConfig.addOverrideUnsafe: aft-state=0
03-14 04:09:48.019 1009 9872 I thunderperf: CompatConfig.addOverrideUnsafe: bef-state=0
03-14 04:09:48.019 1009 9872 I thunderperf: CompatConfig.addOverrideUnsafe: aft-state=0
03-14 04:09:48.019 1009 9872 I thunderperf: CompatConfig.addOverrideUnsafe: bef-state=0
03-14 04:09:48.019 1009 9872 I thunderperf: CompatConfig.addOverrideUnsafe: aft-state=0
03-14 04:09:48.019 1009 9872 I thunderperf: CompatConfig.addOverrideUnsafe: bef-state=0
03-14 04:09:48.019 1009 9872 I thunderperf: CompatConfig.addOverrideUnsafe: aft-state=0
03-14 04:09:48.019 1009 9872 I thunderperf: CompatConfig.addOverrideUnsafe: bef-state=0
03-14 04:09:48.019 1009 9872 I thunderperf: CompatConfig.addOverrideUnsafe: aft-state=0
03-14 04:09:48.019 1009 9872 I thunderperf: CompatConfig.addOverrideUnsafe: bef-state=0
03-14 04:09:48.019 1009 9872 I thunderperf: CompatConfig.addOverrideUnsafe: aft-state=0
03-14 04:09:48.020 1009 9872 I thunderperf: CompatConfig.addOverrideUnsafe: bef-state=0
03-14 04:09:48.020 1009 9872 I thunderperf: CompatConfig.addOverrideUnsafe: aft-state=0
03-14 04:09:48.022 1009 9872 I ActivityTaskManager: START u0 {dat=//com.android.documentsui.launchControl flg=0x10280000 cmp=com.android.documentsui/.files.FilesActivity (has extras)} from uid 10023
03-14 04:09:48.022 1009 9872 I wm_task_moved: [143,1,7]
03-14 04:09:48.022 1009 9872 I wm_task_to_front: [0,143]
03-14 04:09:48.022 1009 9872 I wm_focused_root_task: [0,0,143,152,bringingFoundTaskToFront]
03-14 04:09:48.023 1009 9872 I wm_set_resumed_activity: [0,com.android.documentsui/.files.FilesActivity,bringingFoundTaskToFront]
03-14 04:09:48.024 1009 9872 D FreeFormWindowHelper: finish old freeform task = ActivityRecord{8e9898 u0 com.android.documentsui/.LauncherActivity t152}
03-14 04:09:48.024 1009 9872 I wm_finish_activity: [0,9345176,152,com.android.documentsui/.LauncherActivity,app-request]
03-14 04:09:48.024 1009 9872 I wm_pause_activity: [0,9345176,com.android.documentsui/.LauncherActivity,userLeaving=false,finish]
03-14 04:09:48.024 1009 9872 D FreeFormWindowHelper: Add freeform task=Task{c9a902f #143 type=standard A=10023:com.android.documentsui U=0 visible=true mode=freeform translucent=true sz=1}
03-14 04:09:48.025 1009 9872 I ActivityTaskManager: clear resize flag in freeform mode
03-14 04:09:48.025 1009 9872 I wm_new_intent: [0,152561212,143,com.android.documentsui/.files.FilesActivity,NULL,NULL,//com.android.documentsui.launchControl,271056896]
03-14 04:09:48.027 1009 2178 W ActivityTaskManager: Finishing task with all activities already finished
03-14 04:09:48.027 1009 2178 W ActivityTaskManager: Duplicate finish request for r=ActivityRecord{8e9898 u0 com.android.documentsui/.LauncherActivity t152 f}}
03-14 04:09:48.027 10009 10009 I wm_on_create_called: [9345176,com.android.documentsui.LauncherActivity,performCreate]
03-14 04:09:48.030 1009 2178 I wm_add_to_stopping: [0,9345176,com.android.documentsui/.LauncherActivity,completeFinishing]
03-14 04:09:48.030 1009 2178 I ActivityTaskManager: FOREGROUND_APPLICATION_CHANGED to com.android.documentsui.files.FilesActivity
03-14 04:09:48.031 1009 2178 I wm_set_resumed_activity: [0,com.android.documentsui/.files.FilesActivity,resumeTopActivityInnerLocked]
03-14 04:09:48.031 1009 2178 I wm_resume_activity: [0,152561212,143,com.android.documentsui/.files.FilesActivity]
03-14 04:09:48.032 1009 1183 I wm_destroy_activity: [0,9345176,152,com.android.documentsui/.LauncherActivity,finish-imm:idle]
03-14 04:09:48.033 1009 1183 I sysui_multi_action: [757,803,799,window_time_0,802,2]
03-14 04:09:48.043 10009 10009 I wm_on_restart_called: [152561212,com.android.documentsui.files.FilesActivity,performRestartActivity]
03-14 04:09:48.045 10009 10009 I wm_on_start_called: [152561212,com.android.documentsui.files.FilesActivity,handleStartActivity]
03-14 04:09:48.046 10009 10009 I wm_on_resume_called: [152561212,com.android.documentsui.files.FilesActivity,RESUME_ACTIVITY]
03-14 04:09:48.047 10009 10009 I wm_on_top_resumed_gained_called: [152561212,com.android.documentsui.files.FilesActivity,topWhenResuming]
03-14 04:09:48.048 10009 10009 I wm_on_destroy_called: [9345176,com.android.documentsui.LauncherActivity,performDestroy]
03-14 04:09:48.049 1009 1585 I wm_task_removed: [152,removeChild:removeChild last r=ActivityRecord{8e9898 u0 com.android.documentsui/.LauncherActivity t-1 f}} in t=Task{a5627b #152 type=standard A=10023:com.android.documentsui U=0 visible=false mode=freeform translucent=true sz=0}]
03-14 04:09:48.049 1009 1585 I wm_task_removed: [152,removeChild]
03-14 04:09:48.060 1009 9872 W WindowManager: updateScale : 0.79357797
03-14 04:09:48.061 1009 1184 I input_focus: [Focus request 8dbe64 com.android.documentsui/com.android.documentsui.files.FilesActivity,reason=UpdateInputWindows]
03-14 04:09:48.078 1009 9872 W WindowManager: updateScale : 0.79357797
03-14 04:09:48.090 1009 1587 I input_focus: [Focus leaving a99babe com.android.launcher3/com.android.launcher3.uioverrides.QuickstepLauncher (server),reason=Waiting for window because NOT_VISIBLE]
03-14 04:09:48.094 1009 1184 W WindowManager: updateScale : 0.79357797
03-14 04:09:48.096 1009 1184 W WindowManager: updateScale : 0.79357797
03-14 04:09:48.096 1009 1184 W WindowManager: updateScale : 0.79357797
03-14 04:09:48.097 1009 1180 I sysui_multi_action: [319,95,322,95,325,1154,757,761,758,8,759,2,806,com.android.documentsui,871,com.android.documentsui.files.FilesActivity,904,com.android.documentsui,905,0,1320,4,1321,1]
03-14 04:09:48.097 1009 1180 I wm_activity_launch_time: [0,152561212,com.android.documentsui/.files.FilesActivity,95]
03-14 04:09:48.098 1009 1585 W WindowManager: updateScale : 0.79357797
03-14 04:09:48.107 1009 1587 I input_focus: [Focus entering 8dbe64 com.android.documentsui/com.android.documentsui.files.FilesActivity (server),reason=Window became focusable. Previous reason: NOT_VISIBLE]
03-14 04:09:48.111 1009 1585 W WindowManager: updateScale : 0.79357797
03-14 04:09:48.122 1009 9872 W WindowManager: updateScale : 0.79357797
03-14 04:09:48.133 1009 1585 W FreeFormWindowHelper: Current Display FreeFormTask is Task{c9a902f #143 type=standard A=10023:com.android.documentsui U=0 visible=true mode=freeform translucent=false sz=1}
03-14 04:09:48.133 1009 1585 W FreeFormWindowHelper: Current Display FreeFormTask is Task{c9a902f #143 type=standard A=10023:com.android.documentsui U=0 visible=true mode=freeform translucent=false sz=1}
03-14 04:09:48.374 1009 1184 W WindowManager: updateScale : 0.79357797
01-01 08:19:17.523 0 0 E DTC_ETH,link_delay_work_func: 3003, SQI=0, link=0
03-14 04:09:48.967 0 0 I auditd : type=1400 audit(0.0:4068): avc: denied { kill } for comm="swapper/1" capability=5 scontext=u:r:kernel:s0 tcontext=u:r:kernel:s0 tclass=capability permissive=1
03-14 04:09:50.194 1009 2881 E TaskPersister: File error accessing recents directory (directory doesn't exist?).
01-01 08:19:22.453 0 0 I msm_vidc: err : ffffffff: .....: DBLP Set: status 0
01-01 08:19:22.643 0 0 E DTC_ETH,link_delay_work_func: 3003, SQI=0, link=0
01-01 08:19:25.493 0 0 I msm_vidc: err : ffffffff: .....: DBLP Set: status 0
01-01 08:19:27.763 0 0 E DTC_ETH,link_delay_work_func: 3003, SQI=0, link=0
01-01 08:19:27.965 0 0 I [schedu][0x538a18100][04:09:59.264011] wlan: [3591:I:WMA] [04:09:59.185000] [ROAM_TRIGGER]: VDEV[0] Reason: "LOW RSSI" Cur_Rssi threshold:91 Current AP RSSI: 88
01-01 08:19:27.965 0 0 I [schedu][0x538a1842d][04:09:59.264053] wlan: [3591:I:WMA] [04:09:59.185000] [ROAM_SCAN]: VDEV[0] Scan_type: PARTIAL next_rssi_threshold: 93 dBm {2412 }
01-01 08:19:27.965 0 0 I [schedu][0x538a18561][04:09:59.264069] wlan: [3591:I:WMA] ============================================================================================================================
01-01 08:19:27.965 0 0 I [schedu][0x538a18707][04:09:59.264091] wlan: [3591:I:WMA] AP BSSID TSTAMP CH TY ETP RSSI/SCR CU%/SCR TOT_SCR BL_RSN BL_SRC BL_TSTAMP BL_TIMEOUT(ms)
01-01 08:19:27.965 0 0 I [schedu][0x538a18831][04:09:59.264107] wlan: [3591:I:WMA] ============================================================================================================================
01-01 08:19:27.965 0 0 I [schedu][0x538a18a62][04:09:59.264136] wlan: [3591:I:WMA] d6:44:3b:15:39:91 [04:09:59.185000] 2412 P_AP 0 88/0 0/0 1005 0 0 [00:00:00.000000] 0
01-01 08:19:27.965 0 0 I [schedu][0x538a18c10][04:09:59.264158] wlan: [3591:I:WMA] [04:09:59.244000] [ROAM_RESULT]: VDEV[0] FAILED Reason: NO AP FOUND
01-01 08:19:28.533 0 0 I msm_vidc: err : ffffffff: .....: DBLP Set: status 0
01-01 08:19:31.541 0 0 I msm_vidc: err : ffffffff: .....: DBLP Set: status 0
01-01 08:19:32.883 0 0 E DTC_ETH,link_delay_work_func: 3003, SQI=0, link=0
01-01 08:19:37.589 0 0 I msm_vidc: err : ffffffff: .....: DBLP Set: status 0
01-01 08:19:38.003 0 0 E DTC_ETH,link_delay_work_func: 3003, SQI=0, link=0
01-01 08:19:40.629 0 0 I msm_vidc: err : ffffffff: .....: DBLP Set: status 0
03-14 04:10:12.694 1009 7626 D CompatibilityChangeReporter: Compat change id reported: 171306433; UID 10101; state: DISABLED
01-01 08:19:43.111 0 0 I [schedu][0x549f6fa47][04:10:14.410588] wlan: [3591:I:WMA] [04:10:14.333000] [ROAM_TRIGGER]: VDEV[0] Reason: "LOW RSSI" Cur_Rssi threshold:91 Current AP RSSI: 76
01-01 08:19:43.112 0 0 I [schedu][0x549f6fd50][04:10:14.410628] wlan: [3591:I:WMA] [04:10:14.333000] [ROAM_SCAN]: VDEV[0] Scan_type: PARTIAL next_rssi_threshold: 81 dBm {2412 }
01-01 08:19:43.112 0 0 I [schedu][0x549f6fe7c][04:10:14.410644] wlan: [3591:I:WMA] ============================================================================================================================
01-01 08:19:43.112 0 0 I [schedu][0x549f7001f][04:10:14.410666] wlan: [3591:I:WMA] AP BSSID TSTAMP CH TY ETP RSSI/SCR CU%/SCR TOT_SCR BL_RSN BL_SRC BL_TSTAMP BL_TIMEOUT(ms)
01-01 08:19:43.112 0 0 I [schedu][0x549f70143][04:10:14.410681] wlan: [3591:I:WMA] ============================================================================================================================
01-01 08:19:43.112 0 0 I [schedu][0x549f70383][04:10:14.410711] wlan: [3591:I:WMA] d6:44:3b:15:39:91 [04:10:14.333000] 2412 P_AP 0 76/0 0/0 1557 0 0 [00:00:00.000000] 0
01-01 08:19:43.112 0 0 I [schedu][0x549f70a0e][04:10:14.410798] wlan: [3591:I:WMA] [04:10:14.388000] [ROAM_RESULT]: VDEV[0] FAILED Reason: NO AP FOUND
01-01 08:19:43.123 0 0 E DTC_ETH,link_delay_work_func: 3003, SQI=0, link=0
01-01 08:19:43.850 0 0 I perf : interrupt took too long (3962 > 3946), lowering kernel.perf_event_max_sample_rate to 50250
01-01 08:19:45.266 0 0 I [schedu][0x54c6e0f09][04:10:16.564678] wlan: [3591:I:WMA] [04:10:14.394000] [ROAM_TRIGGER]: VDEV[0] Reason: "LOW RSSI" Sub-Reason: FULL SCAN Cur_Rssi threshold:81 Current AP RSSI: 76
01-01 08:19:45.266 0 0 I [schedu][0x54c6e1243][04:10:16.564721] wlan: [3591:I:WMA] [04:10:14.394000] [ROAM_SCAN]: VDEV[0] Scan_type: FULL next_rssi_threshold: 81 dBm
01-01 08:19:45.266 0 0 I [schedu][0x54c6e1377][04:10:16.564737] wlan: [3591:I:WMA] ============================================================================================================================
01-01 08:19:45.266 0 0 I [schedu][0x54c6e18ed][04:10:16.564810] wlan: [3591:I:WMA] AP BSSID TSTAMP CH TY ETP RSSI/SCR CU%/SCR TOT_SCR BL_RSN BL_SRC BL_TSTAMP BL_TIMEOUT(ms)
01-01 08:19:45.266 0 0 I [schedu][0x54c6e3cfa][04:10:16.565291] wlan: [3591:I:WMA] ============================================================================================================================
01-01 08:19:45.266 0 0 I [schedu][0x54c6e424d][04:10:16.565362] wlan: [3591:I:WMA] d6:44:3b:15:39:91 [04:10:14.394000] 2412 P_AP 0 76/0 0/0 1557 0 0 [00:00:00.000000] 0
01-01 08:19:45.266 0 0 I [schedu][0x54c6e4452][04:10:16.565388] wlan: [3591:I:WMA] [04:10:16.542000] [ROAM_RESULT]: VDEV[0] FAILED Reason: NO AP FOUND
01-01 08:19:46.677 0 0 I msm_vidc: err : ffffffff: .....: DBLP Set: status 0
01-01 08:19:48.244 0 0 E DTC_ETH,link_delay_work_func: 3003, SQI=0, link=0
01-01 08:19:50.415 0 0 I [soft_i][0x55252905d][04:10:21.713709] wlan: [0:I:QDF] ARP-RS TX: SA:ba:fd:a2:24:92:1b DA:d6:44:3b:15:39:91 msdu_id:274 status: nack
03-14 04:10:23.807 1009 1194 I am_uid_idle: 10063
01-01 08:19:53.363 0 0 E DTC_ETH,link_delay_work_func: 3003, SQI=0, link=0
01-01 08:19:58.483 0 0 E DTC_ETH,link_delay_work_func: 3003, SQI=0, link=0
01-01 08:20:01.340 0 0 I logd : logdr: UID=1000 GID=1000 PID=10289 n tail=127 logMask=19 pid=0 start=0ns deadline=0ns
01-01 08:20:01.452 0 0 I logd : logdr: UID=1000 GID=1000 PID=10292 n tail=127 logMask=80 pid=0 start=0ns deadline=0ns
01-01 08:20:01.543 0 0 W audit : audit_lost=4645 audit_rate_limit=5 audit_backlog_limit=64
01-01 08:20:01.543 0 0 E audit : rate limit exceeded
03-14 04:10:32.835 868 868 I auditd : type=1400 audit(0.0:4069): avc: denied { search } for comm="wifi@1.0-servic" name="tombstones" dev="dm-10" ino=36 scontext=u:r:hal_wifi_default:s0 tcontext=u:object_r:vendor_tombstone_data_file:s0 tclass=dir permissive=1
03-14 04:10:32.835 868 868 I auditd : type=1400 audit(0.0:4070): avc: denied { read } for comm="wifi@1.0-servic" name="wifi" dev="dm-10" ino=37 scontext=u:r:hal_wifi_default:s0 tcontext=u:object_r:vendor_tombstone_data_file:s0 tclass=dir permissive=1
03-14 04:10:32.835 868 868 I auditd : type=1400 audit(0.0:4071): avc: denied { open } for comm="wifi@1.0-servic" path="/data/vendor/tombstones/wifi" dev="dm-10" ino=37 scontext=u:r:hal_wifi_default:s0 tcontext=u:object_r:vendor_tombstone_data_file:s0 tclass=dir permissive=1
03-14 04:10:32.835 868 868 I auditd : type=1400 audit(0.0:4072): avc: denied { write } for comm="wifi@1.0-servic" name="wifi" dev="dm-10" ino=37 scontext=u:r:hal_wifi_default:s0 tcontext=u:object_r:vendor_tombstone_data_file:s0 tclass=dir permissive=1
03-14 04:10:32.835 868 868 I auditd : type=1400 audit(0.0:4073): avc: denied { add_name } for comm="wifi@1.0-servic" name="connectivity_events_rbbIOv4P3jow" scontext=u:r:hal_wifi_default:s0 tcontext=u:object_r:vendor_tombstone_data_file:s0 tclass=dir permissive=1
03-14 04:10:32.835 868 868 I auditd : type=1400 audit(0.0:4074): avc: denied { create } for comm="wifi@1.0-servic" name="connectivity_events_rbbIOv4P3jow" scontext=u:r:hal_wifi_default:s0 tcontext=u:object_r:vendor_tombstone_data_file:s0 tclass=file permissive=1
01-01 08:20:03.389 0 0 I [schedu][0x5612bba32][04:10:34.688347] wlan: [3591:I:WMA] [04:10:34.610000] [ROAM_TRIGGER]: VDEV[0] Reason: "LOW RSSI" Cur_Rssi threshold:96 Current AP RSSI: 92
01-01 08:20:03.389 0 0 I [schedu][0x5612bc17b][04:10:34.688444] wlan: [3591:I:WMA] [04:10:34.610000] [ROAM_SCAN]: VDEV[0] Scan_type: PARTIAL next_rssi_threshold: 97 dBm {2412 }
01-01 08:20:03.389 0 0 I [schedu][0x5612bc2c8][04:10:34.688461] wlan: [3591:I:WMA] ============================================================================================================================
01-01 08:20:03.389 0 0 I [schedu][0x5612bc47d][04:10:34.688484] wlan: [3591:I:WMA] AP BSSID TSTAMP CH TY ETP RSSI/SCR CU%/SCR TOT_SCR BL_RSN BL_SRC BL_TSTAMP BL_TIMEOUT(ms)
01-01 08:20:03.389 0 0 I [schedu][0x5612bc5a7][04:10:34.688500] wlan: [3591:I:WMA] ============================================================================================================================
01-01 08:20:03.389 0 0 I [schedu][0x5612bc7c1][04:10:34.688528] wlan: [3591:I:WMA] d6:44:3b:15:39:91 [04:10:34.610000] 2412 P_AP 0 92/0 0/0 1005 0 0 [00:00:00.000000] 0
