03-14 04:03:45.683 1009 1194 I am_wtf : [0,1009,system_server,-1,DisplayDeviceConfig,requesting nits when no mapping exists.]
03-14 04:03:45.684 1009 1194 I am_wtf : [0,1009,system_server,-1,DisplayDeviceConfig,requesting nits when no mapping exists.]
03-14 04:03:45.700 1009 1194 I am_wtf : [0,1009,system_server,-1,DisplayDeviceConfig,requesting nits when no mapping exists.]
03-14 04:03:45.701 1009 1194 I am_wtf : [0,1009,system_server,-1,DisplayDeviceConfig,requesting nits when no mapping exists.]
03-14 04:03:45.716 1009 1194 I am_wtf : [0,1009,system_server,-1,DisplayDeviceConfig,requesting nits when no mapping exists.]
03-14 04:03:45.718 1009 1194 I am_wtf : [0,1009,system_server,-1,DisplayDeviceConfig,requesting nits when no mapping exists.]
03-14 04:03:45.733 1009 1194 I am_wtf : [0,1009,system_server,-1,DisplayDeviceConfig,requesting nits when no mapping exists.]
03-14 04:03:45.734 1009 1194 I am_wtf : [0,1009,system_server,-1,DisplayDeviceConfig,requesting nits when no mapping exists.]
03-14 04:03:45.750 1009 1194 I am_wtf : [0,1009,system_server,-1,DisplayDeviceConfig,requesting nits when no mapping exists.]
03-14 04:03:45.750 1009 1194 I am_wtf : [0,1009,system_server,-1,DisplayDeviceConfig,requesting nits when no mapping exists.]
03-14 04:03:45.767 1009 1194 I am_wtf : [0,1009,system_server,-1,DisplayDeviceConfig,requesting nits when no mapping exists.]
03-14 04:03:45.768 1009 1194 I am_wtf : [0,1009,system_server,-1,DisplayDeviceConfig,requesting nits when no mapping exists.]
03-14 04:03:45.783 1009 1194 I am_wtf : [0,1009,system_server,-1,DisplayDeviceConfig,requesting nits when no mapping exists.]
03-14 04:03:45.784 1009 1194 I am_wtf : [0,1009,system_server,-1,DisplayDeviceConfig,requesting nits when no mapping exists.]
03-14 04:03:45.800 1009 1194 I am_wtf : [0,1009,system_server,-1,DisplayDeviceConfig,requesting nits when no mapping exists.]
03-14 04:03:45.800 1009 1194 I am_wtf : [0,1009,system_server,-1,DisplayDeviceConfig,requesting nits when no mapping exists.]
03-14 04:03:45.810 1009 1488 I commit_sys_config_file: [settings-1-0,7]
03-14 04:03:45.817 1009 1194 I am_wtf : [0,1009,system_server,-1,DisplayDeviceConfig,requesting nits when no mapping exists.]
03-14 04:03:45.819 1009 1194 I am_wtf : [0,1009,system_server,-1,DisplayDeviceConfig,requesting nits when no mapping exists.]
03-14 04:03:45.833 1009 1194 I am_wtf : [0,1009,system_server,-1,DisplayDeviceConfig,requesting nits when no mapping exists.]
03-14 04:03:45.834 1009 1194 I am_wtf : [0,1009,system_server,-1,DisplayDeviceConfig,requesting nits when no mapping exists.]
03-14 04:03:45.850 1009 1194 I am_wtf : [0,1009,system_server,-1,DisplayDeviceConfig,requesting nits when no mapping exists.]
03-14 04:03:45.851 1009 1194 I am_wtf : [0,1009,system_server,-1,DisplayDeviceConfig,requesting nits when no mapping exists.]
03-14 04:03:45.867 1009 1194 I am_wtf : [0,1009,system_server,-1,DisplayDeviceConfig,requesting nits when no mapping exists.]
03-14 04:03:45.868 1009 1194 I am_wtf : [0,1009,system_server,-1,DisplayDeviceConfig,requesting nits when no mapping exists.]
03-14 04:03:45.883 1009 1194 I am_wtf : [0,1009,system_server,-1,DisplayDeviceConfig,requesting nits when no mapping exists.]
03-14 04:03:45.884 1009 1194 I am_wtf : [0,1009,system_server,-1,DisplayDeviceConfig,requesting nits when no mapping exists.]
03-14 04:03:45.900 1009 1194 I am_wtf : [0,1009,system_server,-1,DisplayDeviceConfig,requesting nits when no mapping exists.]
03-14 04:03:45.900 1009 1194 I am_wtf : [0,1009,system_server,-1,DisplayDeviceConfig,requesting nits when no mapping exists.]
03-14 04:03:45.917 1009 1194 I am_wtf : [0,1009,system_server,-1,DisplayDeviceConfig,requesting nits when no mapping exists.]
03-14 04:03:45.917 1009 1194 I am_wtf : [0,1009,system_server,-1,DisplayDeviceConfig,requesting nits when no mapping exists.]
03-14 04:03:45.933 1009 1194 I am_wtf : [0,1009,system_server,-1,DisplayDeviceConfig,requesting nits when no mapping exists.]
03-14 04:03:45.934 1009 1194 I am_wtf : [0,1009,system_server,-1,DisplayDeviceConfig,requesting nits when no mapping exists.]
03-14 04:03:45.950 1009 1194 I am_wtf : [0,1009,system_server,-1,DisplayDeviceConfig,requesting nits when no mapping exists.]
03-14 04:03:45.950 1009 1194 I am_wtf : [0,1009,system_server,-1,DisplayDeviceConfig,requesting nits when no mapping exists.]
03-14 04:03:45.967 1009 1194 I am_wtf : [0,1009,system_server,-1,DisplayDeviceConfig,requesting nits when no mapping exists.]
03-14 04:03:45.967 1009 1194 I am_wtf : [0,1009,system_server,-1,DisplayDeviceConfig,requesting nits when no mapping exists.]
03-14 04:03:45.967 479 479 I auditd : type=1400 audit(0.0:3403): avc: denied { kill } for comm="ueventd" capability=5 scontext=u:r:ueventd:s0 tcontext=u:r:ueventd:s0 tclass=capability permissive=1
03-14 04:03:45.983 1009 1194 I am_wtf : [0,1009,system_server,-1,DisplayDeviceConfig,requesting nits when no mapping exists.]
03-14 04:03:45.984 1009 1194 I am_wtf : [0,1009,system_server,-1,DisplayDeviceConfig,requesting nits when no mapping exists.]
03-14 04:03:46.000 1009 1194 I am_wtf : [0,1009,system_server,-1,DisplayDeviceConfig,requesting nits when no mapping exists.]
03-14 04:03:46.001 1009 1194 I am_wtf : [0,1009,system_server,-1,DisplayDeviceConfig,requesting nits when no mapping exists.]
03-14 04:03:46.018 1009 1194 I am_wtf : [0,1009,system_server,-1,DisplayDeviceConfig,requesting nits when no mapping exists.]
03-14 04:03:46.019 1009 1194 I am_wtf : [0,1009,system_server,-1,DisplayDeviceConfig,requesting nits when no mapping exists.]
03-14 04:03:46.034 1009 1194 I am_wtf : [0,1009,system_server,-1,DisplayDeviceConfig,requesting nits when no mapping exists.]
03-14 04:03:46.034 1009 1194 I am_wtf : [0,1009,system_server,-1,DisplayDeviceConfig,requesting nits when no mapping exists.]
03-14 04:03:46.050 1009 1194 I am_wtf : [0,1009,system_server,-1,DisplayDeviceConfig,requesting nits when no mapping exists.]
03-14 04:03:46.050 1009 1194 I am_wtf : [0,1009,system_server,-1,DisplayDeviceConfig,requesting nits when no mapping exists.]
03-14 04:03:46.067 1009 1194 I am_wtf : [0,1009,system_server,-1,DisplayDeviceConfig,requesting nits when no mapping exists.]
03-14 04:03:46.068 1009 1194 I am_wtf : [0,1009,system_server,-1,DisplayDeviceConfig,requesting nits when no mapping exists.]
03-14 04:03:46.084 1009 1194 I am_wtf : [0,1009,system_server,-1,DisplayDeviceConfig,requesting nits when no mapping exists.]
03-14 04:03:46.085 1009 1194 I am_wtf : [0,1009,system_server,-1,DisplayDeviceConfig,requesting nits when no mapping exists.]
03-14 04:03:46.101 1009 1194 I am_wtf : [0,1009,system_server,-1,DisplayDeviceConfig,requesting nits when no mapping exists.]
03-14 04:03:46.102 1009 1194 I am_wtf : [0,1009,system_server,-1,DisplayDeviceConfig,requesting nits when no mapping exists.]
03-14 04:03:46.117 1009 1194 I am_wtf : [0,1009,system_server,-1,DisplayDeviceConfig,requesting nits when no mapping exists.]
03-14 04:03:46.118 1009 1194 I am_wtf : [0,1009,system_server,-1,DisplayDeviceConfig,requesting nits when no mapping exists.]
03-14 04:03:46.135 1009 1194 I am_wtf : [0,1009,system_server,-1,DisplayDeviceConfig,requesting nits when no mapping exists.]
03-14 04:03:46.136 1009 1194 I am_wtf : [0,1009,system_server,-1,DisplayDeviceConfig,requesting nits when no mapping exists.]
03-14 04:03:46.151 1009 1194 I am_wtf : [0,1009,system_server,-1,DisplayDeviceConfig,requesting nits when no mapping exists.]
03-14 04:03:46.152 1009 1194 I am_wtf : [0,1009,system_server,-1,DisplayDeviceConfig,requesting nits when no mapping exists.]
03-14 04:03:46.167 1009 1194 I am_wtf : [0,1009,system_server,-1,DisplayDeviceConfig,requesting nits when no mapping exists.]
03-14 04:03:46.169 1009 1194 I am_wtf : [0,1009,system_server,-1,DisplayDeviceConfig,requesting nits when no mapping exists.]
03-14 04:03:46.184 1009 1194 I am_wtf : [0,1009,system_server,-1,DisplayDeviceConfig,requesting nits when no mapping exists.]
03-14 04:03:46.185 1009 1194 I am_wtf : [0,1009,system_server,-1,DisplayDeviceConfig,requesting nits when no mapping exists.]
03-14 04:03:46.201 1009 1194 I am_wtf : [0,1009,system_server,-1,DisplayDeviceConfig,requesting nits when no mapping exists.]
03-14 04:03:46.202 1009 1194 I am_wtf : [0,1009,system_server,-1,DisplayDeviceConfig,requesting nits when no mapping exists.]
03-14 04:03:46.219 1009 1194 I am_wtf : [0,1009,system_server,-1,DisplayDeviceConfig,requesting nits when no mapping exists.]
03-14 04:03:46.220 1009 1194 I am_wtf : [0,1009,system_server,-1,DisplayDeviceConfig,requesting nits when no mapping exists.]
03-14 04:03:46.234 1009 1194 I am_wtf : [0,1009,system_server,-1,DisplayDeviceConfig,requesting nits when no mapping exists.]
03-14 04:03:46.236 1009 1194 I am_wtf : [0,1009,system_server,-1,DisplayDeviceConfig,requesting nits when no mapping exists.]
03-14 04:03:46.251 1009 1194 I am_wtf : [0,1009,system_server,-1,DisplayDeviceConfig,requesting nits when no mapping exists.]
03-14 04:03:46.252 1009 1194 I am_wtf : [0,1009,system_server,-1,DisplayDeviceConfig,requesting nits when no mapping exists.]
03-14 04:03:46.261 1009 1488 I commit_sys_config_file: [settings-1-0,6]
03-14 04:03:46.268 1009 1194 I am_wtf : [0,1009,system_server,-1,DisplayDeviceConfig,requesting nits when no mapping exists.]
03-14 04:03:46.269 1009 1194 I am_wtf : [0,1009,system_server,-1,DisplayDeviceConfig,requesting nits when no mapping exists.]
03-14 04:03:46.285 1009 1194 I am_wtf : [0,1009,system_server,-1,DisplayDeviceConfig,requesting nits when no mapping exists.]
03-14 04:03:46.286 1009 1194 I am_wtf : [0,1009,system_server,-1,DisplayDeviceConfig,requesting nits when no mapping exists.]
03-14 04:03:46.302 1009 1194 I am_wtf : [0,1009,system_server,-1,DisplayDeviceConfig,requesting nits when no mapping exists.]
03-14 04:03:46.302 1009 1194 I am_wtf : [0,1009,system_server,-1,DisplayDeviceConfig,requesting nits when no mapping exists.]
03-14 04:03:46.318 1009 1194 I am_wtf : [0,1009,system_server,-1,DisplayDeviceConfig,requesting nits when no mapping exists.]
03-14 04:03:46.319 1009 1194 I am_wtf : [0,1009,system_server,-1,DisplayDeviceConfig,requesting nits when no mapping exists.]
03-14 04:03:46.335 1009 1194 I am_wtf : [0,1009,system_server,-1,DisplayDeviceConfig,requesting nits when no mapping exists.]
03-14 04:03:46.336 1009 1194 I am_wtf : [0,1009,system_server,-1,DisplayDeviceConfig,requesting nits when no mapping exists.]
03-14 04:03:46.352 1009 1194 I am_wtf : [0,1009,system_server,-1,DisplayDeviceConfig,requesting nits when no mapping exists.]
03-14 04:03:46.353 1009 1194 I am_wtf : [0,1009,system_server,-1,DisplayDeviceConfig,requesting nits when no mapping exists.]
03-14 04:03:46.368 1009 1194 I am_wtf : [0,1009,system_server,-1,DisplayDeviceConfig,requesting nits when no mapping exists.]
03-14 04:03:46.369 1009 1194 I am_wtf : [0,1009,system_server,-1,DisplayDeviceConfig,requesting nits when no mapping exists.]
03-14 04:03:46.375 1009 2180 I wm_finish_activity: [0,194825469,146,com.android.music/.MusicBrowserActivity,app-request]
03-14 04:03:46.375 1009 2180 I wm_task_moved: [1,1,9]
03-14 04:03:46.378 1009 2180 I wm_set_resumed_activity: [0,com.android.launcher3/.uioverrides.QuickstepLauncher,positionChildAt]
03-14 04:03:46.378 8885 8885 I wm_on_top_resumed_lost_called: [194825469,com.android.music.MusicBrowserActivity,topStateChangedWhenResumed]
03-14 04:03:46.378 1009 2180 I wm_task_moved: [127,1,2147483647]
03-14 04:03:46.378 1009 2180 I wm_task_to_front: [0,127]
03-14 04:03:46.378 1009 2180 I wm_focused_root_task: [0,0,1,-1,finish-top adjustFocusToNextFocusableTask]
03-14 04:03:46.378 1009 2180 I wm_set_resumed_activity: [0,com.android.launcher3/.uioverrides.QuickstepLauncher,finish-top]
03-14 04:03:46.382 1009 2180 I wm_pause_activity: [0,194825469,com.android.music/.MusicBrowserActivity,userLeaving=false,finish]
03-14 04:03:46.385 1009 1194 I am_wtf : [0,1009,system_server,-1,DisplayDeviceConfig,requesting nits when no mapping exists.]
03-14 04:03:46.385 1009 1194 I am_wtf : [0,1009,system_server,-1,DisplayDeviceConfig,requesting nits when no mapping exists.]
03-14 04:03:46.385 1009 1184 I input_focus: [Focus request b68d17 com.android.launcher3/com.android.launcher3.uioverrides.QuickstepLauncher,reason=UpdateInputWindows]
03-14 04:03:46.390 8885 8885 I wm_on_paused_called: [194825469,com.android.music.MusicBrowserActivity,performPause]
03-14 04:03:46.391 1009 2180 I wm_destroy_activity: [0,194825469,146,com.android.music/.MusicBrowserActivity,finish-imm:completePausedLocked]
03-14 04:03:46.399 1009 1183 I sysui_multi_action: [757,803,799,window_time_0,802,391]
03-14 04:03:46.405 1009 1194 I am_wtf : [0,1009,system_server,-1,DisplayDeviceConfig,requesting nits when no mapping exists.]
03-14 04:03:46.406 1009 1587 I input_focus: [Focus leaving fb7cf4c com.android.music/com.android.music.MusicBrowserActivity (server),reason=NO_WINDOW]
03-14 04:03:46.406 1009 1587 I input_focus: [Focus entering b68d17 com.android.launcher3/com.android.launcher3.uioverrides.QuickstepLauncher (server),reason=setFocusedWindow]
03-14 04:03:46.406 1009 1194 I am_wtf : [0,1009,system_server,-1,DisplayDeviceConfig,requesting nits when no mapping exists.]
03-14 04:03:46.412 8885 8885 I wm_on_stop_called: [194825469,com.android.music.MusicBrowserActivity,LIFECYCLER_STOP_ACTIVITY]
03-14 04:03:46.421 8885 8885 I wm_on_destroy_called: [194825469,com.android.music.MusicBrowserActivity,performDestroy]
03-14 04:03:46.423 2625 2625 I wm_on_top_resumed_gained_called: [196755772,com.android.launcher3.uioverrides.QuickstepLauncher,topStateChangedWhenResumed]
03-14 04:03:46.428 1009 1194 I am_wtf : [0,1009,system_server,-1,DisplayDeviceConfig,requesting nits when no mapping exists.]
03-14 04:03:46.428 1009 1194 I am_wtf : [0,1009,system_server,-1,DisplayDeviceConfig,requesting nits when no mapping exists.]
03-14 04:03:46.431 5866 5866 I auditd : type=1400 audit(0.0:3404): avc: denied { open } for comm="HCDN_DownloadEn" path="/proc/stat" dev="proc" ino=4026532236 scontext=u:r:untrusted_app:s0:c102,c256,c512,c768 tcontext=u:object_r:proc_stat:s0 tclass=file permissive=1 app=com.qiyi.video
03-14 04:03:46.431 5866 5866 I auditd : type=1400 audit(0.0:3405): avc: denied { getattr } for comm="HCDN_DownloadEn" path="/proc/stat" dev="proc" ino=4026532236 scontext=u:r:untrusted_app:s0:c102,c256,c512,c768 tcontext=u:object_r:proc_stat:s0 tclass=file permissive=1 app=com.qiyi.video
03-14 04:03:46.440 1009 1194 I am_wtf : [0,1009,system_server,-1,DisplayDeviceConfig,requesting nits when no mapping exists.]
03-14 04:03:46.441 1009 1194 I am_wtf : [0,1009,system_server,-1,DisplayDeviceConfig,requesting nits when no mapping exists.]
03-14 04:03:46.455 1009 1194 I am_wtf : [0,1009,system_server,-1,DisplayDeviceConfig,requesting nits when no mapping exists.]
03-14 04:03:46.455 1009 1194 I am_wtf : [0,1009,system_server,-1,DisplayDeviceConfig,requesting nits when no mapping exists.]
03-14 04:03:46.471 1009 1194 I am_wtf : [0,1009,system_server,-1,DisplayDeviceConfig,requesting nits when no mapping exists.]
03-14 04:03:46.472 1009 1194 I am_wtf : [0,1009,system_server,-1,DisplayDeviceConfig,requesting nits when no mapping exists.]
03-14 04:03:46.487 1009 1194 I am_wtf : [0,1009,system_server,-1,DisplayDeviceConfig,requesting nits when no mapping exists.]
03-14 04:03:46.487 1009 1194 I am_wtf : [0,1009,system_server,-1,DisplayDeviceConfig,requesting nits when no mapping exists.]
03-14 04:03:46.504 1009 1194 I am_wtf : [0,1009,system_server,-1,DisplayDeviceConfig,requesting nits when no mapping exists.]
03-14 04:03:46.505 1009 1194 I am_wtf : [0,1009,system_server,-1,DisplayDeviceConfig,requesting nits when no mapping exists.]
03-14 04:03:46.522 1009 1194 I am_wtf : [0,1009,system_server,-1,DisplayDeviceConfig,requesting nits when no mapping exists.]
03-14 04:03:46.522 1009 1194 I am_wtf : [0,1009,system_server,-1,DisplayDeviceConfig,requesting nits when no mapping exists.]
03-14 04:03:46.688 1009 1184 I wm_task_removed: [146,removeChild:removeChild last r=ActivityRecord{b9cccfd u0 com.android.music/.MusicBrowserActivity t-1 f}} in t=Task{d19fd97 #146 type=standard A=10086:android.task.music U=0 visible=false mode=freeform translucent=true sz=0}]
03-14 04:03:46.688 1009 1184 I wm_task_removed: [146,removeChild]
03-14 04:03:47.320 1009 1587 I input_interaction: Interaction with: b68d17 com.android.launcher3/com.android.launcher3.uioverrides.QuickstepLauncher (server), 8c59581 com.android.systemui.ImageWallpaper (server), edge-swipe (server), swipe-up (server), PointerEventDispatcher0 (server),
03-14 04:03:47.375 2625 2625 I view_enqueue_input_event: [Motion - Cancel,com.android.launcher3/com.android.launcher3.uioverrides.QuickstepLauncher]
03-14 04:03:47.386 1009 1587 I input_interaction: Interaction with: edge-swipe (server), swipe-up (server), PointerEventDispatcher0 (server),
03-14 04:03:47.515 1009 7626 I wm_task_created: [147,-1]
03-14 04:03:47.517 1009 7626 I wm_task_moved: [147,1,9]
03-14 04:03:47.517 1009 7626 I wm_task_to_front: [0,147]
03-14 04:03:47.517 1009 7626 I wm_create_task: [0,147]
03-14 04:03:47.517 1009 7626 I wm_create_activity: [0,200017307,147,com.android.music/.MusicBrowserActivity,android.intent.action.MAIN,NULL,NULL,270532608]
03-14 04:03:47.517 1009 7626 I wm_task_moved: [147,1,9]
03-14 04:03:47.519 1009 7626 I wm_restart_activity: [0,200017307,147,com.android.music/.MusicBrowserActivity]
03-14 04:03:47.519 1009 7626 I wm_set_resumed_activity: [0,com.android.music/.MusicBrowserActivity,minimalResumeActivityLocked]
03-14 04:03:47.523 2625 2625 I wm_on_top_resumed_lost_called: [196755772,com.android.launcher3.uioverrides.QuickstepLauncher,topStateChangedWhenResumed]
03-14 04:03:47.539 8885 8885 I wm_on_create_called: [200017307,com.android.music.MusicBrowserActivity,performCreate]
03-14 04:03:47.544 8885 8885 I wm_on_start_called: [200017307,com.android.music.MusicBrowserActivity,handleStartActivity]
03-14 04:03:47.544 8885 8885 I wm_on_resume_called: [200017307,com.android.music.MusicBrowserActivity,RESUME_ACTIVITY]
03-14 04:03:47.546 8885 8885 I wm_on_top_resumed_gained_called: [200017307,com.android.music.MusicBrowserActivity,topStateChangedWhenResumed]
03-14 04:03:47.555 1009 1009 I notification_enqueue: [10086,8885,com.android.music,1,NULL,0,Notification(channel=Channel-music shortcut=null contentView=null vibrate=null sound=null defaults=0x0 flags=0x40 color=0x00000000 category=transport actions=4 vis=PRIVATE),1]
03-14 04:03:47.556 1009 1009 I notification_enqueue: [10086,8885,com.android.music,1,NULL,0,Notification(channel=Channel-music shortcut=null contentView=null vibrate=null sound=null defaults=0x0 flags=0x40 color=0x00000000 category=transport actions=4 vis=PRIVATE),1]
03-14 04:03:47.567 1009 1009 I notification_enqueue: [10086,8885,com.android.music,1,NULL,0,Notification(channel=Channel-music shortcut=null contentView=null vibrate=null sound=null defaults=0x0 flags=0x40 color=0x00000000 category=transport actions=4 vis=PRIVATE),1]
03-14 04:03:47.568 1009 1009 I notification_enqueue: [10086,8885,com.android.music,1,NULL,0,Notification(channel=Channel-music shortcut=null contentView=null vibrate=null sound=null defaults=0x0 flags=0x40 color=0x00000000 category=transport actions=4 vis=PRIVATE),1]
03-14 04:03:47.579 1009 1184 I input_focus: [Focus request 671e103 com.android.music/com.android.music.MusicBrowserActivity,reason=UpdateInputWindows]
03-14 04:03:47.587 1009 1180 I sysui_multi_action: [319,75,322,74,325,793,757,761,758,8,759,2,806,com.android.music,871,com.android.music.MusicBrowserActivity,904,android,905,0,1320,4,1321,1]
03-14 04:03:47.588 1009 1180 I wm_activity_launch_time: [0,200017307,com.android.music/.MusicBrowserActivity,74]
03-14 04:03:47.591 1009 1587 I input_focus: [Focus leaving b68d17 com.android.launcher3/com.android.launcher3.uioverrides.QuickstepLauncher (server),reason=setFocusedWindow]
03-14 04:03:47.591 1009 1587 I input_focus: [Focus entering 671e103 com.android.music/com.android.music.MusicBrowserActivity (server),reason=setFocusedWindow]
03-14 04:03:48.560 1009 1587 I input_interaction: Interaction with: b68d17 com.android.launcher3/com.android.launcher3.uioverrides.QuickstepLauncher (server), 8c59581 com.android.systemui.ImageWallpaper (server), edge-swipe (server), swipe-up (server), PointerEventDispatcher0 (server),
03-14 04:03:48.649 2625 2625 I view_enqueue_input_event: [Motion - Cancel,com.android.launcher3/com.android.launcher3.uioverrides.QuickstepLauncher]
03-14 04:03:48.655 1009 1587 I input_interaction: Interaction with: edge-swipe (server), swipe-up (server), PointerEventDispatcher0 (server),
03-14 04:03:48.842 1009 1488 I commit_sys_config_file: [settings-1-0,2]
03-14 04:03:49.744 1009 1488 I commit_sys_config_file: [settings-1-0,5]
03-14 04:03:49.852 1009 7626 I wm_finish_activity: [0,200017307,147,com.android.music/.MusicBrowserActivity,app-request]
03-14 04:03:49.852 1009 7626 I wm_task_moved: [1,1,9]
03-14 04:03:49.855 8885 8885 I wm_on_top_resumed_lost_called: [200017307,com.android.music.MusicBrowserActivity,topStateChangedWhenResumed]
03-14 04:03:49.855 1009 7626 I wm_set_resumed_activity: [0,com.android.launcher3/.uioverrides.QuickstepLauncher,positionChildAt]
03-14 04:03:49.855 1009 7626 I wm_task_moved: [127,1,2147483647]
03-14 04:03:49.855 1009 7626 I wm_task_to_front: [0,127]
03-14 04:03:49.855 1009 7626 I wm_focused_root_task: [0,0,1,-1,finish-top adjustFocusToNextFocusableTask]
03-14 04:03:49.855 1009 7626 I wm_set_resumed_activity: [0,com.android.launcher3/.uioverrides.QuickstepLauncher,finish-top]
03-14 04:03:49.860 1009 7626 I wm_pause_activity: [0,200017307,com.android.music/.MusicBrowserActivity,userLeaving=false,finish]
03-14 04:03:49.865 1009 1184 I input_focus: [Focus request b68d17 com.android.launcher3/com.android.launcher3.uioverrides.QuickstepLauncher,reason=UpdateInputWindows]
03-14 04:03:49.875 8885 8885 I wm_on_paused_called: [200017307,com.android.music.MusicBrowserActivity,performPause]
03-14 04:03:49.876 1009 7626 I wm_destroy_activity: [0,200017307,147,com.android.music/.MusicBrowserActivity,finish-imm:completePausedLocked]
03-14 04:03:49.882 1009 1587 I input_focus: [Focus leaving 671e103 com.android.music/com.android.music.MusicBrowserActivity (server),reason=NO_WINDOW]
03-14 04:03:49.883 1009 1587 I input_focus: [Focus entering b68d17 com.android.launcher3/com.android.launcher3.uioverrides.QuickstepLauncher (server),reason=setFocusedWindow]
03-14 04:03:49.889 1009 1183 I sysui_multi_action: [757,803,799,window_time_0,802,4]
03-14 04:03:49.897 8885 8885 I wm_on_stop_called: [200017307,com.android.music.MusicBrowserActivity,LIFECYCLER_STOP_ACTIVITY]
03-14 04:03:49.904 8885 8885 I wm_on_destroy_called: [200017307,com.android.music.MusicBrowserActivity,performDestroy]
03-14 04:03:49.914 2625 2625 I wm_on_top_resumed_gained_called: [196755772,com.android.launcher3.uioverrides.QuickstepLauncher,topStateChangedWhenResumed]
03-14 04:03:50.179 1009 1184 I wm_task_removed: [147,removeChild:removeChild last r=ActivityRecord{bec059b u0 com.android.music/.MusicBrowserActivity t-1 f}} in t=Task{be25aa #147 type=standard A=10086:android.task.music U=0 visible=false mode=freeform translucent=true sz=0}]
03-14 04:03:50.179 1009 1184 I wm_task_removed: [147,removeChild]
01-01 08:13:19.123 0 0 E DTC_ETH,link_delay_work_func: 3003, SQI=0, link=0
03-14 04:03:50.967 0 0 I auditd : type=1400 audit(0.0:3406): avc: denied { kill } for comm="swapper/1" capability=5 scontext=u:r:kernel:s0 tcontext=u:r:kernel:s0 tclass=capability permissive=1
03-14 04:03:51.823 3265 3265 I auditd : type=1400 audit(0.0:3407): avc: denied { open } for comm="pool-24-thread-" path="/proc/3265/net/dev" dev="proc" ino=4026532156 scontext=u:r:priv_app:s0:c512,c768 tcontext=u:object_r:proc_net:s0 tclass=file permissive=1 app=com.baidu.input
03-14 04:03:51.823 3265 3265 I auditd : type=1400 audit(0.0:3408): avc: denied { getattr } for comm="pool-24-thread-" path="/proc/3265/net/dev" dev="proc" ino=4026532156 scontext=u:r:priv_app:s0:c512,c768 tcontext=u:object_r:proc_net:s0 tclass=file permissive=1 app=com.baidu.input
01-01 08:13:24.243 0 0 E DTC_ETH,link_delay_work_func: 3003, SQI=0, link=0
03-14 04:03:58.295 1009 1587 I input_interaction: Interaction with: b68d17 com.android.launcher3/com.android.launcher3.uioverrides.QuickstepLauncher (server), 8c59581 com.android.systemui.ImageWallpaper (server), edge-swipe (server), swipe-up (server), PointerEventDispatcher0 (server),
03-14 04:03:58.298 1009 1009 I service_manager_stats: [126,48,12630]
03-14 04:03:58.470 1009 2195 I wm_task_created: [148,-1]
03-14 04:03:58.473 1009 2195 I wm_task_moved: [148,1,9]
03-14 04:03:58.473 1009 2195 I wm_task_to_front: [0,148]
03-14 04:03:58.473 1009 2195 I wm_create_task: [0,148]
03-14 04:03:58.473 1009 2195 I wm_create_activity: [0,202497138,148,com.android.music/.MusicBrowserActivity,android.intent.action.MAIN,NULL,NULL,270532608]
03-14 04:03:58.473 1009 2195 I wm_task_moved: [148,1,9]
03-14 04:03:58.474 1009 2195 I wm_restart_activity: [0,202497138,148,com.android.music/.MusicBrowserActivity]
03-14 04:03:58.475 1009 2195 I wm_set_resumed_activity: [0,com.android.music/.MusicBrowserActivity,minimalResumeActivityLocked]
03-14 04:03:58.487 2625 2625 I wm_on_top_resumed_lost_called: [196755772,com.android.launcher3.uioverrides.QuickstepLauncher,topStateChangedWhenResumed]
03-14 04:03:58.487 8885 8885 I wm_on_create_called: [202497138,com.android.music.MusicBrowserActivity,performCreate]
03-14 04:03:58.491 8885 8885 I wm_on_start_called: [202497138,com.android.music.MusicBrowserActivity,handleStartActivity]
03-14 04:03:58.491 8885 8885 I wm_on_resume_called: [202497138,com.android.music.MusicBrowserActivity,RESUME_ACTIVITY]
03-14 04:03:58.493 8885 8885 I wm_on_top_resumed_gained_called: [202497138,com.android.music.MusicBrowserActivity,topStateChangedWhenResumed]
03-14 04:03:58.502 1009 1009 I notification_enqueue: [10086,8885,com.android.music,1,NULL,0,Notification(channel=Channel-music shortcut=null contentView=null vibrate=null sound=null defaults=0x0 flags=0x40 color=0x00000000 category=transport actions=4 vis=PRIVATE),1]
03-14 04:03:58.503 1009 1009 I notification_enqueue: [10086,8885,com.android.music,1,NULL,0,Notification(channel=Channel-music shortcut=null contentView=null vibrate=null sound=null defaults=0x0 flags=0x40 color=0x00000000 category=transport actions=4 vis=PRIVATE),1]
03-14 04:03:58.515 1009 1009 I notification_enqueue: [10086,8885,com.android.music,1,NULL,0,Notification(channel=Channel-music shortcut=null contentView=null vibrate=null sound=null defaults=0x0 flags=0x40 color=0x00000000 category=transport actions=4 vis=PRIVATE),1]
03-14 04:03:58.516 1009 1009 I notification_enqueue: [10086,8885,com.android.music,1,NULL,0,Notification(channel=Channel-music shortcut=null contentView=null vibrate=null sound=null defaults=0x0 flags=0x40 color=0x00000000 category=transport actions=4 vis=PRIVATE),1]
03-14 04:03:58.531 1009 1184 I input_focus: [Focus request 65e7b88 com.android.music/com.android.music.MusicBrowserActivity,reason=UpdateInputWindows]
03-14 04:03:58.542 1009 1180 I sysui_multi_action: [319,75,322,75,325,804,757,761,758,8,759,2,806,com.android.music,871,com.android.music.MusicBrowserActivity,904,android,905,0,1320,4,1321,1]
03-14 04:03:58.542 1009 1180 I wm_activity_launch_time: [0,202497138,com.android.music/.MusicBrowserActivity,75]
03-14 04:03:58.550 1009 1587 I input_focus: [Focus leaving b68d17 com.android.launcher3/com.android.launcher3.uioverrides.QuickstepLauncher (server),reason=setFocusedWindow]
03-14 04:03:58.550 1009 1587 I input_focus: [Focus entering 65e7b88 com.android.music/com.android.music.MusicBrowserActivity (server),reason=setFocusedWindow]
03-14 04:03:58.606 1009 1188 I am_pss : [9335,10102,com.qiyi.video:plugin1,38687744,15302656,0,149581824,0,19,6]
03-14 04:03:59.806 1009 1587 I input_interaction: Interaction with: 65e7b88 com.android.music/com.android.music.MusicBrowserActivity (server), edge-swipe (server), swipe-up (server), PointerEventDispatcher0 (server),
03-14 04:04:00.280 1009 1009 I notification_enqueue: [10086,8885,com.android.music,1,NULL,0,Notification(channel=Channel-music shortcut=null contentView=null vibrate=null sound=null defaults=0x0 flags=0x40 color=0x00000000 category=transport actions=4 vis=PRIVATE),1]
03-14 04:04:00.281 1009 1009 I notification_enqueue: [10086,8885,com.android.music,1,NULL,0,Notification(channel=Channel-music shortcut=null contentView=null vibrate=null sound=null defaults=0x0 flags=0x40 color=0x00000000 category=transport actions=4 vis=PRIVATE),1]
03-14 04:04:00.369 1009 1009 I notification_enqueue: [10086,8885,com.android.music,1,NULL,0,Notification(channel=Channel-music shortcut=null contentView=null vibrate=null sound=null defaults=0x0 flags=0x40 color=0x00000000 category=transport actions=4 vis=PRIVATE),1]
03-14 04:04:00.371 1009 1009 I notification_enqueue: [10086,8885,com.android.music,1,NULL,0,Notification(channel=Channel-music shortcut=null contentView=null vibrate=null sound=null defaults=0x0 flags=0x40 color=0x00000000 category=transport actions=4 vis=PRIVATE),1]
01-01 08:13:29.363 0 0 E DTC_ETH,link_delay_work_func: 3003, SQI=0, link=0
01-01 08:13:34.483 0 0 E DTC_ETH,link_delay_work_func: 3003, SQI=0, link=0
01-01 08:13:37.756 0 0 I [schedu][0x3a7d92b79][04:04:09.054871] wlan: [3591:I:WMA] [04:04:08.965000] [ROAM_TRIGGER]: VDEV[0] Reason: "LOW RSSI" Cur_Rssi threshold:96 Current AP RSSI: 81
01-01 08:13:37.756 0 0 I [schedu][0x3a7d92e70][04:04:09.054910] wlan: [3591:I:WMA] [04:04:08.965000] [ROAM_SCAN]: VDEV[0] Scan_type: PARTIAL next_rssi_threshold: 86 dBm {2412 }
01-01 08:13:37.756 0 0 I [schedu][0x3a7d92f99][04:04:09.054926] wlan: [3591:I:WMA] ============================================================================================================================
01-01 08:13:37.756 0 0 I [schedu][0x3a7d9313b][04:04:09.054947] wlan: [3591:I:WMA] AP BSSID TSTAMP CH TY ETP RSSI/SCR CU%/SCR TOT_SCR BL_RSN BL_SRC BL_TSTAMP BL_TIMEOUT(ms)
01-01 08:13:37.756 0 0 I [schedu][0x3a7d93261][04:04:09.054963] wlan: [3591:I:WMA] ============================================================================================================================
01-01 08:13:37.756 0 0 I [schedu][0x3a7d93462][04:04:09.054989] wlan: [3591:I:WMA] d6:44:3b:15:39:91 [04:04:08.965000] 2412 P_AP 0 81/0 0/0 1005 0 0 [00:00:00.000000] 0
01-01 08:13:37.756 0 0 I [schedu][0x3a7d93604][04:04:09.055011] wlan: [3591:I:WMA] [04:04:09.030000] [ROAM_RESULT]: VDEV[0] FAILED Reason: NO AP FOUND
01-01 08:13:39.498 0 0 I [schedu][0x3a9d78d37][04:04:10.796974] wlan: [3591:I:WMA] [04:04:09.036000] [ROAM_TRIGGER]: VDEV[0] Reason: "LOW RSSI" Sub-Reason: FULL SCAN Cur_Rssi threshold:86 Current AP RSSI: 81
01-01 08:13:39.498 0 0 I [schedu][0x3a9d79079][04:04:10.797017] wlan: [3591:I:WMA] [04:04:09.036000] [ROAM_SCAN]: VDEV[0] Scan_type: FULL next_rssi_threshold: 86 dBm
01-01 08:13:39.498 0 0 I [schedu][0x3a9d791ae][04:04:10.797033] wlan: [3591:I:WMA] ============================================================================================================================
01-01 08:13:39.498 0 0 I [schedu][0x3a9d79354][04:04:10.797055] wlan: [3591:I:WMA] AP BSSID TSTAMP CH TY ETP RSSI/SCR CU%/SCR TOT_SCR BL_RSN BL_SRC BL_TSTAMP BL_TIMEOUT(ms)
01-01 08:13:39.498 0 0 I [schedu][0x3a9d79714][04:04:10.797105] wlan: [3591:I:WMA] ============================================================================================================================
01-01 08:13:39.498 0 0 I [schedu][0x3a9d7992e][04:04:10.797133] wlan: [3591:I:WMA] d6:44:3b:15:39:91 [04:04:09.036000] 2412 P_AP 0 81/0 0/0 1005 0 0 [00:00:00.000000] 0
01-01 08:13:39.498 0 0 I [schedu][0x3a9d79af0][04:04:10.797157] wlan: [3591:I:WMA] [04:04:10.772000] [ROAM_RESULT]: VDEV[0] FAILED Reason: NO AP FOUND
01-01 08:13:39.603 0 0 E DTC_ETH,link_delay_work_func: 3003, SQI=0, link=0
01-01 08:13:44.723 0 0 E DTC_ETH,link_delay_work_func: 3003, SQI=0, link=0
01-01 08:13:49.843 0 0 E DTC_ETH,link_delay_work_func: 3003, SQI=0, link=0
01-01 08:13:54.963 0 0 E DTC_ETH,link_delay_work_func: 3003, SQI=0, link=0
01-01 08:14:00.083 0 0 E DTC_ETH,link_delay_work_func: 3003, SQI=0, link=0
01-01 08:14:05.203 0 0 E DTC_ETH,link_delay_work_func: 3003, SQI=0, link=0
01-01 08:14:10.323 0 0 E DTC_ETH,link_delay_work_func: 3003, SQI=0, link=0
01-01 08:14:15.443 0 0 E DTC_ETH,link_delay_work_func: 3003, SQI=0, link=0
01-01 08:14:20.563 0 0 E DTC_ETH,link_delay_work_func: 3003, SQI=0, link=0
03-14 04:04:52.955 1009 1210 I sysui_multi_action: [757,1696,758,6,759,2]
03-14 04:04:52.962 1009 1194 I am_wtf : [0,1009,system_server,-1,DisplayDeviceConfig,requesting nits when no mapping exists.]
03-14 04:04:52.966 1009 1194 I am_wtf : [0,1009,system_server,-1,DisplayDeviceConfig,requesting nits when no mapping exists.]
03-14 04:04:52.978 1009 1194 I am_wtf : [0,1009,system_server,-1,DisplayDeviceConfig,requesting nits when no mapping exists.]
03-14 04:04:52.980 1009 1194 I am_wtf : [0,1009,system_server,-1,DisplayDeviceConfig,requesting nits when no mapping exists.]
03-14 04:04:52.995 1009 1194 I am_wtf : [0,1009,system_server,-1,DisplayDeviceConfig,requesting nits when no mapping exists.]
03-14 04:04:52.997 1009 1194 I am_wtf : [0,1009,system_server,-1,DisplayDeviceConfig,requesting nits when no mapping exists.]
03-14 04:04:53.012 1009 1194 I am_wtf : [0,1009,system_server,-1,DisplayDeviceConfig,requesting nits when no mapping exists.]
03-14 04:04:53.013 1009 1194 I am_wtf : [0,1009,system_server,-1,DisplayDeviceConfig,requesting nits when no mapping exists.]
03-14 04:04:53.029 1009 1194 I am_wtf : [0,1009,system_server,-1,DisplayDeviceConfig,requesting nits when no mapping exists.]
03-14 04:04:53.030 1009 1194 I am_wtf : [0,1009,system_server,-1,DisplayDeviceConfig,requesting nits when no mapping exists.]
03-14 04:04:53.045 1009 1194 I am_wtf : [0,1009,system_server,-1,DisplayDeviceConfig,requesting nits when no mapping exists.]
03-14 04:04:53.046 1009 1194 I am_wtf : [0,1009,system_server,-1,DisplayDeviceConfig,requesting nits when no mapping exists.]
03-14 04:04:53.062 1009 1194 I am_wtf : [0,1009,system_server,-1,DisplayDeviceConfig,requesting nits when no mapping exists.]
03-14 04:04:53.063 1009 1194 I am_wtf : [0,1009,system_server,-1,DisplayDeviceConfig,requesting nits when no mapping exists.]
03-14 04:04:53.078 1009 1194 I am_wtf : [0,1009,system_server,-1,DisplayDeviceConfig,requesting nits when no mapping exists.]
03-14 04:04:53.079 1009 1194 I am_wtf : [0,1009,system_server,-1,DisplayDeviceConfig,requesting nits when no mapping exists.]
03-14 04:04:53.095 1009 1194 I am_wtf : [0,1009,system_server,-1,DisplayDeviceConfig,requesting nits when no mapping exists.]
03-14 04:04:53.096 1009 1194 I am_wtf : [0,1009,system_server,-1,DisplayDeviceConfig,requesting nits when no mapping exists.]
03-14 04:04:53.112 1009 1194 I am_wtf : [0,1009,system_server,-1,DisplayDeviceConfig,requesting nits when no mapping exists.]
03-14 04:04:53.113 1009 1194 I am_wtf : [0,1009,system_server,-1,DisplayDeviceConfig,requesting nits when no mapping exists.]
03-14 04:04:53.129 1009 1194 I am_wtf : [0,1009,system_server,-1,DisplayDeviceConfig,requesting nits when no mapping exists.]
03-14 04:04:53.130 1009 1194 I am_wtf : [0,1009,system_server,-1,DisplayDeviceConfig,requesting nits when no mapping exists.]
03-14 04:04:53.146 1009 1194 I am_wtf : [0,1009,system_server,-1,DisplayDeviceConfig,requesting nits when no mapping exists.]
03-14 04:04:53.147 1009 1194 I am_wtf : [0,1009,system_server,-1,DisplayDeviceConfig,requesting nits when no mapping exists.]
03-14 04:04:53.163 1009 1194 I am_wtf : [0,1009,system_server,-1,DisplayDeviceConfig,requesting nits when no mapping exists.]
03-14 04:04:53.164 1009 1194 I am_wtf : [0,1009,system_server,-1,DisplayDeviceConfig,requesting nits when no mapping exists.]
03-14 04:04:53.179 1009 1194 I am_wtf : [0,1009,system_server,-1,DisplayDeviceConfig,requesting nits when no mapping exists.]
03-14 04:04:53.180 1009 1194 I am_wtf : [0,1009,system_server,-1,DisplayDeviceConfig,requesting nits when no mapping exists.]
03-14 04:04:53.196 1009 1194 I am_wtf : [0,1009,system_server,-1,DisplayDeviceConfig,requesting nits when no mapping exists.]
03-14 04:04:53.197 1009 1194 I am_wtf : [0,1009,system_server,-1,DisplayDeviceConfig,requesting nits when no mapping exists.]
03-14 04:04:53.212 1009 1194 I am_wtf : [0,1009,system_server,-1,DisplayDeviceConfig,requesting nits when no mapping exists.]
03-14 04:04:53.213 1009 1194 I am_wtf : [0,1009,system_server,-1,DisplayDeviceConfig,requesting nits when no mapping exists.]
03-14 04:04:53.229 1009 1194 I am_wtf : [0,1009,system_server,-1,DisplayDeviceConfig,requesting nits when no mapping exists.]
03-14 04:04:53.230 1009 1194 I am_wtf : [0,1009,system_server,-1,DisplayDeviceConfig,requesting nits when no mapping exists.]
03-14 04:04:53.246 1009 1194 I am_wtf : [0,1009,system_server,-1,DisplayDeviceConfig,requesting nits when no mapping exists.]
03-14 04:04:53.247 1009 1194 I am_wtf : [0,1009,system_server,-1,DisplayDeviceConfig,requesting nits when no mapping exists.]
03-14 04:04:53.262 1009 1194 I am_wtf : [0,1009,system_server,-1,DisplayDeviceConfig,requesting nits when no mapping exists.]
03-14 04:04:53.263 1009 1194 I am_wtf : [0,1009,system_server,-1,DisplayDeviceConfig,requesting nits when no mapping exists.]
03-14 04:04:53.279 1009 1194 I am_wtf : [0,1009,system_server,-1,DisplayDeviceConfig,requesting nits when no mapping exists.]
03-14 04:04:53.280 1009 1194 I am_wtf : [0,1009,system_server,-1,DisplayDeviceConfig,requesting nits when no mapping exists.]
03-14 04:04:53.295 1009 1194 I am_wtf : [0,1009,system_server,-1,DisplayDeviceConfig,requesting nits when no mapping exists.]
03-14 04:04:53.296 1009 1194 I am_wtf : [0,1009,system_server,-1,DisplayDeviceConfig,requesting nits when no mapping exists.]
03-14 04:04:53.312 1009 1194 I am_wtf : [0,1009,system_server,-1,DisplayDeviceConfig,requesting nits when no mapping exists.]
03-14 04:04:53.313 1009 1194 I am_wtf : [0,1009,system_server,-1,DisplayDeviceConfig,requesting nits when no mapping exists.]
03-14 04:04:53.329 1009 1194 I am_wtf : [0,1009,system_server,-1,DisplayDeviceConfig,requesting nits when no mapping exists.]
03-14 04:04:53.330 1009 1194 I am_wtf : [0,1009,system_server,-1,DisplayDeviceConfig,requesting nits when no mapping exists.]
03-14 04:04:53.346 1009 1194 I am_wtf : [0,1009,system_server,-1,DisplayDeviceConfig,requesting nits when no mapping exists.]
03-14 04:04:53.347 1009 1194 I am_wtf : [0,1009,system_server,-1,DisplayDeviceConfig,requesting nits when no mapping exists.]
03-14 04:04:53.363 1009 1194 I am_wtf : [0,1009,system_server,-1,DisplayDeviceConfig,requesting nits when no mapping exists.]
03-14 04:04:53.364 1009 1194 I am_wtf : [0,1009,system_server,-1,DisplayDeviceConfig,requesting nits when no mapping exists.]
03-14 04:04:53.380 1009 1194 I am_wtf : [0,1009,system_server,-1,DisplayDeviceConfig,requesting nits when no mapping exists.]
03-14 04:04:53.381 1009 1194 I am_wtf : [0,1009,system_server,-1,DisplayDeviceConfig,requesting nits when no mapping exists.]
03-14 04:04:53.396 1009 1194 I am_wtf : [0,1009,system_server,-1,DisplayDeviceConfig,requesting nits when no mapping exists.]
03-14 04:04:53.397 1009 1194 I am_wtf : [0,1009,system_server,-1,DisplayDeviceConfig,requesting nits when no mapping exists.]
03-14 04:04:53.413 1009 1194 I am_wtf : [0,1009,system_server,-1,DisplayDeviceConfig,requesting nits when no mapping exists.]
03-14 04:04:53.414 1009 1194 I am_wtf : [0,1009,system_server,-1,DisplayDeviceConfig,requesting nits when no mapping exists.]
03-14 04:04:53.430 1009 1194 I am_wtf : [0,1009,system_server,-1,DisplayDeviceConfig,requesting nits when no mapping exists.]
03-14 04:04:53.430 1009 1194 I am_wtf : [0,1009,system_server,-1,DisplayDeviceConfig,requesting nits when no mapping exists.]
03-14 04:04:53.446 1009 1194 I am_wtf : [0,1009,system_server,-1,DisplayDeviceConfig,requesting nits when no mapping exists.]
03-14 04:04:53.447 1009 1194 I am_wtf : [0,1009,system_server,-1,DisplayDeviceConfig,requesting nits when no mapping exists.]
03-14 04:04:53.463 1009 1194 I am_wtf : [0,1009,system_server,-1,DisplayDeviceConfig,requesting nits when no mapping exists.]
03-14 04:04:53.464 1009 1194 I am_wtf : [0,1009,system_server,-1,DisplayDeviceConfig,requesting nits when no mapping exists.]
03-14 04:04:53.480 1009 1194 I am_wtf : [0,1009,system_server,-1,DisplayDeviceConfig,requesting nits when no mapping exists.]
03-14 04:04:53.480 1009 1194 I am_wtf : [0,1009,system_server,-1,DisplayDeviceConfig,requesting nits when no mapping exists.]
03-14 04:04:53.497 1009 1194 I am_wtf : [0,1009,system_server,-1,DisplayDeviceConfig,requesting nits when no mapping exists.]
03-14 04:04:53.498 1009 1194 I am_wtf : [0,1009,system_server,-1,DisplayDeviceConfig,requesting nits when no mapping exists.]
03-14 04:04:53.513 1009 1194 I am_wtf : [0,1009,system_server,-1,DisplayDeviceConfig,requesting nits when no mapping exists.]
03-14 04:04:53.514 1009 1194 I am_wtf : [0,1009,system_server,-1,DisplayDeviceConfig,requesting nits when no mapping exists.]
03-14 04:04:53.531 1009 1194 I am_wtf : [0,1009,system_server,-1,DisplayDeviceConfig,requesting nits when no mapping exists.]
03-14 04:04:53.532 1009 1194 I am_wtf : [0,1009,system_server,-1,DisplayDeviceConfig,requesting nits when no mapping exists.]
03-14 04:04:53.547 1009 1194 I am_wtf : [0,1009,system_server,-1,DisplayDeviceConfig,requesting nits when no mapping exists.]
03-14 04:04:53.548 1009 1194 I am_wtf : [0,1009,system_server,-1,DisplayDeviceConfig,requesting nits when no mapping exists.]
03-14 04:04:53.563 1009 1194 I am_wtf : [0,1009,system_server,-1,DisplayDeviceConfig,requesting nits when no mapping exists.]
03-14 04:04:53.564 1009 1194 I am_wtf : [0,1009,system_server,-1,DisplayDeviceConfig,requesting nits when no mapping exists.]
03-14 04:04:53.580 1009 1194 I am_wtf : [0,1009,system_server,-1,DisplayDeviceConfig,requesting nits when no mapping exists.]
03-14 04:04:53.581 1009 1194 I am_wtf : [0,1009,system_server,-1,DisplayDeviceConfig,requesting nits when no mapping exists.]
03-14 04:04:53.597 1009 1194 I am_wtf : [0,1009,system_server,-1,DisplayDeviceConfig,requesting nits when no mapping exists.]
03-14 04:04:53.598 1009 1194 I am_wtf : [0,1009,system_server,-1,DisplayDeviceConfig,requesting nits when no mapping exists.]
03-14 04:04:53.614 1009 1194 I am_wtf : [0,1009,system_server,-1,DisplayDeviceConfig,requesting nits when no mapping exists.]
03-14 04:04:53.614 1009 1194 I am_wtf : [0,1009,system_server,-1,DisplayDeviceConfig,requesting nits when no mapping exists.]
03-14 04:04:53.631 1009 1194 I am_wtf : [0,1009,system_server,-1,DisplayDeviceConfig,requesting nits when no mapping exists.]
03-14 04:04:53.631 1009 1194 I am_wtf : [0,1009,system_server,-1,DisplayDeviceConfig,requesting nits when no mapping exists.]
03-14 04:04:53.647 1009 1194 I am_wtf : [0,1009,system_server,-1,DisplayDeviceConfig,requesting nits when no mapping exists.]
03-14 04:04:53.648 1009 1194 I am_wtf : [0,1009,system_server,-1,DisplayDeviceConfig,requesting nits when no mapping exists.]
03-14 04:04:53.663 1009 1194 I am_wtf : [0,1009,system_server,-1,DisplayDeviceConfig,requesting nits when no mapping exists.]
03-14 04:04:53.664 1009 1194 I am_wtf : [0,1009,system_server,-1,DisplayDeviceConfig,requesting nits when no mapping exists.]
03-14 04:04:53.680 1009 1194 I am_wtf : [0,1009,system_server,-1,DisplayDeviceConfig,requesting nits when no mapping exists.]
03-14 04:04:53.681 1009 1194 I service_manager_stats: [100,48,55383]
03-14 04:04:53.681 1009 1194 I am_wtf : [0,1009,system_server,-1,DisplayDeviceConfig,requesting nits when no mapping exists.]
03-14 04:04:53.696 1009 1194 I am_wtf : [0,1009,system_server,-1,DisplayDeviceConfig,requesting nits when no mapping exists.]
03-14 04:04:53.697 1009 1194 I am_wtf : [0,1009,system_server,-1,DisplayDeviceConfig,requesting nits when no mapping exists.]
03-14 04:04:53.713 1009 1194 I am_wtf : [0,1009,system_server,-1,DisplayDeviceConfig,requesting nits when no mapping exists.]
03-14 04:04:53.714 1009 1194 I am_wtf : [0,1009,system_server,-1,DisplayDeviceConfig,requesting nits when no mapping exists.]
03-14 04:04:53.730 1009 1194 I am_wtf : [0,1009,system_server,-1,DisplayDeviceConfig,requesting nits when no mapping exists.]
03-14 04:04:53.730 1009 1194 I am_wtf : [0,1009,system_server,-1,DisplayDeviceConfig,requesting nits when no mapping exists.]
03-14 04:04:53.747 1009 1194 I am_wtf : [0,1009,system_server,-1,DisplayDeviceConfig,requesting nits when no mapping exists.]
03-14 04:04:53.747 1009 1194 I am_wtf : [0,1009,system_server,-1,DisplayDeviceConfig,requesting nits when no mapping exists.]
03-14 04:04:53.763 1009 1194 I am_wtf : [0,1009,system_server,-1,DisplayDeviceConfig,requesting nits when no mapping exists.]
03-14 04:04:53.764 1009 1194 I am_wtf : [0,1009,system_server,-1,DisplayDeviceConfig,requesting nits when no mapping exists.]
03-14 04:04:53.780 1009 1194 I am_wtf : [0,1009,system_server,-1,DisplayDeviceConfig,requesting nits when no mapping exists.]
03-14 04:04:53.781 1009 1194 I am_wtf : [0,1009,system_server,-1,DisplayDeviceConfig,requesting nits when no mapping exists.]
03-14 04:04:53.797 1009 1194 I am_wtf : [0,1009,system_server,-1,DisplayDeviceConfig,requesting nits when no mapping exists.]
03-14 04:04:53.798 1009 1194 I am_wtf : [0,1009,system_server,-1,DisplayDeviceConfig,requesting nits when no mapping exists.]
03-14 04:04:53.813 1009 1194 I am_wtf : [0,1009,system_server,-1,DisplayDeviceConfig,requesting nits when no mapping exists.]
03-14 04:04:53.814 1009 1194 I am_wtf : [0,1009,system_server,-1,DisplayDeviceConfig,requesting nits when no mapping exists.]
03-14 04:04:53.830 1009 1194 I am_wtf : [0,1009,system_server,-1,DisplayDeviceConfig,requesting nits when no mapping exists.]
03-14 04:04:53.831 1009 1194 I am_wtf : [0,1009,system_server,-1,DisplayDeviceConfig,requesting nits when no mapping exists.]
03-14 04:04:53.847 1009 1194 I am_wtf : [0,1009,system_server,-1,DisplayDeviceConfig,requesting nits when no mapping exists.]
03-14 04:04:53.847 1009 1194 I am_wtf : [0,1009,system_server,-1,DisplayDeviceConfig,requesting nits when no mapping exists.]
03-14 04:04:53.864 1009 1194 I am_wtf : [0,1009,system_server,-1,DisplayDeviceConfig,requesting nits when no mapping exists.]
03-14 04:04:53.864 1009 1194 I am_wtf : [0,1009,system_server,-1,DisplayDeviceConfig,requesting nits when no mapping exists.]
03-14 04:04:53.880 1009 1194 I am_wtf : [0,1009,system_server,-1,DisplayDeviceConfig,requesting nits when no mapping exists.]
03-14 04:04:53.881 1009 1194 I am_wtf : [0,1009,system_server,-1,DisplayDeviceConfig,requesting nits when no mapping exists.]
03-14 04:04:53.897 1009 1194 I am_wtf : [0,1009,system_server,-1,DisplayDeviceConfig,requesting nits when no mapping exists.]
03-14 04:04:53.898 1009 1194 I am_wtf : [0,1009,system_server,-1,DisplayDeviceConfig,requesting nits when no mapping exists.]
03-14 04:04:53.914 1009 1194 I am_wtf : [0,1009,system_server,-1,DisplayDeviceConfig,requesting nits when no mapping exists.]
03-14 04:04:53.914 1009 1194 I am_wtf : [0,1009,system_server,-1,DisplayDeviceConfig,requesting nits when no mapping exists.]
03-14 04:04:55.371 1009 1210 I sysui_multi_action: [757,1696,758,6,759,3]
03-14 04:04:55.384 1009 1194 I am_wtf : [0,1009,system_server,-1,DisplayDeviceConfig,requesting nits when no mapping exists.]
03-14 04:04:55.385 1009 1194 I am_wtf : [0,1009,system_server,-1,DisplayDeviceConfig,requesting nits when no mapping exists.]
03-14 04:04:55.400 1009 1194 I am_wtf : [0,1009,system_server,-1,DisplayDeviceConfig,requesting nits when no mapping exists.]
03-14 04:04:55.401 1009 1194 I am_wtf : [0,1009,system_server,-1,DisplayDeviceConfig,requesting nits when no mapping exists.]
03-14 04:04:55.417 1009 1194 I am_wtf : [0,1009,system_server,-1,DisplayDeviceConfig,requesting nits when no mapping exists.]
03-14 04:04:55.417 1009 1194 I am_wtf : [0,1009,system_server,-1,DisplayDeviceConfig,requesting nits when no mapping exists.]
03-14 04:04:55.434 1009 1194 I am_wtf : [0,1009,system_server,-1,DisplayDeviceConfig,requesting nits when no mapping exists.]
03-14 04:04:55.434 1009 1194 I am_wtf : [0,1009,system_server,-1,DisplayDeviceConfig,requesting nits when no mapping exists.]
03-14 04:04:55.451 1009 1194 I am_wtf : [0,1009,system_server,-1,DisplayDeviceConfig,requesting nits when no mapping exists.]
03-14 04:04:55.452 1009 1194 I am_wtf : [0,1009,system_server,-1,DisplayDeviceConfig,requesting nits when no mapping exists.]
03-14 04:04:55.467 1009 1194 I am_wtf : [0,1009,system_server,-1,DisplayDeviceConfig,requesting nits when no mapping exists.]
03-14 04:04:55.468 1009 1194 I am_wtf : [0,1009,system_server,-1,DisplayDeviceConfig,requesting nits when no mapping exists.]
03-14 04:04:55.484 1009 1194 I am_wtf : [0,1009,system_server,-1,DisplayDeviceConfig,requesting nits when no mapping exists.]
03-14 04:04:55.485 1009 1194 I am_wtf : [0,1009,system_server,-1,DisplayDeviceConfig,requesting nits when no mapping exists.]
03-14 04:04:55.501 1009 1194 I am_wtf : [0,1009,system_server,-1,DisplayDeviceConfig,requesting nits when no mapping exists.]
03-14 04:04:55.502 1009 1194 I am_wtf : [0,1009,system_server,-1,DisplayDeviceConfig,requesting nits when no mapping exists.]
03-14 04:04:55.517 1009 1194 I am_wtf : [0,1009,system_server,-1,DisplayDeviceConfig,requesting nits when no mapping exists.]
03-14 04:04:55.518 1009 1194 I am_wtf : [0,1009,system_server,-1,DisplayDeviceConfig,requesting nits when no mapping exists.]
03-14 04:04:55.535 1009 1194 I am_wtf : [0,1009,system_server,-1,DisplayDeviceConfig,requesting nits when no mapping exists.]
03-14 04:04:55.536 1009 1194 I am_wtf : [0,1009,system_server,-1,DisplayDeviceConfig,requesting nits when no mapping exists.]
03-14 04:04:55.551 1009 1194 I am_wtf : [0,1009,system_server,-1,DisplayDeviceConfig,requesting nits when no mapping exists.]
