03-14 03:57:18.680 1009 1009 I notification_enqueue: [10086,8885,com.android.music,1,NULL,0,Notification(channel=Channel-music shortcut=null contentView=null vibrate=null sound=null defaults=0x0 flags=0x40 color=0x00000000 category=transport actions=4 vis=PRIVATE),1]
03-14 03:57:18.682 1009 1009 I notification_enqueue: [10086,8885,com.android.music,1,NULL,0,Notification(channel=Channel-music shortcut=null contentView=null vibrate=null sound=null defaults=0x0 flags=0x40 color=0x00000000 category=transport actions=4 vis=PRIVATE),1]
03-14 03:57:20.221 1009 1009 I notification_enqueue: [10086,8885,com.android.music,1,NULL,0,Notification(channel=Channel-music shortcut=null contentView=null vibrate=null sound=null defaults=0x0 flags=0x40 color=0x00000000 category=transport actions=4 vis=PRIVATE),1]
03-14 03:57:20.224 1009 1009 I notification_enqueue: [10086,8885,com.android.music,1,NULL,0,Notification(channel=Channel-music shortcut=null contentView=null vibrate=null sound=null defaults=0x0 flags=0x40 color=0x00000000 category=transport actions=4 vis=PRIVATE),1]
03-14 03:57:20.396 1009 1009 I notification_enqueue: [10086,8885,com.android.music,1,NULL,0,Notification(channel=Channel-music shortcut=null contentView=null vibrate=null sound=null defaults=0x0 flags=0x40 color=0x00000000 category=transport actions=4 vis=PRIVATE),1]
03-14 03:57:20.399 1009 1009 I notification_enqueue: [10086,8885,com.android.music,1,NULL,0,Notification(channel=Channel-music shortcut=null contentView=null vibrate=null sound=null defaults=0x0 flags=0x40 color=0x00000000 category=transport actions=4 vis=PRIVATE),1]
03-14 03:57:21.199 8885 8885 I view_enqueue_input_event: [Motion - Cancel,com.android.music/com.android.music.MusicBrowserActivity]
03-14 03:57:21.200 1009 1587 I input_interaction: Interaction with: WindowManager (server), edge-swipe (server), swipe-up (server), PointerEventDispatcher0 (server),
01-01 08:06:50.007 0 0 E DTC_ETH,link_delay_work_func: 3003, SQI=0, link=0
03-14 03:57:22.019 1009 1587 I input_interaction: Interaction with: fb7cf4c com.android.music/com.android.music.MusicBrowserActivity (server), edge-swipe (server), swipe-up (server), PointerEventDispatcher0 (server),
03-14 03:57:22.474 1009 1009 I notification_enqueue: [10086,8885,com.android.music,1,NULL,0,Notification(channel=Channel-music shortcut=null contentView=null vibrate=null sound=null defaults=0x0 flags=0x40 color=0x00000000 category=transport actions=4 vis=PRIVATE),1]
03-14 03:57:22.476 1009 1009 I notification_enqueue: [10086,8885,com.android.music,1,NULL,0,Notification(channel=Channel-music shortcut=null contentView=null vibrate=null sound=null defaults=0x0 flags=0x40 color=0x00000000 category=transport actions=4 vis=PRIVATE),1]
03-14 03:57:22.542 1009 1009 I notification_enqueue: [10086,8885,com.android.music,1,NULL,0,Notification(channel=Channel-music shortcut=null contentView=null vibrate=null sound=null defaults=0x0 flags=0x40 color=0x00000000 category=transport actions=4 vis=PRIVATE),1]
03-14 03:57:22.546 1009 1009 I notification_enqueue: [10086,8885,com.android.music,1,NULL,0,Notification(channel=Channel-music shortcut=null contentView=null vibrate=null sound=null defaults=0x0 flags=0x40 color=0x00000000 category=transport actions=4 vis=PRIVATE),1]
01-01 08:06:53.669 0 0 I [schedu][0x1d9684659][03:57:24.967763] wlan: [3591:I:WMA] [03:57:24.901000] [ROAM_TRIGGER]: VDEV[0] Reason: "LOW RSSI" Cur_Rssi threshold:86 Current AP RSSI: 76
01-01 08:06:53.669 0 0 I [schedu][0x1d968494f][03:57:24.967802] wlan: [3591:I:WMA] [03:57:24.901000] [ROAM_SCAN]: VDEV[0] Scan_type: PARTIAL next_rssi_threshold: 81 dBm {2412 }
01-01 08:06:53.669 0 0 I [schedu][0x1d9684a83][03:57:24.967818] wlan: [3591:I:WMA] ============================================================================================================================
01-01 08:06:53.669 0 0 I [schedu][0x1d9684c1d][03:57:24.967839] wlan: [3591:I:WMA] AP BSSID TSTAMP CH TY ETP RSSI/SCR CU%/SCR TOT_SCR BL_RSN BL_SRC BL_TSTAMP BL_TIMEOUT(ms)
01-01 08:06:53.669 0 0 I [schedu][0x1d9684d44][03:57:24.967855] wlan: [3591:I:WMA] ============================================================================================================================
01-01 08:06:53.669 0 0 I [schedu][0x1d9684f69][03:57:24.967883] wlan: [3591:I:WMA] d6:44:3b:15:39:91 [03:57:24.901000] 2412 P_AP 0 76/0 0/0 1557 0 0 [00:00:00.000000] 0
01-01 08:06:53.669 0 0 I [schedu][0x1d9685114][03:57:24.967906] wlan: [3591:I:WMA] [03:57:24.960000] [ROAM_RESULT]: VDEV[0] FAILED Reason: NO AP FOUND
01-01 08:06:55.123 0 0 E DTC_ETH,link_delay_work_func: 3003, SQI=0, link=0
03-14 03:57:26.812 8885 8885 I view_enqueue_input_event: [Motion - Cancel,com.android.music/com.android.music.MusicBrowserActivity]
03-14 03:57:26.820 1009 1587 I input_interaction: Interaction with: WindowManager (server), edge-swipe (server), swipe-up (server), PointerEventDispatcher0 (server),
01-01 08:06:55.906 0 0 I [schedu][0x1dbf7b76b][03:57:27.205004] wlan: [3591:I:WMA] [03:57:24.965000] [ROAM_TRIGGER]: VDEV[0] Reason: "LOW RSSI" Sub-Reason: FULL SCAN Cur_Rssi threshold:86 Current AP RSSI: 81
01-01 08:06:55.906 0 0 I [schedu][0x1dbf7b9ee][03:57:27.205037] wlan: [3591:I:WMA] [03:57:24.965000] [ROAM_SCAN]: VDEV[0] Scan_type: FULL next_rssi_threshold: 86 dBm
01-01 08:06:55.906 0 0 I [schedu][0x1dbf7ba8f][03:57:27.205045] wlan: [3591:I:WMA] ============================================================================================================================
01-01 08:06:55.906 0 0 I [schedu][0x1dbf7bb7e][03:57:27.205058] wlan: [3591:I:WMA] AP BSSID TSTAMP CH TY ETP RSSI/SCR CU%/SCR TOT_SCR BL_RSN BL_SRC BL_TSTAMP BL_TIMEOUT(ms)
01-01 08:06:55.906 0 0 I [schedu][0x1dbf7bc2a][03:57:27.205067] wlan: [3591:I:WMA] ============================================================================================================================
01-01 08:06:55.906 0 0 I [schedu][0x1dbf7bd73][03:57:27.205084] wlan: [3591:I:WMA] d6:44:3b:15:39:91 [03:57:24.965000] 2412 P_AP 0 76/0 0/0 1557 0 0 [00:00:00.000000] 0
01-01 08:06:55.906 0 0 I [schedu][0x1dbf7bfea][03:57:27.205117] wlan: [3591:I:WMA] [03:57:27.200000] [ROAM_RESULT]: VDEV[0] FAILED Reason: NO AP FOUND
03-14 03:57:28.109 1009 1587 I input_interaction: Interaction with: fb7cf4c com.android.music/com.android.music.MusicBrowserActivity (server), edge-swipe (server), swipe-up (server), PointerEventDispatcher0 (server),
03-14 03:57:28.267 8885 8885 I view_enqueue_input_event: [Motion - Cancel,com.android.music/com.android.music.MusicBrowserActivity]
03-14 03:57:28.271 1009 1587 I input_interaction: Interaction with: WindowManager (server), edge-swipe (server), swipe-up (server), PointerEventDispatcher0 (server),
01-01 08:07:00.243 0 0 E DTC_ETH,link_delay_work_func: 3003, SQI=0, link=0
01-01 08:07:02.809 0 0 I [schedu][0x1e3de0bff][03:57:34.107891] wlan: [3591:I:OSIF] scan start scan id 40963
01-01 08:07:04.220 0 0 I [schedu][0x1e57ba0b6][03:57:35.519581] wlan: [3591:I:OSIF] vdev 0, scan id 40963 type COMPLETED(1) reason COMPLETED(1) scan found 17 bss
01-01 08:07:05.363 0 0 E DTC_ETH,link_delay_work_func: 3003, SQI=0, link=0
03-14 03:57:40.472 1009 1587 I input_interaction: Interaction with: fb7cf4c com.android.music/com.android.music.MusicBrowserActivity (server), edge-swipe (server), swipe-up (server), PointerEventDispatcher0 (server),
03-14 03:57:40.476 1009 1009 I service_manager_stats: [100,49,32479]
03-14 03:57:41.732 8885 8885 I view_enqueue_input_event: [Motion - Cancel,com.android.music/com.android.music.MusicBrowserActivity]
03-14 03:57:41.737 1009 1587 I input_interaction: Interaction with: WindowManager (server), edge-swipe (server), swipe-up (server), PointerEventDispatcher0 (server),
01-01 08:07:10.483 0 0 E DTC_ETH,link_delay_work_func: 3003, SQI=0, link=0
01-01 08:07:15.603 0 0 E DTC_ETH,link_delay_work_func: 3003, SQI=0, link=0
01-01 08:07:20.723 0 0 E DTC_ETH,link_delay_work_func: 3003, SQI=0, link=0
03-14 03:57:52.320 1009 1009 I service_manager_stats: [100,62,11845]
03-14 03:57:54.869 1009 1587 I input_interaction: Interaction with: fb7cf4c com.android.music/com.android.music.MusicBrowserActivity (server), edge-swipe (server), swipe-up (server), PointerEventDispatcher0 (server),
03-14 03:57:55.119 1009 1009 I notification_enqueue: [10086,8885,com.android.music,1,NULL,0,Notification(channel=Channel-music shortcut=null contentView=null vibrate=null sound=null defaults=0x0 flags=0x40 color=0x00000000 category=transport actions=4 vis=PRIVATE),1]
03-14 03:57:55.120 1009 1009 I notification_enqueue: [10086,8885,com.android.music,1,NULL,0,Notification(channel=Channel-music shortcut=null contentView=null vibrate=null sound=null defaults=0x0 flags=0x40 color=0x00000000 category=transport actions=4 vis=PRIVATE),1]
03-14 03:57:55.306 1009 1009 I notification_enqueue: [10086,8885,com.android.music,1,NULL,0,Notification(channel=Channel-music shortcut=null contentView=null vibrate=null sound=null defaults=0x0 flags=0x40 color=0x00000000 category=transport actions=4 vis=PRIVATE),1]
03-14 03:57:55.307 1009 1009 I notification_enqueue: [10086,8885,com.android.music,1,NULL,0,Notification(channel=Channel-music shortcut=null contentView=null vibrate=null sound=null defaults=0x0 flags=0x40 color=0x00000000 category=transport actions=4 vis=PRIVATE),1]
03-14 03:57:56.032 8885 8885 I view_enqueue_input_event: [Motion - Cancel,com.android.music/com.android.music.MusicBrowserActivity]
03-14 03:57:56.034 1009 1587 I input_interaction: Interaction with: WindowManager (server), edge-swipe (server), swipe-up (server), PointerEventDispatcher0 (server),
01-01 08:07:25.843 0 0 E DTC_ETH,link_delay_work_func: 3003, SQI=0, link=0
03-14 03:57:57.686 1009 1194 I am_uid_idle: 10028
03-14 03:57:57.686 1009 1194 I am_uid_idle: 10023
03-14 03:57:57.686 1009 1194 I am_uid_idle: 10017
03-14 03:57:58.264 1009 1587 I input_interaction: Interaction with: fb7cf4c com.android.music/com.android.music.MusicBrowserActivity (server), edge-swipe (server), swipe-up (server), PointerEventDispatcher0 (server),
03-14 03:57:58.371 1009 1587 I input_interaction: Interaction with: WindowManager (server), edge-swipe (server), swipe-up (server), PointerEventDispatcher0 (server),
03-14 03:57:58.371 8885 8885 I view_enqueue_input_event: [Motion - Cancel,com.android.music/com.android.music.MusicBrowserActivity]
01-01 08:07:30.963 0 0 E DTC_ETH,link_delay_work_func: 3003, SQI=0, link=0
03-14 03:58:03.538 1009 1587 I input_interaction: Interaction with: fb7cf4c com.android.music/com.android.music.MusicBrowserActivity (server), edge-swipe (server), swipe-up (server), PointerEventDispatcher0 (server),
03-14 03:58:03.601 8885 8885 I view_enqueue_input_event: [Motion - Cancel,com.android.music/com.android.music.MusicBrowserActivity]
03-14 03:58:03.603 1009 1587 I input_interaction: Interaction with: WindowManager (server), edge-swipe (server), swipe-up (server), PointerEventDispatcher0 (server),
03-14 03:58:03.967 0 0 I auditd : type=1400 audit(0.0:3396): avc: denied { kill } for comm="swapper/2" capability=5 scontext=u:r:kernel:s0 tcontext=u:r:kernel:s0 tclass=capability permissive=1
01-01 08:07:33.797 0 0 I [schedu][0x20754bcbd][03:58:05.096488] wlan: [3591:I:WMA] [03:58:04.100000] [ROAM_TRIGGER]: VDEV[0] Reason: "HIGH RSSI"
01-01 08:07:33.797 0 0 I [schedu][0x20754bfa0][03:58:05.096526] wlan: [3591:I:WMA] [03:58:04.100000] [ROAM_SCAN]: VDEV[0] Scan_type: PARTIAL {5180 5200 5220 5240 5260 5280 5300 5320 5745 5765 5785 5805 5825 }
01-01 08:07:33.797 0 0 I [schedu][0x20754c072][03:58:05.096537] wlan: [3591:I:WMA] ============================================================================================================================
01-01 08:07:33.797 0 0 I [schedu][0x20754c185][03:58:05.096551] wlan: [3591:I:WMA] AP BSSID TSTAMP CH TY ETP RSSI/SCR CU%/SCR TOT_SCR BL_RSN BL_SRC BL_TSTAMP BL_TIMEOUT(ms)
01-01 08:07:33.797 0 0 I [schedu][0x20754c4b6][03:58:05.096594] wlan: [3591:I:WMA] ============================================================================================================================
01-01 08:07:33.798 0 0 I [schedu][0x20754c649][03:58:05.096615] wlan: [3591:I:WMA] d6:44:3b:15:39:91 [03:58:04.100000] 2412 P_AP 0 65/0 0/0 4936 0 0 [00:00:00.000000] 0
01-01 08:07:33.798 0 0 I [schedu][0x20754c773][03:58:05.096630] wlan: [3591:I:WMA] [03:58:05.074000] [ROAM_RESULT]: VDEV[0] FAILED Reason: NO AP FOUND
03-14 03:58:05.834 1009 1587 I input_interaction: Interaction with: fb7cf4c com.android.music/com.android.music.MusicBrowserActivity (server), edge-swipe (server), swipe-up (server), PointerEventDispatcher0 (server),
03-14 03:58:05.956 8885 8885 I view_enqueue_input_event: [Motion - Cancel,com.android.music/com.android.music.MusicBrowserActivity]
03-14 03:58:05.969 1009 1587 I input_interaction: Interaction with: WindowManager (server), edge-swipe (server), swipe-up (server), PointerEventDispatcher0 (server),
01-01 08:07:36.083 0 0 E DTC_ETH,link_delay_work_func: 3003, SQI=0, link=0
03-14 03:58:07.845 1009 1194 I am_uid_idle: 10064
03-14 03:58:08.047 1009 1587 I input_interaction: Interaction with: fb7cf4c com.android.music/com.android.music.MusicBrowserActivity (server), edge-swipe (server), swipe-up (server), PointerEventDispatcher0 (server),
03-14 03:58:08.097 8885 8885 I view_enqueue_input_event: [Motion - Cancel,com.android.music/com.android.music.MusicBrowserActivity]
03-14 03:58:08.098 1009 1587 I input_interaction: Interaction with: WindowManager (server), edge-swipe (server), swipe-up (server), PointerEventDispatcher0 (server),
01-01 08:07:41.203 0 0 E DTC_ETH,link_delay_work_func: 3003, SQI=0, link=0
03-14 03:58:17.180 1009 1194 I am_uid_idle: 10063
01-01 08:07:46.323 0 0 E DTC_ETH,link_delay_work_func: 3003, SQI=0, link=0
01-01 08:07:48.949 0 0 I [schedu][0x218ab8c6c][03:58:20.247631] wlan: [3591:I:WMA] [03:58:19.253000] [ROAM_TRIGGER]: VDEV[0] Reason: "HIGH RSSI"
01-01 08:07:48.949 0 0 I [schedu][0x218ab90ab][03:58:20.247687] wlan: [3591:I:WMA] [03:58:19.253000] [ROAM_SCAN]: VDEV[0] Scan_type: PARTIAL {5180 5200 5220 5240 5260 5280 5300 5320 5745 5765 5785 5805 5825 }
01-01 08:07:48.949 0 0 I [schedu][0x218ab91f2][03:58:20.247704] wlan: [3591:I:WMA] ============================================================================================================================
01-01 08:07:48.949 0 0 I [schedu][0x218ab939f][03:58:20.247726] wlan: [3591:I:WMA] AP BSSID TSTAMP CH TY ETP RSSI/SCR CU%/SCR TOT_SCR BL_RSN BL_SRC BL_TSTAMP BL_TIMEOUT(ms)
01-01 08:07:48.949 0 0 I [schedu][0x218ab94cd][03:58:20.247742] wlan: [3591:I:WMA] ============================================================================================================================
01-01 08:07:48.949 0 0 I [schedu][0x218ab9c39][03:58:20.247841] wlan: [3591:I:WMA] d6:44:3b:15:39:91 [03:58:19.253000] 2412 P_AP 0 61/0 0/0 5036 0 0 [00:00:00.000000] 0
01-01 08:07:48.949 0 0 I [schedu][0x218ab9e6b][03:58:20.247870] wlan: [3591:I:WMA] [03:58:20.243000] [ROAM_RESULT]: VDEV[0] FAILED Reason: NO AP FOUND
01-01 08:07:51.443 0 0 E DTC_ETH,link_delay_work_func: 3003, SQI=0, link=0
03-14 03:58:23.341 1009 1587 I input_interaction: Interaction with: fb7cf4c com.android.music/com.android.music.MusicBrowserActivity (server), edge-swipe (server), swipe-up (server), PointerEventDispatcher0 (server),
03-14 03:58:23.532 8885 8885 I view_enqueue_input_event: [Motion - Cancel,com.android.music/com.android.music.MusicBrowserActivity]
03-14 03:58:23.542 1009 1587 I input_interaction: Interaction with: WindowManager (server), edge-swipe (server), swipe-up (server), PointerEventDispatcher0 (server),
03-14 03:58:25.867 1009 1009 I service_manager_stats: [100,62,33546]
01-01 08:07:56.567 0 0 E DTC_ETH,link_delay_work_func: 3003, SQI=0, link=0
03-14 03:58:31.503 1009 1587 I input_interaction: Interaction with: fb7cf4c com.android.music/com.android.music.MusicBrowserActivity (server), edge-swipe (server), swipe-up (server), PointerEventDispatcher0 (server),
03-14 03:58:31.568 8885 8885 I view_enqueue_input_event: [Motion - Cancel,com.android.music/com.android.music.MusicBrowserActivity]
03-14 03:58:31.570 1009 1587 I input_interaction: Interaction with: WindowManager (server), edge-swipe (server), swipe-up (server), PointerEventDispatcher0 (server),
01-01 08:08:01.683 0 0 E DTC_ETH,link_delay_work_func: 3003, SQI=0, link=0
01-01 08:08:04.101 0 0 I [schedu][0x22a02c33b][03:58:35.400148] wlan: [3591:I:WMA] [03:58:34.422000] [ROAM_TRIGGER]: VDEV[0] Reason: "HIGH RSSI"
01-01 08:08:04.101 0 0 I [schedu][0x22a02c5ba][03:58:35.400181] wlan: [3591:I:WMA] [03:58:34.422000] [ROAM_SCAN]: VDEV[0] Scan_type: PARTIAL {5180 5200 5220 5240 5260 5280 5300 5320 5745 5765 5785 5805 5825 }
01-01 08:08:04.101 0 0 I [schedu][0x22a02c65d][03:58:35.400189] wlan: [3591:I:WMA] ============================================================================================================================
01-01 08:08:04.101 0 0 I [schedu][0x22a02c747][03:58:35.400201] wlan: [3591:I:WMA] AP BSSID TSTAMP CH TY ETP RSSI/SCR CU%/SCR TOT_SCR BL_RSN BL_SRC BL_TSTAMP BL_TIMEOUT(ms)
01-01 08:08:04.101 0 0 I [schedu][0x22a02c7eb][03:58:35.400210] wlan: [3591:I:WMA] ============================================================================================================================
01-01 08:08:04.101 0 0 I [schedu][0x22a02c93c][03:58:35.400228] wlan: [3591:I:WMA] d6:44:3b:15:39:91 [03:58:34.423000] 2412 P_AP 0 62/0 0/0 5036 0 0 [00:00:00.000000] 0
01-01 08:08:04.101 0 0 I [schedu][0x22a02ca4e][03:58:35.400242] wlan: [3591:I:WMA] [03:58:35.388000] [ROAM_RESULT]: VDEV[0] FAILED Reason: NO AP FOUND
01-01 08:08:06.803 0 0 E DTC_ETH,link_delay_work_func: 3003, SQI=0, link=0
01-01 08:08:11.923 0 0 E DTC_ETH,link_delay_work_func: 3003, SQI=0, link=0
03-14 03:58:46.038 1009 1661 I netstats_mobile_sample: [0,0,0,0,0,0,0,0,0,0,0,0,1678868984677]
03-14 03:58:46.039 1009 1661 I netstats_wifi_sample: [15842203,21713,3285151,19281,15842203,21713,3285151,19281,9938723,17417,2621132,15026,1678868984677]
01-01 08:08:17.043 0 0 E DTC_ETH,link_delay_work_func: 3003, SQI=0, link=0
01-01 08:08:22.163 0 0 E DTC_ETH,link_delay_work_func: 3003, SQI=0, link=0
01-01 08:08:27.283 0 0 E DTC_ETH,link_delay_work_func: 3003, SQI=0, link=0
01-01 08:08:27.771 0 0 I [schedu][0x245196d44][03:58:59.070468] wlan: [3591:I:WMA] [03:58:58.988000] [ROAM_TRIGGER]: VDEV[0] Reason: "LOW RSSI" Cur_Rssi threshold:86 Current AP RSSI: 76
01-01 08:08:27.771 0 0 I [schedu][0x245197066][03:58:59.070510] wlan: [3591:I:WMA] [03:58:58.988000] [ROAM_SCAN]: VDEV[0] Scan_type: PARTIAL next_rssi_threshold: 81 dBm {2412 }
01-01 08:08:27.771 0 0 I [schedu][0x245197195][03:58:59.070526] wlan: [3591:I:WMA] ============================================================================================================================
01-01 08:08:27.771 0 0 I [schedu][0x24519733e][03:58:59.070548] wlan: [3591:I:WMA] AP BSSID TSTAMP CH TY ETP RSSI/SCR CU%/SCR TOT_SCR BL_RSN BL_SRC BL_TSTAMP BL_TIMEOUT(ms)
01-01 08:08:27.771 0 0 I [schedu][0x245197466][03:58:59.070563] wlan: [3591:I:WMA] ============================================================================================================================
01-01 08:08:27.771 0 0 I [schedu][0x24519767b][03:58:59.070591] wlan: [3591:I:WMA] d6:44:3b:15:39:91 [03:58:58.988000] 2412 P_AP 0 76/0 0/0 1557 0 0 [00:00:00.000000] 0
01-01 08:08:27.772 0 0 I [schedu][0x245197830][03:58:59.070614] wlan: [3591:I:WMA] [03:58:59.047000] [ROAM_RESULT]: VDEV[0] FAILED Reason: NO AP FOUND
01-01 08:08:29.340 0 0 I [schedu][0x246e508dd][03:59:00.639263] wlan: [3591:I:WMA] [03:58:59.054000] [ROAM_TRIGGER]: VDEV[0] Reason: "LOW RSSI" Sub-Reason: FULL SCAN Cur_Rssi threshold:81 Current AP RSSI: 76
01-01 08:08:29.340 0 0 I [schedu][0x246e50c44][03:59:00.639308] wlan: [3591:I:WMA] [03:58:59.054000] [ROAM_SCAN]: VDEV[0] Scan_type: FULL next_rssi_threshold: 81 dBm
01-01 08:08:29.340 0 0 I [schedu][0x246e50d79][03:59:00.639324] wlan: [3591:I:WMA] ============================================================================================================================
01-01 08:08:29.340 0 0 I [schedu][0x246e50f1f][03:59:00.639346] wlan: [3591:I:WMA] AP BSSID TSTAMP CH TY ETP RSSI/SCR CU%/SCR TOT_SCR BL_RSN BL_SRC BL_TSTAMP BL_TIMEOUT(ms)
01-01 08:08:29.340 0 0 I [schedu][0x246e51059][03:59:00.639362] wlan: [3591:I:WMA] ============================================================================================================================
01-01 08:08:29.340 0 0 I [schedu][0x246e51272][03:59:00.639390] wlan: [3591:I:WMA] d6:44:3b:15:39:91 [03:58:59.054000] 2412 P_AP 0 76/0 0/0 1557 0 0 [00:00:00.000000] 0
01-01 08:08:29.340 0 0 I [schedu][0x246e51421][03:59:00.639413] wlan: [3591:I:WMA] [03:59:00.616000] [ROAM_RESULT]: VDEV[0] FAILED Reason: NO AP FOUND
01-01 08:08:32.403 0 0 E DTC_ETH,link_delay_work_func: 3003, SQI=0, link=0
01-01 08:08:37.523 0 0 E DTC_ETH,link_delay_work_func: 3003, SQI=0, link=0
01-01 08:08:42.643 0 0 E DTC_ETH,link_delay_work_func: 3003, SQI=0, link=0
01-01 08:08:47.763 0 0 E DTC_ETH,link_delay_work_func: 3003, SQI=0, link=0
01-01 08:08:51.030 0 0 I perf : interrupt took too long (2523 > 2500), lowering kernel.perf_event_max_sample_rate to 79250
01-01 08:08:52.883 0 0 E DTC_ETH,link_delay_work_func: 3003, SQI=0, link=0
01-01 08:08:54.813 0 0 I [schedu][0x2640bacce][03:59:26.111742] wlan: [3591:I:WMA] [03:59:26.039000] [ROAM_TRIGGER]: VDEV[0] Reason: "LOW RSSI" Cur_Rssi threshold:81 Current AP RSSI: 78
01-01 08:08:54.813 0 0 I [schedu][0x2640baf97][03:59:26.111779] wlan: [3591:I:WMA] [03:59:26.039000] [ROAM_SCAN]: VDEV[0] Scan_type: PARTIAL next_rssi_threshold: 81 dBm {2412 }
01-01 08:08:54.813 0 0 I [schedu][0x2640bb0c7][03:59:26.111795] wlan: [3591:I:WMA] ============================================================================================================================
01-01 08:08:54.813 0 0 I [schedu][0x2640bb267][03:59:26.111816] wlan: [3591:I:WMA] AP BSSID TSTAMP CH TY ETP RSSI/SCR CU%/SCR TOT_SCR BL_RSN BL_SRC BL_TSTAMP BL_TIMEOUT(ms)
01-01 08:08:54.813 0 0 I [schedu][0x2640bb38f][03:59:26.111832] wlan: [3591:I:WMA] ============================================================================================================================
01-01 08:08:54.813 0 0 I [schedu][0x2640bb5a9][03:59:26.111860] wlan: [3591:I:WMA] d6:44:3b:15:39:91 [03:59:26.039000] 2412 P_AP 0 78/0 0/0 1557 0 0 [00:00:00.000000] 0
01-01 08:08:54.813 0 0 I [schedu][0x2640bb754][03:59:26.111882] wlan: [3591:I:WMA] [03:59:26.099000] [ROAM_RESULT]: VDEV[0] FAILED Reason: NO AP FOUND
01-01 08:08:56.736 0 0 I [schedu][0x2663f030f][03:59:28.034599] wlan: [3591:I:WMA] [03:59:26.104000] [ROAM_TRIGGER]: VDEV[0] Reason: "LOW RSSI" Sub-Reason: FULL SCAN Cur_Rssi threshold:81 Current AP RSSI: 78
01-01 08:08:56.736 0 0 I [schedu][0x2663f05c2][03:59:28.034634] wlan: [3591:I:WMA] [03:59:26.104000] [ROAM_SCAN]: VDEV[0] Scan_type: FULL next_rssi_threshold: 83 dBm
01-01 08:08:56.736 0 0 I [schedu][0x2663f0667][03:59:28.034643] wlan: [3591:I:WMA] ============================================================================================================================
01-01 08:08:56.736 0 0 I [schedu][0x2663f0744][03:59:28.034655] wlan: [3591:I:WMA] AP BSSID TSTAMP CH TY ETP RSSI/SCR CU%/SCR TOT_SCR BL_RSN BL_SRC BL_TSTAMP BL_TIMEOUT(ms)
01-01 08:08:56.736 0 0 I [schedu][0x2663f07e4][03:59:28.034663] wlan: [3591:I:WMA] ============================================================================================================================
01-01 08:08:56.736 0 0 I [schedu][0x2663f0927][03:59:28.034680] wlan: [3591:I:WMA] d6:44:3b:15:39:91 [03:59:26.104000] 2412 P_AP 0 78/0 0/0 1557 0 0 [00:00:00.000000] 0
01-01 08:08:56.736 0 0 I [schedu][0x2663f0a0a][03:59:28.034692] wlan: [3591:I:WMA] [03:59:28.024000] [ROAM_RESULT]: VDEV[0] FAILED Reason: NO AP FOUND
03-14 03:59:28.252 1009 1210 I sysui_multi_action: [757,1696,758,6,759,2]
03-14 03:59:28.254 1009 1194 I am_wtf : [0,1009,system_server,-1,DisplayDeviceConfig,requesting nits when no mapping exists.]
03-14 03:59:28.257 1009 1194 I am_wtf : [0,1009,system_server,-1,DisplayDeviceConfig,requesting nits when no mapping exists.]
01-01 08:08:58.003 0 0 E DTC_ETH,link_delay_work_func: 3003, SQI=0, link=0
03-14 03:59:30.677 1009 1188 I am_pss : [2625,10074,com.android.launcher3,164628480,158496768,0,292616192,0,2,15]
01-01 08:09:03.123 0 0 E DTC_ETH,link_delay_work_func: 3003, SQI=0, link=0
01-01 08:09:08.243 0 0 E DTC_ETH,link_delay_work_func: 3003, SQI=0, link=0
01-01 08:09:13.363 0 0 E DTC_ETH,link_delay_work_func: 3003, SQI=0, link=0
01-01 08:09:18.483 0 0 E DTC_ETH,link_delay_work_func: 3003, SQI=0, link=0
01-01 08:09:23.603 0 0 E DTC_ETH,link_delay_work_func: 3003, SQI=0, link=0
01-01 08:09:28.723 0 0 E DTC_ETH,link_delay_work_func: 3003, SQI=0, link=0
01-01 08:09:30.239 0 0 I [schedu][0x28c968094][04:00:01.538139] wlan: [3591:I:WMA] [04:00:01.453000] [ROAM_TRIGGER]: VDEV[0] Reason: "LOW RSSI" Cur_Rssi threshold:88 Current AP RSSI: 83
01-01 08:09:30.239 0 0 I [schedu][0x28c9683e1][04:00:01.538183] wlan: [3591:I:WMA] [04:00:01.453000] [ROAM_SCAN]: VDEV[0] Scan_type: PARTIAL next_rssi_threshold: 88 dBm {2412 }
01-01 08:09:30.239 0 0 I [schedu][0x28c9687a0][04:00:01.538233] wlan: [3591:I:WMA] ============================================================================================================================
01-01 08:09:30.239 0 0 I [schedu][0x28c96894b][04:00:01.538255] wlan: [3591:I:WMA] AP BSSID TSTAMP CH TY ETP RSSI/SCR CU%/SCR TOT_SCR BL_RSN BL_SRC BL_TSTAMP BL_TIMEOUT(ms)
01-01 08:09:30.239 0 0 I [schedu][0x28c968a77][04:00:01.538271] wlan: [3591:I:WMA] ============================================================================================================================
01-01 08:09:30.239 0 0 I [schedu][0x28c968cb2][04:00:01.538300] wlan: [3591:I:WMA] d6:44:3b:15:39:91 [04:00:01.453000] 2412 P_AP 0 83/0 0/0 1005 0 0 [00:00:00.000000] 0
01-01 08:09:30.239 0 0 I [schedu][0x28c968e67][04:00:01.538323] wlan: [3591:I:WMA] [04:00:01.510000] [ROAM_RESULT]: VDEV[0] FAILED Reason: NO AP FOUND
01-01 08:09:33.843 0 0 E DTC_ETH,link_delay_work_func: 3003, SQI=0, link=0
01-01 08:09:38.963 0 0 E DTC_ETH,link_delay_work_func: 3003, SQI=0, link=0
01-01 08:09:44.083 0 0 E DTC_ETH,link_delay_work_func: 3003, SQI=0, link=0
01-01 08:09:49.203 0 0 E DTC_ETH,link_delay_work_func: 3003, SQI=0, link=0
01-01 08:09:51.132 0 0 I [schedu][0x2a47f73fd][04:00:22.430984] wlan: [3591:I:WMA] [04:00:22.365000] [ROAM_TRIGGER]: VDEV[0] Reason: "LOW RSSI" Cur_Rssi threshold:88 Current AP RSSI: 81
01-01 08:09:51.132 0 0 I [schedu][0x2a47f7713][04:00:22.431025] wlan: [3591:I:WMA] [04:00:22.365000] [ROAM_SCAN]: VDEV[0] Scan_type: PARTIAL next_rssi_threshold: 86 dBm {2412 }
01-01 08:09:51.132 0 0 I [schedu][0x2a47f7842][04:00:22.431041] wlan: [3591:I:WMA] ============================================================================================================================
01-01 08:09:51.132 0 0 I [schedu][0x2a47f7d6e][04:00:22.431110] wlan: [3591:I:WMA] AP BSSID TSTAMP CH TY ETP RSSI/SCR CU%/SCR TOT_SCR BL_RSN BL_SRC BL_TSTAMP BL_TIMEOUT(ms)
01-01 08:09:51.132 0 0 I [schedu][0x2a47f7ea7][04:00:22.431126] wlan: [3591:I:WMA] ============================================================================================================================
01-01 08:09:51.132 0 0 I [schedu][0x2a47f80c2][04:00:22.431154] wlan: [3591:I:WMA] d6:44:3b:15:39:91 [04:00:22.365000] 2412 P_AP 0 81/0 0/0 1005 0 0 [00:00:00.000000] 0
01-01 08:09:51.132 0 0 I [schedu][0x2a47f8281][04:00:22.431178] wlan: [3591:I:WMA] [04:00:22.424000] [ROAM_RESULT]: VDEV[0] FAILED Reason: NO AP FOUND
01-01 08:09:52.968 0 0 I [schedu][0x2a6994791][04:00:24.266766] wlan: [3591:I:WMA] [04:00:22.429000] [ROAM_TRIGGER]: VDEV[0] Reason: "LOW RSSI" Sub-Reason: FULL SCAN Cur_Rssi threshold:86 Current AP RSSI: 81
01-01 08:09:52.968 0 0 I [schedu][0x2a6994ab5][04:00:24.266807] wlan: [3591:I:WMA] [04:00:22.429000] [ROAM_SCAN]: VDEV[0] Scan_type: FULL next_rssi_threshold: 86 dBm
01-01 08:09:52.968 0 0 I [schedu][0x2a6994be3][04:00:24.266823] wlan: [3591:I:WMA] ============================================================================================================================
01-01 08:09:52.968 0 0 I [schedu][0x2a699513c][04:00:24.266894] wlan: [3591:I:WMA] AP BSSID TSTAMP CH TY ETP RSSI/SCR CU%/SCR TOT_SCR BL_RSN BL_SRC BL_TSTAMP BL_TIMEOUT(ms)
01-01 08:09:52.968 0 0 I [schedu][0x2a69955bc][04:00:24.266954] wlan: [3591:I:WMA] ============================================================================================================================
01-01 08:09:52.968 0 0 I [schedu][0x2a69957fb][04:00:24.266984] wlan: [3591:I:WMA] d6:44:3b:15:39:91 [04:00:22.429000] 2412 P_AP 0 81/0 0/0 1005 0 0 [00:00:00.000000] 0
01-01 08:09:52.968 0 0 I [schedu][0x2a69959d4][04:00:24.267009] wlan: [3591:I:WMA] [04:00:24.260000] [ROAM_RESULT]: VDEV[0] FAILED Reason: NO AP FOUND
01-01 08:09:54.323 0 0 E DTC_ETH,link_delay_work_func: 3003, SQI=0, link=0
01-01 08:09:59.443 0 0 E DTC_ETH,link_delay_work_func: 3003, SQI=0, link=0
03-14 04:00:35.022 1009 1661 I netstats_mobile_sample: [0,0,0,0,0,0,0,0,0,0,0,0,1678869093662]
03-14 04:00:35.023 1009 1661 I netstats_wifi_sample: [15842203,21713,3285151,19281,15842203,21713,3285151,19281,9938723,17417,2621132,15026,1678869093662]
01-01 08:10:04.563 0 0 E DTC_ETH,link_delay_work_func: 3003, SQI=0, link=0
01-01 08:10:09.683 0 0 E DTC_ETH,link_delay_work_func: 3003, SQI=0, link=0
01-01 08:10:14.803 0 0 E DTC_ETH,link_delay_work_func: 3003, SQI=0, link=0
01-01 08:10:19.923 0 0 E DTC_ETH,link_delay_work_func: 3003, SQI=0, link=0
01-01 08:10:25.044 0 0 E DTC_ETH,link_delay_work_func: 3003, SQI=0, link=0
01-01 08:10:30.163 0 0 E DTC_ETH,link_delay_work_func: 3003, SQI=0, link=0
01-01 08:10:32.816 0 0 I [schedu][0x2d433aeac][04:01:04.115393] wlan: [3591:I:OSIF] scan start scan id 40964
01-01 08:10:34.148 0 0 I [schedu][0x2d5b9c258][04:01:05.446856] wlan: [3591:I:OSIF] vdev 0, scan id 40964 type COMPLETED(1) reason COMPLETED(1) scan found 12 bss
01-01 08:10:35.283 0 0 E DTC_ETH,link_delay_work_func: 3003, SQI=0, link=0
03-14 04:01:07.071 6881 6881 I auditd : type=1400 audit(0.0:3397): avc: denied { open } for comm="HCDN_DownloadEn" path="/proc/stat" dev="proc" ino=4026532236 scontext=u:r:untrusted_app:s0:c102,c256,c512,c768 tcontext=u:object_r:proc_stat:s0 tclass=file permissive=1 app=com.qiyi.video
03-14 04:01:07.071 6881 6881 I auditd : type=1400 audit(0.0:3398): avc: denied { getattr } for comm="HCDN_DownloadEn" path="/proc/stat" dev="proc" ino=4026532236 scontext=u:r:untrusted_app:s0:c102,c256,c512,c768 tcontext=u:object_r:proc_stat:s0 tclass=file permissive=1 app=com.qiyi.video
03-14 04:01:10.267 1009 1499 I am_freeze: [3649,com.android.dynsystem:dynsystem]
01-01 08:10:38.967 0 0 I binder : 1009:1499 ioctl 400c620e 6e6d7375d8 returned -22
01-01 08:10:38.968 0 0 I binder : 1009:1499 ioctl c00c620f 6e6d7375b8 returned -22
03-14 04:01:10.269 1009 1499 I am_kill : [0,3649,com.android.dynsystem:dynsystem,985,Unable to freeze binder interface]
03-14 04:01:10.292 1009 1585 I am_proc_died: [0,3649,com.android.dynsystem:dynsystem,985,19]
03-14 04:01:10.312 1009 1188 I am_pss : [8885,10086,com.android.music,289549312,283897856,0,413745152,0,2,16]
01-01 08:10:39.321 0 0 I binder : 1009:1499 ioctl 400c620e 6e6d7375d8 returned -22
01-01 08:10:39.322 0 0 I binder : 1009:1499 ioctl c00c620f 6e6d7375b8 returned -22
03-14 04:01:10.621 1009 1499 I am_freeze: [3726,com.android.onetimeinitializer]
03-14 04:01:10.623 1009 1499 I am_kill : [0,3726,com.android.onetimeinitializer,985,Unable to freeze binder interface]
03-14 04:01:10.645 1009 1037 I am_proc_died: [0,3726,com.android.onetimeinitializer,985,19]
03-14 04:01:10.646 1009 1037 I am_uid_stopped: 10059
03-14 04:01:10.684 1009 1499 I am_freeze: [3088,com.android.keychain]
01-01 08:10:39.384 0 0 I binder : 1009:1499 ioctl 400c620e 6e6d7375d8 returned -22
01-01 08:10:39.385 0 0 I binder : 1009:1499 ioctl c00c620f 6e6d7375b8 returned -22
03-14 04:01:10.686 1009 1499 I am_kill : [0,3088,com.android.keychain,975,Unable to freeze binder interface]
03-14 04:01:10.713 1009 1037 I am_proc_died: [0,3088,com.android.keychain,975,19]
01-01 08:10:39.722 0 0 I binder : 1009:1499 ioctl 400c620e 6e6d7375d8 returned -22
03-14 04:01:11.022 1009 1499 I am_freeze: [2513,com.android.settings]
03-14 04:01:11.023 1009 1499 I am_kill : [0,2513,com.android.settings,975,Unable to freeze binder interface]
01-01 08:10:39.723 0 0 I binder : 1009:1499 ioctl c00c620f 6e6d7375b8 returned -22
03-14 04:01:11.049 1009 2635 I am_proc_died: [0,2513,com.android.settings,975,19]
01-01 08:10:40.330 0 0 I binder : 1009:1499 ioctl 400c620e 6e6d7375d8 returned -22
03-14 04:01:11.630 1009 1499 I am_freeze: [3874,com.qualcomm.qti.qms.service.connectionsecurity]
01-01 08:10:40.332 0 0 I binder : 1009:1499 ioctl c00c620f 6e6d7375b8 returned -22
03-14 04:01:11.634 1009 1499 I am_freeze: [2843,com.qualcomm.qtil.aptxui]
03-14 04:01:11.635 1009 1499 I am_kill : [0,3874,com.qualcomm.qti.qms.service.connectionsecurity,965,Unable to freeze binder interface]
03-14 04:01:11.637 1009 1499 I am_kill : [0,2843,com.qualcomm.qtil.aptxui,965,Unable to freeze binder interface]
01-01 08:10:40.335 0 0 I binder : 1009:1499 ioctl 400c620e 6e6d7375d8 returned -22
01-01 08:10:40.335 0 0 I binder : 1009:1499 ioctl c00c620f 6e6d7375b8 returned -22
03-14 04:01:11.662 1009 2635 I am_proc_died: [0,3874,com.qualcomm.qti.qms.service.connectionsecurity,965,19]
03-14 04:01:11.663 1009 2635 I am_uid_stopped: 10058
03-14 04:01:11.666 1009 2180 I am_proc_died: [0,2843,com.qualcomm.qtil.aptxui,965,19]
03-14 04:01:11.666 1009 2180 I am_uid_stopped: 10084
01-01 08:10:40.403 0 0 E DTC_ETH,link_delay_work_func: 3003, SQI=0, link=0
03-14 04:01:11.967 0 0 I auditd : type=1400 audit(0.0:3399): avc: denied { kill } for comm="swapper/0" capability=5 scontext=u:r:kernel:s0 tcontext=u:r:kernel:s0 tclass=capability permissive=1
01-01 08:10:45.523 0 0 E DTC_ETH,link_delay_work_func: 3003, SQI=0, link=0
01-01 08:10:47.660 0 0 I binder : 1009:1499 ioctl 400c620e 6e6d7375d8 returned -22
01-01 08:10:47.661 0 0 I binder : 1009:1499 ioctl c00c620f 6e6d7375b8 returned -22
03-14 04:01:18.959 1009 1499 I am_freeze: [3787,com.android.providers.calendar]
03-14 04:01:18.962 1009 1499 I am_kill : [0,3787,com.android.providers.calendar,955,Unable to freeze binder interface]
03-14 04:01:18.990 1009 2180 I am_proc_died: [0,3787,com.android.providers.calendar,955,19]
03-14 04:01:18.991 1009 2180 I am_uid_stopped: 10020
01-01 08:10:48.159 0 0 I binder : 1009:1499 ioctl 400c620e 6e6d7375d8 returned -22
01-01 08:10:48.160 0 0 I binder : 1009:1499 ioctl c00c620f 6e6d7375b8 returned -22
03-14 04:01:19.459 1009 1499 I am_freeze: [4625,com.qualcomm.qti.qms.service.trustzoneaccess]
03-14 04:01:19.463 1009 1499 I am_kill : [0,4625,com.qualcomm.qti.qms.service.trustzoneaccess,955,Unable to freeze binder interface]
03-14 04:01:19.493 1009 9310 I am_proc_died: [0,4625,com.qualcomm.qti.qms.service.trustzoneaccess,955,19]
03-14 04:01:19.494 1009 9310 I am_uid_stopped: 10056
01-01 08:10:50.643 0 0 E DTC_ETH,link_delay_work_func: 3003, SQI=0, link=0
03-14 04:01:26.973 1009 1188 I am_pss : [2533,10092,android.ext.services,12744704,6635520,0,107474944,0,5,11]
01-01 08:10:55.763 0 0 E DTC_ETH,link_delay_work_func: 3003, SQI=0, link=0
01-01 08:11:00.883 0 0 E DTC_ETH,link_delay_work_func: 3003, SQI=0, link=0
01-01 08:11:06.003 0 0 E DTC_ETH,link_delay_work_func: 3003, SQI=0, link=0
01-01 08:11:09.387 0 0 I binder : 1009:1499 ioctl 400c620e 6e6d7375d8 returned -22
01-01 08:11:09.388 0 0 I binder : 1009:1499 ioctl c00c620f 6e6d7375b8 returned -22
03-14 04:01:40.687 1009 1499 I am_freeze: [2668,com.qualcomm.qti.qccauthmgr]
03-14 04:01:40.691 1009 1499 I am_kill : [0,2668,com.qualcomm.qti.qccauthmgr,985,Unable to freeze binder interface]
03-14 04:01:40.720 1009 2180 I am_proc_died: [0,2668,com.qualcomm.qti.qccauthmgr,985,19]
03-14 04:01:40.720 1009 2180 I am_uid_stopped: 10081
03-14 04:01:40.732 1009 1188 I am_pss : [2005,1002,com.android.bluetooth,33635328,27844608,0,147742720,0,0,9]
03-14 04:01:40.739 1009 1188 I am_pss : [2490,1000,com.qualcomm.qti.qdma,9332736,6578176,0,106053632,0,0,6]
03-14 04:01:40.746 1009 1188 I am_pss : [2425,1000,com.thundercomm.tcservice,8273920,6393856,0,96141312,0,0,5]
03-14 04:01:40.751 1009 1188 I am_pss : [2418,1000,com.thundercomm.remotecontrolservice,9307136,6938624,0,101502976,0,0,5]
03-14 04:01:40.757 1009 1188 I am_pss : [2357,1068,com.android.se,5810176,4009984,0,91815936,0,0,5]
03-14 04:01:40.762 1009 1188 I am_pss : [2285,1000,com.tc.logclient,7654400,5545984,0,99061760,0,0,5]
03-14 04:01:40.769 1009 1188 I am_pss : [2287,1073,com.android.networkstack.process,22857728,20230144,0,119685120,0,0,6]
03-14 04:01:40.774 1009 1188 I am_pss : [2310,1000,vendor.qti.qesdk.sysservice,5563392,3756032,0,91545600,0,0,5]
03-14 04:01:40.778 1009 1188 I am_pss : [2297,1000,com.thundercomm.tcsetupwizard,6867968,5115904,0,91643904,0,0,4]
03-14 04:01:40.783 1009 1188 I am_pss : [2273,1000,com.thundercomm.tchttpserver,7906304,6049792,0,94568448,0,0,4]
03-14 04:01:40.788 1009 1188 I am_pss : [2335,10080,com.qti.qualcomm.mstatssystemservice,5480448,3731456,0,89980928,0,0,4]
03-14 04:01:40.793 1009 1188 I am_pss : [2224,10055,.qtidataservices,5960704,4149248,0,91623424,0,0,5]
03-14 04:01:40.798 1009 1188 I am_pss : [2211,1000,com.thundercomm.microservice,8929280,7077888,0,96055296,0,0,4]
03-14 04:01:40.803 1009 1188 I am_pss : [2222,1001,.dataservices,8294400,6397952,0,95490048,0,0,5]
03-14 04:01:40.809 1009 1188 I am_pss : [2216,1000,com.thundercomm.microsettings,18015232,9625600,0,115359744,0,0,4]
03-14 04:01:40.815 1009 1188 I am_pss : [2132,1000,com.thundercomm.gamemode,28881920,22863872,0,141221888,0,0,6]
03-14 04:01:40.828 1009 1188 I am_pss : [2029,10078,com.android.systemui,166927360,147345408,0,331575296,0,0,11]
03-14 04:01:40.847 1009 1188 I am_pss : [1009,1000,system,226238464,141932544,0,547952640,0,0,18]
01-01 08:11:11.123 0 0 E DTC_ETH,link_delay_work_func: 3003, SQI=0, link=0
03-14 04:01:46.996 1009 1188 I am_pss : [2625,10074,com.android.launcher3,165029888,158496768,0,292616192,0,2,18]
01-01 08:11:16.243 0 0 E DTC_ETH,link_delay_work_func: 3003, SQI=0, link=0
01-01 08:11:21.363 0 0 E DTC_ETH,link_delay_work_func: 3003, SQI=0, link=0
01-01 08:11:23.453 0 0 I binder : 1009:1499 ioctl 400c620e 6e6d7375d8 returned -22
01-01 08:11:23.455 0 0 I binder : 1009:1499 ioctl c00c620f 6e6d7375b8 returned -22
03-14 04:01:54.753 1009 1499 I am_freeze: [5114,com.microsoft.emmx:privileged_process0]
03-14 04:01:54.758 1009 1499 I am_kill : [0,5114,com.microsoft.emmx:privileged_process0,905,Unable to freeze binder interface]
03-14 04:01:54.799 1009 2635 I am_proc_died: [0,5114,com.microsoft.emmx:privileged_process0,905,19]
03-14 04:01:54.800 1009 2635 I am_schedule_service_restart: [0,com.microsoft.emmx/org.chromium.content.app.PrivilegedProcessService0,1000]
03-14 04:01:54.808 1009 1188 I am_pss : [3023,10071,com.qualcomm.location.XT,6555648,4644864,0,93970432,0,6,5]
03-14 04:01:54.817 1009 1188 I am_pss : [3265,10024,com.baidu.input,104223744,92037120,0,229437440,0,7,9]
01-01 08:11:26.483 0 0 E DTC_ETH,link_delay_work_func: 3003, SQI=0, link=0
01-01 08:11:31.603 0 0 E DTC_ETH,link_delay_work_func: 3003, SQI=0, link=0
01-01 08:11:36.723 0 0 E DTC_ETH,link_delay_work_func: 3003, SQI=0, link=0
01-01 08:11:41.844 0 0 E DTC_ETH,link_delay_work_func: 3003, SQI=0, link=0
01-01 08:11:43.649 0 0 I binder : 1009:1499 ioctl 400c620e 6e6d7375d8 returned -22
01-01 08:11:43.651 0 0 I binder : 1009:1499 ioctl c00c620f 6e6d7375b8 returned -22
03-14 04:02:14.950 1009 1499 I am_freeze: [3765,com.android.permissioncontroller]
03-14 04:02:14.953 1009 1499 I am_kill : [0,3765,com.android.permissioncontroller,975,Unable to freeze binder interface]
03-14 04:02:14.985 1009 2180 I am_proc_died: [0,3765,com.android.permissioncontroller,975,19]
03-14 04:02:14.986 1009 2180 I am_uid_stopped: 10090
03-14 04:02:14.996 1009 1188 I am_pss : [2999,10091,com.android.providers.media.module,31458304,27561984,0,138915840,0,0,8]
03-14 04:02:15.002 1009 1188 I am_pss : [3810,2000,com.android.shell,6047744,4218880,0,90640384,0,19,5]
03-14 04:02:15.008 1009 1188 I am_pss : [3745,10029,com.android.packageinstaller,7393280,5591040,0,91451392,0,19,4]
03-14 04:02:15.013 1009 1188 I am_pss : [3686,10027,com.android.managedprovisioning,9145344,7262208,0,94625792,0,19,4]
03-14 04:02:15.018 1009 1188 I am_pss : [2962,10082,com.qualcomm.qti.qccnetstat,6281216,4370432,0,91930624,0,0,5]
03-14 04:02:15.024 1009 1188 I am_pss : [2970,10079,com.qualcomm.qti.workloadclassifier,9096192,7036928,0,97558528,0,0,4]
03-14 04:02:15.029 1009 1188 I am_pss : [2937,10054,.pasr,5466112,3637248,0,89616384,0,0,4]
03-14 04:02:15.034 1009 1188 I am_pss : [2946,10069,com.qualcomm.qti.services.systemhelper:systemhelper_service,6413312,4419584,0,94011392,0,0,5]
03-14 04:02:15.039 1009 1188 I am_pss : [2884,10057,ts.car.uart,6297600,4472832,0,90656768,0,0,5]
03-14 04:02:15.045 1009 1188 I am_pss : [2888,1000,com.hryt.hiphishowfsecontrol,14460928,12255232,0,106123264,0,0,5]
03-14 04:02:15.051 1009 1188 I am_pss : [2880,10083,com.hht.lebocast,26479616,19746816,0,106307584,0,0,6]
03-14 04:02:15.057 1009 1188 I am_pss : [2752,10070,com.qualcomm.location,10444800,7815168,0,104738816,0,0,5]
03-14 04:02:15.062 1009 1188 I am_pss : [3191,10061,com.qualcomm.qti.devicestatisticsservice,5441536,3608576,0,89468928,0,0,4]
01-01 08:11:46.963 0 0 E DTC_ETH,link_delay_work_func: 3003, SQI=0, link=0
03-14 04:02:23.026 1009 1661 I netstats_mobile_sample: [0,0,0,0,0,0,0,0,0,0,0,0,1678869201665]
03-14 04:02:23.027 1009 1661 I netstats_wifi_sample: [15842203,21713,3285151,19281,15842203,21713,3285151,19281,9938723,17417,2621132,15026,1678869201665]
01-01 08:11:52.083 0 0 E DTC_ETH,link_delay_work_func: 3003, SQI=0, link=0
01-01 08:11:57.203 0 0 E DTC_ETH,link_delay_work_func: 3003, SQI=0, link=0
01-01 08:12:02.323 0 0 E DTC_ETH,link_delay_work_func: 3003, SQI=0, link=0
01-01 08:12:07.443 0 0 E DTC_ETH,link_delay_work_func: 3003, SQI=0, link=0
01-01 08:12:12.563 0 0 E DTC_ETH,link_delay_work_func: 3003, SQI=0, link=0
01-01 08:12:17.683 0 0 E DTC_ETH,link_delay_work_func: 3003, SQI=0, link=0
01-01 08:12:22.804 0 0 E DTC_ETH,link_delay_work_func: 3003, SQI=0, link=0
01-01 08:12:27.923 0 0 E DTC_ETH,link_delay_work_func: 3003, SQI=0, link=0
01-01 08:12:33.043 0 0 E DTC_ETH,link_delay_work_func: 3003, SQI=0, link=0
01-01 08:12:38.163 0 0 E DTC_ETH,link_delay_work_func: 3003, SQI=0, link=0
01-01 08:12:43.283 0 0 E DTC_ETH,link_delay_work_func: 3003, SQI=0, link=0
01-01 08:12:48.297 0 0 I binder : 1009:1499 ioctl 400c620e 6e6d7375d8 returned -22
01-01 08:12:48.299 0 0 I binder : 1009:1499 ioctl c00c620f 6e6d7375b8 returned -22
03-14 04:03:19.597 1009 1499 I am_freeze: [6079,com.qiyi.video:QS]
03-14 04:03:19.601 1009 1499 I am_kill : [0,6079,com.qiyi.video:QS,955,Unable to freeze binder interface]
03-14 04:03:19.633 1009 2180 I am_proc_died: [0,6079,com.qiyi.video:QS,955,19]
03-14 04:03:19.658 1009 1188 I am_pss : [8885,10086,com.android.music,290880512,284688384,0,414535680,0,2,22]
03-14 04:03:19.674 1009 1188 I am_pss : [4977,10033,com.microsoft.emmx,201092096,190894080,0,341880832,0,19,14]
01-01 08:12:48.403 0 0 E DTC_ETH,link_delay_work_func: 3003, SQI=0, link=0
01-01 08:12:52.833 0 0 I [schedu][0x37470584e][04:03:24.132588] wlan: [3591:I:OSIF] scan start scan id 40965
01-01 08:12:53.523 0 0 E DTC_ETH,link_delay_work_func: 3003, SQI=0, link=0
01-01 08:12:54.441 0 0 I [schedu][0x376474568][04:03:25.740016] wlan: [3591:I:OSIF] vdev 0, scan id 40965 type COMPLETED(1) reason COMPLETED(1) scan found 15 bss
01-01 08:12:56.895 0 0 I [schedu][0x379161f7b][04:03:28.193698] wlan: [3591:I:WMA] [04:03:28.124000] [ROAM_TRIGGER]: VDEV[0] Reason: "LOW RSSI" Cur_Rssi threshold:96 Current AP RSSI: 91
01-01 08:12:56.895 0 0 I [schedu][0x3791628d2][04:03:28.193822] wlan: [3591:I:WMA] [04:03:28.124000] [ROAM_SCAN]: VDEV[0] Scan_type: PARTIAL next_rssi_threshold: 96 dBm {2412 }
01-01 08:12:56.895 0 0 I [schedu][0x379162bfb][04:03:28.193864] wlan: [3591:I:WMA] ============================================================================================================================
01-01 08:12:56.895 0 0 I [schedu][0x379162db1][04:03:28.193887] wlan: [3591:I:WMA] AP BSSID TSTAMP CH TY ETP RSSI/SCR CU%/SCR TOT_SCR BL_RSN BL_SRC BL_TSTAMP BL_TIMEOUT(ms)
01-01 08:12:56.895 0 0 I [schedu][0x379162ee3][04:03:28.193903] wlan: [3591:I:WMA] ============================================================================================================================
01-01 08:12:56.895 0 0 I [schedu][0x3791630ff][04:03:28.193931] wlan: [3591:I:WMA] d6:44:3b:15:39:91 [04:03:28.124000] 2412 P_AP 0 91/0 0/0 1005 0 0 [00:00:00.000000] 0
01-01 08:12:56.895 0 0 I [schedu][0x3791632c1][04:03:28.193954] wlan: [3591:I:WMA] [04:03:28.186000] [ROAM_RESULT]: VDEV[0] FAILED Reason: NO AP FOUND
01-01 08:12:58.643 0 0 E DTC_ETH,link_delay_work_func: 3003, SQI=0, link=0
01-01 08:13:03.763 0 0 E DTC_ETH,link_delay_work_func: 3003, SQI=0, link=0
01-01 08:13:04.578 0 0 I binder : 1009:1499 ioctl 400c620e 6e6d7375d8 returned -22
01-01 08:13:04.581 0 0 I binder : 1009:1499 ioctl c00c620f 6e6d7375b8 returned -22
03-14 04:03:35.880 1009 1499 I am_freeze: [6245,com.qiyi.video:plugin1]
03-14 04:03:35.884 1009 1499 I am_kill : [0,6245,com.qiyi.video:plugin1,955,Unable to freeze binder interface]
03-14 04:03:35.922 1009 2178 I am_proc_died: [0,6245,com.qiyi.video:plugin1,955,19]
03-14 04:03:35.923 1009 2178 I am_schedule_service_restart: [0,com.qiyi.video/org.qiyi.android.plugin.ipc.IPCService1,1000]
03-14 04:03:35.934 1009 1188 I am_pss : [4049,10093,com.tencent.mtt:service,80015360,26103808,0,210337792,0,19,9]
03-14 04:03:35.948 1009 1188 I am_pss : [4229,10093,com.tencent.mtt,87917568,32894976,0,223014912,0,19,11]
03-14 04:03:35.954 1009 1188 I am_pss : [7790,10032,com.android.musicfx,5800960,3911680,0,90951680,0,19,6]
03-14 04:03:35.963 1009 1188 I am_pss : [3900,10101,com.sohu.sohuvideo,80962560,62844928,0,179810304,0,19,8]
03-14 04:03:35.969 1009 1188 I am_pss : [4046,10101,com.sohu.sohuvideo:pushservice,22161408,6909952,0,107778048,0,19,5]
03-14 04:03:36.948 1009 1195 I am_proc_start: [0,9335,10102,com.qiyi.video:plugin1,service,{com.qiyi.video/org.qiyi.android.plugin.ipc.IPCService1}]
01-01 08:13:05.682 0 0 I binder : 9335:9335 ioctl 40046210 ffaa2348 returned -22
03-14 04:03:36.989 1009 2178 I am_proc_bound: [0,9335,com.qiyi.video:plugin1]
03-14 04:03:37.175 5866 5866 I auditd : type=1400 audit(0.0:3400): avc: denied { open } for comm="HCDN_DownloadEn" path="/proc/stat" dev="proc" ino=4026532236 scontext=u:r:untrusted_app:s0:c102,c256,c512,c768 tcontext=u:object_r:proc_stat:s0 tclass=file permissive=1 app=com.qiyi.video
03-14 04:03:37.175 5866 5866 I auditd : type=1400 audit(0.0:3401): avc: denied { getattr } for comm="HCDN_DownloadEn" path="/proc/stat" dev="proc" ino=4026532236 scontext=u:r:untrusted_app:s0:c102,c256,c512,c768 tcontext=u:object_r:proc_stat:s0 tclass=file permissive=1 app=com.qiyi.video
03-14 04:03:37.967 0 0 I auditd : type=1400 audit(0.0:3402): avc: denied { kill } for comm="swapper/0" capability=5 scontext=u:r:kernel:s0 tcontext=u:r:kernel:s0 tclass=capability permissive=1
01-01 08:13:08.883 0 0 E DTC_ETH,link_delay_work_func: 3003, SQI=0, link=0
01-01 08:13:14.003 0 0 E DTC_ETH,link_delay_work_func: 3003, SQI=0, link=0
03-14 04:03:45.555 1009 1587 I input_interaction: Interaction with: b68d17 com.android.launcher3/com.android.launcher3.uioverrides.QuickstepLauncher (server), 8c59581 com.android.systemui.ImageWallpaper (server), edge-swipe (server), swipe-up (server), PointerEventDispatcher0 (server),
03-14 04:03:45.560 1009 1210 I sysui_multi_action: [757,1696,758,6,759,3]
03-14 04:03:45.566 1009 1194 I am_wtf : [0,1009,system_server,-1,DisplayDeviceConfig,requesting nits when no mapping exists.]
03-14 04:03:45.568 1009 1194 I am_wtf : [0,1009,system_server,-1,DisplayDeviceConfig,requesting nits when no mapping exists.]
03-14 04:03:45.583 1009 1194 I am_wtf : [0,1009,system_server,-1,DisplayDeviceConfig,requesting nits when no mapping exists.]
03-14 04:03:45.584 1009 1194 I am_wtf : [0,1009,system_server,-1,DisplayDeviceConfig,requesting nits when no mapping exists.]
03-14 04:03:45.600 1009 1194 I am_wtf : [0,1009,system_server,-1,DisplayDeviceConfig,requesting nits when no mapping exists.]
03-14 04:03:45.601 1009 1194 I am_wtf : [0,1009,system_server,-1,DisplayDeviceConfig,requesting nits when no mapping exists.]
03-14 04:03:45.616 1009 1194 I am_wtf : [0,1009,system_server,-1,DisplayDeviceConfig,requesting nits when no mapping exists.]
03-14 04:03:45.617 1009 1194 I am_wtf : [0,1009,system_server,-1,DisplayDeviceConfig,requesting nits when no mapping exists.]
03-14 04:03:45.633 1009 1194 I am_wtf : [0,1009,system_server,-1,DisplayDeviceConfig,requesting nits when no mapping exists.]
03-14 04:03:45.633 2625 2625 I view_enqueue_input_event: [Motion - Cancel,com.android.launcher3/com.android.launcher3.uioverrides.QuickstepLauncher]
03-14 04:03:45.638 1009 1587 I input_interaction: Interaction with: edge-swipe (server), swipe-up (server), PointerEventDispatcher0 (server),
03-14 04:03:45.641 1009 1194 I am_wtf : [0,1009,system_server,-1,DisplayDeviceConfig,requesting nits when no mapping exists.]
03-14 04:03:45.650 1009 1194 I am_wtf : [0,1009,system_server,-1,DisplayDeviceConfig,requesting nits when no mapping exists.]
03-14 04:03:45.651 1009 1194 I am_wtf : [0,1009,system_server,-1,DisplayDeviceConfig,requesting nits when no mapping exists.]
03-14 04:03:45.667 1009 1194 I am_wtf : [0,1009,system_server,-1,DisplayDeviceConfig,requesting nits when no mapping exists.]
03-14 04:03:45.667 1009 1194 I am_wtf : [0,1009,system_server,-1,DisplayDeviceConfig,requesting nits when no mapping exists.]
03-14 04:03:45.668 1009 1194 I service_manager_stats: [100,60,319801]
