03-14 04:09:26.557 1009 1185 I ActivityTaskManager: clear resize flag in freeform mode
03-14 04:09:26.557 1009 1185 W WindowManager: updateScale : 0.79357797
03-14 04:09:26.568 1009 1038 W WindowManager: updateScale : 0.79357797
03-14 04:09:26.585 1009 1038 W WindowManager: updateScale : 0.79357797
03-14 04:09:26.623 1009 1009 I GameModeConfig: isGameModeOn = false
03-14 04:09:26.625 1009 1009 I GameModeConfig: isGameModeOn = false
03-14 04:09:27.025 1009 1185 I ActivityTaskManager: clear resize flag in freeform mode
03-14 04:09:27.026 1009 1185 W WindowManager: updateScale : 0.72782874
03-14 04:09:27.026 1009 1185 W WindowManager: updateScale : 0.72782874
03-14 04:09:27.040 1009 1038 W ActivityManager: Receiver with filter android.content.IntentFilter@e6d9a6a already registered for pid 8885, callerPackage is com.android.music
03-14 04:09:27.043 1009 1185 I ActivityTaskManager: clear resize flag in freeform mode
03-14 04:09:27.044 1009 1185 W WindowManager: updateScale : 0.6727829
03-14 04:09:27.058 1009 9647 W ActivityManager: Receiver with filter android.content.IntentFilter@1b33b5b already registered for pid 8885, callerPackage is com.android.music
03-14 04:09:27.059 1009 1185 I ActivityTaskManager: clear resize flag in freeform mode
03-14 04:09:27.059 1009 1185 W WindowManager: updateScale : 0.6284404
03-14 04:09:27.075 1009 1185 I ActivityTaskManager: clear resize flag in freeform mode
03-14 04:09:27.075 1009 1185 W WindowManager: updateScale : 0.5902141
03-14 04:09:27.091 1009 9872 W ActivityManager: Receiver with filter android.content.IntentFilter@f64733c already registered for pid 8885, callerPackage is com.android.music
03-14 04:09:27.092 1009 1185 I ActivityTaskManager: clear resize flag in freeform mode
03-14 04:09:27.092 1009 1185 W WindowManager: updateScale : 0.559633
03-14 04:09:27.098 1009 9872 W ActivityManager: Receiver with filter android.content.IntentFilter@5beec41 already registered for pid 8885, callerPackage is com.android.music
03-14 04:09:27.103 1009 9872 W WindowManager: updateScale : 0.559633
03-14 04:09:27.107 1009 1698 I GameModeConfig: isGameModeOn = false
03-14 04:09:27.107 1009 1698 I GameModeConfig: isGameModeOn = false
03-14 04:09:27.108 1009 1185 I ActivityTaskManager: clear resize flag in freeform mode
03-14 04:09:27.108 1009 1185 W WindowManager: updateScale : 0.5351682
03-14 04:09:27.110 1009 1698 I GameModeConfig: isGameModeOn = false
03-14 04:09:27.110 1009 1698 I GameModeConfig: isGameModeOn = false
03-14 04:09:27.120 1009 1009 I notification_enqueue: [10086,8885,com.android.music,1,NULL,0,Notification(channel=Channel-music shortcut=null contentView=null vibrate=null sound=null defaults=0x0 flags=0x42 color=0x00000000 category=transport actions=4 vis=PRIVATE),1]
03-14 04:09:27.121 1009 1009 I notification_enqueue: [10086,8885,com.android.music,1,NULL,0,Notification(channel=Channel-music shortcut=null contentView=null vibrate=null sound=null defaults=0x0 flags=0x42 color=0x00000000 category=transport actions=4 vis=PRIVATE),1]
03-14 04:09:27.125 1009 1185 I ActivityTaskManager: clear resize flag in freeform mode
03-14 04:09:27.126 1009 1185 W WindowManager: updateScale : 0.5152905
03-14 04:09:27.127 1009 2178 W WindowManager: updateScale : 0.5152905
03-14 04:09:27.133 1009 9872 W ActivityManager: Receiver with filter android.content.IntentFilter@6761340 already registered for pid 8885, callerPackage is com.android.music
03-14 04:09:27.142 1009 1185 I ActivityTaskManager: clear resize flag in freeform mode
03-14 04:09:27.142 1009 1185 W WindowManager: updateScale : 0.5
03-14 04:09:27.154 1009 9872 W ActivityManager: Receiver with filter android.content.IntentFilter@da3e279 already registered for pid 8885, callerPackage is com.android.music
03-14 04:09:27.159 1009 1185 I ActivityTaskManager: clear resize flag in freeform mode
03-14 04:09:27.159 1009 1185 W WindowManager: updateScale : 0.48776758
03-14 04:09:27.174 1009 9872 W ActivityManager: Receiver with filter android.content.IntentFilter@5e7bbe already registered for pid 8885, callerPackage is com.android.music
03-14 04:09:27.176 1009 1185 I ActivityTaskManager: clear resize flag in freeform mode
03-14 04:09:27.176 1009 1185 W WindowManager: updateScale : 0.47859326
03-14 04:09:27.188 1009 9872 W WindowManager: updateScale : 0.47859326
03-14 04:09:27.192 1009 1185 I ActivityTaskManager: clear resize flag in freeform mode
03-14 04:09:27.192 1009 1185 W WindowManager: updateScale : 0.470948
03-14 04:09:27.196 1009 9872 W ActivityManager: Receiver with filter android.content.IntentFilter@4e2c41f already registered for pid 8885, callerPackage is com.android.music
03-14 04:09:27.203 1009 9872 W WindowManager: updateScale : 0.470948
03-14 04:09:27.209 1009 1185 I ActivityTaskManager: clear resize flag in freeform mode
03-14 04:09:27.209 1009 1185 W WindowManager: updateScale : 0.46636087
03-14 04:09:27.211 1009 9872 W ActivityManager: Receiver with filter android.content.IntentFilter@b49236c already registered for pid 8885, callerPackage is com.android.music
03-14 04:09:27.220 1009 9872 W WindowManager: updateScale : 0.46636087
03-14 04:09:27.225 1009 1185 I ActivityTaskManager: clear resize flag in freeform mode
03-14 04:09:27.226 1009 1185 W WindowManager: updateScale : 0.4617737
03-14 04:09:27.227 1009 9872 W ActivityManager: Receiver with filter android.content.IntentFilter@8772d35 already registered for pid 8885, callerPackage is com.android.music
03-14 04:09:27.237 1009 9872 W WindowManager: updateScale : 0.4617737
03-14 04:09:27.242 1009 1185 I ActivityTaskManager: clear resize flag in freeform mode
03-14 04:09:27.242 1009 1185 W WindowManager: updateScale : 0.46024466
03-14 04:09:27.253 1009 9872 W WindowManager: updateScale : 0.46024466
03-14 04:09:27.258 1009 1185 I ActivityTaskManager: clear resize flag in freeform mode
03-14 04:09:27.259 1009 1185 W WindowManager: updateScale : 0.4587156
03-14 04:09:27.275 1009 1185 I ActivityTaskManager: clear resize flag in freeform mode
03-14 04:09:27.275 1009 1185 W WindowManager: updateScale : 0.45718655
03-14 04:09:27.276 1009 1038 W ActivityManager: Receiver with filter android.content.IntentFilter@bff506e already registered for pid 8885, callerPackage is com.android.music
03-14 04:09:27.279 1009 9872 W WindowManager: updateScale : 0.45718655
03-14 04:09:27.287 1009 1038 W ActivityManager: Receiver with filter android.content.IntentFilter@74ecda5 already registered for pid 8885, callerPackage is com.android.music
03-14 04:09:27.289 1009 1698 I GameModeConfig: isGameModeOn = false
03-14 04:09:27.289 1009 1698 I GameModeConfig: isGameModeOn = false
03-14 04:09:27.290 1009 1698 I GameModeConfig: isGameModeOn = false
03-14 04:09:27.290 1009 1698 I GameModeConfig: isGameModeOn = false
03-14 04:09:27.292 1009 1185 I ActivityTaskManager: clear resize flag in freeform mode
03-14 04:09:27.292 1009 1185 W WindowManager: updateScale : 0.45565748
03-14 04:09:27.304 1009 1009 I notification_enqueue: [10086,8885,com.android.music,1,NULL,0,Notification(channel=Channel-music shortcut=null contentView=null vibrate=null sound=null defaults=0x0 flags=0x42 color=0x00000000 category=transport actions=4 vis=PRIVATE),1]
03-14 04:09:27.304 1009 1009 I notification_enqueue: [10086,8885,com.android.music,1,NULL,0,Notification(channel=Channel-music shortcut=null contentView=null vibrate=null sound=null defaults=0x0 flags=0x42 color=0x00000000 category=transport actions=4 vis=PRIVATE),1]
03-14 04:09:27.305 1009 2178 W ActivityManager: Receiver with filter android.content.IntentFilter@a89c9d2 already registered for pid 8885, callerPackage is com.android.music
03-14 04:09:27.309 1009 1185 I ActivityTaskManager: clear resize flag in freeform mode
03-14 04:09:27.309 1009 1185 W WindowManager: updateScale : 0.45565748
03-14 04:09:27.321 1009 9872 W WindowManager: updateScale : 0.45565748
03-14 04:09:27.322 1009 1009 I GameModeConfig: isGameModeOn = false
03-14 04:09:27.322 1009 1009 I GameModeConfig: isGameModeOn = false
03-14 04:09:27.339 1009 9872 W WindowManager: updateScale : 0.45565748
03-14 04:09:27.505 1009 1009 I GameModeConfig: isGameModeOn = false
03-14 04:09:27.506 1009 1009 I GameModeConfig: isGameModeOn = false
03-14 04:09:27.860 1009 1185 I ActivityTaskManager: clear resize flag in freeform mode
03-14 04:09:27.861 1009 1185 W WindowManager: updateScale : 0.51834863
03-14 04:09:27.875 1009 9872 W ActivityManager: Receiver with filter android.content.IntentFilter@b96b11e already registered for pid 8885, callerPackage is com.android.music
03-14 04:09:27.878 1009 1185 I ActivityTaskManager: clear resize flag in freeform mode
03-14 04:09:27.879 1009 1185 W WindowManager: updateScale : 0.5733945
03-14 04:09:27.895 1009 1185 I ActivityTaskManager: clear resize flag in freeform mode
03-14 04:09:27.895 1009 1185 W WindowManager: updateScale : 0.62079513
03-14 04:09:27.911 1009 1185 I ActivityTaskManager: clear resize flag in freeform mode
03-14 04:09:27.912 1009 1185 W WindowManager: updateScale : 0.6559633
03-14 04:09:27.915 1009 9872 W WindowManager: updateScale : 0.6559633
03-14 04:09:27.926 1009 9872 W ActivityManager: Receiver with filter android.content.IntentFilter@36b02c9 already registered for pid 8885, callerPackage is com.android.music
03-14 04:09:27.927 1009 1185 I ActivityTaskManager: clear resize flag in freeform mode
03-14 04:09:27.928 1009 1185 W WindowManager: updateScale : 0.6880734
03-14 04:09:27.928 1009 1698 I GameModeConfig: isGameModeOn = false
03-14 04:09:27.928 1009 1698 I GameModeConfig: isGameModeOn = false
03-14 04:09:27.928 1009 1698 I GameModeConfig: isGameModeOn = false
03-14 04:09:27.928 1009 1698 I GameModeConfig: isGameModeOn = false
03-14 04:09:27.938 1009 1009 I notification_enqueue: [10086,8885,com.android.music,1,NULL,0,Notification(channel=Channel-music shortcut=null contentView=null vibrate=null sound=null defaults=0x0 flags=0x42 color=0x00000000 category=transport actions=4 vis=PRIVATE),1]
03-14 04:09:27.940 1009 1009 I notification_enqueue: [10086,8885,com.android.music,1,NULL,0,Notification(channel=Channel-music shortcut=null contentView=null vibrate=null sound=null defaults=0x0 flags=0x42 color=0x00000000 category=transport actions=4 vis=PRIVATE),1]
03-14 04:09:27.943 1009 1185 I ActivityTaskManager: clear resize flag in freeform mode
03-14 04:09:27.944 1009 1185 W WindowManager: updateScale : 0.7140673
03-14 04:09:27.949 1009 2178 W ActivityManager: Receiver with filter android.content.IntentFilter@3d98a6 already registered for pid 8885, callerPackage is com.android.music
03-14 04:09:27.960 1009 1185 I ActivityTaskManager: clear resize flag in freeform mode
03-14 04:09:27.961 1009 1185 W WindowManager: updateScale : 0.7324159
03-14 04:09:27.966 1009 7626 W WindowManager: updateScale : 0.7324159
03-14 04:09:27.976 1009 7626 W ActivityManager: Receiver with filter android.content.IntentFilter@eb7ad71 already registered for pid 8885, callerPackage is com.android.music
03-14 04:09:27.977 1009 1185 I ActivityTaskManager: clear resize flag in freeform mode
03-14 04:09:27.977 1009 1185 W WindowManager: updateScale : 0.74923545
03-14 04:09:27.979 1009 7626 W WindowManager: updateScale : 0.74923545
03-14 04:09:27.987 1009 1698 I GameModeConfig: isGameModeOn = false
03-14 04:09:27.987 1009 1698 I GameModeConfig: isGameModeOn = false
03-14 04:09:27.987 1009 1698 I GameModeConfig: isGameModeOn = false
03-14 04:09:27.987 1009 1698 I GameModeConfig: isGameModeOn = false
03-14 04:09:27.992 1009 1009 I notification_enqueue: [10086,8885,com.android.music,1,NULL,0,Notification(channel=Channel-music shortcut=null contentView=null vibrate=null sound=null defaults=0x0 flags=0x42 color=0x00000000 category=transport actions=4 vis=PRIVATE),1]
03-14 04:09:27.993 1009 1185 I ActivityTaskManager: clear resize flag in freeform mode
03-14 04:09:27.994 1009 1185 W WindowManager: updateScale : 0.7614679
03-14 04:09:27.994 1009 1185 W WindowManager: updateScale : 0.7614679
03-14 04:09:27.994 1009 1009 I notification_enqueue: [10086,8885,com.android.music,1,NULL,0,Notification(channel=Channel-music shortcut=null contentView=null vibrate=null sound=null defaults=0x0 flags=0x42 color=0x00000000 category=transport actions=4 vis=PRIVATE),1]
03-14 04:09:27.998 1009 9647 W ActivityManager: Receiver with filter android.content.IntentFilter@1321b2e already registered for pid 8885, callerPackage is com.android.music
03-14 04:09:27.999 1009 9647 W WindowManager: updateScale : 0.7614679
03-14 04:09:28.007 1009 9872 W WindowManager: updateScale : 0.7614679
03-14 04:09:28.010 1009 1185 I ActivityTaskManager: clear resize flag in freeform mode
03-14 04:09:28.010 1009 1185 W WindowManager: updateScale : 0.7706422
03-14 04:09:28.011 1009 9872 W ActivityManager: Receiver with filter android.content.IntentFilter@a31c6cf already registered for pid 8885, callerPackage is com.android.music
03-14 04:09:28.022 1009 9872 W WindowManager: updateScale : 0.7706422
03-14 04:09:28.027 1009 1185 I ActivityTaskManager: clear resize flag in freeform mode
03-14 04:09:28.028 1009 1185 W WindowManager: updateScale : 0.7782875
03-14 04:09:28.040 1009 9872 W ActivityManager: Receiver with filter android.content.IntentFilter@4dee85c already registered for pid 8885, callerPackage is com.android.music
03-14 04:09:28.044 1009 1185 I ActivityTaskManager: clear resize flag in freeform mode
03-14 04:09:28.045 1009 1185 W WindowManager: updateScale : 0.78287464
03-14 04:09:28.057 1009 9872 W WindowManager: updateScale : 0.78287464
03-14 04:09:28.061 1009 1185 I ActivityTaskManager: clear resize flag in freeform mode
03-14 04:09:28.061 1009 1185 W WindowManager: updateScale : 0.78746176
03-14 04:09:28.067 1009 7626 W ActivityManager: Receiver with filter android.content.IntentFilter@dd2765 already registered for pid 8885, callerPackage is com.android.music
03-14 04:09:28.072 1009 7626 W WindowManager: updateScale : 0.78746176
03-14 04:09:28.077 1009 1185 I ActivityTaskManager: clear resize flag in freeform mode
03-14 04:09:28.077 1009 1185 W WindowManager: updateScale : 0.78899086
03-14 04:09:28.079 1009 7626 W ActivityManager: Receiver with filter android.content.IntentFilter@d48bc3a already registered for pid 8885, callerPackage is com.android.music
03-14 04:09:28.089 1009 7626 W WindowManager: updateScale : 0.78899086
03-14 04:09:28.094 1009 1185 I ActivityTaskManager: clear resize flag in freeform mode
03-14 04:09:28.094 1009 1185 W WindowManager: updateScale : 0.7905199
03-14 04:09:28.106 1009 7626 W WindowManager: updateScale : 0.7905199
03-14 04:09:28.111 1009 1185 I ActivityTaskManager: clear resize flag in freeform mode
03-14 04:09:28.111 1009 1185 W WindowManager: updateScale : 0.79204893
03-14 04:09:28.112 1009 7626 W ActivityManager: Receiver with filter android.content.IntentFilter@2e00eb already registered for pid 8885, callerPackage is com.android.music
03-14 04:09:28.122 1009 7626 W WindowManager: updateScale : 0.79204893
03-14 04:09:28.127 1009 1185 I ActivityTaskManager: clear resize flag in freeform mode
03-14 04:09:28.128 1009 1185 W WindowManager: updateScale : 0.79357797
03-14 04:09:28.139 1009 1009 I GameModeConfig: isGameModeOn = false
03-14 04:09:28.139 1009 7626 W WindowManager: updateScale : 0.79357797
03-14 04:09:28.141 1009 1009 I GameModeConfig: isGameModeOn = false
03-14 04:09:28.144 1009 1185 I ActivityTaskManager: clear resize flag in freeform mode
03-14 04:09:28.144 1009 1185 W WindowManager: updateScale : 0.79357797
03-14 04:09:28.150 1009 9872 W ActivityManager: Receiver with filter android.content.IntentFilter@8a02e48 already registered for pid 8885, callerPackage is com.android.music
03-14 04:09:28.156 1009 9872 W WindowManager: updateScale : 0.79357797
03-14 04:09:28.172 1009 9872 W WindowManager: updateScale : 0.79357797
03-14 04:09:28.195 1009 1009 I GameModeConfig: isGameModeOn = false
03-14 04:09:28.195 1009 1009 I GameModeConfig: isGameModeOn = false
01-01 08:18:57.043 0 0 E DTC_ETH,link_delay_work_func: 3003, SQI=0, link=0
03-14 04:09:29.040 1009 1587 I input_interaction: Interaction with: a99babe com.android.launcher3/com.android.launcher3.uioverrides.QuickstepLauncher (server), 8c59581 com.android.systemui.ImageWallpaper (server), edge-swipe (server), swipe-up (server), PointerEventDispatcher0 (server),
03-14 04:09:29.222 1009 1188 I am_pss : [9852,10074,com.android.launcher3,97470464,90277888,0,224339968,0,2,12]
03-14 04:09:32.607 1009 9872 I thunderperf: PlatormCompat.setOverrides: Uid1=10074 Pid1=9852 Uid2=10074 Pid2=9852
03-14 04:09:32.607 1009 9872 I thunderperf: PlatormCompat.setOverrides: needCheck:false
03-14 04:09:32.607 1009 9872 I thunderperf: CompatConfig.addOverrideUnsafe: bef-state=0
03-14 04:09:32.607 1009 9872 I thunderperf: CompatConfig.addOverrideUnsafe: aft-state=0
03-14 04:09:32.608 1009 9872 I thunderperf: CompatConfig.addOverrideUnsafe: bef-state=0
03-14 04:09:32.608 1009 9872 I thunderperf: CompatConfig.addOverrideUnsafe: aft-state=0
03-14 04:09:32.608 1009 9872 I thunderperf: CompatConfig.addOverrideUnsafe: bef-state=0
03-14 04:09:32.608 1009 9872 I thunderperf: CompatConfig.addOverrideUnsafe: aft-state=0
03-14 04:09:32.609 1009 9872 I thunderperf: CompatConfig.addOverrideUnsafe: bef-state=0
03-14 04:09:32.609 1009 9872 I thunderperf: CompatConfig.addOverrideUnsafe: aft-state=0
03-14 04:09:32.609 1009 9872 I thunderperf: CompatConfig.addOverrideUnsafe: bef-state=0
03-14 04:09:32.609 1009 9872 I thunderperf: CompatConfig.addOverrideUnsafe: aft-state=0
03-14 04:09:32.610 1009 9872 I thunderperf: CompatConfig.addOverrideUnsafe: bef-state=0
03-14 04:09:32.610 1009 9872 I thunderperf: CompatConfig.addOverrideUnsafe: aft-state=0
03-14 04:09:32.610 1009 9872 I thunderperf: CompatConfig.addOverrideUnsafe: bef-state=0
03-14 04:09:32.610 1009 9872 I thunderperf: CompatConfig.addOverrideUnsafe: aft-state=0
03-14 04:09:32.611 1009 9872 I thunderperf: CompatConfig.addOverrideUnsafe: bef-state=0
03-14 04:09:32.611 1009 9872 I thunderperf: CompatConfig.addOverrideUnsafe: aft-state=0
03-14 04:09:32.611 1009 9872 I thunderperf: CompatConfig.addOverrideUnsafe: bef-state=0
03-14 04:09:32.611 1009 9872 I thunderperf: CompatConfig.addOverrideUnsafe: aft-state=0
03-14 04:09:32.612 1009 9872 I thunderperf: CompatConfig.addOverrideUnsafe: bef-state=0
03-14 04:09:32.612 1009 9872 I thunderperf: CompatConfig.addOverrideUnsafe: aft-state=0
03-14 04:09:32.612 1009 9872 I thunderperf: CompatConfig.addOverrideUnsafe: bef-state=0
03-14 04:09:32.613 1009 9872 I thunderperf: CompatConfig.addOverrideUnsafe: aft-state=0
03-14 04:09:32.613 1009 9872 I thunderperf: CompatConfig.addOverrideUnsafe: bef-state=0
03-14 04:09:32.613 1009 9872 I thunderperf: CompatConfig.addOverrideUnsafe: aft-state=0
03-14 04:09:32.614 1009 9872 I thunderperf: CompatConfig.addOverrideUnsafe: bef-state=0
03-14 04:09:32.614 1009 9872 I thunderperf: CompatConfig.addOverrideUnsafe: aft-state=0
03-14 04:09:32.614 1009 9872 I thunderperf: CompatConfig.addOverrideUnsafe: bef-state=0
03-14 04:09:32.614 1009 9872 I thunderperf: CompatConfig.addOverrideUnsafe: aft-state=0
03-14 04:09:32.624 1009 9872 I ActivityTaskManager: START u0 {act=android.intent.action.MAIN cat=[android.intent.category.LAUNCHER] flg=0x10200000 cmp=com.android.music/.VideoBrowserActivity} from uid 10074
03-14 04:09:32.626 1009 9872 I wm_task_moved: [145,1,9]
03-14 04:09:32.626 1009 9872 I wm_task_to_front: [0,145]
03-14 04:09:32.627 1009 9872 I wm_focused_root_task: [0,0,145,151,bringingFoundTaskToFront]
03-14 04:09:32.628 8885 8885 I wm_on_top_resumed_lost_called: [267745336,com.android.music.MusicBrowserActivity,topStateChangedWhenResumed]
03-14 04:09:32.629 1009 9872 I wm_set_resumed_activity: [0,com.android.music/.VideoBrowserActivity,bringingFoundTaskToFront]
03-14 04:09:32.632 1009 9872 D FreeFormWindowHelper: finish old freeform task = ActivityRecord{ff57838 u0 com.android.music/.MusicBrowserActivity t151}
03-14 04:09:32.632 1009 9872 I wm_finish_activity: [0,267745336,151,com.android.music/.MusicBrowserActivity,app-request]
03-14 04:09:32.638 1009 9872 I wm_pause_activity: [0,267745336,com.android.music/.MusicBrowserActivity,userLeaving=false,finish]
03-14 04:09:32.638 1009 9872 D FreeFormWindowHelper: Add freeform task=Task{95c2ba5 #145 type=standard A=10086:android.task.video U=0 visible=true mode=freeform translucent=true sz=1}
03-14 04:09:32.639 1009 9872 I ActivityTaskManager: clear resize flag in freeform mode
03-14 04:09:32.649 8885 8885 I wm_on_paused_called: [267745336,com.android.music.MusicBrowserActivity,performPause]
03-14 04:09:32.651 1009 2178 I wm_add_to_stopping: [0,267745336,com.android.music/.MusicBrowserActivity,completeFinishing]
03-14 04:09:32.653 1009 2178 I ActivityTaskManager: FOREGROUND_APPLICATION_CHANGED to com.android.music.VideoBrowserActivity
03-14 04:09:32.653 1009 1587 I input_focus: [Focus leaving 60b5fe com.android.music/com.android.music.MusicBrowserActivity (server),reason=NO_WINDOW]
03-14 04:09:32.655 1009 2178 I wm_set_resumed_activity: [0,com.android.music/.VideoBrowserActivity,resumeTopActivityInnerLocked]
03-14 04:09:32.656 1009 2178 I wm_resume_activity: [0,136907642,145,com.android.music/.VideoBrowserActivity]
03-14 04:09:32.666 1009 1183 I sysui_multi_action: [757,803,799,window_time_0,802,13]
03-14 04:09:32.673 8885 8885 I wm_on_restart_called: [136907642,com.android.music.VideoBrowserActivity,performRestartActivity]
03-14 04:09:32.673 8885 8885 I wm_on_start_called: [136907642,com.android.music.VideoBrowserActivity,handleStartActivity]
03-14 04:09:32.674 8885 8885 I wm_on_resume_called: [136907642,com.android.music.VideoBrowserActivity,RESUME_ACTIVITY]
03-14 04:09:32.674 8885 8885 I wm_on_top_resumed_gained_called: [136907642,com.android.music.VideoBrowserActivity,topWhenResuming]
03-14 04:09:32.676 1009 7626 W WindowManager: updateScale : 0.79357797
03-14 04:09:32.681 1009 1184 I input_focus: [Focus request 65f0f59 com.android.music/com.android.music.VideoBrowserActivity,reason=UpdateInputWindows]
03-14 04:09:32.681 1009 1188 I am_pss : [9834,10064,com.android.gallery3d,38796288,33255424,0,156512256,0,16,8]
03-14 04:09:32.690 1009 1184 W WindowManager: updateScale : 0.79357797
03-14 04:09:32.692 1009 1184 W WindowManager: updateScale : 0.79357797
03-14 04:09:32.693 1009 1184 W WindowManager: updateScale : 0.79357797
03-14 04:09:32.705 1009 1587 I input_focus: [Focus entering 65f0f59 com.android.music/com.android.music.VideoBrowserActivity (server),reason=setFocusedWindow]
03-14 04:09:32.761 1009 7626 W FreeFormWindowHelper: Current Display FreeFormTask is Task{95c2ba5 #145 type=standard A=10086:android.task.video U=0 visible=true mode=freeform translucent=false sz=1}
03-14 04:09:32.762 1009 7626 W FreeFormWindowHelper: Current Display FreeFormTask is Task{95c2ba5 #145 type=standard A=10086:android.task.video U=0 visible=true mode=freeform translucent=false sz=1}
03-14 04:09:32.974 1009 1184 W WindowManager: updateScale : 0.79357797
03-14 04:09:32.974 1009 1183 I wm_destroy_activity: [0,267745336,151,com.android.music/.MusicBrowserActivity,finish-imm:idle]
03-14 04:09:32.987 1009 9872 W WindowManager: updateScale : 0.79357797
03-14 04:09:32.989 1009 9872 W ActivityManager: Receiver with filter android.content.IntentFilter@8fad8af already registered for pid 8885, callerPackage is com.android.music
03-14 04:09:32.990 8885 8885 I wm_on_stop_called: [267745336,com.android.music.MusicBrowserActivity,LIFECYCLER_STOP_ACTIVITY]
03-14 04:09:32.991 8885 8885 I wm_on_destroy_called: [267745336,com.android.music.MusicBrowserActivity,performDestroy]
03-14 04:09:32.993 1009 7626 W WindowManager: updateScale : 0.79357797
03-14 04:09:32.995 1009 7626 I wm_task_removed: [151,removeChild:removeChild last r=ActivityRecord{ff57838 u0 com.android.music/.MusicBrowserActivity t-1 f}} in t=Task{5306f95 #151 type=standard A=10086:android.task.music U=0 visible=false mode=freeform translucent=true sz=0}]
03-14 04:09:32.995 1009 7626 I wm_task_removed: [151,removeChild]
01-01 08:19:02.163 0 0 E DTC_ETH,link_delay_work_func: 3003, SQI=0, link=0
03-14 04:09:34.546 1009 1587 I input_interaction: Interaction with: 65f0f59 com.android.music/com.android.music.VideoBrowserActivity (server), edge-swipe (server), swipe-up (server), PointerEventDispatcher0 (server),
03-14 04:09:34.728 8885 8885 I view_enqueue_input_event: [Motion - Cancel,com.android.music/com.android.music.VideoBrowserActivity]
03-14 04:09:34.735 1009 1587 I input_interaction: Interaction with: WindowManager (server), edge-swipe (server), swipe-up (server), PointerEventDispatcher0 (server),
03-14 04:09:34.742 1009 1184 D FreeFormWindowHelper: refreshTipWindow mTipWindowTitle : freeform_bottom_right_tip_window
03-14 04:09:34.743 1009 1184 I ActivityTaskManager: clear resize flag in freeform mode
03-14 04:09:34.744 1009 1184 W WindowManager: updateScale : 0.79357797
03-14 04:09:34.759 1009 1184 D FreeFormWindowHelper: refreshTipWindow mTipWindowTitle : freeform_bottom_right_tip_window
03-14 04:09:34.759 1009 1184 I ActivityTaskManager: clear resize flag in freeform mode
03-14 04:09:34.760 1009 1184 W WindowManager: updateScale : 0.79357797
03-14 04:09:34.766 1009 1184 W WindowManager: updateScale : 0.79357797
03-14 04:09:34.767 1009 1009 I service_manager_stats: [100,52,26185]
03-14 04:09:34.772 1009 7626 W WindowManager: updateScale : 0.79357797
03-14 04:09:34.776 1009 1184 D FreeFormWindowHelper: refreshTipWindow mTipWindowTitle : freeform_bottom_right_tip_window
03-14 04:09:34.777 1009 1184 I ActivityTaskManager: clear resize flag in freeform mode
03-14 04:09:34.777 1009 1184 W WindowManager: updateScale : 0.79357797
03-14 04:09:34.792 1009 1184 D FreeFormWindowHelper: refreshTipWindow mTipWindowTitle : freeform_bottom_right_tip_window
03-14 04:09:34.793 1009 1184 I ActivityTaskManager: clear resize flag in freeform mode
03-14 04:09:34.793 1009 1184 W WindowManager: updateScale : 0.79357797
03-14 04:09:34.805 1009 7626 W WindowManager: updateScale : 0.79357797
03-14 04:09:34.809 1009 1184 D FreeFormWindowHelper: refreshTipWindow mTipWindowTitle : freeform_bottom_right_tip_window
03-14 04:09:34.810 1009 1184 I ActivityTaskManager: clear resize flag in freeform mode
03-14 04:09:34.810 1009 1184 W WindowManager: updateScale : 0.79357797
03-14 04:09:34.822 1009 7626 W WindowManager: updateScale : 0.79357797
03-14 04:09:34.838 1009 7626 W WindowManager: updateScale : 0.79357797
03-14 04:09:34.843 1009 1184 D FreeFormWindowHelper: refreshTipWindow mTipWindowTitle : null
03-14 04:09:34.843 1009 1184 I ActivityTaskManager: clear resize flag in freeform mode
03-14 04:09:34.844 1009 1184 W WindowManager: updateScale : 0.79357797
03-14 04:09:34.855 1009 7626 W WindowManager: updateScale : 0.79357797
03-14 04:09:34.859 1009 1184 D FreeFormWindowHelper: refreshTipWindow mTipWindowTitle : null
03-14 04:09:34.860 1009 1184 I ActivityTaskManager: clear resize flag in freeform mode
03-14 04:09:34.860 1009 1184 W WindowManager: updateScale : 0.79357797
03-14 04:09:34.876 1009 1184 D FreeFormWindowHelper: refreshTipWindow mTipWindowTitle : null
03-14 04:09:34.877 1009 1184 I ActivityTaskManager: clear resize flag in freeform mode
03-14 04:09:34.877 1009 1184 W WindowManager: updateScale : 0.79357797
03-14 04:09:34.889 1009 7626 W WindowManager: updateScale : 0.79357797
03-14 04:09:34.893 1009 1184 D FreeFormWindowHelper: refreshTipWindow mTipWindowTitle : null
03-14 04:09:34.893 1009 1184 I ActivityTaskManager: clear resize flag in freeform mode
03-14 04:09:34.894 1009 1184 W WindowManager: updateScale : 0.79357797
03-14 04:09:34.905 1009 7626 W WindowManager: updateScale : 0.79357797
03-14 04:09:34.909 1009 1184 D FreeFormWindowHelper: refreshTipWindow mTipWindowTitle : null
03-14 04:09:34.910 1009 1184 I ActivityTaskManager: clear resize flag in freeform mode
03-14 04:09:34.910 1009 1184 W WindowManager: updateScale : 0.79357797
03-14 04:09:34.922 1009 7626 W WindowManager: updateScale : 0.79357797
03-14 04:09:34.926 1009 1184 D FreeFormWindowHelper: refreshTipWindow mTipWindowTitle : null
03-14 04:09:34.927 1009 1184 I ActivityTaskManager: clear resize flag in freeform mode
03-14 04:09:34.927 1009 1184 W WindowManager: updateScale : 0.79357797
03-14 04:09:34.939 1009 7626 W WindowManager: updateScale : 0.79357797
03-14 04:09:34.943 1009 1184 D FreeFormWindowHelper: refreshTipWindow mTipWindowTitle : null
03-14 04:09:34.943 1009 1184 I ActivityTaskManager: clear resize flag in freeform mode
03-14 04:09:34.944 1009 1184 W WindowManager: updateScale : 0.79357797
03-14 04:09:34.955 1009 7626 W WindowManager: updateScale : 0.79357797
03-14 04:09:34.960 1009 1184 D FreeFormWindowHelper: refreshTipWindow mTipWindowTitle : null
03-14 04:09:34.960 1009 1184 I ActivityTaskManager: clear resize flag in freeform mode
03-14 04:09:34.960 1009 1184 W WindowManager: updateScale : 0.79357797
03-14 04:09:34.961 1009 1184 W WindowManager: updateScale : 0.79357797
03-14 04:09:34.972 1009 7626 W WindowManager: updateScale : 0.79357797
03-14 04:09:34.977 1009 1184 D FreeFormWindowHelper: refreshTipWindow mTipWindowTitle : null
03-14 04:09:34.977 1009 1184 I ActivityTaskManager: clear resize flag in freeform mode
03-14 04:09:34.978 1009 1184 W WindowManager: updateScale : 0.79357797
03-14 04:09:34.989 1009 7626 W WindowManager: updateScale : 0.79357797
03-14 04:09:34.993 1009 1184 D FreeFormWindowHelper: refreshTipWindow mTipWindowTitle : null
03-14 04:09:34.994 1009 1184 I ActivityTaskManager: clear resize flag in freeform mode
03-14 04:09:34.994 1009 1184 W WindowManager: updateScale : 0.79357797
03-14 04:09:35.005 1009 7626 W WindowManager: updateScale : 0.79357797
03-14 04:09:35.010 1009 1184 D FreeFormWindowHelper: refreshTipWindow mTipWindowTitle : null
03-14 04:09:35.010 1009 1184 I ActivityTaskManager: clear resize flag in freeform mode
03-14 04:09:35.011 1009 1184 W WindowManager: updateScale : 0.79357797
03-14 04:09:35.022 1009 7626 W WindowManager: updateScale : 0.79357797
03-14 04:09:35.026 1009 1184 D FreeFormWindowHelper: refreshTipWindow mTipWindowTitle : null
03-14 04:09:35.027 1009 1184 I ActivityTaskManager: clear resize flag in freeform mode
03-14 04:09:35.027 1009 1184 W WindowManager: updateScale : 0.79357797
03-14 04:09:35.039 1009 7626 W WindowManager: updateScale : 0.79357797
03-14 04:09:35.043 1009 1184 D FreeFormWindowHelper: refreshTipWindow mTipWindowTitle : null
03-14 04:09:35.044 1009 1184 I ActivityTaskManager: clear resize flag in freeform mode
03-14 04:09:35.044 1009 1184 W WindowManager: updateScale : 0.79357797
03-14 04:09:35.056 1009 7626 W WindowManager: updateScale : 0.79357797
03-14 04:09:35.060 1009 1184 D FreeFormWindowHelper: refreshTipWindow mTipWindowTitle : null
03-14 04:09:35.060 1009 1184 I ActivityTaskManager: clear resize flag in freeform mode
03-14 04:09:35.061 1009 1184 W WindowManager: updateScale : 0.79357797
03-14 04:09:35.072 1009 7626 W WindowManager: updateScale : 0.79357797
03-14 04:09:35.076 1009 1184 D FreeFormWindowHelper: refreshTipWindow mTipWindowTitle : null
03-14 04:09:35.077 1009 1184 I ActivityTaskManager: clear resize flag in freeform mode
03-14 04:09:35.077 1009 1184 W WindowManager: updateScale : 0.79357797
03-14 04:09:35.089 1009 7626 W WindowManager: updateScale : 0.79357797
03-14 04:09:35.093 1009 1184 D FreeFormWindowHelper: refreshTipWindow mTipWindowTitle : null
03-14 04:09:35.094 1009 1184 I ActivityTaskManager: clear resize flag in freeform mode
03-14 04:09:35.094 1009 1184 W WindowManager: updateScale : 0.79357797
03-14 04:09:35.106 1009 7626 W WindowManager: updateScale : 0.79357797
03-14 04:09:35.110 1009 1184 D FreeFormWindowHelper: refreshTipWindow mTipWindowTitle : null
03-14 04:09:35.110 1009 1184 I ActivityTaskManager: clear resize flag in freeform mode
03-14 04:09:35.111 1009 1184 W WindowManager: updateScale : 0.79357797
03-14 04:09:35.122 1009 7626 W WindowManager: updateScale : 0.79357797
03-14 04:09:35.127 1009 1184 D FreeFormWindowHelper: refreshTipWindow mTipWindowTitle : null
03-14 04:09:35.127 1009 1184 I ActivityTaskManager: clear resize flag in freeform mode
03-14 04:09:35.127 1009 1184 W WindowManager: updateScale : 0.79357797
03-14 04:09:35.139 1009 7626 W WindowManager: updateScale : 0.79357797
03-14 04:09:35.143 1009 1184 D FreeFormWindowHelper: refreshTipWindow mTipWindowTitle : null
03-14 04:09:35.144 1009 1184 I ActivityTaskManager: clear resize flag in freeform mode
03-14 04:09:35.144 1009 1184 W WindowManager: updateScale : 0.79357797
03-14 04:09:35.156 1009 7626 W WindowManager: updateScale : 0.79357797
03-14 04:09:35.160 1009 1184 D FreeFormWindowHelper: refreshTipWindow mTipWindowTitle : null
03-14 04:09:35.161 1009 1184 I ActivityTaskManager: clear resize flag in freeform mode
03-14 04:09:35.161 1009 1184 W WindowManager: updateScale : 0.79357797
03-14 04:09:35.172 1009 7626 W WindowManager: updateScale : 0.79357797
03-14 04:09:35.177 1009 1184 D FreeFormWindowHelper: refreshTipWindow mTipWindowTitle : null
03-14 04:09:35.177 1009 1184 I ActivityTaskManager: clear resize flag in freeform mode
03-14 04:09:35.178 1009 1184 W WindowManager: updateScale : 0.79357797
03-14 04:09:35.189 1009 7626 W WindowManager: updateScale : 0.79357797
03-14 04:09:35.193 1009 1184 D FreeFormWindowHelper: refreshTipWindow mTipWindowTitle : null
03-14 04:09:35.194 1009 1184 I ActivityTaskManager: clear resize flag in freeform mode
03-14 04:09:35.194 1009 1184 W WindowManager: updateScale : 0.79357797
03-14 04:09:35.206 1009 7626 W WindowManager: updateScale : 0.79357797
03-14 04:09:35.210 1009 1184 D FreeFormWindowHelper: refreshTipWindow mTipWindowTitle : null
03-14 04:09:35.211 1009 1184 I ActivityTaskManager: clear resize flag in freeform mode
03-14 04:09:35.211 1009 1184 W WindowManager: updateScale : 0.79357797
03-14 04:09:35.223 1009 7626 W WindowManager: updateScale : 0.79357797
03-14 04:09:35.227 1009 1184 D FreeFormWindowHelper: refreshTipWindow mTipWindowTitle : null
03-14 04:09:35.227 1009 1184 I ActivityTaskManager: clear resize flag in freeform mode
03-14 04:09:35.228 1009 1184 W WindowManager: updateScale : 0.79357797
03-14 04:09:35.239 1009 7626 W WindowManager: updateScale : 0.79357797
03-14 04:09:35.244 1009 1184 D FreeFormWindowHelper: refreshTipWindow mTipWindowTitle : null
03-14 04:09:35.244 1009 1184 I ActivityTaskManager: clear resize flag in freeform mode
03-14 04:09:35.245 1009 1184 W WindowManager: updateScale : 0.79357797
03-14 04:09:35.256 1009 7626 W WindowManager: updateScale : 0.79357797
03-14 04:09:35.261 1009 1184 D FreeFormWindowHelper: refreshTipWindow mTipWindowTitle : null
03-14 04:09:35.261 1009 1184 I ActivityTaskManager: clear resize flag in freeform mode
03-14 04:09:35.262 1009 1184 W WindowManager: updateScale : 0.79357797
03-14 04:09:35.273 1009 7626 W WindowManager: updateScale : 0.79357797
03-14 04:09:35.277 1009 1184 D FreeFormWindowHelper: refreshTipWindow mTipWindowTitle : null
03-14 04:09:35.278 1009 1184 I ActivityTaskManager: clear resize flag in freeform mode
03-14 04:09:35.278 1009 1184 W WindowManager: updateScale : 0.79357797
03-14 04:09:35.289 1009 7626 W WindowManager: updateScale : 0.79357797
03-14 04:09:35.294 1009 1184 D FreeFormWindowHelper: refreshTipWindow mTipWindowTitle : null
03-14 04:09:35.294 1009 1184 I ActivityTaskManager: clear resize flag in freeform mode
03-14 04:09:35.295 1009 1184 W WindowManager: updateScale : 0.79357797
03-14 04:09:35.306 1009 7626 W WindowManager: updateScale : 0.79357797
03-14 04:09:35.310 1009 1184 D FreeFormWindowHelper: refreshTipWindow mTipWindowTitle : null
03-14 04:09:35.311 1009 1184 I ActivityTaskManager: clear resize flag in freeform mode
03-14 04:09:35.311 1009 1184 W WindowManager: updateScale : 0.79357797
03-14 04:09:35.323 1009 7626 W WindowManager: updateScale : 0.79357797
03-14 04:09:35.340 1009 7626 W WindowManager: updateScale : 0.79357797
03-14 04:09:35.357 1009 1184 D WindowManager: updateWindowDragBounds: mIsSwipeYtrue
03-14 04:09:35.358 1009 1184 D WindowManager: updateWindowDragBounds: mIsTopfalse
03-14 04:09:35.396 1009 1185 I ActivityTaskManager: clear resize flag in freeform mode
03-14 04:09:35.397 1009 1185 W WindowManager: updateScale : 0.45565748
03-14 04:09:35.407 1009 9872 W WindowManager: updateScale : 0.45565748
03-14 04:09:35.412 1009 1185 I ActivityTaskManager: clear resize flag in freeform mode
03-14 04:09:35.412 1009 1185 W WindowManager: updateScale : 0.45565748
03-14 04:09:35.429 1009 1185 I ActivityTaskManager: clear resize flag in freeform mode
03-14 04:09:35.429 1009 1185 W WindowManager: updateScale : 0.45565748
03-14 04:09:35.446 1009 1185 I ActivityTaskManager: clear resize flag in freeform mode
03-14 04:09:35.447 1009 1185 W WindowManager: updateScale : 0.45565748
03-14 04:09:35.462 1009 1185 I ActivityTaskManager: clear resize flag in freeform mode
03-14 04:09:35.462 1009 1185 W WindowManager: updateScale : 0.45565748
03-14 04:09:35.479 1009 1185 I ActivityTaskManager: clear resize flag in freeform mode
03-14 04:09:35.480 1009 1185 W WindowManager: updateScale : 0.45565748
03-14 04:09:35.495 1009 1185 I ActivityTaskManager: clear resize flag in freeform mode
03-14 04:09:35.496 1009 1185 W WindowManager: updateScale : 0.45565748
03-14 04:09:35.507 1009 7626 W WindowManager: updateScale : 0.45565748
03-14 04:09:35.513 1009 1185 I ActivityTaskManager: clear resize flag in freeform mode
03-14 04:09:35.514 1009 1185 W WindowManager: updateScale : 0.45565748
03-14 04:09:35.529 1009 1185 I ActivityTaskManager: clear resize flag in freeform mode
03-14 04:09:35.530 1009 1185 W WindowManager: updateScale : 0.45565748
03-14 04:09:35.545 1009 1185 I ActivityTaskManager: clear resize flag in freeform mode
03-14 04:09:35.546 1009 1185 W WindowManager: updateScale : 0.45565748
03-14 04:09:35.562 1009 1185 I ActivityTaskManager: clear resize flag in freeform mode
03-14 04:09:35.563 1009 1185 W WindowManager: updateScale : 0.45565748
03-14 04:09:35.579 1009 1185 I ActivityTaskManager: clear resize flag in freeform mode
03-14 04:09:35.580 1009 1185 W WindowManager: updateScale : 0.45565748
03-14 04:09:35.596 1009 1185 I ActivityTaskManager: clear resize flag in freeform mode
03-14 04:09:35.596 1009 1185 W WindowManager: updateScale : 0.45565748
03-14 04:09:35.612 1009 1185 I ActivityTaskManager: clear resize flag in freeform mode
03-14 04:09:35.613 1009 1185 W WindowManager: updateScale : 0.45565748
03-14 04:09:35.629 1009 1185 I ActivityTaskManager: clear resize flag in freeform mode
03-14 04:09:35.630 1009 1185 W WindowManager: updateScale : 0.45565748
03-14 04:09:35.646 1009 1185 I ActivityTaskManager: clear resize flag in freeform mode
03-14 04:09:35.647 1009 1185 W WindowManager: updateScale : 0.45565748
03-14 04:09:35.663 1009 1185 I ActivityTaskManager: clear resize flag in freeform mode
03-14 04:09:35.664 1009 1185 W WindowManager: updateScale : 0.45565748
03-14 04:09:35.680 1009 1185 I ActivityTaskManager: clear resize flag in freeform mode
03-14 04:09:35.680 1009 1185 W WindowManager: updateScale : 0.45565748
03-14 04:09:35.696 1009 1185 I ActivityTaskManager: clear resize flag in freeform mode
03-14 04:09:35.697 1009 1185 W WindowManager: updateScale : 0.45565748
03-14 04:09:36.170 1009 2881 E TaskPersister: File error accessing recents directory (directory doesn't exist?).
03-14 04:09:37.157 1009 1587 I input_interaction: Interaction with: 65f0f59 com.android.music/com.android.music.VideoBrowserActivity (server), edge-swipe (server), swipe-up (server), PointerEventDispatcher0 (server),
03-14 04:09:37.218 8885 8885 I view_enqueue_input_event: [Motion - Cancel,com.android.music/com.android.music.VideoBrowserActivity]
03-14 04:09:37.250 1009 1184 D WindowManager: updateWindowDragBounds: mIsSwipeYfalse
03-14 04:09:37.251 1009 1184 D WindowManager: updateWindowDragBounds: mIsTopfalse
03-14 04:09:38.252 1009 1185 I ActivityTaskManager: clear resize flag in freeform mode
03-14 04:09:38.253 1009 1185 W WindowManager: updateScale : 0.5214067
03-14 04:09:38.254 1009 1585 W ActivityManager: Receiver with filter android.content.IntentFilter@ec9d4ec already registered for pid 8885, callerPackage is com.android.music
03-14 04:09:38.264 1009 1585 W WindowManager: updateScale : 0.5214067
03-14 04:09:38.269 1009 1185 I ActivityTaskManager: clear resize flag in freeform mode
03-14 04:09:38.270 1009 1185 W WindowManager: updateScale : 0.5733945
03-14 04:09:38.282 1009 1585 W ActivityManager: Receiver with filter android.content.IntentFilter@557c0b5 already registered for pid 8885, callerPackage is com.android.music
03-14 04:09:38.287 1009 1185 I ActivityTaskManager: clear resize flag in freeform mode
03-14 04:09:38.287 1009 1185 W WindowManager: updateScale : 0.62079513
03-14 04:09:38.298 1009 1585 W WindowManager: updateScale : 0.62079513
03-14 04:09:38.303 1009 1185 I ActivityTaskManager: clear resize flag in freeform mode
03-14 04:09:38.303 1009 1185 W WindowManager: updateScale : 0.6590214
03-14 04:09:38.314 1009 1585 W ActivityManager: Receiver with filter android.content.IntentFilter@412634a already registered for pid 8885, callerPackage is com.android.music
03-14 04:09:38.318 1009 1185 I ActivityTaskManager: clear resize flag in freeform mode
03-14 04:09:38.319 1009 1185 W WindowManager: updateScale : 0.68960243
03-14 04:09:38.335 1009 1585 W ActivityManager: Receiver with filter android.content.IntentFilter@b5102bb already registered for pid 8885, callerPackage is com.android.music
03-14 04:09:38.336 1009 1185 I ActivityTaskManager: clear resize flag in freeform mode
03-14 04:09:38.336 1009 1185 W WindowManager: updateScale : 0.7140673
03-14 04:09:38.342 1009 7626 W ActivityManager: Receiver with filter android.content.IntentFilter@7f553d8 already registered for pid 8885, callerPackage is com.android.music
03-14 04:09:38.347 1009 7626 W WindowManager: updateScale : 0.7140673
03-14 04:09:38.352 1009 1185 I ActivityTaskManager: clear resize flag in freeform mode
03-14 04:09:38.353 1009 1185 W WindowManager: updateScale : 0.73394495
03-14 04:09:38.365 1009 7626 W ActivityManager: Receiver with filter android.content.IntentFilter@410b331 already registered for pid 8885, callerPackage is com.android.music
03-14 04:09:38.369 1009 1185 I ActivityTaskManager: clear resize flag in freeform mode
03-14 04:09:38.370 1009 1185 W WindowManager: updateScale : 0.74923545
03-14 04:09:38.381 1009 7626 W WindowManager: updateScale : 0.74923545
03-14 04:09:38.386 1009 1185 I ActivityTaskManager: clear resize flag in freeform mode
03-14 04:09:38.386 1009 1185 W WindowManager: updateScale : 0.7614679
03-14 04:09:38.387 1009 1185 W WindowManager: updateScale : 0.7614679
03-14 04:09:38.392 1009 7626 W ActivityManager: Receiver with filter android.content.IntentFilter@a9b6a16 already registered for pid 8885, callerPackage is com.android.music
03-14 04:09:38.397 1009 7626 W WindowManager: updateScale : 0.7614679
03-14 04:09:38.403 1009 1185 I ActivityTaskManager: clear resize flag in freeform mode
03-14 04:09:38.404 1009 1185 W WindowManager: updateScale : 0.7706422
03-14 04:09:38.405 1009 7626 W ActivityManager: Receiver with filter android.content.IntentFilter@1830f97 already registered for pid 8885, callerPackage is com.android.music
03-14 04:09:38.414 1009 7626 W WindowManager: updateScale : 0.7706422
03-14 04:09:38.419 1009 1185 I ActivityTaskManager: clear resize flag in freeform mode
03-14 04:09:38.420 1009 1185 W WindowManager: updateScale : 0.7782875
03-14 04:09:38.425 1009 7626 W ActivityManager: Receiver with filter android.content.IntentFilter@957d584 already registered for pid 8885, callerPackage is com.android.music
03-14 04:09:38.430 1009 7626 W WindowManager: updateScale : 0.7782875
03-14 04:09:38.436 1009 1185 I ActivityTaskManager: clear resize flag in freeform mode
03-14 04:09:38.436 1009 1185 W WindowManager: updateScale : 0.78287464
03-14 04:09:38.442 1009 7626 W ActivityManager: Receiver with filter android.content.IntentFilter@58c516d already registered for pid 8885, callerPackage is com.android.music
03-14 04:09:38.447 1009 7626 W WindowManager: updateScale : 0.78287464
03-14 04:09:38.452 1009 1185 I ActivityTaskManager: clear resize flag in freeform mode
03-14 04:09:38.453 1009 1185 W WindowManager: updateScale : 0.78746176
03-14 04:09:38.458 1009 7626 W ActivityManager: Receiver with filter android.content.IntentFilter@4dc11a2 already registered for pid 8885, callerPackage is com.android.music
03-14 04:09:38.464 1009 7626 W WindowManager: updateScale : 0.78746176
03-14 04:09:38.469 1009 1185 I ActivityTaskManager: clear resize flag in freeform mode
03-14 04:09:38.470 1009 1185 W WindowManager: updateScale : 0.78899086
03-14 04:09:38.472 1009 7626 W ActivityManager: Receiver with filter android.content.IntentFilter@45f0e33 already registered for pid 8885, callerPackage is com.android.music
03-14 04:09:38.480 1009 7626 W WindowManager: updateScale : 0.78899086
03-14 04:09:38.485 1009 1185 I ActivityTaskManager: clear resize flag in freeform mode
03-14 04:09:38.486 1009 1185 W WindowManager: updateScale : 0.7905199
03-14 04:09:38.497 1009 7626 W WindowManager: updateScale : 0.7905199
03-14 04:09:38.503 1009 1185 I ActivityTaskManager: clear resize flag in freeform mode
03-14 04:09:38.504 1009 1185 W WindowManager: updateScale : 0.79204893
03-14 04:09:38.509 1009 7626 W ActivityManager: Receiver with filter android.content.IntentFilter@13ec5f0 already registered for pid 8885, callerPackage is com.android.music
03-14 04:09:38.514 1009 7626 W WindowManager: updateScale : 0.79204893
03-14 04:09:38.520 1009 1185 I ActivityTaskManager: clear resize flag in freeform mode
03-14 04:09:38.520 1009 1185 W WindowManager: updateScale : 0.79357797
03-14 04:09:38.526 1009 1585 W ActivityManager: Receiver with filter android.content.IntentFilter@fa99769 already registered for pid 8885, callerPackage is com.android.music
03-14 04:09:38.531 1009 1585 W WindowManager: updateScale : 0.79357797
03-14 04:09:38.536 1009 1185 I ActivityTaskManager: clear resize flag in freeform mode
03-14 04:09:38.537 1009 1185 W WindowManager: updateScale : 0.79357797
03-14 04:09:38.548 1009 1585 W WindowManager: updateScale : 0.79357797
03-14 04:09:38.564 1009 7626 W WindowManager: updateScale : 0.79357797
01-01 08:19:07.283 0 0 E DTC_ETH,link_delay_work_func: 3003, SQI=0, link=0
03-14 04:09:39.185 1009 2178 I wm_finish_activity: [0,136907642,145,com.android.music/.VideoBrowserActivity,finish-activity]
03-14 04:09:39.185 1009 2178 I wm_task_moved: [1,1,8]
03-14 04:09:39.186 1009 2178 I wm_set_resumed_activity: [0,com.android.launcher3/.uioverrides.QuickstepLauncher,positionChildAt]
03-14 04:09:39.186 1009 2178 I wm_task_moved: [149,1,2147483647]
03-14 04:09:39.186 1009 2178 I wm_task_to_front: [0,149]
03-14 04:09:39.186 1009 2178 I wm_focused_root_task: [0,0,1,-1,finish-top adjustFocusToNextFocusableTask]
03-14 04:09:39.186 1009 2178 I wm_set_resumed_activity: [0,com.android.launcher3/.uioverrides.QuickstepLauncher,finish-top]
03-14 04:09:39.187 1009 2178 I wm_pause_activity: [0,136907642,com.android.music/.VideoBrowserActivity,userLeaving=false,finish]
03-14 04:09:39.188 1009 1587 I input_focus: [Focus leaving 65f0f59 com.android.music/com.android.music.VideoBrowserActivity (server),reason=NOT_VISIBLE]
03-14 04:09:39.190 1009 1184 I input_focus: [Focus request a99babe com.android.launcher3/com.android.launcher3.uioverrides.QuickstepLauncher,reason=UpdateInputWindows]
03-14 04:09:39.199 1009 1183 I sysui_multi_action: [757,803,799,window_time_2,802,6]
03-14 04:09:39.204 1009 1587 I input_focus: [Focus entering a99babe com.android.launcher3/com.android.launcher3.uioverrides.QuickstepLauncher (server),reason=setFocusedWindow]
03-14 04:09:39.205 8885 8885 I wm_on_top_resumed_lost_called: [136907642,com.android.music.VideoBrowserActivity,topStateChangedWhenResumed]
03-14 04:09:39.205 1009 2881 E TaskPersister: File error accessing recents directory (directory doesn't exist?).
03-14 04:09:39.207 8885 8885 I wm_on_paused_called: [136907642,com.android.music.VideoBrowserActivity,performPause]
03-14 04:09:39.208 1009 2178 I ActivityTaskManager: FOREGROUND_APPLICATION_CHANGED to com.android.launcher3.uioverrides.QuickstepLauncher
03-14 04:09:39.209 1009 2178 I wm_destroy_activity: [0,136907642,145,com.android.music/.VideoBrowserActivity,finish-imm:completePausedLocked]
03-14 04:09:39.214 1009 1183 I sysui_multi_action: [757,803,799,window_time_0,802,0]
03-14 04:09:39.216 9852 9852 I wm_on_top_resumed_gained_called: [94520459,com.android.launcher3.uioverrides.QuickstepLauncher,topStateChangedWhenResumed]
03-14 04:09:39.224 1009 2178 W ActivityManager: Receiver with filter android.content.IntentFilter@4d16308 already registered for pid 8885, callerPackage is com.android.music
03-14 04:09:39.226 8885 8885 I wm_on_stop_called: [136907642,com.android.music.VideoBrowserActivity,LIFECYCLER_STOP_ACTIVITY]
03-14 04:09:39.227 8885 8885 I wm_on_destroy_called: [136907642,com.android.music.VideoBrowserActivity,performDestroy]
03-14 04:09:39.228 1009 1188 I am_pss : [9852,10074,com.android.launcher3,104284160,97087488,0,231157760,0,2,9]
03-14 04:09:39.233 1009 2178 I wm_task_removed: [145,removeChild:removeChild last r=ActivityRecord{8290b7a u0 com.android.music/.VideoBrowserActivity t-1 f}} in t=Task{95c2ba5 #145 type=standard A=10086:android.task.video U=0 visible=false mode=freeform translucent=true sz=0}]
03-14 04:09:39.233 1009 2178 I wm_task_removed: [145,removeChild]
03-14 04:09:39.233 1009 2178 D FreeFormWindowHelper: Remove freefrom task=Task{95c2ba5 #145 type=standard A=10086:android.task.video U=0 visible=false mode=freeform translucent=true sz=0}
03-14 04:09:39.315 1009 7626 W FreeFormWindowHelper: Current Display FreeFormTask is null
03-14 04:09:39.316 1009 1585 W FreeFormWindowHelper: Current Display FreeFormTask is null
03-14 04:09:39.659 6881 6881 I auditd : type=1400 audit(0.0:4066): avc: denied { open } for comm="HCDN_DownloadEn" path="/proc/stat" dev="proc" ino=4026532236 scontext=u:r:untrusted_app:s0:c102,c256,c512,c768 tcontext=u:object_r:proc_stat:s0 tclass=file permissive=1 app=com.qiyi.video
