03-14 03:52:50.228 7628 7628 I wm_on_create_called: [183405436,com.android.documentsui.LauncherActivity,performCreate]
03-14 03:52:50.233 1009 3052 I wm_add_to_stopping: [0,183405436,com.android.documentsui/.LauncherActivity,completeFinishing]
03-14 03:52:50.233 1009 3052 I wm_set_resumed_activity: [0,com.android.documentsui/.files.FilesActivity,resumeTopActivityInnerLocked]
03-14 03:52:50.234 1009 3052 I wm_resume_activity: [0,176114836,137,com.android.documentsui/.files.FilesActivity]
03-14 03:52:50.235 1009 1183 I wm_destroy_activity: [0,183405436,138,com.android.documentsui/.LauncherActivity,finish-imm:idle]
03-14 03:52:50.236 1009 1183 I sysui_multi_action: [757,803,799,window_time_2,802,0]
03-14 03:52:50.244 7628 7628 I wm_on_restart_called: [176114836,com.android.documentsui.files.FilesActivity,performRestartActivity]
03-14 03:52:50.246 7628 7628 I wm_on_start_called: [176114836,com.android.documentsui.files.FilesActivity,handleStartActivity]
03-14 03:52:50.248 7628 7628 I wm_on_resume_called: [176114836,com.android.documentsui.files.FilesActivity,RESUME_ACTIVITY]
03-14 03:52:50.249 7628 7628 I wm_on_top_resumed_gained_called: [176114836,com.android.documentsui.files.FilesActivity,topWhenResuming]
03-14 03:52:50.256 1009 1184 I input_focus: [Focus request bf10556 com.android.documentsui/com.android.documentsui.files.FilesActivity,reason=UpdateInputWindows]
03-14 03:52:50.269 7628 7628 I wm_on_destroy_called: [183405436,com.android.documentsui.LauncherActivity,performDestroy]
03-14 03:52:50.270 1009 3052 I wm_task_removed: [138,removeChild:removeChild last r=ActivityRecord{aee8b7c u0 com.android.documentsui/.LauncherActivity t-1 f}} in t=Task{b3b826f #138 type=standard A=10023:com.android.documentsui U=0 visible=false mode=freeform translucent=true sz=0}]
03-14 03:52:50.270 1009 3052 I wm_task_removed: [138,removeChild]
03-14 03:52:50.277 1009 1587 I input_focus: [Focus leaving b68d17 com.android.launcher3/com.android.launcher3.uioverrides.QuickstepLauncher (server),reason=Waiting for window because NOT_VISIBLE]
03-14 03:52:50.294 1009 1180 I sysui_multi_action: [319,100,322,100,325,136,757,761,758,8,759,2,806,com.android.documentsui,871,com.android.documentsui.files.FilesActivity,904,com.android.documentsui,905,0,1320,4,1321,1]
03-14 03:52:50.294 1009 1180 I wm_activity_launch_time: [0,176114836,com.android.documentsui/.files.FilesActivity,100]
03-14 03:52:50.310 1009 1587 I input_focus: [Focus entering bf10556 com.android.documentsui/com.android.documentsui.files.FilesActivity (server),reason=Window became focusable. Previous reason: NOT_VISIBLE]
03-14 03:52:50.578 1009 1183 I wm_destroy_activity: [0,73236750,135,com.android.music/.VideoBrowserActivity,finish-imm:idle]
03-14 03:52:50.596 3708 3708 I wm_on_stop_called: [73236750,com.android.music.VideoBrowserActivity,LIFECYCLER_STOP_ACTIVITY]
03-14 03:52:50.597 3708 3708 I wm_on_destroy_called: [73236750,com.android.music.VideoBrowserActivity,performDestroy]
03-14 03:52:50.599 1009 3052 I wm_task_removed: [135,removeChild:removeChild last r=ActivityRecord{45d810e u0 com.android.music/.VideoBrowserActivity t-1 f}} in t=Task{1f16b09 #135 type=standard A=10086:android.task.video U=0 visible=false mode=freeform translucent=true sz=0}]
03-14 03:52:50.599 1009 3052 I wm_task_removed: [135,removeChild]
03-14 03:52:52.323 5866 5866 I auditd : type=1400 audit(0.0:3354): avc: denied { open } for comm="HCDN_DownloadEn" path="/proc/stat" dev="proc" ino=4026532236 scontext=u:r:untrusted_app:s0:c102,c256,c512,c768 tcontext=u:object_r:proc_stat:s0 tclass=file permissive=1 app=com.qiyi.video
03-14 03:52:52.323 5866 5866 I auditd : type=1400 audit(0.0:3355): avc: denied { getattr } for comm="HCDN_DownloadEn" path="/proc/stat" dev="proc" ino=4026532236 scontext=u:r:untrusted_app:s0:c102,c256,c512,c768 tcontext=u:object_r:proc_stat:s0 tclass=file permissive=1 app=com.qiyi.video
03-14 03:52:54.718 1009 1194 I am_uid_idle: 10033
01-01 08:02:23.767 0 0 E DTC_ETH,link_delay_work_func: 3003, SQI=0, link=0
03-14 03:52:59.710 1009 1188 I am_pss : [5866,10102,com.qiyi.video,408568832,370970624,0,565596160,0,10,34]
03-14 03:52:59.718 1009 1188 I am_pss : [6881,10102,com.qiyi.video:downloader,42777600,20795392,0,160722944,0,10,7]
03-14 03:52:59.725 1009 1188 I am_pss : [6245,10102,com.qiyi.video:plugin1,40296448,19623936,0,160776192,0,10,7]
01-01 08:02:28.883 0 0 E DTC_ETH,link_delay_work_func: 3003, SQI=0, link=0
03-14 03:53:00.804 1009 2102 I ntp_failure: [time.android.com/2001:4860:4806:4::,java.net.SocketTimeoutException: Poll timed out]
03-14 03:53:01.966 1009 1587 I input_interaction: Interaction with: bf10556 com.android.documentsui/com.android.documentsui.files.FilesActivity (server), edge-swipe (server), swipe-up (server), PointerEventDispatcher0 (server),
01-01 08:02:34.003 0 0 E DTC_ETH,link_delay_work_func: 3003, SQI=0, link=0
03-14 03:53:05.802 1009 1184 I input_focus: [Focus request 9f27b1a PopupWindow:4f2163e,reason=UpdateInputWindows]
03-14 03:53:05.814 1009 2102 I ntp_failure: [time.android.com/2001:4860:4806:8::,java.net.SocketTimeoutException: Poll timed out]
03-14 03:53:05.834 1009 1587 I input_focus: [Focus leaving bf10556 com.android.documentsui/com.android.documentsui.files.FilesActivity (server),reason=Waiting for window because NOT_VISIBLE]
03-14 03:53:05.851 1009 1587 I input_focus: [Focus entering 9f27b1a PopupWindow:4f2163e (server),reason=Window became focusable. Previous reason: NOT_VISIBLE]
03-14 03:53:08.197 1009 1587 I input_interaction: Interaction with: 9f27b1a PopupWindow:4f2163e (server), edge-swipe (server), swipe-up (server), PointerEventDispatcher0 (server),
03-14 03:53:08.207 1009 1184 I input_focus: [Focus request bf10556 com.android.documentsui/com.android.documentsui.files.FilesActivity,reason=UpdateInputWindows]
03-14 03:53:08.239 1009 1587 I input_focus: [Focus leaving 9f27b1a PopupWindow:4f2163e (server),reason=NOT_FOCUSABLE]
03-14 03:53:08.239 1009 1587 I input_focus: [Focus entering bf10556 com.android.documentsui/com.android.documentsui.files.FilesActivity (server),reason=setFocusedWindow]
03-14 03:53:08.816 1009 1587 I input_interaction: Interaction with: bf10556 com.android.documentsui/com.android.documentsui.files.FilesActivity (server), edge-swipe (server), swipe-up (server), PointerEventDispatcher0 (server),
03-14 03:53:09.783 1009 1188 I am_pss : [7628,10023,com.android.documentsui,46026752,40730624,0,170323968,0,2,10]
01-01 08:02:39.123 0 0 E DTC_ETH,link_delay_work_func: 3003, SQI=0, link=0
03-14 03:53:10.819 1009 2102 I ntp_failure: [time.android.com/2001:4860:4806::,java.net.SocketTimeoutException: Poll timed out]
03-14 03:53:10.967 0 0 I auditd : type=1400 audit(0.0:3356): avc: denied { kill } for comm="swapper/2" capability=5 scontext=u:r:kernel:s0 tcontext=u:r:kernel:s0 tclass=capability permissive=1
03-14 03:53:12.396 1009 2178 I wm_task_moved: [137,1,6]
03-14 03:53:12.396 1009 2178 I wm_set_resumed_activity: [0,com.android.documentsui/.files.FilesActivity,positionChildAt]
03-14 03:53:12.396 1009 2178 I wm_create_activity: [0,93658518,137,com.android.gallery3d/.app.GalleryActivity,android.intent.action.VIEW,image/jpeg,content://com.android.externalstorage.documents/document/primary:14.jpg,536870915]
03-14 03:53:12.397 1009 2178 I wm_pause_activity: [0,176114836,com.android.documentsui/.files.FilesActivity,userLeaving=true,resumeTopActivityInnerLocked]
03-14 03:53:12.399 7628 7628 I wm_on_top_resumed_lost_called: [176114836,com.android.documentsui.files.FilesActivity,topStateChangedWhenResumed]
03-14 03:53:12.399 7628 7628 I wm_on_paused_called: [176114836,com.android.documentsui.files.FilesActivity,performPause]
03-14 03:53:12.401 1009 2178 I wm_restart_activity: [0,93658518,137,com.android.gallery3d/.app.GalleryActivity]
03-14 03:53:12.402 1009 2178 I wm_set_resumed_activity: [0,com.android.gallery3d/.app.GalleryActivity,minimalResumeActivityLocked]
03-14 03:53:12.403 1009 1183 I sysui_multi_action: [757,803,799,window_time_2,802,22]
03-14 03:53:12.416 7505 7505 I wm_on_create_called: [93658518,com.android.gallery3d.app.GalleryActivity,performCreate]
03-14 03:53:12.417 7505 7505 I wm_on_start_called: [93658518,com.android.gallery3d.app.GalleryActivity,handleStartActivity]
03-14 03:53:12.419 7505 7505 I wm_on_resume_called: [93658518,com.android.gallery3d.app.GalleryActivity,RESUME_ACTIVITY]
03-14 03:53:12.421 7505 7505 I wm_on_top_resumed_gained_called: [93658518,com.android.gallery3d.app.GalleryActivity,topStateChangedWhenResumed]
03-14 03:53:12.431 1009 1184 I input_focus: [Focus request 324f80f com.android.gallery3d/com.android.gallery3d.app.GalleryActivity,reason=UpdateInputWindows]
03-14 03:53:12.464 1009 1587 I input_focus: [Focus leaving bf10556 com.android.documentsui/com.android.documentsui.files.FilesActivity (server),reason=Waiting for window because NOT_VISIBLE]
03-14 03:53:12.465 1009 1180 I sysui_multi_action: [319,75,322,74,325,158,757,761,758,8,759,2,806,com.android.gallery3d,871,com.android.gallery3d.app.GalleryActivity,904,com.android.documentsui,905,0,1320,4,1321,1]
03-14 03:53:12.466 1009 1180 I wm_activity_launch_time: [0,93658518,com.android.gallery3d/.app.GalleryActivity,74]
03-14 03:53:12.481 1009 1587 I input_focus: [Focus entering 324f80f com.android.gallery3d/com.android.gallery3d.app.GalleryActivity (server),reason=Window became focusable. Previous reason: NOT_VISIBLE]
03-14 03:53:12.676 1009 1188 I am_pss : [7790,10032,com.android.musicfx,5271552,3833856,0,90497024,0,19,8]
03-14 03:53:12.688 1009 1188 I am_pss : [4229,10093,com.tencent.mtt,85464064,32321536,0,222412800,0,19,11]
03-14 03:53:12.699 1009 1188 I am_pss : [4049,10093,com.tencent.mtt:service,77266944,25206784,0,209457152,0,19,9]
03-14 03:53:12.708 1009 1188 I am_pss : [4046,10101,com.sohu.sohuvideo:pushservice,20331520,6877184,0,107704320,0,19,6]
03-14 03:53:12.717 1009 1188 I am_pss : [3900,10101,com.sohu.sohuvideo,80115712,63340544,0,180236288,0,19,7]
03-14 03:53:12.725 1009 1188 I am_pss : [7362,1000,system:ui,18079744,9146368,0,150306816,0,19,8]
03-14 03:53:13.168 1009 1587 I input_interaction: Interaction with: 324f80f com.android.gallery3d/com.android.gallery3d.app.GalleryActivity (server), edge-swipe (server), swipe-up (server), PointerEventDispatcher0 (server),
03-14 03:53:14.915 1009 1194 I am_uid_idle: 10090
01-01 08:02:44.243 0 0 E DTC_ETH,link_delay_work_func: 3003, SQI=0, link=0
03-14 03:53:15.828 1009 2102 I ntp_failure: [time.android.com/2001:4860:4806:c::,java.net.SocketTimeoutException: Poll timed out]
03-14 03:53:19.517 1009 1194 I am_uid_idle: 10102
03-14 03:53:19.517 1009 1194 I am_stop_idle_service: [10102,com.qiyi.video/org.qiyi.pluginlibrary.pm.PluginPackageManagerService]
03-14 03:53:19.518 1009 1194 I am_stop_idle_service: [10102,com.qiyi.video/org.qiyi.pluginlibrary.component.ServiceProxy1]
03-14 03:53:19.518 1009 1194 I am_stop_idle_service: [10102,com.qiyi.video/com.iqiyi.video.download.filedownload.QiyiDownloadCoreService]
03-14 03:53:19.518 1009 1194 I am_stop_idle_service: [10102,com.qiyi.video/com.q.m.QS]
03-14 03:53:19.518 1009 1194 I am_stop_idle_service: [10102,com.qiyi.video/com.iqiyi.video.download.QiyiDownloadCenterService]
03-14 03:53:19.518 1009 1194 I am_stop_idle_service: [10102,com.qiyi.video/org.qiyi.android.plugin.ipc.IPCPluginNativeService]
03-14 03:53:19.518 1009 1194 I am_stop_idle_service: [10102,com.qiyi.video/org.qiyi.video.module.icommunication.ipc.HostService]
03-14 03:53:19.519 1009 1194 I am_stop_idle_service: [10102,com.qiyi.video/org.qiyi.video.nativelib.pm.LibraryManagerService]
03-14 03:53:19.519 1009 1194 I am_stop_idle_service: [10102,com.qiyi.video/org.qiyi.android.plugin.ipc.IPCService1]
03-14 03:53:19.519 1009 1194 I am_stop_idle_service: [10102,com.qiyi.video/org.qiyi.android.plugin.ipc.IPCService0]
03-14 03:53:19.519 1009 1194 I am_stop_idle_service: [10102,com.qiyi.video/com.iqiyi.hcim.service.IMService]
03-14 03:53:19.790 1009 1182 I commit_sys_config_file: [notification-policy,135933]
03-14 03:53:20.435 1009 1194 I am_uid_active: 10101
03-14 03:53:20.457 1009 1188 I am_pss : [7628,10023,com.android.documentsui,58326016,52711424,0,183996416,0,2,11]
01-01 08:02:49.363 0 0 E DTC_ETH,link_delay_work_func: 3003, SQI=0, link=0
03-14 03:53:20.833 1009 2102 I ntp_failure: [time.android.com/216.239.35.0,java.net.SocketTimeoutException: Poll timed out]
03-14 03:53:22.907 6881 6881 I auditd : type=1400 audit(0.0:3357): avc: denied { open } for comm="HCDN_DownloadEn" path="/proc/stat" dev="proc" ino=4026532236 scontext=u:r:untrusted_app:s0:c102,c256,c512,c768 tcontext=u:object_r:proc_stat:s0 tclass=file permissive=1 app=com.qiyi.video
03-14 03:53:22.907 6881 6881 I auditd : type=1400 audit(0.0:3358): avc: denied { getattr } for comm="HCDN_DownloadEn" path="/proc/stat" dev="proc" ino=4026532236 scontext=u:r:untrusted_app:s0:c102,c256,c512,c768 tcontext=u:object_r:proc_stat:s0 tclass=file permissive=1 app=com.qiyi.video
01-01 08:02:54.483 0 0 E DTC_ETH,link_delay_work_func: 3003, SQI=0, link=0
03-14 03:53:25.842 1009 2102 I ntp_failure: [time.android.com/216.239.35.8,java.net.SocketTimeoutException: Poll timed out]
03-14 03:53:25.898 1009 1009 I service_manager_stats: [100,86,35672]
03-14 03:53:27.086 1009 1661 I netstats_mobile_sample: [0,0,0,0,0,0,0,0,0,0,0,0,1678737207086]
03-14 03:53:27.087 1009 1661 I netstats_wifi_sample: [15842203,21713,3285151,19281,15842203,21713,3285151,19281,9938723,17417,2621132,15026,1678737207086]
03-14 03:53:30.504 1009 1188 I am_pss : [7505,10064,com.android.gallery3d,52280320,46997504,0,173457408,0,2,13]
03-14 03:53:30.514 1009 1188 I am_pss : [4503,10028,com.android.externalstorage,6431744,4608000,0,99094528,0,3,7]
03-14 03:53:30.850 1009 2102 I ntp_failure: [time.android.com/216.239.35.4,java.net.SocketTimeoutException: Poll timed out]
01-01 08:02:59.603 0 0 E DTC_ETH,link_delay_work_func: 3003, SQI=0, link=0
03-14 03:53:35.836 1009 1188 I am_kill : [0,3059,com.android.traceur,995,empty #31]
03-14 03:53:35.858 1009 2102 I ntp_failure: [time.android.com/216.239.35.12,java.net.SocketTimeoutException: Poll timed out]
03-14 03:53:35.870 1009 2148 I am_proc_died: [0,3059,com.android.traceur,995,19]
03-14 03:53:35.870 1009 2148 I am_uid_stopped: 10021
03-14 03:53:35.881 1009 1188 I am_pss : [3900,10101,com.sohu.sohuvideo,80162816,63385600,0,180281344,0,19,8]
03-14 03:53:35.887 1009 1188 I am_pss : [7790,10032,com.android.musicfx,5294080,3833856,0,90497024,0,19,5]
03-14 03:53:35.897 1009 1188 I am_pss : [4229,10093,com.tencent.mtt,86042624,32894976,0,222994432,0,19,8]
03-14 03:53:35.906 1009 1188 I am_pss : [4049,10093,com.tencent.mtt:service,77270016,25206784,0,209457152,0,19,8]
03-14 03:53:35.912 1009 1188 I am_pss : [4046,10101,com.sohu.sohuvideo:pushservice,20302848,6844416,0,107671552,0,19,5]
01-01 08:03:04.723 0 0 E DTC_ETH,link_delay_work_func: 3003, SQI=0, link=0
03-14 03:53:39.781 1009 1188 I am_pss : [6245,10102,com.qiyi.video:plugin1,40628224,19902464,0,161189888,0,19,8]
03-14 03:53:39.790 1009 1188 I am_pss : [6881,10102,com.qiyi.video:downloader,42159104,20115456,0,160169984,0,19,7]
03-14 03:53:39.815 1009 1188 I am_pss : [5866,10102,com.qiyi.video,407184384,369569792,0,564330496,0,19,23]
01-01 08:03:09.843 0 0 E DTC_ETH,link_delay_work_func: 3003, SQI=0, link=0
03-14 03:53:44.967 0 0 I auditd : type=1400 audit(0.0:3359): avc: denied { kill } for comm="swapper/0" capability=5 scontext=u:r:kernel:s0 tcontext=u:r:kernel:s0 tclass=capability permissive=1
03-14 03:53:46.244 1009 1587 I input_interaction: Interaction with: b68d17 com.android.launcher3/com.android.launcher3.uioverrides.QuickstepLauncher (server), 8c59581 com.android.systemui.ImageWallpaper (server), edge-swipe (server), swipe-up (server), PointerEventDispatcher0 (server),
01-01 08:03:14.963 0 0 E DTC_ETH,link_delay_work_func: 3003, SQI=0, link=0
03-14 03:53:47.248 1009 1009 I service_manager_stats: [100,55,21350]
03-14 03:53:47.381 1009 2156 I wm_task_created: [139,-1]
03-14 03:53:47.382 1009 2156 I wm_finish_activity: [0,93658518,137,com.android.gallery3d/.app.GalleryActivity,app-request]
03-14 03:53:47.391 1009 2156 I wm_pause_activity: [0,93658518,com.android.gallery3d/.app.GalleryActivity,userLeaving=false,finish]
03-14 03:53:47.391 7505 7505 I wm_on_top_resumed_lost_called: [93658518,com.android.gallery3d.app.GalleryActivity,topStateChangedWhenResumed]
03-14 03:53:47.391 1009 2156 I wm_finish_activity: [0,176114836,137,com.android.documentsui/.files.FilesActivity,app-request]
03-14 03:53:47.391 1009 2156 I wm_task_moved: [1,1,7]
03-14 03:53:47.392 1009 2156 I wm_set_resumed_activity: [0,com.android.launcher3/.uioverrides.QuickstepLauncher,positionChildAt]
03-14 03:53:47.392 1009 2156 I wm_task_moved: [127,1,2147483647]
03-14 03:53:47.392 1009 2156 I wm_task_to_front: [0,127]
03-14 03:53:47.392 1009 2156 I wm_focused_root_task: [0,0,1,-1,finish-top adjustFocusToNextFocusableTask]
03-14 03:53:47.392 1009 2156 I wm_set_resumed_activity: [0,com.android.launcher3/.uioverrides.QuickstepLauncher,finish-top]
03-14 03:53:47.393 1009 2156 I wm_destroy_activity: [0,176114836,137,com.android.documentsui/.files.FilesActivity,finish-imm:finishIfPossible]
03-14 03:53:47.395 7628 7628 I wm_on_stop_called: [176114836,com.android.documentsui.files.FilesActivity,LIFECYCLER_STOP_ACTIVITY]
03-14 03:53:47.396 1009 2156 I wm_task_moved: [139,1,7]
03-14 03:53:47.396 1009 2156 I wm_task_to_front: [0,139]
03-14 03:53:47.396 1009 2156 I wm_focused_root_task: [0,0,139,1,reuseOrNewTask]
03-14 03:53:47.396 1009 2156 I wm_create_task: [0,139]
03-14 03:53:47.396 1009 2156 I wm_create_activity: [0,237468208,139,com.android.gallery3d/.app.GalleryActivity,android.intent.action.MAIN,NULL,NULL,270532608]
03-14 03:53:47.396 1009 2156 I wm_task_moved: [139,1,7]
03-14 03:53:47.398 1009 1184 I input_focus: [Focus request b68d17 com.android.launcher3/com.android.launcher3.uioverrides.QuickstepLauncher,reason=UpdateInputWindows]
03-14 03:53:47.402 7505 7505 I wm_on_paused_called: [93658518,com.android.gallery3d.app.GalleryActivity,performPause]
03-14 03:53:47.402 1009 2148 I wm_add_to_stopping: [0,93658518,com.android.gallery3d/.app.GalleryActivity,completeFinishing]
03-14 03:53:47.402 7628 7628 I wm_on_destroy_called: [176114836,com.android.documentsui.files.FilesActivity,performDestroy]
03-14 03:53:47.403 1009 2148 I wm_restart_activity: [0,237468208,139,com.android.gallery3d/.app.GalleryActivity]
03-14 03:53:47.404 1009 2148 I wm_set_resumed_activity: [0,com.android.gallery3d/.app.GalleryActivity,minimalResumeActivityLocked]
03-14 03:53:47.408 1009 1183 I sysui_multi_action: [757,803,799,window_time_2,802,35]
03-14 03:53:47.413 1009 1188 I am_pss : [7505,10064,com.android.gallery3d,38180864,32907264,0,159678464,0,2,6]
03-14 03:53:47.417 1009 1587 I input_focus: [Focus leaving 324f80f com.android.gallery3d/com.android.gallery3d.app.GalleryActivity (server),reason=NO_WINDOW]
03-14 03:53:47.417 1009 1587 I input_focus: [Focus entering b68d17 com.android.launcher3/com.android.launcher3.uioverrides.QuickstepLauncher (server),reason=setFocusedWindow]
03-14 03:53:47.418 7505 7505 I wm_on_create_called: [237468208,com.android.gallery3d.app.GalleryActivity,performCreate]
03-14 03:53:47.418 7505 7505 I wm_on_start_called: [237468208,com.android.gallery3d.app.GalleryActivity,handleStartActivity]
03-14 03:53:47.420 7505 7505 I wm_on_resume_called: [237468208,com.android.gallery3d.app.GalleryActivity,RESUME_ACTIVITY]
03-14 03:53:47.422 7505 7505 I wm_on_top_resumed_gained_called: [237468208,com.android.gallery3d.app.GalleryActivity,topStateChangedWhenResumed]
03-14 03:53:47.426 1009 1184 I input_focus: [Focus request c8c65c7 com.android.gallery3d/com.android.gallery3d.app.GalleryActivity,reason=UpdateInputWindows]
03-14 03:53:47.448 1009 1587 I input_focus: [Focus leaving b68d17 com.android.launcher3/com.android.launcher3.uioverrides.QuickstepLauncher (server),reason=Waiting for window because NOT_VISIBLE]
03-14 03:53:47.450 1009 1180 I wm_activity_launch_time: [0,237468208,com.android.gallery3d/.app.GalleryActivity,73]
03-14 03:53:47.464 1009 1587 I input_focus: [Focus entering c8c65c7 com.android.gallery3d/com.android.gallery3d.app.GalleryActivity (server),reason=Window became focusable. Previous reason: NOT_VISIBLE]
03-14 03:53:47.653 1009 1188 I am_pss : [6079,10102,com.qiyi.video:QS,27283456,9539584,0,143446016,0,19,5]
03-14 03:53:47.731 1009 1183 I wm_destroy_activity: [0,93658518,137,com.android.gallery3d/.app.GalleryActivity,finish-imm:idle]
03-14 03:53:47.749 7505 7505 I wm_on_stop_called: [93658518,com.android.gallery3d.app.GalleryActivity,LIFECYCLER_STOP_ACTIVITY]
03-14 03:53:47.750 7505 7505 I wm_on_destroy_called: [93658518,com.android.gallery3d.app.GalleryActivity,performDestroy]
03-14 03:53:47.751 1009 2178 I wm_task_removed: [137,removeChild:removeChild last r=ActivityRecord{5951d96 u0 com.android.gallery3d/.app.GalleryActivity t-1 f}} in t=Task{626e47e #137 type=standard A=10023:com.android.documentsui U=0 visible=false mode=freeform translucent=true sz=0}]
03-14 03:53:47.751 1009 2178 I wm_task_removed: [137,removeChild]
03-14 03:53:48.301 1009 1587 I input_interaction: Interaction with: c8c65c7 com.android.gallery3d/com.android.gallery3d.app.GalleryActivity (server), edge-swipe (server), swipe-up (server), PointerEventDispatcher0 (server),
03-14 03:53:49.856 513 513 I auditd : avc: denied { find } for interface=vendor.qti.qspmhal::IQspmhal sid=u:r:mediaserver:s0 pid=1338 scontext=u:r:mediaserver:s0 tcontext=u:object_r:vendor_hal_qspmhal_hwservice:s0 tclass=hwservice_manager permissive=1
03-14 03:53:49.855 1338 1338 I auditd : type=1400 audit(0.0:3360): avc: denied { call } for comm="capture_looper" scontext=u:r:mediaserver:s0 tcontext=u:r:vendor_hal_qspmhal_default:s0 tclass=binder permissive=1
01-01 08:03:18.590 0 0 I msm_vidc: high: 00000001: ....d: Opening video instance: 0000000000000000, 1
01-01 08:03:18.590 0 0 I msm_vidc: err : 00000001: ....d: Failed to create debugfs for msm_vidc
01-01 08:03:18.716 0 0 I msm_vidc: high: 00000001: h264d: Closed video instance: 0000000000000000
03-14 03:53:50.237 1009 1194 I am_uid_idle: 10086
01-01 08:03:20.083 0 0 E DTC_ETH,link_delay_work_func: 3003, SQI=0, link=0
03-14 03:53:51.671 6881 6881 I auditd : type=1400 audit(0.0:3361): avc: denied { open } for comm="HCDN_DownloadEn" path="/proc/stat" dev="proc" ino=4026532236 scontext=u:r:untrusted_app:s0:c102,c256,c512,c768 tcontext=u:object_r:proc_stat:s0 tclass=file permissive=1 app=com.qiyi.video
03-14 03:53:51.671 6881 6881 I auditd : type=1400 audit(0.0:3362): avc: denied { getattr } for comm="HCDN_DownloadEn" path="/proc/stat" dev="proc" ino=4026532236 scontext=u:r:untrusted_app:s0:c102,c256,c512,c768 tcontext=u:object_r:proc_stat:s0 tclass=file permissive=1 app=com.qiyi.video
03-14 03:53:51.870 1009 1585 I wm_task_moved: [139,1,6]
03-14 03:53:51.870 1009 1585 I wm_set_resumed_activity: [0,com.android.gallery3d/.app.GalleryActivity,positionChildAt]
03-14 03:53:51.870 1009 1585 I wm_create_activity: [0,146169,139,android/com.android.internal.app.ResolverActivity,android.intent.action.VIEW,video/*,content://media/external/video/media/21,8388608]
03-14 03:53:51.871 1009 1585 I wm_pause_activity: [0,237468208,com.android.gallery3d/.app.GalleryActivity,userLeaving=true,resumeTopActivityInnerLocked]
03-14 03:53:51.873 7505 7505 I wm_on_top_resumed_lost_called: [237468208,com.android.gallery3d.app.GalleryActivity,topStateChangedWhenResumed]
03-14 03:53:51.880 7505 7505 I wm_on_paused_called: [237468208,com.android.gallery3d.app.GalleryActivity,performPause]
03-14 03:53:51.881 1009 2156 I wm_restart_activity: [0,146169,139,android/com.android.internal.app.ResolverActivity]
03-14 03:53:51.882 1009 2156 I wm_set_resumed_activity: [0,android/com.android.internal.app.ResolverActivity,minimalResumeActivityLocked]
03-14 03:53:51.884 1009 1183 I sysui_multi_action: [757,803,799,window_time_2,802,5]
03-14 03:53:51.895 7362 7362 I sysui_multi_action: [757,453,758,4,806,android.intent.action.VIEW:video/*:]
03-14 03:53:51.895 7362 7362 I wm_on_create_called: [146169,com.android.internal.app.ResolverActivity,performCreate]
03-14 03:53:51.897 7362 7362 I wm_on_start_called: [146169,com.android.internal.app.ResolverActivity,handleStartActivity]
03-14 03:53:51.897 7362 7362 I wm_on_resume_called: [146169,com.android.internal.app.ResolverActivity,RESUME_ACTIVITY]
03-14 03:53:51.899 7362 7362 I wm_on_top_resumed_gained_called: [146169,com.android.internal.app.ResolverActivity,topStateChangedWhenResumed]
03-14 03:53:51.915 1009 1184 I input_focus: [Focus request def7497 android/com.android.internal.app.ResolverActivity,reason=UpdateInputWindows]
03-14 03:53:51.921 1009 1180 I sysui_multi_action: [319,59,322,59,325,198,757,761,758,8,759,2,806,android,871,com.android.internal.app.ResolverActivity,904,com.android.gallery3d,905,0,1320,12,1321,1]
03-14 03:53:51.922 1009 1180 I wm_activity_launch_time: [0,146169,android/com.android.internal.app.ResolverActivity,59]
03-14 03:53:51.927 1009 1587 I input_focus: [Focus leaving c8c65c7 com.android.gallery3d/com.android.gallery3d.app.GalleryActivity (server),reason=setFocusedWindow]
03-14 03:53:51.927 1009 1587 I input_focus: [Focus entering def7497 android/com.android.internal.app.ResolverActivity (server),reason=setFocusedWindow]
03-14 03:53:51.995 1009 1188 I am_pss : [4503,10028,com.android.externalstorage,6456320,4608000,0,99094528,0,3,6]
03-14 03:53:53.650 1009 1194 I am_uid_idle: 10063
03-14 03:53:53.822 1009 1194 I am_uid_idle: 10017
03-14 03:53:54.949 1009 1587 I input_interaction: Interaction with: def7497 android/com.android.internal.app.ResolverActivity (server), edge-swipe (server), swipe-up (server), PointerEventDispatcher0 (server),
01-01 08:03:25.204 0 0 E DTC_ETH,link_delay_work_func: 3003, SQI=0, link=0
03-14 03:53:57.853 7362 7362 I sysui_multi_action: [757,1651,758,4,759,0]
03-14 03:53:57.967 0 0 I auditd : type=1400 audit(0.0:3363): avc: denied { kill } for comm="swapper/1" capability=5 scontext=u:r:kernel:s0 tcontext=u:r:kernel:s0 tclass=capability permissive=1
03-14 03:53:59.594 1009 1585 I wm_finish_activity: [0,146169,139,android/com.android.internal.app.ResolverActivity,app-request]
03-14 03:53:59.609 1009 1585 I wm_pause_activity: [0,146169,android/com.android.internal.app.ResolverActivity,userLeaving=false,finish]
03-14 03:53:59.613 7362 7362 I wm_on_top_resumed_lost_called: [146169,com.android.internal.app.ResolverActivity,topStateChangedWhenResumed]
03-14 03:53:59.614 7362 7362 I wm_on_paused_called: [146169,com.android.internal.app.ResolverActivity,performPause]
03-14 03:53:59.617 1009 1585 I wm_set_resumed_activity: [0,com.android.gallery3d/.app.GalleryActivity,resumeTopActivityInnerLocked]
03-14 03:53:59.619 1009 1585 I wm_resume_activity: [0,237468208,139,com.android.gallery3d/.app.GalleryActivity]
03-14 03:53:59.620 7505 7505 I wm_on_activity_result_called: [237468208,com.android.gallery3d.app.GalleryActivity,ACTIVITY_RESULT]
03-14 03:53:59.628 7505 7505 I wm_on_resume_called: [237468208,com.android.gallery3d.app.GalleryActivity,RESUME_ACTIVITY]
03-14 03:53:59.628 7505 7505 I wm_on_top_resumed_gained_called: [237468208,com.android.gallery3d.app.GalleryActivity,topWhenResuming]
03-14 03:53:59.631 1009 1183 I sysui_multi_action: [757,803,799,window_time_2,802,8]
03-14 03:53:59.632 1009 1184 I input_focus: [Focus request c8c65c7 com.android.gallery3d/com.android.gallery3d.app.GalleryActivity,reason=UpdateInputWindows]
03-14 03:53:59.633 1009 1587 I input_focus: [Focus leaving def7497 android/com.android.internal.app.ResolverActivity (server),reason=NO_WINDOW]
03-14 03:53:59.644 1009 1587 I input_focus: [Focus entering c8c65c7 com.android.gallery3d/com.android.gallery3d.app.GalleryActivity (server),reason=setFocusedWindow]
03-14 03:53:59.857 1009 1188 I am_pss : [6245,10102,com.qiyi.video:plugin1,40074240,19533824,0,161050624,0,19,9]
03-14 03:53:59.868 1009 1188 I am_pss : [6881,10102,com.qiyi.video:downloader,42043392,20131840,0,160194560,0,19,8]
03-14 03:53:59.877 1009 1183 I wm_destroy_activity: [0,146169,139,android/com.android.internal.app.ResolverActivity,finish-transit]
03-14 03:53:59.882 7362 7362 I wm_on_stop_called: [146169,com.android.internal.app.ResolverActivity,LIFECYCLER_STOP_ACTIVITY]
03-14 03:53:59.884 7362 7362 I wm_on_destroy_called: [146169,com.android.internal.app.ResolverActivity,performDestroy]
03-14 03:53:59.892 1009 1188 I am_pss : [5866,10102,com.qiyi.video,392773632,353849344,0,553512960,0,19,22]
03-14 03:54:01.368 1009 1587 I input_interaction: Interaction with: c8c65c7 com.android.gallery3d/com.android.gallery3d.app.GalleryActivity (server), edge-swipe (server), swipe-up (server), PointerEventDispatcher0 (server),
03-14 03:54:01.484 1009 1585 I wm_task_moved: [139,1,6]
03-14 03:54:01.484 1009 1585 I wm_set_resumed_activity: [0,com.android.gallery3d/.app.GalleryActivity,positionChildAt]
03-14 03:54:01.484 1009 1585 I wm_create_activity: [0,236203086,139,android/com.android.internal.app.ResolverActivity,android.intent.action.VIEW,video/*,content://media/external/video/media/21,8388608]
03-14 03:54:01.485 1009 1585 I wm_pause_activity: [0,237468208,com.android.gallery3d/.app.GalleryActivity,userLeaving=true,resumeTopActivityInnerLocked]
03-14 03:54:01.487 7505 7505 I wm_on_top_resumed_lost_called: [237468208,com.android.gallery3d.app.GalleryActivity,topStateChangedWhenResumed]
03-14 03:54:01.495 7505 7505 I wm_on_paused_called: [237468208,com.android.gallery3d.app.GalleryActivity,performPause]
03-14 03:54:01.496 1009 2148 I wm_restart_activity: [0,236203086,139,android/com.android.internal.app.ResolverActivity]
03-14 03:54:01.497 1009 2148 I wm_set_resumed_activity: [0,android/com.android.internal.app.ResolverActivity,minimalResumeActivityLocked]
03-14 03:54:01.499 1009 1183 I sysui_multi_action: [757,803,799,window_time_2,802,1]
03-14 03:54:01.508 7362 7362 I sysui_multi_action: [757,453,758,4,806,android.intent.action.VIEW:video/*:]
03-14 03:54:01.508 7362 7362 I wm_on_create_called: [236203086,com.android.internal.app.ResolverActivity,performCreate]
03-14 03:54:01.510 7362 7362 I wm_on_start_called: [236203086,com.android.internal.app.ResolverActivity,handleStartActivity]
03-14 03:54:01.510 7362 7362 I wm_on_resume_called: [236203086,com.android.internal.app.ResolverActivity,RESUME_ACTIVITY]
03-14 03:54:01.512 7362 7362 I wm_on_top_resumed_gained_called: [236203086,com.android.internal.app.ResolverActivity,topStateChangedWhenResumed]
03-14 03:54:01.518 1009 1184 I input_focus: [Focus request c72d114 android/com.android.internal.app.ResolverActivity,reason=UpdateInputWindows]
03-14 03:54:01.526 1009 1180 I sysui_multi_action: [319,48,322,47,325,207,757,761,758,8,759,2,806,android,871,com.android.internal.app.ResolverActivity,904,com.android.gallery3d,905,0,1320,12,1321,1]
03-14 03:54:01.526 1009 1180 I wm_activity_launch_time: [0,236203086,android/com.android.internal.app.ResolverActivity,47]
03-14 03:54:01.532 1009 1587 I input_focus: [Focus leaving c8c65c7 com.android.gallery3d/com.android.gallery3d.app.GalleryActivity (server),reason=setFocusedWindow]
03-14 03:54:01.532 1009 1587 I input_focus: [Focus entering c72d114 android/com.android.internal.app.ResolverActivity (server),reason=setFocusedWindow]
01-01 08:03:30.327 0 0 E DTC_ETH,link_delay_work_func: 3003, SQI=0, link=0
03-14 03:54:03.052 1009 1587 I input_interaction: Interaction with: c72d114 android/com.android.internal.app.ResolverActivity (server), edge-swipe (server), swipe-up (server), PointerEventDispatcher0 (server),
03-14 03:54:03.132 1009 2156 I wm_finish_activity: [0,236203086,139,android/com.android.internal.app.ResolverActivity,app-request]
03-14 03:54:03.140 1009 2156 I wm_pause_activity: [0,236203086,android/com.android.internal.app.ResolverActivity,userLeaving=false,finish]
03-14 03:54:03.143 7362 7362 I wm_on_top_resumed_lost_called: [236203086,com.android.internal.app.ResolverActivity,topStateChangedWhenResumed]
03-14 03:54:03.145 7362 7362 I wm_on_paused_called: [236203086,com.android.internal.app.ResolverActivity,performPause]
03-14 03:54:03.149 1009 2156 I wm_set_resumed_activity: [0,com.android.gallery3d/.app.GalleryActivity,resumeTopActivityInnerLocked]
03-14 03:54:03.151 1009 2156 I wm_resume_activity: [0,237468208,139,com.android.gallery3d/.app.GalleryActivity]
03-14 03:54:03.152 7505 7505 I wm_on_activity_result_called: [237468208,com.android.gallery3d.app.GalleryActivity,ACTIVITY_RESULT]
03-14 03:54:03.160 7505 7505 I wm_on_resume_called: [237468208,com.android.gallery3d.app.GalleryActivity,RESUME_ACTIVITY]
03-14 03:54:03.161 7505 7505 I wm_on_top_resumed_gained_called: [237468208,com.android.gallery3d.app.GalleryActivity,topWhenResuming]
03-14 03:54:03.165 1009 1184 I input_focus: [Focus request c8c65c7 com.android.gallery3d/com.android.gallery3d.app.GalleryActivity,reason=UpdateInputWindows]
03-14 03:54:03.167 1009 1183 I sysui_multi_action: [757,803,799,window_time_2,802,2]
03-14 03:54:03.169 1009 1587 I input_focus: [Focus leaving c72d114 android/com.android.internal.app.ResolverActivity (server),reason=NO_WINDOW]
03-14 03:54:03.170 1009 1587 I input_focus: [Focus entering c8c65c7 com.android.gallery3d/com.android.gallery3d.app.GalleryActivity (server),reason=setFocusedWindow]
03-14 03:54:03.402 1009 1183 I wm_destroy_activity: [0,236203086,139,android/com.android.internal.app.ResolverActivity,finish-transit]
03-14 03:54:03.414 7362 7362 I wm_on_stop_called: [236203086,com.android.internal.app.ResolverActivity,LIFECYCLER_STOP_ACTIVITY]
03-14 03:54:03.418 7362 7362 I wm_on_destroy_called: [236203086,com.android.internal.app.ResolverActivity,performDestroy]
03-14 03:54:04.347 1009 1587 I input_interaction: Interaction with: c8c65c7 com.android.gallery3d/com.android.gallery3d.app.GalleryActivity (server), edge-swipe (server), swipe-up (server), PointerEventDispatcher0 (server),
03-14 03:54:05.698 1009 3052 I wm_task_moved: [139,1,6]
03-14 03:54:05.698 1009 3052 I wm_set_resumed_activity: [0,com.android.gallery3d/.app.GalleryActivity,positionChildAt]
03-14 03:54:05.698 1009 3052 I wm_create_activity: [0,267676020,139,android/com.android.internal.app.ResolverActivity,android.intent.action.VIEW,video/*,content://media/external/video/media/21,8388608]
03-14 03:54:05.699 1009 3052 I wm_pause_activity: [0,237468208,com.android.gallery3d/.app.GalleryActivity,userLeaving=true,resumeTopActivityInnerLocked]
03-14 03:54:05.701 7505 7505 I wm_on_top_resumed_lost_called: [237468208,com.android.gallery3d.app.GalleryActivity,topStateChangedWhenResumed]
03-14 03:54:05.709 7505 7505 I wm_on_paused_called: [237468208,com.android.gallery3d.app.GalleryActivity,performPause]
03-14 03:54:05.710 1009 2156 I wm_restart_activity: [0,267676020,139,android/com.android.internal.app.ResolverActivity]
03-14 03:54:05.711 1009 2156 I wm_set_resumed_activity: [0,android/com.android.internal.app.ResolverActivity,minimalResumeActivityLocked]
03-14 03:54:05.712 1009 1183 I sysui_multi_action: [757,803,799,window_time_2,802,3]
03-14 03:54:05.722 7362 7362 I sysui_multi_action: [757,453,758,4,806,android.intent.action.VIEW:video/*:]
03-14 03:54:05.722 7362 7362 I wm_on_create_called: [267676020,com.android.internal.app.ResolverActivity,performCreate]
03-14 03:54:05.724 7362 7362 I wm_on_start_called: [267676020,com.android.internal.app.ResolverActivity,handleStartActivity]
03-14 03:54:05.724 7362 7362 I wm_on_resume_called: [267676020,com.android.internal.app.ResolverActivity,RESUME_ACTIVITY]
03-14 03:54:05.726 7362 7362 I wm_on_top_resumed_gained_called: [267676020,com.android.internal.app.ResolverActivity,topStateChangedWhenResumed]
03-14 03:54:05.744 1009 1184 I input_focus: [Focus request e0f7e6a android/com.android.internal.app.ResolverActivity,reason=UpdateInputWindows]
03-14 03:54:05.751 1009 1180 I sysui_multi_action: [319,58,322,58,325,212,757,761,758,8,759,2,806,android,871,com.android.internal.app.ResolverActivity,904,com.android.gallery3d,905,0,1320,12,1321,1]
03-14 03:54:05.752 1009 1180 I wm_activity_launch_time: [0,267676020,android/com.android.internal.app.ResolverActivity,58]
03-14 03:54:05.760 1009 1587 I input_focus: [Focus leaving c8c65c7 com.android.gallery3d/com.android.gallery3d.app.GalleryActivity (server),reason=setFocusedWindow]
03-14 03:54:05.760 1009 1587 I input_focus: [Focus entering e0f7e6a android/com.android.internal.app.ResolverActivity (server),reason=setFocusedWindow]
01-01 08:03:35.443 0 0 E DTC_ETH,link_delay_work_func: 3003, SQI=0, link=0
03-14 03:54:06.897 1009 1587 I input_interaction: Interaction with: e0f7e6a android/com.android.internal.app.ResolverActivity (server), edge-swipe (server), swipe-up (server), PointerEventDispatcher0 (server),
03-14 03:54:07.010 1009 1724 I wm_finish_activity: [0,267676020,139,android/com.android.internal.app.ResolverActivity,app-request]
03-14 03:54:07.023 1009 1724 I wm_pause_activity: [0,267676020,android/com.android.internal.app.ResolverActivity,userLeaving=false,finish]
03-14 03:54:07.027 7362 7362 I wm_on_top_resumed_lost_called: [267676020,com.android.internal.app.ResolverActivity,topStateChangedWhenResumed]
03-14 03:54:07.028 7362 7362 I wm_on_paused_called: [267676020,com.android.internal.app.ResolverActivity,performPause]
03-14 03:54:07.031 1009 1724 I wm_set_resumed_activity: [0,com.android.gallery3d/.app.GalleryActivity,resumeTopActivityInnerLocked]
03-14 03:54:07.032 1009 1724 I wm_resume_activity: [0,237468208,139,com.android.gallery3d/.app.GalleryActivity]
03-14 03:54:07.033 7505 7505 I wm_on_activity_result_called: [237468208,com.android.gallery3d.app.GalleryActivity,ACTIVITY_RESULT]
03-14 03:54:07.040 7505 7505 I wm_on_resume_called: [237468208,com.android.gallery3d.app.GalleryActivity,RESUME_ACTIVITY]
03-14 03:54:07.040 7505 7505 I wm_on_top_resumed_gained_called: [237468208,com.android.gallery3d.app.GalleryActivity,topWhenResuming]
03-14 03:54:07.041 1009 1184 I input_focus: [Focus request c8c65c7 com.android.gallery3d/com.android.gallery3d.app.GalleryActivity,reason=UpdateInputWindows]
03-14 03:54:07.041 1009 1183 I sysui_multi_action: [757,803,799,window_time_2,802,1]
03-14 03:54:07.047 1009 1587 I input_focus: [Focus leaving e0f7e6a android/com.android.internal.app.ResolverActivity (server),reason=NO_WINDOW]
03-14 03:54:07.047 1009 1587 I input_focus: [Focus entering c8c65c7 com.android.gallery3d/com.android.gallery3d.app.GalleryActivity (server),reason=setFocusedWindow]
03-14 03:54:07.295 1009 1183 I wm_destroy_activity: [0,267676020,139,android/com.android.internal.app.ResolverActivity,finish-transit]
03-14 03:54:07.326 7362 7362 I wm_on_stop_called: [267676020,com.android.internal.app.ResolverActivity,LIFECYCLER_STOP_ACTIVITY]
03-14 03:54:07.330 7362 7362 I wm_on_destroy_called: [267676020,com.android.internal.app.ResolverActivity,performDestroy]
03-14 03:54:07.742 1009 1587 I input_interaction: Interaction with: c8c65c7 com.android.gallery3d/com.android.gallery3d.app.GalleryActivity (server), edge-swipe (server), swipe-up (server), PointerEventDispatcher0 (server),
03-14 03:54:09.080 1009 2148 I wm_task_moved: [139,1,6]
03-14 03:54:09.080 1009 2148 I wm_set_resumed_activity: [0,com.android.gallery3d/.app.GalleryActivity,positionChildAt]
03-14 03:54:09.080 1009 2148 I wm_create_activity: [0,82213322,139,android/com.android.internal.app.ResolverActivity,android.intent.action.VIEW,video/*,content://media/external/video/media/21,8388608]
03-14 03:54:09.081 1009 2148 I wm_pause_activity: [0,237468208,com.android.gallery3d/.app.GalleryActivity,userLeaving=true,resumeTopActivityInnerLocked]
03-14 03:54:09.083 7505 7505 I wm_on_top_resumed_lost_called: [237468208,com.android.gallery3d.app.GalleryActivity,topStateChangedWhenResumed]
03-14 03:54:09.091 7505 7505 I wm_on_paused_called: [237468208,com.android.gallery3d.app.GalleryActivity,performPause]
03-14 03:54:09.092 1009 2153 I wm_restart_activity: [0,82213322,139,android/com.android.internal.app.ResolverActivity]
03-14 03:54:09.093 1009 2153 I wm_set_resumed_activity: [0,android/com.android.internal.app.ResolverActivity,minimalResumeActivityLocked]
03-14 03:54:09.095 1009 1183 I sysui_multi_action: [757,803,799,window_time_2,802,2]
03-14 03:54:09.105 7362 7362 I sysui_multi_action: [757,453,758,4,806,android.intent.action.VIEW:video/*:]
03-14 03:54:09.105 7362 7362 I wm_on_create_called: [82213322,com.android.internal.app.ResolverActivity,performCreate]
03-14 03:54:09.107 7362 7362 I wm_on_start_called: [82213322,com.android.internal.app.ResolverActivity,handleStartActivity]
03-14 03:54:09.108 7362 7362 I wm_on_resume_called: [82213322,com.android.internal.app.ResolverActivity,RESUME_ACTIVITY]
03-14 03:54:09.109 7362 7362 I wm_on_top_resumed_gained_called: [82213322,com.android.internal.app.ResolverActivity,topStateChangedWhenResumed]
03-14 03:54:09.120 1009 1184 I input_focus: [Focus request 901d070 android/com.android.internal.app.ResolverActivity,reason=UpdateInputWindows]
03-14 03:54:09.128 1009 1180 I sysui_multi_action: [319,53,322,53,325,215,757,761,758,8,759,2,806,android,871,com.android.internal.app.ResolverActivity,904,com.android.gallery3d,905,0,1320,12,1321,1]
03-14 03:54:09.128 1009 1180 I wm_activity_launch_time: [0,82213322,android/com.android.internal.app.ResolverActivity,53]
03-14 03:54:09.135 1009 1587 I input_focus: [Focus leaving c8c65c7 com.android.gallery3d/com.android.gallery3d.app.GalleryActivity (server),reason=setFocusedWindow]
03-14 03:54:09.135 1009 1587 I input_focus: [Focus entering 901d070 android/com.android.internal.app.ResolverActivity (server),reason=setFocusedWindow]
03-14 03:54:09.187 1009 1188 I am_pss : [7628,10023,com.android.documentsui,38749184,32911360,0,164036608,0,18,7]
03-14 03:54:09.194 1009 1188 I am_pss : [6079,10102,com.qiyi.video:QS,27155456,9539584,0,143446016,0,19,6]
03-14 03:54:10.102 1009 1587 I input_interaction: Interaction with: 901d070 android/com.android.internal.app.ResolverActivity (server), edge-swipe (server), swipe-up (server), PointerEventDispatcher0 (server),
03-14 03:54:10.197 1009 2178 I wm_finish_activity: [0,82213322,139,android/com.android.internal.app.ResolverActivity,app-request]
03-14 03:54:10.205 1009 2178 I wm_pause_activity: [0,82213322,android/com.android.internal.app.ResolverActivity,userLeaving=false,finish]
03-14 03:54:10.208 7362 7362 I wm_on_top_resumed_lost_called: [82213322,com.android.internal.app.ResolverActivity,topStateChangedWhenResumed]
03-14 03:54:10.210 7362 7362 I wm_on_paused_called: [82213322,com.android.internal.app.ResolverActivity,performPause]
03-14 03:54:10.214 1009 2178 I wm_set_resumed_activity: [0,com.android.gallery3d/.app.GalleryActivity,resumeTopActivityInnerLocked]
03-14 03:54:10.215 1009 2178 I wm_resume_activity: [0,237468208,139,com.android.gallery3d/.app.GalleryActivity]
03-14 03:54:10.216 7505 7505 I wm_on_activity_result_called: [237468208,com.android.gallery3d.app.GalleryActivity,ACTIVITY_RESULT]
03-14 03:54:10.224 1009 1587 I input_focus: [Focus leaving 901d070 android/com.android.internal.app.ResolverActivity (server),reason=NO_WINDOW]
03-14 03:54:10.225 7505 7505 I wm_on_resume_called: [237468208,com.android.gallery3d.app.GalleryActivity,RESUME_ACTIVITY]
03-14 03:54:10.225 7505 7505 I wm_on_top_resumed_gained_called: [237468208,com.android.gallery3d.app.GalleryActivity,topWhenResuming]
03-14 03:54:10.225 1009 1184 I input_focus: [Focus request c8c65c7 com.android.gallery3d/com.android.gallery3d.app.GalleryActivity,reason=UpdateInputWindows]
03-14 03:54:10.226 1009 1183 I sysui_multi_action: [757,803,799,window_time_2,802,1]
03-14 03:54:10.238 1009 1587 I input_focus: [Focus entering c8c65c7 com.android.gallery3d/com.android.gallery3d.app.GalleryActivity (server),reason=setFocusedWindow]
03-14 03:54:10.469 1009 1183 I wm_destroy_activity: [0,82213322,139,android/com.android.internal.app.ResolverActivity,finish-transit]
03-14 03:54:10.500 7362 7362 I wm_on_stop_called: [82213322,com.android.internal.app.ResolverActivity,LIFECYCLER_STOP_ACTIVITY]
03-14 03:54:10.504 7362 7362 I wm_on_destroy_called: [82213322,com.android.internal.app.ResolverActivity,performDestroy]
01-01 08:03:40.563 0 0 E DTC_ETH,link_delay_work_func: 3003, SQI=0, link=0
01-01 08:03:45.683 0 0 E DTC_ETH,link_delay_work_func: 3003, SQI=0, link=0
03-14 03:54:19.891 1009 1188 I am_pss : [2625,10074,com.android.launcher3,100881408,95059968,0,228421632,0,2,14]
03-14 03:54:20.339 6881 6881 I auditd : type=1400 audit(0.0:3364): avc: denied { open } for comm="HCDN_DownloadEn" path="/proc/stat" dev="proc" ino=4026532236 scontext=u:r:untrusted_app:s0:c102,c256,c512,c768 tcontext=u:object_r:proc_stat:s0 tclass=file permissive=1 app=com.qiyi.video
03-14 03:54:20.339 6881 6881 I auditd : type=1400 audit(0.0:3365): avc: denied { getattr } for comm="HCDN_DownloadEn" path="/proc/stat" dev="proc" ino=4026532236 scontext=u:r:untrusted_app:s0:c102,c256,c512,c768 tcontext=u:object_r:proc_stat:s0 tclass=file permissive=1 app=com.qiyi.video
01-01 08:03:50.803 0 0 E DTC_ETH,link_delay_work_func: 3003, SQI=0, link=0
01-01 08:03:55.923 0 0 E DTC_ETH,link_delay_work_func: 3003, SQI=0, link=0
03-14 03:54:30.495 1009 1194 I am_uid_idle: 10101
01-01 08:04:01.043 0 0 E DTC_ETH,link_delay_work_func: 3003, SQI=0, link=0
01-01 08:04:06.163 0 0 E DTC_ETH,link_delay_work_func: 3003, SQI=0, link=0
03-14 03:54:37.790 1009 1587 I input_interaction: Interaction with: c8c65c7 com.android.gallery3d/com.android.gallery3d.app.GalleryActivity (server), edge-swipe (server), swipe-up (server), PointerEventDispatcher0 (server),
03-14 03:54:37.934 1009 3052 I wm_task_moved: [139,1,6]
03-14 03:54:37.934 1009 3052 I wm_set_resumed_activity: [0,com.android.gallery3d/.app.GalleryActivity,positionChildAt]
03-14 03:54:37.934 1009 3052 I wm_create_activity: [0,65028558,139,android/com.android.internal.app.ResolverActivity,android.intent.action.VIEW,video/*,content://media/external/video/media/21,8388608]
03-14 03:54:37.935 1009 3052 I wm_pause_activity: [0,237468208,com.android.gallery3d/.app.GalleryActivity,userLeaving=true,resumeTopActivityInnerLocked]
03-14 03:54:37.937 7505 7505 I wm_on_top_resumed_lost_called: [237468208,com.android.gallery3d.app.GalleryActivity,topStateChangedWhenResumed]
03-14 03:54:37.946 7505 7505 I wm_on_paused_called: [237468208,com.android.gallery3d.app.GalleryActivity,performPause]
03-14 03:54:37.947 1009 2148 I wm_restart_activity: [0,65028558,139,android/com.android.internal.app.ResolverActivity]
03-14 03:54:37.948 1009 2148 I wm_set_resumed_activity: [0,android/com.android.internal.app.ResolverActivity,minimalResumeActivityLocked]
03-14 03:54:37.950 1009 1183 I sysui_multi_action: [757,803,799,window_time_2,802,28]
03-14 03:54:37.959 7362 7362 I sysui_multi_action: [757,453,758,4,806,android.intent.action.VIEW:video/*:]
03-14 03:54:37.960 7362 7362 I wm_on_create_called: [65028558,com.android.internal.app.ResolverActivity,performCreate]
03-14 03:54:37.962 7362 7362 I wm_on_start_called: [65028558,com.android.internal.app.ResolverActivity,handleStartActivity]
03-14 03:54:37.962 7362 7362 I wm_on_resume_called: [65028558,com.android.internal.app.ResolverActivity,RESUME_ACTIVITY]
03-14 03:54:37.963 7362 7362 I wm_on_top_resumed_gained_called: [65028558,com.android.internal.app.ResolverActivity,topStateChangedWhenResumed]
03-14 03:54:37.972 1009 1184 I input_focus: [Focus request 8f5294 android/com.android.internal.app.ResolverActivity,reason=UpdateInputWindows]
03-14 03:54:37.980 1009 1180 I sysui_multi_action: [319,52,322,52,325,244,757,761,758,8,759,2,806,android,871,com.android.internal.app.ResolverActivity,904,com.android.gallery3d,905,0,1320,12,1321,1]
03-14 03:54:37.980 1009 1180 I wm_activity_launch_time: [0,65028558,android/com.android.internal.app.ResolverActivity,52]
03-14 03:54:37.987 1009 1587 I input_focus: [Focus leaving c8c65c7 com.android.gallery3d/com.android.gallery3d.app.GalleryActivity (server),reason=setFocusedWindow]
03-14 03:54:37.987 1009 1587 I input_focus: [Focus entering 8f5294 android/com.android.internal.app.ResolverActivity (server),reason=setFocusedWindow]
03-14 03:54:38.036 1009 1188 I am_pss : [7628,10023,com.android.documentsui,38654976,32817152,0,163942400,0,18,7]
03-14 03:54:38.043 1009 1188 I am_pss : [4503,10028,com.android.externalstorage,6321152,4472832,0,98959360,0,19,5]
03-14 03:54:40.480 1009 1587 I input_interaction: Interaction with: 8f5294 android/com.android.internal.app.ResolverActivity (server), edge-swipe (server), swipe-up (server), PointerEventDispatcher0 (server),
03-14 03:54:40.587 1009 2148 I wm_finish_activity: [0,65028558,139,android/com.android.internal.app.ResolverActivity,app-request]
03-14 03:54:40.602 1009 2148 I wm_pause_activity: [0,65028558,android/com.android.internal.app.ResolverActivity,userLeaving=false,finish]
03-14 03:54:40.606 7362 7362 I wm_on_top_resumed_lost_called: [65028558,com.android.internal.app.ResolverActivity,topStateChangedWhenResumed]
03-14 03:54:40.607 7362 7362 I wm_on_paused_called: [65028558,com.android.internal.app.ResolverActivity,performPause]
03-14 03:54:40.615 1009 1724 I wm_set_resumed_activity: [0,com.android.gallery3d/.app.GalleryActivity,resumeTopActivityInnerLocked]
03-14 03:54:40.617 1009 1724 I wm_resume_activity: [0,237468208,139,com.android.gallery3d/.app.GalleryActivity]
03-14 03:54:40.626 7505 7505 I wm_on_activity_result_called: [237468208,com.android.gallery3d.app.GalleryActivity,ACTIVITY_RESULT]
03-14 03:54:40.629 1009 1184 I input_focus: [Focus request c8c65c7 com.android.gallery3d/com.android.gallery3d.app.GalleryActivity,reason=UpdateInputWindows]
03-14 03:54:40.629 1009 1183 I sysui_multi_action: [757,803,799,window_time_2,802,3]
03-14 03:54:40.633 7505 7505 I wm_on_resume_called: [237468208,com.android.gallery3d.app.GalleryActivity,RESUME_ACTIVITY]
03-14 03:54:40.633 7505 7505 I wm_on_top_resumed_gained_called: [237468208,com.android.gallery3d.app.GalleryActivity,topWhenResuming]
03-14 03:54:40.642 1009 1587 I input_focus: [Focus leaving 8f5294 android/com.android.internal.app.ResolverActivity (server),reason=NO_WINDOW]
