03-14 03:51:10.586 1009 1195 I am_proc_start: [0,3745,10029,com.android.packageinstaller,broadcast,{com.android.packageinstaller/com.android.packageinstaller.TemporaryFileManager}]
01-01 08:00:39.301 0 0 I [schedu][0x2cfa1aa7][03:51:10.599607] wlan: [3591:I:OSIF] scan start scan id 40961
01-01 08:00:39.304 0 0 I binder : 3745:3745 ioctl 40046210 7fd9aef714 returned -22
03-14 03:51:10.609 1009 2192 I am_proc_bound: [0,3745,com.android.packageinstaller]
03-14 03:51:10.611 1009 2192 I am_uid_active: 10029
03-14 03:51:10.651 1009 1009 I notification_cancel_all: [1002,2005,com.android.bluetooth,0,0,64,9,NULL]
03-14 03:51:10.668 1009 2192 I am_uid_running: 10090
03-14 03:51:10.678 1009 1195 I am_proc_start: [0,3765,10090,com.android.permissioncontroller,broadcast,{com.android.permissioncontroller/com.android.permissioncontroller.permission.service.LocationAccessCheck$SetupPeriodicBackgroundLocationAccessCheck}]
01-01 08:00:39.398 0 0 I binder : 3765:3765 ioctl 40046210 7fd9aef714 returned -22
03-14 03:51:10.702 1009 2192 I am_proc_bound: [0,3765,com.android.permissioncontroller]
03-14 03:51:10.705 1009 2192 I am_uid_active: 10090
03-14 03:51:10.721 1009 2192 I sysui_multi_action: [757,128,758,1,793,4266,794,0,795,4266,796,26,798,0,806,android,857,DEVELOPER_IMPORTANT,858,4,947,0,1395,3,1500,3880,1688,1]
03-14 03:51:10.721 1009 2192 I sysui_multi_action: [757,804,799,note_freshness,801,4266,802,1]
03-14 03:51:10.721 1009 2192 I notification_visibility: [-1|android|26|null|1000,1,4266,4266,0,0]
03-14 03:51:10.721 1009 2192 I sysui_multi_action: [757,128,758,2,793,5071,794,501,795,5071,796,32,798,1,806,android,857,USB,858,1,947,0,1395,2,1500,4994,1688,1]
03-14 03:51:10.722 1009 2192 I notification_visibility: [-1|android|32|null|1000,0,5071,5071,0,1]
01-01 08:00:39.495 0 0 I IRQ 5 : no longer affine to CPU4
03-14 03:51:10.822 1009 2192 I am_uid_running: 10020
03-14 03:51:10.834 1009 1195 I am_proc_start: [0,3787,10020,com.android.providers.calendar,broadcast,{com.android.providers.calendar/com.android.providers.calendar.CalendarReceiver}]
01-01 08:00:39.554 0 0 I binder : 3787:3787 ioctl 40046210 7fd9aef714 returned -22
03-14 03:51:10.863 1009 2192 I am_proc_bound: [0,3787,com.android.providers.calendar]
03-14 03:51:10.867 1009 2192 I am_uid_active: 10020
03-14 03:51:10.988 1009 2192 I am_uid_running: 2000
03-14 03:51:11.000 1009 1195 I am_proc_start: [0,3810,2000,com.android.shell,broadcast,{com.android.shell/com.android.shell.HeapDumpReceiver}]
01-01 08:00:39.718 0 0 I binder : 3810:3810 ioctl 40046210 7fd9aef714 returned -22
03-14 03:51:11.022 1009 2192 I am_proc_bound: [0,3810,com.android.shell]
03-14 03:51:11.030 1009 2192 I am_uid_active: 2000
03-14 03:51:11.092 1009 2192 I am_uid_running: 10075
03-14 03:51:11.102 1009 1195 I am_proc_start: [0,3828,10075,com.qti.ltebc,broadcast,{com.qti.ltebc/com.qualcomm.ltebc.LTEBroadcastBootReceiver}]
03-14 03:51:11.117 1009 1585 I am_proc_bound: [0,3828,com.qti.ltebc]
01-01 08:00:39.816 0 0 I binder : 3828:3828 ioctl 40046210 7fd9aef714 returned -22
03-14 03:51:11.120 1009 1585 I am_uid_active: 10075
01-01 08:00:39.927 0 0 I IRQ 5 : no longer affine to CPU6
03-14 03:51:11.367 3868 3868 I auditd : type=1400 audit(0.0:928): avc: denied { read } for comm="cat" name="address" dev="sysfs" ino=66002 scontext=u:r:platform_app:s0:c512,c768 tcontext=u:object_r:sysfs:s0 tclass=file permissive=1 app=com.hht.lebocast
03-14 03:51:11.367 3868 3868 I auditd : type=1400 audit(0.0:929): avc: denied { open } for comm="cat" path="/sys/devices/platform/soc/1c08000.qcom,pcie/pci0001:00/0001:00:00.0/0001:01:00.0/net/eth0/address" dev="sysfs" ino=66002 scontext=u:r:platform_app:s0:c512,c768 tcontext=u:object_r:sysfs:s0 tclass=file permissive=1 app=com.hht.lebocast
03-14 03:51:11.511 1009 1585 I am_proc_died: [0,3828,com.qti.ltebc,905,19]
03-14 03:51:11.512 1009 1585 I am_uid_stopped: 10075
03-14 03:51:11.514 1009 2148 I am_uid_running: 10058
03-14 03:51:11.520 1009 1195 I am_proc_start: [0,3874,10058,com.qualcomm.qti.qms.service.connectionsecurity,broadcast,{com.qualcomm.qti.qms.service.connectionsecurity/com.qualcomm.qti.qms.service.connectionsecurity.ConnSecBroadcastReceiver}]
01-01 08:00:40.240 0 0 I binder : 3874:3874 ioctl 40046210 ffaa2348 returned -22
03-14 03:51:11.547 1009 2148 I am_proc_bound: [0,3874,com.qualcomm.qti.qms.service.connectionsecurity]
03-14 03:51:11.551 1009 2148 I am_uid_active: 10058
01-01 08:00:40.316 0 0 I binder : 2970:2970 ioctl 40046210 7fd9aeedc4 returned -22
03-14 03:51:11.649 1009 1194 I am_uid_running: 10101
03-14 03:51:11.658 1009 1195 I am_proc_start: [0,3900,10101,com.sohu.sohuvideo,broadcast,{com.sohu.sohuvideo/com.sohu.sohuvideo.control.push.PushBootReceiver}]
01-01 08:00:40.375 0 0 I binder : 2132:2132 ioctl 40046210 7fd9aee254 returned -22
01-01 08:00:40.380 0 0 I binder : 3900:3900 ioctl 40046210 ffaa2348 returned -22
03-14 03:51:11.681 1009 3052 I am_proc_bound: [0,3900,com.sohu.sohuvideo]
03-14 03:51:11.683 1009 3052 I service_manager_stats: [141,145,5013]
03-14 03:51:11.685 1009 3052 I am_uid_active: 10101
01-01 08:00:40.482 0 0 I [schedu][0x2e54477a][03:51:11.781218] wlan: [3591:I:OSIF] vdev 0, scan id 40961 type COMPLETED(1) reason COMPLETED(1) scan found 8 bss
01-01 08:00:40.579 0 0 I logd : start watching /data/system/packages.list ...
01-01 08:00:40.581 0 0 I logd : ReadPackageList, total packages: 107
03-14 03:51:11.882 1009 1218 I commit_sys_config_file: [package-user-0,3]
03-14 03:51:11.882 1009 1218 I commit_sys_config_file: [package,102]
01-01 08:00:40.671 0 0 I [schedu][0x2e8badb9][03:51:11.970314] wlan: [3591:I:HIF] Deinitializing Runtime PM wakelock &vdev->vdev_set_key_runtime_wakelock
01-01 08:00:40.672 0 0 I [schedu][0x2e8bd73d][03:51:11.970868] wlan: [3591:I:HIF] Initializing Runtime PM wakelock &vdev->vdev_set_key_runtime_wakelock
01-01 08:00:40.679 0 0 I IRQ 5 : no longer affine to CPU7
01-01 08:00:40.688 0 0 I [wifi@1][0x2e90ab5a][03:51:11.987349] wlan: [868:I:DP] dp_vdev_attach_wifi3: wlan_cfg_ap_bridge_enabled 0
01-01 08:00:40.698 0 0 E [wifi@1][0x2e93a633][03:51:11.997521] wlan: [3617:E:wifipos] wifi_pos_process_app_reg_req: 608: Received App Req Req pid(1283457892), len(16)
01-01 08:00:40.713 0 0 I [wifi@1][0x2e97de07][03:51:12.011918] wlan: [3617:I:wifipos] wifi_pos_get_ch_info: 461: num channels: 26
01-01 08:00:40.713 0 0 I [wifi@1][0x2e97ebe3][03:51:12.012103] wlan: [3617:I:wifipos] wifi_pos_get_ch_info: 461: num channels: 26
03-14 03:51:11.991 3933 3933 I auditd : type=1400 audit(0.0:930): avc: denied { search } for comm="cat" name="net" dev="sysfs" ino=46949 scontext=u:r:untrusted_app:s0:c101,c256,c512,c768 tcontext=u:object_r:sysfs_net:s0 tclass=dir permissive=1 app=com.sohu.sohuvideo
03-14 03:51:11.991 3933 3933 I auditd : type=1400 audit(0.0:931): avc: denied { read } for comm="cat" name="address" dev="sysfs" ino=80846 scontext=u:r:untrusted_app:s0:c101,c256,c512,c768 tcontext=u:object_r:sysfs_net:s0 tclass=file permissive=1 app=com.sohu.sohuvideo
03-14 03:51:11.991 3933 3933 I auditd : type=1400 audit(0.0:932): avc: denied { open } for comm="cat" path="/sys/devices/platform/soc/1c00000.qcom,pcie/pci0000:00/0000:00:00.0/0000:01:00.0/net/wlan0/address" dev="sysfs" ino=80846 scontext=u:r:untrusted_app:s0:c101,c256,c512,c768 tcontext=u:object_r:sysfs_net:s0 tclass=file permissive=1 app=com.sohu.sohuvideo
03-14 03:51:12.059 3900 3900 I auditd : type=1400 audit(0.0:933): avc: denied { bind } for comm="DnsConfigServic" scontext=u:r:untrusted_app:s0:c101,c256,c512,c768 tcontext=u:r:untrusted_app:s0:c101,c256,c512,c768 tclass=netlink_route_socket permissive=1 bug=b/155595000 app=com.sohu.sohuvideo
01-01 08:00:40.823 0 0 I IRQ 5 : no longer affine to CPU7
01-01 08:00:40.879 0 0 I [wpa_su][0x2ec8b272][03:51:12.178590] wlan: [3628:I:SME] vdev-0: Connecting to 傻fufu d6:44:3b:15:39:91 rssi: -59 freq: 2412 akm 9 cipher: uc 6 mc 6, CC:
01-01 08:00:40.880 0 0 E [wpa_su][0x2ec8b93e][03:51:12.178681] wlan: [3628:E:QDF] Cannot malloc 0 bytes @ csr_get_cfg_max_tx_power:14199
01-01 08:00:40.892 0 0 I [schedu][0x2ecc582b][03:51:12.191040] wlan: [3591:I:WMI] send_vdev_start_cmd_tlv: 1062: send_vdev_start_cmd_tlv: vdev_id 0 freq 2412 chanmode 11 ch_info: 0xb is_dfs 0 beacon interval 100 dtim 0 center_chan 2412 center_freq2 0 reg_info_1: 0x140000 reg_info_2: 0x1400, req->max_txpow: 0x14 Tx SS 1, Rx SS 1, ldpc_rx: 0, cac 0, regd 4, HE ops: 0req->dis_hw_ack: 0
03-14 03:51:12.191 3900 3900 I auditd : type=1400 audit(0.0:934): avc: denied { read } for comm="ioWorkThread1-t" name="cache" dev="dm-5" ino=16 scontext=u:r:untrusted_app:s0:c101,c256,c512,c768 tcontext=u:object_r:cache_file:s0 tclass=lnk_file permissive=1 app=com.sohu.sohuvideo
01-01 08:00:40.906 0 0 I [soft_i][0x2ed077f3][03:51:12.205117] wlan: [0:I:TXRX] HTT_T2H_MSG_TYPE_PEER_MAP msg for peer id 8 vdev id 0 n
01-01 08:00:40.906 0 0 E [soft_i][0x2ed07a26][03:51:12.205147] wlan: [0:E:DP] dp_peer_find_add_id: peer 0000000000000000 ID 8 vid 0 mac d6:44:3b:15:39:91
01-01 08:00:40.919 0 0 I [soft_i][0x2ed45017][03:51:12.218239] wlan: [0:I:DP] dp_peer_find_add_id: ref_cnt: 2
01-01 08:00:40.919 0 0 E [soft_i][0x2ed45116][03:51:12.218252] wlan: [0:E:DP] dp_peer_map_ast: peer 0000000000000000 ID 10 vid 0 mac d6:44:3b:15:39:91
03-14 03:51:12.215 4006 4006 I auditd : type=1400 audit(0.0:935): avc: denied { open } for comm="getprop" path="/dev/__properties__/u:object_r:ab_update_gki_prop:s0" dev="tmpfs" ino=3256 scontext=u:r:untrusted_app:s0:c101,c256,c512,c768 tcontext=u:object_r:ab_update_gki_prop:s0 tclass=file permissive=1 app=com.sohu.sohuvideo
01-01 08:00:40.923 0 0 W audit_log_lost: 1068 callbacks suppressed
01-01 08:00:40.923 0 0 W audit : audit_lost=1706 audit_rate_limit=5 audit_backlog_limit=64
01-01 08:00:40.932 0 0 E audit : rate limit exceeded
01-01 08:00:41.050 0 0 I [schedu][0x2efab8fb][03:51:12.349344] wlan: [3591:I:PE] Auth TX: seq 1 seq num 2049 status 0 WEP 0 to d6:44:3b:15:39:91
01-01 08:00:41.070 0 0 I [schedu][0x2f00a3a5][03:51:12.369540] wlan: [3591:I:PE] Auth TX: success
01-01 08:00:41.080 0 0 I [schedu][0x2f035d3b][03:51:12.378841] wlan: [3591:I:PE] Auth RX: vdev 0 sys role 3 lim_state 5 from d6:44:3b:15:39:91 rssi -60 auth_alg 0 seq 1199
01-01 08:00:41.080 0 0 I [schedu][0x2f036d30][03:51:12.379054] wlan: [3591:I:PE] Assoc req TX: vdev 0 to d6:44:3b:15:39:91 seq num 2050
01-01 08:00:41.088 0 0 I [schedu][0x2f05c8c3][03:51:12.387101] wlan: [3591:I:PE] Assoc req TX: success
01-01 08:00:41.095 0 0 I [schedu][0x2f07f062][03:51:12.394456] wlan: [3591:I:PE] Assoc rsp RX: subtype 0 vdev 0 sys role 3 lim state 10 rssi -60 from d6:44:3b:15:39:91
03-14 03:51:12.431 1009 2148 I am_uid_running: 10093
01-01 08:00:41.106 0 0 E [schedu][0x2f0b0c31][03:51:12.405067] wlan: [3591:E:QDF] Cannot malloc 0 bytes @ csr_get_cfg_max_tx_power:14199
01-01 08:00:41.120 0 0 E [schedu][0x2f0f060f][03:51:12.418639] wlan: [3591:E:QDF] Cannot malloc 0 bytes @ csr_get_cfg_max_tx_power:14199
01-01 08:00:41.131 0 0 E [soft_i][0x2f1277c0][03:51:12.430395] wlan: [0:E:DP] dp_tx_initialize_threshold: tx flow control threshold is set, pool size is 4096
03-14 03:51:12.436 1009 1195 I am_proc_start: [0,4046,10101,com.sohu.sohuvideo:pushservice,service,{com.sohu.sohuvideo/com.sohu.sohuvideo.control.push.GexinPushService}]
01-01 08:00:41.145 0 0 I [schedu][0x2f166310][03:51:12.443772] wlan: [3591:I:HDD] wlan0(vdevid-0): ba:fd:a2:24:92:1b connected to d6:44:3b:15:39:91
01-01 08:00:41.148 0 0 I [dp_rx_][0x2f177db4][03:51:12.447541] wlan: [3593:I:QDF] EAPOL-1 RX: SA:d6:44:3b:15:39:91 DA:ba:fd:a2:24:92:1b
03-14 03:51:12.450 1009 1195 I am_proc_start: [0,4049,10093,com.tencent.mtt:service,broadcast,{com.tencent.mtt/com.tencent.mtt.browser.push.service.PushStatReceiver}]
01-01 08:00:41.158 0 0 I binder : 4046:4046 ioctl 40046210 ffaa2348 returned -22
03-14 03:51:12.465 1009 2148 I am_proc_bound: [0,4046,com.sohu.sohuvideo:pushservice]
01-01 08:00:41.177 0 0 I [soft_i][0x2f1feb8e][03:51:12.476312] wlan: [0:I:QDF] EAPOL-2 TX: SA:ba:fd:a2:24:92:1b DA:d6:44:3b:15:39:91 msdu_id:0 status: succ
01-01 08:00:41.180 0 0 I binder : 4049:4049 ioctl 40046210 ffaa2348 returned -22
03-14 03:51:12.487 1009 2192 I am_proc_bound: [0,4049,com.tencent.mtt:service]
03-14 03:51:12.496 1009 2192 I am_uid_active: 10093
01-01 08:00:41.198 0 0 I [dp_rx_][0x2f2620c5][03:51:12.497502] wlan: [3593:I:QDF] EAPOL-3 RX: SA:d6:44:3b:15:39:91 DA:ba:fd:a2:24:92:1b
01-01 08:00:41.202 0 0 I [soft_i][0x2f270e90][03:51:12.500672] wlan: [0:I:QDF] EAPOL-4 TX: SA:ba:fd:a2:24:92:1b DA:d6:44:3b:15:39:91 msdu_id:0 status: succ
01-01 08:00:41.211 0 0 E [schedu][0x2f29d633][03:51:12.510161] wlan: [3591:E:QDF] Cannot malloc 0 bytes @ csr_get_cfg_max_tx_power:14199
01-01 08:00:41.235 0 0 I [schedu][0x2f30dca1][03:51:12.534140] wlan: [3591:I:WMI] LFR3:OKC enabled
01-01 08:00:41.235 0 0 I [schedu][0x2f30dd1c][03:51:12.534146] wlan: [3591:I:WMI] LFR3:PMKSA caching enabled
01-01 08:00:41.271 0 0 I IRQ 5 : no longer affine to CPU5
01-01 08:00:41.337 0 0 E [wifi@1][0x2f4eac45][03:51:12.635895] wlan: [868:E:HDD] hdd_enable_ns_offload: 484: Failed to cache ns request; status:4
01-01 08:00:41.363 0 0 E DTC_ETH,link_delay_work_func: 3003, SQI=0, link=0
01-01 08:00:41.377 0 0 I init : Sending signal 9 to service 'idmap2d' (pid 1308) process group...
03-14 03:51:12.677 1009 1689 I netstats_mobile_sample: [0,0,0,0,0,0,0,0,0,0,0,0,1678737072677]
03-14 03:51:12.677 1009 1689 I netstats_wifi_sample: [0,0,0,0,0,0,0,0,0,0,0,0,1678737072677]
01-01 08:00:41.382 0 0 I libprocessgroup: Successfully killed process cgroup uid 1000 pid 1308 in 5ms
01-01 08:00:41.385 0 0 I init : Control message: Processed ctl.stop for 'idmap2d' from pid: 1009 (system_server)
01-01 08:00:41.386 0 0 I init : Service 'idmap2d' (pid 1308) received signal 9
03-14 03:51:12.704 512 512 I auditd : avc: denied { find } for pid=4046 uid=10101 name=com.qihoo360.rootserver scontext=u:r:untrusted_app:s0:c101,c256,c512,c768 tcontext=u:object_r:default_android_service:s0 tclass=service_manager permissive=1
01-01 08:00:41.453 0 0 I [soft_i][0x2f70a8c9][03:51:12.751902] wlan: [0:I:QDF] DHCP-R TX: SA:ba:fd:a2:24:92:1b DA:ff:ff:ff:ff:ff:ff msdu_id:1 status: succ
01-01 08:00:41.459 0 0 I [dp_rx_][0x2f725c62][03:51:12.757710] wlan: [3593:I:QDF] DHCP-R RX: SA:ba:fd:a2:24:92:1b DA:ff:ff:ff:ff:ff:ff
01-01 08:00:41.463 0 0 I IRQ 5 : no longer affine to CPU4
01-01 08:00:41.464 0 0 I [dp_rx_][0x2f73e873][03:51:12.762991] wlan: [3593:I:QDF] DHCP-A RX: SA:d6:44:3b:15:39:91 DA:ba:fd:a2:24:92:1b
03-14 03:51:12.783 1009 1689 I netstats_mobile_sample: [0,0,0,0,0,0,0,0,0,0,0,0,1678737072783]
03-14 03:51:12.783 1009 1689 I netstats_wifi_sample: [0,0,0,0,0,0,0,0,0,0,0,0,1678737072783]
03-14 03:51:12.797 1009 1689 I netstats_mobile_sample: [0,0,0,0,0,0,0,0,0,0,0,0,1678737072797]
03-14 03:51:12.797 1009 1689 I netstats_wifi_sample: [0,0,0,0,0,0,0,0,0,0,0,0,1678737072797]
03-14 03:51:12.805 1009 1689 I netstats_mobile_sample: [0,0,0,0,0,0,0,0,0,0,0,0,1678737072805]
03-14 03:51:12.805 1009 1689 I netstats_wifi_sample: [0,0,0,0,0,0,0,0,0,0,0,0,1678737072805]
03-14 03:51:12.824 1009 1689 I netstats_mobile_sample: [0,0,0,0,0,0,0,0,0,0,0,0,1678737072824]
03-14 03:51:12.824 1009 1689 I netstats_wifi_sample: [0,0,0,0,0,0,0,0,0,0,0,0,1678737072824]
03-14 03:51:12.835 1009 1689 I netstats_mobile_sample: [0,0,0,0,0,0,0,0,0,0,0,0,1678737072835]
03-14 03:51:12.835 1009 1689 I netstats_wifi_sample: [0,0,64,1,0,0,64,1,0,0,64,1,1678737072835]
01-01 08:00:41.564 0 0 I [soft_i][0x2f9144c3][03:51:12.863208] wlan: [0:I:DP] dp_addba_requestprocess_wifi3 restore BA win 64 based on addba req
01-01 08:00:41.564 0 0 E [schedu][0x2f9159ed][03:51:12.863490] wlan: [3591:E:PE] lim_process_addba_req: 1716: Failed to process addba request
01-01 08:00:41.567 0 0 E [wifi@1][0x2f923983][03:51:12.866471] wlan: [868:E:QDF] Cannot malloc 0 bytes @ csr_get_cfg_max_tx_power:14199
03-14 03:51:12.876 1009 1662 I service_manager_slow: [13,alarm]
01-01 08:00:41.583 0 0 E [schedu][0x2f96b679][03:51:12.881791] wlan: [3591:E:DP] dp_addba_resp_tx_completion_wifi3: 2706: RxTid- 0 addba rsp tx completion failed
01-01 08:00:41.588 0 0 E [wifi@1][0x2f984a43][03:51:12.887175] wlan: [868:E:QDF] Cannot malloc 0 bytes @ csr_get_cfg_max_tx_power:14199
01-01 08:00:41.602 0 0 I [schedu][0x2f9c488e][03:51:12.900805] wlan: [3591:I:WMI] LFR3:OKC enabled
01-01 08:00:41.613 0 0 I [schedu][0x2f9f8050][03:51:12.911789] wlan: [3591:I:WMI] LFR3:PMKSA caching enabled
01-01 08:00:41.613 0 0 I [schedu][0x2f9f8a61][03:51:12.911923] wlan: [3591:I:WMI] LFR3:OKC enabled
01-01 08:00:41.613 0 0 I [schedu][0x2f9f8a8d][03:51:12.911925] wlan: [3591:I:WMI] LFR3:PMKSA caching enabled
01-01 08:00:41.619 0 0 I display_panel_avdd: disabling
01-01 08:00:41.619 0 0 I vdd_tof : disabling
01-01 08:00:41.664 0 0 I [soft_i][0x2fae9c9c][03:51:12.963366] wlan: [0:I:DP] dp_addba_requestprocess_wifi3 restore BA win 64 based on addba req
01-01 08:00:41.664 0 0 I [soft_i][0x2faea69d][03:51:12.963499] wlan: [0:I:DP] dp_addba_requestprocess_wifi3 restore BA win 64 based on addba req
01-01 08:00:41.677 0 0 I [soft_i][0x2fb25c20][03:51:12.976160] wlan: [0:I:DP] dp_addba_requestprocess_wifi3 restore BA win 64 based on addba req
01-01 08:00:41.719 0 0 I IRQ 5 : no longer affine to CPU6
01-01 08:00:42.438 0 0 W cnss-daemon: Invalid mac address
01-01 08:00:42.438 0 0 W cnss-daemon: failed to update gateway
03-14 03:51:13.737 1009 1689 I netstats_mobile_sample: [0,0,0,0,0,0,0,0,0,0,0,0,1678737073737]
03-14 03:51:13.737 1009 1689 I netstats_wifi_sample: [45977,147,30957,216,45977,147,30957,216,52120,192,24487,196,1678737073737]
03-14 03:51:13.967 0 0 I auditd : type=1400 audit(0.0:1837): avc: denied { kill } for comm="swapper/1" capability=5 scontext=u:r:kernel:s0 tcontext=u:r:kernel:s0 tclass=capability permissive=1
03-14 03:51:14.146 1009 1195 I am_proc_start: [0,4229,10093,com.tencent.mtt,content provider,{com.tencent.mtt/com.tencent.mtt.base.stat.StatServer}]
01-01 08:00:42.872 0 0 I binder : 4229:4229 ioctl 40046210 ffaa2348 returned -22
03-14 03:51:14.177 1009 2148 I am_proc_bound: [0,4229,com.tencent.mtt]
03-14 03:51:14.783 1009 2054 I commit_sys_config_file: [appops,9]
03-14 03:51:15.922 2029 2029 I sysui_heads_up_status: [-1|android|26|null|1000,0]
03-14 03:51:16.382 1009 1724 I sysui_multi_action: [757,128,758,1,793,9890,794,0,795,9890,796,55,798,1,806,android,857,DEVELOPER,858,2,947,0,1395,3,1500,9539,1688,1]
03-14 03:51:16.382 1009 1724 I sysui_multi_action: [757,804,799,note_freshness,801,9890,802,1]
03-14 03:51:16.382 1009 1724 I notification_visibility: [-1|android|55|null|1000,1,9890,9890,0,1]
03-14 03:51:16.382 1009 1724 I sysui_multi_action: [757,128,758,1,793,10732,794,0,795,10732,796,32,798,2,806,android,857,USB,858,1,947,0,1395,3,1500,10655,1688,1]
03-14 03:51:16.382 1009 1724 I sysui_multi_action: [757,804,799,note_freshness,801,10732,802,1]
03-14 03:51:16.382 1009 1724 I notification_visibility: [-1|android|32|null|1000,1,10732,10732,0,2]
03-14 03:51:16.384 1009 1724 I sysui_multi_action: [757,128,758,2,793,9928,794,5662,795,9928,796,26,798,0,806,android,857,DEVELOPER_IMPORTANT,858,4,947,0,1395,3,1500,9542,1688,1]
03-14 03:51:16.384 1009 1724 I notification_visibility: [-1|android|26|null|1000,0,9928,9928,0,0]
03-14 03:51:16.384 1009 1724 I sysui_multi_action: [757,128,758,2,793,9892,794,2,795,9892,796,55,798,1,806,android,857,DEVELOPER,858,2,947,0,1395,3,1500,9541,1688,1]
03-14 03:51:16.385 1009 1724 I notification_visibility: [-1|android|55|null|1000,0,9892,9892,0,1]
03-14 03:51:16.385 1009 1724 I sysui_multi_action: [757,128,758,2,793,10735,794,3,795,10735,796,32,798,2,806,android,857,USB,858,1,947,0,1395,3,1500,10658,1688,1]
03-14 03:51:16.385 1009 1724 I notification_visibility: [-1|android|32|null|1000,0,10735,10735,0,2]
03-14 03:51:16.386 1009 1724 I sysui_multi_action: [757,127,758,2]
03-14 03:51:16.386 1009 1724 I notification_panel_hidden:
01-01 08:00:45.345 0 0 I binder : 2285:4338 ioctl 40046210 6f07a4fef4 returned -22
01-01 08:00:45.388 0 0 W audit : audit_lost=2607 audit_rate_limit=5 audit_backlog_limit=64
01-01 08:00:45.388 0 0 E audit : rate limit exceeded
03-14 03:51:16.683 4350 4350 I auditd : type=1400 audit(0.0:1838): avc: denied { map } for comm="getprop" path="/dev/__properties__/u:object_r:adbd_prop:s0" dev="tmpfs" ino=3258 scontext=u:r:system_app:s0 tcontext=u:object_r:adbd_prop:s0 tclass=file permissive=1
03-14 03:51:16.683 4350 4350 I auditd : type=1400 audit(0.0:1839): avc: denied { open } for comm="getprop" path="/dev/__properties__/u:object_r:apexd_config_prop:s0" dev="tmpfs" ino=3259 scontext=u:r:system_app:s0 tcontext=u:object_r:apexd_config_prop:s0 tclass=file permissive=1
03-14 03:51:16.683 4350 4350 I auditd : type=1400 audit(0.0:1840): avc: denied { getattr } for comm="getprop" path="/dev/__properties__/u:object_r:apexd_config_prop:s0" dev="tmpfs" ino=3259 scontext=u:r:system_app:s0 tcontext=u:object_r:apexd_config_prop:s0 tclass=file permissive=1
03-14 03:51:16.683 4350 4350 I auditd : type=1400 audit(0.0:1841): avc: denied { map } for comm="getprop" path="/dev/__properties__/u:object_r:apexd_config_prop:s0" dev="tmpfs" ino=3259 scontext=u:r:system_app:s0 tcontext=u:object_r:apexd_config_prop:s0 tclass=file permissive=1
03-14 03:51:16.683 4350 4350 I auditd : type=1400 audit(0.0:1842): avc: denied { open } for comm="getprop" path="/dev/__properties__/u:object_r:apexd_prop:s0" dev="tmpfs" ino=3260 scontext=u:r:system_app:s0 tcontext=u:object_r:apexd_prop:s0 tclass=file permissive=1
03-14 03:51:16.683 4350 4350 I auditd : type=1400 audit(0.0:1843): avc: denied { getattr } for comm="getprop" path="/dev/__properties__/u:object_r:apexd_prop:s0" dev="tmpfs" ino=3260 scontext=u:r:system_app:s0 tcontext=u:object_r:apexd_prop:s0 tclass=file permissive=1
03-14 03:51:16.683 4350 4350 I auditd : type=1400 audit(0.0:1844): avc: denied { map } for comm="getprop" path="/dev/__properties__/u:object_r:apexd_prop:s0" dev="tmpfs" ino=3260 scontext=u:r:system_app:s0 tcontext=u:object_r:apexd_prop:s0 tclass=file permissive=1
03-14 03:51:16.683 4350 4350 I auditd : type=1400 audit(0.0:1845): avc: denied { open } for comm="getprop" path="/dev/__properties__/u:object_r:apk_verity_prop:s0" dev="tmpfs" ino=3261 scontext=u:r:system_app:s0 tcontext=u:object_r:apk_verity_prop:s0 tclass=file permissive=1
03-14 03:51:16.683 4350 4350 I auditd : type=1400 audit(0.0:1846): avc: denied { getattr } for comm="getprop" path="/dev/__properties__/u:object_r:apk_verity_prop:s0" dev="tmpfs" ino=3261 scontext=u:r:system_app:s0 tcontext=u:object_r:apk_verity_prop:s0 tclass=file permissive=1
01-01 08:00:45.546 0 0 I init : Untracked pid 4360 exited with status 0
03-14 03:51:17.539 1009 1188 I am_pss : [2625,10074,com.android.launcher3,114420736,103079936,0,241213440,0,2,9]
01-01 08:00:46.327 0 0 I IRQ 5 : no longer affine to CPU4
01-01 08:00:46.418 0 0 I [soft_i][0x351f72c4][03:51:17.717581] wlan: [0:I:DP] dp_addba_requestprocess_wifi3 restore BA win 64 based on addba req
01-01 08:00:46.483 0 0 E DTC_ETH,link_delay_work_func: 3003, SQI=0, link=0
03-14 03:51:17.893 1009 2102 I ntp_failure: [time.android.com/216.239.35.0,java.net.SocketTimeoutException: Poll timed out]
03-14 03:51:17.939 4229 4229 I auditd : type=1400 audit(0.0:3155): avc: denied { read } for comm="TuringFdCore_61" name="tcp" dev="proc" ino=4026532256 scontext=u:r:untrusted_app_29:s0:c93,c256,c512,c768 tcontext=u:object_r:proc_net_tcp_udp:s0 tclass=file permissive=1 app=com.tencent.mtt
03-14 03:51:17.939 4229 4229 I auditd : type=1400 audit(0.0:3156): avc: denied { open } for comm="TuringFdCore_61" path="/proc/4229/net/tcp" dev="proc" ino=4026532256 scontext=u:r:untrusted_app_29:s0:c93,c256,c512,c768 tcontext=u:object_r:proc_net_tcp_udp:s0 tclass=file permissive=1 app=com.tencent.mtt
03-14 03:51:17.939 4229 4229 I auditd : type=1400 audit(0.0:3157): avc: denied { getattr } for comm="TuringFdCore_61" path="/proc/4229/net/tcp" dev="proc" ino=4026532256 scontext=u:r:untrusted_app_29:s0:c93,c256,c512,c768 tcontext=u:object_r:proc_net_tcp_udp:s0 tclass=file permissive=1 app=com.tencent.mtt
03-14 03:51:17.967 0 0 I auditd : type=1400 audit(0.0:3158): avc: denied { kill } for comm="swapper/6" capability=5 scontext=u:r:kernel:s0 tcontext=u:r:kernel:s0 tclass=capability permissive=1
03-14 03:51:17.967 4049 4049 I auditd : type=1400 audit(0.0:3159): avc: granted { nlmsg_readpriv } for comm="ent.mtt:service" scontext=u:r:untrusted_app_29:s0:c93,c256,c512,c768 tcontext=u:r:untrusted_app_29:s0:c93,c256,c512,c768 tclass=netlink_route_socket app=com.tencent.mtt
03-14 03:51:18.002 1009 1194 I am_uid_running: 10028
03-14 03:51:18.011 1009 1195 I am_proc_start: [0,4503,10028,com.android.externalstorage,broadcast,{com.android.externalstorage/com.android.externalstorage.MountReceiver}]
03-14 03:51:18.025 1009 1724 I am_proc_bound: [0,4503,com.android.externalstorage]
01-01 08:00:46.724 0 0 I binder : 4503:4503 ioctl 40046210 7fd9aef714 returned -22
03-14 03:51:18.113 1009 1724 I am_uid_running: 10075
03-14 03:51:18.124 1009 1195 I am_proc_start: [0,4543,10075,com.qti.ltebc,broadcast,{com.qti.ltebc/com.qualcomm.ltebc.LTEBroadcastReceiver}]
01-01 08:00:46.845 0 0 I binder : 4543:4543 ioctl 40046210 7fd9aef714 returned -22
03-14 03:51:18.146 1009 1724 I am_proc_bound: [0,4543,com.qti.ltebc]
03-14 03:51:18.151 1009 1724 I am_uid_active: 10075
01-01 08:00:46.854 0 0 W audit : audit_lost=3915 audit_rate_limit=5 audit_backlog_limit=64
01-01 08:00:46.854 0 0 E audit : rate limit exceeded
03-14 03:51:18.490 1009 1585 I am_proc_died: [0,4543,com.qti.ltebc,0,11]
03-14 03:51:18.490 1009 1585 I am_broadcast_discard_app: [0,204516188,android.intent.action.MEDIA_MOUNTED,2,ResolveInfo{6015fd com.qti.ltebc/com.qualcomm.ltebc.LTEBroadcastReceiver m=0x208000}]
03-14 03:51:18.491 1009 1585 I am_uid_stopped: 10075
03-14 03:51:18.516 1009 1585 I am_uid_running: 10075
03-14 03:51:18.536 1009 1195 I am_proc_start: [0,4574,10075,com.qti.ltebc,broadcast,{com.qti.ltebc/com.qualcomm.ltebc.LTEBroadcastReceiver}]
01-01 08:00:47.260 0 0 I binder : 4574:4574 ioctl 40046210 7fd9aef714 returned -22
03-14 03:51:18.563 1009 1724 I am_proc_bound: [0,4574,com.qti.ltebc]
03-14 03:51:18.564 1009 1724 I am_uid_active: 10075
03-14 03:51:18.889 1009 2148 I am_proc_died: [0,4574,com.qti.ltebc,0,11]
03-14 03:51:18.890 1009 2148 I am_broadcast_discard_app: [0,211373379,android.intent.action.MEDIA_MOUNTED,2,ResolveInfo{d3558f0 com.qti.ltebc/com.qualcomm.ltebc.LTEBroadcastReceiver m=0x208000}]
03-14 03:51:18.890 1009 2148 I am_uid_stopped: 10075
03-14 03:51:18.903 1009 1724 I am_uid_running: 10075
03-14 03:51:18.924 1009 1195 I am_proc_start: [0,4597,10075,com.qti.ltebc,broadcast,{com.qti.ltebc/com.qualcomm.ltebc.LTEBroadcastAlarmReceiver}]
01-01 08:00:47.648 0 0 I binder : 4597:4597 ioctl 40046210 7fd9aef714 returned -22
03-14 03:51:18.953 1009 3054 I am_proc_bound: [0,4597,com.qti.ltebc]
03-14 03:51:18.957 1009 3054 I am_uid_active: 10075
03-14 03:51:18.967 0 0 I auditd : type=1400 audit(0.0:3212): avc: denied { kill } for comm="swapper/3" capability=5 scontext=u:r:kernel:s0 tcontext=u:r:kernel:s0 tclass=capability permissive=1
03-14 03:51:19.318 1009 3054 I am_uid_running: 10056
03-14 03:51:19.339 1009 1195 I am_proc_start: [0,4625,10056,com.qualcomm.qti.qms.service.trustzoneaccess,service,{com.qualcomm.qti.qms.service.trustzoneaccess/com.qualcomm.qti.qms.service.trustzoneaccess.TZAccessService}]
01-01 08:00:48.066 0 0 I binder : 4625:4625 ioctl 40046210 7fd9aef714 returned -22
03-14 03:51:19.371 1009 3054 I am_proc_bound: [0,4625,com.qualcomm.qti.qms.service.trustzoneaccess]
03-14 03:51:19.488 1009 3054 I am_proc_died: [0,4597,com.qti.ltebc,905,19]
03-14 03:51:19.489 1009 3054 I am_uid_stopped: 10075
03-14 03:51:19.967 0 0 I auditd : type=1400 audit(0.0:3213): avc: denied { kill } for comm="swapper/3" capability=5 scontext=u:r:kernel:s0 tcontext=u:r:kernel:s0 tclass=capability permissive=1
01-01 08:00:48.787 0 0 E thermal cooling_device4: DTC_Fan: ERROR, avg(0) out of range(1680, 2800)
at stat(1)
03-14 03:51:21.187 4229 4229 I auditd : type=1400 audit(0.0:3214): avc: denied { getattr } for comm="Shark-Looper-Ma" path="/proc/version" dev="proc" ino=4026532238 scontext=u:r:untrusted_app_29:s0:c93,c256,c512,c768 tcontext=u:object_r:proc_version:s0 tclass=file permissive=1 app=com.tencent.mtt
03-14 03:51:22.902 1009 2102 I ntp_failure: [time.android.com/216.239.35.8,java.net.SocketTimeoutException: Poll timed out]
01-01 08:00:51.608 0 0 E DTC_ETH,link_delay_work_func: 3003, SQI=0, link=0
03-14 03:51:26.863 4229 4229 I auditd : type=1400 audit(0.0:3215): avc: denied { search } for comm="CoreTask" name="net" dev="sysfs" ino=46949 scontext=u:r:untrusted_app_29:s0:c93,c256,c512,c768 tcontext=u:object_r:sysfs_net:s0 tclass=dir permissive=1 app=com.tencent.mtt
03-14 03:51:26.863 4229 4229 I auditd : type=1400 audit(0.0:3216): avc: denied { read } for comm="CoreTask" name="address" dev="sysfs" ino=80846 scontext=u:r:untrusted_app_29:s0:c93,c256,c512,c768 tcontext=u:object_r:sysfs_net:s0 tclass=file permissive=1 app=com.tencent.mtt
03-14 03:51:26.863 4229 4229 I auditd : type=1400 audit(0.0:3217): avc: denied { open } for comm="CoreTask" path="/sys/devices/platform/soc/1c00000.qcom,pcie/pci0000:00/0000:00:00.0/0000:01:00.0/net/wlan0/address" dev="sysfs" ino=80846 scontext=u:r:untrusted_app_29:s0:c93,c256,c512,c768 tcontext=u:object_r:sysfs_net:s0 tclass=file permissive=1 app=com.tencent.mtt
03-14 03:51:26.863 4229 4229 I auditd : type=1400 audit(0.0:3218): avc: denied { getattr } for comm="CoreTask" path="/sys/devices/platform/soc/1c00000.qcom,pcie/pci0000:00/0000:00:00.0/0000:01:00.0/net/wlan0/address" dev="sysfs" ino=80846 scontext=u:r:untrusted_app_29:s0:c93,c256,c512,c768 tcontext=u:object_r:sysfs_net:s0 tclass=file permissive=1 app=com.tencent.mtt
03-14 03:51:26.965 1009 1188 I am_pss : [2843,10084,com.qualcomm.qtil.aptxui,7254016,5709824,0,91627520,0,19,6]
03-14 03:51:26.981 1009 1188 I am_pss : [2513,1000,com.android.settings,31503360,17395712,0,148082688,0,19,6]
03-14 03:51:26.987 1009 1188 I am_pss : [2533,10092,android.ext.services,6687744,4882432,0,95088640,0,5,5]
03-14 03:51:27.015 4229 4229 I auditd : type=1400 audit(0.0:3219): avc: denied { open } for comm="NetworkWup" path="/dev/__properties__/u:object_r:net_dns_prop:s0" dev="tmpfs" ino=3405 scontext=u:r:untrusted_app_29:s0:c93,c256,c512,c768 tcontext=u:object_r:net_dns_prop:s0 tclass=file permissive=1 app=com.tencent.mtt
03-14 03:51:27.015 4229 4229 I auditd : type=1400 audit(0.0:3220): avc: denied { getattr } for comm="NetworkWup" path="/dev/__properties__/u:object_r:net_dns_prop:s0" dev="tmpfs" ino=3405 scontext=u:r:untrusted_app_29:s0:c93,c256,c512,c768 tcontext=u:object_r:net_dns_prop:s0 tclass=file permissive=1 app=com.tencent.mtt
03-14 03:51:27.015 4229 4229 I auditd : type=1400 audit(0.0:3221): avc: denied { map } for comm="NetworkWup" path="/dev/__properties__/u:object_r:net_dns_prop:s0" dev="tmpfs" ino=3405 scontext=u:r:untrusted_app_29:s0:c93,c256,c512,c768 tcontext=u:object_r:net_dns_prop:s0 tclass=file permissive=1 app=com.tencent.mtt
01-01 08:00:55.740 0 0 W audit : audit_lost=3967 audit_rate_limit=5 audit_backlog_limit=64
01-01 08:00:55.740 0 0 E audit : rate limit exceeded
03-14 03:51:27.227 1009 1188 I am_pss : [3023,10071,com.qualcomm.location.XT,6355968,4644864,0,93970432,0,6,5]
03-14 03:51:27.233 1009 1188 I am_pss : [3059,10021,com.android.traceur,10089472,8429568,0,96698368,0,19,5]
01-01 08:00:56.023 0 0 I IRQ 5 : no longer affine to CPU4
03-14 03:51:27.612 1009 1188 I am_pss : [2625,10074,com.android.launcher3,114826240,103796736,0,241213440,0,2,8]
03-14 03:51:27.623 1009 1188 I am_pss : [3265,10024,com.baidu.input,106789888,92995584,0,228515840,0,7,10]
03-14 03:51:27.913 1009 2102 I ntp_failure: [time.android.com/216.239.35.4,java.net.SocketTimeoutException: Poll timed out]
01-01 08:00:56.723 0 0 E DTC_ETH,link_delay_work_func: 3003, SQI=0, link=0
03-14 03:51:29.259 4049 4049 I auditd : type=1400 audit(0.0:3238): avc: granted { execute } for comm="CPUBound" path="/data/user/0/com.tencent.mtt/app_tbs/home/default/components/net/20010/libcronet.77.0.3865.120.so" dev="dm-10" ino=10289 scontext=u:r:untrusted_app_29:s0:c93,c256,c512,c768 tcontext=u:object_r:app_data_file:s0:c93,c256,c512,c768 tclass=file app=com.tencent.mtt
03-14 03:51:29.299 4049 4049 I auditd : type=1400 audit(0.0:3239): avc: granted { bind } for comm="ThreadPoolForeg" scontext=u:r:untrusted_app_29:s0:c93,c256,c512,c768 tcontext=u:r:untrusted_app_29:s0:c93,c256,c512,c768 tclass=netlink_route_socket app=com.tencent.mtt
03-14 03:51:29.299 4049 4049 I auditd : type=1400 audit(0.0:3240): avc: granted { nlmsg_readpriv } for comm="ThreadPoolForeg" scontext=u:r:untrusted_app_29:s0:c93,c256,c512,c768 tcontext=u:r:untrusted_app_29:s0:c93,c256,c512,c768 tclass=netlink_route_socket app=com.tencent.mtt
03-14 03:51:30.303 1009 1188 I am_pss : [3649,1000,com.android.dynsystem:dynsystem,5617664,3874816,0,91660288,0,19,10]
03-14 03:51:30.314 1009 1188 I am_pss : [3629,1000,com.android.dynsystem,5387264,3719168,0,90738688,0,19,9]
03-14 03:51:30.321 1009 1188 I am_pss : [3599,1000,com.android.localtransport,5407744,3784704,0,91340800,0,19,7]
03-14 03:51:30.329 1009 1188 I am_pss : [3263,1000,com.qti.diagservices,6073344,4071424,0,95420416,0,10,7]
03-14 03:51:30.417 1009 1188 I am_pss : [3686,10027,com.android.managedprovisioning,8882176,7262208,0,94625792,0,19,11]
03-14 03:51:30.523 1009 1188 I am_pss : [3708,10086,com.android.music,7383040,5246976,0,94584832,0,19,10]
03-14 03:51:30.591 1009 1188 I am_pss : [3726,10059,com.android.onetimeinitializer,5118976,3506176,0,90628096,0,19,10]
03-14 03:51:30.830 1009 1188 I am_pss : [3765,10090,com.android.permissioncontroller,11769856,10059776,0,99368960,0,19,8]
03-14 03:51:30.837 1009 1188 I am_pss : [3088,1000,com.android.keychain,8067072,6430720,0,94289920,0,19,6]
03-14 03:51:30.844 1009 1188 I am_pss : [3745,10029,com.android.packageinstaller,7133184,5591040,0,91451392,0,19,6]
03-14 03:51:31.091 1009 1188 I am_pss : [3810,2000,com.android.shell,5791744,4218880,0,90640384,0,19,10]
03-14 03:51:31.630 1009 1188 I am_pss : [3874,10058,com.qualcomm.qti.qms.service.connectionsecurity,11451392,3981312,0,76910592,0,19,4]
03-14 03:51:31.821 1009 1182 I commit_sys_config_file: [jobs,3]
03-14 03:51:32.923 1009 2102 I ntp_failure: [time.android.com/216.239.35.12,java.net.SocketTimeoutException: Poll timed out]
01-01 08:01:01.843 0 0 E DTC_ETH,link_delay_work_func: 3003, SQI=0, link=0
03-14 03:51:33.967 0 0 I auditd : type=1400 audit(0.0:3241): avc: denied { kill } for comm="swapper/3" capability=5 scontext=u:r:kernel:s0 tcontext=u:r:kernel:s0 tclass=capability permissive=1
01-01 08:01:04.590 0 0 I msm_vidc: high: 00000001: h264d: Closed video instance: 0000000000000000
01-01 08:01:04.633 0 0 I binder : undelivered transaction 86336, process died.
01-01 08:01:04.634 0 0 I init : Service 'bootanim' (pid 1155) exited with status 0 oneshot service took 34.703999 seconds in background
01-01 08:01:04.634 0 0 I init : Sending signal 9 to service 'bootanim' (pid 1155) process group...
01-01 08:01:04.634 0 0 I libprocessgroup: Successfully killed process cgroup uid 1003 pid 1155 in 0ms
01-01 08:01:06.101 0 0 I msm_vidc: err : ffffffff: .....: DBLP Set: status 0
03-14 03:51:37.713 1009 1587 I input_interaction: Interaction with: b68d17 com.android.launcher3/com.android.launcher3.uioverrides.QuickstepLauncher (server), 8c59581 com.android.systemui.ImageWallpaper (server), edge-swipe (server), swipe-up (server), PointerEventDispatcher0 (server),
03-14 03:51:37.906 2625 2625 I view_enqueue_input_event: [Motion - Cancel,com.android.launcher3/com.android.launcher3.uioverrides.QuickstepLauncher]
03-14 03:51:37.914 1009 1587 I input_interaction: Interaction with: edge-swipe (server), swipe-up (server), PointerEventDispatcher0 (server),
03-14 03:51:38.062 1009 1488 I commit_sys_config_file: [settings-1-0,2]
01-01 08:01:06.871 0 0 I IRQ 5 : no longer affine to CPU7
01-01 08:01:06.963 0 0 E DTC_ETH,link_delay_work_func: 3003, SQI=0, link=0
03-14 03:51:38.578 1009 1587 I input_interaction: Interaction with: b68d17 com.android.launcher3/com.android.launcher3.uioverrides.QuickstepLauncher (server), 8c59581 com.android.systemui.ImageWallpaper (server), edge-swipe (server), swipe-up (server), PointerEventDispatcher0 (server),
03-14 03:51:39.772 1009 3054 I wm_task_created: [128,-1]
03-14 03:51:39.775 1009 3054 I wm_task_moved: [128,1,6]
03-14 03:51:39.775 1009 3054 I wm_task_to_front: [0,128]
03-14 03:51:39.775 1009 3054 I wm_create_task: [0,128]
03-14 03:51:39.775 1009 3054 I wm_create_activity: [0,181400917,128,com.microsoft.emmx/com.microsoft.ruby.Main,android.intent.action.MAIN,NULL,NULL,270532608]
03-14 03:51:39.775 1009 3054 I wm_task_moved: [128,1,6]
03-14 03:51:39.778 2625 2625 I wm_on_top_resumed_lost_called: [196755772,com.android.launcher3.uioverrides.QuickstepLauncher,topStateChangedWhenResumed]
03-14 03:51:39.778 1009 1183 I am_uid_running: 10033
03-14 03:51:39.784 1009 1195 I am_proc_start: [0,4977,10033,com.microsoft.emmx,top-activity,{com.microsoft.emmx/com.microsoft.ruby.Main}]
01-01 08:01:08.494 0 0 I binder : 4977:4977 ioctl 40046210 7fd9aef714 returned -22
03-14 03:51:39.787 1283 1283 I auditd : type=1400 audit(0.0:3242): avc: denied { read } for comm="traced_probes" name="format" dev="tracefs" ino=7440 scontext=u:r:traced_probes:s0 tcontext=u:object_r:debugfs_tracing_debug:s0 tclass=file permissive=1
03-14 03:51:39.787 1283 1283 I auditd : type=1400 audit(0.0:3243): avc: denied { open } for comm="traced_probes" path="/sys/kernel/tracing/events/block/block_bio_backmerge/format" dev="tracefs" ino=7440 scontext=u:r:traced_probes:s0 tcontext=u:object_r:debugfs_tracing_debug:s0 tclass=file permissive=1
03-14 03:51:39.787 1283 1283 I auditd : type=1400 audit(0.0:3244): avc: denied { getattr } for comm="traced_probes" path="/sys/kernel/tracing/events/block/block_bio_backmerge/format" dev="tracefs" ino=7440 scontext=u:r:traced_probes:s0 tcontext=u:object_r:debugfs_tracing_debug:s0 tclass=file permissive=1
03-14 03:51:39.794 1009 3054 I am_proc_bound: [0,4977,com.microsoft.emmx]
03-14 03:51:39.796 1009 3054 I wm_restart_activity: [0,181400917,128,com.microsoft.emmx/com.microsoft.ruby.Main]
03-14 03:51:39.797 1009 3054 I wm_set_resumed_activity: [0,com.microsoft.emmx/com.microsoft.ruby.Main,minimalResumeActivityLocked]
03-14 03:51:39.798 1009 3054 I am_uid_active: 10033
01-01 08:01:08.546 0 0 I binder : 1283:1283 ioctl 40046210 7fefc9b604 returned -22
01-01 08:01:08.553 0 0 W perfetto: enabled ftrace
03-14 03:51:39.906 1009 1188 I am_pss : [1009,1000,system,203917312,106000384,0,528105472,0,0,16]
03-14 03:51:39.939 4977 4977 I auditd : type=1400 audit(0.0:3245): avc: denied { open } for comm=43724173796E635461736B202334 path="/dev/__properties__/u:object_r:vendor_default_prop:s0" dev="tmpfs" ino=3509 scontext=u:r:priv_app:s0:c512,c768 tcontext=u:object_r:vendor_default_prop:s0 tclass=file permissive=1 app=com.microsoft.emmx
03-14 03:51:39.939 4977 4977 I auditd : type=1400 audit(0.0:3246): avc: denied { getattr } for comm=43724173796E635461736B202334 path="/dev/__properties__/u:object_r:vendor_default_prop:s0" dev="tmpfs" ino=3509 scontext=u:r:priv_app:s0:c512,c768 tcontext=u:object_r:vendor_default_prop:s0 tclass=file permissive=1 app=com.microsoft.emmx
03-14 03:51:39.939 4977 4977 I auditd : type=1400 audit(0.0:3247): avc: denied { map } for comm=43724173796E635461736B202334 path="/dev/__properties__/u:object_r:vendor_default_prop:s0" dev="tmpfs" ino=3509 scontext=u:r:priv_app:s0:c512,c768 tcontext=u:object_r:vendor_default_prop:s0 tclass=file permissive=1 app=com.microsoft.emmx
01-01 08:01:08.672 0 0 W audit : audit_lost=3983 audit_rate_limit=5 audit_backlog_limit=64
01-01 08:01:08.672 0 0 E audit : rate limit exceeded
03-14 03:51:40.029 4977 4977 I wm_on_create_called: [181400917,com.microsoft.ruby.Main,performCreate]
03-14 03:51:40.032 4977 4977 I wm_on_start_called: [181400917,com.microsoft.ruby.Main,handleStartActivity]
03-14 03:51:40.037 4977 4977 I wm_on_resume_called: [181400917,com.microsoft.ruby.Main,RESUME_ACTIVITY]
03-14 03:51:40.042 4977 4977 I wm_on_top_resumed_gained_called: [181400917,com.microsoft.ruby.Main,topStateChangedWhenResumed]
03-14 03:51:40.068 1009 1184 I input_focus: [Focus request 24a02ed com.microsoft.emmx/com.microsoft.ruby.Main,reason=UpdateInputWindows]
01-01 08:01:08.785 0 0 I binder : 4977:5057 ioctl 40046210 6e7317a1f4 returned -22
03-14 03:51:40.091 1009 1587 I input_focus: [Focus leaving b68d17 com.android.launcher3/com.android.launcher3.uioverrides.QuickstepLauncher (server),reason=Waiting for window because NOT_VISIBLE]
03-14 03:51:40.125 1009 3054 I am_uid_running: 90000
03-14 03:51:40.219 1009 1195 I am_proc_start: [0,5086,90000,com.microsoft.emmx:sandboxed_process0:org.chromium.content.app.SandboxedProcessService0:0,,{com.microsoft.emmx/org.chromium.content.app.SandboxedProcessService0:0}]
01-01 08:01:08.925 0 0 I binder : 5086:5086 ioctl 40046210 7fd9aee984 returned -22
03-14 03:51:40.226 1009 3054 I am_proc_bound: [0,5086,com.microsoft.emmx:sandboxed_process0:org.chromium.content.app.SandboxedProcessService0:0]
03-14 03:51:40.227 1009 3054 I am_uid_active: 90000
03-14 03:51:40.242 512 512 I auditd : avc: denied { find } for pid=5086 uid=90000 name=content_capture scontext=u:r:isolated_app:s0:c512,c768 tcontext=u:object_r:content_capture_service:s0 tclass=service_manager permissive=1
03-14 03:51:40.296 1009 1195 I am_proc_start: [0,5114,10033,com.microsoft.emmx:privileged_process0,service,{com.microsoft.emmx/org.chromium.content.app.PrivilegedProcessService0}]
01-01 08:01:09.006 0 0 I binder : 5114:5114 ioctl 40046210 7fd9aef714 returned -22
03-14 03:51:40.309 1009 3054 I am_proc_bound: [0,5114,com.microsoft.emmx:privileged_process0]
03-14 03:51:40.350 1009 1188 I am_pss : [2999,10091,com.android.providers.media.module,18224128,14884864,0,123490304,0,0,6]
03-14 03:51:40.411 1009 1188 I am_pss : [2005,1002,com.android.bluetooth,27003904,22298624,0,138317824,0,0,7]
03-14 03:51:40.416 1009 1188 I am_pss : [2752,10070,com.qualcomm.location,9781248,7614464,0,102477824,0,0,5]
03-14 03:51:40.422 1009 1188 I am_pss : [2287,1073,com.android.networkstack.process,13624320,11214848,0,110104576,0,0,5]
03-14 03:51:40.429 1009 1188 I am_pss : [2222,1001,.dataservices,7879680,6238208,0,95354880,0,0,5]
03-14 03:51:40.441 1009 1188 I am_pss : [2029,10078,com.android.systemui,170501120,148451328,0,329101312,0,0,10]
01-01 08:01:09.182 0 0 I binder : 5114:5140 ioctl 40046210 6ea66e1ea4 returned -22
03-14 03:51:40.506 1009 2180 I am_uid_running: 90001
03-14 03:51:40.513 1009 1195 I am_proc_start: [0,5182,90001,com.microsoft.emmx:sandboxed_process0:org.chromium.content.app.SandboxedProcessService0:1,,{com.microsoft.emmx/org.chromium.content.app.SandboxedProcessService0:1}]
01-01 08:01:09.223 0 0 I binder : 5182:5182 ioctl 40046210 7fd9aee984 returned -22
03-14 03:51:40.525 1009 2192 I am_proc_bound: [0,5182,com.microsoft.emmx:sandboxed_process0:org.chromium.content.app.SandboxedProcessService0:1]
03-14 03:51:40.526 1009 2192 I am_uid_active: 90001
03-14 03:51:40.643 1009 1587 I input_focus: [Focus entering 24a02ed com.microsoft.emmx/com.microsoft.ruby.Main (server),reason=Window became focusable. Previous reason: NOT_VISIBLE]
03-14 03:51:40.647 1009 1180 I sysui_multi_action: [319,877,322,876,325,66,757,761,758,7,759,2,806,com.microsoft.emmx,871,com.microsoft.ruby.Main,904,com.android.launcher3,905,0,945,33,1320,4,1321,2]
03-14 03:51:40.648 1009 1180 I wm_activity_launch_time: [0,181400917,com.microsoft.emmx/com.microsoft.ruby.Main,876]
03-14 03:51:40.685 1009 2153 I am_uid_running: 90002
03-14 03:51:40.685 1009 1188 I am_pss : [4625,10056,com.qualcomm.qti.qms.service.trustzoneaccess,5382144,3784704,0,91947008,0,19,4]
03-14 03:51:40.692 1009 1195 I am_proc_start: [0,5216,90002,com.microsoft.emmx:sandboxed_process0:org.chromium.content.app.SandboxedProcessService0:2,,{com.microsoft.emmx/org.chromium.content.app.SandboxedProcessService0:2}]
03-14 03:51:40.697 1009 1188 I am_pss : [3900,10101,com.sohu.sohuvideo,86141952,67067904,0,181280768,0,10,7]
03-14 03:51:40.704 1009 1188 I am_pss : [3787,10020,com.android.providers.calendar,6908928,5120000,0,98107392,0,19,4]
03-14 03:51:40.705 1009 2192 I am_proc_bound: [0,5216,com.microsoft.emmx:sandboxed_process0:org.chromium.content.app.SandboxedProcessService0:2]
01-01 08:01:09.404 0 0 I binder : 5216:5216 ioctl 40046210 7fd9aee984 returned -22
03-14 03:51:40.706 1009 2192 I am_uid_active: 90002
03-14 03:51:40.712 1009 1188 I am_pss : [3103,10017,android.process.media,9808896,8007680,0,101064704,0,19,5]
03-14 03:51:40.718 1009 1188 I am_pss : [4503,10028,com.android.externalstorage,5313536,3809280,0,92065792,0,19,5]
03-14 03:51:40.723 1009 1188 I am_pss : [4046,10101,com.sohu.sohuvideo:pushservice,21863424,5820416,0,105009152,0,10,5]
03-14 03:51:40.728 1009 1188 I am_pss : [2668,10081,com.qualcomm.qti.qccauthmgr,6013952,4317184,0,95657984,0,19,5]
03-14 03:51:40.735 1009 1188 I am_pss : [3316,10018,android.process.acore,12204032,9031680,0,116588544,0,19,6]
03-14 03:51:40.741 1009 1188 I am_pss : [2962,10082,com.qualcomm.qti.qccnetstat,5858304,4370432,0,91930624,0,0,4]
03-14 03:51:40.749 1009 1188 I am_pss : [2970,10079,com.qualcomm.qti.workloadclassifier,8124416,6656000,0,93675520,0,0,5]
03-14 03:51:40.756 1009 1188 I am_pss : [2937,10054,.pasr,5062656,3637248,0,89616384,0,0,6]
03-14 03:51:40.762 1009 1188 I am_pss : [2946,10069,com.qualcomm.qti.services.systemhelper:systemhelper_service,5987328,4419584,0,94011392,0,0,5]
03-14 03:51:40.767 1009 1188 I am_pss : [2556,10063,com.thundercomm.gamemode.provider,7536640,5881856,0,96313344,0,19,4]
03-14 03:51:40.772 1009 1188 I am_pss : [2884,10057,ts.car.uart,5896192,4472832,0,90656768,0,0,4]
03-14 03:51:40.777 1009 1188 I am_pss : [2888,1000,com.hryt.hiphishowfsecontrol,14118912,12255232,0,106123264,0,0,4]
03-14 03:51:40.782 1009 1188 I am_pss : [2880,10083,com.hht.lebocast,37564416,26611712,0,122630144,0,0,6]
03-14 03:51:40.787 1009 1188 I am_pss : [2490,1000,com.qualcomm.qti.qdma,9151488,6524928,0,105959424,0,0,5]
03-14 03:51:40.792 1009 1188 I am_pss : [3191,10061,com.qualcomm.qti.devicestatisticsservice,5037056,3608576,0,89468928,0,0,4]
03-14 03:51:40.797 1009 1188 I am_pss : [2425,1000,com.thundercomm.tcservice,7886848,6316032,0,95997952,0,0,4]
03-14 03:51:40.803 1009 1188 I am_pss : [2418,1000,com.thundercomm.remotecontrolservice,8896512,6938624,0,101502976,0,0,5]
03-14 03:51:40.807 1009 1188 I am_pss : [2357,1068,com.android.se,5483520,4009984,0,91815936,0,0,4]
03-14 03:51:40.812 1009 1188 I am_pss : [2285,1000,com.tc.logclient,7320576,5562368,0,99078144,0,0,4]
03-14 03:51:40.817 1009 1188 I am_pss : [2310,1000,vendor.qti.qesdk.sysservice,5232640,3751936,0,91545600,0,0,5]
03-14 03:51:40.822 1009 1188 I am_pss : [2297,1000,com.thundercomm.tcsetupwizard,6534144,5115904,0,91643904,0,0,4]
03-14 03:51:40.826 1009 1188 I am_pss : [2273,1000,com.thundercomm.tchttpserver,7609344,6074368,0,94593024,0,0,4]
03-14 03:51:40.831 1009 1188 I am_pss : [2335,10080,com.qti.qualcomm.mstatssystemservice,5149696,3731456,0,89980928,0,0,4]
03-14 03:51:40.835 1009 1188 I am_pss : [2224,10055,.qtidataservices,5621760,4149248,0,91623424,0,0,4]
03-14 03:51:40.840 1009 1188 I am_pss : [2211,1000,com.thundercomm.microservice,8630272,7077888,0,96055296,0,0,4]
03-14 03:51:40.845 1009 1188 I am_pss : [2216,1000,com.thundercomm.microsettings,18734080,9678848,0,115359744,0,0,4]
03-14 03:51:40.850 1009 1188 I am_pss : [2132,1000,com.thundercomm.gamemode,23718912,18632704,0,133525504,0,0,5]
03-14 03:51:41.574 1009 1587 I input_interaction: Interaction with: 24a02ed com.microsoft.emmx/com.microsoft.ruby.Main (server), edge-swipe (server), swipe-up (server), PointerEventDispatcher0 (server),
03-14 03:51:41.764 1009 1587 I input_interaction: Interaction with: WindowManager (server), edge-swipe (server), swipe-up (server), PointerEventDispatcher0 (server),
03-14 03:51:41.764 4977 4977 I view_enqueue_input_event: [Motion - Cancel,com.microsoft.emmx/com.microsoft.ruby.Main]
03-14 03:51:41.967 0 0 I auditd : type=1400 audit(0.0:3253): avc: denied { kill } for comm="swapper/4" capability=5 scontext=u:r:kernel:s0 tcontext=u:r:kernel:s0 tclass=capability permissive=1
01-01 08:01:12.083 0 0 E DTC_ETH,link_delay_work_func: 3003, SQI=0, link=0
03-14 03:51:43.754 1009 1188 I sysui_multi_action: [757,1717,758,1,759,0]
03-14 03:51:43.754 1009 1188 I sysui_multi_action: [757,1717,758,2,759,0]
03-14 03:51:43.754 1009 1188 I sysui_multi_action: [757,1717,758,3,759,0]
03-14 03:51:44.063 1009 1661 I netstats_mobile_sample: [0,0,0,0,0,0,0,0,0,0,0,0,1678737104063]
03-14 03:51:44.063 1009 1661 I netstats_wifi_sample: [1557887,3010,633085,3395,1557887,3010,633085,3395,788817,2868,483733,2545,1678737104063]
03-14 03:51:44.059 675 675 I auditd : type=1400 audit(0.0:3254): avc: denied { add_name } for comm="Binder:675_3" name="globalAlert" scontext=u:r:netd:s0 tcontext=u:object_r:proc_net:s0 tclass=dir permissive=1
03-14 03:51:44.059 675 675 I auditd : type=1400 audit(0.0:3255): avc: denied { create } for comm="Binder:675_3" name="globalAlert" scontext=u:r:netd:s0 tcontext=u:object_r:proc_net:s0 tclass=file permissive=1
03-14 03:51:44.072 1009 1662 I service_manager_stats: [100,76,32390]
03-14 03:51:44.709 1009 1661 I netstats_mobile_sample: [0,0,0,0,0,0,0,0,0,0,0,0,1678737104709]
03-14 03:51:44.710 1009 1661 I netstats_wifi_sample: [1586240,3075,661524,3515,1586240,3075,661524,3515,800258,2954,511560,2658,1678737104709]
01-01 08:01:13.498 0 0 W perfetto: disabled ftrace
01-01 08:01:17.203 0 0 E DTC_ETH,link_delay_work_func: 3003, SQI=0, link=0
03-14 03:51:50.589 1009 1661 I netstats_mobile_sample: [0,0,0,0,0,0,0,0,0,0,0,0,1678737110589]
03-14 03:51:50.590 1009 1661 I netstats_wifi_sample: [4279733,7998,1237862,7287,4279733,7998,1237862,7287,1122431,4567,1010484,5482,1678737110589]
