03-14 03:52:28.631 1009 1180 I sysui_multi_action: [319,103,322,102,325,114,757,761,758,8,759,2,806,com.android.music,871,com.android.music.AudioPreview,904,com.android.documentsui,905,0,1320,4,1321,1]
03-14 03:52:28.631 1009 1180 I wm_activity_launch_time: [0,114547401,com.android.music/.AudioPreview,102]
03-14 03:52:28.641 1009 1587 I input_focus: [Focus entering 4b70e7e com.android.music/com.android.music.AudioPreview (server),reason=Window became focusable. Previous reason: NOT_VISIBLE]
03-14 03:52:28.649 7362 7362 I wm_on_stop_called: [155607933,com.android.internal.app.ResolverActivity,LIFECYCLER_STOP_ACTIVITY]
03-14 03:52:28.652 7362 7362 I wm_on_destroy_called: [155607933,com.android.internal.app.ResolverActivity,performDestroy]
03-14 03:52:28.685 1009 1188 I am_pss : [6079,10102,com.qiyi.video:QS,25244672,9936896,0,143486976,0,10,6]
01-01 08:01:57.422 0 0 I afe_find_cal_topo_id_by_port: port id: 0x9000, dev_acdb_id: 0
01-01 08:01:57.422 0 0 I afe_find_cal_topo_id_by_port: top_id:112fc acdb_id:15 afe_port:0x9000
01-01 08:01:57.422 0 0 I afe_get_cal_topology_id: port_id = 0x9000 acdb_id = 15 topology_id = 0x112fc cal_type_index=8 ret=0
01-01 08:01:57.422 0 0 I afe_send_port_topology_id: AFE set topology id 0x112fc enable for port 0x9000 ret 0
01-01 08:01:57.422 0 0 I send_afe_cal_type: cal_index is 0
01-01 08:01:57.422 0 0 I send_afe_cal_type: dev_acdb_id[55] is 0
01-01 08:01:57.422 0 0 I send_afe_cal_type: Sending cal_index cal 0
01-01 08:01:57.422 0 0 E send_afe_cal_type: No cal sent for cal_index 0, port_id = 0x9000! ret -22
01-01 08:01:57.431 0 0 I afe_send_hw_delay: port_id 0x9000 rate 48000 delay_usec 474 status 0
01-01 08:01:58.167 0 0 E DTC_ETH,link_delay_work_func: 3003, SQI=0, link=0
01-01 08:01:58.180 0 0 W perfetto: disabled ftrace
03-14 03:52:29.967 0 0 I auditd : type=1400 audit(0.0:3335): avc: denied { kill } for comm="swapper/1" capability=5 scontext=u:r:kernel:s0 tcontext=u:r:kernel:s0 tclass=capability permissive=1
03-14 03:52:30.179 1009 1587 I input_interaction: Interaction with: 4b70e7e com.android.music/com.android.music.AudioPreview (server), edge-swipe (server), swipe-up (server), PointerEventDispatcher0 (server),
03-14 03:52:30.289 1009 1194 I am_uid_idle: 10027
03-14 03:52:30.301 1009 1037 I wm_finish_activity: [0,114547401,132,com.android.music/.AudioPreview,app-request]
03-14 03:52:30.312 1009 1037 I wm_pause_activity: [0,114547401,com.android.music/.AudioPreview,userLeaving=false,finish]
03-14 03:52:30.316 3708 3708 I wm_on_top_resumed_lost_called: [114547401,com.android.music.AudioPreview,topStateChangedWhenResumed]
03-14 03:52:30.318 3708 3708 I wm_on_paused_called: [114547401,com.android.music.AudioPreview,performPause]
03-14 03:52:30.325 1009 1037 I wm_set_resumed_activity: [0,com.android.documentsui/.files.FilesActivity,resumeTopActivityInnerLocked]
03-14 03:52:30.327 1009 1037 I wm_resume_activity: [0,264921891,132,com.android.documentsui/.files.FilesActivity]
03-14 03:52:30.330 7223 7223 I wm_on_resume_called: [264921891,com.android.documentsui.files.FilesActivity,RESUME_ACTIVITY]
03-14 03:52:30.334 7223 7223 I wm_on_top_resumed_gained_called: [264921891,com.android.documentsui.files.FilesActivity,topWhenResuming]
03-14 03:52:30.340 1009 1184 I input_focus: [Focus request 192705 com.android.documentsui/com.android.documentsui.files.FilesActivity,reason=UpdateInputWindows]
03-14 03:52:30.342 1009 1183 I sysui_multi_action: [757,803,799,window_time_0,802,1]
03-14 03:52:30.347 1009 1587 I input_focus: [Focus leaving 4b70e7e com.android.music/com.android.music.AudioPreview (server),reason=NO_WINDOW]
03-14 03:52:30.347 1009 1587 I input_focus: [Focus entering 192705 com.android.documentsui/com.android.documentsui.files.FilesActivity (server),reason=setFocusedWindow]
03-14 03:52:30.352 1009 1188 I am_pss : [7223,10023,com.android.documentsui,80560128,74813440,0,204619776,0,2,9]
03-14 03:52:30.412 1009 1037 I wm_destroy_activity: [0,114547401,132,com.android.music/.AudioPreview,finish-idle]
03-14 03:52:30.420 3708 3708 I wm_on_stop_called: [114547401,com.android.music.AudioPreview,LIFECYCLER_STOP_ACTIVITY]
03-14 03:52:30.503 3708 3708 I wm_on_destroy_called: [114547401,com.android.music.AudioPreview,performDestroy]
03-14 03:52:30.513 1009 1194 I am_uid_idle: 10059
03-14 03:52:30.579 1009 1194 I am_uid_idle: 10029
03-14 03:52:30.707 6881 6881 I auditd : type=1400 audit(0.0:3336): avc: denied { open } for comm="HCDN_DownloadEn" path="/proc/stat" dev="proc" ino=4026532236 scontext=u:r:untrusted_app:s0:c102,c256,c512,c768 tcontext=u:object_r:proc_stat:s0 tclass=file permissive=1 app=com.qiyi.video
03-14 03:52:30.707 6881 6881 I auditd : type=1400 audit(0.0:3337): avc: denied { getattr } for comm="HCDN_DownloadEn" path="/proc/stat" dev="proc" ino=4026532236 scontext=u:r:untrusted_app:s0:c102,c256,c512,c768 tcontext=u:object_r:proc_stat:s0 tclass=file permissive=1 app=com.qiyi.video
01-01 08:01:59.432 0 0 I afe_close: port_id = 0x9000
03-14 03:52:30.744 1009 1587 I input_interaction: Interaction with: 192705 com.android.documentsui/com.android.documentsui.files.FilesActivity (server), edge-swipe (server), swipe-up (server), PointerEventDispatcher0 (server),
03-14 03:52:30.824 1009 1194 I am_uid_idle: 10020
03-14 03:52:30.833 1009 2192 I wm_task_moved: [132,1,6]
03-14 03:52:30.833 1009 2192 I wm_set_resumed_activity: [0,com.android.documentsui/.files.FilesActivity,positionChildAt]
03-14 03:52:30.833 1009 2192 I wm_create_activity: [0,245437945,132,com.android.gallery3d/.app.GalleryActivity,android.intent.action.VIEW,image/jpeg,content://com.android.externalstorage.documents/document/primary:14.jpg,536870915]
03-14 03:52:30.835 1009 2192 I wm_pause_activity: [0,264921891,com.android.documentsui/.files.FilesActivity,userLeaving=true,resumeTopActivityInnerLocked]
03-14 03:52:30.837 7223 7223 I wm_on_top_resumed_lost_called: [264921891,com.android.documentsui.files.FilesActivity,topStateChangedWhenResumed]
03-14 03:52:30.837 1009 1183 I am_uid_running: 10064
03-14 03:52:30.837 7223 7223 I wm_on_paused_called: [264921891,com.android.documentsui.files.FilesActivity,performPause]
03-14 03:52:30.839 1009 2192 I wm_add_to_stopping: [0,264921891,com.android.documentsui/.files.FilesActivity,makeInvisible]
03-14 03:52:30.841 1009 1183 I sysui_multi_action: [757,803,799,window_time_0,802,1]
03-14 03:52:30.843 1009 1195 I am_proc_start: [0,7505,10064,com.android.gallery3d,pre-top-activity,{com.android.gallery3d/com.android.gallery3d.app.GalleryActivity}]
01-01 08:01:59.547 0 0 W perfetto: enabled ftrace
01-01 08:01:59.555 0 0 I binder : 7505:7505 ioctl 40046210 7fd9aef714 returned -22
03-14 03:52:30.855 1009 2192 I am_proc_bound: [0,7505,com.android.gallery3d]
03-14 03:52:30.857 1009 2192 I wm_restart_activity: [0,245437945,132,com.android.gallery3d/.app.GalleryActivity]
03-14 03:52:30.857 1009 2192 I wm_set_resumed_activity: [0,com.android.gallery3d/.app.GalleryActivity,minimalResumeActivityLocked]
03-14 03:52:30.858 1009 1183 I am_uid_active: 10064
03-14 03:52:30.865 1009 1587 I input_focus: [Focus leaving 192705 com.android.documentsui/com.android.documentsui.files.FilesActivity (server),reason=NO_WINDOW]
03-14 03:52:30.908 7505 7505 I wm_on_create_called: [245437945,com.android.gallery3d.app.GalleryActivity,performCreate]
03-14 03:52:30.910 7505 7505 I wm_on_start_called: [245437945,com.android.gallery3d.app.GalleryActivity,handleStartActivity]
03-14 03:52:30.918 7505 7505 I wm_on_resume_called: [245437945,com.android.gallery3d.app.GalleryActivity,RESUME_ACTIVITY]
03-14 03:52:30.922 7505 7505 I wm_on_top_resumed_gained_called: [245437945,com.android.gallery3d.app.GalleryActivity,topStateChangedWhenResumed]
03-14 03:52:30.937 1009 1184 I input_focus: [Focus request 3197611 com.android.gallery3d/com.android.gallery3d.app.GalleryActivity,reason=UpdateInputWindows]
01-01 08:01:59.652 0 0 I binder : 7505:7527 ioctl 40046210 6ea7572c94 returned -22
03-14 03:52:30.967 0 0 I auditd : type=1400 audit(0.0:3338): avc: denied { kill } for comm="swapper/1" capability=5 scontext=u:r:kernel:s0 tcontext=u:r:kernel:s0 tclass=capability permissive=1
03-14 03:52:30.987 1009 1194 I am_uid_idle: 2000
03-14 03:52:31.005 1009 1180 I sysui_multi_action: [319,35,321,25,322,179,325,117,757,761,758,7,759,1,806,com.android.gallery3d,871,com.android.gallery3d.app.GalleryActivity,904,com.android.documentsui,905,0,945,31,1320,4,1321,1]
03-14 03:52:31.005 1009 1180 I wm_activity_launch_time: [0,245437945,com.android.gallery3d/.app.GalleryActivity,179]
03-14 03:52:31.015 1009 1587 I input_focus: [Focus entering 3197611 com.android.gallery3d/com.android.gallery3d.app.GalleryActivity (server),reason=Window became focusable. Previous reason: NOT_VISIBLE]
03-14 03:52:31.253 1009 1183 I wm_stop_activity: [0,264921891,com.android.documentsui/.files.FilesActivity]
03-14 03:52:31.285 7223 7223 I wm_on_stop_called: [264921891,com.android.documentsui.files.FilesActivity,STOP_ACTIVITY_ITEM]
03-14 03:52:31.457 1009 1587 I input_interaction: Interaction with: 3197611 com.android.gallery3d/com.android.gallery3d.app.GalleryActivity (server), edge-swipe (server), swipe-up (server), PointerEventDispatcher0 (server),
03-14 03:52:31.500 1009 1194 I am_uid_idle: 10081
03-14 03:52:31.519 1009 1194 I am_uid_idle: 10058
03-14 03:52:31.619 1009 1194 I am_uid_idle: 10084
03-14 03:52:31.650 1009 1194 I am_uid_idle: 10101
03-14 03:52:31.651 1009 1194 I am_stop_idle_service: [10101,com.sohu.sohuvideo/.control.push.GexinPushService]
03-14 03:52:31.719 6881 6881 I auditd : type=1400 audit(0.0:3339): avc: denied { open } for comm="HCDN_DownloadEn" path="/proc/stat" dev="proc" ino=4026532236 scontext=u:r:untrusted_app:s0:c102,c256,c512,c768 tcontext=u:object_r:proc_stat:s0 tclass=file permissive=1 app=com.qiyi.video
03-14 03:52:31.719 6881 6881 I auditd : type=1400 audit(0.0:3340): avc: denied { getattr } for comm="HCDN_DownloadEn" path="/proc/stat" dev="proc" ino=4026532236 scontext=u:r:untrusted_app:s0:c102,c256,c512,c768 tcontext=u:object_r:proc_stat:s0 tclass=file permissive=1 app=com.qiyi.video
03-14 03:52:31.967 0 0 I auditd : type=1400 audit(0.0:3341): avc: denied { kill } for comm="swapper/1" capability=5 scontext=u:r:kernel:s0 tcontext=u:r:kernel:s0 tclass=capability permissive=1
03-14 03:52:32.081 7505 7505 I view_enqueue_input_event: [Motion - Cancel,com.android.gallery3d/com.android.gallery3d.app.GalleryActivity]
03-14 03:52:32.087 1009 1587 I input_interaction: Interaction with: edge-swipe (server), swipe-up (server), PointerEventDispatcher0 (server),
03-14 03:52:32.243 1009 3052 I sysui_multi_action: [757,803,799,key_back_press,802,1]
03-14 03:52:32.249 1009 1587 I input_interaction: Interaction with: 3197611 com.android.gallery3d/com.android.gallery3d.app.GalleryActivity (server), PointerEventDispatcher0 (server),
03-14 03:52:32.255 1009 3052 I wm_finish_activity: [0,245437945,132,com.android.gallery3d/.app.GalleryActivity,app-request]
03-14 03:52:32.263 1009 3052 I wm_pause_activity: [0,245437945,com.android.gallery3d/.app.GalleryActivity,userLeaving=false,finish]
03-14 03:52:32.276 7505 7505 I wm_on_top_resumed_lost_called: [245437945,com.android.gallery3d.app.GalleryActivity,topStateChangedWhenResumed]
03-14 03:52:32.279 7505 7505 I wm_on_paused_called: [245437945,com.android.gallery3d.app.GalleryActivity,performPause]
03-14 03:52:32.279 1009 3052 I wm_add_to_stopping: [0,245437945,com.android.gallery3d/.app.GalleryActivity,completeFinishing]
03-14 03:52:32.281 1009 3052 I wm_set_resumed_activity: [0,com.android.documentsui/.files.FilesActivity,resumeTopActivityInnerLocked]
03-14 03:52:32.282 1009 3052 I wm_resume_activity: [0,264921891,132,com.android.documentsui/.files.FilesActivity]
03-14 03:52:32.286 1009 1183 I sysui_multi_action: [757,803,799,window_time_0,802,1]
03-14 03:52:32.289 1009 1587 I input_focus: [Focus leaving 3197611 com.android.gallery3d/com.android.gallery3d.app.GalleryActivity (server),reason=NO_WINDOW]
03-14 03:52:32.290 7223 7223 I wm_on_restart_called: [264921891,com.android.documentsui.files.FilesActivity,performRestartActivity]
03-14 03:52:32.292 7223 7223 I wm_on_start_called: [264921891,com.android.documentsui.files.FilesActivity,handleStartActivity]
03-14 03:52:32.294 7223 7223 I wm_on_resume_called: [264921891,com.android.documentsui.files.FilesActivity,RESUME_ACTIVITY]
03-14 03:52:32.295 7223 7223 I wm_on_top_resumed_gained_called: [264921891,com.android.documentsui.files.FilesActivity,topWhenResuming]
03-14 03:52:32.304 1009 1184 I input_focus: [Focus request 192705 com.android.documentsui/com.android.documentsui.files.FilesActivity,reason=UpdateInputWindows]
03-14 03:52:32.401 1009 1587 I input_focus: [Focus entering 192705 com.android.documentsui/com.android.documentsui.files.FilesActivity (server),reason=Window became focusable. Previous reason: NOT_VISIBLE]
03-14 03:52:32.442 1009 1194 I am_uid_idle: 10093
03-14 03:52:32.442 1009 1194 I am_stop_idle_service: [10093,com.tencent.mtt/.external.audio.service.LocalPlayerService]
03-14 03:52:32.443 1009 1194 I am_stop_idle_service: [10093,com.tencent.mtt/.browser.push.service.PushRemoteService]
03-14 03:52:32.786 1009 1183 I wm_destroy_activity: [0,245437945,132,com.android.gallery3d/.app.GalleryActivity,finish-imm:idle]
03-14 03:52:32.810 7505 7505 I wm_on_stop_called: [245437945,com.android.gallery3d.app.GalleryActivity,LIFECYCLER_STOP_ACTIVITY]
03-14 03:52:32.816 7505 7505 I wm_on_destroy_called: [245437945,com.android.gallery3d.app.GalleryActivity,performDestroy]
03-14 03:52:33.132 1009 1587 I input_interaction: Interaction with: 192705 com.android.documentsui/com.android.documentsui.files.FilesActivity (server), edge-swipe (server), swipe-up (server), PointerEventDispatcher0 (server),
03-14 03:52:33.164 1009 2148 I wm_task_moved: [1,0,0]
03-14 03:52:33.164 1009 2148 I wm_task_moved: [1,0,5]
03-14 03:52:33.180 7223 7223 I view_enqueue_input_event: [Motion - Cancel,com.android.documentsui/com.android.documentsui.files.FilesActivity]
03-14 03:52:33.181 1009 1184 I input_focus: [Focus request recents_animation_input_consumer,reason=UpdateInputWindows]
03-14 03:52:33.186 1009 1587 I input_interaction: Interaction with: edge-swipe (server), swipe-up (server), PointerEventDispatcher0 (server),
03-14 03:52:33.187 1009 1587 I input_focus: [Focus leaving 192705 com.android.documentsui/com.android.documentsui.files.FilesActivity (server),reason=NOT_FOCUSABLE]
03-14 03:52:33.187 1009 1587 I input_focus: [Focus entering recents_animation_input_consumer (server),reason=setFocusedWindow]
03-14 03:52:33.188 2625 2625 I wm_on_restart_called: [196755772,com.android.launcher3.uioverrides.QuickstepLauncher,performRestartActivity]
03-14 03:52:33.218 2625 2625 I wm_on_start_called: [196755772,com.android.launcher3.uioverrides.QuickstepLauncher,handleStartActivity]
03-14 03:52:33.236 2625 2625 I sysui_latency: [1,102]
03-14 03:52:33.249 1009 1180 I sysui_multi_action: [319,9,322,79,325,119,757,761,758,9,759,5,806,com.android.launcher3,871,com.android.launcher3.uioverrides.QuickstepLauncher,905,0,1320,4,1321,1]
03-14 03:52:33.424 1009 1488 I commit_sys_config_file: [settings-1-0,8]
03-14 03:52:33.544 1009 1188 I sysui_latency: [8,106]
03-14 03:52:33.840 1009 2153 I wm_task_moved: [1,1,6]
03-14 03:52:33.843 1009 2153 I wm_focused_root_task: [0,0,1,132,RecentsAnimation.onAnimationFinished()]
03-14 03:52:33.843 7223 7223 I wm_on_top_resumed_lost_called: [264921891,com.android.documentsui.files.FilesActivity,topStateChangedWhenResumed]
03-14 03:52:33.847 1009 2153 I wm_pause_activity: [0,264921891,com.android.documentsui/.files.FilesActivity,userLeaving=false,pauseBackTasks]
03-14 03:52:33.850 1009 2153 I wm_set_resumed_activity: [0,com.android.launcher3/.uioverrides.QuickstepLauncher,resumeTopActivityInnerLocked]
03-14 03:52:33.853 1009 2153 I wm_resume_activity: [0,196755772,127,com.android.launcher3/.uioverrides.QuickstepLauncher]
03-14 03:52:33.854 1009 2153 I wm_add_to_stopping: [0,264921891,com.android.documentsui/.files.FilesActivity,makeInvisible]
03-14 03:52:33.859 2625 2625 I wm_on_resume_called: [196755772,com.android.launcher3.uioverrides.QuickstepLauncher,RESUME_ACTIVITY]
03-14 03:52:33.864 1009 1184 I input_focus: [Focus request b68d17 com.android.launcher3/com.android.launcher3.uioverrides.QuickstepLauncher,reason=UpdateInputWindows]
03-14 03:52:33.865 7223 7223 I wm_on_paused_called: [264921891,com.android.documentsui.files.FilesActivity,performPause]
03-14 03:52:33.867 1009 1183 I sysui_multi_action: [757,803,799,window_time_0,802,2]
03-14 03:52:33.869 1009 1183 I wm_stop_activity: [0,264921891,com.android.documentsui/.files.FilesActivity]
03-14 03:52:33.870 1009 1183 I sysui_multi_action: [757,803,799,window_time_0,802,0]
03-14 03:52:33.871 1009 1587 I input_focus: [Focus leaving recents_animation_input_consumer (server),reason=NOT_VISIBLE]
03-14 03:52:33.871 1009 1587 I input_focus: [Focus entering b68d17 com.android.launcher3/com.android.launcher3.uioverrides.QuickstepLauncher (server),reason=setFocusedWindow]
03-14 03:52:33.877 7223 7223 I wm_on_stop_called: [264921891,com.android.documentsui.files.FilesActivity,STOP_ACTIVITY_ITEM]
03-14 03:52:33.893 2625 2625 I wm_on_top_resumed_gained_called: [196755772,com.android.launcher3.uioverrides.QuickstepLauncher,topStateChangedWhenResumed]
03-14 03:52:33.939 5866 5866 I auditd : type=1400 audit(0.0:3342): avc: denied { open } for comm="HCDN_DownloadEn" path="/proc/stat" dev="proc" ino=4026532236 scontext=u:r:untrusted_app:s0:c102,c256,c512,c768 tcontext=u:object_r:proc_stat:s0 tclass=file permissive=1 app=com.qiyi.video
03-14 03:52:33.939 5866 5866 I auditd : type=1400 audit(0.0:3343): avc: denied { getattr } for comm="HCDN_DownloadEn" path="/proc/stat" dev="proc" ino=4026532236 scontext=u:r:untrusted_app:s0:c102,c256,c512,c768 tcontext=u:object_r:proc_stat:s0 tclass=file permissive=1 app=com.qiyi.video
03-14 03:52:34.091 1009 1488 I commit_sys_config_file: [settings-1-0,5]
01-01 08:02:03.283 0 0 E DTC_ETH,link_delay_work_func: 3003, SQI=0, link=0
03-14 03:52:34.599 1009 1587 I input_interaction: Interaction with: b68d17 com.android.launcher3/com.android.launcher3.uioverrides.QuickstepLauncher (server), 8c59581 com.android.systemui.ImageWallpaper (server), edge-swipe (server), swipe-up (server), PointerEventDispatcher0 (server),
03-14 03:52:35.126 1009 1724 I wm_finish_activity: [0,264921891,132,com.android.documentsui/.files.FilesActivity,recent-task-trimmed]
03-14 03:52:35.127 1009 1724 I wm_destroy_activity: [0,264921891,132,com.android.documentsui/.files.FilesActivity,finish-imm:finishIfPossible]
03-14 03:52:35.131 1009 1183 I am_kill : [0,7223,com.android.documentsui,905,remove task]
03-14 03:52:35.134 1009 1183 I sysui_multi_action: [757,803,799,window_time_0,802,1]
03-14 03:52:35.175 1009 2148 I am_proc_died: [0,7223,com.android.documentsui,905,19]
03-14 03:52:35.177 1009 2148 I am_uid_stopped: 10023
03-14 03:52:35.183 1009 2148 I wm_task_removed: [132,removeChild:removeChild last r=ActivityRecord{fca6323 u0 com.android.documentsui/.files.FilesActivity t-1 f}} in t=Task{9645f11 #132 type=standard A=10023:com.android.documentsui U=0 visible=false mode=fullscreen translucent=true sz=0}]
03-14 03:52:35.183 1009 2148 I wm_task_removed: [132,removeChild]
03-14 03:52:35.189 1009 1183 I am_uid_running: 10023
03-14 03:52:35.202 1009 1195 I am_proc_start: [0,7628,10023,com.android.documentsui,NULL,]
01-01 08:02:03.917 0 0 I binder : 7628:7628 ioctl 40046210 7fd9aef714 returned -22
03-14 03:52:35.219 1009 2178 I am_proc_bound: [0,7628,com.android.documentsui]
01-01 08:02:04.547 0 0 W perfetto: disabled ftrace
03-14 03:52:35.967 0 0 I auditd : type=1400 audit(0.0:3344): avc: denied { kill } for comm="swapper/1" capability=5 scontext=u:r:kernel:s0 tcontext=u:r:kernel:s0 tclass=capability permissive=1
03-14 03:52:37.915 6881 6881 I auditd : type=1400 audit(0.0:3345): avc: denied { open } for comm="HCDN_DownloadEn" path="/proc/stat" dev="proc" ino=4026532236 scontext=u:r:untrusted_app:s0:c102,c256,c512,c768 tcontext=u:object_r:proc_stat:s0 tclass=file permissive=1 app=com.qiyi.video
03-14 03:52:37.915 6881 6881 I auditd : type=1400 audit(0.0:3346): avc: denied { getattr } for comm="HCDN_DownloadEn" path="/proc/stat" dev="proc" ino=4026532236 scontext=u:r:untrusted_app:s0:c102,c256,c512,c768 tcontext=u:object_r:proc_stat:s0 tclass=file permissive=1 app=com.qiyi.video
03-14 03:52:38.537 1009 1218 I commit_sys_config_file: [package-user-0,9]
03-14 03:52:39.674 1009 1188 I am_pss : [5866,10102,com.qiyi.video,402974720,365391872,0,559886336,0,10,35]
03-14 03:52:39.683 1009 1188 I am_pss : [6881,10102,com.qiyi.video:downloader,42907648,21024768,0,160944128,0,10,8]
03-14 03:52:39.691 1009 1188 I am_pss : [6245,10102,com.qiyi.video:plugin1,39072768,18665472,0,159735808,0,10,7]
01-01 08:02:08.403 0 0 E DTC_ETH,link_delay_work_func: 3003, SQI=0, link=0
03-14 03:52:39.989 1009 2156 I wm_task_created: [133,-1]
03-14 03:52:39.992 1009 2156 I wm_task_moved: [133,1,6]
03-14 03:52:39.992 1009 2156 I wm_task_to_front: [0,133]
03-14 03:52:39.992 1009 2156 I wm_create_task: [0,133]
03-14 03:52:39.992 1009 2156 I wm_create_activity: [0,15998065,133,com.android.gallery3d/.app.GalleryActivity,android.intent.action.MAIN,NULL,NULL,270532608]
03-14 03:52:39.992 1009 2156 I wm_task_moved: [133,1,6]
03-14 03:52:39.993 1009 2156 I wm_restart_activity: [0,15998065,133,com.android.gallery3d/.app.GalleryActivity]
03-14 03:52:39.994 1009 2156 I wm_set_resumed_activity: [0,com.android.gallery3d/.app.GalleryActivity,minimalResumeActivityLocked]
03-14 03:52:39.996 2625 2625 I wm_on_top_resumed_lost_called: [196755772,com.android.launcher3.uioverrides.QuickstepLauncher,topStateChangedWhenResumed]
03-14 03:52:40.009 7505 7505 I wm_on_create_called: [15998065,com.android.gallery3d.app.GalleryActivity,performCreate]
03-14 03:52:40.010 7505 7505 I wm_on_start_called: [15998065,com.android.gallery3d.app.GalleryActivity,handleStartActivity]
03-14 03:52:40.012 7505 7505 I wm_on_resume_called: [15998065,com.android.gallery3d.app.GalleryActivity,RESUME_ACTIVITY]
03-14 03:52:40.013 7505 7505 I wm_on_top_resumed_gained_called: [15998065,com.android.gallery3d.app.GalleryActivity,topStateChangedWhenResumed]
03-14 03:52:40.021 1009 1184 I input_focus: [Focus request 14b2dcf com.android.gallery3d/com.android.gallery3d.app.GalleryActivity,reason=UpdateInputWindows]
03-14 03:52:40.052 1009 1587 I input_focus: [Focus leaving b68d17 com.android.launcher3/com.android.launcher3.uioverrides.QuickstepLauncher (server),reason=Waiting for window because NOT_VISIBLE]
03-14 03:52:40.055 1009 1180 I sysui_multi_action: [319,70,322,70,325,126,757,761,758,8,759,2,806,com.android.gallery3d,871,com.android.gallery3d.app.GalleryActivity,904,com.android.launcher3,905,0,1320,4,1321,1]
03-14 03:52:40.055 1009 1180 I wm_activity_launch_time: [0,15998065,com.android.gallery3d/.app.GalleryActivity,70]
03-14 03:52:40.069 1009 1587 I input_focus: [Focus entering 14b2dcf com.android.gallery3d/com.android.gallery3d.app.GalleryActivity (server),reason=Window became focusable. Previous reason: NOT_VISIBLE]
03-14 03:52:40.098 1009 1188 I am_pss : [4977,10033,com.microsoft.emmx,169210880,129273856,0,340484096,0,19,11]
03-14 03:52:40.105 1009 1188 I am_pss : [5114,10033,com.microsoft.emmx:privileged_process0,63396864,28286976,0,202600448,0,19,7]
03-14 03:52:40.696 1009 1009 I service_manager_stats: [100,47,22760]
03-14 03:52:40.967 0 0 I auditd : type=1400 audit(0.0:3347): avc: denied { kill } for comm="swapper/0" capability=5 scontext=u:r:kernel:s0 tcontext=u:r:kernel:s0 tclass=capability permissive=1
03-14 03:52:41.749 1009 1585 I wm_task_created: [134,-1]
03-14 03:52:41.750 1009 1585 I wm_finish_activity: [0,15998065,133,com.android.gallery3d/.app.GalleryActivity,app-request]
03-14 03:52:41.750 1009 1585 I wm_task_moved: [1,1,7]
03-14 03:52:41.751 7505 7505 I wm_on_top_resumed_lost_called: [15998065,com.android.gallery3d.app.GalleryActivity,topStateChangedWhenResumed]
03-14 03:52:41.751 1009 1585 I wm_set_resumed_activity: [0,com.android.launcher3/.uioverrides.QuickstepLauncher,positionChildAt]
03-14 03:52:41.751 1009 1585 I wm_task_moved: [127,1,2147483647]
03-14 03:52:41.751 1009 1585 I wm_task_to_front: [0,127]
03-14 03:52:41.751 1009 1585 I wm_focused_root_task: [0,0,1,-1,finish-top adjustFocusToNextFocusableTask]
03-14 03:52:41.751 1009 1585 I wm_set_resumed_activity: [0,com.android.launcher3/.uioverrides.QuickstepLauncher,finish-top]
03-14 03:52:41.754 1009 1585 I wm_pause_activity: [0,15998065,com.android.gallery3d/.app.GalleryActivity,userLeaving=false,finish]
03-14 03:52:41.756 1009 1585 I wm_task_moved: [134,1,7]
03-14 03:52:41.756 1009 1585 I wm_task_to_front: [0,134]
03-14 03:52:41.756 1009 1585 I wm_focused_root_task: [0,0,134,1,reuseOrNewTask]
03-14 03:52:41.756 1009 1585 I wm_create_task: [0,134]
03-14 03:52:41.756 1009 1585 I wm_create_activity: [0,35093416,134,com.android.music/.MusicBrowserActivity,android.intent.action.MAIN,NULL,NULL,270532608]
03-14 03:52:41.756 1009 1585 I wm_task_moved: [134,1,7]
03-14 03:52:41.758 1009 1184 I input_focus: [Focus request b68d17 com.android.launcher3/com.android.launcher3.uioverrides.QuickstepLauncher,reason=UpdateInputWindows]
03-14 03:52:41.761 7505 7505 I wm_on_paused_called: [15998065,com.android.gallery3d.app.GalleryActivity,performPause]
03-14 03:52:41.763 1009 1585 I wm_add_to_stopping: [0,15998065,com.android.gallery3d/.app.GalleryActivity,completeFinishing]
03-14 03:52:41.764 1009 1585 I wm_restart_activity: [0,35093416,134,com.android.music/.MusicBrowserActivity]
03-14 03:52:41.764 1009 1585 I wm_set_resumed_activity: [0,com.android.music/.MusicBrowserActivity,minimalResumeActivityLocked]
03-14 03:52:41.767 1009 1183 I sysui_multi_action: [757,803,799,window_time_0,802,7]
03-14 03:52:41.773 1009 1587 I input_focus: [Focus leaving 14b2dcf com.android.gallery3d/com.android.gallery3d.app.GalleryActivity (server),reason=NO_WINDOW]
03-14 03:52:41.773 1009 1587 I input_focus: [Focus entering b68d17 com.android.launcher3/com.android.launcher3.uioverrides.QuickstepLauncher (server),reason=setFocusedWindow]
03-14 03:52:41.792 3708 3708 I wm_on_create_called: [35093416,com.android.music.MusicBrowserActivity,performCreate]
03-14 03:52:41.799 3708 3708 I wm_on_start_called: [35093416,com.android.music.MusicBrowserActivity,handleStartActivity]
03-14 03:52:41.800 3708 3708 I wm_on_resume_called: [35093416,com.android.music.MusicBrowserActivity,RESUME_ACTIVITY]
03-14 03:52:41.801 3708 3708 I wm_on_top_resumed_gained_called: [35093416,com.android.music.MusicBrowserActivity,topStateChangedWhenResumed]
03-14 03:52:41.822 1009 1009 I notification_enqueue: [10086,3708,com.android.music,1,NULL,0,Notification(channel=Channel-music shortcut=null contentView=null vibrate=null sound=null defaults=0x0 flags=0x0 color=0x00000000 category=transport actions=4 vis=PRIVATE),0]
03-14 03:52:41.823 1009 1009 I notification_enqueue: [10086,3708,com.android.music,1,NULL,0,Notification(channel=Channel-music shortcut=null contentView=null vibrate=null sound=null defaults=0x0 flags=0x40 color=0x00000000 category=transport actions=4 vis=PRIVATE),0]
03-14 03:52:41.824 1009 1009 I notification_enqueue: [10086,3708,com.android.music,1,NULL,0,Notification(channel=Channel-music shortcut=null contentView=null vibrate=null sound=null defaults=0x0 flags=0x40 color=0x00000000 category=transport actions=4 vis=PRIVATE),0]
03-14 03:52:41.825 1009 1009 I notification_enqueue: [10086,3708,com.android.music,1,NULL,0,Notification(channel=Channel-music shortcut=null contentView=null vibrate=null sound=null defaults=0x0 flags=0x40 color=0x00000000 category=transport actions=4 vis=PRIVATE),0]
03-14 03:52:41.828 1009 1009 I notification_enqueue: [10086,3708,com.android.music,1,NULL,0,Notification(channel=Channel-music shortcut=null contentView=null vibrate=null sound=null defaults=0x0 flags=0x40 color=0x00000000 category=transport actions=4 vis=PRIVATE),0]
03-14 03:52:41.828 1009 1009 I notification_enqueue: [10086,3708,com.android.music,1,NULL,0,Notification(channel=Channel-music shortcut=null contentView=null vibrate=null sound=null defaults=0x0 flags=0x40 color=0x00000000 category=transport actions=4 vis=PRIVATE),0]
03-14 03:52:41.835 1009 1184 I input_focus: [Focus request bdc5a52 com.android.music/com.android.music.MusicBrowserActivity,reason=UpdateInputWindows]
03-14 03:52:41.849 1009 1009 I sysui_multi_action: [757,128,758,5,759,8,793,28,794,0,795,28,796,1,806,com.android.music,857,Channel-music,858,2,947,0,1500,28,1641,transport,1688,1,1745,1043716538]
03-14 03:52:41.849 1009 1009 I notification_canceled: [0|com.android.music|1|null|10086,8,28,28,0,-1,-1,NULL]
03-14 03:52:41.852 1009 1180 I sysui_multi_action: [319,102,322,101,325,128,757,761,758,8,759,2,806,com.android.music,871,com.android.music.MusicBrowserActivity,904,com.android.launcher3,905,0,1320,4,1321,1]
03-14 03:52:41.852 1009 1180 I wm_activity_launch_time: [0,35093416,com.android.music/.MusicBrowserActivity,101]
03-14 03:52:41.857 1009 1587 I input_focus: [Focus leaving b68d17 com.android.launcher3/com.android.launcher3.uioverrides.QuickstepLauncher (server),reason=setFocusedWindow]
03-14 03:52:41.857 1009 1587 I input_focus: [Focus entering bdc5a52 com.android.music/com.android.music.MusicBrowserActivity (server),reason=setFocusedWindow]
03-14 03:52:42.006 1009 1488 I commit_sys_config_file: [settings-2-0,2]
03-14 03:52:42.123 1009 1183 I wm_destroy_activity: [0,15998065,133,com.android.gallery3d/.app.GalleryActivity,finish-imm:idle]
03-14 03:52:42.144 7505 7505 I wm_on_stop_called: [15998065,com.android.gallery3d.app.GalleryActivity,LIFECYCLER_STOP_ACTIVITY]
03-14 03:52:42.146 7505 7505 I wm_on_destroy_called: [15998065,com.android.gallery3d.app.GalleryActivity,performDestroy]
03-14 03:52:42.148 1009 2178 I wm_task_removed: [133,removeChild:removeChild last r=ActivityRecord{f41c71 u0 com.android.gallery3d/.app.GalleryActivity t-1 f}} in t=Task{e8b9a18 #133 type=standard A=10064:com.android.gallery3d U=0 visible=false mode=freeform translucent=true sz=0}]
03-14 03:52:42.148 1009 2178 I wm_task_removed: [133,removeChild]
03-14 03:52:42.346 1009 1188 I sysui_multi_action: [757,1717,758,1,759,0]
03-14 03:52:42.346 1009 1188 I sysui_multi_action: [757,1717,758,2,759,0]
03-14 03:52:42.346 1009 1188 I sysui_multi_action: [757,1717,758,3,759,0]
03-14 03:52:43.281 1009 2178 I wm_task_created: [135,-1]
03-14 03:52:43.282 1009 2178 I wm_finish_activity: [0,35093416,134,com.android.music/.MusicBrowserActivity,app-request]
03-14 03:52:43.282 1009 2178 I wm_task_moved: [1,1,7]
03-14 03:52:43.283 3708 3708 I wm_on_top_resumed_lost_called: [35093416,com.android.music.MusicBrowserActivity,topStateChangedWhenResumed]
03-14 03:52:43.283 1009 2178 I wm_set_resumed_activity: [0,com.android.launcher3/.uioverrides.QuickstepLauncher,positionChildAt]
03-14 03:52:43.283 1009 2178 I wm_task_moved: [127,1,2147483647]
03-14 03:52:43.283 1009 2178 I wm_task_to_front: [0,127]
03-14 03:52:43.283 1009 2178 I wm_focused_root_task: [0,0,1,-1,finish-top adjustFocusToNextFocusableTask]
03-14 03:52:43.283 1009 2178 I wm_set_resumed_activity: [0,com.android.launcher3/.uioverrides.QuickstepLauncher,finish-top]
03-14 03:52:43.285 1009 2178 I wm_pause_activity: [0,35093416,com.android.music/.MusicBrowserActivity,userLeaving=false,finish]
03-14 03:52:43.287 1009 2178 I wm_task_moved: [135,1,7]
03-14 03:52:43.287 1009 2178 I wm_task_to_front: [0,135]
03-14 03:52:43.287 1009 2178 I wm_focused_root_task: [0,0,135,1,reuseOrNewTask]
03-14 03:52:43.287 1009 2178 I wm_create_task: [0,135]
03-14 03:52:43.287 1009 2178 I wm_create_activity: [0,73236750,135,com.android.music/.VideoBrowserActivity,android.intent.action.MAIN,NULL,NULL,270532608]
03-14 03:52:43.288 1009 2178 I wm_task_moved: [135,1,7]
03-14 03:52:43.290 1009 1184 I input_focus: [Focus request b68d17 com.android.launcher3/com.android.launcher3.uioverrides.QuickstepLauncher,reason=UpdateInputWindows]
03-14 03:52:43.290 3708 3708 I wm_on_paused_called: [35093416,com.android.music.MusicBrowserActivity,performPause]
03-14 03:52:43.290 1009 2148 I wm_add_to_stopping: [0,35093416,com.android.music/.MusicBrowserActivity,completeFinishing]
03-14 03:52:43.291 1009 2148 I wm_restart_activity: [0,73236750,135,com.android.music/.VideoBrowserActivity]
03-14 03:52:43.292 1009 2148 I wm_set_resumed_activity: [0,com.android.music/.VideoBrowserActivity,minimalResumeActivityLocked]
03-14 03:52:43.295 1009 1587 I input_focus: [Focus leaving bdc5a52 com.android.music/com.android.music.MusicBrowserActivity (server),reason=NO_WINDOW]
03-14 03:52:43.295 1009 1587 I input_focus: [Focus entering b68d17 com.android.launcher3/com.android.launcher3.uioverrides.QuickstepLauncher (server),reason=setFocusedWindow]
03-14 03:52:43.296 1009 1183 I sysui_multi_action: [757,803,799,window_time_2,802,1]
03-14 03:52:43.308 3708 3708 I wm_on_create_called: [73236750,com.android.music.VideoBrowserActivity,performCreate]
03-14 03:52:43.308 3708 3708 I wm_on_start_called: [73236750,com.android.music.VideoBrowserActivity,handleStartActivity]
03-14 03:52:43.309 3708 3708 I wm_on_resume_called: [73236750,com.android.music.VideoBrowserActivity,RESUME_ACTIVITY]
03-14 03:52:43.311 3708 3708 I wm_on_top_resumed_gained_called: [73236750,com.android.music.VideoBrowserActivity,topStateChangedWhenResumed]
03-14 03:52:43.315 1009 1184 I input_focus: [Focus request bcfabd4 com.android.music/com.android.music.VideoBrowserActivity,reason=UpdateInputWindows]
03-14 03:52:43.321 1009 1180 I wm_activity_launch_time: [0,73236750,com.android.music/.VideoBrowserActivity,41]
03-14 03:52:43.328 1009 1587 I input_focus: [Focus leaving b68d17 com.android.launcher3/com.android.launcher3.uioverrides.QuickstepLauncher (server),reason=setFocusedWindow]
03-14 03:52:43.328 1009 1587 I input_focus: [Focus entering bcfabd4 com.android.music/com.android.music.VideoBrowserActivity (server),reason=setFocusedWindow]
03-14 03:52:43.595 1009 1183 I wm_destroy_activity: [0,35093416,134,com.android.music/.MusicBrowserActivity,finish-imm:idle]
03-14 03:52:43.612 3708 3708 I wm_on_stop_called: [35093416,com.android.music.MusicBrowserActivity,LIFECYCLER_STOP_ACTIVITY]
03-14 03:52:43.613 3708 3708 I wm_on_destroy_called: [35093416,com.android.music.MusicBrowserActivity,performDestroy]
03-14 03:52:43.615 1009 2178 I wm_task_removed: [134,removeChild:removeChild last r=ActivityRecord{2177ba8 u0 com.android.music/.MusicBrowserActivity t-1 f}} in t=Task{aa6a7cb #134 type=standard A=10086:android.task.music U=0 visible=false mode=freeform translucent=true sz=0}]
03-14 03:52:43.615 1009 2178 I wm_task_removed: [134,removeChild]
03-14 03:52:43.616 1009 1194 I am_uid_running: 10032
03-14 03:52:43.623 1009 1009 I notification_cancel_all: [1000,1009,com.android.music,0,0,0,20,NULL]
03-14 03:52:43.623 1009 1585 I sysui_multi_action: [757,856,758,2,806,com.android.music,857,Channel-music,858,2]
03-14 03:52:43.624 1009 1195 I am_proc_start: [0,7790,10032,com.android.musicfx,broadcast,{com.android.musicfx/com.android.musicfx.ControlPanelReceiver}]
01-01 08:02:12.333 0 0 I binder : 7790:7790 ioctl 40046210 7fd9aef714 returned -22
03-14 03:52:43.634 1009 2153 I am_proc_bound: [0,7790,com.android.musicfx]
03-14 03:52:43.874 1009 1182 I commit_sys_config_file: [notification-policy,100018]
03-14 03:52:43.967 0 0 I auditd : type=1400 audit(0.0:3348): avc: denied { kill } for comm="swapper/7" capability=5 scontext=u:r:kernel:s0 tcontext=u:r:kernel:s0 tclass=capability permissive=1
03-14 03:52:44.055 6881 6881 I auditd : type=1400 audit(0.0:3349): avc: denied { open } for comm="HCDN_DownloadEn" path="/proc/stat" dev="proc" ino=4026532236 scontext=u:r:untrusted_app:s0:c102,c256,c512,c768 tcontext=u:object_r:proc_stat:s0 tclass=file permissive=1 app=com.qiyi.video
03-14 03:52:44.055 6881 6881 I auditd : type=1400 audit(0.0:3350): avc: denied { getattr } for comm="HCDN_DownloadEn" path="/proc/stat" dev="proc" ino=4026532236 scontext=u:r:untrusted_app:s0:c102,c256,c512,c768 tcontext=u:object_r:proc_stat:s0 tclass=file permissive=1 app=com.qiyi.video
01-01 08:02:13.523 0 0 E DTC_ETH,link_delay_work_func: 3003, SQI=0, link=0
03-14 03:52:45.893 1009 1587 I input_interaction: Interaction with: bcfabd4 com.android.music/com.android.music.VideoBrowserActivity (server), edge-swipe (server), swipe-up (server), PointerEventDispatcher0 (server),
03-14 03:52:46.003 3708 3708 I view_enqueue_input_event: [Motion - Cancel,com.android.music/com.android.music.VideoBrowserActivity]
03-14 03:52:46.011 1009 1587 I input_interaction: Interaction with: WindowManager (server), edge-swipe (server), swipe-up (server), PointerEventDispatcher0 (server),
03-14 03:52:46.063 6881 6881 I auditd : type=1400 audit(0.0:3351): avc: denied { open } for comm="HCDN_DownloadEn" path="/proc/stat" dev="proc" ino=4026532236 scontext=u:r:untrusted_app:s0:c102,c256,c512,c768 tcontext=u:object_r:proc_stat:s0 tclass=file permissive=1 app=com.qiyi.video
03-14 03:52:46.063 6881 6881 I auditd : type=1400 audit(0.0:3352): avc: denied { getattr } for comm="HCDN_DownloadEn" path="/proc/stat" dev="proc" ino=4026532236 scontext=u:r:untrusted_app:s0:c102,c256,c512,c768 tcontext=u:object_r:proc_stat:s0 tclass=file permissive=1 app=com.qiyi.video
03-14 03:52:46.800 1009 1587 I input_interaction: Interaction with: b68d17 com.android.launcher3/com.android.launcher3.uioverrides.QuickstepLauncher (server), 8c59581 com.android.systemui.ImageWallpaper (server), edge-swipe (server), swipe-up (server), PointerEventDispatcher0 (server),
03-14 03:52:47.615 1009 2148 I wm_task_created: [136,-1]
03-14 03:52:47.618 1009 2148 I wm_task_moved: [136,1,7]
03-14 03:52:47.618 1009 2148 I wm_task_to_front: [0,136]
03-14 03:52:47.618 1009 2148 I wm_create_task: [0,136]
03-14 03:52:47.618 1009 2148 I wm_create_activity: [0,111224965,136,com.android.documentsui/.LauncherActivity,android.intent.action.MAIN,NULL,NULL,270532608]
03-14 03:52:47.618 1009 2148 I wm_task_moved: [136,1,7]
03-14 03:52:47.618 3708 3708 I wm_on_top_resumed_lost_called: [73236750,com.android.music.VideoBrowserActivity,topStateChangedWhenResumed]
03-14 03:52:47.619 1009 2148 I wm_pause_activity: [0,196755772,com.android.launcher3/.uioverrides.QuickstepLauncher,userLeaving=true,pauseBackTasks]
03-14 03:52:47.621 2625 2625 I wm_on_paused_called: [196755772,com.android.launcher3.uioverrides.QuickstepLauncher,performPause]
03-14 03:52:47.623 1009 2156 I wm_restart_activity: [0,111224965,136,com.android.documentsui/.LauncherActivity]
03-14 03:52:47.624 1009 2156 I wm_set_resumed_activity: [0,com.android.documentsui/.LauncherActivity,minimalResumeActivityLocked]
03-14 03:52:47.626 1009 1183 I am_uid_active: 10023
03-14 03:52:47.627 1009 1183 I sysui_multi_action: [757,803,799,window_time_2,802,5]
03-14 03:52:47.637 1009 2156 I wm_task_created: [137,-1]
03-14 03:52:47.639 1009 2156 I wm_task_moved: [137,1,8]
03-14 03:52:47.639 1009 2156 I wm_task_to_front: [0,137]
03-14 03:52:47.639 1009 2156 I wm_create_task: [0,137]
03-14 03:52:47.639 1009 2156 I wm_create_activity: [0,176114836,137,com.android.documentsui/.files.FilesActivity,NULL,NULL,//com.android.documentsui.launchControl,271056896]
03-14 03:52:47.639 1009 2156 I wm_task_moved: [137,1,8]
03-14 03:52:47.640 1009 2156 I wm_pause_activity: [0,111224965,com.android.documentsui/.LauncherActivity,userLeaving=true,pauseBackTasks]
03-14 03:52:47.642 1009 2156 I wm_finish_activity: [0,111224965,136,com.android.documentsui/.LauncherActivity,app-request]
03-14 03:52:47.642 7628 7628 I wm_on_create_called: [111224965,com.android.documentsui.LauncherActivity,performCreate]
03-14 03:52:47.644 1009 1724 I wm_add_to_stopping: [0,111224965,com.android.documentsui/.LauncherActivity,completeFinishing]
03-14 03:52:47.645 1009 1724 I wm_add_to_stopping: [0,196755772,com.android.launcher3/.uioverrides.QuickstepLauncher,makeInvisible]
03-14 03:52:47.645 1009 1724 I wm_restart_activity: [0,176114836,137,com.android.documentsui/.files.FilesActivity]
03-14 03:52:47.646 1009 1724 I wm_set_resumed_activity: [0,com.android.documentsui/.files.FilesActivity,minimalResumeActivityLocked]
03-14 03:52:47.648 1009 1183 I wm_destroy_activity: [0,111224965,136,com.android.documentsui/.LauncherActivity,finish-imm:idle]
03-14 03:52:47.649 1009 1183 I sysui_multi_action: [757,803,799,window_time_0,802,0]
03-14 03:52:47.699 7628 7628 I wm_on_create_called: [176114836,com.android.documentsui.files.FilesActivity,performCreate]
03-14 03:52:47.701 7628 7628 I wm_on_start_called: [176114836,com.android.documentsui.files.FilesActivity,handleStartActivity]
03-14 03:52:47.703 7628 7628 I wm_on_resume_called: [176114836,com.android.documentsui.files.FilesActivity,RESUME_ACTIVITY]
03-14 03:52:47.710 7628 7628 I wm_on_top_resumed_gained_called: [176114836,com.android.documentsui.files.FilesActivity,topStateChangedWhenResumed]
03-14 03:52:47.710 7628 7628 I wm_on_destroy_called: [111224965,com.android.documentsui.LauncherActivity,performDestroy]
03-14 03:52:47.710 1009 2153 I wm_task_removed: [136,removeChild:removeChild last r=ActivityRecord{6a12885 u0 com.android.documentsui/.LauncherActivity t-1 f}} in t=Task{34e9e00 #136 type=standard A=10023:com.android.documentsui U=0 visible=false mode=fullscreen translucent=true sz=0}]
03-14 03:52:47.710 1009 2153 I wm_task_removed: [136,removeChild]
03-14 03:52:47.730 1009 1184 I input_focus: [Focus request bf10556 com.android.documentsui/com.android.documentsui.files.FilesActivity,reason=UpdateInputWindows]
01-01 08:02:16.443 0 0 I binder : 7628:7857 ioctl 40046210 6f09edd1f4 returned -22
03-14 03:52:47.754 1009 1587 I input_focus: [Focus leaving bcfabd4 com.android.music/com.android.music.VideoBrowserActivity (server),reason=Waiting for window because NOT_VISIBLE]
03-14 03:52:47.759 1009 1180 I sysui_multi_action: [319,50,321,47,322,145,325,134,757,761,758,8,759,1,806,com.android.documentsui,871,com.android.documentsui.files.FilesActivity,904,com.android.documentsui,905,0,1320,4,1321,1]
03-14 03:52:47.759 1009 1180 I wm_activity_launch_time: [0,176114836,com.android.documentsui/.files.FilesActivity,145]
03-14 03:52:47.771 1009 1587 I input_focus: [Focus entering bf10556 com.android.documentsui/com.android.documentsui.files.FilesActivity (server),reason=Window became focusable. Previous reason: NOT_VISIBLE]
03-14 03:52:48.189 1009 1183 I wm_stop_activity: [0,196755772,com.android.launcher3/.uioverrides.QuickstepLauncher]
03-14 03:52:48.207 2625 2625 I wm_on_stop_called: [196755772,com.android.launcher3.uioverrides.QuickstepLauncher,STOP_ACTIVITY_ITEM]
03-14 03:52:48.436 1009 1587 I input_interaction: Interaction with: bf10556 com.android.documentsui/com.android.documentsui.files.FilesActivity (server), edge-swipe (server), swipe-up (server), PointerEventDispatcher0 (server),
03-14 03:52:48.442 1009 3052 I wm_task_moved: [1,0,0]
03-14 03:52:48.442 1009 3052 I wm_task_moved: [1,0,6]
03-14 03:52:48.452 2625 2625 I wm_on_restart_called: [196755772,com.android.launcher3.uioverrides.QuickstepLauncher,performRestartActivity]
03-14 03:52:48.469 2625 2625 I wm_on_start_called: [196755772,com.android.launcher3.uioverrides.QuickstepLauncher,handleStartActivity]
03-14 03:52:48.470 7628 7628 I view_enqueue_input_event: [Motion - Cancel,com.android.documentsui/com.android.documentsui.files.FilesActivity]
03-14 03:52:48.470 1009 1184 I input_focus: [Focus request recents_animation_input_consumer,reason=UpdateInputWindows]
03-14 03:52:48.475 1009 1587 I input_interaction: Interaction with: edge-swipe (server), swipe-up (server), PointerEventDispatcher0 (server),
03-14 03:52:48.476 2625 2625 I sysui_latency: [1,39]
03-14 03:52:48.481 1009 1180 I sysui_multi_action: [319,3,322,37,325,134,757,761,758,9,759,5,806,com.android.launcher3,871,com.android.launcher3.uioverrides.QuickstepLauncher,905,0,1320,4,1321,1]
03-14 03:52:48.489 1009 1587 I input_focus: [Focus leaving bf10556 com.android.documentsui/com.android.documentsui.files.FilesActivity (server),reason=NOT_FOCUSABLE]
03-14 03:52:48.489 1009 1587 I input_focus: [Focus entering recents_animation_input_consumer (server),reason=setFocusedWindow]
03-14 03:52:48.669 1009 1488 I commit_sys_config_file: [settings-1-0,1]
03-14 03:52:48.781 1009 1188 I sysui_latency: [8,42]
03-14 03:52:48.967 0 0 I auditd : type=1400 audit(0.0:3353): avc: denied { kill } for comm="swapper/6" capability=5 scontext=u:r:kernel:s0 tcontext=u:r:kernel:s0 tclass=capability permissive=1
03-14 03:52:49.085 1009 1587 I input_interaction: Interaction with: recents_animation_input_consumer (server), edge-swipe (server), swipe-up (server), PointerEventDispatcher0 (server),
03-14 03:52:49.110 1009 3052 I wm_task_moved: [1,1,7]
03-14 03:52:49.110 1009 3052 I wm_task_moved: [127,1,2147483647]
03-14 03:52:49.110 1009 3052 I wm_task_to_front: [0,127]
03-14 03:52:49.110 7628 7628 I wm_on_top_resumed_lost_called: [176114836,com.android.documentsui.files.FilesActivity,topStateChangedWhenResumed]
03-14 03:52:49.110 1009 3052 I wm_focused_root_task: [0,0,1,137,RecentsAnimation.onAnimationFinished()]
03-14 03:52:49.110 1009 3052 I wm_set_resumed_activity: [0,com.android.launcher3/.uioverrides.QuickstepLauncher,RecentsAnimation.onAnimationFinished()]
03-14 03:52:49.110 1009 3052 I wm_pause_activity: [0,176114836,com.android.documentsui/.files.FilesActivity,userLeaving=true,pauseBackTasks]
03-14 03:52:49.111 1009 3052 I wm_add_to_stopping: [0,176114836,com.android.documentsui/.files.FilesActivity,makeInvisible]
03-14 03:52:49.111 1009 3052 I wm_set_resumed_activity: [0,com.android.launcher3/.uioverrides.QuickstepLauncher,resumeTopActivityInnerLocked]
03-14 03:52:49.112 1009 3052 I wm_resume_activity: [0,196755772,127,com.android.launcher3/.uioverrides.QuickstepLauncher]
03-14 03:52:49.113 2625 2625 I wm_on_resume_called: [196755772,com.android.launcher3.uioverrides.QuickstepLauncher,RESUME_ACTIVITY]
03-14 03:52:49.115 1009 1184 I input_focus: [Focus request b68d17 com.android.launcher3/com.android.launcher3.uioverrides.QuickstepLauncher,reason=UpdateInputWindows]
03-14 03:52:49.116 7628 7628 I wm_on_paused_called: [176114836,com.android.documentsui.files.FilesActivity,performPause]
03-14 03:52:49.117 2625 2625 I wm_on_top_resumed_gained_called: [196755772,com.android.launcher3.uioverrides.QuickstepLauncher,topStateChangedWhenResumed]
03-14 03:52:49.117 1009 1183 I wm_stop_activity: [0,176114836,com.android.documentsui/.files.FilesActivity]
03-14 03:52:49.117 1009 1183 I sysui_multi_action: [757,803,799,window_time_0,802,1]
03-14 03:52:49.118 1009 1183 I sysui_multi_action: [757,803,799,window_time_0,802,0]
03-14 03:52:49.125 1009 1587 I input_focus: [Focus leaving recents_animation_input_consumer (server),reason=NOT_VISIBLE]
03-14 03:52:49.127 1009 1188 I am_pss : [7362,1000,system:ui,18106368,9146368,0,150306816,0,19,6]
03-14 03:52:49.132 7628 7628 I wm_on_stop_called: [176114836,com.android.documentsui.files.FilesActivity,STOP_ACTIVITY_ITEM]
03-14 03:52:49.135 1009 1188 I am_pss : [6079,10102,com.qiyi.video:QS,27593728,10018816,0,143478784,0,10,7]
03-14 03:52:49.140 1009 1587 I input_focus: [Focus entering b68d17 com.android.launcher3/com.android.launcher3.uioverrides.QuickstepLauncher (server),reason=setFocusedWindow]
03-14 03:52:49.622 1009 1188 I sysui_multi_action: [757,1717,758,1,759,0]
03-14 03:52:49.622 1009 1188 I sysui_multi_action: [757,1717,758,2,759,0]
03-14 03:52:49.622 1009 1188 I sysui_multi_action: [757,1717,758,3,759,0]
01-01 08:02:18.643 0 0 E DTC_ETH,link_delay_work_func: 3003, SQI=0, link=0
03-14 03:52:50.076 1009 1587 I input_interaction: Interaction with: b68d17 com.android.launcher3/com.android.launcher3.uioverrides.QuickstepLauncher (server), 8c59581 com.android.systemui.ImageWallpaper (server), edge-swipe (server), swipe-up (server), PointerEventDispatcher0 (server),
03-14 03:52:50.196 1009 3052 I wm_task_created: [138,-1]
03-14 03:52:50.197 1009 3052 I wm_finish_activity: [0,73236750,135,com.android.music/.VideoBrowserActivity,app-request]
03-14 03:52:50.200 1009 3052 I wm_pause_activity: [0,73236750,com.android.music/.VideoBrowserActivity,userLeaving=false,finish]
03-14 03:52:50.200 3708 3708 I wm_on_paused_called: [73236750,com.android.music.VideoBrowserActivity,performPause]
03-14 03:52:50.203 1009 3052 I wm_task_moved: [138,1,8]
03-14 03:52:50.203 1009 3052 I wm_task_to_front: [0,138]
03-14 03:52:50.203 1009 3052 I wm_create_task: [0,138]
03-14 03:52:50.203 1009 3052 I wm_create_activity: [0,183405436,138,com.android.documentsui/.LauncherActivity,android.intent.action.MAIN,NULL,NULL,270532608]
03-14 03:52:50.203 1009 3052 I wm_task_moved: [138,1,8]
03-14 03:52:50.205 1009 1585 I wm_add_to_stopping: [0,73236750,com.android.music/.VideoBrowserActivity,completeFinishing]
03-14 03:52:50.205 2625 2625 I wm_on_top_resumed_lost_called: [196755772,com.android.launcher3.uioverrides.QuickstepLauncher,topStateChangedWhenResumed]
03-14 03:52:50.207 1009 1585 I wm_restart_activity: [0,183405436,138,com.android.documentsui/.LauncherActivity]
03-14 03:52:50.207 1009 1585 I wm_set_resumed_activity: [0,com.android.documentsui/.LauncherActivity,minimalResumeActivityLocked]
03-14 03:52:50.215 1009 1183 I sysui_multi_action: [757,803,799,window_time_0,802,1]
03-14 03:52:50.222 1009 2178 I wm_task_moved: [137,1,8]
03-14 03:52:50.222 1009 2178 I wm_task_to_front: [0,137]
03-14 03:52:50.222 1009 2178 I wm_focused_root_task: [0,0,137,138,bringingFoundTaskToFront]
03-14 03:52:50.222 1009 2178 I wm_set_resumed_activity: [0,com.android.documentsui/.files.FilesActivity,bringingFoundTaskToFront]
03-14 03:52:50.224 1009 2178 I wm_finish_activity: [0,183405436,138,com.android.documentsui/.LauncherActivity,app-request]
03-14 03:52:50.224 1009 2178 I wm_pause_activity: [0,183405436,com.android.documentsui/.LauncherActivity,userLeaving=false,finish]
03-14 03:52:50.225 1009 2178 I service_manager_stats: [100,23,9529]
03-14 03:52:50.227 1009 2178 I wm_new_intent: [0,176114836,137,com.android.documentsui/.files.FilesActivity,NULL,NULL,//com.android.documentsui.launchControl,271056896]
