03-14 04:09:16.562 1009 1038 W WindowManager: updateScale : 0.47859326
03-14 04:09:16.566 1009 1185 I ActivityTaskManager: clear resize flag in freeform mode
03-14 04:09:16.567 1009 1185 W WindowManager: updateScale : 0.470948
03-14 04:09:16.578 1009 1038 W WindowManager: updateScale : 0.470948
03-14 04:09:16.583 1009 1185 I ActivityTaskManager: clear resize flag in freeform mode
03-14 04:09:16.584 1009 1185 W WindowManager: updateScale : 0.46636087
03-14 04:09:16.595 1009 1038 W WindowManager: updateScale : 0.46636087
03-14 04:09:16.600 1009 1185 I ActivityTaskManager: clear resize flag in freeform mode
03-14 04:09:16.600 1009 1185 W WindowManager: updateScale : 0.4617737
03-14 04:09:16.611 1009 1038 W WindowManager: updateScale : 0.4617737
03-14 04:09:16.617 1009 1185 I ActivityTaskManager: clear resize flag in freeform mode
03-14 04:09:16.617 1009 1185 W WindowManager: updateScale : 0.46024466
03-14 04:09:16.629 1009 1038 W WindowManager: updateScale : 0.46024466
03-14 04:09:16.633 1009 1185 I ActivityTaskManager: clear resize flag in freeform mode
03-14 04:09:16.633 1009 1185 W WindowManager: updateScale : 0.4587156
03-14 04:09:16.646 1009 1038 W WindowManager: updateScale : 0.4587156
03-14 04:09:16.651 1009 1185 I ActivityTaskManager: clear resize flag in freeform mode
03-14 04:09:16.651 1009 1185 W WindowManager: updateScale : 0.45718655
03-14 04:09:16.661 1009 1038 W WindowManager: updateScale : 0.45718655
03-14 04:09:16.667 1009 1185 I ActivityTaskManager: clear resize flag in freeform mode
03-14 04:09:16.667 1009 1185 W WindowManager: updateScale : 0.45565748
03-14 04:09:16.679 1009 1038 W WindowManager: updateScale : 0.45565748
03-14 04:09:16.683 1009 1185 I ActivityTaskManager: clear resize flag in freeform mode
03-14 04:09:16.684 1009 1185 W WindowManager: updateScale : 0.45565748
03-14 04:09:16.696 1009 1038 W WindowManager: updateScale : 0.45565748
03-14 04:09:16.713 1009 1038 W WindowManager: updateScale : 0.45565748
03-14 04:09:17.047 6881 6881 I auditd : type=1400 audit(0.0:4063): avc: denied { open } for comm="HCDN_DownloadEn" path="/proc/stat" dev="proc" ino=4026532236 scontext=u:r:untrusted_app:s0:c102,c256,c512,c768 tcontext=u:object_r:proc_stat:s0 tclass=file permissive=1 app=com.qiyi.video
03-14 04:09:17.047 6881 6881 I auditd : type=1400 audit(0.0:4064): avc: denied { getattr } for comm="HCDN_DownloadEn" path="/proc/stat" dev="proc" ino=4026532236 scontext=u:r:untrusted_app:s0:c102,c256,c512,c768 tcontext=u:object_r:proc_stat:s0 tclass=file permissive=1 app=com.qiyi.video
03-14 04:09:17.746 1009 1038 D FreeFormWindowHelper: Remove freefrom task=Task{c9a902f #143 type=standard A=10023:com.android.documentsui U=0 visible=true mode=fullscreen translucent=false sz=1}
03-14 04:09:17.761 1009 1038 I wm_relaunch_resume_activity: [0,152561212,143,com.android.documentsui/.files.FilesActivity]
03-14 04:09:17.762 1009 1038 I wm_add_to_stopping: [0,94520459,com.android.launcher3/.uioverrides.QuickstepLauncher,makeInvisible]
03-14 04:09:17.790 10009 10009 I wm_on_top_resumed_lost_called: [152561212,com.android.documentsui.files.FilesActivity,pausing]
03-14 04:09:17.790 1009 9647 W WindowManager: Attempted to set replacing window on app token with no content Token{51f4910 ActivityRecord{917e63c u0 com.android.documentsui/.files.FilesActivity t143}}
03-14 04:09:17.791 10009 10009 I wm_on_paused_called: [152561212,com.android.documentsui.files.FilesActivity,performPause]
03-14 04:09:17.793 10009 10009 I wm_on_stop_called: [152561212,com.android.documentsui.files.FilesActivity,handleRelaunchActivity]
03-14 04:09:17.796 10009 10009 I wm_on_destroy_called: [152561212,com.android.documentsui.files.FilesActivity,performDestroy]
03-14 04:09:17.829 10009 10009 I wm_on_create_called: [152561212,com.android.documentsui.files.FilesActivity,performCreate]
03-14 04:09:17.836 10009 10009 I wm_on_start_called: [152561212,com.android.documentsui.files.FilesActivity,handleStartActivity]
03-14 04:09:17.836 10009 10009 I wm_on_resume_called: [152561212,com.android.documentsui.files.FilesActivity,RESUME_ACTIVITY]
03-14 04:09:17.837 10009 10009 I wm_on_top_resumed_gained_called: [152561212,com.android.documentsui.files.FilesActivity,topWhenResuming]
03-14 04:09:17.898 1009 2881 E TaskPersister: File error accessing recents directory (directory doesn't exist?).
03-14 04:09:17.901 1009 2178 I WindowManager: finishDrawing of relaunch: Window{8dbe64 u0 com.android.documentsui/com.android.documentsui.files.FilesActivity} 141ms
01-01 08:18:46.803 0 0 E DTC_ETH,link_delay_work_func: 3003, SQI=0, link=0
03-14 04:09:18.254 1009 1183 I wm_stop_activity: [0,94520459,com.android.launcher3/.uioverrides.QuickstepLauncher]
03-14 04:09:18.282 9852 9852 I wm_on_paused_called: [94520459,com.android.launcher3.uioverrides.QuickstepLauncher,performPause]
03-14 04:09:18.285 9852 9852 I wm_on_stop_called: [94520459,com.android.launcher3.uioverrides.QuickstepLauncher,STOP_ACTIVITY_ITEM]
01-01 08:18:47.092 0 0 W perfetto: disabled ftrace
03-14 04:09:18.398 1282 10004 I iorapd : Perfetto TraceBuffer saved to file: /data/misc/iorapd/com.android.documentsui/31/com.android.documentsui.LauncherActivity/raw_traces/1678738158397344842.perfetto_trace.pb
03-14 04:09:18.724 1009 2178 I wm_task_moved: [1,0,0]
03-14 04:09:18.724 1009 9647 W FreeFormWindowHelper: Current Display FreeFormTask is null
03-14 04:09:18.725 1009 2178 I wm_task_moved: [1,0,7]
03-14 04:09:18.731 1009 9647 W FreeFormWindowHelper: Current Display FreeFormTask is null
03-14 04:09:18.731 1009 9647 W FreeFormWindowHelper: Current Display FreeFormTask is null
03-14 04:09:18.733 9852 9852 I wm_on_restart_called: [94520459,com.android.launcher3.uioverrides.QuickstepLauncher,performRestartActivity]
03-14 04:09:18.734 1009 1038 W FreeFormWindowHelper: Current Display FreeFormTask is null
03-14 04:09:18.734 1009 1038 W FreeFormWindowHelper: Current Display FreeFormTask is null
03-14 04:09:18.760 9852 9852 I wm_on_start_called: [94520459,com.android.launcher3.uioverrides.QuickstepLauncher,handleStartActivity]
03-14 04:09:18.761 10009 10009 I view_enqueue_input_event: [Motion - Cancel,com.android.documentsui/com.android.documentsui.files.FilesActivity]
03-14 04:09:18.762 1009 1180 D AutofillManagerService: Close system dialogs
03-14 04:09:18.763 1009 1184 I input_focus: [Focus request recents_animation_input_consumer,reason=UpdateInputWindows]
03-14 04:09:18.768 1009 9647 W FreeFormWindowHelper: Current Display FreeFormTask is null
03-14 04:09:18.769 1009 9647 W FreeFormWindowHelper: Current Display FreeFormTask is null
03-14 04:09:18.770 9852 9852 I sysui_latency: [1,63]
03-14 04:09:18.771 1009 1587 I input_focus: [Focus leaving 8dbe64 com.android.documentsui/com.android.documentsui.files.FilesActivity (server),reason=NOT_FOCUSABLE]
03-14 04:09:18.771 1009 1587 I input_focus: [Focus entering recents_animation_input_consumer (server),reason=setFocusedWindow]
03-14 04:09:18.776 1009 9647 W FreeFormWindowHelper: Current Display FreeFormTask is null
03-14 04:09:18.778 1009 1038 W FreeFormWindowHelper: Current Display FreeFormTask is null
03-14 04:09:18.780 1009 1587 I input_interaction: Interaction with: edge-swipe (server), swipe-up (server), PointerEventDispatcher0 (server),
03-14 04:09:18.780 1009 1038 W FreeFormWindowHelper: Current Display FreeFormTask is null
03-14 04:09:18.780 1009 1038 W FreeFormWindowHelper: Current Display FreeFormTask is null
03-14 04:09:18.783 1009 1180 I sysui_multi_action: [319,12,322,54,325,1125,757,761,758,9,759,5,806,com.android.launcher3,871,com.android.launcher3.uioverrides.QuickstepLauncher,904,com.android.launcher3,905,0,1320,4,1321,1]
03-14 04:09:18.811 1009 7626 W ActivityTaskManager: getTaskSnapshot: taskId=-958 not found
03-14 04:09:18.812 1009 7626 W ActivityTaskManager: getTaskSnapshot: taskId=-958 not found
03-14 04:09:18.821 1009 9647 W FreeFormWindowHelper: Current Display FreeFormTask is null
03-14 04:09:18.821 1009 1038 W FreeFormWindowHelper: Current Display FreeFormTask is null
03-14 04:09:18.837 1009 7626 W FreeFormWindowHelper: Current Display FreeFormTask is null
03-14 04:09:18.838 1009 7626 W FreeFormWindowHelper: Current Display FreeFormTask is null
03-14 04:09:18.890 1009 7626 W FreeFormWindowHelper: exitRecentTasks type=0
03-14 04:09:18.896 1009 7626 W FreeFormWindowHelper: Current Display FreeFormTask is null
03-14 04:09:18.897 1009 1038 W FreeFormWindowHelper: Current Display FreeFormTask is null
03-14 04:09:18.962 1009 1488 I commit_sys_config_file: [settings-1-0,3]
03-14 04:09:19.080 1009 1188 I sysui_latency: [8,67]
03-14 04:09:19.521 1009 7626 W FreeFormWindowHelper: Current Display FreeFormTask is null
03-14 04:09:19.521 1009 2178 W FreeFormWindowHelper: Current Display FreeFormTask is null
03-14 04:09:19.526 1009 2178 I wm_task_moved: [1,1,8]
03-14 04:09:19.526 1009 2178 I wm_task_moved: [149,1,2147483647]
03-14 04:09:19.526 1009 2178 I wm_task_to_front: [0,149]
03-14 04:09:19.527 10009 10009 I wm_on_top_resumed_lost_called: [152561212,com.android.documentsui.files.FilesActivity,topStateChangedWhenResumed]
03-14 04:09:19.527 1009 2178 I wm_focused_root_task: [0,0,1,143,RecentsAnimation.onAnimationFinished()]
03-14 04:09:19.527 1009 2178 I wm_set_resumed_activity: [0,com.android.launcher3/.uioverrides.QuickstepLauncher,RecentsAnimation.onAnimationFinished()]
03-14 04:09:19.529 1009 2178 I wm_pause_activity: [0,152561212,com.android.documentsui/.files.FilesActivity,userLeaving=true,pauseBackTasks]
03-14 04:09:19.530 1009 2178 I wm_add_to_stopping: [0,152561212,com.android.documentsui/.files.FilesActivity,makeInvisible]
03-14 04:09:19.530 1009 2178 I ActivityTaskManager: FOREGROUND_APPLICATION_CHANGED to com.android.launcher3.uioverrides.QuickstepLauncher
03-14 04:09:19.530 1009 2178 I wm_set_resumed_activity: [0,com.android.launcher3/.uioverrides.QuickstepLauncher,resumeTopActivityInnerLocked]
03-14 04:09:19.532 1009 2178 I wm_resume_activity: [0,94520459,149,com.android.launcher3/.uioverrides.QuickstepLauncher]
03-14 04:09:19.533 9852 9852 I wm_on_resume_called: [94520459,com.android.launcher3.uioverrides.QuickstepLauncher,RESUME_ACTIVITY]
03-14 04:09:19.536 1009 1184 I input_focus: [Focus request a99babe com.android.launcher3/com.android.launcher3.uioverrides.QuickstepLauncher,reason=UpdateInputWindows]
03-14 04:09:19.537 9852 9852 I wm_on_top_resumed_gained_called: [94520459,com.android.launcher3.uioverrides.QuickstepLauncher,topStateChangedWhenResumed]
03-14 04:09:19.538 10009 10009 I wm_on_paused_called: [152561212,com.android.documentsui.files.FilesActivity,performPause]
03-14 04:09:19.539 1009 1587 I input_focus: [Focus leaving recents_animation_input_consumer (server),reason=NOT_VISIBLE]
03-14 04:09:19.545 1009 9647 I wm_stop_activity: [0,152561212,com.android.documentsui/.files.FilesActivity]
03-14 04:09:19.551 1009 1183 I sysui_multi_action: [757,803,799,window_time_2,802,7]
03-14 04:09:19.552 1009 1183 I sysui_multi_action: [757,803,799,window_time_0,802,0]
03-14 04:09:19.555 1009 1587 I input_focus: [Focus entering a99babe com.android.launcher3/com.android.launcher3.uioverrides.QuickstepLauncher (server),reason=setFocusedWindow]
03-14 04:09:19.571 10009 10009 I wm_on_stop_called: [152561212,com.android.documentsui.files.FilesActivity,STOP_ACTIVITY_ITEM]
03-14 04:09:19.639 1009 9647 W FreeFormWindowHelper: Current Display FreeFormTask is null
03-14 04:09:19.884 1009 1587 I input_interaction: Interaction with: a99babe com.android.launcher3/com.android.launcher3.uioverrides.QuickstepLauncher (server), 8c59581 com.android.systemui.ImageWallpaper (server), edge-swipe (server), swipe-up (server), PointerEventDispatcher0 (server),
03-14 04:09:21.666 1009 9647 I thunderperf: PlatormCompat.setOverrides: Uid1=10074 Pid1=9852 Uid2=10074 Pid2=9852
03-14 04:09:21.666 1009 9647 I thunderperf: PlatormCompat.setOverrides: needCheck:false
03-14 04:09:21.666 1009 9647 I thunderperf: CompatConfig.addOverrideUnsafe: bef-state=0
03-14 04:09:21.666 1009 9647 I thunderperf: CompatConfig.addOverrideUnsafe: aft-state=0
03-14 04:09:21.667 1009 9647 I thunderperf: CompatConfig.addOverrideUnsafe: bef-state=0
03-14 04:09:21.667 1009 9647 I thunderperf: CompatConfig.addOverrideUnsafe: aft-state=0
03-14 04:09:21.668 1009 9647 I thunderperf: CompatConfig.addOverrideUnsafe: bef-state=0
03-14 04:09:21.668 1009 9647 I thunderperf: CompatConfig.addOverrideUnsafe: aft-state=0
03-14 04:09:21.668 1009 9647 I thunderperf: CompatConfig.addOverrideUnsafe: bef-state=0
03-14 04:09:21.668 1009 9647 I thunderperf: CompatConfig.addOverrideUnsafe: aft-state=0
03-14 04:09:21.669 1009 9647 I thunderperf: CompatConfig.addOverrideUnsafe: bef-state=0
03-14 04:09:21.669 1009 9647 I thunderperf: CompatConfig.addOverrideUnsafe: aft-state=0
03-14 04:09:21.669 1009 9647 I thunderperf: CompatConfig.addOverrideUnsafe: bef-state=0
03-14 04:09:21.670 1009 9647 I thunderperf: CompatConfig.addOverrideUnsafe: aft-state=0
03-14 04:09:21.670 1009 9647 I thunderperf: CompatConfig.addOverrideUnsafe: bef-state=0
03-14 04:09:21.670 1009 9647 I thunderperf: CompatConfig.addOverrideUnsafe: aft-state=0
03-14 04:09:21.670 1009 9647 I thunderperf: CompatConfig.addOverrideUnsafe: bef-state=0
03-14 04:09:21.670 1009 9647 I thunderperf: CompatConfig.addOverrideUnsafe: aft-state=0
03-14 04:09:21.671 1009 9647 I thunderperf: CompatConfig.addOverrideUnsafe: bef-state=0
03-14 04:09:21.671 1009 9647 I thunderperf: CompatConfig.addOverrideUnsafe: aft-state=0
03-14 04:09:21.671 1009 9647 I thunderperf: CompatConfig.addOverrideUnsafe: bef-state=0
03-14 04:09:21.671 1009 9647 I thunderperf: CompatConfig.addOverrideUnsafe: aft-state=0
03-14 04:09:21.671 1009 9647 I thunderperf: CompatConfig.addOverrideUnsafe: bef-state=0
03-14 04:09:21.671 1009 9647 I thunderperf: CompatConfig.addOverrideUnsafe: aft-state=0
03-14 04:09:21.672 1009 9647 I thunderperf: CompatConfig.addOverrideUnsafe: bef-state=0
03-14 04:09:21.672 1009 9647 I thunderperf: CompatConfig.addOverrideUnsafe: aft-state=0
03-14 04:09:21.672 1009 9647 I thunderperf: CompatConfig.addOverrideUnsafe: bef-state=0
03-14 04:09:21.672 1009 9647 I thunderperf: CompatConfig.addOverrideUnsafe: aft-state=0
03-14 04:09:21.672 1009 9647 I thunderperf: CompatConfig.addOverrideUnsafe: bef-state=0
03-14 04:09:21.672 1009 9647 I thunderperf: CompatConfig.addOverrideUnsafe: aft-state=0
03-14 04:09:21.680 1009 9647 I ActivityTaskManager: START u0 {act=android.intent.action.MAIN cat=[android.intent.category.LAUNCHER] flg=0x10200000 cmp=com.android.music/.MusicBrowserActivity} from uid 10074
03-14 04:09:21.687 1009 9647 I wm_task_created: [151,-1]
03-14 04:09:21.687 1009 9647 W ActivityTaskManager: Can't find TaskDisplayArea to determine support for multi window. Task id=151 attached=false
03-14 04:09:21.688 1009 9647 D FreeFormWindowHelper: Add freeform task=Task{5306f95 #151 type=standard ?? U=0 visible=false mode=freeform translucent=true sz=0}
03-14 04:09:21.689 1009 9647 I wm_task_moved: [151,1,9]
03-14 04:09:21.689 1009 9647 I wm_task_to_front: [0,151]
03-14 04:09:21.689 1009 9647 I wm_create_task: [0,151]
03-14 04:09:21.689 1009 9647 I wm_create_activity: [0,267745336,151,com.android.music/.MusicBrowserActivity,android.intent.action.MAIN,NULL,NULL,270532608]
03-14 04:09:21.689 1009 9647 I wm_task_moved: [151,1,9]
03-14 04:09:21.690 1009 9647 I ActivityTaskManager: FOREGROUND_APPLICATION_CHANGED to com.android.music.MusicBrowserActivity
03-14 04:09:21.690 1009 9647 I ActivityTaskManager: The Process com.android.music Already Exists in BG. So sending its PID: 8885
03-14 04:09:21.690 1009 9647 W ActivityTaskManager: Tried to set launchTime (0) < mLastActivityLaunchTime (804949)
03-14 04:09:21.691 1009 9647 I wm_restart_activity: [0,267745336,151,com.android.music/.MusicBrowserActivity]
03-14 04:09:21.691 1009 9647 I wm_set_resumed_activity: [0,com.android.music/.MusicBrowserActivity,minimalResumeActivityLocked]
03-14 04:09:21.696 9852 9852 I wm_on_top_resumed_lost_called: [94520459,com.android.launcher3.uioverrides.QuickstepLauncher,topStateChangedWhenResumed]
03-14 04:09:21.697 1009 7626 W ActivityManager: Receiver with filter android.content.IntentFilter@d4c1576 already registered for pid 8885, callerPackage is com.android.music
03-14 04:09:21.712 8885 8885 I wm_on_create_called: [267745336,com.android.music.MusicBrowserActivity,performCreate]
03-14 04:09:21.717 8885 8885 I wm_on_start_called: [267745336,com.android.music.MusicBrowserActivity,handleStartActivity]
03-14 04:09:21.717 8885 8885 I wm_on_resume_called: [267745336,com.android.music.MusicBrowserActivity,RESUME_ACTIVITY]
03-14 04:09:21.718 8885 8885 I wm_on_top_resumed_gained_called: [267745336,com.android.music.MusicBrowserActivity,topStateChangedWhenResumed]
03-14 04:09:21.719 1009 1698 I GameModeConfig: isGameModeOn = false
03-14 04:09:21.719 1009 1698 I GameModeConfig: isGameModeOn = false
03-14 04:09:21.719 1009 1698 I GameModeConfig: isGameModeOn = false
03-14 04:09:21.719 1009 1698 I GameModeConfig: isGameModeOn = false
03-14 04:09:21.729 1009 1009 I notification_enqueue: [10086,8885,com.android.music,1,NULL,0,Notification(channel=Channel-music shortcut=null contentView=null vibrate=null sound=null defaults=0x0 flags=0x2 color=0x00000000 category=transport actions=4 vis=PRIVATE),1]
03-14 04:09:21.732 1009 1009 I notification_enqueue: [10086,8885,com.android.music,1,NULL,0,Notification(channel=Channel-music shortcut=null contentView=null vibrate=null sound=null defaults=0x0 flags=0x42 color=0x00000000 category=transport actions=4 vis=PRIVATE),1]
03-14 04:09:21.732 1009 1698 I GameModeConfig: isGameModeOn = false
03-14 04:09:21.732 1009 1698 I GameModeConfig: isGameModeOn = false
03-14 04:09:21.732 1009 1698 I GameModeConfig: isGameModeOn = false
03-14 04:09:21.732 1009 1698 I GameModeConfig: isGameModeOn = false
03-14 04:09:21.743 1009 1009 I notification_enqueue: [10086,8885,com.android.music,1,NULL,0,Notification(channel=Channel-music shortcut=null contentView=null vibrate=null sound=null defaults=0x0 flags=0x42 color=0x00000000 category=transport actions=4 vis=PRIVATE),1]
03-14 04:09:21.744 1009 1009 I notification_enqueue: [10086,8885,com.android.music,1,NULL,0,Notification(channel=Channel-music shortcut=null contentView=null vibrate=null sound=null defaults=0x0 flags=0x42 color=0x00000000 category=transport actions=4 vis=PRIVATE),1]
03-14 04:09:21.756 1009 7626 W WindowManager: updateScale : 0.79357797
03-14 04:09:21.757 1009 1184 I input_focus: [Focus request 60b5fe com.android.music/com.android.music.MusicBrowserActivity,reason=UpdateInputWindows]
03-14 04:09:21.767 1009 1184 W WindowManager: updateScale : 0.79357797
03-14 04:09:21.769 1009 1184 W WindowManager: updateScale : 0.79357797
03-14 04:09:21.771 1009 1180 I sysui_multi_action: [319,89,322,89,325,1128,757,761,758,8,759,2,806,com.android.music,871,com.android.music.MusicBrowserActivity,904,com.android.launcher3,905,0,1320,4,1321,1]
03-14 04:09:21.771 1009 1180 I wm_activity_launch_time: [0,267745336,com.android.music/.MusicBrowserActivity,89]
03-14 04:09:21.772 1009 1184 W WindowManager: updateScale : 0.79357797
03-14 04:09:21.778 1009 1587 I input_focus: [Focus leaving a99babe com.android.launcher3/com.android.launcher3.uioverrides.QuickstepLauncher (server),reason=setFocusedWindow]
03-14 04:09:21.778 1009 1587 I input_focus: [Focus entering 60b5fe com.android.music/com.android.music.MusicBrowserActivity (server),reason=setFocusedWindow]
03-14 04:09:21.930 1009 1009 I GameModeConfig: isGameModeOn = false
03-14 04:09:21.932 1009 1009 I GameModeConfig: isGameModeOn = false
03-14 04:09:21.942 1009 1009 I GameModeConfig: isGameModeOn = false
03-14 04:09:21.944 1009 1009 I GameModeConfig: isGameModeOn = false
03-14 04:09:22.044 1009 1184 W WindowManager: updateScale : 0.79357797
03-14 04:09:22.828 1009 1587 I input_interaction: Interaction with: 60b5fe com.android.music/com.android.music.MusicBrowserActivity (server), edge-swipe (server), swipe-up (server), PointerEventDispatcher0 (server),
03-14 04:09:22.967 0 0 I auditd : type=1400 audit(0.0:4065): avc: denied { kill } for comm="swapper/6" capability=5 scontext=u:r:kernel:s0 tcontext=u:r:kernel:s0 tclass=capability permissive=1
01-01 08:18:51.923 0 0 E DTC_ETH,link_delay_work_func: 3003, SQI=0, link=0
03-14 04:09:23.666 1009 1185 I ActivityTaskManager: clear resize flag in freeform mode
03-14 04:09:23.666 1009 1185 W WindowManager: updateScale : 0.72782874
03-14 04:09:23.666 1009 1185 W WindowManager: updateScale : 0.72782874
03-14 04:09:23.679 1009 7626 W ActivityManager: Receiver with filter android.content.IntentFilter@de13e0d already registered for pid 8885, callerPackage is com.android.music
03-14 04:09:23.683 1009 1185 I ActivityTaskManager: clear resize flag in freeform mode
03-14 04:09:23.683 1009 1185 W WindowManager: updateScale : 0.6727829
03-14 04:09:23.703 1009 1185 I ActivityTaskManager: clear resize flag in freeform mode
03-14 04:09:23.704 1009 1185 W WindowManager: updateScale : 0.6284404
03-14 04:09:23.704 1009 7626 W ActivityManager: Receiver with filter android.content.IntentFilter@4dd91c2 already registered for pid 8885, callerPackage is com.android.music
03-14 04:09:23.715 1009 7626 W ActivityManager: Receiver with filter android.content.IntentFilter@2cc5bd3 already registered for pid 8885, callerPackage is com.android.music
03-14 04:09:23.717 1009 1185 I ActivityTaskManager: clear resize flag in freeform mode
03-14 04:09:23.717 1009 1185 W WindowManager: updateScale : 0.5902141
03-14 04:09:23.733 1009 1185 I ActivityTaskManager: clear resize flag in freeform mode
03-14 04:09:23.734 1009 1185 W WindowManager: updateScale : 0.559633
03-14 04:09:23.742 1009 7626 W WindowManager: updateScale : 0.559633
03-14 04:09:23.750 1009 1185 I ActivityTaskManager: clear resize flag in freeform mode
03-14 04:09:23.750 1009 1185 W WindowManager: updateScale : 0.5351682
03-14 04:09:23.753 1009 7626 W ActivityManager: Receiver with filter android.content.IntentFilter@f41ef72 already registered for pid 8885, callerPackage is com.android.music
03-14 04:09:23.763 1009 1698 I GameModeConfig: isGameModeOn = false
03-14 04:09:23.763 1009 1698 I GameModeConfig: isGameModeOn = false
03-14 04:09:23.763 1009 1698 I GameModeConfig: isGameModeOn = false
03-14 04:09:23.764 1009 1698 I GameModeConfig: isGameModeOn = false
03-14 04:09:23.767 1009 1185 I ActivityTaskManager: clear resize flag in freeform mode
03-14 04:09:23.767 1009 1185 W WindowManager: updateScale : 0.5152905
03-14 04:09:23.782 1009 1009 I notification_enqueue: [10086,8885,com.android.music,1,NULL,0,Notification(channel=Channel-music shortcut=null contentView=null vibrate=null sound=null defaults=0x0 flags=0x42 color=0x00000000 category=transport actions=4 vis=PRIVATE),1]
03-14 04:09:23.783 1009 1009 I notification_enqueue: [10086,8885,com.android.music,1,NULL,0,Notification(channel=Channel-music shortcut=null contentView=null vibrate=null sound=null defaults=0x0 flags=0x42 color=0x00000000 category=transport actions=4 vis=PRIVATE),1]
03-14 04:09:23.785 1009 1185 I ActivityTaskManager: clear resize flag in freeform mode
03-14 04:09:23.786 1009 1185 W WindowManager: updateScale : 0.5
03-14 04:09:23.788 1009 1585 W ActivityManager: Receiver with filter android.content.IntentFilter@60f843b already registered for pid 8885, callerPackage is com.android.music
03-14 04:09:23.789 1009 9647 W WindowManager: updateScale : 0.5
03-14 04:09:23.800 1009 1185 I ActivityTaskManager: clear resize flag in freeform mode
03-14 04:09:23.801 1009 1185 W WindowManager: updateScale : 0.48776758
03-14 04:09:23.814 1009 9647 W ActivityManager: Receiver with filter android.content.IntentFilter@f877758 already registered for pid 8885, callerPackage is com.android.music
03-14 04:09:23.817 1009 1185 I ActivityTaskManager: clear resize flag in freeform mode
03-14 04:09:23.817 1009 1185 W WindowManager: updateScale : 0.47859326
03-14 04:09:23.832 1009 9872 W ActivityManager: Receiver with filter android.content.IntentFilter@91ad0b1 already registered for pid 8885, callerPackage is com.android.music
03-14 04:09:23.834 1009 1185 I ActivityTaskManager: clear resize flag in freeform mode
03-14 04:09:23.834 1009 1185 W WindowManager: updateScale : 0.470948
03-14 04:09:23.848 1009 9872 W ActivityManager: Receiver with filter android.content.IntentFilter@5e6f996 already registered for pid 8885, callerPackage is com.android.music
03-14 04:09:23.850 1009 1185 I ActivityTaskManager: clear resize flag in freeform mode
03-14 04:09:23.851 1009 1185 W WindowManager: updateScale : 0.46636087
03-14 04:09:23.863 1009 9872 W WindowManager: updateScale : 0.46636087
03-14 04:09:23.867 1009 1185 I ActivityTaskManager: clear resize flag in freeform mode
03-14 04:09:23.868 1009 1185 W WindowManager: updateScale : 0.4617737
03-14 04:09:23.872 1009 9872 W ActivityManager: Receiver with filter android.content.IntentFilter@3682917 already registered for pid 8885, callerPackage is com.android.music
03-14 04:09:23.879 1009 9872 W WindowManager: updateScale : 0.4617737
03-14 04:09:23.883 1009 1185 I ActivityTaskManager: clear resize flag in freeform mode
03-14 04:09:23.884 1009 1185 W WindowManager: updateScale : 0.46024466
03-14 04:09:23.885 1009 9872 W ActivityManager: Receiver with filter android.content.IntentFilter@ea8b104 already registered for pid 8885, callerPackage is com.android.music
03-14 04:09:23.895 1009 9872 W WindowManager: updateScale : 0.46024466
03-14 04:09:23.900 1009 1185 I ActivityTaskManager: clear resize flag in freeform mode
03-14 04:09:23.901 1009 1185 W WindowManager: updateScale : 0.4587156
03-14 04:09:23.917 1009 1185 I ActivityTaskManager: clear resize flag in freeform mode
03-14 04:09:23.917 1009 1185 W WindowManager: updateScale : 0.45718655
03-14 04:09:23.926 1009 9872 W ActivityManager: Receiver with filter android.content.IntentFilter@2104821 already registered for pid 8885, callerPackage is com.android.music
03-14 04:09:23.929 1009 9872 W WindowManager: updateScale : 0.45718655
03-14 04:09:23.934 1009 1185 I ActivityTaskManager: clear resize flag in freeform mode
03-14 04:09:23.934 1009 1185 W WindowManager: updateScale : 0.45565748
03-14 04:09:23.939 1009 1585 W ActivityManager: Receiver with filter android.content.IntentFilter@99c6334 already registered for pid 8885, callerPackage is com.android.music
03-14 04:09:23.940 1009 1698 I GameModeConfig: isGameModeOn = false
03-14 04:09:23.941 1009 1698 I GameModeConfig: isGameModeOn = false
03-14 04:09:23.941 1009 1698 I GameModeConfig: isGameModeOn = false
03-14 04:09:23.941 1009 1698 I GameModeConfig: isGameModeOn = false
03-14 04:09:23.951 1009 1185 I ActivityTaskManager: clear resize flag in freeform mode
03-14 04:09:23.951 1009 1185 W WindowManager: updateScale : 0.45565748
03-14 04:09:23.960 1009 1009 I notification_enqueue: [10086,8885,com.android.music,1,NULL,0,Notification(channel=Channel-music shortcut=null contentView=null vibrate=null sound=null defaults=0x0 flags=0x42 color=0x00000000 category=transport actions=4 vis=PRIVATE),1]
03-14 04:09:23.962 1009 1009 I notification_enqueue: [10086,8885,com.android.music,1,NULL,0,Notification(channel=Channel-music shortcut=null contentView=null vibrate=null sound=null defaults=0x0 flags=0x42 color=0x00000000 category=transport actions=4 vis=PRIVATE),1]
03-14 04:09:23.967 1009 1585 W WindowManager: updateScale : 0.45565748
03-14 04:09:23.979 1009 1585 W WindowManager: updateScale : 0.45565748
03-14 04:09:23.983 1009 1009 I GameModeConfig: isGameModeOn = false
03-14 04:09:23.983 1009 1009 I GameModeConfig: isGameModeOn = false
03-14 04:09:24.161 1009 1009 I GameModeConfig: isGameModeOn = false
03-14 04:09:24.162 1009 1009 I GameModeConfig: isGameModeOn = false
03-14 04:09:24.553 1009 1185 I ActivityTaskManager: clear resize flag in freeform mode
03-14 04:09:24.554 1009 1185 W WindowManager: updateScale : 0.51834863
03-14 04:09:24.567 1009 9872 W ActivityManager: Receiver with filter android.content.IntentFilter@69181b8 already registered for pid 8885, callerPackage is com.android.music
03-14 04:09:24.573 1009 1185 I ActivityTaskManager: clear resize flag in freeform mode
03-14 04:09:24.574 1009 1185 W WindowManager: updateScale : 0.5733945
03-14 04:09:24.587 1009 1185 I ActivityTaskManager: clear resize flag in freeform mode
03-14 04:09:24.587 1009 1185 W WindowManager: updateScale : 0.62079513
03-14 04:09:24.602 1009 1185 I ActivityTaskManager: clear resize flag in freeform mode
03-14 04:09:24.602 1009 1185 W WindowManager: updateScale : 0.6559633
03-14 04:09:24.605 1009 9872 W WindowManager: updateScale : 0.6559633
03-14 04:09:24.615 1009 1585 W ActivityManager: Receiver with filter android.content.IntentFilter@aafe20b already registered for pid 8885, callerPackage is com.android.music
03-14 04:09:24.617 1009 1698 I GameModeConfig: isGameModeOn = false
03-14 04:09:24.617 1009 1698 I GameModeConfig: isGameModeOn = false
03-14 04:09:24.617 1009 1698 I GameModeConfig: isGameModeOn = false
03-14 04:09:24.617 1009 1698 I GameModeConfig: isGameModeOn = false
03-14 04:09:24.619 1009 1185 I ActivityTaskManager: clear resize flag in freeform mode
03-14 04:09:24.619 1009 1185 W WindowManager: updateScale : 0.6880734
03-14 04:09:24.630 1009 1009 I notification_enqueue: [10086,8885,com.android.music,1,NULL,0,Notification(channel=Channel-music shortcut=null contentView=null vibrate=null sound=null defaults=0x0 flags=0x42 color=0x00000000 category=transport actions=4 vis=PRIVATE),1]
03-14 04:09:24.631 1009 1009 I notification_enqueue: [10086,8885,com.android.music,1,NULL,0,Notification(channel=Channel-music shortcut=null contentView=null vibrate=null sound=null defaults=0x0 flags=0x42 color=0x00000000 category=transport actions=4 vis=PRIVATE),1]
03-14 04:09:24.635 1009 1185 I ActivityTaskManager: clear resize flag in freeform mode
03-14 04:09:24.636 1009 1185 W WindowManager: updateScale : 0.7140673
03-14 04:09:24.641 1009 1585 W ActivityManager: Receiver with filter android.content.IntentFilter@c45cd00 already registered for pid 8885, callerPackage is com.android.music
03-14 04:09:24.652 1009 1185 I ActivityTaskManager: clear resize flag in freeform mode
03-14 04:09:24.652 1009 1185 W WindowManager: updateScale : 0.73394495
03-14 04:09:24.656 1009 9647 W WindowManager: updateScale : 0.73394495
03-14 04:09:24.670 1009 1185 I ActivityTaskManager: clear resize flag in freeform mode
03-14 04:09:24.670 1009 1185 W WindowManager: updateScale : 0.74923545
03-14 04:09:24.683 1009 9647 W ActivityManager: Receiver with filter android.content.IntentFilter@7b1171d already registered for pid 8885, callerPackage is com.android.music
03-14 04:09:24.683 1009 9647 W WindowManager: updateScale : 0.74923545
03-14 04:09:24.685 1009 1185 I ActivityTaskManager: clear resize flag in freeform mode
03-14 04:09:24.686 1009 1185 W WindowManager: updateScale : 0.7614679
03-14 04:09:24.686 1009 1185 W WindowManager: updateScale : 0.7614679
03-14 04:09:24.689 1009 9647 W ActivityManager: Receiver with filter android.content.IntentFilter@8dfdd92 already registered for pid 8885, callerPackage is com.android.music
03-14 04:09:24.690 1009 1698 I GameModeConfig: isGameModeOn = false
03-14 04:09:24.690 1009 1698 I GameModeConfig: isGameModeOn = false
03-14 04:09:24.691 1009 1698 I GameModeConfig: isGameModeOn = false
03-14 04:09:24.691 1009 1698 I GameModeConfig: isGameModeOn = false
03-14 04:09:24.699 1009 1009 I notification_enqueue: [10086,8885,com.android.music,1,NULL,0,Notification(channel=Channel-music shortcut=null contentView=null vibrate=null sound=null defaults=0x0 flags=0x42 color=0x00000000 category=transport actions=4 vis=PRIVATE),1]
03-14 04:09:24.701 1009 1009 I notification_enqueue: [10086,8885,com.android.music,1,NULL,0,Notification(channel=Channel-music shortcut=null contentView=null vibrate=null sound=null defaults=0x0 flags=0x42 color=0x00000000 category=transport actions=4 vis=PRIVATE),1]
03-14 04:09:24.703 1009 1185 I ActivityTaskManager: clear resize flag in freeform mode
03-14 04:09:24.703 1009 1185 W WindowManager: updateScale : 0.7706422
03-14 04:09:24.705 1009 9647 W WindowManager: updateScale : 0.7706422
03-14 04:09:24.711 1009 9647 W ActivityManager: Receiver with filter android.content.IntentFilter@9058cea already registered for pid 8885, callerPackage is com.android.music
03-14 04:09:24.719 1009 1185 I ActivityTaskManager: clear resize flag in freeform mode
03-14 04:09:24.719 1009 1185 W WindowManager: updateScale : 0.7782875
03-14 04:09:24.733 1009 9647 W ActivityManager: Receiver with filter android.content.IntentFilter@f487bdb already registered for pid 8885, callerPackage is com.android.music
03-14 04:09:24.736 1009 1185 I ActivityTaskManager: clear resize flag in freeform mode
03-14 04:09:24.737 1009 1185 W WindowManager: updateScale : 0.78287464
03-14 04:09:24.749 1009 9647 W WindowManager: updateScale : 0.78287464
03-14 04:09:24.753 1009 1185 I ActivityTaskManager: clear resize flag in freeform mode
03-14 04:09:24.753 1009 1185 W WindowManager: updateScale : 0.78746176
03-14 04:09:24.760 1009 9647 W ActivityManager: Receiver with filter android.content.IntentFilter@dfba678 already registered for pid 8885, callerPackage is com.android.music
03-14 04:09:24.764 1009 9647 W WindowManager: updateScale : 0.78746176
03-14 04:09:24.770 1009 1185 I ActivityTaskManager: clear resize flag in freeform mode
03-14 04:09:24.770 1009 1185 W WindowManager: updateScale : 0.78899086
03-14 04:09:24.777 1009 9647 W ActivityManager: Receiver with filter android.content.IntentFilter@9aea151 already registered for pid 8885, callerPackage is com.android.music
03-14 04:09:24.781 1009 9647 W WindowManager: updateScale : 0.78899086
03-14 04:09:24.786 1009 1185 I ActivityTaskManager: clear resize flag in freeform mode
03-14 04:09:24.786 1009 1185 W WindowManager: updateScale : 0.7905199
03-14 04:09:24.798 1009 9647 W WindowManager: updateScale : 0.7905199
03-14 04:09:24.803 1009 1185 I ActivityTaskManager: clear resize flag in freeform mode
03-14 04:09:24.803 1009 1185 W WindowManager: updateScale : 0.79204893
03-14 04:09:24.804 1009 9647 W ActivityManager: Receiver with filter android.content.IntentFilter@a278db6 already registered for pid 8885, callerPackage is com.android.music
03-14 04:09:24.814 1009 9647 W WindowManager: updateScale : 0.79204893
03-14 04:09:24.819 1009 1185 I ActivityTaskManager: clear resize flag in freeform mode
03-14 04:09:24.820 1009 1185 W WindowManager: updateScale : 0.79357797
03-14 04:09:24.831 1009 9647 W WindowManager: updateScale : 0.79357797
03-14 04:09:24.831 1009 1009 I GameModeConfig: isGameModeOn = false
03-14 04:09:24.833 1009 1009 I GameModeConfig: isGameModeOn = false
03-14 04:09:24.836 1009 1185 I ActivityTaskManager: clear resize flag in freeform mode
03-14 04:09:24.836 1009 1185 W WindowManager: updateScale : 0.79357797
03-14 04:09:24.837 1009 9872 W ActivityManager: Receiver with filter android.content.IntentFilter@c8fab7 already registered for pid 8885, callerPackage is com.android.music
03-14 04:09:24.848 1009 9647 W WindowManager: updateScale : 0.79357797
03-14 04:09:24.864 1009 7626 W WindowManager: updateScale : 0.79357797
03-14 04:09:24.900 1009 1009 I GameModeConfig: isGameModeOn = false
03-14 04:09:24.902 1009 1009 I GameModeConfig: isGameModeOn = false
03-14 04:09:25.438 1009 1185 I ActivityTaskManager: clear resize flag in freeform mode
03-14 04:09:25.439 1009 1185 W WindowManager: updateScale : 0.72782874
03-14 04:09:25.439 1009 1185 W WindowManager: updateScale : 0.72782874
03-14 04:09:25.455 1009 7626 W ActivityManager: Receiver with filter android.content.IntentFilter@a688b53 already registered for pid 8885, callerPackage is com.android.music
03-14 04:09:25.457 1009 1185 I ActivityTaskManager: clear resize flag in freeform mode
03-14 04:09:25.457 1009 1185 W WindowManager: updateScale : 0.675841
03-14 04:09:25.472 1009 1185 I ActivityTaskManager: clear resize flag in freeform mode
03-14 04:09:25.472 1009 1185 W WindowManager: updateScale : 0.6284404
03-14 04:09:25.473 1009 7626 W ActivityManager: Receiver with filter android.content.IntentFilter@e28cc90 already registered for pid 8885, callerPackage is com.android.music
03-14 04:09:25.483 1009 9872 W WindowManager: updateScale : 0.6284404
03-14 04:09:25.488 1009 1185 I ActivityTaskManager: clear resize flag in freeform mode
03-14 04:09:25.488 1009 1185 W WindowManager: updateScale : 0.5902141
03-14 04:09:25.505 1009 1185 I ActivityTaskManager: clear resize flag in freeform mode
03-14 04:09:25.505 1009 1185 W WindowManager: updateScale : 0.559633
03-14 04:09:25.511 1009 9872 W ActivityManager: Receiver with filter android.content.IntentFilter@6c67fd already registered for pid 8885, callerPackage is com.android.music
03-14 04:09:25.515 1009 7626 W WindowManager: updateScale : 0.559633
03-14 04:09:25.521 1009 1185 I ActivityTaskManager: clear resize flag in freeform mode
03-14 04:09:25.521 1009 1185 W WindowManager: updateScale : 0.5351682
03-14 04:09:25.527 1009 9647 W ActivityManager: Receiver with filter android.content.IntentFilter@69079c0 already registered for pid 8885, callerPackage is com.android.music
03-14 04:09:25.529 1009 1698 I GameModeConfig: isGameModeOn = false
03-14 04:09:25.530 1009 1698 I GameModeConfig: isGameModeOn = false
03-14 04:09:25.530 1009 1698 I GameModeConfig: isGameModeOn = false
03-14 04:09:25.530 1009 1698 I GameModeConfig: isGameModeOn = false
03-14 04:09:25.538 1009 1185 I ActivityTaskManager: clear resize flag in freeform mode
03-14 04:09:25.538 1009 1185 W WindowManager: updateScale : 0.5152905
03-14 04:09:25.541 1009 1009 I notification_enqueue: [10086,8885,com.android.music,1,NULL,0,Notification(channel=Channel-music shortcut=null contentView=null vibrate=null sound=null defaults=0x0 flags=0x42 color=0x00000000 category=transport actions=4 vis=PRIVATE),1]
03-14 04:09:25.541 1009 7626 W ActivityManager: Receiver with filter android.content.IntentFilter@21599b5 already registered for pid 8885, callerPackage is com.android.music
03-14 04:09:25.542 1009 1009 I notification_enqueue: [10086,8885,com.android.music,1,NULL,0,Notification(channel=Channel-music shortcut=null contentView=null vibrate=null sound=null defaults=0x0 flags=0x42 color=0x00000000 category=transport actions=4 vis=PRIVATE),1]
03-14 04:09:25.548 1009 9872 W WindowManager: updateScale : 0.5152905
03-14 04:09:25.554 1009 1185 I ActivityTaskManager: clear resize flag in freeform mode
03-14 04:09:25.555 1009 1185 W WindowManager: updateScale : 0.5
03-14 04:09:25.557 1009 9872 W WindowManager: updateScale : 0.5
03-14 04:09:25.561 1009 9647 W ActivityManager: Receiver with filter android.content.IntentFilter@1e01f16 already registered for pid 8885, callerPackage is com.android.music
03-14 04:09:25.566 1009 9872 W WindowManager: updateScale : 0.5
03-14 04:09:25.571 1009 1185 I ActivityTaskManager: clear resize flag in freeform mode
03-14 04:09:25.571 1009 1185 W WindowManager: updateScale : 0.48776758
03-14 04:09:25.584 1009 9872 W ActivityManager: Receiver with filter android.content.IntentFilter@6ea2097 already registered for pid 8885, callerPackage is com.android.music
03-14 04:09:25.588 1009 1185 I ActivityTaskManager: clear resize flag in freeform mode
03-14 04:09:25.589 1009 1185 W WindowManager: updateScale : 0.47859326
03-14 04:09:25.603 1009 9872 W ActivityManager: Receiver with filter android.content.IntentFilter@3681284 already registered for pid 8885, callerPackage is com.android.music
03-14 04:09:25.605 1009 1185 I ActivityTaskManager: clear resize flag in freeform mode
03-14 04:09:25.606 1009 1185 W WindowManager: updateScale : 0.470948
03-14 04:09:25.619 1009 9647 W ActivityManager: Receiver with filter android.content.IntentFilter@f0c4a6d already registered for pid 8885, callerPackage is com.android.music
03-14 04:09:25.621 1009 1185 I ActivityTaskManager: clear resize flag in freeform mode
03-14 04:09:25.622 1009 1185 W WindowManager: updateScale : 0.46636087
03-14 04:09:25.638 1009 1185 I ActivityTaskManager: clear resize flag in freeform mode
03-14 04:09:25.639 1009 1185 W WindowManager: updateScale : 0.4617737
03-14 04:09:25.641 1009 9872 W WindowManager: updateScale : 0.4617737
03-14 04:09:25.651 1009 9647 W ActivityManager: Receiver with filter android.content.IntentFilter@43716a2 already registered for pid 8885, callerPackage is com.android.music
03-14 04:09:25.655 1009 1185 I ActivityTaskManager: clear resize flag in freeform mode
03-14 04:09:25.656 1009 1185 W WindowManager: updateScale : 0.46024466
03-14 04:09:25.667 1009 9872 W ActivityManager: Receiver with filter android.content.IntentFilter@7a62f33 already registered for pid 8885, callerPackage is com.android.music
03-14 04:09:25.671 1009 1185 I ActivityTaskManager: clear resize flag in freeform mode
03-14 04:09:25.672 1009 1185 W WindowManager: updateScale : 0.4587156
03-14 04:09:25.688 1009 1185 I ActivityTaskManager: clear resize flag in freeform mode
03-14 04:09:25.688 1009 1185 W WindowManager: updateScale : 0.45718655
03-14 04:09:25.698 1009 9872 W WindowManager: updateScale : 0.45718655
03-14 04:09:25.703 1009 9872 W ActivityManager: Receiver with filter android.content.IntentFilter@bd4f5d9 already registered for pid 8885, callerPackage is com.android.music
03-14 04:09:25.705 1009 1185 I ActivityTaskManager: clear resize flag in freeform mode
03-14 04:09:25.705 1009 1698 I GameModeConfig: isGameModeOn = false
03-14 04:09:25.705 1009 1698 I GameModeConfig: isGameModeOn = false
03-14 04:09:25.705 1009 1185 W WindowManager: updateScale : 0.45565748
03-14 04:09:25.706 1009 1698 I GameModeConfig: isGameModeOn = false
03-14 04:09:25.706 1009 1698 I GameModeConfig: isGameModeOn = false
03-14 04:09:25.708 1009 2881 E TaskPersister: File error accessing recents directory (directory doesn't exist?).
03-14 04:09:25.715 1009 1009 I notification_enqueue: [10086,8885,com.android.music,1,NULL,0,Notification(channel=Channel-music shortcut=null contentView=null vibrate=null sound=null defaults=0x0 flags=0x42 color=0x00000000 category=transport actions=4 vis=PRIVATE),1]
03-14 04:09:25.717 1009 1009 I notification_enqueue: [10086,8885,com.android.music,1,NULL,0,Notification(channel=Channel-music shortcut=null contentView=null vibrate=null sound=null defaults=0x0 flags=0x42 color=0x00000000 category=transport actions=4 vis=PRIVATE),1]
03-14 04:09:25.721 1009 1185 I ActivityTaskManager: clear resize flag in freeform mode
03-14 04:09:25.721 1009 1185 W WindowManager: updateScale : 0.45565748
03-14 04:09:25.725 1009 7626 W ActivityManager: Receiver with filter android.content.IntentFilter@e788b38 already registered for pid 8885, callerPackage is com.android.music
03-14 04:09:25.742 1009 1009 I GameModeConfig: isGameModeOn = false
03-14 04:09:25.743 1009 1009 I GameModeConfig: isGameModeOn = false
03-14 04:09:25.920 1009 1009 I GameModeConfig: isGameModeOn = false
03-14 04:09:25.921 1009 1009 I GameModeConfig: isGameModeOn = false
03-14 04:09:26.274 1009 1185 I ActivityTaskManager: clear resize flag in freeform mode
03-14 04:09:26.275 1009 1185 W WindowManager: updateScale : 0.5214067
03-14 04:09:26.288 1009 7626 W ActivityManager: Receiver with filter android.content.IntentFilter@cc722e4 already registered for pid 8885, callerPackage is com.android.music
03-14 04:09:26.292 1009 1185 I ActivityTaskManager: clear resize flag in freeform mode
03-14 04:09:26.292 1009 1185 W WindowManager: updateScale : 0.5764526
03-14 04:09:26.307 1009 1185 I ActivityTaskManager: clear resize flag in freeform mode
03-14 04:09:26.307 1009 1185 W WindowManager: updateScale : 0.62232417
03-14 04:09:26.320 1009 1038 W WindowManager: updateScale : 0.62232417
03-14 04:09:26.323 1009 1185 I ActivityTaskManager: clear resize flag in freeform mode
03-14 04:09:26.324 1009 1185 W WindowManager: updateScale : 0.6590214
03-14 04:09:26.329 1009 1585 W ActivityManager: Receiver with filter android.content.IntentFilter@50e5681 already registered for pid 8885, callerPackage is com.android.music
03-14 04:09:26.338 1009 1698 I GameModeConfig: isGameModeOn = false
03-14 04:09:26.338 1009 1698 I GameModeConfig: isGameModeOn = false
03-14 04:09:26.340 1009 1698 I GameModeConfig: isGameModeOn = false
03-14 04:09:26.340 1009 1698 I GameModeConfig: isGameModeOn = false
03-14 04:09:26.340 1009 1185 I ActivityTaskManager: clear resize flag in freeform mode
03-14 04:09:26.341 1009 1185 W WindowManager: updateScale : 0.68960243
03-14 04:09:26.349 1009 1009 I notification_enqueue: [10086,8885,com.android.music,1,NULL,0,Notification(channel=Channel-music shortcut=null contentView=null vibrate=null sound=null defaults=0x0 flags=0x42 color=0x00000000 category=transport actions=4 vis=PRIVATE),1]
03-14 04:09:26.353 1009 1009 I notification_enqueue: [10086,8885,com.android.music,1,NULL,0,Notification(channel=Channel-music shortcut=null contentView=null vibrate=null sound=null defaults=0x0 flags=0x42 color=0x00000000 category=transport actions=4 vis=PRIVATE),1]
03-14 04:09:26.356 1009 1185 I ActivityTaskManager: clear resize flag in freeform mode
03-14 04:09:26.356 1009 1185 W WindowManager: updateScale : 0.7140673
03-14 04:09:26.360 1009 9647 W WindowManager: updateScale : 0.7140673
03-14 04:09:26.373 1009 1185 I ActivityTaskManager: clear resize flag in freeform mode
03-14 04:09:26.374 1009 1185 W WindowManager: updateScale : 0.73394495
03-14 04:09:26.386 1009 1038 W ActivityManager: Receiver with filter android.content.IntentFilter@54fefb0 already registered for pid 8885, callerPackage is com.android.music
03-14 04:09:26.391 1009 1185 I ActivityTaskManager: clear resize flag in freeform mode
03-14 04:09:26.391 1009 1185 W WindowManager: updateScale : 0.74923545
03-14 04:09:26.398 1009 9872 W ActivityManager: Receiver with filter android.content.IntentFilter@57ddf4f already registered for pid 8885, callerPackage is com.android.music
03-14 04:09:26.402 1009 1038 W WindowManager: updateScale : 0.74923545
03-14 04:09:26.406 1009 1185 I ActivityTaskManager: clear resize flag in freeform mode
03-14 04:09:26.407 1009 1185 W WindowManager: updateScale : 0.7614679
03-14 04:09:26.407 1009 1185 W WindowManager: updateScale : 0.7614679
03-14 04:09:26.408 1009 1038 W ActivityManager: Receiver with filter android.content.IntentFilter@2940eba already registered for pid 8885, callerPackage is com.android.music
03-14 04:09:26.409 1009 1698 I GameModeConfig: isGameModeOn = false
03-14 04:09:26.410 1009 1698 I GameModeConfig: isGameModeOn = false
03-14 04:09:26.410 1009 1698 I GameModeConfig: isGameModeOn = false
03-14 04:09:26.410 1009 1698 I GameModeConfig: isGameModeOn = false
03-14 04:09:26.422 1009 1009 I notification_enqueue: [10086,8885,com.android.music,1,NULL,0,Notification(channel=Channel-music shortcut=null contentView=null vibrate=null sound=null defaults=0x0 flags=0x42 color=0x00000000 category=transport actions=4 vis=PRIVATE),1]
03-14 04:09:26.423 1009 1185 I ActivityTaskManager: clear resize flag in freeform mode
03-14 04:09:26.423 1009 1185 W WindowManager: updateScale : 0.7706422
03-14 04:09:26.424 1009 1009 I notification_enqueue: [10086,8885,com.android.music,1,NULL,0,Notification(channel=Channel-music shortcut=null contentView=null vibrate=null sound=null defaults=0x0 flags=0x42 color=0x00000000 category=transport actions=4 vis=PRIVATE),1]
03-14 04:09:26.427 1009 9647 W WindowManager: updateScale : 0.7706422
03-14 04:09:26.435 1009 1038 W ActivityManager: Receiver with filter android.content.IntentFilter@6d9fa9d already registered for pid 8885, callerPackage is com.android.music
03-14 04:09:26.440 1009 1185 I ActivityTaskManager: clear resize flag in freeform mode
03-14 04:09:26.440 1009 1185 W WindowManager: updateScale : 0.7782875
03-14 04:09:26.452 1009 9647 W ActivityManager: Receiver with filter android.content.IntentFilter@799bb12 already registered for pid 8885, callerPackage is com.android.music
03-14 04:09:26.457 1009 1185 I ActivityTaskManager: clear resize flag in freeform mode
03-14 04:09:26.457 1009 1185 W WindowManager: updateScale : 0.78287464
03-14 04:09:26.469 1009 9647 W WindowManager: updateScale : 0.78287464
03-14 04:09:26.474 1009 1185 I ActivityTaskManager: clear resize flag in freeform mode
03-14 04:09:26.474 1009 1185 W WindowManager: updateScale : 0.78746176
03-14 04:09:26.480 1009 1038 W ActivityManager: Receiver with filter android.content.IntentFilter@56052e3 already registered for pid 8885, callerPackage is com.android.music
03-14 04:09:26.485 1009 1038 W WindowManager: updateScale : 0.78746176
03-14 04:09:26.491 1009 1185 I ActivityTaskManager: clear resize flag in freeform mode
03-14 04:09:26.491 1009 1185 W WindowManager: updateScale : 0.78899086
03-14 04:09:26.493 1009 1038 W ActivityManager: Receiver with filter android.content.IntentFilter@1d6a4e0 already registered for pid 8885, callerPackage is com.android.music
03-14 04:09:26.502 1009 1038 W WindowManager: updateScale : 0.78899086
03-14 04:09:26.507 1009 1185 I ActivityTaskManager: clear resize flag in freeform mode
03-14 04:09:26.507 1009 1185 W WindowManager: updateScale : 0.7905199
03-14 04:09:26.518 1009 1038 W WindowManager: updateScale : 0.7905199
03-14 04:09:26.523 1009 1185 I ActivityTaskManager: clear resize flag in freeform mode
03-14 04:09:26.524 1009 1185 W WindowManager: updateScale : 0.79204893
03-14 04:09:26.525 1009 1038 W ActivityManager: Receiver with filter android.content.IntentFilter@3e0a399 already registered for pid 8885, callerPackage is com.android.music
03-14 04:09:26.535 1009 1038 W WindowManager: updateScale : 0.79204893
03-14 04:09:26.540 1009 1185 I ActivityTaskManager: clear resize flag in freeform mode
03-14 04:09:26.540 1009 1185 W WindowManager: updateScale : 0.79357797
03-14 04:09:26.542 1009 1038 W ActivityManager: Receiver with filter android.content.IntentFilter@9d4765e already registered for pid 8885, callerPackage is com.android.music
03-14 04:09:26.550 1009 1009 I GameModeConfig: isGameModeOn = false
03-14 04:09:26.552 1009 1038 W WindowManager: updateScale : 0.79357797
03-14 04:09:26.554 1009 1009 I GameModeConfig: isGameModeOn = false
