03-14 04:08:37.640 1009 1184 W WindowManager: updateScale : 0.45565748
03-14 04:08:37.640 1009 1184 W WindowManager: updateScale : 0.79357797
03-14 04:08:37.655 1009 1184 I ActivityTaskManager: clear resize flag in freeform mode
03-14 04:08:37.656 1009 1184 W WindowManager: updateScale : 0.45565748
03-14 04:08:37.656 1009 1184 W WindowManager: updateScale : 0.79357797
03-14 04:08:37.672 1009 1184 I ActivityTaskManager: clear resize flag in freeform mode
03-14 04:08:37.673 1009 1184 W WindowManager: updateScale : 0.45565748
03-14 04:08:37.673 1009 1184 W WindowManager: updateScale : 0.79357797
03-14 04:08:37.689 1009 1184 I ActivityTaskManager: clear resize flag in freeform mode
03-14 04:08:37.690 1009 1184 W WindowManager: updateScale : 0.45565748
03-14 04:08:37.690 1009 1184 W WindowManager: updateScale : 0.79357797
03-14 04:08:37.706 1009 1184 I ActivityTaskManager: clear resize flag in freeform mode
03-14 04:08:37.707 1009 1184 W WindowManager: updateScale : 0.45565748
03-14 04:08:37.707 1009 1184 W WindowManager: updateScale : 0.79357797
03-14 04:08:37.709 1009 2195 W WindowManager: updateScale : 0.45565748
03-14 04:08:37.709 1009 2195 W WindowManager: updateScale : 0.79357797
03-14 04:08:37.723 1009 1184 I ActivityTaskManager: clear resize flag in freeform mode
03-14 04:08:37.723 1009 1184 W WindowManager: updateScale : 0.45565748
03-14 04:08:37.723 1009 1184 W WindowManager: updateScale : 0.79357797
03-14 04:08:37.739 1009 1184 I ActivityTaskManager: clear resize flag in freeform mode
03-14 04:08:37.740 1009 1184 W WindowManager: updateScale : 0.45565748
03-14 04:08:37.740 1009 1184 W WindowManager: updateScale : 0.79357797
03-14 04:08:37.756 1009 1184 I ActivityTaskManager: clear resize flag in freeform mode
03-14 04:08:37.756 1009 1184 W WindowManager: updateScale : 0.45565748
03-14 04:08:37.756 1009 1184 W WindowManager: updateScale : 0.79357797
03-14 04:08:37.772 1009 1184 I ActivityTaskManager: clear resize flag in freeform mode
03-14 04:08:37.773 1009 1184 W WindowManager: updateScale : 0.45565748
03-14 04:08:37.773 1009 1184 W WindowManager: updateScale : 0.79357797
03-14 04:08:37.823 1009 1184 I ActivityTaskManager: clear resize flag in freeform mode
03-14 04:08:37.824 1009 1184 W WindowManager: updateScale : 0.45565748
03-14 04:08:37.824 1009 1184 W WindowManager: updateScale : 0.79357797
03-14 04:08:37.840 1009 1184 I ActivityTaskManager: clear resize flag in freeform mode
03-14 04:08:37.840 1009 1184 W WindowManager: updateScale : 0.45565748
03-14 04:08:37.840 1009 1184 W WindowManager: updateScale : 0.79357797
03-14 04:08:37.907 1009 1184 I ActivityTaskManager: clear resize flag in freeform mode
03-14 04:08:37.908 1009 1184 W WindowManager: updateScale : 0.45565748
03-14 04:08:37.908 1009 1184 W WindowManager: updateScale : 0.79357797
03-14 04:08:37.923 1009 1184 I ActivityTaskManager: clear resize flag in freeform mode
03-14 04:08:37.923 1009 1184 W WindowManager: updateScale : 0.45565748
03-14 04:08:37.923 1009 1184 W WindowManager: updateScale : 0.79357797
03-14 04:08:37.957 1009 1184 I ActivityTaskManager: clear resize flag in freeform mode
03-14 04:08:37.958 1009 1184 W WindowManager: updateScale : 0.45565748
03-14 04:08:37.958 1009 1184 W WindowManager: updateScale : 0.79357797
03-14 04:08:37.973 1009 1184 I ActivityTaskManager: clear resize flag in freeform mode
03-14 04:08:37.974 1009 1184 W WindowManager: updateScale : 0.45565748
03-14 04:08:37.974 1009 1184 W WindowManager: updateScale : 0.79357797
03-14 04:08:37.990 1009 1184 I ActivityTaskManager: clear resize flag in freeform mode
03-14 04:08:37.991 1009 1184 W WindowManager: updateScale : 0.45565748
03-14 04:08:37.991 1009 1184 W WindowManager: updateScale : 0.79357797
03-14 04:08:38.006 1009 1184 I ActivityTaskManager: clear resize flag in freeform mode
03-14 04:08:38.007 1009 1184 W WindowManager: updateScale : 0.45565748
03-14 04:08:38.007 1009 1184 W WindowManager: updateScale : 0.79357797
03-14 04:08:38.023 1009 1184 I ActivityTaskManager: clear resize flag in freeform mode
03-14 04:08:38.024 1009 1184 W WindowManager: updateScale : 0.45565748
03-14 04:08:38.024 1009 1184 W WindowManager: updateScale : 0.79357797
03-14 04:08:38.040 1009 1184 I ActivityTaskManager: clear resize flag in freeform mode
03-14 04:08:38.040 1009 1184 W WindowManager: updateScale : 0.45565748
03-14 04:08:38.040 1009 1184 W WindowManager: updateScale : 0.79357797
03-14 04:08:38.080 1009 1184 D WindowManager: updateWindowDragBounds: mIsSwipeYfalse
03-14 04:08:38.080 1009 1184 D WindowManager: updateWindowDragBounds: mIsTopfalse
03-14 04:08:38.108 1009 1185 I ActivityTaskManager: clear resize flag in freeform mode
03-14 04:08:38.109 1009 1185 W WindowManager: updateScale : 0.45565748
03-14 04:08:38.109 1009 1185 W WindowManager: updateScale : 0.79357797
03-14 04:08:38.124 1009 1185 I ActivityTaskManager: clear resize flag in freeform mode
03-14 04:08:38.125 1009 1185 W WindowManager: updateScale : 0.45565748
03-14 04:08:38.125 1009 1185 W WindowManager: updateScale : 0.79357797
03-14 04:08:38.142 1009 1185 I ActivityTaskManager: clear resize flag in freeform mode
03-14 04:08:38.142 1009 1185 W WindowManager: updateScale : 0.45565748
03-14 04:08:38.142 1009 1185 W WindowManager: updateScale : 0.79357797
03-14 04:08:38.158 1009 1185 I ActivityTaskManager: clear resize flag in freeform mode
03-14 04:08:38.159 1009 1185 W WindowManager: updateScale : 0.45565748
03-14 04:08:38.159 1009 1185 W WindowManager: updateScale : 0.79357797
03-14 04:08:38.175 1009 1185 I ActivityTaskManager: clear resize flag in freeform mode
03-14 04:08:38.176 1009 1185 W WindowManager: updateScale : 0.45565748
03-14 04:08:38.176 1009 1185 W WindowManager: updateScale : 0.79357797
03-14 04:08:38.191 1009 1185 I ActivityTaskManager: clear resize flag in freeform mode
03-14 04:08:38.192 1009 1185 W WindowManager: updateScale : 0.45565748
03-14 04:08:38.192 1009 1185 W WindowManager: updateScale : 0.79357797
03-14 04:08:38.208 1009 1185 I ActivityTaskManager: clear resize flag in freeform mode
03-14 04:08:38.209 1009 1185 W WindowManager: updateScale : 0.45565748
03-14 04:08:38.209 1009 1185 W WindowManager: updateScale : 0.79357797
03-14 04:08:38.225 1009 1185 I ActivityTaskManager: clear resize flag in freeform mode
03-14 04:08:38.225 1009 1185 W WindowManager: updateScale : 0.45565748
03-14 04:08:38.225 1009 1185 W WindowManager: updateScale : 0.79357797
03-14 04:08:38.227 1009 9751 W WindowManager: updateScale : 0.45565748
03-14 04:08:38.227 1009 9751 W WindowManager: updateScale : 0.79357797
03-14 04:08:38.241 1009 1185 I ActivityTaskManager: clear resize flag in freeform mode
03-14 04:08:38.242 1009 1185 W WindowManager: updateScale : 0.45565748
03-14 04:08:38.242 1009 1185 W WindowManager: updateScale : 0.79357797
03-14 04:08:38.258 1009 1185 I ActivityTaskManager: clear resize flag in freeform mode
03-14 04:08:38.259 1009 1185 W WindowManager: updateScale : 0.45565748
03-14 04:08:38.259 1009 1185 W WindowManager: updateScale : 0.79357797
03-14 04:08:38.275 1009 1185 I ActivityTaskManager: clear resize flag in freeform mode
03-14 04:08:38.276 1009 1185 W WindowManager: updateScale : 0.45565748
03-14 04:08:38.276 1009 1185 W WindowManager: updateScale : 0.79357797
03-14 04:08:38.291 1009 1185 I ActivityTaskManager: clear resize flag in freeform mode
03-14 04:08:38.292 1009 1185 W WindowManager: updateScale : 0.45565748
03-14 04:08:38.292 1009 1185 W WindowManager: updateScale : 0.79357797
03-14 04:08:38.308 1009 1185 I ActivityTaskManager: clear resize flag in freeform mode
03-14 04:08:38.309 1009 1185 W WindowManager: updateScale : 0.45565748
03-14 04:08:38.309 1009 1185 W WindowManager: updateScale : 0.79357797
03-14 04:08:38.325 1009 1185 I ActivityTaskManager: clear resize flag in freeform mode
03-14 04:08:38.326 1009 1185 W WindowManager: updateScale : 0.45565748
03-14 04:08:38.326 1009 1185 W WindowManager: updateScale : 0.79357797
03-14 04:08:38.341 1009 1185 I ActivityTaskManager: clear resize flag in freeform mode
03-14 04:08:38.342 1009 1185 W WindowManager: updateScale : 0.45565748
03-14 04:08:38.342 1009 1185 W WindowManager: updateScale : 0.79357797
03-14 04:08:38.357 1009 1185 I ActivityTaskManager: clear resize flag in freeform mode
03-14 04:08:38.358 1009 1185 W WindowManager: updateScale : 0.45565748
03-14 04:08:38.358 1009 1185 W WindowManager: updateScale : 0.79357797
03-14 04:08:38.376 1009 1185 I ActivityTaskManager: clear resize flag in freeform mode
03-14 04:08:38.377 1009 1185 W WindowManager: updateScale : 0.45565748
03-14 04:08:38.377 1009 1185 W WindowManager: updateScale : 0.79357797
03-14 04:08:38.392 1009 1185 I ActivityTaskManager: clear resize flag in freeform mode
03-14 04:08:38.393 1009 1185 W WindowManager: updateScale : 0.45565748
03-14 04:08:38.393 1009 1185 W WindowManager: updateScale : 0.79357797
03-14 04:08:38.409 1009 1185 I ActivityTaskManager: clear resize flag in freeform mode
03-14 04:08:38.410 1009 1185 W WindowManager: updateScale : 0.45565748
03-14 04:08:38.410 1009 1185 W WindowManager: updateScale : 0.79357797
03-14 04:08:39.036 1009 1587 I input_interaction: Interaction with: 65f0f59 com.android.music/com.android.music.VideoBrowserActivity (server), edge-swipe (server), swipe-up (server), PointerEventDispatcher0 (server),
03-14 04:08:39.603 1009 9751 W WindowManager: updateScale : 0.79357797
03-14 04:08:39.607 1009 9751 I wm_relaunch_resume_activity: [0,136907642,145,com.android.music/.VideoBrowserActivity]
03-14 04:08:39.608 1009 9751 I wm_add_to_stopping: [0,196755772,com.android.launcher3/.uioverrides.QuickstepLauncher,makeInvisible]
03-14 04:08:39.627 8885 8885 I wm_on_top_resumed_lost_called: [136907642,com.android.music.VideoBrowserActivity,pausing]
03-14 04:08:39.627 8885 8885 I wm_on_paused_called: [136907642,com.android.music.VideoBrowserActivity,performPause]
03-14 04:08:39.627 8885 8885 I wm_on_stop_called: [136907642,com.android.music.VideoBrowserActivity,handleRelaunchActivity]
03-14 04:08:39.628 1009 9751 W WindowManager: Attempted to set replacing window on app token with no content Token{ceff66e ActivityRecord{8290b7a u0 com.android.music/.VideoBrowserActivity t145}}
03-14 04:08:39.631 8885 8885 I wm_on_destroy_called: [136907642,com.android.music.VideoBrowserActivity,performDestroy]
03-14 04:08:39.652 8885 8885 I wm_on_create_called: [136907642,com.android.music.VideoBrowserActivity,performCreate]
03-14 04:08:39.653 8885 8885 I wm_on_start_called: [136907642,com.android.music.VideoBrowserActivity,handleStartActivity]
03-14 04:08:39.655 8885 8885 I wm_on_resume_called: [136907642,com.android.music.VideoBrowserActivity,RESUME_ACTIVITY]
03-14 04:08:39.655 8885 8885 I wm_on_top_resumed_gained_called: [136907642,com.android.music.VideoBrowserActivity,topWhenResuming]
03-14 04:08:39.661 1009 9751 W WindowManager: updateScale : 0.79357797
03-14 04:08:39.672 1009 9751 I WindowManager: finishDrawing of relaunch: Window{65f0f59 u0 com.android.music/com.android.music.VideoBrowserActivity} 66ms
03-14 04:08:39.672 1009 1184 W WindowManager: updateScale : 0.79357797
03-14 04:08:39.679 1009 1184 W WindowManager: updateScale : 0.79357797
03-14 04:08:40.029 1009 1183 I wm_stop_activity: [0,196755772,com.android.launcher3/.uioverrides.QuickstepLauncher]
03-14 04:08:40.047 1009 9751 W WindowManager: updateScale : 0.79357797
03-14 04:08:40.049 1009 9751 W WindowManager: updateScale : 0.79357797
03-14 04:08:40.053 9753 9753 I wm_on_paused_called: [196755772,com.android.launcher3.uioverrides.QuickstepLauncher,performPause]
03-14 04:08:40.060 9753 9753 I wm_on_stop_called: [196755772,com.android.launcher3.uioverrides.QuickstepLauncher,STOP_ACTIVITY_ITEM]
03-14 04:08:40.562 1009 2195 W FreeFormWindowHelper: Current Display FreeFormTask is Task{f42457d #148 type=standard A=10086:android.task.music U=0 visible=false mode=freeform translucent=true sz=1}
03-14 04:08:40.567 1009 9751 W FreeFormWindowHelper: Current Display FreeFormTask is Task{f42457d #148 type=standard A=10086:android.task.music U=0 visible=false mode=freeform translucent=true sz=1}
03-14 04:08:40.568 1009 9751 W FreeFormWindowHelper: Current Display FreeFormTask is Task{f42457d #148 type=standard A=10086:android.task.music U=0 visible=false mode=freeform translucent=true sz=1}
03-14 04:08:40.576 1009 9751 I wm_task_moved: [1,0,0]
03-14 04:08:40.576 1009 9751 I wm_task_moved: [1,0,8]
03-14 04:08:40.578 8885 8885 I view_enqueue_input_event: [Motion - Cancel,com.android.music/com.android.music.VideoBrowserActivity]
03-14 04:08:40.579 1009 2195 W FreeFormWindowHelper: Current Display FreeFormTask is Task{f42457d #148 type=standard A=10086:android.task.music U=0 visible=false mode=freeform translucent=true sz=1}
03-14 04:08:40.579 1009 9751 W WindowManager: updateScale : 0.79357797
03-14 04:08:40.580 1009 2180 W FreeFormWindowHelper: Current Display FreeFormTask is Task{f42457d #148 type=standard A=10086:android.task.music U=0 visible=false mode=freeform translucent=true sz=1}
03-14 04:08:40.580 1009 2195 W FreeFormWindowHelper: Current Display FreeFormTask is Task{f42457d #148 type=standard A=10086:android.task.music U=0 visible=false mode=freeform translucent=true sz=1}
03-14 04:08:40.582 1009 9751 W FreeFormWindowHelper: Current Display FreeFormTask is Task{f42457d #148 type=standard A=10086:android.task.music U=0 visible=false mode=freeform translucent=true sz=1}
03-14 04:08:40.582 1009 9751 W FreeFormWindowHelper: Current Display FreeFormTask is Task{f42457d #148 type=standard A=10086:android.task.music U=0 visible=false mode=freeform translucent=true sz=1}
03-14 04:08:40.582 1009 1180 D AutofillManagerService: Close system dialogs
03-14 04:08:40.583 1009 9751 W FreeFormWindowHelper: Current Display FreeFormTask is Task{f42457d #148 type=standard A=10086:android.task.music U=0 visible=false mode=freeform translucent=true sz=1}
03-14 04:08:40.584 1009 2195 W FreeFormWindowHelper: Current Display FreeFormTask is Task{f42457d #148 type=standard A=10086:android.task.music U=0 visible=false mode=freeform translucent=true sz=1}
03-14 04:08:40.584 1009 1587 I input_interaction: Interaction with: edge-swipe (server), swipe-up (server), PointerEventDispatcher0 (server),
03-14 04:08:40.586 9753 9753 I wm_on_restart_called: [196755772,com.android.launcher3.uioverrides.QuickstepLauncher,performRestartActivity]
03-14 04:08:40.587 1009 9751 W FreeFormWindowHelper: Current Display FreeFormTask is Task{f42457d #148 type=standard A=10086:android.task.music U=0 visible=false mode=freeform translucent=true sz=1}
03-14 04:08:40.587 1009 2195 W FreeFormWindowHelper: Current Display FreeFormTask is Task{f42457d #148 type=standard A=10086:android.task.music U=0 visible=false mode=freeform translucent=true sz=1}
03-14 04:08:40.588 1009 2195 W FreeFormWindowHelper: Current Display FreeFormTask is Task{f42457d #148 type=standard A=10086:android.task.music U=0 visible=false mode=freeform translucent=true sz=1}
03-14 04:08:40.612 1009 9751 W FreeFormWindowHelper: Current Display FreeFormTask is Task{f42457d #148 type=standard A=10086:android.task.music U=0 visible=false mode=freeform translucent=true sz=1}
03-14 04:08:40.614 9753 9753 I wm_on_start_called: [196755772,com.android.launcher3.uioverrides.QuickstepLauncher,handleStartActivity]
03-14 04:08:40.614 1009 2195 W FreeFormWindowHelper: Current Display FreeFormTask is Task{f42457d #148 type=standard A=10086:android.task.music U=0 visible=false mode=freeform translucent=true sz=1}
03-14 04:08:40.616 1009 2195 W FreeFormWindowHelper: Current Display FreeFormTask is Task{f42457d #148 type=standard A=10086:android.task.music U=0 visible=false mode=freeform translucent=true sz=1}
03-14 04:08:40.616 1009 2195 W FreeFormWindowHelper: Current Display FreeFormTask is Task{f42457d #148 type=standard A=10086:android.task.music U=0 visible=false mode=freeform translucent=true sz=1}
03-14 04:08:40.616 1009 2195 W FreeFormWindowHelper: Current Display FreeFormTask is Task{f42457d #148 type=standard A=10086:android.task.music U=0 visible=false mode=freeform translucent=true sz=1}
03-14 04:08:40.618 1009 2180 W FreeFormWindowHelper: Current Display FreeFormTask is Task{f42457d #148 type=standard A=10086:android.task.music U=0 visible=false mode=freeform translucent=true sz=1}
03-14 04:08:40.620 1009 1184 I input_focus: [Focus request recents_animation_input_consumer,reason=UpdateInputWindows]
03-14 04:08:40.625 1009 2180 W WindowManager: updateScale : 0.79357797
03-14 04:08:40.628 1009 1587 I input_focus: [Focus leaving 65f0f59 com.android.music/com.android.music.VideoBrowserActivity (server),reason=NOT_FOCUSABLE]
03-14 04:08:40.628 1009 1587 I input_focus: [Focus entering recents_animation_input_consumer (server),reason=setFocusedWindow]
03-14 04:08:40.630 1009 2195 W FreeFormWindowHelper: Current Display FreeFormTask is Task{f42457d #148 type=standard A=10086:android.task.music U=0 visible=false mode=freeform translucent=true sz=1}
03-14 04:08:40.630 1009 2195 W FreeFormWindowHelper: Current Display FreeFormTask is Task{f42457d #148 type=standard A=10086:android.task.music U=0 visible=false mode=freeform translucent=true sz=1}
03-14 04:08:40.634 9753 9753 I sysui_latency: [1,89]
03-14 04:08:40.641 1009 1184 W WindowManager: updateScale : 0.79357797
03-14 04:08:40.643 1009 1184 W WindowManager: updateScale : 0.79357797
03-14 04:08:40.644 1009 1184 W WindowManager: updateScale : 0.79357797
03-14 04:08:40.648 1009 2195 W FreeFormWindowHelper: Current Display FreeFormTask is Task{f42457d #148 type=standard A=10086:android.task.music U=0 visible=false mode=freeform translucent=true sz=1}
03-14 04:08:40.648 1009 2195 W FreeFormWindowHelper: Current Display FreeFormTask is Task{f42457d #148 type=standard A=10086:android.task.music U=0 visible=false mode=freeform translucent=true sz=1}
03-14 04:08:40.650 1009 1180 I sysui_multi_action: [319,4,322,67,325,1087,757,761,758,9,759,5,806,com.android.launcher3,871,com.android.launcher3.uioverrides.QuickstepLauncher,905,0,1320,4,1321,1]
03-14 04:08:40.657 1009 2195 W ActivityTaskManager: getTaskSnapshot: taskId=-120 not found
03-14 04:08:40.661 1009 2195 W FreeFormWindowHelper: Current Display FreeFormTask is Task{f42457d #148 type=standard A=10086:android.task.music U=0 visible=false mode=freeform translucent=true sz=1}
03-14 04:08:40.661 1009 2195 W FreeFormWindowHelper: Current Display FreeFormTask is Task{f42457d #148 type=standard A=10086:android.task.music U=0 visible=false mode=freeform translucent=true sz=1}
03-14 04:08:40.674 1009 2180 W FreeFormWindowHelper: exitRecentTasks type=0
03-14 04:08:40.680 1009 2180 W FreeFormWindowHelper: Current Display FreeFormTask is Task{f42457d #148 type=standard A=10086:android.task.music U=0 visible=false mode=freeform translucent=true sz=1}
03-14 04:08:40.680 1009 2180 W FreeFormWindowHelper: Current Display FreeFormTask is Task{f42457d #148 type=standard A=10086:android.task.music U=0 visible=false mode=freeform translucent=true sz=1}
03-14 04:08:40.819 1009 1488 I commit_sys_config_file: [settings-1-0,8]
03-14 04:08:40.948 1009 1188 I sysui_latency: [8,96]
03-14 04:08:41.331 1009 2195 W FreeFormWindowHelper: Current Display FreeFormTask is Task{f42457d #148 type=standard A=10086:android.task.music U=0 visible=false mode=freeform translucent=true sz=1}
03-14 04:08:41.331 1009 2195 W FreeFormWindowHelper: Current Display FreeFormTask is Task{f42457d #148 type=standard A=10086:android.task.music U=0 visible=false mode=freeform translucent=true sz=1}
03-14 04:08:41.340 1009 2180 I wm_task_moved: [1,1,9]
03-14 04:08:41.340 1009 2180 I wm_task_moved: [127,1,2147483647]
03-14 04:08:41.340 1009 2180 I wm_task_to_front: [0,127]
03-14 04:08:41.341 1009 2180 I wm_focused_root_task: [0,0,1,145,RecentsAnimation.onAnimationFinished()]
03-14 04:08:41.341 1009 2180 I wm_set_resumed_activity: [0,com.android.launcher3/.uioverrides.QuickstepLauncher,RecentsAnimation.onAnimationFinished()]
03-14 04:08:41.341 1009 2180 I wm_pause_activity: [0,136907642,com.android.music/.VideoBrowserActivity,userLeaving=true,pauseBackTasks]
03-14 04:08:41.342 1009 2180 I wm_add_to_stopping: [0,136907642,com.android.music/.VideoBrowserActivity,makeInvisible]
03-14 04:08:41.342 1009 2180 I ActivityTaskManager: FOREGROUND_APPLICATION_CHANGED to com.android.launcher3.uioverrides.QuickstepLauncher
03-14 04:08:41.342 1009 2180 I wm_set_resumed_activity: [0,com.android.launcher3/.uioverrides.QuickstepLauncher,resumeTopActivityInnerLocked]
03-14 04:08:41.343 1009 2180 I wm_resume_activity: [0,196755772,127,com.android.launcher3/.uioverrides.QuickstepLauncher]
03-14 04:08:41.344 9753 9753 I wm_on_resume_called: [196755772,com.android.launcher3.uioverrides.QuickstepLauncher,RESUME_ACTIVITY]
03-14 04:08:41.344 1009 2180 W WindowManager: updateScale : 0.79357797
03-14 04:08:41.346 1009 2180 W WindowManager: updateScale : 0.79357797
03-14 04:08:41.348 1009 1184 I input_focus: [Focus request f9b4aa5 com.android.launcher3/com.android.launcher3.uioverrides.QuickstepLauncher,reason=UpdateInputWindows]
03-14 04:08:41.351 1009 1587 I input_focus: [Focus leaving recents_animation_input_consumer (server),reason=NOT_VISIBLE]
03-14 04:08:41.354 1009 2180 W WindowManager: updateScale : 0.79357797
03-14 04:08:41.358 1009 1183 I wm_stop_activity: [0,136907642,com.android.music/.VideoBrowserActivity]
03-14 04:08:41.359 1009 1183 I sysui_multi_action: [757,803,799,window_time_0,802,37]
03-14 04:08:41.361 1009 1183 I sysui_multi_action: [757,803,799,window_time_0,802,0]
03-14 04:08:41.367 1009 1587 I input_focus: [Focus entering f9b4aa5 com.android.launcher3/com.android.launcher3.uioverrides.QuickstepLauncher (server),reason=setFocusedWindow]
03-14 04:08:41.368 8885 8885 I wm_on_top_resumed_lost_called: [136907642,com.android.music.VideoBrowserActivity,topStateChangedWhenResumed]
03-14 04:08:41.370 8885 8885 I wm_on_paused_called: [136907642,com.android.music.VideoBrowserActivity,performPause]
03-14 04:08:41.370 9753 9753 I wm_on_top_resumed_gained_called: [196755772,com.android.launcher3.uioverrides.QuickstepLauncher,topStateChangedWhenResumed]
03-14 04:08:41.385 1009 2195 W WindowManager: updateScale : 0.79357797
03-14 04:08:41.387 8885 8885 I wm_on_stop_called: [136907642,com.android.music.VideoBrowserActivity,STOP_ACTIVITY_ITEM]
03-14 04:08:41.395 1009 2195 W WindowManager: updateScale : 0.79357797
03-14 04:08:41.451 1009 9751 W FreeFormWindowHelper: Current Display FreeFormTask is Task{f42457d #148 type=standard A=10086:android.task.music U=0 visible=false mode=freeform translucent=true sz=1}
03-14 04:08:41.726 1009 1587 I input_interaction: Interaction with: f9b4aa5 com.android.launcher3/com.android.launcher3.uioverrides.QuickstepLauncher (server), 8c59581 com.android.systemui.ImageWallpaper (server), edge-swipe (server), swipe-up (server), PointerEventDispatcher0 (server),
01-01 08:18:10.964 0 0 E DTC_ETH,link_delay_work_func: 3003, SQI=0, link=0
03-14 04:08:44.426 1009 2180 I thunderperf: PlatormCompat.setOverrides: Uid1=10074 Pid1=9753 Uid2=10074 Pid2=9753
03-14 04:08:44.426 1009 2180 I thunderperf: PlatormCompat.setOverrides: needCheck:false
03-14 04:08:44.427 1009 2180 I thunderperf: CompatConfig.addOverrideUnsafe: bef-state=0
03-14 04:08:44.427 1009 2180 I thunderperf: CompatConfig.addOverrideUnsafe: aft-state=0
03-14 04:08:44.427 1009 2180 I thunderperf: CompatConfig.addOverrideUnsafe: bef-state=0
03-14 04:08:44.427 1009 2180 I thunderperf: CompatConfig.addOverrideUnsafe: aft-state=0
03-14 04:08:44.428 1009 2180 I thunderperf: CompatConfig.addOverrideUnsafe: bef-state=0
03-14 04:08:44.428 1009 2180 I thunderperf: CompatConfig.addOverrideUnsafe: aft-state=0
03-14 04:08:44.428 1009 2180 I thunderperf: CompatConfig.addOverrideUnsafe: bef-state=0
03-14 04:08:44.428 1009 2180 I thunderperf: CompatConfig.addOverrideUnsafe: aft-state=0
03-14 04:08:44.429 1009 2180 I thunderperf: CompatConfig.addOverrideUnsafe: bef-state=0
03-14 04:08:44.429 1009 2180 I thunderperf: CompatConfig.addOverrideUnsafe: aft-state=0
03-14 04:08:44.429 1009 2180 I thunderperf: CompatConfig.addOverrideUnsafe: bef-state=0
03-14 04:08:44.429 1009 2180 I thunderperf: CompatConfig.addOverrideUnsafe: aft-state=0
03-14 04:08:44.430 1009 2180 I thunderperf: CompatConfig.addOverrideUnsafe: bef-state=0
03-14 04:08:44.430 1009 2180 I thunderperf: CompatConfig.addOverrideUnsafe: aft-state=0
03-14 04:08:44.430 1009 2180 I thunderperf: CompatConfig.addOverrideUnsafe: bef-state=0
03-14 04:08:44.430 1009 2180 I thunderperf: CompatConfig.addOverrideUnsafe: aft-state=0
03-14 04:08:44.431 1009 2180 I thunderperf: CompatConfig.addOverrideUnsafe: bef-state=0
03-14 04:08:44.431 1009 2180 I thunderperf: CompatConfig.addOverrideUnsafe: aft-state=0
03-14 04:08:44.431 1009 2180 I thunderperf: CompatConfig.addOverrideUnsafe: bef-state=0
03-14 04:08:44.431 1009 2180 I thunderperf: CompatConfig.addOverrideUnsafe: aft-state=0
03-14 04:08:44.432 1009 2180 I thunderperf: CompatConfig.addOverrideUnsafe: bef-state=0
03-14 04:08:44.432 1009 2180 I thunderperf: CompatConfig.addOverrideUnsafe: aft-state=0
03-14 04:08:44.432 1009 2180 I thunderperf: CompatConfig.addOverrideUnsafe: bef-state=0
03-14 04:08:44.432 1009 2180 I thunderperf: CompatConfig.addOverrideUnsafe: aft-state=0
03-14 04:08:44.432 1009 2180 I thunderperf: CompatConfig.addOverrideUnsafe: bef-state=0
03-14 04:08:44.432 1009 2180 I thunderperf: CompatConfig.addOverrideUnsafe: aft-state=0
03-14 04:08:44.433 1009 2180 I thunderperf: CompatConfig.addOverrideUnsafe: bef-state=0
03-14 04:08:44.433 1009 2180 I thunderperf: CompatConfig.addOverrideUnsafe: aft-state=0
03-14 04:08:44.443 1009 2180 I ActivityTaskManager: START u0 {act=android.intent.action.MAIN cat=[android.intent.category.LAUNCHER] flg=0x10200000 cmp=com.android.gallery3d/.app.GalleryActivity} from uid 10074
03-14 04:08:44.446 1009 2180 I wm_task_moved: [144,1,9]
03-14 04:08:44.446 1009 2180 I wm_task_to_front: [0,144]
03-14 04:08:44.447 1009 2180 I wm_focused_root_task: [0,0,144,1,bringingFoundTaskToFront]
03-14 04:08:44.447 1009 2180 I wm_set_resumed_activity: [0,com.android.gallery3d/.app.GalleryActivity,bringingFoundTaskToFront]
03-14 04:08:44.448 1009 2180 D FreeFormWindowHelper: finish old freeform task = ActivityRecord{c11dc72 u0 com.android.music/.MusicBrowserActivity t148}
03-14 04:08:44.449 1009 2180 W WindowManager: updateScale : 0.79357797
03-14 04:08:44.450 1009 2180 W ActivityTaskManager: ActivityTaskManager onTransact aborts UID:1000 PID:1009
03-14 04:08:44.450 1009 2180 W ActivityTaskManager: java.lang.NullPointerException: Attempt to read from field 'java.lang.String com.android.server.wm.ActivityRecord.shortComponentName' on a null object reference
03-14 04:08:44.450 1009 2180 W ActivityTaskManager: at com.android.server.wm.FreeFormWindowHelper.lambda$addRootTaskReferenceIfNeeded$1$FreeFormWindowHelper(FreeFormWindowHelper.java:331)
03-14 04:08:44.450 1009 2180 W ActivityTaskManager: at com.android.server.wm.FreeFormWindowHelper$$ExternalSyntheticLambda0.accept(Unknown Source:4)
03-14 04:08:44.450 1009 2180 W ActivityTaskManager: at com.android.server.wm.ActivityRecord.forAllActivities(ActivityRecord.java:4082)
03-14 04:08:44.450 1009 2180 W ActivityTaskManager: at com.android.server.wm.WindowContainer.forAllActivities(WindowContainer.java:1457)
03-14 04:08:44.450 1009 2180 W ActivityTaskManager: at com.android.server.wm.WindowContainer.forAllActivities(WindowContainer.java:1451)
03-14 04:08:44.450 1009 2180 W ActivityTaskManager: at com.android.server.wm.FreeFormWindowHelper.addRootTaskReferenceIfNeeded(FreeFormWindowHelper.java:324)
03-14 04:08:44.450 1009 2180 W ActivityTaskManager: at com.android.server.wm.TaskDisplayArea.addRootTaskReferenceIfNeeded(TaskDisplayArea.java:358)
03-14 04:08:44.450 1009 2180 W ActivityTaskManager: at com.android.server.wm.TaskDisplayArea.onRootTaskWindowingModeChanged(TaskDisplayArea.java:307)
03-14 04:08:44.450 1009 2180 W ActivityTaskManager: at com.android.server.wm.Task.onConfigurationChanged(Task.java:2388)
03-14 04:08:44.450 1009 2180 W ActivityTaskManager: at com.android.server.wm.ConfigurationContainer.onRequestedOverrideConfigurationChanged(ConfigurationContainer.java:199)
03-14 04:08:44.450 1009 2180 W ActivityTaskManager: at com.android.server.wm.WindowContainer.onRequestedOverrideConfigurationChanged(WindowContainer.java:795)
03-14 04:08:44.450 1009 2180 W ActivityTaskManager: at com.android.server.wm.ConfigurationContainer.setWindowingMode(ConfigurationContainer.java:439)
03-14 04:08:44.450 1009 2180 W ActivityTaskManager: at com.android.server.wm.Task.setWindowingModeInSurfaceTransaction(Task.java:5497)
03-14 04:08:44.450 1009 2180 W ActivityTaskManager: at com.android.server.wm.Task.lambda$setWindowingMode$17$Task(Task.java:5414)
03-14 04:08:44.450 1009 2180 W ActivityTaskManager: at com.android.server.wm.Task$$ExternalSyntheticLambda7.run(Unknown Source:6)
03-14 04:08:44.450 1009 2180 W ActivityTaskManager: at com.android.server.wm.WindowManagerService.inSurfaceTransaction(WindowManagerService.java:7983)
03-14 04:08:44.450 1009 2180 W ActivityTaskManager: at com.android.server.wm.Task.setWindowingMode(Task.java:5414)
03-14 04:08:44.450 1009 2180 W ActivityTaskManager: at com.android.server.wm.Task.setWindowingMode(Task.java:5402)
03-14 04:08:44.450 1009 2180 W ActivityTaskManager: at com.android.server.wm.ActivityStarter.setTargetRootTaskIfNeeded(ActivityStarter.java:2666)
03-14 04:08:44.450 1009 2180 W ActivityTaskManager: at com.android.server.wm.ActivityStarter.recycleTask(ActivityStarter.java:1999)
03-14 04:08:44.450 1009 2180 W ActivityTaskManager: at com.android.server.wm.ActivityStarter.startActivityInner(ActivityStarter.java:1716)
03-14 04:08:44.450 1009 2180 W ActivityTaskManager: at com.android.server.wm.ActivityStarter.startActivityUnchecked(ActivityStarter.java:1575)
03-14 04:08:44.450 1009 2180 W ActivityTaskManager: at com.android.server.wm.ActivityStarter.executeRequest(ActivityStarter.java:1182)
03-14 04:08:44.450 1009 2180 W ActivityTaskManager: at com.android.server.wm.ActivityStarter.execute(ActivityStarter.java:670)
03-14 04:08:44.450 1009 2180 W ActivityTaskManager: at com.android.server.wm.ActivityTaskManagerService.startActivityAsUser(ActivityTaskManagerService.java:1227)
03-14 04:08:44.450 1009 2180 W ActivityTaskManager: at com.android.server.wm.ActivityTaskManagerService.startActivityAsUser(ActivityTaskManagerService.java:1199)
03-14 04:08:44.450 1009 2180 W ActivityTaskManager: at com.android.server.wm.ActivityTaskManagerService.startActivity(ActivityTaskManagerService.java:1150)
03-14 04:08:44.450 1009 2180 W ActivityTaskManager: at android.app.IActivityTaskManager$Stub.onTransact(IActivityTaskManager.java:920)
03-14 04:08:44.450 1009 2180 W ActivityTaskManager: at com.android.server.wm.ActivityTaskManagerService.onTransact(ActivityTaskManagerService.java:5072)
03-14 04:08:44.450 1009 2180 W ActivityTaskManager: at android.os.Binder.execTransactInternal(Binder.java:1179)
03-14 04:08:44.450 1009 2180 W ActivityTaskManager: at android.os.Binder.execTransact(Binder.java:1143)
03-14 04:08:44.451 9753 9753 E AndroidRuntime: FATAL EXCEPTION: main
03-14 04:08:44.451 9753 9753 E AndroidRuntime: Process: com.android.launcher3, PID: 9753
03-14 04:08:44.451 9753 9753 E AndroidRuntime: java.lang.NullPointerException: Attempt to read from field 'java.lang.String com.android.server.wm.ActivityRecord.shortComponentName' on a null object reference
03-14 04:08:44.451 9753 9753 E AndroidRuntime: at android.os.Parcel.createExceptionOrNull(Parcel.java:2431)
03-14 04:08:44.451 9753 9753 E AndroidRuntime: at android.os.Parcel.createException(Parcel.java:2409)
03-14 04:08:44.451 9753 9753 E AndroidRuntime: at android.os.Parcel.readException(Parcel.java:2392)
03-14 04:08:44.451 9753 9753 E AndroidRuntime: at android.os.Parcel.readException(Parcel.java:2334)
03-14 04:08:44.451 9753 9753 E AndroidRuntime: at android.app.IActivityTaskManager$Stub$Proxy.startActivity(IActivityTaskManager.java:2381)
03-14 04:08:44.451 9753 9753 E AndroidRuntime: at android.app.Instrumentation.execStartActivity(Instrumentation.java:1745)
03-14 04:08:44.451 9753 9753 E AndroidRuntime: at android.app.Activity.startActivityForResult(Activity.java:5438)
03-14 04:08:44.451 9753 9753 E AndroidRuntime: at com.android.launcher3.Launcher.startActivityForResult(Launcher.java:1809)
03-14 04:08:44.451 9753 9753 E AndroidRuntime: at com.android.launcher3.BaseQuickstepLauncher.startActivityForResult(BaseQuickstepLauncher.java:265)
03-14 04:08:44.451 9753 9753 E AndroidRuntime: at android.app.Activity.startActivity(Activity.java:5778)
03-14 04:08:44.451 9753 9753 E AndroidRuntime: at com.android.launcher3.freewindow.FreeWindowHelper.coldStart(FreeWindowHelper.java:86)
03-14 04:08:44.451 9753 9753 E AndroidRuntime: at com.android.launcher3.popup.SystemShortcut$SmallWindow.onClick(SystemShortcut.java:278)
03-14 04:08:44.451 9753 9753 E AndroidRuntime: at android.view.View.performClick(View.java:7441)
03-14 04:08:44.451 9753 9753 E AndroidRuntime: at android.view.View.performClickInternal(View.java:7418)
03-14 04:08:44.451 9753 9753 E AndroidRuntime: at android.view.View.access$3700(View.java:835)
03-14 04:08:44.451 9753 9753 E AndroidRuntime: at android.view.View$PerformClick.run(View.java:28681)
03-14 04:08:44.451 9753 9753 E AndroidRuntime: at android.os.Handler.handleCallback(Handler.java:938)
03-14 04:08:44.451 9753 9753 E AndroidRuntime: at android.os.Handler.dispatchMessage(Handler.java:99)
03-14 04:08:44.451 9753 9753 E AndroidRuntime: at android.os.Looper.loopOnce(Looper.java:201)
03-14 04:08:44.451 9753 9753 E AndroidRuntime: at android.os.Looper.loop(Looper.java:288)
03-14 04:08:44.451 9753 9753 E AndroidRuntime: at android.app.ActivityThread.main(ActivityThread.java:7880)
03-14 04:08:44.451 9753 9753 E AndroidRuntime: at java.lang.reflect.Method.invoke(Native Method)
03-14 04:08:44.451 9753 9753 E AndroidRuntime: at com.android.internal.os.RuntimeInit$MethodAndArgsCaller.run(RuntimeInit.java:548)
03-14 04:08:44.451 9753 9753 E AndroidRuntime: at com.android.internal.os.ZygoteInit.main(ZygoteInit.java:1009)
03-14 04:08:44.451 9753 9753 E AndroidRuntime: Caused by: android.os.RemoteException: Remote stack trace:
03-14 04:08:44.451 9753 9753 E AndroidRuntime: at com.android.server.wm.FreeFormWindowHelper.lambda$addRootTaskReferenceIfNeeded$1$FreeFormWindowHelper(FreeFormWindowHelper.java:331)
03-14 04:08:44.451 9753 9753 E AndroidRuntime: at com.android.server.wm.FreeFormWindowHelper$$ExternalSyntheticLambda0.accept(Unknown Source:4)
03-14 04:08:44.451 9753 9753 E AndroidRuntime: at com.android.server.wm.ActivityRecord.forAllActivities(ActivityRecord.java:4082)
03-14 04:08:44.451 9753 9753 E AndroidRuntime: at com.android.server.wm.WindowContainer.forAllActivities(WindowContainer.java:1457)
03-14 04:08:44.451 9753 9753 E AndroidRuntime: at com.android.server.wm.WindowContainer.forAllActivities(WindowContainer.java:1451)
03-14 04:08:44.451 9753 9753 E AndroidRuntime:
03-14 04:08:44.451 1009 2195 I am_crash: [9753,0,com.android.launcher3,617332293,java.lang.NullPointerException,Remote stack trace:
03-14 04:08:44.451 1009 2195 I am_crash: at com.android.server.wm.FreeFormWindowHelper.lambda$addRootTaskReferenceIfNeeded$1$FreeFormWindowHelper(FreeFormWindowHelper.java:331)
03-14 04:08:44.451 1009 2195 I am_crash: at com.android.server.wm.FreeFormWindowHelper$$ExternalSyntheticLambda0.accept(Unknown Source:4)
03-14 04:08:44.451 1009 2195 I am_crash: at com.android.server.wm.ActivityRecord.forAllActivities(ActivityRecord.java:4082)
03-14 04:08:44.451 1009 2195 I am_crash: at com.android.server.wm.WindowContainer.forAllActivities(WindowContainer.java:1457)
03-14 04:08:44.451 1009 2195 I am_crash: at com.android.server.wm.WindowContainer.forAllActivities(WindowContainer.java:1451)
03-14 04:08:44.451 1009 2195 I am_crash: ,Parcel.java,2431]
03-14 04:08:44.452 1009 2195 W ActivityTaskManager: Not force finishing home activity com.android.launcher3/.uioverrides.QuickstepLauncher
03-14 04:08:44.452 1009 9828 I DropBoxManagerService: add tag=system_app_crash isTagEnabled=true flags=0x2
03-14 04:08:44.452 1009 2195 W ActivityTaskManager: Not force finishing home activity com.android.launcher3/.uioverrides.QuickstepLauncher
03-14 04:08:44.469 1009 1181 W WindowManager: updateScale : 0.79357797
03-14 04:08:44.470 1009 1184 I input_focus: [Focus request 87daacd Application Error: com.android.launcher3,reason=UpdateInputWindows]
03-14 04:08:44.489 1009 1587 I input_focus: [Focus leaving f9b4aa5 com.android.launcher3/com.android.launcher3.uioverrides.QuickstepLauncher (server),reason=Waiting for window because NOT_VISIBLE]
03-14 04:08:44.495 1009 1184 W WindowManager: updateScale : 0.79357797
03-14 04:08:44.506 1009 1587 I input_focus: [Focus entering 87daacd Application Error: com.android.launcher3 (server),reason=Window became focusable. Previous reason: NOT_VISIBLE]
03-14 04:08:44.947 1009 1183 W ActivityTaskManager: Activity top resumed state loss timeout for ActivityRecord{bba413c u0 com.android.launcher3/.uioverrides.QuickstepLauncher t127}
03-14 04:08:46.211 1009 1587 I input_interaction: Interaction with: 87daacd Application Error: com.android.launcher3 (server), edge-swipe (server), swipe-up (server), PointerEventDispatcher0 (server),
03-14 04:08:46.320 1009 2195 I sysui_multi_action: [757,316,758,4,759,1]
03-14 04:08:46.320 1009 2195 W WindowManager: Force finishing activity com.android.launcher3/.uioverrides.QuickstepLauncher
03-14 04:08:46.321 1009 2195 I wm_destroy_activity: [0,196755772,127,com.android.launcher3/.uioverrides.QuickstepLauncher,finish-imm:handleAppCrashed]
03-14 04:08:46.321 1009 2195 W WindowManager: updateScale : 0.79357797
03-14 04:08:46.323 1009 2195 I ActivityTaskManager: FOREGROUND_APPLICATION_CHANGED to com.android.music.VideoBrowserActivity
03-14 04:08:46.324 1009 2195 I wm_resume_activity: [0,136907642,145,com.android.music/.VideoBrowserActivity]
03-14 04:08:46.326 1009 1181 W WindowManager: updateScale : 0.79357797
03-14 04:08:46.327 1009 2195 I am_uid_stopped: 10074
03-14 04:08:46.327 1009 9751 W WindowManager: updateScale : 0.79357797
03-14 04:08:46.330 1009 2195 I ActivityManager: Killing 9753:com.android.launcher3/u0a74 (adj 100): crash
03-14 04:08:46.331 1009 2195 I am_kill : [0,9753,com.android.launcher3,100,crash]
03-14 04:08:46.332 1009 2195 I ActivityTaskManager: FOREGROUND_APPLICATION_CHANGED to com.android.gallery3d.app.GalleryActivity
03-14 04:08:46.332 1009 2195 V SplashScreenExceptionList: SplashScreen checking exception for package com.android.gallery3d (target sdk:29) -> false
03-14 04:08:46.332 1009 1183 I am_uid_running: 10064
03-14 04:08:46.332 1009 1183 D CompatibilityChangeReporter: Compat change id reported: 135634846; UID 10064; state: DISABLED
03-14 04:08:46.332 1009 1183 D CompatibilityChangeReporter: Compat change id reported: 177438394; UID 10064; state: DISABLED
03-14 04:08:46.332 1009 1183 D CompatibilityChangeReporter: Compat change id reported: 135772972; UID 10064; state: DISABLED
03-14 04:08:46.333 1009 1183 D CompatibilityChangeReporter: Compat change id reported: 135754954; UID 10064; state: DISABLED
03-14 04:08:46.333 1009 1195 D CompatibilityChangeReporter: Compat change id reported: 143937733; UID 10064; state: DISABLED
03-14 04:08:46.337 1009 1195 I am_proc_start: [0,9834,10064,com.android.gallery3d,top-activity,{com.android.gallery3d/com.android.gallery3d.app.GalleryActivity}]
03-14 04:08:46.337 1009 1195 I ActivityManager: Start proc 9834:com.android.gallery3d/u0a64 for top-activity {com.android.gallery3d/com.android.gallery3d.app.GalleryActivity}
01-01 08:18:15.046 0 0 I binder : undelivered TRANSACTION_COMPLETE
01-01 08:18:15.046 0 0 I binder : undelivered transaction 614561, process died.
03-14 04:08:46.345 1009 2195 V ActivityManager: Got obituary of 9753:com.android.launcher3
03-14 04:08:46.346 1009 1585 I WindowManager: WIN DEATH: Window{f9b4aa5 u0 com.android.launcher3/com.android.launcher3.uioverrides.QuickstepLauncher}
03-14 04:08:46.347 1009 1183 W ActivityManager: setHasOverlayUi called on unknown pid: 9753
03-14 04:08:46.347 1009 1585 W WindowManager: updateScale : 0.79357797
03-14 04:08:46.350 1009 1585 I am_uid_running: 10074
03-14 04:08:46.350 1009 1585 D CompatibilityChangeReporter: Compat change id reported: 135634846; UID 10074; state: DISABLED
03-14 04:08:46.350 1009 1585 D CompatibilityChangeReporter: Compat change id reported: 177438394; UID 10074; state: DISABLED
03-14 04:08:46.350 1009 1585 D CompatibilityChangeReporter: Compat change id reported: 135772972; UID 10074; state: DISABLED
03-14 04:08:46.351 1009 1585 D CompatibilityChangeReporter: Compat change id reported: 135754954; UID 10074; state: ENABLED
03-14 04:08:46.351 1009 1195 D CompatibilityChangeReporter: Compat change id reported: 143937733; UID 10074; state: ENABLED
01-01 08:18:15.052 0 0 I binder : 9834:9834 ioctl 40046210 7fd9aef714 returned -22
03-14 04:08:46.353 1009 1585 I am_proc_bound: [0,9834,com.android.gallery3d]
03-14 04:08:46.355 8885 8885 I wm_on_restart_called: [136907642,com.android.music.VideoBrowserActivity,performRestartActivity]
03-14 04:08:46.355 8885 8885 I wm_on_start_called: [136907642,com.android.music.VideoBrowserActivity,handleStartActivity]
03-14 04:08:46.355 8885 8885 I wm_on_resume_called: [136907642,com.android.music.VideoBrowserActivity,RESUME_ACTIVITY]
03-14 04:08:46.356 1009 1585 I wm_restart_activity: [0,219141122,144,com.android.gallery3d/.app.GalleryActivity]
03-14 04:08:46.357 1009 1585 I wm_set_resumed_activity: [0,com.android.gallery3d/.app.GalleryActivity,minimalResumeActivityLocked]
03-14 04:08:46.357 1009 1195 I am_proc_start: [0,9852,10074,com.android.launcher3,service,{com.android.launcher3/com.android.quickstep.TouchInteractionService}]
03-14 04:08:46.357 1009 1195 I ActivityManager: Start proc 9852:com.android.launcher3/u0a74 for service {com.android.launcher3/com.android.quickstep.TouchInteractionService}
03-14 04:08:46.358 1009 1183 I am_uid_active: 10064
03-14 04:08:46.361 2132 3896 E AndroidRuntime: FATAL EXCEPTION: ActivityMonitoringService
03-14 04:08:46.361 2132 3896 E AndroidRuntime: Process: com.thundercomm.gamemode, PID: 2132
03-14 04:08:46.361 2132 3896 E AndroidRuntime: java.lang.NullPointerException: Attempt to invoke virtual method 'java.lang.String android.content.ComponentName.getPackageName()' on a null object reference
03-14 04:08:46.361 2132 3896 E AndroidRuntime: at com.thundercomm.gamemode.ingame.services.ActivityMonitoringService.updateTasks(ActivityMonitoringService.java:389)
03-14 04:08:46.361 2132 3896 E AndroidRuntime: at com.thundercomm.gamemode.ingame.services.ActivityMonitoringService.access$900(ActivityMonitoringService.java:54)
03-14 04:08:46.361 2132 3896 E AndroidRuntime: at com.thundercomm.gamemode.ingame.services.ActivityMonitoringService$ActivityMonitorHandler.handleMessage(ActivityMonitoringService.java:519)
03-14 04:08:46.361 2132 3896 E AndroidRuntime: at android.os.Handler.dispatchMessage(Handler.java:106)
03-14 04:08:46.361 2132 3896 E AndroidRuntime: at android.os.Looper.loopOnce(Looper.java:201)
03-14 04:08:46.361 2132 3896 E AndroidRuntime: at android.os.Looper.loop(Looper.java:288)
03-14 04:08:46.361 2132 3896 E AndroidRuntime: at android.os.HandlerThread.run(HandlerThread.java:67)
03-14 04:08:46.361 1009 9712 I am_crash: [2132,0,com.thundercomm.gamemode,550026829,java.lang.NullPointerException,Attempt to invoke virtual method 'java.lang.String android.content.ComponentName.getPackageName()' on a null object reference,ActivityMonitoringService.java,389]
03-14 04:08:46.364 1009 9712 I sysui_multi_action: [757,316,758,4,759,-1]
03-14 04:08:46.365 1009 9860 I DropBoxManagerService: add tag=system_app_crash isTagEnabled=true flags=0x2
01-01 08:18:15.066 0 0 I binder : 9852:9852 ioctl 40046210 7fd9aef714 returned -22
03-14 04:08:46.372 1009 1585 I am_proc_bound: [0,9852,com.android.launcher3]
03-14 04:08:46.373 1009 1585 D CompatibilityChangeReporter: Compat change id reported: 168419799; UID 10074; state: DISABLED
03-14 04:08:46.374 1009 1585 I am_uid_active: 10074
03-14 04:08:46.375 1009 9712 I ActivityManager: Process com.thundercomm.gamemode (pid 2132) has died: pers PER
03-14 04:08:46.375 1009 9712 I am_proc_died: [0,2132,com.thundercomm.gamemode,-800,0]
03-14 04:08:46.376 1009 1724 W WindowManager: updateScale : 0.79357797
03-14 04:08:46.377 1009 9712 W ActivityManager: Scheduling restart of crashed service com.thundercomm.gamemode/.ingame.services.GameModeService in 0ms for persistent
03-14 04:08:46.377 1009 9712 I am_schedule_service_restart: [0,com.thundercomm.gamemode/.ingame.services.GameModeService,0]
03-14 04:08:46.378 1009 9712 W ActivityManager: Scheduling restart of crashed service com.thundercomm.gamemode/.ingame.services.ActivityMonitoringService in 0ms for persistent
03-14 04:08:46.378 1009 9712 I am_schedule_service_restart: [0,com.thundercomm.gamemode/.ingame.services.ActivityMonitoringService,0]
03-14 04:08:46.378 1009 9712 W ActivityManager: Scheduling restart of crashed service com.thundercomm.gamemode/.perf.FgBoostPerfService in 0ms for persistent
03-14 04:08:46.378 1009 9712 I am_schedule_service_restart: [0,com.thundercomm.gamemode/.perf.FgBoostPerfService,0]
03-14 04:08:46.378 1009 9712 W ActivityManager: Re-adding persistent process ProcessRecord{b2f0a94 2132:com.thundercomm.gamemode/1000}
03-14 04:08:46.378 1009 9712 D CompatibilityChangeReporter: Compat change id reported: 135634846; UID 1000; state: DISABLED
03-14 04:08:46.378 1009 9712 D CompatibilityChangeReporter: Compat change id reported: 177438394; UID 1000; state: DISABLED
03-14 04:08:46.378 1009 9712 D CompatibilityChangeReporter: Compat change id reported: 135772972; UID 1000; state: DISABLED
03-14 04:08:46.378 1009 9712 D CompatibilityChangeReporter: Compat change id reported: 135754954; UID 1000; state: ENABLED
03-14 04:08:46.384 1009 1184 W WindowManager: updateScale : 0.79357797
03-14 04:08:46.384 1009 1184 W WindowManager: updateScale : 0.79357797
03-14 04:08:46.387 1009 1195 I am_proc_start: [0,9878,1000,com.thundercomm.gamemode,restart,com.thundercomm.gamemode]
03-14 04:08:46.387 1009 1195 I ActivityManager: Start proc 9878:com.thundercomm.gamemode/1000 for restart com.thundercomm.gamemode
03-14 04:08:46.383 5866 5866 I auditd : type=1400 audit(0.0:4052): avc: denied { open } for comm="HCDN_DownloadEn" path="/proc/stat" dev="proc" ino=4026532236 scontext=u:r:untrusted_app:s0:c102,c256,c512,c768 tcontext=u:object_r:proc_stat:s0 tclass=file permissive=1 app=com.qiyi.video
03-14 04:08:46.383 5866 5866 I auditd : type=1400 audit(0.0:4053): avc: denied { getattr } for comm="HCDN_DownloadEn" path="/proc/stat" dev="proc" ino=4026532236 scontext=u:r:untrusted_app:s0:c102,c256,c512,c768 tcontext=u:object_r:proc_stat:s0 tclass=file permissive=1 app=com.qiyi.video
01-01 08:18:15.101 0 0 I binder : 9878:9878 ioctl 40046210 7fd9aef714 returned -22
03-14 04:08:46.401 1009 9712 I am_proc_bound: [0,9878,com.thundercomm.gamemode]
03-14 04:08:46.403 9834 9834 I wm_on_create_called: [219141122,com.android.gallery3d.app.GalleryActivity,performCreate]
03-14 04:08:46.404 9834 9834 I wm_on_start_called: [219141122,com.android.gallery3d.app.GalleryActivity,handleStartActivity]
03-14 04:08:46.411 9834 9834 I wm_on_resume_called: [219141122,com.android.gallery3d.app.GalleryActivity,RESUME_ACTIVITY]
03-14 04:08:46.414 1009 7626 D CompatibilityChangeReporter: Compat change id reported: 149924527; UID 10064; state: ENABLED
03-14 04:08:46.415 1009 7626 D CompatibilityChangeReporter: Compat change id reported: 132649864; UID 10064; state: DISABLED
03-14 04:08:46.415 1009 9647 D CompatibilityChangeReporter: Compat change id reported: 182734110; UID 10064; state: DISABLED
03-14 04:08:46.415 9834 9834 I wm_on_top_resumed_gained_called: [219141122,com.android.gallery3d.app.GalleryActivity,topStateChangedWhenResumed]
03-14 04:08:46.428 1009 7626 W WindowManager: updateScale : 0.45565748
03-14 04:08:46.428 1009 7626 W WindowManager: updateScale : 0.79357797
03-14 04:08:46.429 1009 2178 I ActivityTaskManager: START u0 {act=android.intent.action.MAIN cat=[android.intent.category.HOME] flg=0x10010000 pkg=com.android.launcher3 cmp=com.android.launcher3/.uioverrides.QuickstepLauncher} from uid 10074
03-14 04:08:46.431 1009 2178 D CompatibilityChangeReporter: Compat change id reported: 184838306; UID 10074; state: DISABLED
03-14 04:08:46.431 1009 2178 D CompatibilityChangeReporter: Compat change id reported: 185004937; UID 10074; state: DISABLED
03-14 04:08:46.431 1009 2178 D CompatibilityChangeReporter: Compat change id reported: 181136395; UID 10074; state: DISABLED
03-14 04:08:46.431 1009 2178 D CompatibilityChangeReporter: Compat change id reported: 174042936; UID 10074; state: DISABLED
03-14 04:08:46.431 1009 2178 D CompatibilityChangeReporter: Compat change id reported: 174042980; UID 10074; state: DISABLED
03-14 04:08:46.433 1009 2178 I wm_task_created: [149,-1]
03-14 04:08:46.434 1009 2178 I wm_task_moved: [149,0,-2147483648]
03-14 04:08:46.434 1009 2178 I wm_create_task: [0,149]
03-14 04:08:46.435 1009 2178 I wm_create_activity: [0,94520459,149,com.android.launcher3/.uioverrides.QuickstepLauncher,android.intent.action.MAIN,NULL,NULL,268500992]
03-14 04:08:46.435 1009 2178 I ActivityTaskManager: Add Task{df465eb #127 type=home I=com.android.launcher3/.uioverrides.QuickstepLauncher U=0 rootTaskId=1 visible=true mode=fullscreen translucent=true sz=1} to hidden list because adding Task{57bb968 #149 type=home I=com.android.launcher3/.uioverrides.QuickstepLauncher U=0 rootTaskId=1 visible=true mode=fullscreen translucent=true sz=1}
03-14 04:08:46.435 1009 2178 W WindowManager: updateScale : 0.45565748
03-14 04:08:46.435 1009 2178 W WindowManager: updateScale : 0.79357797
03-14 04:08:46.436 1009 2178 W RecentsAnimation: Cannot start Intent { act=android.intent.action.MAIN cat=[android.intent.category.HOME] flg=0x10010000 pkg=com.android.launcher3 cmp=com.android.launcher3/.uioverrides.QuickstepLauncher }
