01-01 08:20:03.389 0 0 I [schedu][0x5612bc976][04:10:34.688550] wlan: [3591:I:WMA] [04:10:34.665000] [ROAM_RESULT]: VDEV[0] FAILED Reason: NO AP FOUND
01-01 08:20:03.603 0 0 E DTC_ETH,link_delay_work_func: 3003, SQI=0, link=0
01-01 08:20:04.286 0 0 E [wifi@1][0x562325ba8][04:10:35.584793] wlan: [868:E:QDF] cds_flush_logs: 2424: Bug report already in progress - dropping! type:0, indicator=1 reason_code=0
01-01 08:20:04.301 0 0 E [wifi@1][0x56236eba4][04:10:35.600366] wlan: [868:E:HDD] __wlan_hdd_cfg80211_wifi_logger_get_ring_data: 9840: Failed to trigger bug report
01-01 08:20:04.334 0 0 I logd : logdr: UID=1000 GID=1000 PID=10294 n tail=127 logMask=19 pid=0 start=0ns deadline=0ns
01-01 08:20:04.458 0 0 I logd : logdr: UID=1000 GID=1000 PID=10302 n tail=127 logMask=80 pid=0 start=0ns deadline=0ns
01-01 08:20:04.790 0 0 I msm_vidc: err : ffffffff: .....: DBLP Set: status 0
01-01 08:20:05.165 0 0 I [soft_i][0x563340b44][04:10:36.464361] wlan: [0:I:QDF] ARP-RQ TX: SA:ba:fd:a2:24:92:1b DA:d6:44:3b:15:39:91 msdu_id:242 status: nack
01-01 08:20:06.077 0 0 I logd : logdr: UID=1000 GID=1000 PID=10304 n tail=127 logMask=19 pid=0 start=0ns deadline=0ns
01-01 08:20:06.189 0 0 I logd : logdr: UID=1000 GID=1000 PID=10306 n tail=127 logMask=80 pid=0 start=0ns deadline=0ns
01-01 08:20:07.765 0 0 I msm_vidc: err : ffffffff: .....: DBLP Set: status 0
03-14 04:10:39.070 1009 1587 I input_interaction: Interaction with: 8dbe64 com.android.documentsui/com.android.documentsui.files.FilesActivity (server), edge-swipe (server), swipe-up (server), PointerEventDispatcher0 (server),
03-14 04:10:39.283 10009 10009 I view_enqueue_input_event: [Motion - Cancel,com.android.documentsui/com.android.documentsui.files.FilesActivity]
03-14 04:10:39.286 1009 1587 I input_interaction: Interaction with: WindowManager (server), edge-swipe (server), swipe-up (server), PointerEventDispatcher0 (server),
03-14 04:10:39.298 1009 1184 D FreeFormWindowHelper: refreshTipWindow mTipWindowTitle : freeform_top_left_tip_window
03-14 04:10:39.299 1009 1184 I ActivityTaskManager: clear resize flag in freeform mode
03-14 04:10:39.300 1009 1184 W WindowManager: updateScale : 0.79357797
03-14 04:10:39.315 1009 1184 D FreeFormWindowHelper: refreshTipWindow mTipWindowTitle : freeform_top_left_tip_window
03-14 04:10:39.315 1009 1184 I ActivityTaskManager: clear resize flag in freeform mode
03-14 04:10:39.316 1009 1184 W WindowManager: updateScale : 0.79357797
03-14 04:10:39.331 1009 9310 W WindowManager: updateScale : 0.79357797
03-14 04:10:39.333 1009 1184 D FreeFormWindowHelper: refreshTipWindow mTipWindowTitle : freeform_top_left_tip_window
03-14 04:10:39.334 1009 1184 I ActivityTaskManager: clear resize flag in freeform mode
03-14 04:10:39.334 1009 1184 W WindowManager: updateScale : 0.79357797
03-14 04:10:39.347 1009 9310 W WindowManager: updateScale : 0.79357797
03-14 04:10:39.348 1009 1184 D FreeFormWindowHelper: refreshTipWindow mTipWindowTitle : freeform_top_left_tip_window
03-14 04:10:39.349 1009 1184 I ActivityTaskManager: clear resize flag in freeform mode
03-14 04:10:39.349 1009 1184 W WindowManager: updateScale : 0.79357797
03-14 04:10:39.360 1009 9310 W WindowManager: updateScale : 0.79357797
03-14 04:10:39.377 1009 9310 W WindowManager: updateScale : 0.79357797
03-14 04:10:39.381 1009 1184 D FreeFormWindowHelper: refreshTipWindow mTipWindowTitle : freeform_top_left_tip_window
03-14 04:10:39.381 1009 1184 I ActivityTaskManager: clear resize flag in freeform mode
03-14 04:10:39.382 1009 1184 W WindowManager: updateScale : 0.79357797
03-14 04:10:39.398 1009 1184 D FreeFormWindowHelper: refreshTipWindow mTipWindowTitle : freeform_top_left_tip_window
03-14 04:10:39.398 1009 1184 I ActivityTaskManager: clear resize flag in freeform mode
03-14 04:10:39.398 1009 1184 W WindowManager: updateScale : 0.79357797
03-14 04:10:39.410 1009 3052 W WindowManager: updateScale : 0.79357797
03-14 04:10:39.414 1009 1184 D FreeFormWindowHelper: refreshTipWindow mTipWindowTitle : null
03-14 04:10:39.415 1009 1184 I ActivityTaskManager: clear resize flag in freeform mode
03-14 04:10:39.415 1009 1184 W WindowManager: updateScale : 0.79357797
03-14 04:10:39.427 1009 3052 W WindowManager: updateScale : 0.79357797
03-14 04:10:39.431 1009 1184 D FreeFormWindowHelper: refreshTipWindow mTipWindowTitle : null
03-14 04:10:39.432 1009 1184 I ActivityTaskManager: clear resize flag in freeform mode
03-14 04:10:39.432 1009 1184 W WindowManager: updateScale : 0.79357797
03-14 04:10:39.446 1009 3052 W WindowManager: updateScale : 0.79357797
03-14 04:10:39.448 1009 1184 D FreeFormWindowHelper: refreshTipWindow mTipWindowTitle : null
03-14 04:10:39.448 1009 1184 I ActivityTaskManager: clear resize flag in freeform mode
03-14 04:10:39.449 1009 1184 W WindowManager: updateScale : 0.79357797
03-14 04:10:39.464 1009 3052 W WindowManager: updateScale : 0.79357797
03-14 04:10:39.465 1009 1184 D FreeFormWindowHelper: refreshTipWindow mTipWindowTitle : null
03-14 04:10:39.466 1009 1184 I ActivityTaskManager: clear resize flag in freeform mode
03-14 04:10:39.466 1009 1184 W WindowManager: updateScale : 0.79357797
03-14 04:10:39.479 1009 3052 W WindowManager: updateScale : 0.79357797
03-14 04:10:39.481 1009 1184 D FreeFormWindowHelper: refreshTipWindow mTipWindowTitle : null
03-14 04:10:39.482 1009 1184 I ActivityTaskManager: clear resize flag in freeform mode
03-14 04:10:39.482 1009 1184 W WindowManager: updateScale : 0.79357797
03-14 04:10:39.494 1009 3052 W WindowManager: updateScale : 0.79357797
03-14 04:10:39.498 1009 1184 D FreeFormWindowHelper: refreshTipWindow mTipWindowTitle : null
03-14 04:10:39.498 1009 1184 I ActivityTaskManager: clear resize flag in freeform mode
03-14 04:10:39.499 1009 1184 W WindowManager: updateScale : 0.79357797
03-14 04:10:39.510 1009 3052 W WindowManager: updateScale : 0.79357797
03-14 04:10:39.515 1009 1184 D FreeFormWindowHelper: refreshTipWindow mTipWindowTitle : null
03-14 04:10:39.515 1009 1184 I ActivityTaskManager: clear resize flag in freeform mode
03-14 04:10:39.515 1009 1184 W WindowManager: updateScale : 0.79357797
03-14 04:10:39.527 1009 3052 W WindowManager: updateScale : 0.79357797
03-14 04:10:39.531 1009 1184 D FreeFormWindowHelper: refreshTipWindow mTipWindowTitle : null
03-14 04:10:39.532 1009 1184 I ActivityTaskManager: clear resize flag in freeform mode
03-14 04:10:39.532 1009 1184 W WindowManager: updateScale : 0.79357797
03-14 04:10:39.544 1009 3052 W WindowManager: updateScale : 0.79357797
03-14 04:10:39.548 1009 1184 D FreeFormWindowHelper: refreshTipWindow mTipWindowTitle : null
03-14 04:10:39.549 1009 1184 I ActivityTaskManager: clear resize flag in freeform mode
03-14 04:10:39.549 1009 1184 W WindowManager: updateScale : 0.79357797
03-14 04:10:39.561 1009 3052 W WindowManager: updateScale : 0.79357797
03-14 04:10:39.577 1009 3052 W WindowManager: updateScale : 0.79357797
03-14 04:10:39.590 1009 1184 D WindowManager: updateWindowDragBounds: mIsSwipeYfalse
03-14 04:10:39.590 1009 1184 D WindowManager: updateWindowDragBounds: mIsTopfalse
03-14 04:10:39.616 1009 1185 I ActivityTaskManager: clear resize flag in freeform mode
03-14 04:10:39.617 1009 1185 W WindowManager: updateScale : 0.45565748
03-14 04:10:39.631 1009 3052 W WindowManager: updateScale : 0.45565748
03-14 04:10:39.633 1009 1185 I ActivityTaskManager: clear resize flag in freeform mode
03-14 04:10:39.634 1009 1185 W WindowManager: updateScale : 0.45565748
03-14 04:10:39.650 1009 1185 I ActivityTaskManager: clear resize flag in freeform mode
03-14 04:10:39.650 1009 1185 W WindowManager: updateScale : 0.45565748
03-14 04:10:39.651 1009 3052 W WindowManager: updateScale : 0.45565748
03-14 04:10:39.666 1009 1185 I ActivityTaskManager: clear resize flag in freeform mode
03-14 04:10:39.666 1009 1185 W WindowManager: updateScale : 0.45565748
03-14 04:10:39.671 1009 3052 W WindowManager: updateScale : 0.45565748
03-14 04:10:39.683 1009 1185 I ActivityTaskManager: clear resize flag in freeform mode
03-14 04:10:39.683 1009 1185 W WindowManager: updateScale : 0.45565748
03-14 04:10:39.687 1009 3052 W WindowManager: updateScale : 0.45565748
03-14 04:10:39.700 1009 1185 I ActivityTaskManager: clear resize flag in freeform mode
03-14 04:10:39.700 1009 1185 W WindowManager: updateScale : 0.45565748
03-14 04:10:39.708 1009 3052 W WindowManager: updateScale : 0.45565748
03-14 04:10:39.716 1009 1185 I ActivityTaskManager: clear resize flag in freeform mode
03-14 04:10:39.716 1009 1185 W WindowManager: updateScale : 0.45565748
03-14 04:10:39.723 1009 3052 W WindowManager: updateScale : 0.45565748
03-14 04:10:39.733 1009 1185 I ActivityTaskManager: clear resize flag in freeform mode
03-14 04:10:39.733 1009 1185 W WindowManager: updateScale : 0.45565748
03-14 04:10:39.736 1009 3052 W WindowManager: updateScale : 0.45565748
03-14 04:10:39.749 1009 1185 I ActivityTaskManager: clear resize flag in freeform mode
03-14 04:10:39.750 1009 1185 W WindowManager: updateScale : 0.45565748
03-14 04:10:39.751 1009 3052 W WindowManager: updateScale : 0.45565748
03-14 04:10:39.762 1009 3052 W WindowManager: updateScale : 0.45565748
03-14 04:10:39.766 1009 1185 I ActivityTaskManager: clear resize flag in freeform mode
03-14 04:10:39.766 1009 1185 W WindowManager: updateScale : 0.45565748
03-14 04:10:39.783 1009 1185 I ActivityTaskManager: clear resize flag in freeform mode
03-14 04:10:39.783 1009 1185 W WindowManager: updateScale : 0.45565748
03-14 04:10:39.794 1009 3052 W WindowManager: updateScale : 0.45565748
03-14 04:10:39.799 1009 1185 I ActivityTaskManager: clear resize flag in freeform mode
03-14 04:10:39.800 1009 1185 W WindowManager: updateScale : 0.45565748
03-14 04:10:39.812 1009 3052 W WindowManager: updateScale : 0.45565748
03-14 04:10:39.817 1009 1185 I ActivityTaskManager: clear resize flag in freeform mode
03-14 04:10:39.817 1009 1185 W WindowManager: updateScale : 0.45565748
03-14 04:10:39.828 1009 3052 W WindowManager: updateScale : 0.45565748
03-14 04:10:39.833 1009 1185 I ActivityTaskManager: clear resize flag in freeform mode
03-14 04:10:39.833 1009 1185 W WindowManager: updateScale : 0.45565748
03-14 04:10:39.845 1009 9310 W WindowManager: updateScale : 0.45565748
03-14 04:10:39.850 1009 1185 I ActivityTaskManager: clear resize flag in freeform mode
03-14 04:10:39.850 1009 1185 W WindowManager: updateScale : 0.45565748
03-14 04:10:39.861 1009 9310 W WindowManager: updateScale : 0.45565748
03-14 04:10:39.867 1009 1185 I ActivityTaskManager: clear resize flag in freeform mode
03-14 04:10:39.867 1009 1185 W WindowManager: updateScale : 0.45565748
03-14 04:10:39.878 1009 9310 W WindowManager: updateScale : 0.45565748
03-14 04:10:39.895 1009 9310 W WindowManager: updateScale : 0.45565748
03-14 04:10:39.900 1009 1185 I ActivityTaskManager: clear resize flag in freeform mode
03-14 04:10:39.900 1009 1185 W WindowManager: updateScale : 0.45565748
03-14 04:10:39.929 1009 9310 W WindowManager: updateScale : 0.45565748
01-01 08:20:08.723 0 0 E DTC_ETH,link_delay_work_func: 3003, SQI=0, link=0
03-14 04:10:41.442 1009 1587 I input_interaction: Interaction with: 8dbe64 com.android.documentsui/com.android.documentsui.files.FilesActivity (server), edge-swipe (server), swipe-up (server), PointerEventDispatcher0 (server),
03-14 04:10:41.922 1009 9310 D FreeFormWindowHelper: Remove freefrom task=Task{c9a902f #143 type=standard A=10023:com.android.documentsui U=0 visible=true mode=fullscreen translucent=false sz=1}
03-14 04:10:41.944 1009 9310 I wm_relaunch_resume_activity: [0,152561212,143,com.android.documentsui/.files.FilesActivity]
03-14 04:10:41.945 1009 9310 I wm_add_to_stopping: [0,94520459,com.android.launcher3/.uioverrides.QuickstepLauncher,makeInvisible]
03-14 04:10:41.953 10009 10009 I wm_on_top_resumed_lost_called: [152561212,com.android.documentsui.files.FilesActivity,pausing]
03-14 04:10:41.955 10009 10009 I wm_on_paused_called: [152561212,com.android.documentsui.files.FilesActivity,performPause]
03-14 04:10:41.957 10009 10009 I wm_on_stop_called: [152561212,com.android.documentsui.files.FilesActivity,handleRelaunchActivity]
03-14 04:10:41.964 10009 10009 I wm_on_destroy_called: [152561212,com.android.documentsui.files.FilesActivity,performDestroy]
03-14 04:10:41.965 1009 9310 W WindowManager: Attempted to set replacing window on app token with no content Token{51f4910 ActivityRecord{917e63c u0 com.android.documentsui/.files.FilesActivity t143}}
03-14 04:10:41.973 1009 3052 I am_uid_active: 10063
03-14 04:10:41.981 1009 1188 I am_pss : [10009,10023,com.android.documentsui,60064768,54042624,0,183218176,0,2,10]
03-14 04:10:42.033 10009 10009 I wm_on_create_called: [152561212,com.android.documentsui.files.FilesActivity,performCreate]
03-14 04:10:42.040 10009 10009 I wm_on_start_called: [152561212,com.android.documentsui.files.FilesActivity,handleStartActivity]
03-14 04:10:42.040 10009 10009 I wm_on_resume_called: [152561212,com.android.documentsui.files.FilesActivity,RESUME_ACTIVITY]
03-14 04:10:42.041 10009 10009 I wm_on_top_resumed_gained_called: [152561212,com.android.documentsui.files.FilesActivity,topWhenResuming]
03-14 04:10:42.110 1009 2180 I WindowManager: finishDrawing of relaunch: Window{8dbe64 u0 com.android.documentsui/com.android.documentsui.files.FilesActivity} 165ms
03-14 04:10:42.456 1009 1183 I wm_stop_activity: [0,94520459,com.android.launcher3/.uioverrides.QuickstepLauncher]
03-14 04:10:42.485 9852 9852 I wm_on_paused_called: [94520459,com.android.launcher3.uioverrides.QuickstepLauncher,performPause]
03-14 04:10:42.490 9852 9852 I wm_on_stop_called: [94520459,com.android.launcher3.uioverrides.QuickstepLauncher,STOP_ACTIVITY_ITEM]
01-01 08:20:11.353 0 0 I logd : logdr: UID=1000 GID=1000 PID=10329 n tail=127 logMask=19 pid=0 start=0ns deadline=0ns
01-01 08:20:11.470 0 0 I logd : logdr: UID=1000 GID=1000 PID=10331 n tail=127 logMask=80 pid=0 start=0ns deadline=0ns
03-14 04:10:43.078 1009 8883 I wm_task_moved: [1,0,0]
03-14 04:10:43.078 1009 2192 W FreeFormWindowHelper: Current Display FreeFormTask is null
03-14 04:10:43.078 1009 8883 I wm_task_moved: [1,0,5]
03-14 04:10:43.083 1009 2192 W FreeFormWindowHelper: Current Display FreeFormTask is null
03-14 04:10:43.095 9852 9852 I wm_on_restart_called: [94520459,com.android.launcher3.uioverrides.QuickstepLauncher,performRestartActivity]
03-14 04:10:43.096 1009 2192 W FreeFormWindowHelper: Current Display FreeFormTask is null
03-14 04:10:43.096 1009 2192 W FreeFormWindowHelper: Current Display FreeFormTask is null
03-14 04:10:43.126 9852 9852 I wm_on_start_called: [94520459,com.android.launcher3.uioverrides.QuickstepLauncher,handleStartActivity]
03-14 04:10:43.127 10009 10009 I view_enqueue_input_event: [Motion - Cancel,com.android.documentsui/com.android.documentsui.files.FilesActivity]
03-14 04:10:43.129 1009 1180 D AutofillManagerService: Close system dialogs
03-14 04:10:43.132 1009 2192 W FreeFormWindowHelper: Current Display FreeFormTask is null
03-14 04:10:43.132 1009 2192 W FreeFormWindowHelper: Current Display FreeFormTask is null
03-14 04:10:43.133 9852 9852 I sysui_latency: [1,75]
03-14 04:10:43.135 1009 2192 W ActivityTaskManager: getTaskSnapshot: taskId=-652 not found
03-14 04:10:43.136 1009 2192 W ActivityTaskManager: getTaskSnapshot: taskId=-651 not found
03-14 04:10:43.138 1009 1587 I input_interaction: Interaction with: edge-swipe (server), swipe-up (server), PointerEventDispatcher0 (server),
03-14 04:10:43.143 1009 9751 W FreeFormWindowHelper: Current Display FreeFormTask is null
03-14 04:10:43.145 1009 9751 W FreeFormWindowHelper: Current Display FreeFormTask is null
03-14 04:10:43.145 1009 1184 I input_focus: [Focus request recents_animation_input_consumer,reason=UpdateInputWindows]
03-14 04:10:43.147 1009 9751 W FreeFormWindowHelper: Current Display FreeFormTask is null
03-14 04:10:43.147 1009 9751 W FreeFormWindowHelper: Current Display FreeFormTask is null
03-14 04:10:43.149 1009 1180 I sysui_multi_action: [319,10,322,65,325,1209,757,761,758,9,759,5,806,com.android.launcher3,871,com.android.launcher3.uioverrides.QuickstepLauncher,904,com.android.launcher3,905,0,1320,4,1321,1]
03-14 04:10:43.172 1009 7626 W FreeFormWindowHelper: Current Display FreeFormTask is null
03-14 04:10:43.172 1009 7626 W FreeFormWindowHelper: Current Display FreeFormTask is null
03-14 04:10:43.173 1009 1587 I input_focus: [Focus leaving 8dbe64 com.android.documentsui/com.android.documentsui.files.FilesActivity (server),reason=NOT_FOCUSABLE]
03-14 04:10:43.173 1009 1587 I input_focus: [Focus entering recents_animation_input_consumer (server),reason=setFocusedWindow]
03-14 04:10:43.189 1009 7626 W FreeFormWindowHelper: Current Display FreeFormTask is null
03-14 04:10:43.189 1009 9751 W FreeFormWindowHelper: Current Display FreeFormTask is null
03-14 04:10:43.206 1009 9751 W FreeFormWindowHelper: Current Display FreeFormTask is null
03-14 04:10:43.206 1009 9751 W FreeFormWindowHelper: Current Display FreeFormTask is null
03-14 04:10:43.211 1009 2192 W ActivityTaskManager: getTaskSnapshot: taskId=-591 not found
03-14 04:10:43.212 1009 2192 W ActivityTaskManager: getTaskSnapshot: taskId=-590 not found
03-14 04:10:43.223 1009 2192 W FreeFormWindowHelper: Current Display FreeFormTask is null
03-14 04:10:43.223 1009 2192 W FreeFormWindowHelper: Current Display FreeFormTask is null
03-14 04:10:43.227 6881 6881 I auditd : type=1400 audit(0.0:4076): avc: denied { open } for comm="HCDN_DownloadEn" path="/proc/stat" dev="proc" ino=4026532236 scontext=u:r:untrusted_app:s0:c102,c256,c512,c768 tcontext=u:object_r:proc_stat:s0 tclass=file permissive=1 app=com.qiyi.video
03-14 04:10:43.227 6881 6881 I auditd : type=1400 audit(0.0:4077): avc: denied { getattr } for comm="HCDN_DownloadEn" path="/proc/stat" dev="proc" ino=4026532236 scontext=u:r:untrusted_app:s0:c102,c256,c512,c768 tcontext=u:object_r:proc_stat:s0 tclass=file permissive=1 app=com.qiyi.video
03-14 04:10:43.240 1009 7626 W FreeFormWindowHelper: Current Display FreeFormTask is null
03-14 04:10:43.240 1009 7626 W FreeFormWindowHelper: Current Display FreeFormTask is null
03-14 04:10:43.332 1009 1488 I commit_sys_config_file: [settings-1-0,5]
03-14 04:10:43.446 1009 1188 I sysui_latency: [8,78]
03-14 04:10:43.491 1009 2192 W FreeFormWindowHelper: Current Display FreeFormTask is null
03-14 04:10:43.492 1009 7626 W FreeFormWindowHelper: Current Display FreeFormTask is null
03-14 04:10:43.493 1009 2192 W FreeFormWindowHelper: Current Display FreeFormTask is null
03-14 04:10:43.796 1009 9751 I wm_task_moved: [1,1,6]
03-14 04:10:43.799 1009 9751 I wm_focused_root_task: [0,0,1,143,RecentsAnimation.onAnimationFinished()]
03-14 04:10:43.799 10009 10009 I wm_on_top_resumed_lost_called: [152561212,com.android.documentsui.files.FilesActivity,topStateChangedWhenResumed]
03-14 04:10:43.803 1009 9751 I wm_pause_activity: [0,152561212,com.android.documentsui/.files.FilesActivity,userLeaving=false,pauseBackTasks]
03-14 04:10:43.804 1009 9751 I ActivityTaskManager: FOREGROUND_APPLICATION_CHANGED to com.android.launcher3.uioverrides.QuickstepLauncher
03-14 04:10:43.805 1009 9751 I wm_set_resumed_activity: [0,com.android.launcher3/.uioverrides.QuickstepLauncher,resumeTopActivityInnerLocked]
03-14 04:10:43.807 1009 9751 I wm_resume_activity: [0,94520459,149,com.android.launcher3/.uioverrides.QuickstepLauncher]
03-14 04:10:43.808 1009 9751 I wm_add_to_stopping: [0,152561212,com.android.documentsui/.files.FilesActivity,makeInvisible]
03-14 04:10:43.810 9852 9852 I wm_on_resume_called: [94520459,com.android.launcher3.uioverrides.QuickstepLauncher,RESUME_ACTIVITY]
03-14 04:10:43.817 1009 1184 I input_focus: [Focus request a99babe com.android.launcher3/com.android.launcher3.uioverrides.QuickstepLauncher,reason=UpdateInputWindows]
03-14 04:10:43.819 10009 10009 I wm_on_paused_called: [152561212,com.android.documentsui.files.FilesActivity,performPause]
03-14 04:10:43.822 1009 9647 W FreeFormWindowHelper: Current Display FreeFormTask is null
03-14 04:10:43.823 1009 9647 W FreeFormWindowHelper: Current Display FreeFormTask is null
03-14 04:10:43.823 1009 1183 I sysui_multi_action: [757,803,799,window_time_2,802,56]
03-14 04:10:43.824 1009 9647 W FreeFormWindowHelper: Current Display FreeFormTask is null
03-14 04:10:43.825 1009 1587 I input_focus: [Focus leaving recents_animation_input_consumer (server),reason=NOT_VISIBLE]
03-14 04:10:43.827 1009 1183 I wm_stop_activity: [0,152561212,com.android.documentsui/.files.FilesActivity]
03-14 04:10:43.827 1009 1183 I sysui_multi_action: [757,803,799,window_time_0,802,0]
03-14 04:10:43.841 1009 1587 I input_focus: [Focus entering a99babe com.android.launcher3/com.android.launcher3.uioverrides.QuickstepLauncher (server),reason=setFocusedWindow]
03-14 04:10:43.844 10009 10009 I wm_on_stop_called: [152561212,com.android.documentsui.files.FilesActivity,STOP_ACTIVITY_ITEM]
03-14 04:10:43.850 9852 9852 I wm_on_top_resumed_gained_called: [94520459,com.android.launcher3.uioverrides.QuickstepLauncher,topStateChangedWhenResumed]
03-14 04:10:43.852 1009 8883 W FreeFormWindowHelper: Current Display FreeFormTask is null
03-14 04:10:43.852 1009 8883 W FreeFormWindowHelper: Current Display FreeFormTask is null
03-14 04:10:43.922 1009 8883 W FreeFormWindowHelper: Current Display FreeFormTask is null
03-14 04:10:44.046 1009 1488 I commit_sys_config_file: [settings-1-0,4]
03-14 04:10:45.082 1009 1587 I input_interaction: Interaction with: a99babe com.android.launcher3/com.android.launcher3.uioverrides.QuickstepLauncher (server), 8c59581 com.android.systemui.ImageWallpaper (server), edge-swipe (server), swipe-up (server), PointerEventDispatcher0 (server),
01-01 08:20:13.843 0 0 E DTC_ETH,link_delay_work_func: 3003, SQI=0, link=0
03-14 04:10:45.225 1009 3052 D FreeFormWindowHelper: Add freeform task=Task{c9a902f #143 type=standard A=10023:com.android.documentsui U=0 visible=false mode=freeform translucent=true sz=1}
03-14 04:10:45.227 1009 3052 I ActivityTaskManager: clear resize flag in freeform mode
03-14 04:10:45.230 1009 3052 I wm_task_moved: [1,1,6]
03-14 04:10:45.230 1009 3052 I wm_set_resumed_activity: [0,com.android.launcher3/.uioverrides.QuickstepLauncher,positionChildAt]
03-14 04:10:45.232 1009 3052 I wm_task_moved: [143,1,6]
03-14 04:10:45.232 1009 3052 I wm_focused_root_task: [0,0,143,1,moveTaskToFront findTaskToMoveToFront]
03-14 04:10:45.233 1009 3052 I wm_set_resumed_activity: [0,com.android.documentsui/.files.FilesActivity,moveTaskToFront findTaskToMoveToFront]
03-14 04:10:45.234 1009 3052 I ActivityTaskManager: FOREGROUND_APPLICATION_CHANGED to com.android.documentsui.files.FilesActivity
03-14 04:10:45.234 1009 3052 I wm_set_resumed_activity: [0,com.android.documentsui/.files.FilesActivity,resumeTopActivityInnerLocked]
03-14 04:10:45.236 1009 3052 I ActivityTaskManager: clear resize flag in freeform mode
03-14 04:10:45.236 1009 3052 I wm_resume_activity: [0,152561212,143,com.android.documentsui/.files.FilesActivity]
03-14 04:10:45.244 1009 8883 W WindowManager: updateScale : 0.79357797
03-14 04:10:45.250 9852 9852 I wm_on_top_resumed_lost_called: [94520459,com.android.launcher3.uioverrides.QuickstepLauncher,topStateChangedWhenResumed]
03-14 04:10:45.252 10009 10009 I wm_on_restart_called: [152561212,com.android.documentsui.files.FilesActivity,performRestartActivity]
03-14 04:10:45.257 10009 10009 I wm_on_start_called: [152561212,com.android.documentsui.files.FilesActivity,handleStartActivity]
03-14 04:10:45.263 1009 3052 W FreeFormWindowHelper: exitRecentTasks type=1
03-14 04:10:45.270 10009 10009 I wm_on_resume_called: [152561212,com.android.documentsui.files.FilesActivity,RESUME_ACTIVITY]
03-14 04:10:45.279 1009 9647 W WindowManager: updateScale : 0.79357797
03-14 04:10:45.280 1009 9647 W WindowManager: updateScale : 0.79357797
03-14 04:10:45.283 1009 1184 I input_focus: [Focus request 8dbe64 com.android.documentsui/com.android.documentsui.files.FilesActivity,reason=UpdateInputWindows]
03-14 04:10:45.294 1009 1184 W WindowManager: updateScale : 0.79357797
03-14 04:10:45.301 10009 10009 I wm_on_top_resumed_gained_called: [152561212,com.android.documentsui.files.FilesActivity,topStateChangedWhenResumed]
03-14 04:10:45.307 1009 9647 W WindowManager: updateScale : 0.79357797
03-14 04:10:45.312 1009 1587 I input_focus: [Focus leaving a99babe com.android.launcher3/com.android.launcher3.uioverrides.QuickstepLauncher (server),reason=Waiting for window because NOT_VISIBLE]
03-14 04:10:45.327 1009 1184 W WindowManager: updateScale : 0.79357797
03-14 04:10:45.328 1009 1184 W WindowManager: updateScale : 0.79357797
03-14 04:10:45.330 1009 3052 W WindowManager: updateScale : 0.79357797
03-14 04:10:45.332 1009 1180 I sysui_multi_action: [319,97,322,97,325,1211,757,761,758,9,759,2,806,com.android.documentsui,871,com.android.documentsui.files.FilesActivity,904,com.android.documentsui,905,0,1320,4,1321,1]
03-14 04:10:45.345 1009 1587 I input_focus: [Focus entering 8dbe64 com.android.documentsui/com.android.documentsui.files.FilesActivity (server),reason=Window became focusable. Previous reason: NOT_VISIBLE]
03-14 04:10:45.363 1009 8883 W WindowManager: updateScale : 0.79357797
03-14 04:10:45.377 1009 3052 W WindowManager: updateScale : 0.79357797
03-14 04:10:46.154 1009 1194 I am_uid_idle: 10064
01-01 08:20:15.262 0 0 I logd : logdr: UID=1000 GID=1000 PID=10379 n tail=127 logMask=19 pid=0 start=0ns deadline=0ns
01-01 08:20:15.374 0 0 I logd : logdr: UID=1000 GID=1000 PID=10381 n tail=127 logMask=80 pid=0 start=0ns deadline=0ns
03-14 04:10:46.967 0 0 I auditd : type=1400 audit(0.0:4078): avc: denied { kill } for comm="swapper/1" capability=5 scontext=u:r:kernel:s0 tcontext=u:r:kernel:s0 tclass=capability permissive=1
03-14 04:10:48.241 1009 2881 E TaskPersister: File error accessing recents directory (directory doesn't exist?).
03-14 04:10:48.663 1009 9751 I thunderperf: PlatormCompat.setOverrides: Uid1=10074 Pid1=9852 Uid2=10074 Pid2=9852
03-14 04:10:48.663 1009 9751 I thunderperf: PlatormCompat.setOverrides: needCheck:false
03-14 04:10:48.664 1009 9751 I thunderperf: CompatConfig.addOverrideUnsafe: bef-state=0
03-14 04:10:48.664 1009 9751 I thunderperf: CompatConfig.addOverrideUnsafe: aft-state=0
03-14 04:10:48.664 1009 9751 I thunderperf: CompatConfig.addOverrideUnsafe: bef-state=0
03-14 04:10:48.664 1009 9751 I thunderperf: CompatConfig.addOverrideUnsafe: aft-state=0
03-14 04:10:48.665 1009 9751 I thunderperf: CompatConfig.addOverrideUnsafe: bef-state=0
03-14 04:10:48.665 1009 9751 I thunderperf: CompatConfig.addOverrideUnsafe: aft-state=0
03-14 04:10:48.666 1009 9751 I thunderperf: CompatConfig.addOverrideUnsafe: bef-state=0
03-14 04:10:48.666 1009 9751 I thunderperf: CompatConfig.addOverrideUnsafe: aft-state=0
03-14 04:10:48.666 1009 9751 I thunderperf: CompatConfig.addOverrideUnsafe: bef-state=0
03-14 04:10:48.666 1009 9751 I thunderperf: CompatConfig.addOverrideUnsafe: aft-state=0
03-14 04:10:48.666 1009 9751 I thunderperf: CompatConfig.addOverrideUnsafe: bef-state=0
03-14 04:10:48.666 1009 9751 I thunderperf: CompatConfig.addOverrideUnsafe: aft-state=0
03-14 04:10:48.667 1009 9751 I thunderperf: CompatConfig.addOverrideUnsafe: bef-state=0
03-14 04:10:48.667 1009 9751 I thunderperf: CompatConfig.addOverrideUnsafe: aft-state=0
03-14 04:10:48.667 1009 9751 I thunderperf: CompatConfig.addOverrideUnsafe: bef-state=0
03-14 04:10:48.667 1009 9751 I thunderperf: CompatConfig.addOverrideUnsafe: aft-state=0
03-14 04:10:48.668 1009 9751 I thunderperf: CompatConfig.addOverrideUnsafe: bef-state=0
03-14 04:10:48.668 1009 9751 I thunderperf: CompatConfig.addOverrideUnsafe: aft-state=0
03-14 04:10:48.668 1009 9751 I thunderperf: CompatConfig.addOverrideUnsafe: bef-state=0
03-14 04:10:48.668 1009 9751 I thunderperf: CompatConfig.addOverrideUnsafe: aft-state=0
03-14 04:10:48.669 1009 9751 I thunderperf: CompatConfig.addOverrideUnsafe: bef-state=0
03-14 04:10:48.669 1009 9751 I thunderperf: CompatConfig.addOverrideUnsafe: aft-state=0
03-14 04:10:48.669 1009 9751 I thunderperf: CompatConfig.addOverrideUnsafe: bef-state=0
03-14 04:10:48.669 1009 9751 I thunderperf: CompatConfig.addOverrideUnsafe: aft-state=0
03-14 04:10:48.670 1009 9751 I thunderperf: CompatConfig.addOverrideUnsafe: bef-state=0
03-14 04:10:48.670 1009 9751 I thunderperf: CompatConfig.addOverrideUnsafe: aft-state=0
03-14 04:10:48.670 1009 9751 I thunderperf: CompatConfig.addOverrideUnsafe: bef-state=0
03-14 04:10:48.670 1009 9751 I thunderperf: CompatConfig.addOverrideUnsafe: aft-state=0
03-14 04:10:48.679 1009 9751 I ActivityTaskManager: START u0 {act=android.intent.action.MAIN cat=[android.intent.category.LAUNCHER] flg=0x10200000 cmp=com.android.music/.MusicBrowserActivity} from uid 10074
03-14 04:10:48.683 1009 9751 I wm_task_created: [153,-1]
03-14 04:10:48.683 1009 9751 W ActivityTaskManager: Can't find TaskDisplayArea to determine support for multi window. Task id=153 attached=false
03-14 04:10:48.684 1009 9751 D FreeFormWindowHelper: finish old freeform task = ActivityRecord{917e63c u0 com.android.documentsui/.files.FilesActivity t143}
03-14 04:10:48.684 1009 9751 I wm_finish_activity: [0,152561212,143,com.android.documentsui/.files.FilesActivity,app-request]
03-14 04:10:48.684 1009 9751 I wm_task_moved: [1,1,7]
03-14 04:10:48.685 10009 10009 I wm_on_top_resumed_lost_called: [152561212,com.android.documentsui.files.FilesActivity,topStateChangedWhenResumed]
03-14 04:10:48.685 1009 9751 I wm_set_resumed_activity: [0,com.android.launcher3/.uioverrides.QuickstepLauncher,positionChildAt]
03-14 04:10:48.685 1009 9751 I wm_task_moved: [149,1,2147483647]
03-14 04:10:48.685 1009 9751 I wm_task_to_front: [0,149]
03-14 04:10:48.685 1009 9751 I wm_focused_root_task: [0,0,1,-1,finish-top adjustFocusToNextFocusableTask]
03-14 04:10:48.685 1009 9751 I wm_set_resumed_activity: [0,com.android.launcher3/.uioverrides.QuickstepLauncher,finish-top]
03-14 04:10:48.688 1009 9751 I wm_pause_activity: [0,152561212,com.android.documentsui/.files.FilesActivity,userLeaving=false,finish]
03-14 04:10:48.689 1009 9751 D FreeFormWindowHelper: Add freeform task=Task{eefcc78 #153 type=standard ?? U=0 visible=false mode=freeform translucent=true sz=0}
03-14 04:10:48.691 1009 9751 I wm_task_moved: [153,1,7]
03-14 04:10:48.691 1009 9751 I wm_task_to_front: [0,153]
03-14 04:10:48.691 1009 9751 I wm_focused_root_task: [0,0,153,1,reuseOrNewTask]
03-14 04:10:48.691 1009 9751 I wm_create_task: [0,153]
03-14 04:10:48.691 1009 9751 I wm_create_activity: [0,154586961,153,com.android.music/.MusicBrowserActivity,android.intent.action.MAIN,NULL,NULL,270532608]
03-14 04:10:48.691 1009 9751 I wm_task_moved: [153,1,7]
03-14 04:10:48.694 1009 1184 I input_focus: [Focus request a99babe com.android.launcher3/com.android.launcher3.uioverrides.QuickstepLauncher,reason=UpdateInputWindows]
03-14 04:10:48.694 10009 10009 I wm_on_paused_called: [152561212,com.android.documentsui.files.FilesActivity,performPause]
03-14 04:10:48.697 1009 9751 I wm_add_to_stopping: [0,152561212,com.android.documentsui/.files.FilesActivity,completeFinishing]
03-14 04:10:48.697 1009 9751 I ActivityTaskManager: FOREGROUND_APPLICATION_CHANGED to com.android.music.MusicBrowserActivity
03-14 04:10:48.698 1009 9751 I ActivityTaskManager: The Process com.android.music Already Exists in BG. So sending its PID: 8885
03-14 04:10:48.698 1009 9751 W ActivityTaskManager: Tried to set launchTime (0) < mLastActivityLaunchTime (1128165)
03-14 04:10:48.698 1009 9751 I wm_restart_activity: [0,154586961,153,com.android.music/.MusicBrowserActivity]
03-14 04:10:48.699 1009 9647 W ActivityManager: Receiver with filter android.content.IntentFilter@74fd8b7 already registered for pid 8885, callerPackage is com.android.music
03-14 04:10:48.699 1009 9751 I wm_set_resumed_activity: [0,com.android.music/.MusicBrowserActivity,minimalResumeActivityLocked]
03-14 04:10:48.702 1009 1587 I input_focus: [Focus leaving 8dbe64 com.android.documentsui/com.android.documentsui.files.FilesActivity (server),reason=NO_WINDOW]
03-14 04:10:48.704 1009 1587 I input_focus: [Focus entering a99babe com.android.launcher3/com.android.launcher3.uioverrides.QuickstepLauncher (server),reason=setFocusedWindow]
03-14 04:10:48.704 1009 1183 I sysui_multi_action: [757,803,799,window_time_0,802,5]
03-14 04:10:48.715 8885 8885 I wm_on_create_called: [154586961,com.android.music.MusicBrowserActivity,performCreate]
03-14 04:10:48.720 8885 8885 I wm_on_start_called: [154586961,com.android.music.MusicBrowserActivity,handleStartActivity]
03-14 04:10:48.720 8885 8885 I wm_on_resume_called: [154586961,com.android.music.MusicBrowserActivity,RESUME_ACTIVITY]
03-14 04:10:48.722 8885 8885 I wm_on_top_resumed_gained_called: [154586961,com.android.music.MusicBrowserActivity,topStateChangedWhenResumed]
03-14 04:10:48.722 1009 1698 I GameModeConfig: isGameModeOn = false
03-14 04:10:48.722 1009 1698 I GameModeConfig: isGameModeOn = false
03-14 04:10:48.722 1009 1698 I GameModeConfig: isGameModeOn = false
03-14 04:10:48.722 1009 1698 I GameModeConfig: isGameModeOn = false
03-14 04:10:48.733 1009 1009 I notification_enqueue: [10086,8885,com.android.music,1,NULL,0,Notification(channel=Channel-music shortcut=null contentView=null vibrate=null sound=null defaults=0x0 flags=0x42 color=0x00000000 category=transport actions=4 vis=PRIVATE),1]
03-14 04:10:48.733 1009 1009 I notification_enqueue: [10086,8885,com.android.music,1,NULL,0,Notification(channel=Channel-music shortcut=null contentView=null vibrate=null sound=null defaults=0x0 flags=0x42 color=0x00000000 category=transport actions=4 vis=PRIVATE),1]
03-14 04:10:48.738 1009 1698 I GameModeConfig: isGameModeOn = false
03-14 04:10:48.738 1009 1698 I GameModeConfig: isGameModeOn = false
03-14 04:10:48.738 1009 1698 I GameModeConfig: isGameModeOn = false
03-14 04:10:48.738 1009 1698 I GameModeConfig: isGameModeOn = false
03-14 04:10:48.748 1009 1009 I notification_enqueue: [10086,8885,com.android.music,1,NULL,0,Notification(channel=Channel-music shortcut=null contentView=null vibrate=null sound=null defaults=0x0 flags=0x42 color=0x00000000 category=transport actions=4 vis=PRIVATE),1]
03-14 04:10:48.748 1009 1009 I notification_enqueue: [10086,8885,com.android.music,1,NULL,0,Notification(channel=Channel-music shortcut=null contentView=null vibrate=null sound=null defaults=0x0 flags=0x42 color=0x00000000 category=transport actions=4 vis=PRIVATE),1]
03-14 04:10:48.761 1009 9751 W WindowManager: updateScale : 0.79357797
03-14 04:10:48.762 1009 1184 I input_focus: [Focus request c62b516 com.android.music/com.android.music.MusicBrowserActivity,reason=UpdateInputWindows]
03-14 04:10:48.770 1009 1184 W WindowManager: updateScale : 0.79357797
03-14 04:10:48.772 1009 1184 W WindowManager: updateScale : 0.79357797
03-14 04:10:48.773 1009 1184 W WindowManager: updateScale : 0.79357797
03-14 04:10:48.774 1009 1180 I sysui_multi_action: [319,93,322,93,325,1215,757,761,758,8,759,2,806,com.android.music,871,com.android.music.MusicBrowserActivity,904,com.android.launcher3,905,0,1320,4,1321,1]
03-14 04:10:48.774 1009 1180 I wm_activity_launch_time: [0,154586961,com.android.music/.MusicBrowserActivity,93]
03-14 04:10:48.787 1009 1587 I input_focus: [Focus leaving a99babe com.android.launcher3/com.android.launcher3.uioverrides.QuickstepLauncher (server),reason=setFocusedWindow]
03-14 04:10:48.787 1009 1587 I input_focus: [Focus entering c62b516 com.android.music/com.android.music.MusicBrowserActivity (server),reason=setFocusedWindow]
03-14 04:10:48.804 1009 3052 W FreeFormWindowHelper: Current Display FreeFormTask is Task{eefcc78 #153 type=standard A=10086:android.task.music U=0 visible=true mode=freeform translucent=false sz=1}
03-14 04:10:48.804 1009 9623 W FreeFormWindowHelper: Current Display FreeFormTask is Task{eefcc78 #153 type=standard A=10086:android.task.music U=0 visible=true mode=freeform translucent=false sz=1}
03-14 04:10:48.933 1009 1009 I GameModeConfig: isGameModeOn = false
03-14 04:10:48.933 1009 1009 I GameModeConfig: isGameModeOn = false
03-14 04:10:48.948 1009 1009 I GameModeConfig: isGameModeOn = false
03-14 04:10:48.948 1009 1009 I GameModeConfig: isGameModeOn = false
03-14 04:10:49.053 1009 1183 I wm_destroy_activity: [0,152561212,143,com.android.documentsui/.files.FilesActivity,finish-imm:idle]
03-14 04:10:49.054 1009 1184 W WindowManager: updateScale : 0.79357797
03-14 04:10:49.071 1009 9623 W WindowManager: updateScale : 0.79357797
03-14 04:10:49.074 10009 10009 I wm_on_stop_called: [152561212,com.android.documentsui.files.FilesActivity,LIFECYCLER_STOP_ACTIVITY]
03-14 04:10:49.078 10009 10009 I wm_on_destroy_called: [152561212,com.android.documentsui.files.FilesActivity,performDestroy]
03-14 04:10:49.080 1009 9623 W WindowManager: updateScale : 0.79357797
03-14 04:10:49.081 1009 9623 I wm_task_removed: [143,removeChild:removeChild last r=ActivityRecord{917e63c u0 com.android.documentsui/.files.FilesActivity t-1 f}} in t=Task{c9a902f #143 type=standard A=10023:com.android.documentsui U=0 visible=false mode=freeform translucent=true sz=0}]
03-14 04:10:49.081 1009 9623 I wm_task_removed: [143,removeChild]
01-01 08:20:18.963 0 0 E DTC_ETH,link_delay_work_func: 3003, SQI=0, link=0
03-14 04:10:50.885 1009 1009 I service_manager_stats: [100,54,76117]
03-14 04:10:51.609 1009 3052 I thunderperf: PlatormCompat.setOverrides: Uid1=10074 Pid1=9852 Uid2=10074 Pid2=9852
03-14 04:10:51.609 1009 3052 I thunderperf: PlatormCompat.setOverrides: needCheck:false
03-14 04:10:51.609 1009 3052 I thunderperf: CompatConfig.addOverrideUnsafe: bef-state=0
03-14 04:10:51.609 1009 3052 I thunderperf: CompatConfig.addOverrideUnsafe: aft-state=0
03-14 04:10:51.610 1009 3052 I thunderperf: CompatConfig.addOverrideUnsafe: bef-state=0
03-14 04:10:51.610 1009 3052 I thunderperf: CompatConfig.addOverrideUnsafe: aft-state=0
03-14 04:10:51.611 1009 3052 I thunderperf: CompatConfig.addOverrideUnsafe: bef-state=0
03-14 04:10:51.611 1009 3052 I thunderperf: CompatConfig.addOverrideUnsafe: aft-state=0
03-14 04:10:51.611 1009 3052 I thunderperf: CompatConfig.addOverrideUnsafe: bef-state=0
03-14 04:10:51.611 1009 3052 I thunderperf: CompatConfig.addOverrideUnsafe: aft-state=0
03-14 04:10:51.611 1009 3052 I thunderperf: CompatConfig.addOverrideUnsafe: bef-state=0
03-14 04:10:51.612 1009 3052 I thunderperf: CompatConfig.addOverrideUnsafe: aft-state=0
03-14 04:10:51.612 1009 3052 I thunderperf: CompatConfig.addOverrideUnsafe: bef-state=0
03-14 04:10:51.612 1009 3052 I thunderperf: CompatConfig.addOverrideUnsafe: aft-state=0
03-14 04:10:51.613 1009 3052 I thunderperf: CompatConfig.addOverrideUnsafe: bef-state=0
03-14 04:10:51.613 1009 3052 I thunderperf: CompatConfig.addOverrideUnsafe: aft-state=0
03-14 04:10:51.613 1009 3052 I thunderperf: CompatConfig.addOverrideUnsafe: bef-state=0
03-14 04:10:51.614 1009 3052 I thunderperf: CompatConfig.addOverrideUnsafe: aft-state=0
03-14 04:10:51.614 1009 3052 I thunderperf: CompatConfig.addOverrideUnsafe: bef-state=0
03-14 04:10:51.614 1009 3052 I thunderperf: CompatConfig.addOverrideUnsafe: aft-state=0
03-14 04:10:51.615 1009 3052 I thunderperf: CompatConfig.addOverrideUnsafe: bef-state=0
03-14 04:10:51.615 1009 3052 I thunderperf: CompatConfig.addOverrideUnsafe: aft-state=0
03-14 04:10:51.616 1009 3052 I thunderperf: CompatConfig.addOverrideUnsafe: bef-state=0
03-14 04:10:51.616 1009 3052 I thunderperf: CompatConfig.addOverrideUnsafe: aft-state=0
03-14 04:10:51.616 1009 3052 I thunderperf: CompatConfig.addOverrideUnsafe: bef-state=0
03-14 04:10:51.616 1009 3052 I thunderperf: CompatConfig.addOverrideUnsafe: aft-state=0
03-14 04:10:51.617 1009 3052 I thunderperf: CompatConfig.addOverrideUnsafe: bef-state=0
03-14 04:10:51.617 1009 3052 I thunderperf: CompatConfig.addOverrideUnsafe: aft-state=0
03-14 04:10:51.618 1009 3052 I thunderperf: CompatConfig.addOverrideUnsafe: bef-state=0
03-14 04:10:51.618 1009 3052 I thunderperf: CompatConfig.addOverrideUnsafe: aft-state=0
03-14 04:10:51.628 1009 3052 I ActivityTaskManager: START u0 {act=android.intent.action.MAIN cat=[android.intent.category.LAUNCHER] flg=0x10200000 cmp=com.android.gallery3d/.app.GalleryActivity} from uid 10074
03-14 04:10:51.633 1009 3052 I wm_task_created: [154,-1]
03-14 04:10:51.633 1009 3052 W ActivityTaskManager: Can't find TaskDisplayArea to determine support for multi window. Task id=154 attached=false
03-14 04:10:51.634 1009 3052 D FreeFormWindowHelper: finish old freeform task = ActivityRecord{936cf51 u0 com.android.music/.MusicBrowserActivity t153}
03-14 04:10:51.634 1009 3052 I wm_finish_activity: [0,154586961,153,com.android.music/.MusicBrowserActivity,app-request]
03-14 04:10:51.634 1009 3052 I wm_task_moved: [1,1,7]
03-14 04:10:51.635 1009 3052 I wm_set_resumed_activity: [0,com.android.launcher3/.uioverrides.QuickstepLauncher,positionChildAt]
03-14 04:10:51.635 8885 8885 I wm_on_top_resumed_lost_called: [154586961,com.android.music.MusicBrowserActivity,topStateChangedWhenResumed]
03-14 04:10:51.635 1009 3052 I wm_task_moved: [149,1,2147483647]
03-14 04:10:51.635 1009 3052 I wm_task_to_front: [0,149]
03-14 04:10:51.635 1009 3052 I wm_focused_root_task: [0,0,1,-1,finish-top adjustFocusToNextFocusableTask]
03-14 04:10:51.635 1009 3052 I wm_set_resumed_activity: [0,com.android.launcher3/.uioverrides.QuickstepLauncher,finish-top]
03-14 04:10:51.638 1009 3052 I wm_pause_activity: [0,154586961,com.android.music/.MusicBrowserActivity,userLeaving=false,finish]
03-14 04:10:51.639 1009 3052 D FreeFormWindowHelper: Add freeform task=Task{c20d868 #154 type=standard ?? U=0 visible=false mode=freeform translucent=true sz=0}
03-14 04:10:51.641 1009 3052 I wm_task_moved: [154,1,7]
03-14 04:10:51.641 1009 3052 I wm_task_to_front: [0,154]
03-14 04:10:51.641 1009 3052 I wm_focused_root_task: [0,0,154,1,reuseOrNewTask]
03-14 04:10:51.641 1009 3052 I wm_create_task: [0,154]
03-14 04:10:51.641 1009 3052 I wm_create_activity: [0,73139329,154,com.android.gallery3d/.app.GalleryActivity,android.intent.action.MAIN,NULL,NULL,270532608]
03-14 04:10:51.641 1009 3052 I wm_task_moved: [154,1,7]
03-14 04:10:51.641 1009 3052 V SplashScreenExceptionList: SplashScreen checking exception for package com.android.gallery3d (target sdk:29) -> false
03-14 04:10:51.643 8885 8885 I wm_on_paused_called: [154586961,com.android.music.MusicBrowserActivity,performPause]
03-14 04:10:51.643 1009 1184 I input_focus: [Focus request a99babe com.android.launcher3/com.android.launcher3.uioverrides.QuickstepLauncher,reason=UpdateInputWindows]
03-14 04:10:51.645 1009 3052 I wm_add_to_stopping: [0,154586961,com.android.music/.MusicBrowserActivity,completeFinishing]
03-14 04:10:51.645 1009 3052 I ActivityTaskManager: FOREGROUND_APPLICATION_CHANGED to com.android.gallery3d.app.GalleryActivity
03-14 04:10:51.645 1009 3052 I ActivityTaskManager: The Process com.android.gallery3d Already Exists in BG. So sending its PID: 9834
03-14 04:10:51.646 1009 3052 W ActivityTaskManager: Tried to set launchTime (0) < mLastActivityLaunchTime (1092831)
03-14 04:10:51.646 1009 3052 I wm_restart_activity: [0,73139329,154,com.android.gallery3d/.app.GalleryActivity]
03-14 04:10:51.647 1009 3052 I wm_set_resumed_activity: [0,com.android.gallery3d/.app.GalleryActivity,minimalResumeActivityLocked]
03-14 04:10:51.648 1009 1183 I am_uid_active: 10064
03-14 04:10:51.658 9834 9834 I wm_on_create_called: [73139329,com.android.gallery3d.app.GalleryActivity,performCreate]
03-14 04:10:51.658 1009 1183 I sysui_multi_action: [757,803,799,window_time_2,802,3]
03-14 04:10:51.658 9834 9834 I wm_on_start_called: [73139329,com.android.gallery3d.app.GalleryActivity,handleStartActivity]
03-14 04:10:51.659 1009 1587 I input_focus: [Focus leaving c62b516 com.android.music/com.android.music.MusicBrowserActivity (server),reason=NO_WINDOW]
03-14 04:10:51.659 1009 1587 I input_focus: [Focus entering a99babe com.android.launcher3/com.android.launcher3.uioverrides.QuickstepLauncher (server),reason=setFocusedWindow]
03-14 04:10:51.661 9834 9834 I wm_on_resume_called: [73139329,com.android.gallery3d.app.GalleryActivity,RESUME_ACTIVITY]
03-14 04:10:51.663 9834 9834 I wm_on_top_resumed_gained_called: [73139329,com.android.gallery3d.app.GalleryActivity,topStateChangedWhenResumed]
03-14 04:10:51.676 1009 9623 W WindowManager: updateScale : 0.79357797
03-14 04:10:51.678 1009 1184 I input_focus: [Focus request 141b0ac com.android.gallery3d/com.android.gallery3d.app.GalleryActivity,reason=UpdateInputWindows]
03-14 04:10:51.709 1009 1184 W WindowManager: updateScale : 0.79357797
03-14 04:10:51.711 1009 1587 I input_focus: [Focus leaving a99babe com.android.launcher3/com.android.launcher3.uioverrides.QuickstepLauncher (server),reason=Waiting for window because NOT_VISIBLE]
03-14 04:10:51.712 1009 1184 W WindowManager: updateScale : 0.79357797
03-14 04:10:51.712 1009 1180 I sysui_multi_action: [319,83,322,83,325,1218,757,761,758,8,759,2,806,com.android.gallery3d,871,com.android.gallery3d.app.GalleryActivity,904,com.android.launcher3,905,0,1320,4,1321,1]
03-14 04:10:51.713 1009 1184 W WindowManager: updateScale : 0.79357797
03-14 04:10:51.713 1009 1180 I wm_activity_launch_time: [0,73139329,com.android.gallery3d/.app.GalleryActivity,83]
03-14 04:10:51.727 1009 1587 I input_focus: [Focus entering 141b0ac com.android.gallery3d/com.android.gallery3d.app.GalleryActivity (server),reason=Window became focusable. Previous reason: NOT_VISIBLE]
03-14 04:10:51.749 1009 9751 W FreeFormWindowHelper: Current Display FreeFormTask is Task{c20d868 #154 type=standard A=10064:com.android.gallery3d U=0 visible=true mode=freeform translucent=false sz=1}
03-14 04:10:51.994 1009 1184 W WindowManager: updateScale : 0.79357797
03-14 04:10:51.994 1009 1183 I wm_destroy_activity: [0,154586961,153,com.android.music/.MusicBrowserActivity,finish-imm:idle]
03-14 04:10:52.014 1009 9623 W WindowManager: updateScale : 0.79357797
03-14 04:10:52.016 1009 9623 W ActivityManager: Receiver with filter android.content.IntentFilter@6e855f8 already registered for pid 8885, callerPackage is com.android.music
03-14 04:10:52.017 8885 8885 I wm_on_stop_called: [154586961,com.android.music.MusicBrowserActivity,LIFECYCLER_STOP_ACTIVITY]
03-14 04:10:52.018 8885 8885 I wm_on_destroy_called: [154586961,com.android.music.MusicBrowserActivity,performDestroy]
03-14 04:10:52.019 1009 9623 W WindowManager: updateScale : 0.79357797
03-14 04:10:52.020 1009 3052 I wm_task_removed: [153,removeChild:removeChild last r=ActivityRecord{936cf51 u0 com.android.music/.MusicBrowserActivity t-1 f}} in t=Task{eefcc78 #153 type=standard A=10086:android.task.music U=0 visible=false mode=freeform translucent=true sz=0}]
03-14 04:10:52.020 1009 3052 I wm_task_removed: [153,removeChild]
03-14 04:10:53.501 1009 1587 I input_interaction: Interaction with: 141b0ac com.android.gallery3d/com.android.gallery3d.app.GalleryActivity (server), edge-swipe (server), swipe-up (server), PointerEventDispatcher0 (server),
03-14 04:10:53.639 1009 3052 I wm_finish_activity: [0,73139329,154,com.android.gallery3d/.app.GalleryActivity,finish-activity]
03-14 04:10:53.639 1009 3052 I wm_task_moved: [1,1,6]
03-14 04:10:53.639 1009 3052 I wm_set_resumed_activity: [0,com.android.launcher3/.uioverrides.QuickstepLauncher,positionChildAt]
03-14 04:10:53.639 1009 3052 I wm_task_moved: [149,1,2147483647]
03-14 04:10:53.639 1009 3052 I wm_task_to_front: [0,149]
03-14 04:10:53.639 1009 3052 I wm_focused_root_task: [0,0,1,-1,finish-top adjustFocusToNextFocusableTask]
03-14 04:10:53.639 1009 3052 I wm_set_resumed_activity: [0,com.android.launcher3/.uioverrides.QuickstepLauncher,finish-top]
03-14 04:10:53.639 1009 3052 I wm_pause_activity: [0,73139329,com.android.gallery3d/.app.GalleryActivity,userLeaving=false,finish]
03-14 04:10:53.641 1009 1184 I input_focus: [Focus request a99babe com.android.launcher3/com.android.launcher3.uioverrides.QuickstepLauncher,reason=UpdateInputWindows]
03-14 04:10:53.641 9834 9834 I wm_on_top_resumed_lost_called: [73139329,com.android.gallery3d.app.GalleryActivity,topStateChangedWhenResumed]
03-14 04:10:53.644 9852 9852 I wm_on_top_resumed_gained_called: [94520459,com.android.launcher3.uioverrides.QuickstepLauncher,topStateChangedWhenResumed]
03-14 04:10:53.646 1009 1183 I sysui_multi_action: [757,803,799,window_time_2,802,2]
03-14 04:10:53.649 9834 9834 I wm_on_paused_called: [73139329,com.android.gallery3d.app.GalleryActivity,performPause]
03-14 04:10:53.650 1009 1587 I input_focus: [Focus leaving 141b0ac com.android.gallery3d/com.android.gallery3d.app.GalleryActivity (server),reason=NOT_VISIBLE]
03-14 04:10:53.650 1009 3052 I ActivityTaskManager: FOREGROUND_APPLICATION_CHANGED to com.android.launcher3.uioverrides.QuickstepLauncher
03-14 04:10:53.651 1009 3052 I wm_destroy_activity: [0,73139329,154,com.android.gallery3d/.app.GalleryActivity,finish-imm:completePausedLocked]
03-14 04:10:53.657 1009 1183 I sysui_multi_action: [757,803,799,window_time_0,802,0]
03-14 04:10:53.661 1009 2881 E TaskPersister: File error accessing recents directory (directory doesn't exist?).
03-14 04:10:53.667 1009 1587 I input_focus: [Focus entering a99babe com.android.launcher3/com.android.launcher3.uioverrides.QuickstepLauncher (server),reason=setFocusedWindow]
03-14 04:10:53.673 9834 9834 I wm_on_stop_called: [73139329,com.android.gallery3d.app.GalleryActivity,LIFECYCLER_STOP_ACTIVITY]
03-14 04:10:53.677 9834 9834 I wm_on_destroy_called: [73139329,com.android.gallery3d.app.GalleryActivity,performDestroy]
03-14 04:10:53.682 1009 3052 I wm_task_removed: [154,removeChild:removeChild last r=ActivityRecord{45c0481 u0 com.android.gallery3d/.app.GalleryActivity t-1 f}} in t=Task{c20d868 #154 type=standard A=10064:com.android.gallery3d U=0 visible=false mode=freeform translucent=true sz=0}]
03-14 04:10:53.682 1009 3052 I wm_task_removed: [154,removeChild]
03-14 04:10:53.682 1009 3052 D FreeFormWindowHelper: Remove freefrom task=Task{c20d868 #154 type=standard A=10064:com.android.gallery3d U=0 visible=false mode=freeform translucent=true sz=0}
03-14 04:10:53.756 1009 9623 W FreeFormWindowHelper: Current Display FreeFormTask is null
03-14 04:10:53.756 1009 9310 W FreeFormWindowHelper: Current Display FreeFormTask is null
