03-14 04:11:21.481 1009 1009 I notification_enqueue: [10086,8885,com.android.music,1,NULL,0,Notification(channel=Channel-music shortcut=null contentView=null vibrate=null sound=null defaults=0x0 flags=0x42 color=0x00000000 category=transport actions=4 vis=PRIVATE),1]
03-14 04:11:21.483 1009 1185 I ActivityTaskManager: clear resize flag in freeform mode
03-14 04:11:21.483 1009 1185 W WindowManager: updateScale : 0.7140673
03-14 04:11:21.491 1009 9647 W ActivityManager: Receiver with filter android.content.IntentFilter@cd8dcc1 already registered for pid 8885, callerPackage is com.android.music
03-14 04:11:21.500 1009 1185 I ActivityTaskManager: clear resize flag in freeform mode
03-14 04:11:21.500 1009 1185 W WindowManager: updateScale : 0.73394495
03-14 04:11:21.507 1009 3052 W WindowManager: updateScale : 0.73394495
03-14 04:11:21.516 1009 1185 I ActivityTaskManager: clear resize flag in freeform mode
03-14 04:11:21.516 1009 1185 W WindowManager: updateScale : 0.74923545
03-14 04:11:21.533 1009 1185 I ActivityTaskManager: clear resize flag in freeform mode
03-14 04:11:21.533 1009 1185 W WindowManager: updateScale : 0.7614679
03-14 04:11:21.534 1009 1185 W WindowManager: updateScale : 0.7614679
03-14 04:11:21.537 1009 9647 W ActivityManager: Receiver with filter android.content.IntentFilter@c3643fa already registered for pid 8885, callerPackage is com.android.music
03-14 04:11:21.537 1009 9647 W WindowManager: updateScale : 0.7614679
03-14 04:11:21.542 1009 1698 I GameModeConfig: isGameModeOn = false
03-14 04:11:21.542 1009 1698 I GameModeConfig: isGameModeOn = false
03-14 04:11:21.543 1009 1698 I GameModeConfig: isGameModeOn = false
03-14 04:11:21.543 1009 1698 I GameModeConfig: isGameModeOn = false
03-14 04:11:21.550 1009 1185 I ActivityTaskManager: clear resize flag in freeform mode
03-14 04:11:21.550 1009 1185 W WindowManager: updateScale : 0.7706422
03-14 04:11:21.555 1009 1009 I notification_enqueue: [10086,8885,com.android.music,1,NULL,0,Notification(channel=Channel-music shortcut=null contentView=null vibrate=null sound=null defaults=0x0 flags=0x42 color=0x00000000 category=transport actions=4 vis=PRIVATE),1]
03-14 04:11:21.555 1009 1009 I notification_enqueue: [10086,8885,com.android.music,1,NULL,0,Notification(channel=Channel-music shortcut=null contentView=null vibrate=null sound=null defaults=0x0 flags=0x42 color=0x00000000 category=transport actions=4 vis=PRIVATE),1]
03-14 04:11:21.560 1009 3052 W ActivityManager: Receiver with filter android.content.IntentFilter@488c4dd already registered for pid 8885, callerPackage is com.android.music
03-14 04:11:21.567 1009 1185 I ActivityTaskManager: clear resize flag in freeform mode
03-14 04:11:21.567 1009 1185 W WindowManager: updateScale : 0.7782875
03-14 04:11:21.568 1009 9647 W WindowManager: updateScale : 0.7782875
03-14 04:11:21.572 1009 9647 W ActivityManager: Receiver with filter android.content.IntentFilter@a255852 already registered for pid 8885, callerPackage is com.android.music
03-14 04:11:21.578 1009 9647 W WindowManager: updateScale : 0.7782875
03-14 04:11:21.583 1009 1185 I ActivityTaskManager: clear resize flag in freeform mode
03-14 04:11:21.583 1009 1185 W WindowManager: updateScale : 0.78287464
03-14 04:11:21.597 1009 9647 W ActivityManager: Receiver with filter android.content.IntentFilter@43bc723 already registered for pid 8885, callerPackage is com.android.music
03-14 04:11:21.600 1009 1185 I ActivityTaskManager: clear resize flag in freeform mode
03-14 04:11:21.601 1009 1185 W WindowManager: updateScale : 0.78746176
03-14 04:11:21.616 1009 9647 W ActivityManager: Receiver with filter android.content.IntentFilter@c32a420 already registered for pid 8885, callerPackage is com.android.music
03-14 04:11:21.617 1009 1185 I ActivityTaskManager: clear resize flag in freeform mode
03-14 04:11:21.618 1009 1185 W WindowManager: updateScale : 0.78899086
03-14 04:11:21.621 1009 9647 W ActivityManager: Receiver with filter android.content.IntentFilter@51d1d9 already registered for pid 8885, callerPackage is com.android.music
03-14 04:11:21.630 1009 9647 W WindowManager: updateScale : 0.78899086
03-14 04:11:21.634 1009 1185 I ActivityTaskManager: clear resize flag in freeform mode
03-14 04:11:21.634 1009 1185 W WindowManager: updateScale : 0.7905199
03-14 04:11:21.651 1009 1185 I ActivityTaskManager: clear resize flag in freeform mode
03-14 04:11:21.652 1009 1185 W WindowManager: updateScale : 0.79204893
03-14 04:11:21.666 1009 3052 W ActivityManager: Receiver with filter android.content.IntentFilter@79ca79e already registered for pid 8885, callerPackage is com.android.music
03-14 04:11:21.667 1009 1185 I ActivityTaskManager: clear resize flag in freeform mode
03-14 04:11:21.668 1009 1185 W WindowManager: updateScale : 0.79357797
03-14 04:11:21.680 1009 9647 W WindowManager: updateScale : 0.79357797
03-14 04:11:21.681 1009 1009 I GameModeConfig: isGameModeOn = false
03-14 04:11:21.682 1009 1009 I GameModeConfig: isGameModeOn = false
03-14 04:11:21.684 1009 1185 I ActivityTaskManager: clear resize flag in freeform mode
03-14 04:11:21.685 1009 1185 W WindowManager: updateScale : 0.79357797
03-14 04:11:21.694 1009 3052 W ActivityManager: Receiver with filter android.content.IntentFilter@af9b27f already registered for pid 8885, callerPackage is com.android.music
03-14 04:11:21.696 1009 3052 W WindowManager: updateScale : 0.79357797
03-14 04:11:21.712 1009 3052 W WindowManager: updateScale : 0.79357797
03-14 04:11:21.756 1009 1009 I GameModeConfig: isGameModeOn = false
03-14 04:11:21.757 1009 1009 I GameModeConfig: isGameModeOn = false
01-01 08:20:50.561 0 0 I [schedu][0x59727b5c0][04:11:21.860554] wlan: [3591:I:WMA] [04:11:19.954000] [ROAM_TRIGGER]: VDEV[0] Reason: "LOW RSSI" Sub-Reason: FULL SCAN Cur_Rssi threshold:81 Current AP RSSI: 76
01-01 08:20:50.562 0 0 I [schedu][0x59727baaf][04:11:21.860620] wlan: [3591:I:WMA] [04:11:19.954000] [ROAM_SCAN]: VDEV[0] Scan_type: FULL next_rssi_threshold: 81 dBm
01-01 08:20:50.562 0 0 I [schedu][0x59727bb54][04:11:21.860628] wlan: [3591:I:WMA] ============================================================================================================================
01-01 08:20:50.562 0 0 I [schedu][0x59727bc57][04:11:21.860642] wlan: [3591:I:WMA] AP BSSID TSTAMP CH TY ETP RSSI/SCR CU%/SCR TOT_SCR BL_RSN BL_SRC BL_TSTAMP BL_TIMEOUT(ms)
01-01 08:20:50.562 0 0 I [schedu][0x59727bfe1][04:11:21.860689] wlan: [3591:I:WMA] ============================================================================================================================
01-01 08:20:50.562 0 0 I [schedu][0x59727c1d4][04:11:21.860715] wlan: [3591:I:WMA] d6:44:3b:15:39:91 [04:11:19.954000] 2412 P_AP 0 76/0 0/0 1557 0 0 [00:00:00.000000] 0
01-01 08:20:50.562 0 0 I [schedu][0x59727c2c5][04:11:21.860728] wlan: [3591:I:WMA] [04:11:21.854000] [ROAM_RESULT]: VDEV[0] FAILED Reason: NO AP FOUND
03-14 04:11:22.787 1009 1185 I ActivityTaskManager: clear resize flag in freeform mode
03-14 04:11:22.788 1009 1185 W WindowManager: updateScale : 0.72782874
03-14 04:11:22.790 1009 1185 W WindowManager: updateScale : 0.72782874
03-14 04:11:22.804 1009 1185 I ActivityTaskManager: clear resize flag in freeform mode
03-14 04:11:22.804 1009 1185 W WindowManager: updateScale : 0.675841
03-14 04:11:22.809 1009 9872 W ActivityManager: Receiver with filter android.content.IntentFilter@180f79b already registered for pid 8885, callerPackage is com.android.music
03-14 04:11:22.820 1009 1185 I ActivityTaskManager: clear resize flag in freeform mode
03-14 04:11:22.820 1009 1185 W WindowManager: updateScale : 0.6284404
03-14 04:11:22.824 1009 9872 W ActivityManager: Receiver with filter android.content.IntentFilter@c3cd738 already registered for pid 8885, callerPackage is com.android.music
03-14 04:11:22.833 1009 9647 W WindowManager: updateScale : 0.6284404
03-14 04:11:22.837 1009 1185 I ActivityTaskManager: clear resize flag in freeform mode
03-14 04:11:22.837 1009 1185 W WindowManager: updateScale : 0.5902141
03-14 04:11:22.842 1009 9647 W ActivityManager: Receiver with filter android.content.IntentFilter@ccae311 already registered for pid 8885, callerPackage is com.android.music
03-14 04:11:22.848 1009 9872 W WindowManager: updateScale : 0.5902141
03-14 04:11:22.854 1009 1185 I ActivityTaskManager: clear resize flag in freeform mode
03-14 04:11:22.854 1009 1185 W WindowManager: updateScale : 0.56116205
03-14 04:11:22.859 1009 9872 W ActivityManager: Receiver with filter android.content.IntentFilter@3b80c76 already registered for pid 8885, callerPackage is com.android.music
03-14 04:11:22.865 1009 9872 W WindowManager: updateScale : 0.56116205
03-14 04:11:22.870 1009 1185 I ActivityTaskManager: clear resize flag in freeform mode
03-14 04:11:22.871 1009 1185 W WindowManager: updateScale : 0.5351682
03-14 04:11:22.875 1009 9872 W ActivityManager: Receiver with filter android.content.IntentFilter@26d7277 already registered for pid 8885, callerPackage is com.android.music
03-14 04:11:22.881 1009 9872 W WindowManager: updateScale : 0.5351682
03-14 04:11:22.887 1009 1185 I ActivityTaskManager: clear resize flag in freeform mode
03-14 04:11:22.887 1009 1185 W WindowManager: updateScale : 0.5152905
03-14 04:11:22.891 1009 9872 W ActivityManager: Receiver with filter android.content.IntentFilter@842ee4 already registered for pid 8885, callerPackage is com.android.music
03-14 04:11:22.898 1009 9872 W WindowManager: updateScale : 0.5152905
03-14 04:11:22.903 1009 1185 I ActivityTaskManager: clear resize flag in freeform mode
03-14 04:11:22.904 1009 1185 W WindowManager: updateScale : 0.5
03-14 04:11:22.907 1009 9872 W ActivityManager: Receiver with filter android.content.IntentFilter@6e99f4d already registered for pid 8885, callerPackage is com.android.music
03-14 04:11:22.915 1009 9872 W WindowManager: updateScale : 0.5
03-14 04:11:22.920 1009 1185 I ActivityTaskManager: clear resize flag in freeform mode
03-14 04:11:22.921 1009 1185 W WindowManager: updateScale : 0.48776758
03-14 04:11:22.925 1009 9872 W ActivityManager: Receiver with filter android.content.IntentFilter@2907a02 already registered for pid 8885, callerPackage is com.android.music
03-14 04:11:22.932 1009 9872 W WindowManager: updateScale : 0.48776758
03-14 04:11:22.937 1009 1185 I ActivityTaskManager: clear resize flag in freeform mode
03-14 04:11:22.938 1009 1185 W WindowManager: updateScale : 0.47859326
03-14 04:11:22.942 1009 9872 W ActivityManager: Receiver with filter android.content.IntentFilter@c3cbf13 already registered for pid 8885, callerPackage is com.android.music
03-14 04:11:22.949 1009 9872 W WindowManager: updateScale : 0.47859326
03-14 04:11:22.954 1009 1185 I ActivityTaskManager: clear resize flag in freeform mode
03-14 04:11:22.954 1009 1185 W WindowManager: updateScale : 0.470948
03-14 04:11:22.958 1009 9872 W ActivityManager: Receiver with filter android.content.IntentFilter@3c75550 already registered for pid 8885, callerPackage is com.android.music
03-14 04:11:22.965 1009 9872 W WindowManager: updateScale : 0.470948
03-14 04:11:22.970 1009 1185 I ActivityTaskManager: clear resize flag in freeform mode
03-14 04:11:22.971 1009 1185 W WindowManager: updateScale : 0.46636087
03-14 04:11:22.974 1009 9872 W ActivityManager: Receiver with filter android.content.IntentFilter@3bde349 already registered for pid 8885, callerPackage is com.android.music
03-14 04:11:22.982 1009 9872 W WindowManager: updateScale : 0.46636087
03-14 04:11:22.987 1009 1185 I ActivityTaskManager: clear resize flag in freeform mode
03-14 04:11:22.988 1009 1185 W WindowManager: updateScale : 0.4617737
03-14 04:11:22.991 1009 9872 W ActivityManager: Receiver with filter android.content.IntentFilter@690344e already registered for pid 8885, callerPackage is com.android.music
03-14 04:11:22.999 1009 9872 W WindowManager: updateScale : 0.4617737
03-14 04:11:23.004 1009 1185 I ActivityTaskManager: clear resize flag in freeform mode
03-14 04:11:23.004 1009 1185 W WindowManager: updateScale : 0.46024466
03-14 04:11:23.007 1009 9872 W ActivityManager: Receiver with filter android.content.IntentFilter@daa396f already registered for pid 8885, callerPackage is com.android.music
03-14 04:11:23.015 1009 9872 W WindowManager: updateScale : 0.46024466
03-14 04:11:23.020 1009 1185 I ActivityTaskManager: clear resize flag in freeform mode
03-14 04:11:23.020 1009 1185 W WindowManager: updateScale : 0.4587156
03-14 04:11:23.036 1009 1185 I ActivityTaskManager: clear resize flag in freeform mode
03-14 04:11:23.037 1009 1185 W WindowManager: updateScale : 0.45718655
03-14 04:11:23.046 1009 9872 W ActivityManager: Receiver with filter android.content.IntentFilter@c42b280 already registered for pid 8885, callerPackage is com.android.music
03-14 04:11:23.051 1009 9872 W WindowManager: updateScale : 0.45718655
03-14 04:11:23.053 1009 1185 I ActivityTaskManager: clear resize flag in freeform mode
03-14 04:11:23.054 1009 1185 W WindowManager: updateScale : 0.45565748
03-14 04:11:23.062 1009 9872 W ActivityManager: Receiver with filter android.content.IntentFilter@e431f75 already registered for pid 8885, callerPackage is com.android.music
03-14 04:11:23.064 1009 1698 I GameModeConfig: isGameModeOn = false
03-14 04:11:23.064 1009 1698 I GameModeConfig: isGameModeOn = false
03-14 04:11:23.064 1009 1698 I GameModeConfig: isGameModeOn = false
03-14 04:11:23.064 1009 1698 I GameModeConfig: isGameModeOn = false
03-14 04:11:23.070 1009 1185 I ActivityTaskManager: clear resize flag in freeform mode
03-14 04:11:23.071 1009 1185 W WindowManager: updateScale : 0.45565748
03-14 04:11:23.076 1009 1009 I notification_enqueue: [10086,8885,com.android.music,1,NULL,0,Notification(channel=Channel-music shortcut=null contentView=null vibrate=null sound=null defaults=0x0 flags=0x42 color=0x00000000 category=transport actions=4 vis=PRIVATE),1]
03-14 04:11:23.080 1009 1009 I notification_enqueue: [10086,8885,com.android.music,1,NULL,0,Notification(channel=Channel-music shortcut=null contentView=null vibrate=null sound=null defaults=0x0 flags=0x42 color=0x00000000 category=transport actions=4 vis=PRIVATE),1]
03-14 04:11:23.081 1009 9872 W WindowManager: updateScale : 0.45565748
03-14 04:11:23.094 1009 9872 W WindowManager: updateScale : 0.45565748
03-14 04:11:23.280 1009 1009 I GameModeConfig: isGameModeOn = false
03-14 04:11:23.281 1009 1009 I GameModeConfig: isGameModeOn = false
03-14 04:11:23.488 1009 1185 I ActivityTaskManager: clear resize flag in freeform mode
03-14 04:11:23.489 1009 1185 W WindowManager: updateScale : 0.5214067
03-14 04:11:23.502 1009 3052 W ActivityManager: Receiver with filter android.content.IntentFilter@41f42f3 already registered for pid 8885, callerPackage is com.android.music
03-14 04:11:23.505 1009 1185 I ActivityTaskManager: clear resize flag in freeform mode
03-14 04:11:23.506 1009 1185 W WindowManager: updateScale : 0.5764526
03-14 04:11:23.522 1009 1185 I ActivityTaskManager: clear resize flag in freeform mode
03-14 04:11:23.522 1009 1185 W WindowManager: updateScale : 0.62232417
03-14 04:11:23.527 1009 9872 W WindowManager: updateScale : 0.62232417
03-14 04:11:23.538 1009 1185 I ActivityTaskManager: clear resize flag in freeform mode
03-14 04:11:23.539 1009 1185 W WindowManager: updateScale : 0.6590214
03-14 04:11:23.542 1009 9623 W ActivityManager: Receiver with filter android.content.IntentFilter@ab970e0 already registered for pid 8885, callerPackage is com.android.music
03-14 04:11:23.544 1009 1698 I GameModeConfig: isGameModeOn = false
03-14 04:11:23.544 1009 1698 I GameModeConfig: isGameModeOn = false
03-14 04:11:23.544 1009 1698 I GameModeConfig: isGameModeOn = false
03-14 04:11:23.544 1009 1698 I GameModeConfig: isGameModeOn = false
03-14 04:11:23.554 1009 1185 I ActivityTaskManager: clear resize flag in freeform mode
03-14 04:11:23.555 1009 1185 W WindowManager: updateScale : 0.68960243
03-14 04:11:23.557 1009 1009 I notification_enqueue: [10086,8885,com.android.music,1,NULL,0,Notification(channel=Channel-music shortcut=null contentView=null vibrate=null sound=null defaults=0x0 flags=0x42 color=0x00000000 category=transport actions=4 vis=PRIVATE),1]
03-14 04:11:23.558 1009 1009 I notification_enqueue: [10086,8885,com.android.music,1,NULL,0,Notification(channel=Channel-music shortcut=null contentView=null vibrate=null sound=null defaults=0x0 flags=0x42 color=0x00000000 category=transport actions=4 vis=PRIVATE),1]
03-14 04:11:23.565 1009 9647 W ActivityManager: Receiver with filter android.content.IntentFilter@245375b already registered for pid 8885, callerPackage is com.android.music
03-14 04:11:23.566 1009 9872 W WindowManager: updateScale : 0.68960243
03-14 04:11:23.571 1009 1185 I ActivityTaskManager: clear resize flag in freeform mode
03-14 04:11:23.571 1009 1185 W WindowManager: updateScale : 0.7140673
03-14 04:11:23.575 1009 9647 W ActivityManager: Receiver with filter android.content.IntentFilter@9b87bf8 already registered for pid 8885, callerPackage is com.android.music
03-14 04:11:23.577 1009 9872 W WindowManager: updateScale : 0.7140673
03-14 04:11:23.588 1009 1185 I ActivityTaskManager: clear resize flag in freeform mode
03-14 04:11:23.588 1009 1185 W WindowManager: updateScale : 0.73394495
03-14 04:11:23.603 1009 9872 W ActivityManager: Receiver with filter android.content.IntentFilter@69324c5 already registered for pid 8885, callerPackage is com.android.music
03-14 04:11:23.605 1009 1185 I ActivityTaskManager: clear resize flag in freeform mode
03-14 04:11:23.605 1009 1185 W WindowManager: updateScale : 0.74923545
03-14 04:11:23.608 1009 9872 W WindowManager: updateScale : 0.74923545
03-14 04:11:23.618 1009 9872 W ActivityManager: Receiver with filter android.content.IntentFilter@3ed328 already registered for pid 8885, callerPackage is com.android.music
03-14 04:11:23.620 1009 1698 I GameModeConfig: isGameModeOn = false
03-14 04:11:23.620 1009 1698 I GameModeConfig: isGameModeOn = false
03-14 04:11:23.620 1009 1698 I GameModeConfig: isGameModeOn = false
03-14 04:11:23.620 1009 1698 I GameModeConfig: isGameModeOn = false
03-14 04:11:23.622 1009 1185 I ActivityTaskManager: clear resize flag in freeform mode
03-14 04:11:23.622 1009 1185 W WindowManager: updateScale : 0.7614679
03-14 04:11:23.623 1009 1185 W WindowManager: updateScale : 0.7614679
03-14 04:11:23.632 1009 1009 I notification_enqueue: [10086,8885,com.android.music,1,NULL,0,Notification(channel=Channel-music shortcut=null contentView=null vibrate=null sound=null defaults=0x0 flags=0x42 color=0x00000000 category=transport actions=4 vis=PRIVATE),1]
03-14 04:11:23.635 1009 1009 I notification_enqueue: [10086,8885,com.android.music,1,NULL,0,Notification(channel=Channel-music shortcut=null contentView=null vibrate=null sound=null defaults=0x0 flags=0x42 color=0x00000000 category=transport actions=4 vis=PRIVATE),1]
03-14 04:11:23.638 1009 1185 I ActivityTaskManager: clear resize flag in freeform mode
03-14 04:11:23.638 1009 1185 W WindowManager: updateScale : 0.7706422
03-14 04:11:23.643 1009 9310 W ActivityManager: Receiver with filter android.content.IntentFilter@dfabe79 already registered for pid 8885, callerPackage is com.android.music
03-14 04:11:23.655 1009 1185 I ActivityTaskManager: clear resize flag in freeform mode
03-14 04:11:23.655 1009 1185 W WindowManager: updateScale : 0.7782875
03-14 04:11:23.668 1009 9872 W ActivityManager: Receiver with filter android.content.IntentFilter@46227be already registered for pid 8885, callerPackage is com.android.music
03-14 04:11:23.671 1009 1185 I ActivityTaskManager: clear resize flag in freeform mode
03-14 04:11:23.672 1009 1185 W WindowManager: updateScale : 0.78287464
03-14 04:11:23.687 1009 9872 W WindowManager: updateScale : 0.78287464
03-14 04:11:23.690 1009 1185 I ActivityTaskManager: clear resize flag in freeform mode
03-14 04:11:23.690 1009 1185 W WindowManager: updateScale : 0.78746176
03-14 04:11:23.698 1009 9310 W ActivityManager: Receiver with filter android.content.IntentFilter@db001f already registered for pid 8885, callerPackage is com.android.music
03-14 04:11:23.701 1009 9310 W WindowManager: updateScale : 0.78746176
03-14 04:11:23.706 1009 1185 I ActivityTaskManager: clear resize flag in freeform mode
03-14 04:11:23.706 1009 1185 W WindowManager: updateScale : 0.78899086
03-14 04:11:23.713 1009 9310 W ActivityManager: Receiver with filter android.content.IntentFilter@e42af6c already registered for pid 8885, callerPackage is com.android.music
03-14 04:11:23.717 1009 9310 W WindowManager: updateScale : 0.78899086
03-14 04:11:23.722 1009 1185 I ActivityTaskManager: clear resize flag in freeform mode
03-14 04:11:23.723 1009 1185 W WindowManager: updateScale : 0.7905199
03-14 04:11:23.734 1009 9310 W WindowManager: updateScale : 0.7905199
03-14 04:11:23.739 1009 1185 I ActivityTaskManager: clear resize flag in freeform mode
03-14 04:11:23.739 1009 1185 W WindowManager: updateScale : 0.79204893
03-14 04:11:23.746 1009 9872 W ActivityManager: Receiver with filter android.content.IntentFilter@d5fc935 already registered for pid 8885, callerPackage is com.android.music
03-14 04:11:23.750 1009 9872 W WindowManager: updateScale : 0.79204893
03-14 04:11:23.756 1009 1185 I ActivityTaskManager: clear resize flag in freeform mode
03-14 04:11:23.756 1009 1185 W WindowManager: updateScale : 0.79357797
03-14 04:11:23.758 1009 1009 I GameModeConfig: isGameModeOn = false
03-14 04:11:23.759 1009 1009 I GameModeConfig: isGameModeOn = false
03-14 04:11:23.763 1009 9872 W ActivityManager: Receiver with filter android.content.IntentFilter@51501ca already registered for pid 8885, callerPackage is com.android.music
03-14 04:11:23.767 1009 9872 W WindowManager: updateScale : 0.79357797
03-14 04:11:23.773 1009 1185 I ActivityTaskManager: clear resize flag in freeform mode
03-14 04:11:23.773 1009 1185 W WindowManager: updateScale : 0.79357797
03-14 04:11:23.784 1009 9310 W WindowManager: updateScale : 0.79357797
03-14 04:11:23.800 1009 9872 W WindowManager: updateScale : 0.79357797
03-14 04:11:23.833 1009 1009 I GameModeConfig: isGameModeOn = false
03-14 04:11:23.834 1009 1009 I GameModeConfig: isGameModeOn = false
03-14 04:11:24.073 1009 1185 I ActivityTaskManager: clear resize flag in freeform mode
03-14 04:11:24.073 1009 1185 W WindowManager: updateScale : 0.72782874
03-14 04:11:24.074 1009 1185 W WindowManager: updateScale : 0.72782874
03-14 04:11:24.089 1009 9647 W ActivityManager: Receiver with filter android.content.IntentFilter@f697096 already registered for pid 8885, callerPackage is com.android.music
03-14 04:11:24.090 1009 1185 I ActivityTaskManager: clear resize flag in freeform mode
03-14 04:11:24.090 1009 1185 W WindowManager: updateScale : 0.6727829
03-14 04:11:24.106 1009 9647 W ActivityManager: Receiver with filter android.content.IntentFilter@a36d417 already registered for pid 8885, callerPackage is com.android.music
03-14 04:11:24.107 1009 1185 I ActivityTaskManager: clear resize flag in freeform mode
03-14 04:11:24.108 1009 1185 W WindowManager: updateScale : 0.6284404
03-14 04:11:24.123 1009 1185 I ActivityTaskManager: clear resize flag in freeform mode
03-14 04:11:24.123 1009 1185 W WindowManager: updateScale : 0.5902141
03-14 04:11:24.140 1009 1185 I ActivityTaskManager: clear resize flag in freeform mode
03-14 04:11:24.140 1009 1185 W WindowManager: updateScale : 0.559633
03-14 04:11:24.144 1009 9310 W ActivityManager: Receiver with filter android.content.IntentFilter@5830588 already registered for pid 8885, callerPackage is com.android.music
03-14 04:11:24.151 1009 9310 W WindowManager: updateScale : 0.559633
03-14 04:11:24.155 1009 1698 I GameModeConfig: isGameModeOn = false
03-14 04:11:24.155 1009 1698 I GameModeConfig: isGameModeOn = false
03-14 04:11:24.155 1009 1698 I GameModeConfig: isGameModeOn = false
03-14 04:11:24.155 1009 1698 I GameModeConfig: isGameModeOn = false
03-14 04:11:24.156 1009 1185 I ActivityTaskManager: clear resize flag in freeform mode
03-14 04:11:24.156 1009 1185 W WindowManager: updateScale : 0.5351682
03-14 04:11:24.168 1009 1009 I notification_enqueue: [10086,8885,com.android.music,1,NULL,0,Notification(channel=Channel-music shortcut=null contentView=null vibrate=null sound=null defaults=0x0 flags=0x42 color=0x00000000 category=transport actions=4 vis=PRIVATE),1]
03-14 04:11:24.171 1009 1009 I notification_enqueue: [10086,8885,com.android.music,1,NULL,0,Notification(channel=Channel-music shortcut=null contentView=null vibrate=null sound=null defaults=0x0 flags=0x42 color=0x00000000 category=transport actions=4 vis=PRIVATE),1]
03-14 04:11:24.173 1009 1185 I ActivityTaskManager: clear resize flag in freeform mode
03-14 04:11:24.173 1009 1185 W WindowManager: updateScale : 0.5152905
03-14 04:11:24.177 1009 9647 W ActivityManager: Receiver with filter android.content.IntentFilter@91af9ff already registered for pid 8885, callerPackage is com.android.music
03-14 04:11:24.185 1009 9310 W WindowManager: updateScale : 0.5152905
03-14 04:11:24.190 1009 1185 I ActivityTaskManager: clear resize flag in freeform mode
03-14 04:11:24.190 1009 1185 W WindowManager: updateScale : 0.5
03-14 04:11:24.204 1009 9310 W ActivityManager: Receiver with filter android.content.IntentFilter@2e253cc already registered for pid 8885, callerPackage is com.android.music
03-14 04:11:24.209 1009 1185 I ActivityTaskManager: clear resize flag in freeform mode
03-14 04:11:24.209 1009 1185 W WindowManager: updateScale : 0.48776758
03-14 04:11:24.222 1009 9310 W ActivityManager: Receiver with filter android.content.IntentFilter@bae0615 already registered for pid 8885, callerPackage is com.android.music
03-14 04:11:24.224 1009 1185 I ActivityTaskManager: clear resize flag in freeform mode
03-14 04:11:24.224 1009 1185 W WindowManager: updateScale : 0.47859326
03-14 04:11:24.236 1009 9310 W WindowManager: updateScale : 0.47859326
03-14 04:11:24.240 1009 1185 I ActivityTaskManager: clear resize flag in freeform mode
03-14 04:11:24.240 1009 1185 W WindowManager: updateScale : 0.470948
03-14 04:11:24.245 1009 9310 W ActivityManager: Receiver with filter android.content.IntentFilter@8312d2a already registered for pid 8885, callerPackage is com.android.music
03-14 04:11:24.251 1009 9310 W WindowManager: updateScale : 0.470948
03-14 04:11:24.257 1009 1185 I ActivityTaskManager: clear resize flag in freeform mode
03-14 04:11:24.257 1009 1185 W WindowManager: updateScale : 0.46636087
03-14 04:11:24.260 1009 9310 W ActivityManager: Receiver with filter android.content.IntentFilter@12f371b already registered for pid 8885, callerPackage is com.android.music
03-14 04:11:24.268 1009 9310 W WindowManager: updateScale : 0.46636087
03-14 04:11:24.273 1009 1185 I ActivityTaskManager: clear resize flag in freeform mode
03-14 04:11:24.274 1009 1185 W WindowManager: updateScale : 0.4617737
03-14 04:11:24.278 1009 9310 W ActivityManager: Receiver with filter android.content.IntentFilter@dc6e0b8 already registered for pid 8885, callerPackage is com.android.music
03-14 04:11:24.285 1009 9310 W WindowManager: updateScale : 0.4617737
03-14 04:11:24.290 1009 1185 I ActivityTaskManager: clear resize flag in freeform mode
03-14 04:11:24.291 1009 1185 W WindowManager: updateScale : 0.46024466
03-14 04:11:24.294 1009 9310 W ActivityManager: Receiver with filter android.content.IntentFilter@c75ee91 already registered for pid 8885, callerPackage is com.android.music
03-14 04:11:24.302 1009 9310 W WindowManager: updateScale : 0.46024466
03-14 04:11:24.307 1009 1185 I ActivityTaskManager: clear resize flag in freeform mode
03-14 04:11:24.307 1009 1185 W WindowManager: updateScale : 0.4587156
03-14 04:11:24.324 1009 1185 I ActivityTaskManager: clear resize flag in freeform mode
03-14 04:11:24.325 1009 1185 W WindowManager: updateScale : 0.45718655
03-14 04:11:24.340 1009 1185 I ActivityTaskManager: clear resize flag in freeform mode
03-14 04:11:24.340 1009 1185 W WindowManager: updateScale : 0.45565748
03-14 04:11:24.348 1009 9647 W ActivityManager: Receiver with filter android.content.IntentFilter@f8734da already registered for pid 8885, callerPackage is com.android.music
03-14 04:11:24.352 1009 9647 W WindowManager: updateScale : 0.45565748
03-14 04:11:24.357 1009 1185 I ActivityTaskManager: clear resize flag in freeform mode
03-14 04:11:24.357 1009 1185 W WindowManager: updateScale : 0.45565748
03-14 04:11:24.368 1009 1698 I GameModeConfig: isGameModeOn = false
03-14 04:11:24.368 1009 1698 I GameModeConfig: isGameModeOn = false
03-14 04:11:24.368 1009 1698 I GameModeConfig: isGameModeOn = false
03-14 04:11:24.368 1009 1698 I GameModeConfig: isGameModeOn = false
03-14 04:11:24.369 1009 1009 I GameModeConfig: isGameModeOn = false
03-14 04:11:24.372 1009 1009 I GameModeConfig: isGameModeOn = false
03-14 04:11:24.380 1009 9647 E NotificationService: Package enqueue rate is 5.3685603. Shedding 0|com.android.music|1|null|10086. package=com.android.music
03-14 04:11:24.390 1009 9623 W WindowManager: updateScale : 0.45565748
03-14 04:11:24.875 1009 1185 I ActivityTaskManager: clear resize flag in freeform mode
03-14 04:11:24.876 1009 1185 W WindowManager: updateScale : 0.5214067
03-14 04:11:24.888 1009 9310 W ActivityManager: Receiver with filter android.content.IntentFilter@e1c32f5 already registered for pid 8885, callerPackage is com.android.music
03-14 04:11:24.892 1009 1185 I ActivityTaskManager: clear resize flag in freeform mode
03-14 04:11:24.892 1009 1185 W WindowManager: updateScale : 0.5764526
03-14 04:11:24.908 1009 1185 I ActivityTaskManager: clear resize flag in freeform mode
03-14 04:11:24.909 1009 1185 W WindowManager: updateScale : 0.62079513
03-14 04:11:24.924 1009 9310 W WindowManager: updateScale : 0.62079513
03-14 04:11:24.926 1009 1185 I ActivityTaskManager: clear resize flag in freeform mode
03-14 04:11:24.926 1009 1185 W WindowManager: updateScale : 0.6590214
03-14 04:11:24.936 1009 9647 W ActivityManager: Receiver with filter android.content.IntentFilter@49a283a already registered for pid 8885, callerPackage is com.android.music
03-14 04:11:24.940 1009 1698 I GameModeConfig: isGameModeOn = false
03-14 04:11:24.940 1009 1698 I GameModeConfig: isGameModeOn = false
03-14 04:11:24.940 1009 1698 I GameModeConfig: isGameModeOn = false
03-14 04:11:24.940 1009 1698 I GameModeConfig: isGameModeOn = false
03-14 04:11:24.941 1009 1185 I ActivityTaskManager: clear resize flag in freeform mode
03-14 04:11:24.941 1009 1185 W WindowManager: updateScale : 0.68960243
03-14 04:11:24.953 1009 1009 I notification_enqueue: [10086,8885,com.android.music,1,NULL,0,Notification(channel=Channel-music shortcut=null contentView=null vibrate=null sound=null defaults=0x0 flags=0x42 color=0x00000000 category=transport actions=4 vis=PRIVATE),1]
03-14 04:11:24.955 1009 1009 I notification_enqueue: [10086,8885,com.android.music,1,NULL,0,Notification(channel=Channel-music shortcut=null contentView=null vibrate=null sound=null defaults=0x0 flags=0x42 color=0x00000000 category=transport actions=4 vis=PRIVATE),1]
03-14 04:11:24.958 1009 1185 I ActivityTaskManager: clear resize flag in freeform mode
03-14 04:11:24.958 1009 1185 W WindowManager: updateScale : 0.7140673
03-14 04:11:24.975 1009 1185 I ActivityTaskManager: clear resize flag in freeform mode
03-14 04:11:24.975 1009 1185 W WindowManager: updateScale : 0.73394495
03-14 04:11:24.975 1009 9623 W ActivityManager: Receiver with filter android.content.IntentFilter@2bcfa1d already registered for pid 8885, callerPackage is com.android.music
03-14 04:11:24.976 1009 9623 W ActivityManager: Receiver with filter android.content.IntentFilter@e198492 already registered for pid 8885, callerPackage is com.android.music
03-14 04:11:24.987 1009 9310 W WindowManager: updateScale : 0.73394495
03-14 04:11:24.991 1009 1185 I ActivityTaskManager: clear resize flag in freeform mode
03-14 04:11:24.992 1009 1185 W WindowManager: updateScale : 0.74923545
03-14 04:11:25.008 1009 1185 I ActivityTaskManager: clear resize flag in freeform mode
03-14 04:11:25.008 1009 1185 W WindowManager: updateScale : 0.7614679
03-14 04:11:25.009 1009 1185 W WindowManager: updateScale : 0.7614679
03-14 04:11:25.018 1009 9623 W ActivityManager: Receiver with filter android.content.IntentFilter@fec25b7 already registered for pid 8885, callerPackage is com.android.music
03-14 04:11:25.022 1009 9623 W WindowManager: updateScale : 0.7614679
03-14 04:11:25.025 1009 1185 I ActivityTaskManager: clear resize flag in freeform mode
03-14 04:11:25.025 1009 1185 W WindowManager: updateScale : 0.7706422
03-14 04:11:25.032 1009 9310 W ActivityManager: Receiver with filter android.content.IntentFilter@8a20b90 already registered for pid 8885, callerPackage is com.android.music
03-14 04:11:25.035 1009 1698 I GameModeConfig: isGameModeOn = false
03-14 04:11:25.035 1009 1698 I GameModeConfig: isGameModeOn = false
03-14 04:11:25.036 1009 1698 I GameModeConfig: isGameModeOn = false
03-14 04:11:25.036 1009 1698 I GameModeConfig: isGameModeOn = false
03-14 04:11:25.041 1009 1185 I ActivityTaskManager: clear resize flag in freeform mode
03-14 04:11:25.042 1009 1185 W WindowManager: updateScale : 0.7782875
03-14 04:11:25.046 1009 1009 I notification_enqueue: [10086,8885,com.android.music,1,NULL,0,Notification(channel=Channel-music shortcut=null contentView=null vibrate=null sound=null defaults=0x0 flags=0x42 color=0x00000000 category=transport actions=4 vis=PRIVATE),1]
03-14 04:11:25.050 1009 1009 I notification_enqueue: [10086,8885,com.android.music,1,NULL,0,Notification(channel=Channel-music shortcut=null contentView=null vibrate=null sound=null defaults=0x0 flags=0x42 color=0x00000000 category=transport actions=4 vis=PRIVATE),1]
03-14 04:11:25.053 1009 9310 W WindowManager: updateScale : 0.7782875
03-14 04:11:25.059 1009 1185 I ActivityTaskManager: clear resize flag in freeform mode
03-14 04:11:25.059 1009 1185 W WindowManager: updateScale : 0.78287464
03-14 04:11:25.067 1009 9310 W ActivityManager: Receiver with filter android.content.IntentFilter@8674ccb already registered for pid 8885, callerPackage is com.android.music
03-14 04:11:25.069 1009 9310 W WindowManager: updateScale : 0.78287464
03-14 04:11:25.075 1009 1185 I ActivityTaskManager: clear resize flag in freeform mode
03-14 04:11:25.075 1009 1185 W WindowManager: updateScale : 0.78746176
03-14 04:11:25.077 1009 9310 W WindowManager: updateScale : 0.78746176
03-14 04:11:25.082 1009 9310 W ActivityManager: Receiver with filter android.content.IntentFilter@d63bca8 already registered for pid 8885, callerPackage is com.android.music
03-14 04:11:25.087 1009 9310 W WindowManager: updateScale : 0.78746176
03-14 04:11:25.092 1009 1185 I ActivityTaskManager: clear resize flag in freeform mode
03-14 04:11:25.092 1009 1185 W WindowManager: updateScale : 0.78899086
03-14 04:11:25.105 1009 9310 W ActivityManager: Receiver with filter android.content.IntentFilter@8e2b3c1 already registered for pid 8885, callerPackage is com.android.music
03-14 04:11:25.109 1009 1185 I ActivityTaskManager: clear resize flag in freeform mode
03-14 04:11:25.110 1009 1185 W WindowManager: updateScale : 0.7905199
03-14 04:11:25.122 1009 9310 W WindowManager: updateScale : 0.7905199
03-14 04:11:25.126 1009 1185 I ActivityTaskManager: clear resize flag in freeform mode
03-14 04:11:25.126 1009 1185 W WindowManager: updateScale : 0.79204893
03-14 04:11:25.133 1009 9310 W ActivityManager: Receiver with filter android.content.IntentFilter@3918766 already registered for pid 8885, callerPackage is com.android.music
03-14 04:11:25.137 1009 9310 W WindowManager: updateScale : 0.79204893
03-14 04:11:25.142 1009 1185 I ActivityTaskManager: clear resize flag in freeform mode
03-14 04:11:25.143 1009 1185 W WindowManager: updateScale : 0.79357797
03-14 04:11:25.150 1009 9310 W ActivityManager: Receiver with filter android.content.IntentFilter@b1beaa7 already registered for pid 8885, callerPackage is com.android.music
03-14 04:11:25.154 1009 9310 W WindowManager: updateScale : 0.79357797
03-14 04:11:25.155 1009 1009 I GameModeConfig: isGameModeOn = false
03-14 04:11:25.156 1009 1009 I GameModeConfig: isGameModeOn = false
03-14 04:11:25.160 1009 1185 I ActivityTaskManager: clear resize flag in freeform mode
03-14 04:11:25.161 1009 1185 W WindowManager: updateScale : 0.79357797
03-14 04:11:25.171 1009 9310 W WindowManager: updateScale : 0.79357797
03-14 04:11:25.187 1009 9623 W WindowManager: updateScale : 0.79357797
03-14 04:11:25.247 1009 1009 I GameModeConfig: isGameModeOn = false
03-14 04:11:25.250 1009 1009 I GameModeConfig: isGameModeOn = false
03-14 04:11:25.326 1009 1185 I ActivityTaskManager: clear resize flag in freeform mode
03-14 04:11:25.326 1009 1185 W WindowManager: updateScale : 0.72782874
03-14 04:11:25.326 1009 1185 W WindowManager: updateScale : 0.72782874
03-14 04:11:25.341 1009 9623 W ActivityManager: Receiver with filter android.content.IntentFilter@e928a43 already registered for pid 8885, callerPackage is com.android.music
03-14 04:11:25.342 1009 1185 I ActivityTaskManager: clear resize flag in freeform mode
03-14 04:11:25.343 1009 1185 W WindowManager: updateScale : 0.6727829
03-14 04:11:25.359 1009 9623 W ActivityManager: Receiver with filter android.content.IntentFilter@d5778c0 already registered for pid 8885, callerPackage is com.android.music
03-14 04:11:25.360 1009 1185 I ActivityTaskManager: clear resize flag in freeform mode
03-14 04:11:25.361 1009 1185 W WindowManager: updateScale : 0.6284404
03-14 04:11:25.376 1009 1185 I ActivityTaskManager: clear resize flag in freeform mode
03-14 04:11:25.377 1009 1185 W WindowManager: updateScale : 0.5902141
03-14 04:11:25.392 1009 1185 I ActivityTaskManager: clear resize flag in freeform mode
03-14 04:11:25.393 1009 9623 W ActivityManager: Receiver with filter android.content.IntentFilter@6646d6d already registered for pid 8885, callerPackage is com.android.music
03-14 04:11:25.393 1009 1185 W WindowManager: updateScale : 0.559633
03-14 04:11:25.399 1009 9310 W ActivityManager: Receiver with filter android.content.IntentFilter@2ec51ee already registered for pid 8885, callerPackage is com.android.music
03-14 04:11:25.404 1009 9310 W WindowManager: updateScale : 0.559633
03-14 04:11:25.409 1009 1185 I ActivityTaskManager: clear resize flag in freeform mode
03-14 04:11:25.409 1009 1185 W WindowManager: updateScale : 0.5351682
03-14 04:11:25.410 1009 9647 W ActivityManager: Receiver with filter android.content.IntentFilter@ba9968f already registered for pid 8885, callerPackage is com.android.music
03-14 04:11:25.410 1009 1698 I GameModeConfig: isGameModeOn = false
03-14 04:11:25.411 1009 1698 I GameModeConfig: isGameModeOn = false
03-14 04:11:25.411 1009 1698 I GameModeConfig: isGameModeOn = false
03-14 04:11:25.411 1009 1698 I GameModeConfig: isGameModeOn = false
03-14 04:11:25.426 1009 1185 I ActivityTaskManager: clear resize flag in freeform mode
03-14 04:11:25.426 1009 1185 W WindowManager: updateScale : 0.5152905
03-14 04:11:25.429 1009 9647 W WindowManager: updateScale : 0.5152905
03-14 04:11:25.436 1009 2635 W ActivityManager: Receiver with filter android.content.IntentFilter@568b0c6 already registered for pid 8885, callerPackage is com.android.music
03-14 04:11:25.442 1009 1185 I ActivityTaskManager: clear resize flag in freeform mode
03-14 04:11:25.442 1009 1185 W WindowManager: updateScale : 0.5
03-14 04:11:25.455 1009 9647 W ActivityManager: Receiver with filter android.content.IntentFilter@293c887 already registered for pid 8885, callerPackage is com.android.music
03-14 04:11:25.459 1009 1185 I ActivityTaskManager: clear resize flag in freeform mode
03-14 04:11:25.460 1009 1185 W WindowManager: updateScale : 0.48776758
03-14 04:11:25.475 1009 9623 W ActivityManager: Receiver with filter android.content.IntentFilter@f6fb3b4 already registered for pid 8885, callerPackage is com.android.music
03-14 04:11:25.476 1009 1185 I ActivityTaskManager: clear resize flag in freeform mode
03-14 04:11:25.477 1009 1185 W WindowManager: updateScale : 0.47859326
03-14 04:11:25.489 1009 9623 W WindowManager: updateScale : 0.47859326
03-14 04:11:25.493 1009 1185 I ActivityTaskManager: clear resize flag in freeform mode
03-14 04:11:25.494 1009 1185 W WindowManager: updateScale : 0.470948
03-14 04:11:25.499 1009 9647 W ActivityManager: Receiver with filter android.content.IntentFilter@c888bdd already registered for pid 8885, callerPackage is com.android.music
03-14 04:11:25.505 1009 9623 W WindowManager: updateScale : 0.470948
03-14 04:11:25.510 1009 1185 I ActivityTaskManager: clear resize flag in freeform mode
03-14 04:11:25.510 1009 1185 W WindowManager: updateScale : 0.46636087
03-14 04:11:25.514 1009 9647 W ActivityManager: Receiver with filter android.content.IntentFilter@aaf1352 already registered for pid 8885, callerPackage is com.android.music
03-14 04:11:25.521 1009 9647 W WindowManager: updateScale : 0.46636087
03-14 04:11:25.526 1009 1185 I ActivityTaskManager: clear resize flag in freeform mode
03-14 04:11:25.527 1009 1185 W WindowManager: updateScale : 0.4617737
03-14 04:11:25.532 1009 9647 W ActivityManager: Receiver with filter android.content.IntentFilter@7da6623 already registered for pid 8885, callerPackage is com.android.music
03-14 04:11:25.538 1009 9647 W WindowManager: updateScale : 0.4617737
03-14 04:11:25.543 1009 1185 I ActivityTaskManager: clear resize flag in freeform mode
03-14 04:11:25.544 1009 1185 W WindowManager: updateScale : 0.46024466
03-14 04:11:25.549 1009 9647 W ActivityManager: Receiver with filter android.content.IntentFilter@52e5720 already registered for pid 8885, callerPackage is com.android.music
03-14 04:11:25.555 1009 9647 W WindowManager: updateScale : 0.46024466
03-14 04:11:25.560 1009 1185 I ActivityTaskManager: clear resize flag in freeform mode
03-14 04:11:25.560 1009 1185 W WindowManager: updateScale : 0.4587156
03-14 04:11:25.577 1009 1185 I ActivityTaskManager: clear resize flag in freeform mode
03-14 04:11:25.578 1009 1185 W WindowManager: updateScale : 0.45718655
03-14 04:11:25.593 1009 1185 I ActivityTaskManager: clear resize flag in freeform mode
03-14 04:11:25.594 1009 1185 W WindowManager: updateScale : 0.45565748
03-14 04:11:25.595 1009 9647 W ActivityManager: Receiver with filter android.content.IntentFilter@de9264d already registered for pid 8885, callerPackage is com.android.music
03-14 04:11:25.598 1009 9647 W WindowManager: updateScale : 0.45565748
03-14 04:11:25.610 1009 1185 I ActivityTaskManager: clear resize flag in freeform mode
03-14 04:11:25.610 1009 1185 W WindowManager: updateScale : 0.45565748
03-14 04:11:25.612 1009 1698 I GameModeConfig: isGameModeOn = false
03-14 04:11:25.612 1009 1698 I GameModeConfig: isGameModeOn = false
03-14 04:11:25.612 1009 1698 I GameModeConfig: isGameModeOn = false
03-14 04:11:25.612 1009 1698 I GameModeConfig: isGameModeOn = false
03-14 04:11:25.623 1009 1009 I notification_enqueue: [10086,8885,com.android.music,1,NULL,0,Notification(channel=Channel-music shortcut=null contentView=null vibrate=null sound=null defaults=0x0 flags=0x42 color=0x00000000 category=transport actions=4 vis=PRIVATE),1]
03-14 04:11:25.625 1009 1009 I notification_enqueue: [10086,8885,com.android.music,1,NULL,0,Notification(channel=Channel-music shortcut=null contentView=null vibrate=null sound=null defaults=0x0 flags=0x42 color=0x00000000 category=transport actions=4 vis=PRIVATE),1]
03-14 04:11:25.638 1009 9647 W WindowManager: updateScale : 0.45565748
03-14 04:11:25.824 1009 1009 I GameModeConfig: isGameModeOn = false
03-14 04:11:25.825 1009 1009 I GameModeConfig: isGameModeOn = false
03-14 04:11:26.095 1009 1185 I ActivityTaskManager: clear resize flag in freeform mode
03-14 04:11:26.096 1009 1185 W WindowManager: updateScale : 0.5214067
01-01 08:20:54.803 0 0 E DTC_ETH,link_delay_work_func: 3003, SQI=0, link=0
03-14 04:11:26.111 1009 2635 W ActivityManager: Receiver with filter android.content.IntentFilter@1901667 already registered for pid 8885, callerPackage is com.android.music
03-14 04:11:26.115 1009 1185 I ActivityTaskManager: clear resize flag in freeform mode
03-14 04:11:26.115 1009 1185 W WindowManager: updateScale : 0.5733945
03-14 04:11:26.129 1009 1185 I ActivityTaskManager: clear resize flag in freeform mode
03-14 04:11:26.130 1009 1185 W WindowManager: updateScale : 0.62079513
03-14 04:11:26.145 1009 1185 I ActivityTaskManager: clear resize flag in freeform mode
03-14 04:11:26.145 1009 1185 W WindowManager: updateScale : 0.6590214
03-14 04:11:26.147 1009 9647 W WindowManager: updateScale : 0.6590214
03-14 04:11:26.159 1009 9751 W ActivityManager: Receiver with filter android.content.IntentFilter@2c548d6 already registered for pid 8885, callerPackage is com.android.music
03-14 04:11:26.161 1009 1185 I ActivityTaskManager: clear resize flag in freeform mode
03-14 04:11:26.161 1009 1185 W WindowManager: updateScale : 0.6880734
03-14 04:11:26.162 1009 1698 I GameModeConfig: isGameModeOn = false
03-14 04:11:26.162 1009 1698 I GameModeConfig: isGameModeOn = false
03-14 04:11:26.162 1009 1698 I GameModeConfig: isGameModeOn = false
03-14 04:11:26.162 1009 1698 I GameModeConfig: isGameModeOn = false
03-14 04:11:26.178 1009 1009 I notification_enqueue: [10086,8885,com.android.music,1,NULL,0,Notification(channel=Channel-music shortcut=null contentView=null vibrate=null sound=null defaults=0x0 flags=0x42 color=0x00000000 category=transport actions=4 vis=PRIVATE),1]
03-14 04:11:26.178 1009 1185 I ActivityTaskManager: clear resize flag in freeform mode
03-14 04:11:26.178 1009 1185 W WindowManager: updateScale : 0.7140673
03-14 04:11:26.180 1009 1009 I notification_enqueue: [10086,8885,com.android.music,1,NULL,0,Notification(channel=Channel-music shortcut=null contentView=null vibrate=null sound=null defaults=0x0 flags=0x42 color=0x00000000 category=transport actions=4 vis=PRIVATE),1]
03-14 04:11:26.182 1009 3052 W ActivityManager: Receiver with filter android.content.IntentFilter@d9fea4f already registered for pid 8885, callerPackage is com.android.music
03-14 04:11:26.194 1009 1185 I ActivityTaskManager: clear resize flag in freeform mode
03-14 04:11:26.195 1009 1185 W WindowManager: updateScale : 0.73394495
03-14 04:11:26.200 1009 3052 W WindowManager: updateScale : 0.73394495
03-14 04:11:26.211 1009 1185 I ActivityTaskManager: clear resize flag in freeform mode
03-14 04:11:26.211 1009 1185 W WindowManager: updateScale : 0.74923545
03-14 04:11:26.224 1009 3052 W ActivityManager: Receiver with filter android.content.IntentFilter@f44510 already registered for pid 8885, callerPackage is com.android.music
03-14 04:11:26.229 1009 1185 I ActivityTaskManager: clear resize flag in freeform mode
03-14 04:11:26.229 1009 1185 W WindowManager: updateScale : 0.7614679
03-14 04:11:26.229 1009 1185 W WindowManager: updateScale : 0.7614679
03-14 04:11:26.233 1009 1698 I GameModeConfig: isGameModeOn = false
03-14 04:11:26.233 1009 1698 I GameModeConfig: isGameModeOn = false
03-14 04:11:26.234 1009 1698 I GameModeConfig: isGameModeOn = false
03-14 04:11:26.235 1009 1698 I GameModeConfig: isGameModeOn = false
03-14 04:11:26.244 1009 1185 I ActivityTaskManager: clear resize flag in freeform mode
03-14 04:11:26.245 1009 1185 W WindowManager: updateScale : 0.7706422
03-14 04:11:26.246 1009 1009 I notification_enqueue: [10086,8885,com.android.music,1,NULL,0,Notification(channel=Channel-music shortcut=null contentView=null vibrate=null sound=null defaults=0x0 flags=0x42 color=0x00000000 category=transport actions=4 vis=PRIVATE),1]
03-14 04:11:26.247 1009 1009 I notification_enqueue: [10086,8885,com.android.music,1,NULL,0,Notification(channel=Channel-music shortcut=null contentView=null vibrate=null sound=null defaults=0x0 flags=0x42 color=0x00000000 category=transport actions=4 vis=PRIVATE),1]
03-14 04:11:26.250 1009 9751 W ActivityManager: Receiver with filter android.content.IntentFilter@226ec4b already registered for pid 8885, callerPackage is com.android.music
03-14 04:11:26.261 1009 1185 I ActivityTaskManager: clear resize flag in freeform mode
03-14 04:11:26.261 1009 1185 W WindowManager: updateScale : 0.7782875
03-14 04:11:26.275 1009 3052 W ActivityManager: Receiver with filter android.content.IntentFilter@393a628 already registered for pid 8885, callerPackage is com.android.music
03-14 04:11:26.278 1009 1185 I ActivityTaskManager: clear resize flag in freeform mode
03-14 04:11:26.279 1009 1185 W WindowManager: updateScale : 0.78287464
03-14 04:11:26.291 1009 3052 W WindowManager: updateScale : 0.78287464
03-14 04:11:26.295 1009 1185 I ActivityTaskManager: clear resize flag in freeform mode
03-14 04:11:26.296 1009 1185 W WindowManager: updateScale : 0.78746176
03-14 04:11:26.303 1009 9310 W ActivityManager: Receiver with filter android.content.IntentFilter@d6e1f41 already registered for pid 8885, callerPackage is com.android.music
03-14 04:11:26.307 1009 9310 W WindowManager: updateScale : 0.78746176
03-14 04:11:26.312 1009 1185 I ActivityTaskManager: clear resize flag in freeform mode
03-14 04:11:26.313 1009 1185 W WindowManager: updateScale : 0.78899086
03-14 04:11:26.321 1009 9310 W ActivityManager: Receiver with filter android.content.IntentFilter@2af4ce6 already registered for pid 8885, callerPackage is com.android.music
03-14 04:11:26.324 1009 9310 W WindowManager: updateScale : 0.78899086
03-14 04:11:26.328 1009 1185 I ActivityTaskManager: clear resize flag in freeform mode
03-14 04:11:26.329 1009 1185 W WindowManager: updateScale : 0.7905199
03-14 04:11:26.340 1009 9310 W WindowManager: updateScale : 0.7905199
03-14 04:11:26.345 1009 1185 I ActivityTaskManager: clear resize flag in freeform mode
03-14 04:11:26.346 1009 1185 W WindowManager: updateScale : 0.79204893
03-14 04:11:26.353 1009 9310 W ActivityManager: Receiver with filter android.content.IntentFilter@df60227 already registered for pid 8885, callerPackage is com.android.music
03-14 04:11:26.357 1009 9310 W WindowManager: updateScale : 0.79204893
03-14 04:11:26.362 1009 1185 I ActivityTaskManager: clear resize flag in freeform mode
03-14 04:11:26.362 1009 1185 W WindowManager: updateScale : 0.79357797
