03-14 03:55:52.721 1009 1724 I wm_focused_root_task: [0,0,1,140,RecentsAnimation.onAnimationFinished()]
03-14 03:55:52.721 1009 1724 I wm_set_resumed_activity: [0,com.android.launcher3/.uioverrides.QuickstepLauncher,RecentsAnimation.onAnimationFinished()]
03-14 03:55:52.722 3708 3708 I wm_on_top_resumed_lost_called: [42740034,com.android.music.MusicBrowserActivity,topStateChangedWhenResumed]
03-14 03:55:52.723 1009 1724 I wm_pause_activity: [0,42740034,com.android.music/.MusicBrowserActivity,userLeaving=true,pauseBackTasks]
03-14 03:55:52.724 1009 1724 I wm_add_to_stopping: [0,42740034,com.android.music/.MusicBrowserActivity,makeInvisible]
03-14 03:55:52.725 1009 1724 I wm_set_resumed_activity: [0,com.android.launcher3/.uioverrides.QuickstepLauncher,resumeTopActivityInnerLocked]
03-14 03:55:52.729 1009 1724 I wm_resume_activity: [0,196755772,127,com.android.launcher3/.uioverrides.QuickstepLauncher]
03-14 03:55:52.731 2625 2625 I wm_on_resume_called: [196755772,com.android.launcher3.uioverrides.QuickstepLauncher,RESUME_ACTIVITY]
03-14 03:55:52.735 1009 1184 I input_focus: [Focus request b68d17 com.android.launcher3/com.android.launcher3.uioverrides.QuickstepLauncher,reason=UpdateInputWindows]
03-14 03:55:52.736 2625 2625 I wm_on_top_resumed_gained_called: [196755772,com.android.launcher3.uioverrides.QuickstepLauncher,topStateChangedWhenResumed]
03-14 03:55:52.736 3708 3708 I wm_on_paused_called: [42740034,com.android.music.MusicBrowserActivity,performPause]
03-14 03:55:52.746 1009 1183 I wm_stop_activity: [0,42740034,com.android.music/.MusicBrowserActivity]
03-14 03:55:52.755 1009 1587 I input_focus: [Focus leaving recents_animation_input_consumer (server),reason=NOT_VISIBLE]
03-14 03:55:52.756 1009 1183 I sysui_multi_action: [757,803,799,window_time_0,802,2]
03-14 03:55:52.756 1009 1587 I input_focus: [Focus entering b68d17 com.android.launcher3/com.android.launcher3.uioverrides.QuickstepLauncher (server),reason=setFocusedWindow]
03-14 03:55:52.763 3708 3708 I wm_on_stop_called: [42740034,com.android.music.MusicBrowserActivity,STOP_ACTIVITY_ITEM]
03-14 03:55:52.765 1009 1183 I sysui_multi_action: [757,803,799,window_time_0,802,0]
03-14 03:55:53.040 1009 1587 I input_interaction: Interaction with: b68d17 com.android.launcher3/com.android.launcher3.uioverrides.QuickstepLauncher (server), 8c59581 com.android.systemui.ImageWallpaper (server), edge-swipe (server), swipe-up (server), PointerEventDispatcher0 (server),
01-01 08:05:22.963 0 0 E DTC_ETH,link_delay_work_func: 3003, SQI=0, link=0
03-14 03:55:54.340 1009 2178 I wm_task_moved: [140,1,7]
03-14 03:55:54.340 1009 2178 I wm_task_to_front: [0,140]
03-14 03:55:54.341 1009 2178 I wm_focused_root_task: [0,0,140,1,bringingFoundTaskToFront]
03-14 03:55:54.341 1009 2178 I wm_set_resumed_activity: [0,com.android.music/.MusicBrowserActivity,bringingFoundTaskToFront]
03-14 03:55:54.346 1009 2178 I wm_set_resumed_activity: [0,com.android.music/.MusicBrowserActivity,resumeTopActivityInnerLocked]
03-14 03:55:54.347 1009 2178 I wm_resume_activity: [0,42740034,140,com.android.music/.MusicBrowserActivity]
03-14 03:55:54.348 1009 2178 I wm_new_intent: [0,42740034,140,com.android.music/.MusicBrowserActivity,android.intent.action.MAIN,NULL,NULL,270532608]
03-14 03:55:54.354 2625 2625 I wm_on_top_resumed_lost_called: [196755772,com.android.launcher3.uioverrides.QuickstepLauncher,topStateChangedWhenResumed]
03-14 03:55:54.370 3708 3708 I wm_on_restart_called: [42740034,com.android.music.MusicBrowserActivity,performRestartActivity]
03-14 03:55:54.373 3708 3708 I wm_on_start_called: [42740034,com.android.music.MusicBrowserActivity,handleStartActivity]
03-14 03:55:54.374 3708 3708 I wm_on_resume_called: [42740034,com.android.music.MusicBrowserActivity,RESUME_ACTIVITY]
03-14 03:55:54.375 3708 3708 I wm_on_paused_called: [42740034,com.android.music.MusicBrowserActivity,performPause]
03-14 03:55:54.378 3708 3708 I wm_on_resume_called: [42740034,com.android.music.MusicBrowserActivity,LIFECYCLER_RESUME_ACTIVITY]
03-14 03:55:54.378 3708 3708 I wm_on_top_resumed_gained_called: [42740034,com.android.music.MusicBrowserActivity,topStateChangedWhenResumed]
03-14 03:55:54.382 1009 1184 I input_focus: [Focus request b09f4ee com.android.music/com.android.music.MusicBrowserActivity,reason=UpdateInputWindows]
03-14 03:55:54.394 1009 1009 I notification_enqueue: [10086,3708,com.android.music,1,NULL,0,Notification(channel=Channel-music shortcut=null contentView=null vibrate=null sound=null defaults=0x0 flags=0x40 color=0x00000000 category=transport actions=4 vis=PRIVATE),1]
03-14 03:55:54.395 1009 1009 I notification_enqueue: [10086,3708,com.android.music,1,NULL,0,Notification(channel=Channel-music shortcut=null contentView=null vibrate=null sound=null defaults=0x0 flags=0x40 color=0x00000000 category=transport actions=4 vis=PRIVATE),1]
03-14 03:55:54.399 1009 1180 I sysui_multi_action: [319,58,322,58,325,320,757,761,758,9,759,2,806,com.android.music,871,com.android.music.MusicBrowserActivity,904,com.android.launcher3,905,0,1320,4,1321,1]
03-14 03:55:54.404 1009 1587 I input_focus: [Focus leaving b68d17 com.android.launcher3/com.android.launcher3.uioverrides.QuickstepLauncher (server),reason=setFocusedWindow]
03-14 03:55:54.404 1009 1587 I input_focus: [Focus entering b09f4ee com.android.music/com.android.music.MusicBrowserActivity (server),reason=setFocusedWindow]
03-14 03:55:56.204 1009 1587 I input_interaction: Interaction with: b09f4ee com.android.music/com.android.music.MusicBrowserActivity (server), edge-swipe (server), swipe-up (server), PointerEventDispatcher0 (server),
03-14 03:55:57.332 1009 1188 I am_pss : [3708,10086,com.android.music,44576768,36458496,0,173940736,0,2,7]
03-14 03:55:57.342 1009 1009 I notification_enqueue: [10086,3708,com.android.music,1,NULL,0,Notification(channel=Channel-music shortcut=null contentView=null vibrate=null sound=null defaults=0x0 flags=0x40 color=0x00000000 category=transport actions=4 vis=PRIVATE),1]
03-14 03:55:57.343 1009 1009 I notification_enqueue: [10086,3708,com.android.music,1,NULL,0,Notification(channel=Channel-music shortcut=null contentView=null vibrate=null sound=null defaults=0x0 flags=0x40 color=0x00000000 category=transport actions=4 vis=PRIVATE),1]
03-14 03:55:57.519 6881 6881 I auditd : type=1400 audit(0.0:3368): avc: denied { open } for comm="HCDN_DownloadEn" path="/proc/stat" dev="proc" ino=4026532236 scontext=u:r:untrusted_app:s0:c102,c256,c512,c768 tcontext=u:object_r:proc_stat:s0 tclass=file permissive=1 app=com.qiyi.video
03-14 03:55:57.519 6881 6881 I auditd : type=1400 audit(0.0:3369): avc: denied { getattr } for comm="HCDN_DownloadEn" path="/proc/stat" dev="proc" ino=4026532236 scontext=u:r:untrusted_app:s0:c102,c256,c512,c768 tcontext=u:object_r:proc_stat:s0 tclass=file permissive=1 app=com.qiyi.video
03-14 03:55:58.903 1009 1009 I notification_enqueue: [10086,3708,com.android.music,1,NULL,0,Notification(channel=Channel-music shortcut=null contentView=null vibrate=null sound=null defaults=0x0 flags=0x62 color=0x00000000 category=transport actions=4 vis=PRIVATE),1]
03-14 03:55:59.063 1009 1009 I notification_enqueue: [10086,3708,com.android.music,1,NULL,0,Notification(channel=Channel-music shortcut=null contentView=null vibrate=null sound=null defaults=0x0 flags=0x2 color=0x00000000 category=transport actions=4 vis=PRIVATE),1]
01-01 08:05:27.849 0 0 I afe_find_cal_topo_id_by_port: port id: 0x9000, dev_acdb_id: 0
01-01 08:05:27.849 0 0 I afe_find_cal_topo_id_by_port: top_id:112fc acdb_id:15 afe_port:0x9000
01-01 08:05:27.849 0 0 I afe_get_cal_topology_id: port_id = 0x9000 acdb_id = 15 topology_id = 0x112fc cal_type_index=8 ret=0
01-01 08:05:27.849 0 0 I afe_send_port_topology_id: AFE set topology id 0x112fc enable for port 0x9000 ret 0
01-01 08:05:27.849 0 0 I send_afe_cal_type: cal_index is 0
01-01 08:05:27.849 0 0 I send_afe_cal_type: dev_acdb_id[55] is 0
01-01 08:05:27.849 0 0 I send_afe_cal_type: Sending cal_index cal 0
01-01 08:05:27.849 0 0 E send_afe_cal_type: No cal sent for cal_index 0, port_id = 0x9000! ret -22
01-01 08:05:27.859 0 0 I afe_send_hw_delay: port_id 0x9000 rate 48000 delay_usec 474 status 0
03-14 03:55:59.264 1009 1009 I sysui_multi_action: [757,1501,758,1,793,8471,794,0,795,202,796,1,806,com.android.music,857,Channel-music,858,2,947,0,1500,0,1641,transport,1688,1,1745,1043716538]
03-14 03:55:59.264 1009 1009 I sysui_multi_action: [757,804,799,note_interruptive,801,0,802,1]
03-14 03:55:59.338 1009 1009 I notification_enqueue: [10086,3708,com.android.music,1,NULL,0,Notification(channel=Channel-music shortcut=null contentView=null vibrate=null sound=null defaults=0x0 flags=0x2 color=0x00000000 category=transport actions=4 vis=PRIVATE),1]
01-01 08:05:28.083 0 0 E DTC_ETH,link_delay_work_func: 3003, SQI=0, link=0
03-14 03:55:59.502 1009 1009 I notification_enqueue: [10086,3708,com.android.music,1,NULL,0,Notification(channel=Channel-music shortcut=null contentView=null vibrate=null sound=null defaults=0x0 flags=0x2 color=0x00000000 category=transport actions=4 vis=PRIVATE),1]
01-01 08:05:31.187 0 0 W rpmh_rsc_send_data: 2 callbacks suppressed
01-01 08:05:31.187 0 0 I qcom_rpmh DRV: apps_rsc TCS Busy, retrying RPMH message send: addr=0x41b08
03-14 03:56:02.967 0 0 I auditd : type=1400 audit(0.0:3370): avc: denied { kill } for comm="swapper/0" capability=5 scontext=u:r:kernel:s0 tcontext=u:r:kernel:s0 tclass=capability permissive=1
03-14 03:56:03.851 1009 1009 I notification_enqueue: [10086,3708,com.android.music,1,NULL,0,Notification(channel=Channel-music shortcut=null contentView=null vibrate=null sound=null defaults=0x0 flags=0x0 color=0x00000000 category=transport actions=4 vis=PRIVATE),1]
03-14 03:56:03.870 1009 3052 I snet_event_log: [172655291,-1,]
03-14 03:56:04.500 1009 2156 I wm_finish_activity: [0,42740034,140,com.android.music/.MusicBrowserActivity,finish-activity]
03-14 03:56:04.501 1009 2156 I wm_task_moved: [1,1,7]
03-14 03:56:04.507 1009 2156 I wm_set_resumed_activity: [0,com.android.launcher3/.uioverrides.QuickstepLauncher,positionChildAt]
03-14 03:56:04.507 1009 2156 I wm_task_moved: [127,1,2147483647]
03-14 03:56:04.507 1009 2156 I wm_task_to_front: [0,127]
03-14 03:56:04.507 1009 2156 I wm_focused_root_task: [0,0,1,-1,finish-top adjustFocusToNextFocusableTask]
03-14 03:56:04.507 1009 2156 I wm_set_resumed_activity: [0,com.android.launcher3/.uioverrides.QuickstepLauncher,finish-top]
03-14 03:56:04.508 1009 2156 I wm_pause_activity: [0,42740034,com.android.music/.MusicBrowserActivity,userLeaving=false,finish]
01-01 08:05:33.203 0 0 E DTC_ETH,link_delay_work_func: 3003, SQI=0, link=0
03-14 03:56:04.513 1009 1587 I input_focus: [Focus leaving b09f4ee com.android.music/com.android.music.MusicBrowserActivity (server),reason=NOT_VISIBLE]
03-14 03:56:04.514 3708 3708 I wm_on_top_resumed_lost_called: [42740034,com.android.music.MusicBrowserActivity,topStateChangedWhenResumed]
03-14 03:56:04.515 1009 1184 I input_focus: [Focus request b68d17 com.android.launcher3/com.android.launcher3.uioverrides.QuickstepLauncher,reason=UpdateInputWindows]
03-14 03:56:04.516 2625 2625 I wm_on_top_resumed_gained_called: [196755772,com.android.launcher3.uioverrides.QuickstepLauncher,topStateChangedWhenResumed]
03-14 03:56:04.519 1009 1183 I sysui_multi_action: [757,803,799,window_time_0,802,11]
03-14 03:56:04.526 3708 3708 I wm_on_paused_called: [42740034,com.android.music.MusicBrowserActivity,performPause]
03-14 03:56:04.528 1009 2156 I wm_destroy_activity: [0,42740034,140,com.android.music/.MusicBrowserActivity,finish-imm:completePausedLocked]
03-14 03:56:04.533 1009 1183 I sysui_multi_action: [757,803,799,window_time_0,802,1]
03-14 03:56:04.533 1009 1587 I input_focus: [Focus entering b68d17 com.android.launcher3/com.android.launcher3.uioverrides.QuickstepLauncher (server),reason=setFocusedWindow]
03-14 03:56:04.536 1009 1009 I sysui_multi_action: [757,128,758,5,759,8,793,13744,794,0,795,686,796,1,806,com.android.music,857,Channel-music,858,2,947,0,1500,686,1641,transport,1688,1,1745,1043716538]
03-14 03:56:04.536 1009 1009 I notification_canceled: [0|com.android.music|1|null|10086,8,13744,686,0,-1,-1,NULL]
03-14 03:56:04.548 3708 3708 I wm_on_stop_called: [42740034,com.android.music.MusicBrowserActivity,LIFECYCLER_STOP_ACTIVITY]
03-14 03:56:04.552 3708 3708 I wm_on_destroy_called: [42740034,com.android.music.MusicBrowserActivity,performDestroy]
03-14 03:56:04.557 1009 2156 I wm_task_removed: [140,removeChild:removeChild last r=ActivityRecord{28c2942 u0 com.android.music/.MusicBrowserActivity t-1 f}} in t=Task{419a8f9 #140 type=standard A=10086:android.task.music U=0 visible=false mode=freeform translucent=true sz=0}]
03-14 03:56:04.557 1009 2156 I wm_task_removed: [140,removeChild]
03-14 03:56:04.573 1009 1009 I notification_enqueue: [10078,2029,com.android.systemui,1,empty_media,0,Notification(channel=empty_media_style_id shortcut=null contentView=null vibrate=null sound=null defaults=0x0 flags=0x20 color=0x00000000 category=transport groupKey=empty_media actions=4 vis=PRIVATE),0]
03-14 03:56:04.775 1009 1009 I sysui_multi_action: [757,1501,758,1,793,202,794,0,795,202,796,1,797,empty_media,806,com.android.systemui,857,empty_media_style_id,858,4,946,empty_media,947,0,1500,0,1641,transport,1688,1,1745,1043716538]
03-14 03:56:04.775 1009 1009 I sysui_multi_action: [757,804,799,note_interruptive,801,0,802,1]
03-14 03:56:05.402 1009 1587 I input_interaction: Interaction with: b68d17 com.android.launcher3/com.android.launcher3.uioverrides.QuickstepLauncher (server), 8c59581 com.android.systemui.ImageWallpaper (server), edge-swipe (server), swipe-up (server), PointerEventDispatcher0 (server),
03-14 03:56:05.404 1009 1009 I service_manager_stats: [100,57,25516]
01-01 08:05:34.995 0 0 E spss_utils [spss_wait_for_event]: wait for event [1] timeout [300] sec expired
03-14 03:56:06.482 1009 2148 I wm_task_created: [141,-1]
03-14 03:56:06.485 1009 2148 I wm_task_moved: [141,1,7]
03-14 03:56:06.485 1009 2148 I wm_task_to_front: [0,141]
03-14 03:56:06.485 1009 2148 I wm_create_task: [0,141]
03-14 03:56:06.485 1009 2148 I wm_create_activity: [0,116519471,141,com.android.music/.VideoBrowserActivity,android.intent.action.MAIN,NULL,NULL,270532608]
03-14 03:56:06.485 1009 2148 I wm_task_moved: [141,1,7]
03-14 03:56:06.486 1009 2148 I wm_restart_activity: [0,116519471,141,com.android.music/.VideoBrowserActivity]
03-14 03:56:06.487 1009 2148 I wm_set_resumed_activity: [0,com.android.music/.VideoBrowserActivity,minimalResumeActivityLocked]
03-14 03:56:06.491 2625 2625 I wm_on_top_resumed_lost_called: [196755772,com.android.launcher3.uioverrides.QuickstepLauncher,topStateChangedWhenResumed]
03-14 03:56:06.505 3708 3708 I wm_on_create_called: [116519471,com.android.music.VideoBrowserActivity,performCreate]
03-14 03:56:06.505 3708 3708 I wm_on_start_called: [116519471,com.android.music.VideoBrowserActivity,handleStartActivity]
03-14 03:56:06.506 3708 3708 I wm_on_resume_called: [116519471,com.android.music.VideoBrowserActivity,RESUME_ACTIVITY]
03-14 03:56:06.507 3708 3708 I wm_on_top_resumed_gained_called: [116519471,com.android.music.VideoBrowserActivity,topStateChangedWhenResumed]
03-14 03:56:06.517 1009 1184 I input_focus: [Focus request 63b4ea0 com.android.music/com.android.music.VideoBrowserActivity,reason=UpdateInputWindows]
03-14 03:56:06.525 1009 1180 I sysui_multi_action: [319,46,322,46,325,332,757,761,758,8,759,2,806,com.android.music,871,com.android.music.VideoBrowserActivity,904,com.android.launcher3,905,0,1320,4,1321,1]
03-14 03:56:06.525 1009 1180 I wm_activity_launch_time: [0,116519471,com.android.music/.VideoBrowserActivity,46]
03-14 03:56:06.532 1009 1587 I input_focus: [Focus leaving b68d17 com.android.launcher3/com.android.launcher3.uioverrides.QuickstepLauncher (server),reason=setFocusedWindow]
03-14 03:56:06.532 1009 1587 I input_focus: [Focus entering 63b4ea0 com.android.music/com.android.music.VideoBrowserActivity (server),reason=setFocusedWindow]
03-14 03:56:06.571 1009 1188 I am_pss : [7505,10064,com.android.gallery3d,35568640,29978624,0,158380032,0,16,6]
03-14 03:56:06.577 1009 1188 I am_pss : [7362,1000,system:ui,27329536,18239488,0,160301056,0,19,6]
03-14 03:56:06.691 6881 6881 I auditd : type=1400 audit(0.0:3371): avc: denied { open } for comm="HCDN_DownloadEn" path="/proc/stat" dev="proc" ino=4026532236 scontext=u:r:untrusted_app:s0:c102,c256,c512,c768 tcontext=u:object_r:proc_stat:s0 tclass=file permissive=1 app=com.qiyi.video
03-14 03:56:06.691 6881 6881 I auditd : type=1400 audit(0.0:3372): avc: denied { getattr } for comm="HCDN_DownloadEn" path="/proc/stat" dev="proc" ino=4026532236 scontext=u:r:untrusted_app:s0:c102,c256,c512,c768 tcontext=u:object_r:proc_stat:s0 tclass=file permissive=1 app=com.qiyi.video
03-14 03:56:06.967 0 0 I auditd : type=1400 audit(0.0:3373): avc: denied { kill } for comm="swapper/0" capability=5 scontext=u:r:kernel:s0 tcontext=u:r:kernel:s0 tclass=capability permissive=1
03-14 03:56:07.284 1009 1587 I input_interaction: Interaction with: 63b4ea0 com.android.music/com.android.music.VideoBrowserActivity (server), edge-swipe (server), swipe-up (server), PointerEventDispatcher0 (server),
03-14 03:56:07.444 1009 2178 I wm_task_moved: [141,1,7]
03-14 03:56:07.444 1009 2178 I wm_set_resumed_activity: [0,com.android.music/.VideoBrowserActivity,positionChildAt]
03-14 03:56:07.444 1009 2178 I wm_create_activity: [0,101024682,141,android/com.android.internal.app.ResolverActivity,android.intent.action.VIEW,video/mp4,content://media/external/video/media/21,8388608]
03-14 03:56:07.444 1009 2178 I wm_pause_activity: [0,116519471,com.android.music/.VideoBrowserActivity,userLeaving=true,resumeTopActivityInnerLocked]
03-14 03:56:07.447 3708 3708 I wm_on_top_resumed_lost_called: [116519471,com.android.music.VideoBrowserActivity,topStateChangedWhenResumed]
03-14 03:56:07.447 3708 3708 I wm_on_paused_called: [116519471,com.android.music.VideoBrowserActivity,performPause]
03-14 03:56:07.449 1009 2148 I wm_restart_activity: [0,101024682,141,android/com.android.internal.app.ResolverActivity]
03-14 03:56:07.450 1009 2148 I wm_set_resumed_activity: [0,android/com.android.internal.app.ResolverActivity,minimalResumeActivityLocked]
03-14 03:56:07.452 1009 1183 I sysui_multi_action: [757,803,799,window_time_0,802,2]
03-14 03:56:07.462 7362 7362 I sysui_multi_action: [757,453,758,4,806,android.intent.action.VIEW:video/mp4:]
03-14 03:56:07.462 7362 7362 I wm_on_create_called: [101024682,com.android.internal.app.ResolverActivity,performCreate]
03-14 03:56:07.464 7362 7362 I wm_on_start_called: [101024682,com.android.internal.app.ResolverActivity,handleStartActivity]
03-14 03:56:07.464 7362 7362 I wm_on_resume_called: [101024682,com.android.internal.app.ResolverActivity,RESUME_ACTIVITY]
03-14 03:56:07.466 7362 7362 I wm_on_top_resumed_gained_called: [101024682,com.android.internal.app.ResolverActivity,topStateChangedWhenResumed]
03-14 03:56:07.471 1009 1184 I input_focus: [Focus request cbe5950 android/com.android.internal.app.ResolverActivity,reason=UpdateInputWindows]
03-14 03:56:07.479 1009 1180 I sysui_multi_action: [319,36,322,36,325,333,757,761,758,8,759,2,806,android,871,com.android.internal.app.ResolverActivity,904,com.android.music,905,0,1320,12,1321,1]
03-14 03:56:07.480 1009 1180 I wm_activity_launch_time: [0,101024682,android/com.android.internal.app.ResolverActivity,36]
03-14 03:56:07.484 1009 1587 I input_focus: [Focus leaving 63b4ea0 com.android.music/com.android.music.VideoBrowserActivity (server),reason=setFocusedWindow]
03-14 03:56:07.484 1009 1587 I input_focus: [Focus entering cbe5950 android/com.android.internal.app.ResolverActivity (server),reason=setFocusedWindow]
03-14 03:56:08.812 1009 1587 I input_interaction: Interaction with: cbe5950 android/com.android.internal.app.ResolverActivity (server), edge-swipe (server), swipe-up (server), PointerEventDispatcher0 (server),
03-14 03:56:08.935 1009 3052 I wm_finish_activity: [0,101024682,141,android/com.android.internal.app.ResolverActivity,app-request]
03-14 03:56:08.945 1009 3052 I wm_pause_activity: [0,101024682,android/com.android.internal.app.ResolverActivity,userLeaving=false,finish]
03-14 03:56:08.949 7362 7362 I wm_on_top_resumed_lost_called: [101024682,com.android.internal.app.ResolverActivity,topStateChangedWhenResumed]
03-14 03:56:08.952 7362 7362 I wm_on_paused_called: [101024682,com.android.internal.app.ResolverActivity,performPause]
03-14 03:56:08.956 1009 3052 I wm_set_resumed_activity: [0,com.android.music/.VideoBrowserActivity,resumeTopActivityInnerLocked]
03-14 03:56:08.958 1009 3052 I wm_resume_activity: [0,116519471,141,com.android.music/.VideoBrowserActivity]
03-14 03:56:08.959 3708 3708 I wm_on_resume_called: [116519471,com.android.music.VideoBrowserActivity,RESUME_ACTIVITY]
03-14 03:56:08.959 3708 3708 I wm_on_top_resumed_gained_called: [116519471,com.android.music.VideoBrowserActivity,topWhenResuming]
03-14 03:56:08.973 1009 1587 I input_focus: [Focus leaving cbe5950 android/com.android.internal.app.ResolverActivity (server),reason=NO_WINDOW]
03-14 03:56:08.974 1009 1184 I input_focus: [Focus request 63b4ea0 com.android.music/com.android.music.VideoBrowserActivity,reason=UpdateInputWindows]
03-14 03:56:08.975 1009 1183 I sysui_multi_action: [757,803,799,window_time_2,802,2]
03-14 03:56:08.989 1009 1587 I input_focus: [Focus entering 63b4ea0 com.android.music/com.android.music.VideoBrowserActivity (server),reason=setFocusedWindow]
03-14 03:56:09.222 1009 1183 I wm_destroy_activity: [0,101024682,141,android/com.android.internal.app.ResolverActivity,finish-transit]
03-14 03:56:09.229 7362 7362 I wm_on_stop_called: [101024682,com.android.internal.app.ResolverActivity,LIFECYCLER_STOP_ACTIVITY]
03-14 03:56:09.231 7362 7362 I wm_on_destroy_called: [101024682,com.android.internal.app.ResolverActivity,performDestroy]
03-14 03:56:09.563 1009 1587 I input_interaction: Interaction with: 63b4ea0 com.android.music/com.android.music.VideoBrowserActivity (server), edge-swipe (server), swipe-up (server), PointerEventDispatcher0 (server),
01-01 08:05:38.323 0 0 E DTC_ETH,link_delay_work_func: 3003, SQI=0, link=0
03-14 03:56:10.087 1009 2178 I wm_task_moved: [141,1,7]
03-14 03:56:10.087 1009 2178 I wm_set_resumed_activity: [0,com.android.music/.VideoBrowserActivity,positionChildAt]
03-14 03:56:10.087 1009 2178 I wm_create_activity: [0,91697515,141,android/com.android.internal.app.ResolverActivity,android.intent.action.VIEW,video/mp4,content://media/external/video/media/21,8388608]
03-14 03:56:10.088 1009 2178 I wm_pause_activity: [0,116519471,com.android.music/.VideoBrowserActivity,userLeaving=true,resumeTopActivityInnerLocked]
03-14 03:56:10.090 3708 3708 I wm_on_top_resumed_lost_called: [116519471,com.android.music.VideoBrowserActivity,topStateChangedWhenResumed]
03-14 03:56:10.090 3708 3708 I wm_on_paused_called: [116519471,com.android.music.VideoBrowserActivity,performPause]
03-14 03:56:10.092 1009 3052 I wm_restart_activity: [0,91697515,141,android/com.android.internal.app.ResolverActivity]
03-14 03:56:10.093 1009 3052 I wm_set_resumed_activity: [0,android/com.android.internal.app.ResolverActivity,minimalResumeActivityLocked]
03-14 03:56:10.095 1009 1183 I sysui_multi_action: [757,803,799,window_time_2,802,1]
03-14 03:56:10.106 7362 7362 I sysui_multi_action: [757,453,758,4,806,android.intent.action.VIEW:video/mp4:]
03-14 03:56:10.106 7362 7362 I wm_on_create_called: [91697515,com.android.internal.app.ResolverActivity,performCreate]
03-14 03:56:10.108 7362 7362 I wm_on_start_called: [91697515,com.android.internal.app.ResolverActivity,handleStartActivity]
03-14 03:56:10.108 7362 7362 I wm_on_resume_called: [91697515,com.android.internal.app.ResolverActivity,RESUME_ACTIVITY]
03-14 03:56:10.110 7362 7362 I wm_on_top_resumed_gained_called: [91697515,com.android.internal.app.ResolverActivity,topStateChangedWhenResumed]
03-14 03:56:10.127 1009 1184 I input_focus: [Focus request e7d3399 android/com.android.internal.app.ResolverActivity,reason=UpdateInputWindows]
03-14 03:56:10.134 1009 1180 I sysui_multi_action: [319,53,322,53,325,336,757,761,758,8,759,2,806,android,871,com.android.internal.app.ResolverActivity,904,com.android.music,905,0,1320,12,1321,1]
03-14 03:56:10.135 1009 1180 I wm_activity_launch_time: [0,91697515,android/com.android.internal.app.ResolverActivity,53]
03-14 03:56:10.142 1009 1587 I input_focus: [Focus leaving 63b4ea0 com.android.music/com.android.music.VideoBrowserActivity (server),reason=setFocusedWindow]
03-14 03:56:10.142 1009 1587 I input_focus: [Focus entering e7d3399 android/com.android.internal.app.ResolverActivity (server),reason=setFocusedWindow]
03-14 03:56:11.200 1009 1587 I input_interaction: Interaction with: e7d3399 android/com.android.internal.app.ResolverActivity (server), edge-swipe (server), swipe-up (server), PointerEventDispatcher0 (server),
03-14 03:56:11.858 7362 7362 I sysui_multi_action: [757,1651,758,4,759,0]
03-14 03:56:12.934 1009 2153 I wm_task_moved: [141,1,7]
03-14 03:56:12.934 1009 2153 I wm_set_resumed_activity: [0,android/com.android.internal.app.ResolverActivity,positionChildAt]
03-14 03:56:12.934 1009 2153 I wm_create_activity: [0,257016139,141,com.android.gallery3d/.app.MovieActivity,android.intent.action.VIEW,video/mp4,content://media/external/video/media/21,50331648]
03-14 03:56:12.935 1009 2153 I wm_pause_activity: [0,91697515,android/com.android.internal.app.ResolverActivity,userLeaving=true,resumeTopActivityInnerLocked]
03-14 03:56:12.936 7362 7362 I sysui_multi_action: [757,455,758,4]
03-14 03:56:12.936 7362 7362 I sysui_multi_action: [757,454,758,4]
03-14 03:56:12.937 1009 2153 I wm_finish_activity: [0,91697515,141,android/com.android.internal.app.ResolverActivity,app-request]
03-14 03:56:12.941 7362 7362 I wm_on_top_resumed_lost_called: [91697515,com.android.internal.app.ResolverActivity,topStateChangedWhenResumed]
03-14 03:56:12.941 7362 7362 I wm_on_paused_called: [91697515,com.android.internal.app.ResolverActivity,performPause]
03-14 03:56:12.941 1009 2153 I wm_add_to_stopping: [0,91697515,android/com.android.internal.app.ResolverActivity,completeFinishing]
03-14 03:56:12.942 1009 2153 I wm_restart_activity: [0,257016139,141,com.android.gallery3d/.app.MovieActivity]
03-14 03:56:12.943 1009 2153 I wm_set_resumed_activity: [0,com.android.gallery3d/.app.MovieActivity,minimalResumeActivityLocked]
03-14 03:56:12.945 1009 1183 I sysui_multi_action: [757,803,799,window_time_2,802,3]
03-14 03:56:12.961 7505 7505 I wm_on_create_called: [257016139,com.android.gallery3d.app.MovieActivity,performCreate]
03-14 03:56:12.963 1009 1587 I input_focus: [Focus leaving e7d3399 android/com.android.internal.app.ResolverActivity (server),reason=NO_WINDOW]
03-14 03:56:12.963 7505 7505 I wm_on_start_called: [257016139,com.android.gallery3d.app.MovieActivity,handleStartActivity]
03-14 03:56:12.964 7505 7505 I wm_on_resume_called: [257016139,com.android.gallery3d.app.MovieActivity,RESUME_ACTIVITY]
03-14 03:56:12.966 7505 7505 I wm_on_top_resumed_gained_called: [257016139,com.android.gallery3d.app.MovieActivity,topStateChangedWhenResumed]
03-14 03:56:12.982 1009 1184 I input_focus: [Focus request 1c87279 com.android.gallery3d/com.android.gallery3d.app.MovieActivity,reason=UpdateInputWindows]
03-14 03:56:13.016 1009 1180 I sysui_multi_action: [319,86,322,86,325,339,757,761,758,8,759,2,806,com.android.gallery3d,871,com.android.gallery3d.app.MovieActivity,904,com.android.music,905,0,1320,4,1321,1]
03-14 03:56:13.016 1009 1180 I wm_activity_launch_time: [0,257016139,com.android.gallery3d/.app.MovieActivity,86]
03-14 03:56:13.031 1009 1587 I input_focus: [Focus entering 1c87279 com.android.gallery3d/com.android.gallery3d.app.MovieActivity (server),reason=Window became focusable. Previous reason: NOT_VISIBLE]
01-01 08:05:41.752 0 0 I msm_vidc: high: 00000001: ....d: Opening video instance: 0000000000000000, 1
01-01 08:05:41.753 0 0 I msm_vidc: err : 00000001: ....d: Failed to create debugfs for msm_vidc
03-14 03:56:13.219 5866 5866 I auditd : type=1400 audit(0.0:3374): avc: denied { open } for comm="HCDN_DownloadEn" path="/proc/stat" dev="proc" ino=4026532236 scontext=u:r:untrusted_app:s0:c102,c256,c512,c768 tcontext=u:object_r:proc_stat:s0 tclass=file permissive=1 app=com.qiyi.video
03-14 03:56:13.219 5866 5866 I auditd : type=1400 audit(0.0:3375): avc: denied { getattr } for comm="HCDN_DownloadEn" path="/proc/stat" dev="proc" ino=4026532236 scontext=u:r:untrusted_app:s0:c102,c256,c512,c768 tcontext=u:object_r:proc_stat:s0 tclass=file permissive=1 app=com.qiyi.video
03-14 03:56:13.303 1009 1183 I wm_destroy_activity: [0,91697515,141,android/com.android.internal.app.ResolverActivity,finish-imm:idle]
03-14 03:56:13.314 7362 7362 I wm_on_stop_called: [91697515,com.android.internal.app.ResolverActivity,LIFECYCLER_STOP_ACTIVITY]
03-14 03:56:13.318 7362 7362 I wm_on_destroy_called: [91697515,com.android.internal.app.ResolverActivity,performDestroy]
03-14 03:56:13.967 0 0 I auditd : type=1400 audit(0.0:3376): avc: denied { kill } for comm="swapper/7" capability=5 scontext=u:r:kernel:s0 tcontext=u:r:kernel:s0 tclass=capability permissive=1
03-14 03:56:14.011 1009 1587 I input_interaction: Interaction with: 1c87279 com.android.gallery3d/com.android.gallery3d.app.MovieActivity (server), edge-swipe (server), swipe-up (server), PointerEventDispatcher0 (server),
01-01 08:05:43.443 0 0 E DTC_ETH,link_delay_work_func: 3003, SQI=0, link=0
01-01 08:05:44.117 0 0 I msm_vidc: err : ffffffff: .....: DBLP Set: status 0
01-01 08:05:48.563 0 0 E DTC_ETH,link_delay_work_func: 3003, SQI=0, link=0
03-14 03:56:21.813 1009 2153 I wm_relaunch_resume_activity: [0,257016139,141,com.android.gallery3d/.app.MovieActivity]
03-14 03:56:21.814 1009 2153 I wm_add_to_stopping: [0,116519471,com.android.music/.VideoBrowserActivity,makeInvisible]
03-14 03:56:21.814 1009 2153 I wm_add_to_stopping: [0,196755772,com.android.launcher3/.uioverrides.QuickstepLauncher,makeInvisible]
03-14 03:56:21.816 1009 1183 I wm_relaunch_activity: [0,116519471,141,com.android.music/.VideoBrowserActivity]
03-14 03:56:21.828 3708 3708 I wm_on_stop_called: [116519471,com.android.music.VideoBrowserActivity,handleRelaunchActivity]
03-14 03:56:21.832 3708 3708 I wm_on_destroy_called: [116519471,com.android.music.VideoBrowserActivity,performDestroy]
03-14 03:56:21.834 7505 7505 I wm_on_top_resumed_lost_called: [257016139,com.android.gallery3d.app.MovieActivity,pausing]
03-14 03:56:21.856 3708 3708 I wm_on_create_called: [116519471,com.android.music.VideoBrowserActivity,performCreate]
03-14 03:56:21.856 3708 3708 I wm_on_start_called: [116519471,com.android.music.VideoBrowserActivity,handleStartActivity]
03-14 03:56:21.858 3708 3708 I wm_on_resume_called: [116519471,com.android.music.VideoBrowserActivity,LIFECYCLER_RESUME_ACTIVITY]
03-14 03:56:21.859 3708 3708 I wm_on_paused_called: [116519471,com.android.music.VideoBrowserActivity,performPause]
01-01 08:05:50.570 0 0 I msm_vidc: high: 00000001: h264d: Closed video instance: 0000000000000000
03-14 03:56:21.876 7505 7505 I wm_on_paused_called: [257016139,com.android.gallery3d.app.MovieActivity,performPause]
03-14 03:56:21.877 7505 7505 I wm_on_stop_called: [257016139,com.android.gallery3d.app.MovieActivity,handleRelaunchActivity]
03-14 03:56:21.877 7505 7505 I wm_on_destroy_called: [257016139,com.android.gallery3d.app.MovieActivity,performDestroy]
03-14 03:56:21.896 7505 7505 I wm_on_create_called: [257016139,com.android.gallery3d.app.MovieActivity,performCreate]
03-14 03:56:21.898 7505 7505 I wm_on_start_called: [257016139,com.android.gallery3d.app.MovieActivity,handleStartActivity]
03-14 03:56:21.901 7505 7505 I wm_on_resume_called: [257016139,com.android.gallery3d.app.MovieActivity,RESUME_ACTIVITY]
03-14 03:56:21.901 7505 7505 I wm_on_top_resumed_gained_called: [257016139,com.android.gallery3d.app.MovieActivity,topWhenResuming]
03-14 03:56:21.967 1009 2178 I snet_event_log: [172655291,-1,]
01-01 08:05:50.694 0 0 I msm_vidc: high: 00000001: ....d: Opening video instance: 0000000000000000, 1
01-01 08:05:50.694 0 0 I msm_vidc: err : 00000001: ....d: Failed to create debugfs for msm_vidc
03-14 03:56:22.174 1009 1183 I wm_stop_activity: [0,196755772,com.android.launcher3/.uioverrides.QuickstepLauncher]
03-14 03:56:22.208 2625 2625 I wm_on_paused_called: [196755772,com.android.launcher3.uioverrides.QuickstepLauncher,performPause]
03-14 03:56:22.212 2625 2625 I wm_on_stop_called: [196755772,com.android.launcher3.uioverrides.QuickstepLauncher,STOP_ACTIVITY_ITEM]
03-14 03:56:22.983 1009 1218 I commit_sys_config_file: [package-user-0,8]
03-14 03:56:23.543 5866 5866 I auditd : type=1400 audit(0.0:3377): avc: denied { open } for comm="HCDN_DownloadEn" path="/proc/stat" dev="proc" ino=4026532236 scontext=u:r:untrusted_app:s0:c102,c256,c512,c768 tcontext=u:object_r:proc_stat:s0 tclass=file permissive=1 app=com.qiyi.video
03-14 03:56:23.543 5866 5866 I auditd : type=1400 audit(0.0:3378): avc: denied { getattr } for comm="HCDN_DownloadEn" path="/proc/stat" dev="proc" ino=4026532236 scontext=u:r:untrusted_app:s0:c102,c256,c512,c768 tcontext=u:object_r:proc_stat:s0 tclass=file permissive=1 app=com.qiyi.video
01-01 08:05:53.683 0 0 E DTC_ETH,link_delay_work_func: 3003, SQI=0, link=0
03-14 03:56:28.470 7505 7505 I view_enqueue_input_event: [Motion - Cancel,com.android.gallery3d/com.android.gallery3d.app.MovieActivity]
03-14 03:56:28.483 1009 1587 I input_interaction: Interaction with: edge-swipe (server), swipe-up (server), PointerEventDispatcher0 (server),
03-14 03:56:28.829 1009 3052 I sysui_multi_action: [757,803,799,key_back_press,802,1]
03-14 03:56:28.831 1009 1587 I input_interaction: Interaction with: 1c87279 com.android.gallery3d/com.android.gallery3d.app.MovieActivity (server), PointerEventDispatcher0 (server),
03-14 03:56:28.835 1009 2178 I wm_finish_activity: [0,257016139,141,com.android.gallery3d/.app.MovieActivity,app-request]
03-14 03:56:28.845 1009 2178 I wm_pause_activity: [0,257016139,com.android.gallery3d/.app.MovieActivity,userLeaving=false,finish]
03-14 03:56:28.848 7505 7505 I wm_on_top_resumed_lost_called: [257016139,com.android.gallery3d.app.MovieActivity,topStateChangedWhenResumed]
03-14 03:56:28.869 1009 1587 I input_focus: [Focus leaving 1c87279 com.android.gallery3d/com.android.gallery3d.app.MovieActivity (server),reason=NO_WINDOW]
01-01 08:05:57.616 0 0 I msm_vidc: high: 00000001: h264d: Closed video instance: 0000000000000000
03-14 03:56:28.928 7505 7505 I wm_on_paused_called: [257016139,com.android.gallery3d.app.MovieActivity,performPause]
03-14 03:56:28.928 1009 2178 I wm_add_to_stopping: [0,257016139,com.android.gallery3d/.app.MovieActivity,completeFinishing]
03-14 03:56:28.930 1009 2178 I wm_set_resumed_activity: [0,com.android.music/.VideoBrowserActivity,resumeTopActivityInnerLocked]
03-14 03:56:28.934 1009 2178 I wm_resume_activity: [0,116519471,141,com.android.music/.VideoBrowserActivity]
03-14 03:56:28.938 1009 1183 I sysui_multi_action: [757,803,799,window_time_2,802,16]
03-14 03:56:28.941 1009 1184 I input_focus: [Focus request 63b4ea0 com.android.music/com.android.music.VideoBrowserActivity,reason=UpdateInputWindows]
03-14 03:56:28.947 3708 3708 I wm_on_resume_called: [116519471,com.android.music.VideoBrowserActivity,RESUME_ACTIVITY]
03-14 03:56:28.948 3708 3708 I wm_on_top_resumed_gained_called: [116519471,com.android.music.VideoBrowserActivity,topWhenResuming]
03-14 03:56:28.970 1009 1587 I input_focus: [Focus entering 63b4ea0 com.android.music/com.android.music.VideoBrowserActivity (server),reason=Window became focusable. Previous reason: NOT_VISIBLE]
03-14 03:56:29.359 1009 1183 I wm_destroy_activity: [0,257016139,141,com.android.gallery3d/.app.MovieActivity,finish-imm:idle]
03-14 03:56:29.383 7505 7505 I wm_on_stop_called: [257016139,com.android.gallery3d.app.MovieActivity,LIFECYCLER_STOP_ACTIVITY]
03-14 03:56:29.384 7505 7505 I wm_on_destroy_called: [257016139,com.android.gallery3d.app.MovieActivity,performDestroy]
03-14 03:56:29.461 1009 1587 I input_interaction: Interaction with: 63b4ea0 com.android.music/com.android.music.VideoBrowserActivity (server), edge-swipe (server), swipe-up (server), PointerEventDispatcher0 (server),
01-01 08:05:58.803 0 0 E DTC_ETH,link_delay_work_func: 3003, SQI=0, link=0
01-01 08:05:59.124 0 0 I msm_vidc: err : ffffffff: .....: DBLP Set: status 0
03-14 03:56:30.967 0 0 I auditd : type=1400 audit(0.0:3379): avc: denied { kill } for comm="swapper/2" capability=5 scontext=u:r:kernel:s0 tcontext=u:r:kernel:s0 tclass=capability permissive=1
03-14 03:56:31.094 1009 2148 I wm_task_moved: [1,0,0]
03-14 03:56:31.094 1009 2148 I wm_task_moved: [1,0,6]
03-14 03:56:31.107 2625 2625 I wm_on_restart_called: [196755772,com.android.launcher3.uioverrides.QuickstepLauncher,performRestartActivity]
03-14 03:56:31.132 2625 2625 I wm_on_start_called: [196755772,com.android.launcher3.uioverrides.QuickstepLauncher,handleStartActivity]
03-14 03:56:31.151 1009 1180 I sysui_multi_action: [319,11,322,54,325,357,757,761,758,9,759,5,806,com.android.launcher3,871,com.android.launcher3.uioverrides.QuickstepLauncher,905,0,1320,4,1321,1]
03-14 03:56:31.151 3708 3708 I view_enqueue_input_event: [Motion - Cancel,com.android.music/com.android.music.VideoBrowserActivity]
03-14 03:56:31.152 2625 2625 I sysui_latency: [1,73]
03-14 03:56:31.157 1009 1184 I input_focus: [Focus request recents_animation_input_consumer,reason=UpdateInputWindows]
03-14 03:56:31.165 1009 1587 I input_interaction: Interaction with: edge-swipe (server), swipe-up (server), PointerEventDispatcher0 (server),
03-14 03:56:31.174 1009 1587 I input_focus: [Focus leaving 63b4ea0 com.android.music/com.android.music.VideoBrowserActivity (server),reason=NOT_FOCUSABLE]
03-14 03:56:31.175 1009 1587 I input_focus: [Focus entering recents_animation_input_consumer (server),reason=setFocusedWindow]
03-14 03:56:31.334 1009 1488 I commit_sys_config_file: [settings-1-0,4]
03-14 03:56:31.449 1009 1188 I sysui_latency: [8,75]
03-14 03:56:31.869 1009 1585 I wm_task_moved: [1,1,7]
03-14 03:56:31.873 1009 1585 I wm_focused_root_task: [0,0,1,141,RecentsAnimation.onAnimationFinished()]
03-14 03:56:31.873 3708 3708 I wm_on_top_resumed_lost_called: [116519471,com.android.music.VideoBrowserActivity,topStateChangedWhenResumed]
03-14 03:56:31.874 1009 1585 I service_manager_stats: [100,62,26471]
03-14 03:56:31.876 1009 1585 I wm_pause_activity: [0,116519471,com.android.music/.VideoBrowserActivity,userLeaving=false,pauseBackTasks]
03-14 03:56:31.878 1009 1585 I wm_set_resumed_activity: [0,com.android.launcher3/.uioverrides.QuickstepLauncher,resumeTopActivityInnerLocked]
03-14 03:56:31.880 1009 1585 I wm_resume_activity: [0,196755772,127,com.android.launcher3/.uioverrides.QuickstepLauncher]
03-14 03:56:31.880 1009 1585 I wm_add_to_stopping: [0,116519471,com.android.music/.VideoBrowserActivity,makeInvisible]
03-14 03:56:31.881 2625 2625 I wm_on_resume_called: [196755772,com.android.launcher3.uioverrides.QuickstepLauncher,RESUME_ACTIVITY]
03-14 03:56:31.888 1009 1184 I input_focus: [Focus request b68d17 com.android.launcher3/com.android.launcher3.uioverrides.QuickstepLauncher,reason=UpdateInputWindows]
03-14 03:56:31.888 1009 1183 I sysui_multi_action: [757,803,799,window_time_0,802,3]
03-14 03:56:31.892 3708 3708 I wm_on_paused_called: [116519471,com.android.music.VideoBrowserActivity,performPause]
03-14 03:56:31.894 1009 1587 I input_focus: [Focus leaving recents_animation_input_consumer (server),reason=NOT_VISIBLE]
03-14 03:56:31.894 1009 1587 I input_focus: [Focus entering b68d17 com.android.launcher3/com.android.launcher3.uioverrides.QuickstepLauncher (server),reason=setFocusedWindow]
03-14 03:56:31.894 1009 3052 I wm_stop_activity: [0,116519471,com.android.music/.VideoBrowserActivity]
03-14 03:56:31.901 1009 1183 I sysui_multi_action: [757,803,799,window_time_0,802,0]
03-14 03:56:31.920 2625 2625 I wm_on_top_resumed_gained_called: [196755772,com.android.launcher3.uioverrides.QuickstepLauncher,topStateChangedWhenResumed]
03-14 03:56:31.920 3708 3708 I wm_on_stop_called: [116519471,com.android.music.VideoBrowserActivity,STOP_ACTIVITY_ITEM]
03-14 03:56:32.109 1009 1488 I commit_sys_config_file: [settings-1-0,4]
03-14 03:56:32.313 1009 1587 I input_interaction: Interaction with: b68d17 com.android.launcher3/com.android.launcher3.uioverrides.QuickstepLauncher (server), 8c59581 com.android.systemui.ImageWallpaper (server), edge-swipe (server), swipe-up (server), PointerEventDispatcher0 (server),
01-01 08:06:01.363 0 0 E msm_pcm_playback_close: CMD_EOS failed, cmd_pending 0x8
03-14 03:56:32.914 1009 2156 I wm_finish_activity: [0,237468208,139,com.android.gallery3d/.app.GalleryActivity,recent-task-trimmed]
03-14 03:56:32.916 1009 2156 I wm_destroy_activity: [0,237468208,139,com.android.gallery3d/.app.GalleryActivity,finish-imm:finishIfPossible]
03-14 03:56:32.918 1009 2156 I wm_finish_activity: [0,116519471,141,com.android.music/.VideoBrowserActivity,recent-task-trimmed]
03-14 03:56:32.919 1009 2156 I wm_destroy_activity: [0,116519471,141,com.android.music/.VideoBrowserActivity,finish-imm:finishIfPossible]
03-14 03:56:32.923 3708 3708 I wm_on_destroy_called: [116519471,com.android.music.VideoBrowserActivity,performDestroy]
03-14 03:56:32.927 7505 7505 I wm_on_destroy_called: [237468208,com.android.gallery3d.app.GalleryActivity,performDestroy]
03-14 03:56:32.928 1009 1183 I am_kill : [0,7505,com.android.gallery3d,0,remove task]
03-14 03:56:32.933 1009 1183 I sysui_multi_action: [757,803,799,window_time_0,802,1]
03-14 03:56:32.935 1009 1183 I am_kill : [0,3708,com.android.music,0,remove task]
03-14 03:56:32.935 1009 1585 I wm_task_removed: [141,removeChild:removeChild last r=ActivityRecord{6f1f22f u0 com.android.music/.VideoBrowserActivity t-1 f}} in t=Task{eb86310 #141 type=standard A=10086:android.task.video U=0 visible=false mode=fullscreen translucent=true sz=0}]
03-14 03:56:32.935 1009 1585 I wm_task_removed: [141,removeChild]
03-14 03:56:32.942 1009 1183 I sysui_multi_action: [757,803,799,window_time_0,802,0]
03-14 03:56:32.985 1009 1585 I am_proc_died: [0,7505,com.android.gallery3d,0,10]
03-14 03:56:32.985 1009 1585 I am_uid_stopped: 10064
03-14 03:56:32.988 1009 1585 I wm_task_removed: [139,removeChild:removeChild last r=ActivityRecord{e277a30 u0 com.android.gallery3d/.app.GalleryActivity t-1 f}} in t=Task{2061be2 #139 type=standard A=10064:com.android.gallery3d U=0 visible=false mode=fullscreen translucent=true sz=0}]
03-14 03:56:32.988 1009 1585 I wm_task_removed: [139,removeChild]
03-14 03:56:32.992 1009 3052 I am_proc_died: [0,3708,com.android.music,0,10]
03-14 03:56:32.993 1009 3052 I am_schedule_service_restart: [0,com.android.music/.MediaPlaybackService,1000]
03-14 03:56:32.993 1009 3052 I am_uid_stopped: 10086
03-14 03:56:33.000 1009 1183 I am_uid_running: 10086
03-14 03:56:33.002 1009 1183 I am_uid_running: 10064
03-14 03:56:33.010 1009 1195 I am_proc_start: [0,8885,10086,com.android.music,NULL,]
03-14 03:56:33.018 1009 1195 I am_proc_start: [0,8886,10064,com.android.gallery3d,NULL,]
01-01 08:06:01.742 0 0 I binder : 8885:8885 ioctl 40046210 7fd9aef714 returned -22
01-01 08:06:01.743 0 0 I binder : 8886:8886 ioctl 40046210 7fd9aef714 returned -22
03-14 03:56:33.047 1009 3052 I am_proc_bound: [0,8886,com.android.gallery3d]
03-14 03:56:33.053 1009 1585 I am_proc_bound: [0,8885,com.android.music]
01-01 08:06:02.003 0 0 E msm_pcm_playback_close: CMD_EOS failed, cmd_pending 0x8
03-14 03:56:33.331 6881 6881 I auditd : type=1400 audit(0.0:3380): avc: denied { open } for comm="HCDN_DownloadEn" path="/proc/stat" dev="proc" ino=4026532236 scontext=u:r:untrusted_app:s0:c102,c256,c512,c768 tcontext=u:object_r:proc_stat:s0 tclass=file permissive=1 app=com.qiyi.video
03-14 03:56:33.331 6881 6881 I auditd : type=1400 audit(0.0:3381): avc: denied { getattr } for comm="HCDN_DownloadEn" path="/proc/stat" dev="proc" ino=4026532236 scontext=u:r:untrusted_app:s0:c102,c256,c512,c768 tcontext=u:object_r:proc_stat:s0 tclass=file permissive=1 app=com.qiyi.video
03-14 03:56:33.395 1009 3052 I am_kill : [0,3316,android.process.acore,995,empty #31]
03-14 03:56:33.423 1009 2156 I am_proc_died: [0,3316,android.process.acore,995,19]
03-14 03:56:33.424 1009 2156 I am_uid_stopped: 10018
03-14 03:56:33.471 1009 1009 I notification_enqueue: [10086,8885,com.android.music,1,NULL,0,Notification(channel=Channel-music shortcut=null contentView=null vibrate=null sound=null defaults=0x0 flags=0x0 color=0x00000000 category=transport actions=4 vis=PRIVATE),0]
03-14 03:56:33.474 1009 2635 I am_uid_active: 10086
03-14 03:56:33.479 1009 1009 I sysui_multi_action: [757,128,758,5,759,8,793,10,794,0,795,10,796,1,806,com.android.music,857,Channel-music,858,2,947,0,1500,10,1641,transport,1688,1,1745,1043716538]
03-14 03:56:33.479 1009 1009 I notification_canceled: [0|com.android.music|1|null|10086,8,10,10,0,-1,-1,NULL]
03-14 03:56:33.479 1009 1009 I notification_enqueue: [10086,8885,com.android.music,1,NULL,0,Notification(channel=Channel-music shortcut=null contentView=null vibrate=null sound=null defaults=0x0 flags=0x40 color=0x00000000 category=transport actions=4 vis=PRIVATE),0]
03-14 03:56:33.672 1009 1009 I sysui_multi_action: [757,1501,758,1,793,196,794,0,795,196,796,1,806,com.android.music,857,Channel-music,858,2,947,0,1500,0,1641,transport,1688,1,1745,1043716538]
03-14 03:56:33.672 1009 1009 I sysui_multi_action: [757,804,799,note_interruptive,801,0,802,1]
03-14 03:56:33.713 1009 1009 I sysui_multi_action: [757,128,758,5,759,8,793,29141,794,0,795,29141,796,1,797,empty_media,806,com.android.systemui,857,empty_media_style_id,858,4,946,empty_media,947,0,1500,28939,1641,transport,1688,1,1745,1043716538]
03-14 03:56:33.714 1009 1009 I notification_canceled: [0|com.android.systemui|1|empty_media|10078,8,29141,29141,0,-1,-1,NULL]
03-14 03:56:33.967 0 0 I auditd : type=1400 audit(0.0:3382): avc: denied { kill } for comm="swapper/2" capability=5 scontext=u:r:kernel:s0 tcontext=u:r:kernel:s0 tclass=capability permissive=1
03-14 03:56:34.967 0 0 I auditd : type=1400 audit(0.0:3383): avc: denied { kill } for comm="swapper/2" capability=5 scontext=u:r:kernel:s0 tcontext=u:r:kernel:s0 tclass=capability permissive=1
01-01 08:06:03.923 0 0 E DTC_ETH,link_delay_work_func: 3003, SQI=0, link=0
01-01 08:06:09.043 0 0 E DTC_ETH,link_delay_work_func: 3003, SQI=0, link=0
03-14 03:56:40.384 1009 2156 I am_uid_running: 90000
03-14 03:56:40.538 1009 1195 I am_proc_start: [0,8946,90000,com.microsoft.emmx:sandboxed_process0:org.chromium.content.app.SandboxedProcessService0:3,,{com.microsoft.emmx/org.chromium.content.app.SandboxedProcessService0:3}]
01-01 08:06:09.264 0 0 I binder : 8946:8946 ioctl 40046210 7fd9aee984 returned -22
03-14 03:56:40.570 1009 2156 I am_proc_bound: [0,8946,com.microsoft.emmx:sandboxed_process0:org.chromium.content.app.SandboxedProcessService0:3]
03-14 03:56:40.583 6881 6881 I auditd : type=1400 audit(0.0:3384): avc: denied { open } for comm="HCDN_DownloadEn" path="/proc/stat" dev="proc" ino=4026532236 scontext=u:r:untrusted_app:s0:c102,c256,c512,c768 tcontext=u:object_r:proc_stat:s0 tclass=file permissive=1 app=com.qiyi.video
03-14 03:56:40.583 6881 6881 I auditd : type=1400 audit(0.0:3385): avc: denied { getattr } for comm="HCDN_DownloadEn" path="/proc/stat" dev="proc" ino=4026532236 scontext=u:r:untrusted_app:s0:c102,c256,c512,c768 tcontext=u:object_r:proc_stat:s0 tclass=file permissive=1 app=com.qiyi.video
03-14 03:56:40.967 0 0 I auditd : type=1400 audit(0.0:3386): avc: denied { kill } for comm="swapper/2" capability=5 scontext=u:r:kernel:s0 tcontext=u:r:kernel:s0 tclass=capability permissive=1
01-01 08:06:14.163 0 0 E DTC_ETH,link_delay_work_func: 3003, SQI=0, link=0
03-14 03:56:46.222 1009 1188 I am_kill : [0,3629,com.android.dynsystem,995,empty #31]
03-14 03:56:46.245 1009 1037 I am_proc_died: [0,3629,com.android.dynsystem,995,19]
03-14 03:56:46.255 1009 1188 I am_pss : [8885,10086,com.android.music,10591232,7843840,0,106594304,0,4,7]
03-14 03:56:48.487 1009 2156 I wm_task_created: [142,-1]
03-14 03:56:48.489 1009 2156 I wm_task_moved: [142,1,6]
03-14 03:56:48.489 1009 2156 I wm_task_to_front: [0,142]
03-14 03:56:48.489 1009 2156 I wm_create_task: [0,142]
03-14 03:56:48.489 1009 2156 I wm_create_activity: [0,142203917,142,com.android.documentsui/.LauncherActivity,android.intent.action.MAIN,NULL,NULL,270532608]
03-14 03:56:48.490 1009 2156 I wm_task_moved: [142,1,6]
03-14 03:56:48.491 1009 2156 I wm_restart_activity: [0,142203917,142,com.android.documentsui/.LauncherActivity]
03-14 03:56:48.491 1009 2156 I wm_set_resumed_activity: [0,com.android.documentsui/.LauncherActivity,minimalResumeActivityLocked]
03-14 03:56:48.493 1009 1183 I am_uid_active: 10023
03-14 03:56:48.495 2625 2625 I wm_on_top_resumed_lost_called: [196755772,com.android.launcher3.uioverrides.QuickstepLauncher,topStateChangedWhenResumed]
03-14 03:56:48.503 1009 1585 I wm_task_created: [143,-1]
03-14 03:56:48.504 1009 1585 I wm_finish_activity: [0,142203917,142,com.android.documentsui/.LauncherActivity,app-request]
03-14 03:56:48.504 1009 1585 I wm_task_moved: [1,1,7]
03-14 03:56:48.504 1009 1585 I wm_set_resumed_activity: [0,com.android.launcher3/.uioverrides.QuickstepLauncher,positionChildAt]
03-14 03:56:48.504 1009 1585 I wm_task_moved: [127,1,2147483647]
03-14 03:56:48.504 1009 1585 I wm_task_to_front: [0,127]
03-14 03:56:48.504 1009 1585 I wm_focused_root_task: [0,0,1,-1,finish-top adjustFocusToNextFocusableTask]
03-14 03:56:48.504 1009 1585 I wm_set_resumed_activity: [0,com.android.launcher3/.uioverrides.QuickstepLauncher,finish-top]
03-14 03:56:48.504 1009 1585 I wm_pause_activity: [0,142203917,com.android.documentsui/.LauncherActivity,userLeaving=false,finish]
03-14 03:56:48.506 1009 1585 I wm_task_moved: [143,1,7]
03-14 03:56:48.506 1009 1585 I wm_task_to_front: [0,143]
03-14 03:56:48.506 1009 1585 I wm_focused_root_task: [0,0,143,1,reuseOrNewTask]
03-14 03:56:48.506 1009 1585 I wm_create_task: [0,143]
