01-01 08:00:35.300 0 0 I init : starting service 'exec 29 (/system/bin/bootstat --record_boot_complete --record_boot_reason --record_time_since_factory_reset -l)'...
03-14 03:51:06.531 2755 2755 I auditd : type=1400 audit(0.0:812): avc: denied { getattr } for comm="crash_dump64" path="/dev/__properties__/u:object_r:tombstone_config_prop:s0" dev="tmpfs" ino=3463 scontext=u:r:crash_dump:s0 tcontext=u:object_r:tombstone_config_prop:s0 tclass=file permissive=1
03-14 03:51:06.531 2755 2755 I auditd : type=1400 audit(0.0:813): avc: denied { map } for comm="crash_dump64" path="/dev/__properties__/u:object_r:tombstone_config_prop:s0" dev="tmpfs" ino=3463 scontext=u:r:crash_dump:s0 tcontext=u:object_r:tombstone_config_prop:s0 tclass=file permissive=1
03-14 03:51:06.600 1009 1449 I commit_sys_config_file: [log-files,1798]
03-14 03:51:06.531 2755 2755 I auditd : type=1400 audit(0.0:815): avc: denied { getattr } for comm="crash_dump64" path="/dev/__properties__/u:object_r:time_prop:s0" dev="tmpfs" ino=3462 scontext=u:r:crash_dump:s0 tcontext=u:object_r:time_prop:s0 tclass=file permissive=1
03-14 03:51:06.531 2755 2755 I auditd : type=1400 audit(0.0:816): avc: denied { map } for comm="crash_dump64" path="/dev/__properties__/u:object_r:time_prop:s0" dev="tmpfs" ino=3462 scontext=u:r:crash_dump:s0 tcontext=u:object_r:time_prop:s0 tclass=file permissive=1
03-14 03:51:06.531 2755 2755 I auditd : type=1400 audit(0.0:817): avc: denied { open } for comm="crash_dump64" path="/dev/__properties__/u:object_r:theme_prop:s0" dev="tmpfs" ino=3461 scontext=u:r:crash_dump:s0 tcontext=u:object_r:theme_prop:s0 tclass=file permissive=1
03-14 03:51:06.531 2755 2755 I auditd : type=1400 audit(0.0:818): avc: denied { getattr } for comm="crash_dump64" path="/dev/__properties__/u:object_r:theme_prop:s0" dev="tmpfs" ino=3461 scontext=u:r:crash_dump:s0 tcontext=u:object_r:theme_prop:s0 tclass=file permissive=1
03-14 03:51:06.531 2755 2755 I auditd : type=1400 audit(0.0:819): avc: denied { map } for comm="crash_dump64" path="/dev/__properties__/u:object_r:theme_prop:s0" dev="tmpfs" ino=3461 scontext=u:r:crash_dump:s0 tcontext=u:object_r:theme_prop:s0 tclass=file permissive=1
01-01 08:00:35.302 0 0 I init : processing action (sys.boot_completed=1) from (/system/etc/init/flags_health_check.rc:7)
03-14 03:51:06.531 2755 2755 I auditd : type=1400 audit(0.0:820): avc: denied { open } for comm="crash_dump64" path="/dev/__properties__/u:object_r:test_harness_prop:s0" dev="tmpfs" ino=3460 scontext=u:r:crash_dump:s0 tcontext=u:object_r:test_harness_prop:s0 tclass=file permissive=1
03-14 03:51:06.531 2755 2755 I auditd : type=1400 audit(0.0:821): avc: denied { getattr } for comm="crash_dump64" path="/dev/__properties__/u:object_r:test_harness_prop:s0" dev="tmpfs" ino=3460 scontext=u:r:crash_dump:s0 tcontext=u:object_r:test_harness_prop:s0 tclass=file permissive=1
03-14 03:51:06.531 2755 2755 I auditd : type=1400 audit(0.0:822): avc: denied { map } for comm="crash_dump64" path="/dev/__properties__/u:object_r:test_harness_prop:s0" dev="tmpfs" ino=3460 scontext=u:r:crash_dump:s0 tcontext=u:object_r:test_harness_prop:s0 tclass=file permissive=1
03-14 03:51:06.531 2755 2755 I auditd : type=1400 audit(0.0:823): avc: denied { open } for comm="crash_dump64" path="/dev/__properties__/u:object_r:test_boot_reason_prop:s0" dev="tmpfs" ino=3459 scontext=u:r:crash_dump:s0 tcontext=u:object_r:test_boot_reason_prop:s0 tclass=file permissive=1
03-14 03:51:06.531 2755 2755 I auditd : type=1400 audit(0.0:824): avc: denied { getattr } for comm="crash_dump64" path="/dev/__properties__/u:object_r:test_boot_reason_prop:s0" dev="tmpfs" ino=3459 scontext=u:r:crash_dump:s0 tcontext=u:object_r:test_boot_reason_prop:s0 tclass=file permissive=1
03-14 03:51:06.531 2755 2755 I auditd : type=1400 audit(0.0:825): avc: denied { map } for comm="crash_dump64" path="/dev/__properties__/u:object_r:test_boot_reason_prop:s0" dev="tmpfs" ino=3459 scontext=u:r:crash_dump:s0 tcontext=u:object_r:test_boot_reason_prop:s0 tclass=file permissive=1
03-14 03:51:06.531 2755 2755 I auditd : type=1400 audit(0.0:826): avc: denied { open } for comm="crash_dump64" path="/dev/__properties__/u:object_r:system_trace_prop:s0" dev="tmpfs" ino=3455 scontext=u:r:crash_dump:s0 tcontext=u:object_r:system_trace_prop:s0 tclass=file permissive=1
03-14 03:51:06.531 2755 2755 I auditd : type=1400 audit(0.0:827): avc: denied { getattr } for comm="crash_dump64" path="/dev/__properties__/u:object_r:system_trace_prop:s0" dev="tmpfs" ino=3455 scontext=u:r:crash_dump:s0 tcontext=u:object_r:system_trace_prop:s0 tclass=file permissive=1
03-14 03:51:06.531 2755 2755 I auditd : type=1400 audit(0.0:828): avc: denied { map } for comm="crash_dump64" path="/dev/__properties__/u:object_r:system_trace_prop:s0" dev="tmpfs" ino=3455 scontext=u:r:crash_dump:s0 tcontext=u:object_r:system_trace_prop:s0 tclass=file permissive=1
03-14 03:51:06.531 2755 2755 I auditd : type=1400 audit(0.0:829): avc: denied { open } for comm="crash_dump64" path="/dev/__properties__/u:object_r:system_lmk_prop:s0" dev="tmpfs" ino=3453 scontext=u:r:crash_dump:s0 tcontext=u:object_r:system_lmk_prop:s0 tclass=file permissive=1
03-14 03:51:06.531 2755 2755 I auditd : type=1400 audit(0.0:830): avc: denied { getattr } for comm="crash_dump64" path="/dev/__properties__/u:object_r:system_lmk_prop:s0" dev="tmpfs" ino=3453 scontext=u:r:crash_dump:s0 tcontext=u:object_r:system_lmk_prop:s0 tclass=file permissive=1
03-14 03:51:06.531 2755 2755 I auditd : type=1400 audit(0.0:831): avc: denied { map } for comm="crash_dump64" path="/dev/__properties__/u:object_r:system_lmk_prop:s0" dev="tmpfs" ino=3453 scontext=u:r:crash_dump:s0 tcontext=u:object_r:system_lmk_prop:s0 tclass=file permissive=1
03-14 03:51:06.531 2755 2755 I auditd : type=1400 audit(0.0:832): avc: denied { open } for comm="crash_dump64" path="/dev/__properties__/u:object_r:system_jvmti_agent_prop:s0" dev="tmpfs" ino=3452 scontext=u:r:crash_dump:s0 tcontext=u:object_r:system_jvmti_agent_prop:s0 tclass=file permissive=1
03-14 03:51:06.531 2755 2755 I auditd : type=1400 audit(0.0:833): avc: denied { getattr } for comm="crash_dump64" path="/dev/__properties__/u:object_r:system_jvmti_agent_prop:s0" dev="tmpfs" ino=3452 scontext=u:r:crash_dump:s0 tcontext=u:object_r:system_jvmti_agent_prop:s0 tclass=file permissive=1
03-14 03:51:06.531 2755 2755 I auditd : type=1400 audit(0.0:834): avc: denied { map } for comm="crash_dump64" path="/dev/__properties__/u:object_r:system_jvmti_agent_prop:s0" dev="tmpfs" ino=3452 scontext=u:r:crash_dump:s0 tcontext=u:object_r:system_jvmti_agent_prop:s0 tclass=file permissive=1
03-14 03:51:06.531 2755 2755 I auditd : type=1400 audit(0.0:835): avc: denied { open } for comm="crash_dump64" path="/dev/__properties__/u:object_r:system_boot_reason_prop:s0" dev="tmpfs" ino=3451 scontext=u:r:crash_dump:s0 tcontext=u:object_r:system_boot_reason_prop:s0 tclass=file permissive=1
03-14 03:51:06.531 2755 2755 I auditd : type=1400 audit(0.0:836): avc: denied { getattr } for comm="crash_dump64" path="/dev/__properties__/u:object_r:system_boot_reason_prop:s0" dev="tmpfs" ino=3451 scontext=u:r:crash_dump:s0 tcontext=u:object_r:system_boot_reason_prop:s0 tclass=file permissive=1
03-14 03:51:06.531 2755 2755 I auditd : type=1400 audit(0.0:837): avc: denied { map } for comm="crash_dump64" path="/dev/__properties__/u:object_r:system_boot_reason_prop:s0" dev="tmpfs" ino=3451 scontext=u:r:crash_dump:s0 tcontext=u:object_r:system_boot_reason_prop:s0 tclass=file permissive=1
03-14 03:51:06.531 2755 2755 I auditd : type=1400 audit(0.0:838): avc: denied { open } for comm="crash_dump64" path="/dev/__properties__/u:object_r:system_adbd_prop:s0" dev="tmpfs" ino=3450 scontext=u:r:crash_dump:s0 tcontext=u:object_r:system_adbd_prop:s0 tclass=file permissive=1
03-14 03:51:06.531 2755 2755 I auditd : type=1400 audit(0.0:839): avc: denied { getattr } for comm="crash_dump64" path="/dev/__properties__/u:object_r:system_adbd_prop:s0" dev="tmpfs" ino=3450 scontext=u:r:crash_dump:s0 tcontext=u:object_r:system_adbd_prop:s0 tclass=file permissive=1
03-14 03:51:06.531 2755 2755 I auditd : type=1400 audit(0.0:840): avc: denied { map } for comm="crash_dump64" path="/dev/__properties__/u:object_r:system_adbd_prop:s0" dev="tmpfs" ino=3450 scontext=u:r:crash_dump:s0 tcontext=u:object_r:system_adbd_prop:s0 tclass=file permissive=1
03-14 03:51:06.531 2755 2755 I auditd : type=1400 audit(0.0:841): avc: denied { open } for comm="crash_dump64" path="/dev/__properties__/u:object_r:surfaceflinger_display_prop:s0" dev="tmpfs" ino=3447 scontext=u:r:crash_dump:s0 tcontext=u:object_r:surfaceflinger_display_prop:s0 tclass=file permissive=1
03-14 03:51:06.531 2755 2755 I auditd : type=1400 audit(0.0:842): avc: denied { getattr } for comm="crash_dump64" path="/dev/__properties__/u:object_r:surfaceflinger_display_prop:s0" dev="tmpfs" ino=3447 scontext=u:r:crash_dump:s0 tcontext=u:object_r:surfaceflinger_display_prop:s0 tclass=file permissive=1
03-14 03:51:06.531 2755 2755 I auditd : type=1400 audit(0.0:843): avc: denied { map } for comm="crash_dump64" path="/dev/__properties__/u:object_r:surfaceflinger_display_prop:s0" dev="tmpfs" ino=3447 scontext=u:r:crash_dump:s0 tcontext=u:object_r:surfaceflinger_display_prop:s0 tclass=file permissive=1
03-14 03:51:06.531 2755 2755 I auditd : type=1400 audit(0.0:844): avc: denied { open } for comm="crash_dump64" path="/dev/__properties__/u:object_r:storage_config_prop:s0" dev="tmpfs" ino=3444 scontext=u:r:crash_dump:s0 tcontext=u:object_r:storage_config_prop:s0 tclass=file permissive=1
03-14 03:51:06.531 2755 2755 I auditd : type=1400 audit(0.0:845): avc: denied { getattr } for comm="crash_dump64" path="/dev/__properties__/u:object_r:storage_config_prop:s0" dev="tmpfs" ino=3444 scontext=u:r:crash_dump:s0 tcontext=u:object_r:storage_config_prop:s0 tclass=file permissive=1
03-14 03:51:06.531 2755 2755 I auditd : type=1400 audit(0.0:846): avc: denied { map } for comm="crash_dump64" path="/dev/__properties__/u:object_r:storage_config_prop:s0" dev="tmpfs" ino=3444 scontext=u:r:crash_dump:s0 tcontext=u:object_r:storage_config_prop:s0 tclass=file permissive=1
03-14 03:51:06.531 2755 2755 I auditd : type=1400 audit(0.0:847): avc: denied { open } for comm="crash_dump64" path="/dev/__properties__/u:object_r:serialno_prop:s0" dev="tmpfs" ino=3438 scontext=u:r:crash_dump:s0 tcontext=u:object_r:serialno_prop:s0 tclass=file permissive=1
03-14 03:51:06.531 2755 2755 I auditd : type=1400 audit(0.0:848): avc: denied { getattr } for comm="crash_dump64" path="/dev/__properties__/u:object_r:serialno_prop:s0" dev="tmpfs" ino=3438 scontext=u:r:crash_dump:s0 tcontext=u:object_r:serialno_prop:s0 tclass=file permissive=1
03-14 03:51:06.531 2755 2755 I auditd : type=1400 audit(0.0:849): avc: denied { map } for comm="crash_dump64" path="/dev/__properties__/u:object_r:serialno_prop:s0" dev="tmpfs" ino=3438 scontext=u:r:crash_dump:s0 tcontext=u:object_r:serialno_prop:s0 tclass=file permissive=1
03-14 03:51:06.531 2755 2755 I auditd : type=1400 audit(0.0:850): avc: denied { open } for comm="crash_dump64" path="/dev/__properties__/u:object_r:sendbug_config_prop:s0" dev="tmpfs" ino=3437 scontext=u:r:crash_dump:s0 tcontext=u:object_r:sendbug_config_prop:s0 tclass=file permissive=1
03-14 03:51:06.531 2755 2755 I auditd : type=1400 audit(0.0:851): avc: denied { getattr } for comm="crash_dump64" path="/dev/__properties__/u:object_r:sendbug_config_prop:s0" dev="tmpfs" ino=3437 scontext=u:r:crash_dump:s0 tcontext=u:object_r:sendbug_config_prop:s0 tclass=file permissive=1
03-14 03:51:06.531 2755 2755 I auditd : type=1400 audit(0.0:852): avc: denied { map } for comm="crash_dump64" path="/dev/__properties__/u:object_r:sendbug_config_prop:s0" dev="tmpfs" ino=3437 scontext=u:r:crash_dump:s0 tcontext=u:object_r:sendbug_config_prop:s0 tclass=file permissive=1
03-14 03:51:06.531 2755 2755 I auditd : type=1400 audit(0.0:853): avc: denied { open } for comm="crash_dump64" path="/dev/__properties__/u:object_r:safemode_prop:s0" dev="tmpfs" ino=3436 scontext=u:r:crash_dump:s0 tcontext=u:object_r:safemode_prop:s0 tclass=file permissive=1
03-14 03:51:06.531 2755 2755 I auditd : type=1400 audit(0.0:854): avc: denied { getattr } for comm="crash_dump64" path="/dev/__properties__/u:object_r:safemode_prop:s0" dev="tmpfs" ino=3436 scontext=u:r:crash_dump:s0 tcontext=u:object_r:safemode_prop:s0 tclass=file permissive=1
03-14 03:51:06.531 2755 2755 I auditd : type=1400 audit(0.0:855): avc: denied { map } for comm="crash_dump64" path="/dev/__properties__/u:object_r:safemode_prop:s0" dev="tmpfs" ino=3436 scontext=u:r:crash_dump:s0 tcontext=u:object_r:safemode_prop:s0 tclass=file permissive=1
03-14 03:51:06.539 2755 2755 I auditd : type=1400 audit(0.0:856): avc: denied { getattr } for comm="crash_dump64" path="/dev/__properties__/u:object_r:retaildemo_prop:s0" dev="tmpfs" ino=3434 scontext=u:r:crash_dump:s0 tcontext=u:object_r:retaildemo_prop:s0 tclass=file permissive=1
03-14 03:51:06.551 2755 2755 I auditd : type=1400 audit(0.0:857): avc: denied { open } for comm="crash_dump64" path="/dev/__properties__/u:object_r:adbd_config_prop:s0" dev="tmpfs" ino=3257 scontext=u:r:crash_dump:s0 tcontext=u:object_r:adbd_config_prop:s0 tclass=file permissive=1
01-01 08:00:35.307 0 0 I init : processing action (sys.boot_completed=1) from (/system/etc/init/hht_ota_mgr.rc:6)
03-14 03:51:06.575 2742 2742 I auditd : type=1400 audit(0.0:858): avc: denied { add_name } for comm="init.qcom.post_" name="min_cpus" scontext=u:r:vendor_qti_init_shell:s0 tcontext=u:object_r:sysfs_devices_system_cpu:s0 tclass=dir permissive=1
01-01 08:00:35.307 0 0 I init : starting service 'hht_ota_mgr_service'...
01-01 08:00:35.309 0 0 I init : processing action (sys.boot_completed=1) from (/system/etc/init/logd.rc:33)
01-01 08:00:35.309 0 0 I init : starting service 'logd-auditctl'...
03-14 03:51:06.575 2742 2742 I auditd : type=1400 audit(0.0:859): avc: denied { create } for comm="init.qcom.post_" name="min_cpus" scontext=u:r:vendor_qti_init_shell:s0 tcontext=u:object_r:sysfs_devices_system_cpu:s0 tclass=file permissive=1
03-14 03:51:06.579 2742 2742 I auditd : type=1400 audit(0.0:860): avc: denied { add_name } for comm="init.qcom.post_" name="governor" scontext=u:r:vendor_qti_init_shell:s0 tcontext=u:object_r:vendor_sysfs_devfreq:s0 tclass=dir permissive=1
03-14 03:51:06.579 2742 2742 I auditd : type=1400 audit(0.0:861): avc: denied { create } for comm="init.qcom.post_" name="governor" scontext=u:r:vendor_qti_init_shell:s0 tcontext=u:object_r:vendor_sysfs_devfreq:s0 tclass=file permissive=1
01-01 08:00:35.311 0 0 I init : processing action (sys.boot_completed=1) from (/system/etc/init/selfinstaller.rc:6)
01-01 08:00:35.312 0 0 I init : processing action (sys.boot_completed=1 && sys.wifitracing.started=0) from (/system/etc/init/wifi.rc:28)
01-01 08:00:35.312 0 0 E selinux : SELinux: Could not get canonical path for /sys/kernel/debug/tracing/instances/wifi restorecon: No such file or directory.
03-14 03:51:06.583 2742 2742 I auditd : type=1400 audit(0.0:862): avc: denied { add_name } for comm="init.qcom.post_" name="pwr" scontext=u:r:vendor_qti_init_shell:s0 tcontext=u:object_r:sysfs:s0 tclass=dir permissive=1
03-14 03:51:06.583 2742 2742 I auditd : type=1400 audit(0.0:863): avc: denied { create } for comm="init.qcom.post_" name="pwr" scontext=u:r:vendor_qti_init_shell:s0 tcontext=u:object_r:sysfs:s0 tclass=file permissive=1
01-01 08:00:35.326 0 0 E selinux :
01-01 08:00:35.328 0 0 I init : Service 'exec 29 (/system/bin/bootstat --record_boot_complete --record_boot_reason --record_time_since_factory_reset -l)' (pid 2803) exited with status 0 oneshot service took 0.027000 seconds in background
01-01 08:00:35.328 0 0 I init : Sending signal 9 to service 'exec 29 (/system/bin/bootstat --record_boot_complete --record_boot_reason --record_time_since_factory_reset -l)' (pid 2803) process group...
01-01 08:00:35.329 0 0 I libprocessgroup: Successfully killed process cgroup uid 1000 pid 2803 in 0ms
01-01 08:00:35.329 0 0 I init : Service 'logd-auditctl' (pid 2805) exited with status 0 oneshot service took 0.019000 seconds in background
01-01 08:00:35.329 0 0 I init : Sending signal 9 to service 'logd-auditctl' (pid 2805) process group...
01-01 08:00:35.329 0 0 I libprocessgroup: Successfully killed process cgroup uid 1036 pid 2805 in 0ms
03-14 03:51:06.655 2742 2742 I auditd : type=1400 audit(0.0:864): avc: denied { add_name } for comm="init.qcom.post_" name="sleep_disabled" scontext=u:r:vendor_qti_init_shell:s0 tcontext=u:object_r:vendor_sysfs_msm_power:s0 tclass=dir permissive=1
03-14 03:51:06.655 2742 2742 I auditd : type=1400 audit(0.0:865): avc: denied { create } for comm="init.qcom.post_" name="sleep_disabled" scontext=u:r:vendor_qti_init_shell:s0 tcontext=u:object_r:vendor_sysfs_msm_power:s0 tclass=file permissive=1
01-01 08:00:35.348 0 0 E init : Control message: Could not find 'vendor.qti.hardware.iop@2.0::IIop/default' for ctl.interface_start from pid: 513 (/system/bin/hwservicemanager)
01-01 08:00:35.353 0 0 W QSEECOM : qseecom_load_app: App with id 7 (fingerpr) now loaded
03-14 03:51:06.669 1009 2180 I service_manager_stats: [764,312,5071]
01-01 08:00:35.374 0 0 I init : processing action (sys.boot_completed=1) from (/system_ext/etc/init/qspmsvc.rc:14)
01-01 08:00:35.374 0 0 I init : starting service 'vendor.qspmsvc'...
01-01 08:00:35.378 0 0 I init : processing action (sys.boot_completed=1) from (/vendor/etc/init/android.hardware.camera.provider@2.4-service_64.rc:8)
01-01 08:00:35.379 0 0 I init : processing action (sys.boot_completed=1) from (/vendor/etc/init/ethernet.rc:8)
01-01 08:00:35.379 0 0 I init : starting service 'ethernet'...
01-01 08:00:35.383 0 0 I init : processing action (sys.boot_completed=1) from (/vendor/etc/init/init_thermal-engine.rc:19)
01-01 08:00:35.383 0 0 I init : Sending signal 9 to service 'thermal-engine' (pid 1354) process group...
03-14 03:51:06.699 550 550 I auditd : type=1400 audit(0.0:866): avc: denied { open } for comm="qseecomd" path="/" dev="dm-5" ino=2 scontext=u:r:tee:s0 tcontext=u:object_r:rootfs:s0 tclass=dir permissive=1
01-01 08:00:35.388 0 0 I libprocessgroup: Successfully killed process cgroup uid 0 pid 1354 in 5ms
01-01 08:00:35.396 0 0 I init : Service 'thermal-engine' (pid 1354) received signal 9
01-01 08:00:35.397 0 0 I init : processing action (lmkd.reinit=1) from (/system/etc/init/lmkd.rc:10)
01-01 08:00:35.397 0 0 I init : starting service 'exec 30 (/system/bin/lmkd --reinit)'...
01-01 08:00:35.398 0 0 I init : processing action (init.svc.adbd=stopped) from (/system/etc/init/hw/init.usb.configfs.rc:14)
01-01 08:00:35.399 0 0 I init : processing action (sys.user.0.ce_available=true) from (/system/etc/init/wifi.rc:21)
01-01 08:00:35.400 0 0 I binder : 2814:2814 ioctl 40046210 7fd6721504 returned -22
01-01 08:00:35.400 0 0 I selinux : SELinux: Skipping restorecon on directory(/data/misc_ce/0/apexdata/com.android.wifi)
01-01 08:00:35.400 0 0 I selinux :
01-01 08:00:35.400 0 0 I init : processing action (sys.usb.config=adb && sys.usb.configfs=1 && sys.usb.ffs.ready=1) from (/system/etc/init/hw/init.usb.configfs.rc:20)
01-01 08:00:35.400 0 0 I init : Command 'symlink /config/usb_gadget/g1/functions/ffs.adb /config/usb_gadget/g1/configs/b.1/f1' action=sys.usb.config=adb && sys.usb.configfs=1 && sys.usb.ffs.ready=1 (/system/etc/init/hw/init.usb.configfs.rc:22) took 0ms and failed: symlink() failed: File exists
01-01 08:00:35.415 0 0 I binder : 2752:2820 ioctl 40046210 6ea88e4934 returned -22
03-14 03:51:06.731 1009 1180 I am_user_state_changed: [0,2]
03-14 03:51:06.733 1009 1194 I ssm_user_unlocking: 0
03-14 03:51:06.739 2742 2742 I auditd : type=1400 audit(0.0:867): avc: denied { add_name } for comm="init.qcom.post_" name="min_score_adj" scontext=u:r:vendor_qti_init_shell:s0 tcontext=u:object_r:vendor_sysfs_process_reclaim:s0 tclass=dir permissive=1
03-14 03:51:06.739 2742 2742 I auditd : type=1400 audit(0.0:868): avc: denied { create } for comm="init.qcom.post_" name="min_score_adj" scontext=u:r:vendor_qti_init_shell:s0 tcontext=u:object_r:vendor_sysfs_process_reclaim:s0 tclass=file permissive=1
01-01 08:00:35.460 0 0 I android_work: sent uevent USB_STATE=DISCONNECTED
03-14 03:51:06.750 1009 2178 I am_uid_running: 10084
03-14 03:51:06.758 1009 1195 I am_proc_start: [0,2843,10084,com.qualcomm.qtil.aptxui,broadcast,{com.qualcomm.qtil.aptxui/com.qualcomm.qtil.aptxui.aptxuiBootReceiver}]
03-14 03:51:06.763 2742 2742 I auditd : type=1400 audit(0.0:869): avc: denied { add_name } for comm="init.qcom.post_" name="store_user" scontext=u:r:vendor_qti_init_shell:s0 tcontext=u:object_r:sysfs:s0 tclass=dir permissive=1
03-14 03:51:06.763 2742 2742 I auditd : type=1400 audit(0.0:870): avc: denied { create } for comm="init.qcom.post_" name="store_user" scontext=u:r:vendor_qti_init_shell:s0 tcontext=u:object_r:sysfs:s0 tclass=file permissive=1
03-14 03:51:06.771 2844 2844 I auditd : type=1400 audit(0.0:871): avc: denied { add_name } for comm="init.qti.dcvs.s" name="governor" scontext=u:r:vendor_init-qti-dcvs-sh:s0 tcontext=u:object_r:vendor_sysfs_devfreq:s0 tclass=dir permissive=1
01-01 08:00:35.461 0 0 I init : Command 'write /config/usb_gadget/g1/UDC ${sys.usb.controller}' action=sys.usb.config=adb && sys.usb.configfs=1 && sys.usb.ffs.ready=1 (/system/etc/init/hw/init.usb.configfs.rc:23) took 60ms and succeeded
03-14 03:51:06.771 2844 2844 I auditd : type=1400 audit(0.0:872): avc: denied { create } for comm="init.qti.dcvs.s" name="governor" scontext=u:r:vendor_init-qti-dcvs-sh:s0 tcontext=u:object_r:vendor_sysfs_devfreq:s0 tclass=file permissive=1
01-01 08:00:35.463 0 0 I init : processing action (vendor.dcvs.prop=1) from (/vendor/etc/init/hw/init.target.rc:169)
01-01 08:00:35.463 0 0 I init : starting service 'dcvs-sh'...
01-01 08:00:35.467 0 0 I init : processing action (sys.boot_completed=1 && sys.wifitracing.started=1 && wifi.interface=*) from (/system/etc/init/wifi.rc:98)
01-01 08:00:35.468 0 0 I zram0 : detected capacity change from 0 to 4294967296
01-01 08:00:35.481 0 0 I devfreq-qcom-fw 18590000.qcom,devfreq-l3: qcom,cdsp-cdsp-l3-lat: Successfully started CDSP L3 governor
01-01 08:00:35.483 0 0 I init : Service 'dcvs-sh' (pid 2844) exited with status 0 oneshot service took 0.018000 seconds in background
01-01 08:00:35.483 0 0 I init : Sending signal 9 to service 'dcvs-sh' (pid 2844) process group...
01-01 08:00:35.483 0 0 I binder : 2843:2843 ioctl 40046210 7fd9aef714 returned -22
01-01 08:00:35.483 0 0 I libprocessgroup: Successfully killed process cgroup uid 0 pid 2844 in 0ms
01-01 08:00:35.488 0 0 I init : Service 'exec 30 (/system/bin/lmkd --reinit)' (pid 2823) exited with status 0 oneshot service took 0.090000 seconds in background
01-01 08:00:35.488 0 0 I init : Sending signal 9 to service 'exec 30 (/system/bin/lmkd --reinit)' (pid 2823) process group...
01-01 08:00:35.489 0 0 I libprocessgroup: Successfully killed process cgroup uid 0 pid 2823 in 0ms
01-01 08:00:35.490 0 0 I : sdcardfs version 2.0
01-01 08:00:35.490 0 0 I sdcardfs: dev_name -> /data/media
01-01 08:00:35.490 0 0 I sdcardfs: options -> fsuid=1023,fsgid=1023,multiuser,derive_gid,default_normal,unshared_obb,mask=6,userid=0,gid=1015
01-01 08:00:35.490 0 0 I sdcardfs: mnt -> 000000004361b721
01-01 08:00:35.490 0 0 I sdcardfs: mounted on top of /data/media type f2fs
01-01 08:00:35.491 0 0 I : Remount options were mask=23,gid=9997 for vfsmnt 00000000884f9ff2.
01-01 08:00:35.491 0 0 I sdcardfs: options - debug:1
01-01 08:00:35.491 0 0 I sdcardfs: options - gid:9997
01-01 08:00:35.491 0 0 I sdcardfs: options - mask:23
01-01 08:00:35.491 0 0 I : Remount options were mask=7,gid=9997 for vfsmnt 00000000a4b90f20.
01-01 08:00:35.491 0 0 I sdcardfs: options - debug:1
01-01 08:00:35.491 0 0 I sdcardfs: options - gid:9997
01-01 08:00:35.491 0 0 I sdcardfs: options - mask:7
01-01 08:00:35.491 0 0 I : Remount options were mask=7,gid=9997 for vfsmnt 0000000040991c04.
01-01 08:00:35.491 0 0 I sdcardfs: options - debug:1
01-01 08:00:35.491 0 0 I sdcardfs: options - gid:9997
01-01 08:00:35.491 0 0 I sdcardfs: options - mask:7
03-14 03:51:06.786 1009 2195 I am_proc_bound: [0,2843,com.qualcomm.qtil.aptxui]
03-14 03:51:06.793 1009 2195 I am_uid_active: 10084
03-14 03:51:06.795 1009 1194 I uc_finish_user_unlocked: 0
03-14 03:51:06.795 1009 1194 I am_user_state_changed: [0,3]
03-14 03:51:06.796 1009 1180 I wm_task_created: [115,-1]
03-14 03:51:06.797 1009 1180 I wm_task_created: [117,-1]
03-14 03:51:06.797 1009 1180 I wm_task_created: [119,-1]
03-14 03:51:06.798 1009 1180 I wm_task_created: [120,-1]
03-14 03:51:06.800 1009 1180 I wm_task_created: [121,-1]
03-14 03:51:06.800 1009 2178 D TelephonyRegistry: listen oscl: mHasNotifySubscriptionInfoChangedOccurred==false no callback
03-14 03:51:06.800 1009 1180 I wm_task_created: [123,-1]
03-14 03:51:06.801 1009 1180 I wm_task_created: [125,-1]
03-14 03:51:06.801 1009 1180 I wm_task_created: [126,-1]
03-14 03:51:06.803 1009 1194 I am_uid_running: 10083
01-01 08:00:35.508 0 0 I : Adding 4194300k swap on /dev/block/zram0. Priority:32758 extents:1 across:4194300k SS
03-14 03:51:06.804 1009 1194 I am_uid_running: 10057
03-14 03:51:06.807 1009 1194 I am_uid_running: 10054
03-14 03:51:06.810 1009 1194 I am_uid_running: 10069
03-14 03:51:06.811 1009 1194 I am_uid_running: 10082
03-14 03:51:06.811 1009 1194 I am_uid_running: 10079
03-14 03:51:06.814 1009 1194 I uc_send_user_broadcast: [0,android.intent.action.USER_UNLOCKED]
03-14 03:51:06.814 1009 1618 I am_uid_running: 10091
03-14 03:51:06.820 1009 1195 I am_proc_start: [0,2880,10083,com.hht.lebocast,added application,com.hht.lebocast]
03-14 03:51:06.825 1009 1194 I uc_finish_user_unlocked_completed: 0
03-14 03:51:06.828 1009 1194 I ssm_user_unlocked: 0
01-01 08:00:35.539 0 0 W QSEECOM : __qseecom_unload_app: App (7) is unloaded
01-01 08:00:35.540 0 0 D qbt : qbt_release: entry minor_no=0 fd_available=0
01-01 08:00:35.540 0 0 D qbt : qbt_release: Releasing wakelock
01-01 08:00:35.540 0 0 D qbt : qbt_release: exit : fd_available=1
01-01 08:00:35.540 0 0 D qbt : qbt_release: entry minor_no=1 fd_available=1
01-01 08:00:35.540 0 0 D qbt : qbt_release: exit : fd_available=1
03-14 03:51:06.831 1009 2195 I wm_finish_activity: [0,181330145,4,com.android.settings/.FallbackHome,app-request]
01-01 08:00:35.552 0 0 E init : Control message: Could not find 'vendor.qti.hardware.iop@2.0::IIop/default' for ctl.interface_start from pid: 513 (/system/bin/hwservicemanager)
01-01 08:00:35.557 0 0 I binder : 2880:2880 ioctl 40046210 ffaa2348 returned -22
03-14 03:51:06.832 1009 2195 I wm_pause_activity: [0,181330145,com.android.settings/.FallbackHome,userLeaving=false,finish]
03-14 03:51:06.834 2513 2513 I wm_on_top_resumed_lost_called: [181330145,com.android.settings.FallbackHome,topStateChangedWhenResumed]
03-14 03:51:06.834 1009 1195 I am_proc_start: [0,2884,10057,ts.car.uart,added application,ts.car.uart]
03-14 03:51:06.834 1009 1183 I sysui_multi_action: [757,1144,758,7,806,com.android.settings,871,com.android.settings.FallbackHome]
03-14 03:51:06.836 2513 2513 I wm_on_paused_called: [181330145,com.android.settings.FallbackHome,performPause]
03-14 03:51:06.838 1009 1180 I uc_send_user_broadcast: [0,android.intent.action.BOOT_COMPLETED]
03-14 03:51:06.841 1009 1009 I sysui_multi_action: [757,1501,758,1,793,386,794,0,795,386,796,26,806,android,857,DEVELOPER_IMPORTANT,858,4,947,0,1500,0]
03-14 03:51:06.841 1009 1009 I sysui_multi_action: [757,804,799,note_interruptive,801,0,802,1]
03-14 03:51:06.843 1009 1009 I sysui_multi_action: [757,1501,758,1,793,351,794,0,795,351,796,55,806,android,857,DEVELOPER,858,2,947,0,1500,0]
03-14 03:51:06.843 1009 1009 I sysui_multi_action: [757,804,799,note_interruptive,801,0,802,1]
03-14 03:51:06.849 1009 2178 I wm_task_created: [127,-1]
03-14 03:51:06.849 1009 2178 I wm_task_moved: [127,1,2147483647]
03-14 03:51:06.850 1009 2178 I wm_task_moved: [1,1,5]
03-14 03:51:06.850 1009 2178 I wm_create_task: [0,127]
03-14 03:51:06.850 1009 2178 I wm_create_activity: [0,196755772,127,com.android.launcher3/.uioverrides.QuickstepLauncher,android.intent.action.MAIN,NULL,NULL,268435712]
01-01 08:00:35.571 0 0 I binder : 2884:2884 ioctl 40046210 7fd9aef714 returned -22
03-14 03:51:06.850 1009 2178 I wm_task_moved: [1,1,5]
03-14 03:51:06.850 1009 2178 I wm_task_moved: [127,1,2147483647]
03-14 03:51:06.850 1009 2178 I wm_task_to_front: [0,127]
01-01 08:00:35.573 0 0 E msm-dwc3 a600000.ssusb: Could not get usb psy
01-01 08:00:35.575 0 0 I binder : 2888:2888 ioctl 40046210 7fd9aef714 returned -22
01-01 08:00:35.585 0 0 E init : Control message: Could not find 'vendor.qti.hardware.iop@2.0::IIop/default' for ctl.interface_start from pid: 513 (/system/bin/hwservicemanager)
03-14 03:51:06.862 1009 2178 I wm_restart_activity: [0,196755772,127,com.android.launcher3/.uioverrides.QuickstepLauncher]
03-14 03:51:06.863 1009 2178 I wm_set_resumed_activity: [0,com.android.launcher3/.uioverrides.QuickstepLauncher,minimalResumeActivityLocked]
03-14 03:51:06.871 1009 1195 I am_proc_start: [0,2888,1000,com.hryt.hiphishowfsecontrol,added application,com.hryt.hiphishowfsecontrol]
03-14 03:51:06.876 1009 2635 I am_proc_bound: [0,2880,com.hht.lebocast]
03-14 03:51:06.886 1009 2635 I am_uid_active: 10083
03-14 03:51:06.887 1009 2195 I am_proc_bound: [0,2888,com.hryt.hiphishowfsecontrol]
03-14 03:51:06.892 1009 1183 I sysui_multi_action: [757,803,799,window_time_0,802,5]
03-14 03:51:06.893 1009 1195 I am_proc_start: [0,2937,10054,.pasr,added application,.pasr]
03-14 03:51:06.895 1009 2178 I am_uid_running: 10071
01-01 08:00:35.621 0 0 E init : Control message: Could not find 'vendor.qti.hardware.iop@2.0::IIop/default' for ctl.interface_start from pid: 513 (/system/bin/hwservicemanager)
03-14 03:51:06.904 1009 1195 I am_proc_start: [0,2946,10069,com.qualcomm.qti.services.systemhelper:systemhelper_service,added application,com.qualcomm.qti.services.systemhelper:systemhelper_service]
03-14 03:51:06.908 1009 2180 I am_proc_bound: [0,2884,ts.car.uart]
03-14 03:51:06.912 1009 2180 I am_uid_active: 10057
03-14 03:51:06.917 1009 1195 I am_proc_start: [0,2962,10082,com.qualcomm.qti.qccnetstat,added application,com.qualcomm.qti.qccnetstat]
01-01 08:00:35.628 0 0 I binder : 2946:2946 ioctl 40046210 7fd9aef714 returned -22
01-01 08:00:35.635 0 0 I binder : 2224:2224 ioctl 40046210 7fd9aef0a4 returned -22
01-01 08:00:35.638 0 0 I binder : 2937:2937 ioctl 40046210 7fd9aef714 returned -22
03-14 03:51:06.932 1009 1195 I am_proc_start: [0,2970,10079,com.qualcomm.qti.workloadclassifier,added application,com.qualcomm.qti.workloadclassifier]
01-01 08:00:35.644 0 0 I binder : 2970:2970 ioctl 40046210 7fd9aef714 returned -22
03-14 03:51:06.948 1009 2195 I am_uid_running: 10021
03-14 03:51:06.949 1009 2195 I am_proc_bound: [0,2946,com.qualcomm.qti.services.systemhelper:systemhelper_service]
01-01 08:00:35.663 0 0 I binder : 2962:2962 ioctl 40046210 7fd9aef714 returned -22
03-14 03:51:06.957 1009 2195 I am_uid_active: 10069
03-14 03:51:06.959 1009 1195 I am_proc_start: [0,2999,10091,com.android.providers.media.module,service,{com.android.providers.media.module/com.android.providers.media.fuse.ExternalStorageServiceImpl}]
03-14 03:51:06.966 1009 2180 I am_proc_bound: [0,2937,.pasr]
01-01 08:00:35.666 0 0 I binder : 2884:2884 ioctl 40046210 7fd9aee604 returned -22
01-01 08:00:35.667 0 0 E msm-dwc3 a600000.ssusb: Could not get usb psy
01-01 08:00:35.676 0 0 I android_work: did not send uevent (0 0 0000000000000000)
03-14 03:51:06.970 1009 2180 I am_uid_active: 10054
03-14 03:51:06.971 1009 2178 I am_proc_bound: [0,2970,com.qualcomm.qti.workloadclassifier]
01-01 08:00:35.678 0 0 I binder : 2999:2999 ioctl 40046210 7fd9aef714 returned -22
01-01 08:00:35.682 0 0 D qbt : qbt_open: entry minor_no=0 fd_available=1
01-01 08:00:35.682 0 0 D qbt : qbt_open: exit : 0 fd_available=0
01-01 08:00:35.682 0 0 D qbt : qbt_open: entry minor_no=1 fd_available=0
01-01 08:00:35.682 0 0 D qbt : qbt_open: exit : 0 fd_available=0
01-01 08:00:35.682 0 0 D qbt : qbt_ioctl: cmd received 107
01-01 08:00:35.682 0 0 D qbt : qbt_ioctl: Acquiring wakelock
01-01 08:00:35.685 0 0 E init : Control message: Could not find 'vendor.qti.hardware.iop@2.0::IIop/default' for ctl.interface_start from pid: 513 (/system/bin/hwservicemanager)
03-14 03:51:06.987 1009 2178 I am_uid_active: 10079
03-14 03:51:06.991 1009 1195 I am_proc_start: [0,3023,10071,com.qualcomm.location.XT,service,{com.qualcomm.location.XT/com.qualcomm.location.XT.XTSrv}]
03-14 03:51:06.993 1009 2180 I am_proc_bound: [0,2962,com.qualcomm.qti.qccnetstat]
03-14 03:51:06.997 1009 2180 I am_uid_active: 10082
03-14 03:51:06.998 1009 2192 I am_proc_bound: [0,2999,com.android.providers.media.module]
01-01 08:00:35.693 0 0 I binder : 3023:3023 ioctl 40046210 7fd9aef714 returned -22
03-14 03:51:07.005 1009 2192 I am_uid_active: 10091
03-14 03:51:07.008 1009 1195 I am_proc_start: [0,3059,10021,com.android.traceur,broadcast,{com.android.traceur/com.android.traceur.Receiver}]
03-14 03:51:07.014 1009 2180 I am_proc_bound: [0,3023,com.qualcomm.location.XT]
03-14 03:51:07.014 1009 1194 I am_wtf : [0,1009,system_server,-1,ActivityManager,Sending non-protected broadcast android.location.HIGH_POWER_REQUEST_CHANGE from system 2752:com.qualcomm.location/u0a70 pkg com.qualcomm.location]
03-14 03:51:07.017 1009 2180 I am_uid_active: 10071
01-01 08:00:35.704 0 0 E init : Control message: Could not find 'vendor.qti.hardware.iop@2.0::IIop/default' for ctl.interface_start from pid: 513 (/system/bin/hwservicemanager)
01-01 08:00:35.707 0 0 W QSEECOM : qseecom_load_app: App (fingerpr) does'nt exist, loading apps for first time
01-01 08:00:35.719 0 0 E init : Control message: Could not find 'vendor.qti.hardware.iop@2.0::IIop/default' for ctl.interface_start from pid: 513 (/system/bin/hwservicemanager)
01-01 08:00:35.727 0 0 I binder : 3059:3059 ioctl 40046210 7fd9aef714 returned -22
01-01 08:00:35.735 0 0 E init : Control message: Could not find 'vendor.qti.hardware.iop@2.0::IIop/default' for ctl.interface_start from pid: 513 (/system/bin/hwservicemanager)
03-14 03:51:07.033 1009 1195 I am_proc_start: [0,3088,1000,com.android.keychain,service,{com.android.keychain/com.android.keychain.KeyChainService}]
03-14 03:51:07.036 1009 2180 I am_proc_bound: [0,3059,com.android.traceur]
03-14 03:51:07.045 1009 2180 I am_uid_active: 10021
01-01 08:00:35.751 0 0 E init : Control message: Could not find 'vendor.qti.hardware.iop@2.0::IIop/default' for ctl.interface_start from pid: 513 (/system/bin/hwservicemanager)
01-01 08:00:35.751 0 0 E bt_ioctl: BT_CMD_PWR_CTRL pwr_cntrl:2
01-01 08:00:35.755 0 0 I android_work: sent uevent USB_STATE=CONNECTED
03-14 03:51:07.055 1009 1194 I am_uid_running: 10017
03-14 03:51:07.061 1009 1195 I am_proc_start: [0,3103,10017,android.process.media,broadcast,{com.android.mtp/com.android.mtp.MtpReceiver}]
01-01 08:00:35.768 0 0 I binder : 3088:3088 ioctl 40046210 7fd9aef714 returned -22
01-01 08:00:35.772 0 0 E diag : In diag_ioctl_set_buffering_mode, invalid peripheral = -22
01-01 08:00:35.778 0 0 E bt_vreg_unvote: vreg_unvote successful for : qca,bt-vdd-rfa2
01-01 08:00:35.778 0 0 I binder : 2625:3071 ioctl 40046210 6ea2502254 returned -22
03-14 03:51:07.075 1009 2180 I am_proc_bound: [0,3088,com.android.keychain]
01-01 08:00:35.781 0 0 I binder : 3103:3103 ioctl 40046210 7fd9aef714 returned -22
01-01 08:00:35.782 0 0 I binder : 3023:3124 ioctl 40046210 6f050bf944 returned -22
01-01 08:00:35.783 0 0 E msm-dwc3 a600000.ssusb: Could not get usb psy
01-01 08:00:35.786 0 0 E init : Control message: Could not find 'vendor.qti.hardware.iop@2.0::IIop/default' for ctl.interface_start from pid: 513 (/system/bin/hwservicemanager)
01-01 08:00:35.786 0 0 E init : Control message: Could not find 'vendor.qti.hardware.iop@2.0::IIop/default' for ctl.interface_start from pid: 513 (/system/bin/hwservicemanager)
01-01 08:00:35.786 0 0 E bt_vreg_unvote: vreg_unvote successful for : qca,bt-vdd-rfa1
01-01 08:00:35.788 0 0 E init : Control message: Could not find 'vendor.qti.hardware.iop@2.0::IIop/default' for ctl.interface_start from pid: 513 (/system/bin/hwservicemanager)
01-01 08:00:35.794 0 0 I configfs-gadget gadget: high-speed config #1: b
01-01 08:00:35.807 0 0 E bt_vreg_unvote: vreg_unvote successful for : qca,bt-vdd-dig
03-14 03:51:07.123 1009 2148 I am_proc_bound: [0,3103,android.process.media]
01-01 08:00:35.823 0 0 E msm-dwc3 a600000.ssusb: Could not get usb psy
01-01 08:00:35.828 0 0 E bt_vreg_unvote: vreg_unvote successful for : qca,bt-vdd-aon
01-01 08:00:35.856 0 0 W QSEECOM : qseecom_load_app: App with id 8 (fingerpr) now loaded
01-01 08:00:35.862 0 0 I android_work: sent uevent USB_STATE=CONFIGURED
01-01 08:00:35.875 0 0 E init : Control message: Could not find 'vendor.qti.hardware.iop@2.0::IIop/default' for ctl.interface_start from pid: 513 (/system/bin/hwservicemanager)
03-14 03:51:07.210 2433 2433 E AndroidRuntime: FATAL EXCEPTION: main
03-14 03:51:07.210 2433 2433 E AndroidRuntime: Process: com.qualcomm.qti.devicestatisticsservice, PID: 2433
03-14 03:51:07.210 2433 2433 E AndroidRuntime: java.lang.NoClassDefFoundError: Failed resolution of: Landroid/hidl/manager/V1_0/IServiceNotification$Stub;
03-14 03:51:07.210 2433 2433 E AndroidRuntime: at com.qualcomm.qti.devicestatisticsservice.DeviceStatisticsService.onStartCommand(DeviceStatisticsService.java:83)
03-14 03:51:07.210 2433 2433 E AndroidRuntime: at android.app.ActivityThread.handleServiceArgs(ActivityThread.java:4640)
03-14 03:51:07.210 2433 2433 E AndroidRuntime: at android.app.ActivityThread.access$2000(ActivityThread.java:248)
03-14 03:51:07.210 2433 2433 E AndroidRuntime: at android.app.ActivityThread$H.handleMessage(ActivityThread.java:2092)
03-14 03:51:07.210 2433 2433 E AndroidRuntime: at android.os.Handler.dispatchMessage(Handler.java:106)
03-14 03:51:07.210 2433 2433 E AndroidRuntime: at android.os.Looper.loopOnce(Looper.java:201)
03-14 03:51:07.210 2433 2433 E AndroidRuntime: at android.os.Looper.loop(Looper.java:288)
03-14 03:51:07.210 2433 2433 E AndroidRuntime: at android.app.ActivityThread.main(ActivityThread.java:7880)
03-14 03:51:07.210 2433 2433 E AndroidRuntime: at java.lang.reflect.Method.invoke(Native Method)
03-14 03:51:07.210 2433 2433 E AndroidRuntime: at com.android.internal.os.RuntimeInit$MethodAndArgsCaller.run(RuntimeInit.java:548)
03-14 03:51:07.210 2433 2433 E AndroidRuntime: at com.android.internal.os.ZygoteInit.main(ZygoteInit.java:1009)
03-14 03:51:07.210 2433 2433 E AndroidRuntime: Caused by: java.lang.ClassNotFoundException: android.hidl.manager.V1_0.IServiceNotification$Stub
03-14 03:51:07.210 2433 2433 E AndroidRuntime: ... 11 more
03-14 03:51:07.212 1009 2192 I am_crash: [2433,0,com.qualcomm.qti.devicestatisticsservice,814235213,java.lang.ClassNotFoundException,android.hidl.manager.V1_0.IServiceNotification$Stub,DeviceStatisticsService.java,83]
03-14 03:51:07.217 1009 2192 I sysui_multi_action: [757,316,758,4,759,-1]
01-01 08:00:35.892 0 0 E init : Control message: Could not find 'vendor.qti.hardware.iop@2.0::IIop/default' for ctl.interface_start from pid: 513 (/system/bin/hwservicemanager)
01-01 08:00:35.907 0 0 E init : Control message: Could not find 'vendor.qti.hardware.iop@2.0::IIop/default' for ctl.interface_start from pid: 513 (/system/bin/hwservicemanager)
01-01 08:00:35.927 0 0 E init : Control message: Could not find 'vendor.qti.hardware.iop@2.0::IIop/default' for ctl.interface_start from pid: 513 (/system/bin/hwservicemanager)
03-14 03:51:07.246 1009 1037 I am_proc_died: [0,2433,com.qualcomm.qti.devicestatisticsservice,-800,0]
03-14 03:51:07.246 1009 1037 I am_schedule_service_restart: [0,com.qualcomm.qti.devicestatisticsservice/.DeviceStatisticsService,0]
03-14 03:51:07.246 1009 1037 I am_uid_stopped: 10061
03-14 03:51:07.246 1009 1037 I am_uid_running: 10061
03-14 03:51:07.248 1009 1037 I am_uid_active: 10061
03-14 03:51:07.256 1009 1195 I am_proc_start: [0,3191,10061,com.qualcomm.qti.devicestatisticsservice,restart,com.qualcomm.qti.devicestatisticsservice]
01-01 08:00:35.958 0 0 W cnss-daemon: wlfw_qmi_ind_cb: Receive Ind : 0x2a
01-01 08:00:35.972 0 0 I binder : 3191:3191 ioctl 40046210 7fd9aef714 returned -22
03-14 03:51:07.274 1009 2192 I am_proc_bound: [0,3191,com.qualcomm.qti.devicestatisticsservice]
03-14 03:51:07.306 2625 2625 I wm_on_create_called: [196755772,com.android.launcher3.uioverrides.QuickstepLauncher,performCreate]
03-14 03:51:07.307 2625 2625 I wm_on_start_called: [196755772,com.android.launcher3.uioverrides.QuickstepLauncher,handleStartActivity]
03-14 03:51:07.307 2625 2625 I wm_on_resume_called: [196755772,com.android.launcher3.uioverrides.QuickstepLauncher,RESUME_ACTIVITY]
03-14 03:51:07.318 2625 2625 I wm_on_top_resumed_gained_called: [196755772,com.android.launcher3.uioverrides.QuickstepLauncher,topStateChangedWhenResumed]
01-01 08:00:35.995 0 0 E init : Control message: Could not find 'vendor.qti.hardware.iop@2.0::IIop/default' for ctl.interface_start from pid: 513 (/system/bin/hwservicemanager)
01-01 08:00:36.013 0 0 W QSEECOM : __qseecom_unload_app: App (8) is unloaded
01-01 08:00:36.014 0 0 D qbt : qbt_release: entry minor_no=0 fd_available=0
01-01 08:00:36.014 0 0 D qbt : qbt_release: Releasing wakelock
01-01 08:00:36.014 0 0 D qbt : qbt_release: exit : fd_available=1
01-01 08:00:36.014 0 0 D qbt : qbt_release: entry minor_no=1 fd_available=1
01-01 08:00:36.014 0 0 D qbt : qbt_release: exit : fd_available=1
01-01 08:00:36.025 0 0 D qbt : qbt_open: entry minor_no=0 fd_available=1
01-01 08:00:36.025 0 0 D qbt : qbt_open: exit : 0 fd_available=0
01-01 08:00:36.025 0 0 D qbt : qbt_open: entry minor_no=1 fd_available=0
01-01 08:00:36.025 0 0 D qbt : qbt_open: exit : 0 fd_available=0
01-01 08:00:36.026 0 0 D qbt : qbt_ioctl: cmd received 107
01-01 08:00:36.026 0 0 D qbt : qbt_ioctl: Acquiring wakelock
01-01 08:00:36.038 0 0 W QSEECOM : qseecom_load_app: App (fingerpr) does'nt exist, loading apps for first time
03-14 03:51:07.341 1009 1194 I am_wtf : [0,1009,system_server,-1,BootReceiver,open failed: ENOENT (No such file or directory)]
03-14 03:51:07.341 1009 1724 D TelephonyRegistry: listen oscl: mHasNotifySubscriptionInfoChangedOccurred==false no callback
01-01 08:00:36.050 0 0 I init : Service 'qcom-post-boot' (pid 2742) exited with status 0 oneshot service took 0.875000 seconds in background
01-01 08:00:36.050 0 0 I init : Sending signal 9 to service 'qcom-post-boot' (pid 2742) process group...
01-01 08:00:36.051 0 0 I libprocessgroup: Successfully killed process cgroup uid 0 pid 2742 in 0ms
03-14 03:51:07.356 1009 3241 I commit_sys_config_file: [log-files,2553]
03-14 03:51:07.359 1009 1184 I input_focus: [Focus request b68d17 com.android.launcher3/com.android.launcher3.uioverrides.QuickstepLauncher,reason=UpdateInputWindows]
03-14 03:51:07.361 1009 3241 I am_uid_active: 10017
01-01 08:00:36.086 0 0 W ALERT : changing window size from 20000000 to 16000000 at 33860031548
03-14 03:51:07.390 1058 2808 I sf_stop_bootanim: 33864
03-14 03:51:07.399 1009 1180 I sysui_multi_action: [319,553,322,548,325,33,757,761,758,8,759,2,806,com.android.launcher3,871,com.android.launcher3.uioverrides.QuickstepLauncher,905,0,1320,4,1321,1]
03-14 03:51:07.400 1009 3054 I wm_destroy_activity: [0,181330145,4,com.android.settings/.FallbackHome,finish-idle]
03-14 03:51:07.401 1009 2180 D TelephonyRegistry: listen oscl: mHasNotifySubscriptionInfoChangedOccurred==false no callback
03-14 03:51:07.401 2513 2513 I wm_on_stop_called: [181330145,com.android.settings.FallbackHome,LIFECYCLER_STOP_ACTIVITY]
03-14 03:51:07.401 1009 1180 I wm_activity_launch_time: [0,196755772,com.android.launcher3/.uioverrides.QuickstepLauncher,548]
03-14 03:51:07.404 1009 1587 I input_focus: [Focus entering b68d17 com.android.launcher3/com.android.launcher3.uioverrides.QuickstepLauncher (server),reason=setFocusedWindow]
03-14 03:51:07.406 1009 2180 I am_uid_running: 10024
01-01 08:00:36.110 0 0 I binder : 2946:3260 ioctl 40046210 6ea89c1604 returned -22
03-14 03:51:07.409 2513 2513 I wm_on_destroy_called: [181330145,com.android.settings.FallbackHome,performDestroy]
03-14 03:51:07.418 1009 1195 I am_proc_start: [0,3263,1000,com.qti.diagservices,broadcast,{com.qti.diagservices/com.qti.diagservices.Diag_OnBoot}]
03-14 03:51:07.428 1009 1195 I am_proc_start: [0,3265,10024,com.baidu.input,service,{com.baidu.input/com.baidu.input.ImeService}]
01-01 08:00:36.137 0 0 I binder : 3263:3263 ioctl 40046210 7fd9aef714 returned -22
03-14 03:51:07.440 1009 2192 I am_proc_bound: [0,3263,com.qti.diagservices]
01-01 08:00:36.147 0 0 I binder : 3265:3265 ioctl 40046210 7fd9aef714 returned -22
01-01 08:00:36.162 0 0 W QSEECOM : qseecom_load_app: App with id 9 (fingerpr) now loaded
03-14 03:51:07.450 1009 1038 I am_proc_bound: [0,3265,com.baidu.input]
03-14 03:51:07.454 1009 1038 I am_uid_active: 10024
03-14 03:51:07.459 2005 2005 I liblog : 295
03-14 03:51:07.489 1009 1038 I am_uid_running: 10018
03-14 03:51:07.504 1009 1195 I am_proc_start: [0,3316,10018,android.process.acore,content provider,{com.android.providers.contacts/com.android.providers.contacts.ContactsProvider2}]
01-01 08:00:36.216 0 0 I binder : 3316:3316 ioctl 40046210 7fd9aef714 returned -22
03-14 03:51:07.519 1009 2148 I am_proc_bound: [0,3316,android.process.acore]
03-14 03:51:07.522 1009 2148 I am_uid_active: 10018
03-14 03:51:07.532 1009 1188 I am_meminfo: [979496960,4777308160,12288,313905152,607208448]
03-14 03:51:07.538 1009 1188 I am_pss : [2556,10063,com.thundercomm.gamemode.provider,8193024,5795840,0,95887360,2,5,5]
03-14 03:51:07.544 1009 1188 I am_pss : [2533,10092,android.ext.services,9854976,4870144,0,102522880,2,5,4]
03-14 03:51:07.550 1009 1188 I am_pss : [2668,10081,com.qualcomm.qti.qccauthmgr,6736896,4296704,0,95236096,2,5,5]
01-01 08:00:36.245 0 0 E DTC_ETH,link_delay_work_func: 3003, SQI=0, link=0
03-14 03:51:07.557 1009 1188 I am_pss : [2005,1002,com.android.bluetooth,29007872,21897216,0,137707520,2,0,6]
03-14 03:51:07.564 1009 1188 I am_pss : [2490,1000,com.qualcomm.qti.qdma,10438656,6610944,0,105906176,2,0,6]
03-14 03:51:07.571 1009 1188 I am_pss : [2425,1000,com.thundercomm.tcservice,8256512,5980160,0,95318016,2,0,6]
03-14 03:51:07.577 1009 1188 I am_pss : [2418,1000,com.thundercomm.remotecontrolservice,9816064,6926336,0,101396480,2,0,5]
03-14 03:51:07.582 1009 1188 I am_pss : [2357,1068,com.android.se,6192128,4063232,0,91774976,2,0,5]
03-14 03:51:07.589 1009 1188 I am_pss : [2285,1000,com.tc.logclient,6823936,4780032,0,91217920,2,0,5]
03-14 03:51:07.594 1009 1188 I am_pss : [2287,1073,com.android.networkstack.process,10312704,7270400,0,103129088,2,0,6]
03-14 03:51:07.600 1009 1188 I am_pss : [2310,1000,vendor.qti.qesdk.sysservice,5943296,3805184,0,91500544,2,0,5]
03-14 03:51:07.606 1009 1188 I am_pss : [2297,1000,com.thundercomm.tcsetupwizard,7214080,5173248,0,91602944,2,0,5]
03-14 03:51:07.611 1009 1188 I am_pss : [2273,1000,com.thundercomm.tchttpserver,7612416,5566464,0,91971584,2,0,5]
03-14 03:51:07.619 1009 1188 I am_pss : [2335,10080,com.qti.qualcomm.mstatssystemservice,5823488,3776512,0,89927680,2,0,5]
03-14 03:51:07.625 1009 1188 I am_pss : [2224,10055,.qtidataservices,6330368,4210688,0,91586560,2,0,5]
01-01 08:00:36.327 0 0 W cnss-daemon: wlfw_qmi_ind_cb: Receive Ind : 0x21
01-01 08:00:36.327 0 0 D cnss : Received QMI WLFW pin connect result indication
01-01 08:00:36.327 0 0 D cnss : Pin connect Result: pwr_pin: 0x0 phy_io_pin: 0x0 rf_io_pin: 0x2b
01-01 08:00:36.327 0 0 D cnss : Received QMI WLFW calibration done indication
01-01 08:00:36.327 0 0 D cnss : Posting event: COLD_BOOT_CAL_DONE(6), state: 0xf flags: 0x0
01-01 08:00:36.327 0 0 D cnss : PM stay awake, state: 0xf, count: 1
01-01 08:00:36.327 0 0 D cnss : PM relax, state: 0xf, count: 0
01-01 08:00:36.327 0 0 D cnss : Received QMI WLFW FW ready indication
01-01 08:00:36.327 0 0 D cnss : Posting event: COLD_BOOT_CAL_DONE(6), state: 0xf flags: 0x0
01-01 08:00:36.327 0 0 D cnss : PM stay awake, state: 0xf, count: 1
01-01 08:00:36.327 0 0 D cnss : PM relax, state: 0xf, count: 0
01-01 08:00:36.327 0 0 D cnss : PM stay awake, state: 0xf, count: 1
01-01 08:00:36.327 0 0 D cnss : Processing driver event: COLD_BOOT_CAL_DONE(6), state: 0xf
01-01 08:00:36.327 0 0 D cnss : Calibration completed successfully
01-01 08:00:36.327 0 0 D cnss : Sending mode message, mode: OFF(4), state: 0xf
01-01 08:00:36.328 0 0 W QSEECOM : __qseecom_unload_app: App (9) is unloaded
01-01 08:00:36.328 0 0 D qbt : qbt_release: entry minor_no=0 fd_available=0
01-01 08:00:36.328 0 0 D qbt : qbt_release: Releasing wakelock
03-14 03:51:07.631 1009 1188 I am_pss : [2211,1000,com.thundercomm.microservice,9094144,6922240,0,95293440,2,0,4]
01-01 08:00:36.328 0 0 D qbt : qbt_release: exit : fd_available=1
01-01 08:00:36.328 0 0 D qbt : qbt_release: entry minor_no=1 fd_available=1
01-01 08:00:36.328 0 0 D qbt : qbt_release: exit : fd_available=1
01-01 08:00:36.332 0 0 W cnss-daemon: wlfw_qmi_err_cb: Server disconnect, err -2 client 0x1K
01-01 08:00:36.332 0 0 D cnss : WLFW server exiting
01-01 08:00:36.332 0 0 D cnss : Posting event: SERVER_EXIT(1), state: 0x2000f flags: 0x0
01-01 08:00:36.332 0 0 D cnss : Skip driver remove
01-01 08:00:36.332 0 0 D cnss : Read register offset 0x1f8031c, val = 0x2
01-01 08:00:36.332 0 0 D cnss : Write val 0x3 to register offset 0x1f8031c
01-01 08:00:36.334 0 0 D cnss : Setting MHI state: POWER_OFF(4)
03-14 03:51:07.636 1009 1188 I am_pss : [2222,1001,.dataservices,8114176,5894144,0,94183424,2,0,4]
03-14 03:51:07.642 1009 1188 I am_pss : [2216,1000,com.thundercomm.microsettings,26679296,23445504,0,115310592,2,0,4]
03-14 03:51:07.647 1009 1188 I am_pss : [2132,1000,com.thundercomm.gamemode,8890368,6729728,0,94875648,2,0,4]
01-01 08:00:36.350 0 0 D cnss : Suspending PCI link
01-01 08:00:36.351 0 0 I msm_pcie_disable: PCIe: Assert the reset of endpoint of RC0.
01-01 08:00:36.351 0 0 D cnss : Setting MHI state: DEINIT(1)
01-01 08:00:36.351 0 0 D cnss : De-assert WLAN_EN GPIO successfully
01-01 08:00:36.351 0 0 D cnss : Regulator vdd-wlan-rfa2 is being disabled
