03-14 04:11:44.255 8885 8885 I wm_on_create_called: [212544331,com.android.music.VideoBrowserActivity,performCreate]
03-14 04:11:44.256 8885 8885 I wm_on_start_called: [212544331,com.android.music.VideoBrowserActivity,handleStartActivity]
03-14 04:11:44.256 8885 8885 I wm_on_resume_called: [212544331,com.android.music.VideoBrowserActivity,RESUME_ACTIVITY]
03-14 04:11:44.258 8885 8885 I wm_on_top_resumed_gained_called: [212544331,com.android.music.VideoBrowserActivity,topStateChangedWhenResumed]
03-14 04:11:44.259 1009 9751 W WindowManager: updateScale : 0.79357797
03-14 04:11:44.260 1009 1184 I input_focus: [Focus request 38e2c79 com.android.music/com.android.music.VideoBrowserActivity,reason=UpdateInputWindows]
03-14 04:11:44.264 1009 1184 W WindowManager: updateScale : 0.79357797
03-14 04:11:44.267 1009 1180 I wm_activity_launch_time: [0,212544331,com.android.music/.VideoBrowserActivity,43]
03-14 04:11:44.267 1009 1184 W WindowManager: updateScale : 0.79357797
03-14 04:11:44.268 1009 1184 W WindowManager: updateScale : 0.79357797
03-14 04:11:44.272 1009 1587 I input_focus: [Focus leaving a99babe com.android.launcher3/com.android.launcher3.uioverrides.QuickstepLauncher (server),reason=setFocusedWindow]
03-14 04:11:44.272 1009 1587 I input_focus: [Focus entering 38e2c79 com.android.music/com.android.music.VideoBrowserActivity (server),reason=setFocusedWindow]
03-14 04:11:44.341 1009 9647 W FreeFormWindowHelper: Current Display FreeFormTask is Task{ff0941a #159 type=standard A=10086:android.task.video U=0 visible=true mode=freeform translucent=false sz=1}
03-14 04:11:44.341 1009 9560 W FreeFormWindowHelper: Current Display FreeFormTask is Task{ff0941a #159 type=standard A=10086:android.task.video U=0 visible=true mode=freeform translucent=false sz=1}
03-14 04:11:44.536 1009 1183 I wm_destroy_activity: [0,136107887,158,com.android.music/.MusicBrowserActivity,finish-imm:idle]
03-14 04:11:44.537 1009 1184 W WindowManager: updateScale : 0.79357797
03-14 04:11:44.553 1009 9560 W WindowManager: updateScale : 0.79357797
03-14 04:11:44.556 8885 8885 I wm_on_stop_called: [136107887,com.android.music.MusicBrowserActivity,LIFECYCLER_STOP_ACTIVITY]
03-14 04:11:44.557 8885 8885 I wm_on_destroy_called: [136107887,com.android.music.MusicBrowserActivity,performDestroy]
03-14 04:11:44.557 1009 9872 W WindowManager: updateScale : 0.79357797
03-14 04:11:44.558 1009 9872 I wm_task_removed: [158,removeChild:removeChild last r=ActivityRecord{81cd76f u0 com.android.music/.MusicBrowserActivity t-1 f}} in t=Task{ad28a4e #158 type=standard A=10086:android.task.music U=0 visible=false mode=freeform translucent=true sz=0}]
03-14 04:11:44.558 1009 9872 I wm_task_removed: [158,removeChild]
03-14 04:11:46.474 1009 2881 E TaskPersister: File error accessing recents directory (directory doesn't exist?).
01-01 08:21:15.283 0 0 E DTC_ETH,link_delay_work_func: 3003, SQI=0, link=0
03-14 04:11:47.147 1009 9872 I thunderperf: PlatormCompat.setOverrides: Uid1=10074 Pid1=9852 Uid2=10074 Pid2=9852
03-14 04:11:47.147 1009 9872 I thunderperf: PlatormCompat.setOverrides: needCheck:false
03-14 04:11:47.147 1009 9872 I thunderperf: CompatConfig.addOverrideUnsafe: bef-state=0
03-14 04:11:47.148 1009 9872 I thunderperf: CompatConfig.addOverrideUnsafe: aft-state=0
03-14 04:11:47.148 1009 9872 I thunderperf: CompatConfig.addOverrideUnsafe: bef-state=0
03-14 04:11:47.148 1009 9872 I thunderperf: CompatConfig.addOverrideUnsafe: aft-state=0
03-14 04:11:47.149 1009 9872 I thunderperf: CompatConfig.addOverrideUnsafe: bef-state=0
03-14 04:11:47.149 1009 9872 I thunderperf: CompatConfig.addOverrideUnsafe: aft-state=0
03-14 04:11:47.149 1009 9872 I thunderperf: CompatConfig.addOverrideUnsafe: bef-state=0
03-14 04:11:47.149 1009 9872 I thunderperf: CompatConfig.addOverrideUnsafe: aft-state=0
03-14 04:11:47.150 1009 9872 I thunderperf: CompatConfig.addOverrideUnsafe: bef-state=0
03-14 04:11:47.150 1009 9872 I thunderperf: CompatConfig.addOverrideUnsafe: aft-state=0
03-14 04:11:47.150 1009 9872 I thunderperf: CompatConfig.addOverrideUnsafe: bef-state=0
03-14 04:11:47.150 1009 9872 I thunderperf: CompatConfig.addOverrideUnsafe: aft-state=0
03-14 04:11:47.151 1009 9872 I thunderperf: CompatConfig.addOverrideUnsafe: bef-state=0
03-14 04:11:47.151 1009 9872 I thunderperf: CompatConfig.addOverrideUnsafe: aft-state=0
03-14 04:11:47.151 1009 9872 I thunderperf: CompatConfig.addOverrideUnsafe: bef-state=0
03-14 04:11:47.151 1009 9872 I thunderperf: CompatConfig.addOverrideUnsafe: aft-state=0
03-14 04:11:47.152 1009 9872 I thunderperf: CompatConfig.addOverrideUnsafe: bef-state=0
03-14 04:11:47.152 1009 9872 I thunderperf: CompatConfig.addOverrideUnsafe: aft-state=0
03-14 04:11:47.152 1009 9872 I thunderperf: CompatConfig.addOverrideUnsafe: bef-state=0
03-14 04:11:47.152 1009 9872 I thunderperf: CompatConfig.addOverrideUnsafe: aft-state=0
03-14 04:11:47.153 1009 9872 I thunderperf: CompatConfig.addOverrideUnsafe: bef-state=0
03-14 04:11:47.153 1009 9872 I thunderperf: CompatConfig.addOverrideUnsafe: aft-state=0
03-14 04:11:47.153 1009 9872 I thunderperf: CompatConfig.addOverrideUnsafe: bef-state=0
03-14 04:11:47.153 1009 9872 I thunderperf: CompatConfig.addOverrideUnsafe: aft-state=0
03-14 04:11:47.154 1009 9872 I thunderperf: CompatConfig.addOverrideUnsafe: bef-state=0
03-14 04:11:47.154 1009 9872 I thunderperf: CompatConfig.addOverrideUnsafe: aft-state=0
03-14 04:11:47.154 1009 9872 I thunderperf: CompatConfig.addOverrideUnsafe: bef-state=0
03-14 04:11:47.154 1009 9872 I thunderperf: CompatConfig.addOverrideUnsafe: aft-state=0
03-14 04:11:47.163 1009 9872 I ActivityTaskManager: START u0 {act=android.intent.action.MAIN cat=[android.intent.category.LAUNCHER] flg=0x10200000 cmp=com.android.music/.MusicBrowserActivity} from uid 10074
03-14 04:11:47.167 1009 9872 I wm_task_created: [160,-1]
03-14 04:11:47.167 1009 9872 W ActivityTaskManager: Can't find TaskDisplayArea to determine support for multi window. Task id=160 attached=false
03-14 04:11:47.168 1009 9872 D FreeFormWindowHelper: finish old freeform task = ActivityRecord{cab2b4b u0 com.android.music/.VideoBrowserActivity t159}
03-14 04:11:47.168 1009 9872 I wm_finish_activity: [0,212544331,159,com.android.music/.VideoBrowserActivity,app-request]
03-14 04:11:47.168 1009 9872 I wm_task_moved: [1,1,7]
03-14 04:11:47.169 1009 9872 I wm_set_resumed_activity: [0,com.android.launcher3/.uioverrides.QuickstepLauncher,positionChildAt]
03-14 04:11:47.169 8885 8885 I wm_on_top_resumed_lost_called: [212544331,com.android.music.VideoBrowserActivity,topStateChangedWhenResumed]
03-14 04:11:47.170 1009 9872 I wm_task_moved: [149,1,2147483647]
03-14 04:11:47.170 1009 9872 I wm_task_to_front: [0,149]
03-14 04:11:47.170 1009 9872 I wm_focused_root_task: [0,0,1,-1,finish-top adjustFocusToNextFocusableTask]
03-14 04:11:47.170 1009 9872 I wm_set_resumed_activity: [0,com.android.launcher3/.uioverrides.QuickstepLauncher,finish-top]
03-14 04:11:47.173 1009 9872 I wm_pause_activity: [0,212544331,com.android.music/.VideoBrowserActivity,userLeaving=false,finish]
03-14 04:11:47.173 1009 9872 D FreeFormWindowHelper: Add freeform task=Task{b075b59 #160 type=standard ?? U=0 visible=false mode=freeform translucent=true sz=0}
03-14 04:11:47.175 1009 9872 I wm_task_moved: [160,1,7]
03-14 04:11:47.175 1009 9872 I wm_task_to_front: [0,160]
03-14 04:11:47.175 1009 9872 I wm_focused_root_task: [0,0,160,1,reuseOrNewTask]
03-14 04:11:47.175 1009 9872 I wm_create_task: [0,160]
03-14 04:11:47.175 1009 9872 I wm_create_activity: [0,119937023,160,com.android.music/.MusicBrowserActivity,android.intent.action.MAIN,NULL,NULL,270532608]
03-14 04:11:47.175 1009 9872 I wm_task_moved: [160,1,7]
03-14 04:11:47.177 1009 1184 I input_focus: [Focus request a99babe com.android.launcher3/com.android.launcher3.uioverrides.QuickstepLauncher,reason=UpdateInputWindows]
03-14 04:11:47.177 8885 8885 I wm_on_paused_called: [212544331,com.android.music.VideoBrowserActivity,performPause]
03-14 04:11:47.179 1009 2635 I wm_add_to_stopping: [0,212544331,com.android.music/.VideoBrowserActivity,completeFinishing]
03-14 04:11:47.179 1009 2635 I ActivityTaskManager: FOREGROUND_APPLICATION_CHANGED to com.android.music.MusicBrowserActivity
03-14 04:11:47.180 1009 2635 I ActivityTaskManager: The Process com.android.music Already Exists in BG. So sending its PID: 8885
03-14 04:11:47.180 1009 2635 W ActivityTaskManager: Tried to set launchTime (0) < mLastActivityLaunchTime (1270713)
03-14 04:11:47.180 1009 2635 I wm_restart_activity: [0,119937023,160,com.android.music/.MusicBrowserActivity]
03-14 04:11:47.181 1009 2635 I wm_set_resumed_activity: [0,com.android.music/.MusicBrowserActivity,minimalResumeActivityLocked]
03-14 04:11:47.186 1009 1183 I sysui_multi_action: [757,803,799,window_time_2,802,3]
03-14 04:11:47.193 1009 1587 I input_focus: [Focus leaving 38e2c79 com.android.music/com.android.music.VideoBrowserActivity (server),reason=NO_WINDOW]
03-14 04:11:47.193 1009 1587 I input_focus: [Focus entering a99babe com.android.launcher3/com.android.launcher3.uioverrides.QuickstepLauncher (server),reason=setFocusedWindow]
03-14 04:11:47.196 8885 8885 I wm_on_create_called: [119937023,com.android.music.MusicBrowserActivity,performCreate]
03-14 04:11:47.200 8885 8885 I wm_on_start_called: [119937023,com.android.music.MusicBrowserActivity,handleStartActivity]
03-14 04:11:47.200 8885 8885 I wm_on_resume_called: [119937023,com.android.music.MusicBrowserActivity,RESUME_ACTIVITY]
03-14 04:11:47.202 8885 8885 I wm_on_top_resumed_gained_called: [119937023,com.android.music.MusicBrowserActivity,topStateChangedWhenResumed]
03-14 04:11:47.202 1009 1698 I GameModeConfig: isGameModeOn = false
03-14 04:11:47.202 1009 1698 I GameModeConfig: isGameModeOn = false
03-14 04:11:47.202 1009 1698 I GameModeConfig: isGameModeOn = false
03-14 04:11:47.202 1009 1698 I GameModeConfig: isGameModeOn = false
03-14 04:11:47.212 1009 1009 I notification_enqueue: [10086,8885,com.android.music,1,NULL,0,Notification(channel=Channel-music shortcut=null contentView=null vibrate=null sound=null defaults=0x0 flags=0x42 color=0x00000000 category=transport actions=4 vis=PRIVATE),1]
03-14 04:11:47.213 1009 1009 I notification_enqueue: [10086,8885,com.android.music,1,NULL,0,Notification(channel=Channel-music shortcut=null contentView=null vibrate=null sound=null defaults=0x0 flags=0x42 color=0x00000000 category=transport actions=4 vis=PRIVATE),1]
03-14 04:11:47.216 1009 1698 I GameModeConfig: isGameModeOn = false
03-14 04:11:47.216 1009 1698 I GameModeConfig: isGameModeOn = false
03-14 04:11:47.216 1009 1698 I GameModeConfig: isGameModeOn = false
03-14 04:11:47.216 1009 1698 I GameModeConfig: isGameModeOn = false
03-14 04:11:47.226 1009 1009 I notification_enqueue: [10086,8885,com.android.music,1,NULL,0,Notification(channel=Channel-music shortcut=null contentView=null vibrate=null sound=null defaults=0x0 flags=0x42 color=0x00000000 category=transport actions=4 vis=PRIVATE),1]
03-14 04:11:47.227 1009 1009 I notification_enqueue: [10086,8885,com.android.music,1,NULL,0,Notification(channel=Channel-music shortcut=null contentView=null vibrate=null sound=null defaults=0x0 flags=0x42 color=0x00000000 category=transport actions=4 vis=PRIVATE),1]
03-14 04:11:47.240 1009 9872 W WindowManager: updateScale : 0.79357797
03-14 04:11:47.241 1009 1184 I input_focus: [Focus request 3017a39 com.android.music/com.android.music.MusicBrowserActivity,reason=UpdateInputWindows]
03-14 04:11:47.249 1009 1184 W WindowManager: updateScale : 0.79357797
03-14 04:11:47.250 1009 1180 I wm_activity_launch_time: [0,119937023,com.android.music/.MusicBrowserActivity,87]
03-14 04:11:47.251 1009 1184 W WindowManager: updateScale : 0.79357797
03-14 04:11:47.252 1009 1184 W WindowManager: updateScale : 0.79357797
03-14 04:11:47.260 1009 1587 I input_focus: [Focus leaving a99babe com.android.launcher3/com.android.launcher3.uioverrides.QuickstepLauncher (server),reason=setFocusedWindow]
03-14 04:11:47.260 1009 1587 I input_focus: [Focus entering 3017a39 com.android.music/com.android.music.MusicBrowserActivity (server),reason=setFocusedWindow]
03-14 04:11:47.283 1009 9647 W FreeFormWindowHelper: Current Display FreeFormTask is Task{b075b59 #160 type=standard A=10086:android.task.music U=0 visible=true mode=freeform translucent=false sz=1}
03-14 04:11:47.412 1009 1009 I GameModeConfig: isGameModeOn = false
03-14 04:11:47.414 1009 1009 I GameModeConfig: isGameModeOn = false
03-14 04:11:47.426 1009 1009 I GameModeConfig: isGameModeOn = false
03-14 04:11:47.427 1009 1009 I GameModeConfig: isGameModeOn = false
03-14 04:11:47.526 1009 1183 I wm_destroy_activity: [0,212544331,159,com.android.music/.VideoBrowserActivity,finish-imm:idle]
03-14 04:11:47.527 1009 1184 W WindowManager: updateScale : 0.79357797
03-14 04:11:47.543 1009 9872 W WindowManager: updateScale : 0.79357797
03-14 04:11:47.545 8885 8885 I wm_on_stop_called: [212544331,com.android.music.VideoBrowserActivity,LIFECYCLER_STOP_ACTIVITY]
03-14 04:11:47.545 8885 8885 I wm_on_destroy_called: [212544331,com.android.music.VideoBrowserActivity,performDestroy]
03-14 04:11:47.546 1009 9872 W WindowManager: updateScale : 0.79357797
03-14 04:11:47.547 1009 9872 I wm_task_removed: [159,removeChild:removeChild last r=ActivityRecord{cab2b4b u0 com.android.music/.VideoBrowserActivity t-1 f}} in t=Task{ff0941a #159 type=standard A=10086:android.task.video U=0 visible=false mode=freeform translucent=true sz=0}]
03-14 04:11:47.547 1009 9872 I wm_task_removed: [159,removeChild]
03-14 04:11:47.984 1009 1194 I am_uid_idle: 10063
03-14 04:11:48.049 1009 1194 I am_uid_idle: 10028
03-14 04:11:48.069 1009 1194 I am_uid_idle: 10017
03-14 04:11:48.106 1009 1587 I input_interaction: Interaction with: 3017a39 com.android.music/com.android.music.MusicBrowserActivity (server), edge-swipe (server), swipe-up (server), PointerEventDispatcher0 (server),
03-14 04:11:48.247 1009 1185 I ActivityTaskManager: clear resize flag in freeform mode
03-14 04:11:48.247 1009 1185 W WindowManager: updateScale : 0.72782874
03-14 04:11:48.247 1009 1185 W WindowManager: updateScale : 0.72782874
03-14 04:11:48.260 1009 9872 W ActivityManager: Receiver with filter android.content.IntentFilter@beab28d already registered for pid 8885, callerPackage is com.android.music
03-14 04:11:48.264 1009 1185 I ActivityTaskManager: clear resize flag in freeform mode
03-14 04:11:48.264 1009 1185 W WindowManager: updateScale : 0.675841
03-14 04:11:48.277 1009 9872 W ActivityManager: Receiver with filter android.content.IntentFilter@b632c42 already registered for pid 8885, callerPackage is com.android.music
03-14 04:11:48.281 1009 1185 I ActivityTaskManager: clear resize flag in freeform mode
03-14 04:11:48.281 1009 1185 W WindowManager: updateScale : 0.6284404
03-14 04:11:48.292 1009 3052 W WindowManager: updateScale : 0.6284404
03-14 04:11:48.297 1009 1185 I ActivityTaskManager: clear resize flag in freeform mode
03-14 04:11:48.297 1009 1185 W WindowManager: updateScale : 0.5902141
03-14 04:11:48.302 1009 9647 W ActivityManager: Receiver with filter android.content.IntentFilter@53a58fd already registered for pid 8885, callerPackage is com.android.music
03-14 04:11:48.309 1009 3052 W WindowManager: updateScale : 0.5902141
03-14 04:11:48.312 1009 1698 I GameModeConfig: isGameModeOn = false
03-14 04:11:48.312 1009 1698 I GameModeConfig: isGameModeOn = false
03-14 04:11:48.312 1009 1698 I GameModeConfig: isGameModeOn = false
03-14 04:11:48.312 1009 1698 I GameModeConfig: isGameModeOn = false
03-14 04:11:48.314 1009 1185 I ActivityTaskManager: clear resize flag in freeform mode
03-14 04:11:48.314 1009 1185 W WindowManager: updateScale : 0.559633
03-14 04:11:48.322 1009 1009 I notification_enqueue: [10086,8885,com.android.music,1,NULL,0,Notification(channel=Channel-music shortcut=null contentView=null vibrate=null sound=null defaults=0x0 flags=0x42 color=0x00000000 category=transport actions=4 vis=PRIVATE),1]
03-14 04:11:48.322 1009 3052 W ActivityManager: Receiver with filter android.content.IntentFilter@bb5f33e already registered for pid 8885, callerPackage is com.android.music
03-14 04:11:48.324 1009 1009 I notification_enqueue: [10086,8885,com.android.music,1,NULL,0,Notification(channel=Channel-music shortcut=null contentView=null vibrate=null sound=null defaults=0x0 flags=0x42 color=0x00000000 category=transport actions=4 vis=PRIVATE),1]
03-14 04:11:48.327 1009 3052 W WindowManager: updateScale : 0.559633
03-14 04:11:48.330 1009 1185 I ActivityTaskManager: clear resize flag in freeform mode
03-14 04:11:48.331 1009 1185 W WindowManager: updateScale : 0.5351682
03-14 04:11:48.332 1009 3052 W ActivityManager: Receiver with filter android.content.IntentFilter@86cfcbb already registered for pid 8885, callerPackage is com.android.music
03-14 04:11:48.342 1009 3052 W WindowManager: updateScale : 0.5351682
03-14 04:11:48.347 1009 1185 I ActivityTaskManager: clear resize flag in freeform mode
03-14 04:11:48.347 1009 1185 W WindowManager: updateScale : 0.5152905
03-14 04:11:48.359 1009 3052 W WindowManager: updateScale : 0.5152905
03-14 04:11:48.363 1009 3052 W ActivityManager: Receiver with filter android.content.IntentFilter@f0ac5d8 already registered for pid 8885, callerPackage is com.android.music
03-14 04:11:48.364 1009 1185 I ActivityTaskManager: clear resize flag in freeform mode
03-14 04:11:48.364 1009 1185 W WindowManager: updateScale : 0.5
03-14 04:11:48.376 1009 3052 W WindowManager: updateScale : 0.5
03-14 04:11:48.379 1009 3052 W ActivityManager: Receiver with filter android.content.IntentFilter@cee3d31 already registered for pid 8885, callerPackage is com.android.music
03-14 04:11:48.381 1009 1185 I ActivityTaskManager: clear resize flag in freeform mode
03-14 04:11:48.381 1009 1185 W WindowManager: updateScale : 0.48776758
03-14 04:11:48.392 1009 3052 W WindowManager: updateScale : 0.48776758
03-14 04:11:48.396 1009 3052 W ActivityManager: Receiver with filter android.content.IntentFilter@cfb2c16 already registered for pid 8885, callerPackage is com.android.music
03-14 04:11:48.398 1009 1185 I ActivityTaskManager: clear resize flag in freeform mode
03-14 04:11:48.398 1009 1185 W WindowManager: updateScale : 0.47859326
03-14 04:11:48.409 1009 3052 W WindowManager: updateScale : 0.47859326
03-14 04:11:48.412 1009 3052 W ActivityManager: Receiver with filter android.content.IntentFilter@d64a997 already registered for pid 8885, callerPackage is com.android.music
03-14 04:11:48.414 1009 1185 I ActivityTaskManager: clear resize flag in freeform mode
03-14 04:11:48.414 1009 1185 W WindowManager: updateScale : 0.470948
03-14 04:11:48.426 1009 3052 W WindowManager: updateScale : 0.470948
03-14 04:11:48.429 1009 3052 W ActivityManager: Receiver with filter android.content.IntentFilter@1526784 already registered for pid 8885, callerPackage is com.android.music
03-14 04:11:48.431 1009 1185 I ActivityTaskManager: clear resize flag in freeform mode
03-14 04:11:48.431 1009 1185 W WindowManager: updateScale : 0.46636087
03-14 04:11:48.443 1009 3052 W WindowManager: updateScale : 0.46636087
03-14 04:11:48.446 1009 3052 W ActivityManager: Receiver with filter android.content.IntentFilter@fb87b6d already registered for pid 8885, callerPackage is com.android.music
03-14 04:11:48.448 1009 1185 I ActivityTaskManager: clear resize flag in freeform mode
03-14 04:11:48.448 1009 1185 W WindowManager: updateScale : 0.4617737
03-14 04:11:48.459 1009 3052 W WindowManager: updateScale : 0.4617737
03-14 04:11:48.463 1009 3052 W ActivityManager: Receiver with filter android.content.IntentFilter@a75f3a2 already registered for pid 8885, callerPackage is com.android.music
03-14 04:11:48.464 1009 1185 I ActivityTaskManager: clear resize flag in freeform mode
03-14 04:11:48.464 1009 1185 W WindowManager: updateScale : 0.46024466
03-14 04:11:48.476 1009 3052 W WindowManager: updateScale : 0.46024466
03-14 04:11:48.481 1009 1185 I ActivityTaskManager: clear resize flag in freeform mode
03-14 04:11:48.481 1009 1185 W WindowManager: updateScale : 0.4587156
03-14 04:11:48.494 1009 8883 W ActivityManager: Receiver with filter android.content.IntentFilter@b2d2687 already registered for pid 8885, callerPackage is com.android.music
03-14 04:11:48.496 1009 8883 W WindowManager: updateScale : 0.4587156
03-14 04:11:48.498 1009 1185 I ActivityTaskManager: clear resize flag in freeform mode
03-14 04:11:48.498 1009 1185 W WindowManager: updateScale : 0.45718655
03-14 04:11:48.504 1009 3052 W ActivityManager: Receiver with filter android.content.IntentFilter@6268952 already registered for pid 8885, callerPackage is com.android.music
03-14 04:11:48.509 1009 3052 W WindowManager: updateScale : 0.45718655
03-14 04:11:48.512 1009 1698 I GameModeConfig: isGameModeOn = false
03-14 04:11:48.512 1009 1698 I GameModeConfig: isGameModeOn = false
03-14 04:11:48.512 1009 1698 I GameModeConfig: isGameModeOn = false
03-14 04:11:48.513 1009 1698 I GameModeConfig: isGameModeOn = false
03-14 04:11:48.514 1009 1185 I ActivityTaskManager: clear resize flag in freeform mode
03-14 04:11:48.515 1009 1185 W WindowManager: updateScale : 0.45565748
03-14 04:11:48.523 1009 1009 I GameModeConfig: isGameModeOn = false
03-14 04:11:48.524 1009 1009 I notification_enqueue: [10086,8885,com.android.music,1,NULL,0,Notification(channel=Channel-music shortcut=null contentView=null vibrate=null sound=null defaults=0x0 flags=0x42 color=0x00000000 category=transport actions=4 vis=PRIVATE),1]
03-14 04:11:48.524 1009 1009 I GameModeConfig: isGameModeOn = false
03-14 04:11:48.524 1009 1009 I notification_enqueue: [10086,8885,com.android.music,1,NULL,0,Notification(channel=Channel-music shortcut=null contentView=null vibrate=null sound=null defaults=0x0 flags=0x42 color=0x00000000 category=transport actions=4 vis=PRIVATE),1]
03-14 04:11:48.531 1009 1185 I ActivityTaskManager: clear resize flag in freeform mode
03-14 04:11:48.531 1009 1185 W WindowManager: updateScale : 0.45565748
03-14 04:11:48.534 1009 9872 W WindowManager: updateScale : 0.45565748
03-14 04:11:48.540 1009 9872 W ActivityManager: Receiver with filter android.content.IntentFilter@96f749b already registered for pid 8885, callerPackage is com.android.music
03-14 04:11:48.703 1009 1194 I am_uid_idle: 10023
03-14 04:11:48.724 1009 1009 I GameModeConfig: isGameModeOn = false
03-14 04:11:48.724 1009 1009 I GameModeConfig: isGameModeOn = false
03-14 04:11:49.535 1009 1185 I ActivityTaskManager: clear resize flag in freeform mode
03-14 04:11:49.536 1009 1185 W WindowManager: updateScale : 0.5214067
03-14 04:11:49.550 1009 9872 W ActivityManager: Receiver with filter android.content.IntentFilter@746bf77 already registered for pid 8885, callerPackage is com.android.music
03-14 04:11:49.552 1009 1185 I ActivityTaskManager: clear resize flag in freeform mode
03-14 04:11:49.552 1009 1185 W WindowManager: updateScale : 0.5764526
03-14 04:11:49.570 1009 1185 I ActivityTaskManager: clear resize flag in freeform mode
03-14 04:11:49.570 1009 1185 W WindowManager: updateScale : 0.62232417
03-14 04:11:49.585 1009 1185 I ActivityTaskManager: clear resize flag in freeform mode
03-14 04:11:49.586 1009 1185 W WindowManager: updateScale : 0.6590214
03-14 04:11:49.598 1009 9647 W WindowManager: updateScale : 0.6590214
03-14 04:11:49.600 1009 1185 I ActivityTaskManager: clear resize flag in freeform mode
03-14 04:11:49.601 1009 1185 W WindowManager: updateScale : 0.68960243
03-14 04:11:49.606 1009 9647 W ActivityManager: Receiver with filter android.content.IntentFilter@711f768 already registered for pid 8885, callerPackage is com.android.music
03-14 04:11:49.614 1009 9647 W WindowManager: updateScale : 0.68960243
03-14 04:11:49.620 1009 1185 I ActivityTaskManager: clear resize flag in freeform mode
03-14 04:11:49.620 1009 1185 W WindowManager: updateScale : 0.7140673
03-14 04:11:49.622 1009 1698 I GameModeConfig: isGameModeOn = false
03-14 04:11:49.623 1009 1698 I GameModeConfig: isGameModeOn = false
03-14 04:11:49.624 1009 1698 I GameModeConfig: isGameModeOn = false
03-14 04:11:49.624 1009 1698 I GameModeConfig: isGameModeOn = false
03-14 04:11:49.634 1009 1185 I ActivityTaskManager: clear resize flag in freeform mode
03-14 04:11:49.634 1009 1185 W WindowManager: updateScale : 0.73394495
03-14 04:11:49.636 1009 1009 I notification_enqueue: [10086,8885,com.android.music,1,NULL,0,Notification(channel=Channel-music shortcut=null contentView=null vibrate=null sound=null defaults=0x0 flags=0x42 color=0x00000000 category=transport actions=4 vis=PRIVATE),1]
03-14 04:11:49.638 1009 1009 I notification_enqueue: [10086,8885,com.android.music,1,NULL,0,Notification(channel=Channel-music shortcut=null contentView=null vibrate=null sound=null defaults=0x0 flags=0x42 color=0x00000000 category=transport actions=4 vis=PRIVATE),1]
03-14 04:11:49.644 1009 9872 W ActivityManager: Receiver with filter android.content.IntentFilter@4ad895f already registered for pid 8885, callerPackage is com.android.music
03-14 04:11:49.651 1009 1185 I ActivityTaskManager: clear resize flag in freeform mode
03-14 04:11:49.651 1009 1185 W WindowManager: updateScale : 0.74923545
03-14 04:11:49.668 1009 1185 I ActivityTaskManager: clear resize flag in freeform mode
03-14 04:11:49.668 1009 1185 W WindowManager: updateScale : 0.7614679
03-14 04:11:49.668 1009 1185 W WindowManager: updateScale : 0.7614679
03-14 04:11:49.669 1009 8883 W WindowManager: updateScale : 0.7614679
03-14 04:11:49.679 1009 9872 W ActivityManager: Receiver with filter android.content.IntentFilter@af9f2ae already registered for pid 8885, callerPackage is com.android.music
03-14 04:11:49.681 1009 1698 I GameModeConfig: isGameModeOn = false
03-14 04:11:49.681 1009 1698 I GameModeConfig: isGameModeOn = false
03-14 04:11:49.681 1009 1698 I GameModeConfig: isGameModeOn = false
03-14 04:11:49.681 1009 1698 I GameModeConfig: isGameModeOn = false
03-14 04:11:49.684 1009 1185 I ActivityTaskManager: clear resize flag in freeform mode
03-14 04:11:49.685 1009 1185 W WindowManager: updateScale : 0.7706422
03-14 04:11:49.696 1009 1009 I notification_enqueue: [10086,8885,com.android.music,1,NULL,0,Notification(channel=Channel-music shortcut=null contentView=null vibrate=null sound=null defaults=0x0 flags=0x42 color=0x00000000 category=transport actions=4 vis=PRIVATE),1]
03-14 04:11:49.698 1009 1009 I notification_enqueue: [10086,8885,com.android.music,1,NULL,0,Notification(channel=Channel-music shortcut=null contentView=null vibrate=null sound=null defaults=0x0 flags=0x42 color=0x00000000 category=transport actions=4 vis=PRIVATE),1]
03-14 04:11:49.701 1009 1185 I ActivityTaskManager: clear resize flag in freeform mode
03-14 04:11:49.701 1009 1185 W WindowManager: updateScale : 0.7782875
03-14 04:11:49.704 1009 9872 W ActivityManager: Receiver with filter android.content.IntentFilter@3303247 already registered for pid 8885, callerPackage is com.android.music
03-14 04:11:49.713 1009 9872 W WindowManager: updateScale : 0.7782875
03-14 04:11:49.717 1009 1185 I ActivityTaskManager: clear resize flag in freeform mode
03-14 04:11:49.718 1009 1185 W WindowManager: updateScale : 0.78287464
03-14 04:11:49.731 1009 9872 W ActivityManager: Receiver with filter android.content.IntentFilter@4c13a74 already registered for pid 8885, callerPackage is com.android.music
03-14 04:11:49.734 1009 1185 I ActivityTaskManager: clear resize flag in freeform mode
03-14 04:11:49.735 1009 1185 W WindowManager: updateScale : 0.78746176
03-14 04:11:49.750 1009 9872 W ActivityManager: Receiver with filter android.content.IntentFilter@fcd6b9d already registered for pid 8885, callerPackage is com.android.music
03-14 04:11:49.753 1009 1185 I ActivityTaskManager: clear resize flag in freeform mode
03-14 04:11:49.754 1009 1185 W WindowManager: updateScale : 0.78899086
03-14 04:11:49.764 1009 9872 W WindowManager: updateScale : 0.78899086
03-14 04:11:49.768 1009 1185 I ActivityTaskManager: clear resize flag in freeform mode
03-14 04:11:49.769 1009 1185 W WindowManager: updateScale : 0.7905199
03-14 04:11:49.776 1009 9872 W ActivityManager: Receiver with filter android.content.IntentFilter@9aed812 already registered for pid 8885, callerPackage is com.android.music
03-14 04:11:49.780 1009 9872 W WindowManager: updateScale : 0.7905199
03-14 04:11:49.785 1009 1185 I ActivityTaskManager: clear resize flag in freeform mode
03-14 04:11:49.785 1009 1185 W WindowManager: updateScale : 0.79204893
03-14 04:11:49.792 1009 9872 W ActivityManager: Receiver with filter android.content.IntentFilter@533abe3 already registered for pid 8885, callerPackage is com.android.music
03-14 04:11:49.796 1009 9872 W WindowManager: updateScale : 0.79204893
03-14 04:11:49.801 1009 1185 I ActivityTaskManager: clear resize flag in freeform mode
03-14 04:11:49.802 1009 1185 W WindowManager: updateScale : 0.79357797
03-14 04:11:49.808 1009 9872 W ActivityManager: Receiver with filter android.content.IntentFilter@9f189e0 already registered for pid 8885, callerPackage is com.android.music
03-14 04:11:49.813 1009 9872 W WindowManager: updateScale : 0.79357797
03-14 04:11:49.818 1009 1185 I ActivityTaskManager: clear resize flag in freeform mode
03-14 04:11:49.819 1009 1185 W WindowManager: updateScale : 0.79357797
03-14 04:11:49.830 1009 9872 W WindowManager: updateScale : 0.79357797
03-14 04:11:49.836 1009 1009 I GameModeConfig: isGameModeOn = false
03-14 04:11:49.838 1009 1009 I GameModeConfig: isGameModeOn = false
03-14 04:11:49.846 1009 9872 W WindowManager: updateScale : 0.79357797
03-14 04:11:49.897 1009 1009 I GameModeConfig: isGameModeOn = false
03-14 04:11:49.898 1009 1009 I GameModeConfig: isGameModeOn = false
03-14 04:11:50.721 1009 1185 I ActivityTaskManager: clear resize flag in freeform mode
03-14 04:11:50.723 1009 1185 W WindowManager: updateScale : 0.7308869
03-14 04:11:50.725 1009 1185 W WindowManager: updateScale : 0.7308869
03-14 04:11:50.737 1009 1185 I ActivityTaskManager: clear resize flag in freeform mode
03-14 04:11:50.738 1009 1185 W WindowManager: updateScale : 0.675841
03-14 04:11:50.739 1009 8883 W ActivityManager: Receiver with filter android.content.IntentFilter@df7155 already registered for pid 8885, callerPackage is com.android.music
03-14 04:11:50.755 1009 1185 I ActivityTaskManager: clear resize flag in freeform mode
03-14 04:11:50.755 1009 1185 W WindowManager: updateScale : 0.6284404
03-14 04:11:50.760 1009 9647 W WindowManager: updateScale : 0.6284404
03-14 04:11:50.771 1009 1185 I ActivityTaskManager: clear resize flag in freeform mode
03-14 04:11:50.771 1009 1185 W WindowManager: updateScale : 0.59327215
03-14 04:11:50.776 1009 8883 W ActivityManager: Receiver with filter android.content.IntentFilter@69576a already registered for pid 8885, callerPackage is com.android.music
03-14 04:11:50.788 1009 1185 I ActivityTaskManager: clear resize flag in freeform mode
03-14 04:11:50.788 1009 1185 W WindowManager: updateScale : 0.56116205
03-14 04:11:50.800 1009 8883 W WindowManager: updateScale : 0.56116205
03-14 04:11:50.804 1009 1185 I ActivityTaskManager: clear resize flag in freeform mode
03-14 04:11:50.804 1009 1185 W WindowManager: updateScale : 0.5351682
03-14 04:11:50.809 1009 9647 W ActivityManager: Receiver with filter android.content.IntentFilter@b78b45b already registered for pid 8885, callerPackage is com.android.music
03-14 04:11:50.815 1009 8883 W WindowManager: updateScale : 0.5351682
03-14 04:11:50.821 1009 1185 I ActivityTaskManager: clear resize flag in freeform mode
03-14 04:11:50.821 1009 1185 W WindowManager: updateScale : 0.5152905
03-14 04:11:50.826 1009 8883 W ActivityManager: Receiver with filter android.content.IntentFilter@2bab4f8 already registered for pid 8885, callerPackage is com.android.music
03-14 04:11:50.832 1009 8883 W WindowManager: updateScale : 0.5152905
03-14 04:11:50.837 1009 1185 I ActivityTaskManager: clear resize flag in freeform mode
03-14 04:11:50.838 1009 1185 W WindowManager: updateScale : 0.5
03-14 04:11:50.842 1009 8883 W ActivityManager: Receiver with filter android.content.IntentFilter@c72cdd1 already registered for pid 8885, callerPackage is com.android.music
03-14 04:11:50.849 1009 9647 W WindowManager: updateScale : 0.5
03-14 04:11:50.854 1009 1185 I ActivityTaskManager: clear resize flag in freeform mode
03-14 04:11:50.855 1009 1185 W WindowManager: updateScale : 0.48776758
03-14 04:11:50.859 1009 9647 W ActivityManager: Receiver with filter android.content.IntentFilter@83d8036 already registered for pid 8885, callerPackage is com.android.music
03-14 04:11:50.865 1009 8883 W WindowManager: updateScale : 0.48776758
03-14 04:11:50.871 1009 1185 I ActivityTaskManager: clear resize flag in freeform mode
03-14 04:11:50.871 1009 1185 W WindowManager: updateScale : 0.47859326
03-14 04:11:50.875 1009 8883 W ActivityManager: Receiver with filter android.content.IntentFilter@f043b37 already registered for pid 8885, callerPackage is com.android.music
03-14 04:11:50.882 1009 8883 W WindowManager: updateScale : 0.47859326
03-14 04:11:50.887 1009 1185 I ActivityTaskManager: clear resize flag in freeform mode
03-14 04:11:50.888 1009 1185 W WindowManager: updateScale : 0.470948
03-14 04:11:50.892 1009 8883 W ActivityManager: Receiver with filter android.content.IntentFilter@26228a4 already registered for pid 8885, callerPackage is com.android.music
03-14 04:11:50.899 1009 8883 W WindowManager: updateScale : 0.470948
03-14 04:11:50.904 1009 1185 I ActivityTaskManager: clear resize flag in freeform mode
03-14 04:11:50.905 1009 1185 W WindowManager: updateScale : 0.46636087
03-14 04:11:50.908 1009 8883 W ActivityManager: Receiver with filter android.content.IntentFilter@f05760d already registered for pid 8885, callerPackage is com.android.music
03-14 04:11:50.916 1009 8883 W WindowManager: updateScale : 0.46636087
03-14 04:11:50.920 1009 1185 I ActivityTaskManager: clear resize flag in freeform mode
03-14 04:11:50.921 1009 1185 W WindowManager: updateScale : 0.4617737
03-14 04:11:50.926 1009 8883 W ActivityManager: Receiver with filter android.content.IntentFilter@a5969c2 already registered for pid 8885, callerPackage is com.android.music
03-14 04:11:50.932 1009 8883 W WindowManager: updateScale : 0.4617737
03-14 04:11:50.937 1009 1185 I ActivityTaskManager: clear resize flag in freeform mode
03-14 04:11:50.938 1009 1185 W WindowManager: updateScale : 0.46024466
03-14 04:11:50.942 1009 8883 W ActivityManager: Receiver with filter android.content.IntentFilter@45753d3 already registered for pid 8885, callerPackage is com.android.music
03-14 04:11:50.949 1009 8883 W WindowManager: updateScale : 0.46024466
03-14 04:11:50.954 1009 1185 I ActivityTaskManager: clear resize flag in freeform mode
03-14 04:11:50.955 1009 1185 W WindowManager: updateScale : 0.4587156
03-14 04:11:50.971 1009 1185 I ActivityTaskManager: clear resize flag in freeform mode
03-14 04:11:50.972 1009 1185 W WindowManager: updateScale : 0.45718655
03-14 04:11:50.987 1009 1185 I ActivityTaskManager: clear resize flag in freeform mode
03-14 04:11:50.987 1009 1185 W WindowManager: updateScale : 0.45565748
03-14 04:11:50.989 1009 8883 W ActivityManager: Receiver with filter android.content.IntentFilter@ef302d4 already registered for pid 8885, callerPackage is com.android.music
03-14 04:11:50.992 1009 8883 W WindowManager: updateScale : 0.45565748
03-14 04:11:51.004 1009 1185 I ActivityTaskManager: clear resize flag in freeform mode
03-14 04:11:51.004 1009 1185 W WindowManager: updateScale : 0.45565748
03-14 04:11:51.006 1009 1698 I GameModeConfig: isGameModeOn = false
03-14 04:11:51.006 1009 1698 I GameModeConfig: isGameModeOn = false
03-14 04:11:51.006 1009 1698 I GameModeConfig: isGameModeOn = false
03-14 04:11:51.006 1009 1698 I GameModeConfig: isGameModeOn = false
03-14 04:11:51.015 1009 1009 I notification_enqueue: [10086,8885,com.android.music,1,NULL,0,Notification(channel=Channel-music shortcut=null contentView=null vibrate=null sound=null defaults=0x0 flags=0x42 color=0x00000000 category=transport actions=4 vis=PRIVATE),1]
03-14 04:11:51.019 1009 1009 I notification_enqueue: [10086,8885,com.android.music,1,NULL,0,Notification(channel=Channel-music shortcut=null contentView=null vibrate=null sound=null defaults=0x0 flags=0x42 color=0x00000000 category=transport actions=4 vis=PRIVATE),1]
03-14 04:11:51.033 1009 9560 W WindowManager: updateScale : 0.45565748
03-14 04:11:51.216 1009 1009 I GameModeConfig: isGameModeOn = false
03-14 04:11:51.224 1009 1009 I GameModeConfig: isGameModeOn = false
03-14 04:11:51.573 1009 1185 I ActivityTaskManager: clear resize flag in freeform mode
03-14 04:11:51.574 1009 1185 W WindowManager: updateScale : 0.51834863
03-14 04:11:51.588 1009 9560 W ActivityManager: Receiver with filter android.content.IntentFilter@acfa117 already registered for pid 8885, callerPackage is com.android.music
03-14 04:11:51.590 1009 1185 I ActivityTaskManager: clear resize flag in freeform mode
03-14 04:11:51.590 1009 1185 W WindowManager: updateScale : 0.5733945
03-14 04:11:51.607 1009 1185 I ActivityTaskManager: clear resize flag in freeform mode
03-14 04:11:51.608 1009 1185 W WindowManager: updateScale : 0.62079513
03-14 04:11:51.623 1009 1185 I ActivityTaskManager: clear resize flag in freeform mode
03-14 04:11:51.624 1009 1185 W WindowManager: updateScale : 0.6590214
03-14 04:11:51.639 1009 1185 I ActivityTaskManager: clear resize flag in freeform mode
03-14 04:11:51.640 1009 1185 W WindowManager: updateScale : 0.6880734
03-14 04:11:51.642 1009 3052 W WindowManager: updateScale : 0.6880734
03-14 04:11:51.649 1009 9560 W ActivityManager: Receiver with filter android.content.IntentFilter@4b5fe88 already registered for pid 8885, callerPackage is com.android.music
03-14 04:11:51.656 1009 1185 I ActivityTaskManager: clear resize flag in freeform mode
03-14 04:11:51.656 1009 1185 W WindowManager: updateScale : 0.7140673
03-14 04:11:51.660 1009 9872 W ActivityManager: Receiver with filter android.content.IntentFilter@8267d5d already registered for pid 8885, callerPackage is com.android.music
03-14 04:11:51.667 1009 1698 I GameModeConfig: isGameModeOn = false
03-14 04:11:51.668 1009 1698 I GameModeConfig: isGameModeOn = false
03-14 04:11:51.668 1009 1698 I GameModeConfig: isGameModeOn = false
03-14 04:11:51.668 1009 1698 I GameModeConfig: isGameModeOn = false
03-14 04:11:51.672 1009 1185 I ActivityTaskManager: clear resize flag in freeform mode
03-14 04:11:51.672 1009 1185 W WindowManager: updateScale : 0.73394495
03-14 04:11:51.680 1009 1009 I notification_enqueue: [10086,8885,com.android.music,1,NULL,0,Notification(channel=Channel-music shortcut=null contentView=null vibrate=null sound=null defaults=0x0 flags=0x42 color=0x00000000 category=transport actions=4 vis=PRIVATE),1]
03-14 04:11:51.680 1009 9647 W ActivityManager: Receiver with filter android.content.IntentFilter@553fccc already registered for pid 8885, callerPackage is com.android.music
03-14 04:11:51.680 1009 1009 I notification_enqueue: [10086,8885,com.android.music,1,NULL,0,Notification(channel=Channel-music shortcut=null contentView=null vibrate=null sound=null defaults=0x0 flags=0x42 color=0x00000000 category=transport actions=4 vis=PRIVATE),1]
03-14 04:11:51.681 1009 9872 W WindowManager: updateScale : 0.73394495
03-14 04:11:51.689 1009 1185 I ActivityTaskManager: clear resize flag in freeform mode
03-14 04:11:51.689 1009 1185 W WindowManager: updateScale : 0.74923545
03-14 04:11:51.694 1009 2881 E TaskPersister: File error accessing recents directory (directory doesn't exist?).
03-14 04:11:51.703 1009 9872 W ActivityManager: Receiver with filter android.content.IntentFilter@4f3cace already registered for pid 8885, callerPackage is com.android.music
03-14 04:11:51.706 1009 9560 W WindowManager: updateScale : 0.74923545
03-14 04:11:51.709 1009 1185 I ActivityTaskManager: clear resize flag in freeform mode
03-14 04:11:51.709 1009 1185 W WindowManager: updateScale : 0.7614679
03-14 04:11:51.709 1009 1185 W WindowManager: updateScale : 0.7614679
01-01 08:21:20.404 0 0 E DTC_ETH,link_delay_work_func: 3003, SQI=0, link=0
03-14 04:11:51.715 1009 9560 W ActivityManager: Receiver with filter android.content.IntentFilter@6e7d385 already registered for pid 8885, callerPackage is com.android.music
03-14 04:11:51.717 1009 9560 W WindowManager: updateScale : 0.7614679
03-14 04:11:51.722 1009 1698 I GameModeConfig: isGameModeOn = false
03-14 04:11:51.722 1009 1698 I GameModeConfig: isGameModeOn = false
03-14 04:11:51.722 1009 1698 I GameModeConfig: isGameModeOn = false
03-14 04:11:51.722 1009 1698 I GameModeConfig: isGameModeOn = false
03-14 04:11:51.722 1009 1185 I ActivityTaskManager: clear resize flag in freeform mode
03-14 04:11:51.723 1009 1185 W WindowManager: updateScale : 0.7706422
03-14 04:11:51.735 1009 1009 I notification_enqueue: [10086,8885,com.android.music,1,NULL,0,Notification(channel=Channel-music shortcut=null contentView=null vibrate=null sound=null defaults=0x0 flags=0x42 color=0x00000000 category=transport actions=4 vis=PRIVATE),1]
03-14 04:11:51.737 1009 1009 I notification_enqueue: [10086,8885,com.android.music,1,NULL,0,Notification(channel=Channel-music shortcut=null contentView=null vibrate=null sound=null defaults=0x0 flags=0x42 color=0x00000000 category=transport actions=4 vis=PRIVATE),1]
03-14 04:11:51.739 1009 1185 I ActivityTaskManager: clear resize flag in freeform mode
03-14 04:11:51.739 1009 1185 W WindowManager: updateScale : 0.7782875
03-14 04:11:51.740 1009 8883 W WindowManager: updateScale : 0.7782875
03-14 04:11:51.747 1009 9560 W ActivityManager: Receiver with filter android.content.IntentFilter@9673632 already registered for pid 8885, callerPackage is com.android.music
03-14 04:11:51.756 1009 1185 I ActivityTaskManager: clear resize flag in freeform mode
03-14 04:11:51.756 1009 1185 W WindowManager: updateScale : 0.78287464
03-14 04:11:51.768 1009 8883 W ActivityManager: Receiver with filter android.content.IntentFilter@217f83 already registered for pid 8885, callerPackage is com.android.music
03-14 04:11:51.773 1009 1185 I ActivityTaskManager: clear resize flag in freeform mode
03-14 04:11:51.773 1009 1185 W WindowManager: updateScale : 0.78746176
03-14 04:11:51.788 1009 8883 W ActivityManager: Receiver with filter android.content.IntentFilter@56f6500 already registered for pid 8885, callerPackage is com.android.music
03-14 04:11:51.790 1009 1185 I ActivityTaskManager: clear resize flag in freeform mode
03-14 04:11:51.791 1009 1185 W WindowManager: updateScale : 0.78899086
03-14 04:11:51.802 1009 9560 W WindowManager: updateScale : 0.78899086
03-14 04:11:51.806 1009 1185 I ActivityTaskManager: clear resize flag in freeform mode
03-14 04:11:51.807 1009 1185 W WindowManager: updateScale : 0.7905199
03-14 04:11:51.814 1009 9560 W ActivityManager: Receiver with filter android.content.IntentFilter@f343139 already registered for pid 8885, callerPackage is com.android.music
03-14 04:11:51.818 1009 9560 W WindowManager: updateScale : 0.7905199
03-14 04:11:51.823 1009 1185 I ActivityTaskManager: clear resize flag in freeform mode
03-14 04:11:51.823 1009 1185 W WindowManager: updateScale : 0.79204893
03-14 04:11:51.827 1009 9560 W ActivityManager: Receiver with filter android.content.IntentFilter@b4e837e already registered for pid 8885, callerPackage is com.android.music
03-14 04:11:51.835 1009 8883 W WindowManager: updateScale : 0.79204893
03-14 04:11:51.840 1009 1185 I ActivityTaskManager: clear resize flag in freeform mode
03-14 04:11:51.840 1009 1185 W WindowManager: updateScale : 0.79357797
03-14 04:11:51.843 1009 8883 W ActivityManager: Receiver with filter android.content.IntentFilter@df290df already registered for pid 8885, callerPackage is com.android.music
03-14 04:11:51.851 1009 8883 W WindowManager: updateScale : 0.79357797
03-14 04:11:51.856 1009 1185 I ActivityTaskManager: clear resize flag in freeform mode
03-14 04:11:51.857 1009 1185 W WindowManager: updateScale : 0.79357797
03-14 04:11:51.868 1009 8883 W WindowManager: updateScale : 0.79357797
03-14 04:11:51.881 1009 1009 I GameModeConfig: isGameModeOn = false
03-14 04:11:51.882 1009 1009 I GameModeConfig: isGameModeOn = false
03-14 04:11:51.885 1009 8883 W WindowManager: updateScale : 0.79357797
03-14 04:11:51.936 1009 1009 I GameModeConfig: isGameModeOn = false
03-14 04:11:51.937 1009 1009 I GameModeConfig: isGameModeOn = false
03-14 04:11:53.060 1009 1185 I ActivityTaskManager: clear resize flag in freeform mode
03-14 04:11:53.062 1009 1185 W WindowManager: updateScale : 0.7308869
03-14 04:11:53.063 1009 1185 W WindowManager: updateScale : 0.7308869
03-14 04:11:53.078 1009 1185 I ActivityTaskManager: clear resize flag in freeform mode
03-14 04:11:53.079 1009 8883 W ActivityManager: Receiver with filter android.content.IntentFilter@995bfb already registered for pid 8885, callerPackage is com.android.music
03-14 04:11:53.079 1009 1185 W WindowManager: updateScale : 0.675841
03-14 04:11:53.090 1009 9560 W WindowManager: updateScale : 0.675841
03-14 04:11:53.092 1009 1185 I ActivityTaskManager: clear resize flag in freeform mode
03-14 04:11:53.093 1009 1185 W WindowManager: updateScale : 0.6284404
03-14 04:11:53.100 1009 9560 W ActivityManager: Receiver with filter android.content.IntentFilter@a74d418 already registered for pid 8885, callerPackage is com.android.music
03-14 04:11:53.112 1009 1185 I ActivityTaskManager: clear resize flag in freeform mode
03-14 04:11:53.113 1009 1185 W WindowManager: updateScale : 0.59327215
03-14 04:11:53.127 1009 1185 I ActivityTaskManager: clear resize flag in freeform mode
03-14 04:11:53.128 1009 1185 W WindowManager: updateScale : 0.56116205
03-14 04:11:53.143 1009 1185 I ActivityTaskManager: clear resize flag in freeform mode
03-14 04:11:53.143 1009 1185 W WindowManager: updateScale : 0.5351682
03-14 04:11:53.144 1009 9872 W WindowManager: updateScale : 0.5351682
03-14 04:11:53.158 1009 9872 W ActivityManager: Receiver with filter android.content.IntentFilter@f7539eb already registered for pid 8885, callerPackage is com.android.music
03-14 04:11:53.159 1009 1185 I ActivityTaskManager: clear resize flag in freeform mode
03-14 04:11:53.160 1009 1185 W WindowManager: updateScale : 0.5152905
03-14 04:11:53.160 1009 1698 I GameModeConfig: isGameModeOn = false
03-14 04:11:53.160 1009 1698 I GameModeConfig: isGameModeOn = false
03-14 04:11:53.160 1009 1698 I GameModeConfig: isGameModeOn = false
03-14 04:11:53.160 1009 1698 I GameModeConfig: isGameModeOn = false
03-14 04:11:53.174 1009 1009 I notification_enqueue: [10086,8885,com.android.music,1,NULL,0,Notification(channel=Channel-music shortcut=null contentView=null vibrate=null sound=null defaults=0x0 flags=0x42 color=0x00000000 category=transport actions=4 vis=PRIVATE),1]
03-14 04:11:53.175 1009 1009 I notification_enqueue: [10086,8885,com.android.music,1,NULL,0,Notification(channel=Channel-music shortcut=null contentView=null vibrate=null sound=null defaults=0x0 flags=0x42 color=0x00000000 category=transport actions=4 vis=PRIVATE),1]
03-14 04:11:53.176 1009 1185 I ActivityTaskManager: clear resize flag in freeform mode
03-14 04:11:53.176 1009 1185 W WindowManager: updateScale : 0.5
03-14 04:11:53.181 1009 9872 W ActivityManager: Receiver with filter android.content.IntentFilter@b316360 already registered for pid 8885, callerPackage is com.android.music
03-14 04:11:53.193 1009 1185 I ActivityTaskManager: clear resize flag in freeform mode
03-14 04:11:53.193 1009 1185 W WindowManager: updateScale : 0.48776758
03-14 04:11:53.205 1009 9560 W ActivityManager: Receiver with filter android.content.IntentFilter@c8ec019 already registered for pid 8885, callerPackage is com.android.music
03-14 04:11:53.209 1009 1185 I ActivityTaskManager: clear resize flag in freeform mode
03-14 04:11:53.210 1009 1185 W WindowManager: updateScale : 0.47859326
03-14 04:11:53.223 1009 9560 W WindowManager: updateScale : 0.47859326
03-14 04:11:53.227 1009 1185 I ActivityTaskManager: clear resize flag in freeform mode
03-14 04:11:53.227 1009 1185 W WindowManager: updateScale : 0.470948
03-14 04:11:53.233 1009 9560 W ActivityManager: Receiver with filter android.content.IntentFilter@3a598de already registered for pid 8885, callerPackage is com.android.music
03-14 04:11:53.238 1009 9560 W WindowManager: updateScale : 0.470948
03-14 04:11:53.243 1009 1185 I ActivityTaskManager: clear resize flag in freeform mode
03-14 04:11:53.244 1009 1185 W WindowManager: updateScale : 0.46636087
03-14 04:11:53.248 1009 9560 W ActivityManager: Receiver with filter android.content.IntentFilter@bc9eabf already registered for pid 8885, callerPackage is com.android.music
03-14 04:11:53.255 1009 9560 W WindowManager: updateScale : 0.46636087
03-14 04:11:53.260 1009 1185 I ActivityTaskManager: clear resize flag in freeform mode
03-14 04:11:53.261 1009 1185 W WindowManager: updateScale : 0.4617737
03-14 04:11:53.264 1009 9560 W ActivityManager: Receiver with filter android.content.IntentFilter@939558c already registered for pid 8885, callerPackage is com.android.music
03-14 04:11:53.271 1009 9560 W WindowManager: updateScale : 0.4617737
03-14 04:11:53.277 1009 1185 I ActivityTaskManager: clear resize flag in freeform mode
03-14 04:11:53.277 1009 1185 W WindowManager: updateScale : 0.46024466
03-14 04:11:53.280 1009 9560 W ActivityManager: Receiver with filter android.content.IntentFilter@bc244d5 already registered for pid 8885, callerPackage is com.android.music
03-14 04:11:53.288 1009 9560 W WindowManager: updateScale : 0.46024466
03-14 04:11:53.293 1009 1185 I ActivityTaskManager: clear resize flag in freeform mode
03-14 04:11:53.294 1009 1185 W WindowManager: updateScale : 0.4587156
03-14 04:11:53.310 1009 1185 I ActivityTaskManager: clear resize flag in freeform mode
03-14 04:11:53.311 1009 1185 W WindowManager: updateScale : 0.45718655
03-14 04:11:53.321 1009 9560 W ActivityManager: Receiver with filter android.content.IntentFilter@57f58e already registered for pid 8885, callerPackage is com.android.music
03-14 04:11:53.325 1009 9560 W WindowManager: updateScale : 0.45718655
