03-14 04:08:01.884 1009 1587 I input_interaction: Interaction with: 65f0f59 com.android.music/com.android.music.VideoBrowserActivity (server), edge-swipe (server), swipe-up (server), PointerEventDispatcher0 (server),
03-14 04:08:02.099 6881 6881 I auditd : type=1400 audit(0.0:4043): avc: denied { open } for comm="HCDN_DownloadEn" path="/proc/stat" dev="proc" ino=4026532236 scontext=u:r:untrusted_app:s0:c102,c256,c512,c768 tcontext=u:object_r:proc_stat:s0 tclass=file permissive=1 app=com.qiyi.video
03-14 04:08:02.099 6881 6881 I auditd : type=1400 audit(0.0:4044): avc: denied { getattr } for comm="HCDN_DownloadEn" path="/proc/stat" dev="proc" ino=4026532236 scontext=u:r:untrusted_app:s0:c102,c256,c512,c768 tcontext=u:object_r:proc_stat:s0 tclass=file permissive=1 app=com.qiyi.video
03-14 04:08:02.426 1009 9712 I wm_relaunch_resume_activity: [0,136907642,145,com.android.music/.VideoBrowserActivity]
03-14 04:08:02.427 1009 9712 I wm_add_to_stopping: [0,196755772,com.android.launcher3/.uioverrides.QuickstepLauncher,makeInvisible]
03-14 04:08:02.436 8885 8885 I wm_on_top_resumed_lost_called: [136907642,com.android.music.VideoBrowserActivity,pausing]
03-14 04:08:02.436 8885 8885 I wm_on_paused_called: [136907642,com.android.music.VideoBrowserActivity,performPause]
03-14 04:08:02.436 8885 8885 I wm_on_stop_called: [136907642,com.android.music.VideoBrowserActivity,handleRelaunchActivity]
03-14 04:08:02.441 8885 8885 I wm_on_destroy_called: [136907642,com.android.music.VideoBrowserActivity,performDestroy]
03-14 04:08:02.453 1009 2153 I am_uid_active: 10063
03-14 04:08:02.475 8885 8885 I wm_on_create_called: [136907642,com.android.music.VideoBrowserActivity,performCreate]
03-14 04:08:02.476 8885 8885 I wm_on_start_called: [136907642,com.android.music.VideoBrowserActivity,handleStartActivity]
03-14 04:08:02.478 8885 8885 I wm_on_resume_called: [136907642,com.android.music.VideoBrowserActivity,RESUME_ACTIVITY]
03-14 04:08:02.478 8885 8885 I wm_on_top_resumed_gained_called: [136907642,com.android.music.VideoBrowserActivity,topWhenResuming]
03-14 04:08:02.840 1009 1183 I wm_stop_activity: [0,196755772,com.android.launcher3/.uioverrides.QuickstepLauncher]
03-14 04:08:02.874 9562 9562 I wm_on_paused_called: [196755772,com.android.launcher3.uioverrides.QuickstepLauncher,performPause]
03-14 04:08:02.879 9562 9562 I wm_on_stop_called: [196755772,com.android.launcher3.uioverrides.QuickstepLauncher,STOP_ACTIVITY_ITEM]
03-14 04:08:03.728 1009 2180 I wm_task_moved: [1,0,0]
03-14 04:08:03.729 1009 2180 I wm_task_moved: [1,0,8]
03-14 04:08:03.742 8885 8885 I view_enqueue_input_event: [Motion - Cancel,com.android.music/com.android.music.VideoBrowserActivity]
03-14 04:08:03.743 9562 9562 I wm_on_restart_called: [196755772,com.android.launcher3.uioverrides.QuickstepLauncher,performRestartActivity]
03-14 04:08:03.749 1009 1587 I input_interaction: Interaction with: edge-swipe (server), swipe-up (server), PointerEventDispatcher0 (server),
03-14 04:08:03.771 9562 9562 I wm_on_start_called: [196755772,com.android.launcher3.uioverrides.QuickstepLauncher,handleStartActivity]
03-14 04:08:03.773 1009 1184 I input_focus: [Focus request recents_animation_input_consumer,reason=UpdateInputWindows]
03-14 04:08:03.785 9562 9562 I sysui_latency: [1,87]
03-14 04:08:03.790 1009 1587 I input_focus: [Focus leaving 65f0f59 com.android.music/com.android.music.VideoBrowserActivity (server),reason=NOT_FOCUSABLE]
03-14 04:08:03.790 1009 1587 I input_focus: [Focus entering recents_animation_input_consumer (server),reason=setFocusedWindow]
03-14 04:08:03.800 1009 1180 I sysui_multi_action: [319,9,322,65,325,1050,757,761,758,9,759,5,806,com.android.launcher3,871,com.android.launcher3.uioverrides.QuickstepLauncher,905,0,1320,4,1321,1]
03-14 04:08:03.978 1009 1488 I commit_sys_config_file: [settings-1-0,8]
03-14 04:08:04.096 1009 1188 I sysui_latency: [8,94]
03-14 04:08:04.097 1009 1998 I sync : [com.sohu.sohuvideo.alive.provider,0,4,792861887]
03-14 04:08:04.107 1009 1195 I am_proc_start: [0,9727,10101,com.sohu.sohuvideo:sync,service,{com.sohu.sohuvideo/com.sohu.sohuvideo.service.SyncService}]
01-01 08:17:32.823 0 0 I binder : 9727:9727 ioctl 40046210 ffaa2348 returned -22
03-14 04:08:04.125 1009 2156 I am_proc_bound: [0,9727,com.sohu.sohuvideo:sync]
03-14 04:08:04.175 1009 1998 I sync : [com.sohu.sohuvideo.alive.provider,1,4,792861887]
03-14 04:08:04.499 1009 2180 I wm_task_moved: [1,1,9]
03-14 04:08:04.499 1009 2180 I wm_task_moved: [127,1,2147483647]
03-14 04:08:04.499 1009 2180 I wm_task_to_front: [0,127]
03-14 04:08:04.499 1009 2180 I wm_focused_root_task: [0,0,1,145,RecentsAnimation.onAnimationFinished()]
03-14 04:08:04.500 1009 2180 I wm_set_resumed_activity: [0,com.android.launcher3/.uioverrides.QuickstepLauncher,RecentsAnimation.onAnimationFinished()]
03-14 04:08:04.502 1009 2180 I wm_pause_activity: [0,136907642,com.android.music/.VideoBrowserActivity,userLeaving=true,pauseBackTasks]
03-14 04:08:04.503 1009 2180 I wm_add_to_stopping: [0,136907642,com.android.music/.VideoBrowserActivity,makeInvisible]
03-14 04:08:04.503 1009 2180 I wm_set_resumed_activity: [0,com.android.launcher3/.uioverrides.QuickstepLauncher,resumeTopActivityInnerLocked]
03-14 04:08:04.505 1009 2180 I wm_resume_activity: [0,196755772,127,com.android.launcher3/.uioverrides.QuickstepLauncher]
03-14 04:08:04.506 9562 9562 I wm_on_resume_called: [196755772,com.android.launcher3.uioverrides.QuickstepLauncher,RESUME_ACTIVITY]
03-14 04:08:04.511 1009 1184 I input_focus: [Focus request fd460b7 com.android.launcher3/com.android.launcher3.uioverrides.QuickstepLauncher,reason=UpdateInputWindows]
03-14 04:08:04.511 8885 8885 I wm_on_top_resumed_lost_called: [136907642,com.android.music.VideoBrowserActivity,topStateChangedWhenResumed]
03-14 04:08:04.514 9562 9562 I wm_on_top_resumed_gained_called: [196755772,com.android.launcher3.uioverrides.QuickstepLauncher,topStateChangedWhenResumed]
03-14 04:08:04.515 8885 8885 I wm_on_paused_called: [136907642,com.android.music.VideoBrowserActivity,performPause]
03-14 04:08:04.519 1009 9712 I wm_stop_activity: [0,136907642,com.android.music/.VideoBrowserActivity]
03-14 04:08:04.523 1009 1183 I sysui_multi_action: [757,803,799,window_time_0,802,254]
03-14 04:08:04.524 1009 1183 I sysui_multi_action: [757,803,799,window_time_0,802,0]
03-14 04:08:04.527 1009 1587 I input_focus: [Focus leaving recents_animation_input_consumer (server),reason=NOT_VISIBLE]
03-14 04:08:04.527 1009 1587 I input_focus: [Focus entering fd460b7 com.android.launcher3/com.android.launcher3.uioverrides.QuickstepLauncher (server),reason=setFocusedWindow]
03-14 04:08:04.544 8885 8885 I wm_on_stop_called: [136907642,com.android.music.VideoBrowserActivity,STOP_ACTIVITY_ITEM]
03-14 04:08:05.187 6881 6881 I auditd : type=1400 audit(0.0:4045): avc: denied { open } for comm="HCDN_DownloadEn" path="/proc/stat" dev="proc" ino=4026532236 scontext=u:r:untrusted_app:s0:c102,c256,c512,c768 tcontext=u:object_r:proc_stat:s0 tclass=file permissive=1 app=com.qiyi.video
03-14 04:08:05.187 6881 6881 I auditd : type=1400 audit(0.0:4046): avc: denied { getattr } for comm="HCDN_DownloadEn" path="/proc/stat" dev="proc" ino=4026532236 scontext=u:r:untrusted_app:s0:c102,c256,c512,c768 tcontext=u:object_r:proc_stat:s0 tclass=file permissive=1 app=com.qiyi.video
03-14 04:08:05.967 0 0 I auditd : type=1400 audit(0.0:4047): avc: denied { kill } for comm="swapper/3" capability=5 scontext=u:r:kernel:s0 tcontext=u:r:kernel:s0 tclass=capability permissive=1
03-14 04:08:06.184 1009 1182 I commit_sys_config_file: [jobs,5]
01-01 08:17:35.123 0 0 E DTC_ETH,link_delay_work_func: 3003, SQI=0, link=0
01-01 08:17:40.243 0 0 E DTC_ETH,link_delay_work_func: 3003, SQI=0, link=0
01-01 08:17:45.364 0 0 E DTC_ETH,link_delay_work_func: 3003, SQI=0, link=0
03-14 04:08:18.855 1009 1587 I input_interaction: Interaction with: fd460b7 com.android.launcher3/com.android.launcher3.uioverrides.QuickstepLauncher (server), 8c59581 com.android.systemui.ImageWallpaper (server), edge-swipe (server), swipe-up (server), PointerEventDispatcher0 (server),
01-01 08:17:47.611 0 0 I [schedu][0x4c5c8cd2a][04:08:18.909613] wlan: [3591:I:WMA] [04:08:18.818000] [ROAM_TRIGGER]: VDEV[0] Reason: "LOW RSSI" Cur_Rssi threshold:92 Current AP RSSI: 76
01-01 08:17:47.611 0 0 I [schedu][0x4c5c8cf03][04:08:18.909638] wlan: [3591:I:WMA] [04:08:18.818000] [ROAM_SCAN]: VDEV[0] Scan_type: PARTIAL next_rssi_threshold: 81 dBm {2412 }
01-01 08:17:47.611 0 0 I [schedu][0x4c5c8cfac][04:08:18.909646] wlan: [3591:I:WMA] ============================================================================================================================
01-01 08:17:47.611 0 0 I [schedu][0x4c5c8d0ba][04:08:18.909661] wlan: [3591:I:WMA] AP BSSID TSTAMP CH TY ETP RSSI/SCR CU%/SCR TOT_SCR BL_RSN BL_SRC BL_TSTAMP BL_TIMEOUT(ms)
01-01 08:17:47.611 0 0 I [schedu][0x4c5c8d15e][04:08:18.909669] wlan: [3591:I:WMA] ============================================================================================================================
01-01 08:17:47.611 0 0 I [schedu][0x4c5c8d286][04:08:18.909684] wlan: [3591:I:WMA] d6:44:3b:15:39:91 [04:08:18.818000] 2412 P_AP 0 76/0 0/0 1557 0 0 [00:00:00.000000] 0
01-01 08:17:47.611 0 0 I [schedu][0x4c5c8d36e][04:08:18.909697] wlan: [3591:I:WMA] [04:08:18.877000] [ROAM_RESULT]: VDEV[0] FAILED Reason: NO AP FOUND
03-14 04:08:20.051 1009 9712 I wm_task_moved: [145,1,9]
03-14 04:08:20.051 1009 9712 I wm_task_to_front: [0,145]
03-14 04:08:20.052 1009 9712 I wm_focused_root_task: [0,0,145,1,bringingFoundTaskToFront]
03-14 04:08:20.052 1009 9712 I wm_set_resumed_activity: [0,com.android.music/.VideoBrowserActivity,bringingFoundTaskToFront]
03-14 04:08:20.063 9562 9562 E AndroidRuntime: FATAL EXCEPTION: main
03-14 04:08:20.063 9562 9562 E AndroidRuntime: Process: com.android.launcher3, PID: 9562
03-14 04:08:20.063 9562 9562 E AndroidRuntime: java.lang.NullPointerException: Attempt to read from field 'java.lang.String com.android.server.wm.ActivityRecord.shortComponentName' on a null object reference
03-14 04:08:20.063 9562 9562 E AndroidRuntime: at android.os.Parcel.createExceptionOrNull(Parcel.java:2431)
03-14 04:08:20.063 9562 9562 E AndroidRuntime: at android.os.Parcel.createException(Parcel.java:2409)
03-14 04:08:20.063 9562 9562 E AndroidRuntime: at android.os.Parcel.readException(Parcel.java:2392)
03-14 04:08:20.063 9562 9562 E AndroidRuntime: at android.os.Parcel.readException(Parcel.java:2334)
03-14 04:08:20.063 9562 9562 E AndroidRuntime: at android.app.IActivityTaskManager$Stub$Proxy.startActivity(IActivityTaskManager.java:2381)
03-14 04:08:20.063 9562 9562 E AndroidRuntime: at android.app.Instrumentation.execStartActivity(Instrumentation.java:1745)
03-14 04:08:20.063 9562 9562 E AndroidRuntime: at android.app.Activity.startActivityForResult(Activity.java:5438)
03-14 04:08:20.063 9562 9562 E AndroidRuntime: at com.android.launcher3.Launcher.startActivityForResult(Launcher.java:1809)
03-14 04:08:20.063 9562 9562 E AndroidRuntime: at com.android.launcher3.BaseQuickstepLauncher.startActivityForResult(BaseQuickstepLauncher.java:265)
03-14 04:08:20.063 9562 9562 E AndroidRuntime: at android.app.Activity.startActivity(Activity.java:5778)
03-14 04:08:20.063 9562 9562 E AndroidRuntime: at com.android.launcher3.freewindow.FreeWindowHelper.coldStart(FreeWindowHelper.java:86)
03-14 04:08:20.063 9562 9562 E AndroidRuntime: at com.android.launcher3.popup.SystemShortcut$SmallWindow.onClick(SystemShortcut.java:278)
03-14 04:08:20.063 9562 9562 E AndroidRuntime: at android.view.View.performClick(View.java:7441)
03-14 04:08:20.063 9562 9562 E AndroidRuntime: at android.view.View.performClickInternal(View.java:7418)
03-14 04:08:20.063 9562 9562 E AndroidRuntime: at android.view.View.access$3700(View.java:835)
03-14 04:08:20.063 9562 9562 E AndroidRuntime: at android.view.View$PerformClick.run(View.java:28681)
03-14 04:08:20.063 9562 9562 E AndroidRuntime: at android.os.Handler.handleCallback(Handler.java:938)
03-14 04:08:20.063 9562 9562 E AndroidRuntime: at android.os.Handler.dispatchMessage(Handler.java:99)
03-14 04:08:20.063 9562 9562 E AndroidRuntime: at android.os.Looper.loopOnce(Looper.java:201)
03-14 04:08:20.063 9562 9562 E AndroidRuntime: at android.os.Looper.loop(Looper.java:288)
03-14 04:08:20.063 9562 9562 E AndroidRuntime: at android.app.ActivityThread.main(ActivityThread.java:7880)
03-14 04:08:20.063 9562 9562 E AndroidRuntime: at java.lang.reflect.Method.invoke(Native Method)
03-14 04:08:20.063 9562 9562 E AndroidRuntime: at com.android.internal.os.RuntimeInit$MethodAndArgsCaller.run(RuntimeInit.java:548)
03-14 04:08:20.063 9562 9562 E AndroidRuntime: at com.android.internal.os.ZygoteInit.main(ZygoteInit.java:1009)
03-14 04:08:20.063 9562 9562 E AndroidRuntime: Caused by: android.os.RemoteException: Remote stack trace:
03-14 04:08:20.063 9562 9562 E AndroidRuntime: at com.android.server.wm.FreeFormWindowHelper.lambda$addRootTaskReferenceIfNeeded$1$FreeFormWindowHelper(FreeFormWindowHelper.java:331)
03-14 04:08:20.063 9562 9562 E AndroidRuntime: at com.android.server.wm.FreeFormWindowHelper$$ExternalSyntheticLambda0.accept(Unknown Source:4)
03-14 04:08:20.063 9562 9562 E AndroidRuntime: at com.android.server.wm.ActivityRecord.forAllActivities(ActivityRecord.java:4082)
03-14 04:08:20.063 9562 9562 E AndroidRuntime: at com.android.server.wm.WindowContainer.forAllActivities(WindowContainer.java:1457)
03-14 04:08:20.063 9562 9562 E AndroidRuntime: at com.android.server.wm.WindowContainer.forAllActivities(WindowContainer.java:1451)
03-14 04:08:20.063 9562 9562 E AndroidRuntime:
03-14 04:08:20.064 1009 2180 I am_crash: [9562,0,com.android.launcher3,617332293,java.lang.NullPointerException,Remote stack trace:
03-14 04:08:20.064 1009 2180 I am_crash: at com.android.server.wm.FreeFormWindowHelper.lambda$addRootTaskReferenceIfNeeded$1$FreeFormWindowHelper(FreeFormWindowHelper.java:331)
03-14 04:08:20.064 1009 2180 I am_crash: at com.android.server.wm.FreeFormWindowHelper$$ExternalSyntheticLambda0.accept(Unknown Source:4)
03-14 04:08:20.064 1009 2180 I am_crash: at com.android.server.wm.ActivityRecord.forAllActivities(ActivityRecord.java:4082)
03-14 04:08:20.064 1009 2180 I am_crash: at com.android.server.wm.WindowContainer.forAllActivities(WindowContainer.java:1457)
03-14 04:08:20.064 1009 2180 I am_crash: at com.android.server.wm.WindowContainer.forAllActivities(WindowContainer.java:1451)
03-14 04:08:20.064 1009 2180 I am_crash: ,Parcel.java,2431]
03-14 04:08:20.066 1009 2180 I sysui_multi_action: [757,316,758,4,759,-1]
03-14 04:08:20.093 1009 2180 I am_proc_died: [0,9562,com.android.launcher3,0,2]
03-14 04:08:20.102 1009 2180 I am_schedule_service_restart: [0,com.android.launcher3/com.android.quickstep.TouchInteractionService,1000]
03-14 04:08:20.102 1009 2180 I am_uid_stopped: 10074
03-14 04:08:20.103 1009 2180 I wm_set_resumed_activity: [0,com.android.music/.VideoBrowserActivity,resumeTopActivityInnerLocked]
03-14 04:08:20.105 1009 2180 I wm_resume_activity: [0,136907642,145,com.android.music/.VideoBrowserActivity]
03-14 04:08:20.109 1009 1183 I am_uid_running: 10074
03-14 04:08:20.116 1009 1195 I am_proc_start: [0,9753,10074,com.android.launcher3,activity,{com.android.launcher3/com.android.launcher3.uioverrides.QuickstepLauncher}]
01-01 08:17:48.829 0 0 I binder : 9753:9753 ioctl 40046210 7fd9aef714 returned -22
03-14 04:08:20.128 8885 8885 I wm_on_restart_called: [136907642,com.android.music.VideoBrowserActivity,performRestartActivity]
03-14 04:08:20.128 8885 8885 I wm_on_start_called: [136907642,com.android.music.VideoBrowserActivity,handleStartActivity]
03-14 04:08:20.129 8885 8885 I wm_on_resume_called: [136907642,com.android.music.VideoBrowserActivity,RESUME_ACTIVITY]
03-14 04:08:20.133 1009 1585 I am_proc_bound: [0,9753,com.android.launcher3]
03-14 04:08:20.140 1009 1585 I wm_restart_activity: [0,196755772,127,com.android.launcher3/.uioverrides.QuickstepLauncher]
03-14 04:08:20.141 1009 1585 I am_uid_active: 10074
03-14 04:08:20.151 1009 1184 I input_focus: [Focus request 65f0f59 com.android.music/com.android.music.VideoBrowserActivity,reason=UpdateInputWindows]
01-01 08:17:48.940 0 0 I binder : 9753:9776 ioctl 40046210 6ea36fb254 returned -22
03-14 04:08:20.397 9753 9753 I wm_on_create_called: [196755772,com.android.launcher3.uioverrides.QuickstepLauncher,performCreate]
03-14 04:08:20.398 9753 9753 I wm_on_start_called: [196755772,com.android.launcher3.uioverrides.QuickstepLauncher,handleStartActivity]
03-14 04:08:20.399 9753 9753 I wm_on_resume_called: [196755772,com.android.launcher3.uioverrides.QuickstepLauncher,RESUME_ACTIVITY]
03-14 04:08:20.481 1009 1587 I input_focus: [Focus entering 65f0f59 com.android.music/com.android.music.VideoBrowserActivity (server),reason=Window became focusable. Previous reason: NOT_VISIBLE]
03-14 04:08:20.543 6881 6881 I auditd : type=1400 audit(0.0:4048): avc: denied { open } for comm="HCDN_DownloadEn" path="/proc/stat" dev="proc" ino=4026532236 scontext=u:r:untrusted_app:s0:c102,c256,c512,c768 tcontext=u:object_r:proc_stat:s0 tclass=file permissive=1 app=com.qiyi.video
03-14 04:08:20.543 6881 6881 I auditd : type=1400 audit(0.0:4049): avc: denied { getattr } for comm="HCDN_DownloadEn" path="/proc/stat" dev="proc" ino=4026532236 scontext=u:r:untrusted_app:s0:c102,c256,c512,c768 tcontext=u:object_r:proc_stat:s0 tclass=file permissive=1 app=com.qiyi.video
03-14 04:08:20.562 8885 8885 I wm_on_top_resumed_gained_called: [136907642,com.android.music.VideoBrowserActivity,topStateChangedWhenResumed]
01-01 08:17:49.414 0 0 I [schedu][0x4c7d92e25][04:08:20.713147] wlan: [3591:I:WMA] [04:08:18.886000] [ROAM_TRIGGER]: VDEV[0] Reason: "LOW RSSI" Sub-Reason: FULL SCAN Cur_Rssi threshold:81 Current AP RSSI: 76
01-01 08:17:49.414 0 0 I [schedu][0x4c7d930f9][04:08:20.713184] wlan: [3591:I:WMA] [04:08:18.886000] [ROAM_SCAN]: VDEV[0] Scan_type: FULL next_rssi_threshold: 81 dBm
01-01 08:17:49.414 0 0 I [schedu][0x4c7d931ee][04:08:20.713197] wlan: [3591:I:WMA] ============================================================================================================================
01-01 08:17:49.414 0 0 I [schedu][0x4c7d93336][04:08:20.713214] wlan: [3591:I:WMA] AP BSSID TSTAMP CH TY ETP RSSI/SCR CU%/SCR TOT_SCR BL_RSN BL_SRC BL_TSTAMP BL_TIMEOUT(ms)
01-01 08:17:49.414 0 0 I [schedu][0x4c7d93424][04:08:20.713226] wlan: [3591:I:WMA] ============================================================================================================================
01-01 08:17:49.414 0 0 I [schedu][0x4c7d935de][04:08:20.713249] wlan: [3591:I:WMA] d6:44:3b:15:39:91 [04:08:18.886000] 2412 P_AP 0 76/0 0/0 1557 0 0 [00:00:00.000000] 0
01-01 08:17:49.414 0 0 I [schedu][0x4c7d93730][04:08:20.713267] wlan: [3591:I:WMA] [04:08:20.681000] [ROAM_RESULT]: VDEV[0] FAILED Reason: NO AP FOUND
03-14 04:08:20.967 0 0 I auditd : type=1400 audit(0.0:4050): avc: denied { kill } for comm="swapper/1" capability=5 scontext=u:r:kernel:s0 tcontext=u:r:kernel:s0 tclass=capability permissive=1
01-01 08:17:50.483 0 0 E DTC_ETH,link_delay_work_func: 3003, SQI=0, link=0
03-14 04:08:22.750 1009 1587 I input_interaction: Interaction with: 65f0f59 com.android.music/com.android.music.VideoBrowserActivity (server), edge-swipe (server), swipe-up (server), PointerEventDispatcher0 (server),
03-14 04:08:22.856 8885 8885 I view_enqueue_input_event: [Motion - Cancel,com.android.music/com.android.music.VideoBrowserActivity]
03-14 04:08:22.858 1009 1587 I input_interaction: Interaction with: WindowManager (server), edge-swipe (server), swipe-up (server), PointerEventDispatcher0 (server), --------- beginning of system
03-14 04:08:23.115 1009 2881 E TaskPersister: File error accessing recents directory (directory doesn't exist?).
03-14 04:08:23.120 1009 1184 I ActivityTaskManager: clear resize flag in freeform mode
03-14 04:08:23.121 1009 1184 W WindowManager: updateScale : 0.45565748
03-14 04:08:23.121 1009 1184 W WindowManager: updateScale : 0.79357797
03-14 04:08:23.137 1009 1184 I ActivityTaskManager: clear resize flag in freeform mode
03-14 04:08:23.138 1009 1184 W WindowManager: updateScale : 0.45565748
03-14 04:08:23.138 1009 1184 W WindowManager: updateScale : 0.79357797
03-14 04:08:23.154 1009 1184 I ActivityTaskManager: clear resize flag in freeform mode
03-14 04:08:23.155 1009 1184 W WindowManager: updateScale : 0.45565748
03-14 04:08:23.155 1009 1184 W WindowManager: updateScale : 0.79357797
03-14 04:08:23.171 1009 1184 I ActivityTaskManager: clear resize flag in freeform mode
03-14 04:08:23.171 1009 1184 W WindowManager: updateScale : 0.45565748
03-14 04:08:23.172 1009 1184 W WindowManager: updateScale : 0.79357797
03-14 04:08:23.187 1009 1184 I ActivityTaskManager: clear resize flag in freeform mode
03-14 04:08:23.188 1009 1184 W WindowManager: updateScale : 0.45565748
03-14 04:08:23.188 1009 1184 W WindowManager: updateScale : 0.79357797
03-14 04:08:23.204 1009 1184 I ActivityTaskManager: clear resize flag in freeform mode
03-14 04:08:23.205 1009 1184 W WindowManager: updateScale : 0.45565748
03-14 04:08:23.205 1009 1184 W WindowManager: updateScale : 0.79357797
03-14 04:08:23.207 1009 2195 W WindowManager: updateScale : 0.45565748
03-14 04:08:23.207 1009 2195 W WindowManager: updateScale : 0.79357797
03-14 04:08:23.221 1009 1184 I ActivityTaskManager: clear resize flag in freeform mode
03-14 04:08:23.221 1009 1184 W WindowManager: updateScale : 0.45565748
03-14 04:08:23.221 1009 1184 W WindowManager: updateScale : 0.79357797
03-14 04:08:23.238 1009 1184 I ActivityTaskManager: clear resize flag in freeform mode
03-14 04:08:23.238 1009 1184 W WindowManager: updateScale : 0.45565748
03-14 04:08:23.238 1009 1184 W WindowManager: updateScale : 0.79357797
03-14 04:08:23.254 1009 1184 I ActivityTaskManager: clear resize flag in freeform mode
03-14 04:08:23.255 1009 1184 W WindowManager: updateScale : 0.45565748
03-14 04:08:23.255 1009 1184 W WindowManager: updateScale : 0.79357797
03-14 04:08:23.271 1009 1184 I ActivityTaskManager: clear resize flag in freeform mode
03-14 04:08:23.272 1009 1184 W WindowManager: updateScale : 0.45565748
03-14 04:08:23.272 1009 1184 W WindowManager: updateScale : 0.79357797
03-14 04:08:23.303 1009 2195 W WindowManager: updateScale : 0.45565748
03-14 04:08:23.303 1009 2195 W WindowManager: updateScale : 0.79357797
03-14 04:08:23.314 1009 1184 D WindowManager: updateWindowDragBounds: mIsSwipeYtrue
03-14 04:08:23.314 1009 1184 D WindowManager: updateWindowDragBounds: mIsTopfalse
03-14 04:08:23.338 1009 1185 I ActivityTaskManager: clear resize flag in freeform mode
03-14 04:08:23.339 1009 1185 W WindowManager: updateScale : 0.45565748
03-14 04:08:23.339 1009 1185 W WindowManager: updateScale : 0.79357797
03-14 04:08:23.355 1009 1185 I ActivityTaskManager: clear resize flag in freeform mode
03-14 04:08:23.356 1009 1185 W WindowManager: updateScale : 0.45565748
03-14 04:08:23.356 1009 1185 W WindowManager: updateScale : 0.79357797
03-14 04:08:23.369 1009 8883 W WindowManager: updateScale : 0.45565748
03-14 04:08:23.369 1009 8883 W WindowManager: updateScale : 0.79357797
03-14 04:08:23.371 1009 1185 I ActivityTaskManager: clear resize flag in freeform mode
03-14 04:08:23.372 1009 1185 W WindowManager: updateScale : 0.45565748
03-14 04:08:23.372 1009 1185 W WindowManager: updateScale : 0.79357797
03-14 04:08:23.388 1009 1185 I ActivityTaskManager: clear resize flag in freeform mode
03-14 04:08:23.388 1009 1185 W WindowManager: updateScale : 0.45565748
03-14 04:08:23.389 1009 1185 W WindowManager: updateScale : 0.79357797
03-14 04:08:23.407 1009 1185 I ActivityTaskManager: clear resize flag in freeform mode
03-14 04:08:23.408 1009 1185 W WindowManager: updateScale : 0.45565748
03-14 04:08:23.408 1009 1185 W WindowManager: updateScale : 0.79357797
03-14 04:08:23.423 1009 1185 I ActivityTaskManager: clear resize flag in freeform mode
03-14 04:08:23.424 1009 1185 W WindowManager: updateScale : 0.45565748
03-14 04:08:23.424 1009 1185 W WindowManager: updateScale : 0.79357797
03-14 04:08:23.439 1009 1185 I ActivityTaskManager: clear resize flag in freeform mode
03-14 04:08:23.439 1009 1185 W WindowManager: updateScale : 0.45565748
03-14 04:08:23.439 1009 1185 W WindowManager: updateScale : 0.79357797
03-14 04:08:23.457 1009 1185 I ActivityTaskManager: clear resize flag in freeform mode
03-14 04:08:23.458 1009 1185 W WindowManager: updateScale : 0.45565748
03-14 04:08:23.458 1009 1185 W WindowManager: updateScale : 0.79357797
03-14 04:08:23.472 1009 1185 I ActivityTaskManager: clear resize flag in freeform mode
03-14 04:08:23.473 1009 1185 W WindowManager: updateScale : 0.45565748
03-14 04:08:23.473 1009 1185 W WindowManager: updateScale : 0.79357797
03-14 04:08:23.475 1009 2195 W WindowManager: updateScale : 0.45565748
03-14 04:08:23.476 1009 2195 W WindowManager: updateScale : 0.79357797
03-14 04:08:23.489 1009 1185 I ActivityTaskManager: clear resize flag in freeform mode
03-14 04:08:23.490 1009 1185 W WindowManager: updateScale : 0.45565748
03-14 04:08:23.490 1009 1185 W WindowManager: updateScale : 0.79357797
03-14 04:08:23.506 1009 1185 I ActivityTaskManager: clear resize flag in freeform mode
03-14 04:08:23.506 1009 1185 W WindowManager: updateScale : 0.45565748
03-14 04:08:23.506 1009 1185 W WindowManager: updateScale : 0.79357797
03-14 04:08:23.522 1009 1185 I ActivityTaskManager: clear resize flag in freeform mode
03-14 04:08:23.523 1009 1185 W WindowManager: updateScale : 0.45565748
03-14 04:08:23.523 1009 1185 W WindowManager: updateScale : 0.79357797
03-14 04:08:23.539 1009 1185 I ActivityTaskManager: clear resize flag in freeform mode
03-14 04:08:23.540 1009 1185 W WindowManager: updateScale : 0.45565748
03-14 04:08:23.540 1009 1185 W WindowManager: updateScale : 0.79357797
03-14 04:08:23.556 1009 1185 I ActivityTaskManager: clear resize flag in freeform mode
03-14 04:08:23.557 1009 1185 W WindowManager: updateScale : 0.45565748
03-14 04:08:23.557 1009 1185 W WindowManager: updateScale : 0.79357797
03-14 04:08:23.572 1009 1185 I ActivityTaskManager: clear resize flag in freeform mode
03-14 04:08:23.573 1009 1185 W WindowManager: updateScale : 0.45565748
03-14 04:08:23.573 1009 1185 W WindowManager: updateScale : 0.79357797
03-14 04:08:23.590 1009 1185 I ActivityTaskManager: clear resize flag in freeform mode
03-14 04:08:23.590 1009 1185 W WindowManager: updateScale : 0.45565748
03-14 04:08:23.590 1009 1185 W WindowManager: updateScale : 0.79357797
03-14 04:08:23.606 1009 1185 I ActivityTaskManager: clear resize flag in freeform mode
03-14 04:08:23.607 1009 1185 W WindowManager: updateScale : 0.45565748
03-14 04:08:23.607 1009 1185 W WindowManager: updateScale : 0.79357797
03-14 04:08:23.623 1009 1185 I ActivityTaskManager: clear resize flag in freeform mode
03-14 04:08:23.624 1009 1185 W WindowManager: updateScale : 0.45565748
03-14 04:08:23.624 1009 1185 W WindowManager: updateScale : 0.79357797
03-14 04:08:23.639 1009 1185 I ActivityTaskManager: clear resize flag in freeform mode
03-14 04:08:23.640 1009 1185 W WindowManager: updateScale : 0.45565748
03-14 04:08:23.640 1009 1185 W WindowManager: updateScale : 0.79357797
03-14 04:08:24.811 1009 1587 I input_interaction: Interaction with: 65e7b88 com.android.music/com.android.music.MusicBrowserActivity (server), edge-swipe (server), swipe-up (server), PointerEventDispatcher0 (server),
03-14 04:08:24.812 1009 1183 I wm_task_moved: [148,1,9]
03-14 04:08:24.812 1009 1183 I wm_task_to_front: [0,148]
03-14 04:08:24.818 1009 1183 W WindowManager: updateScale : 0.79357797
03-14 04:08:24.818 1009 1183 W WindowManager: updateScale : 0.45565748
03-14 04:08:24.822 1009 1183 I wm_set_resumed_activity: [0,com.android.music/.MusicBrowserActivity,positionChildAt]
03-14 04:08:24.822 1009 1183 I wm_focused_root_task: [0,0,148,145,setFocusedTask]
03-14 04:08:24.822 1009 1183 I wm_set_resumed_activity: [0,com.android.music/.MusicBrowserActivity,setFocusedTask]
03-14 04:08:24.822 1009 1183 I ActivityTaskManager: FOREGROUND_APPLICATION_CHANGED to com.android.music.MusicBrowserActivity
03-14 04:08:24.823 1009 1184 I input_focus: [Focus request 65e7b88 com.android.music/com.android.music.MusicBrowserActivity,reason=UpdateInputWindows]
03-14 04:08:24.841 8885 8885 I wm_on_top_resumed_lost_called: [136907642,com.android.music.VideoBrowserActivity,topStateChangedWhenResumed]
03-14 04:08:24.841 1009 1587 I input_focus: [Focus leaving 65f0f59 com.android.music/com.android.music.VideoBrowserActivity (server),reason=setFocusedWindow]
03-14 04:08:24.842 1009 1587 I input_focus: [Focus entering 65e7b88 com.android.music/com.android.music.MusicBrowserActivity (server),reason=setFocusedWindow]
03-14 04:08:24.856 8885 8885 I wm_on_top_resumed_gained_called: [202497138,com.android.music.MusicBrowserActivity,topStateChangedWhenResumed]
03-14 04:08:25.645 8885 8885 I view_enqueue_input_event: [Motion - Cancel,com.android.music/com.android.music.MusicBrowserActivity]
03-14 04:08:25.647 1009 1587 I input_interaction: Interaction with: WindowManager (server), edge-swipe (server), swipe-up (server), PointerEventDispatcher0 (server),
03-14 04:08:25.660 1009 1184 D FreeFormWindowHelper: refreshTipWindow mTipWindowTitle : freeform_top_left_tip_window
03-14 04:08:25.661 1009 1184 I ActivityTaskManager: clear resize flag in freeform mode
03-14 04:08:25.662 1009 1184 W WindowManager: updateScale : 0.79357797
03-14 04:08:25.662 1009 1184 W WindowManager: updateScale : 0.45565748
03-14 04:08:25.676 1009 1184 D FreeFormWindowHelper: refreshTipWindow mTipWindowTitle : freeform_top_left_tip_window
03-14 04:08:25.677 1009 1184 I ActivityTaskManager: clear resize flag in freeform mode
03-14 04:08:25.678 1009 1184 W WindowManager: updateScale : 0.79357797
03-14 04:08:25.678 1009 1184 W WindowManager: updateScale : 0.45565748
03-14 04:08:25.694 1009 1184 D FreeFormWindowHelper: refreshTipWindow mTipWindowTitle : freeform_top_left_tip_window
03-14 04:08:25.694 1009 1184 I ActivityTaskManager: clear resize flag in freeform mode
03-14 04:08:25.695 1009 1184 W WindowManager: updateScale : 0.79357797
03-14 04:08:25.695 1009 1184 W WindowManager: updateScale : 0.45565748
03-14 04:08:25.696 1009 9751 W WindowManager: updateScale : 0.79357797
03-14 04:08:25.697 1009 9751 W WindowManager: updateScale : 0.45565748
03-14 04:08:25.710 1009 1184 D FreeFormWindowHelper: refreshTipWindow mTipWindowTitle : freeform_top_left_tip_window
03-14 04:08:25.711 1009 1184 I ActivityTaskManager: clear resize flag in freeform mode
03-14 04:08:25.711 1009 1184 W WindowManager: updateScale : 0.79357797
03-14 04:08:25.711 1009 1184 W WindowManager: updateScale : 0.45565748
03-14 04:08:25.727 1009 1184 D FreeFormWindowHelper: refreshTipWindow mTipWindowTitle : freeform_top_left_tip_window
03-14 04:08:25.727 1009 1184 I ActivityTaskManager: clear resize flag in freeform mode
03-14 04:08:25.728 1009 1184 W WindowManager: updateScale : 0.79357797
03-14 04:08:25.728 1009 1184 W WindowManager: updateScale : 0.45565748
03-14 04:08:25.743 1009 1184 D FreeFormWindowHelper: refreshTipWindow mTipWindowTitle : freeform_top_left_tip_window
03-14 04:08:25.744 1009 1184 I ActivityTaskManager: clear resize flag in freeform mode
03-14 04:08:25.744 1009 1184 W WindowManager: updateScale : 0.79357797
03-14 04:08:25.744 1009 1184 W WindowManager: updateScale : 0.45565748
03-14 04:08:25.746 1009 9751 W WindowManager: updateScale : 0.79357797
03-14 04:08:25.746 1009 9751 W WindowManager: updateScale : 0.45565748
03-14 04:08:25.760 1009 1184 D FreeFormWindowHelper: refreshTipWindow mTipWindowTitle : freeform_top_left_tip_window
03-14 04:08:25.761 1009 1184 I ActivityTaskManager: clear resize flag in freeform mode
03-14 04:08:25.761 1009 1184 W WindowManager: updateScale : 0.79357797
03-14 04:08:25.761 1009 1184 W WindowManager: updateScale : 0.45565748
03-14 04:08:25.777 1009 1184 D FreeFormWindowHelper: refreshTipWindow mTipWindowTitle : freeform_top_left_tip_window
03-14 04:08:25.777 1009 1184 I ActivityTaskManager: clear resize flag in freeform mode
03-14 04:08:25.778 1009 1184 W WindowManager: updateScale : 0.79357797
03-14 04:08:25.778 1009 1184 W WindowManager: updateScale : 0.45565748
03-14 04:08:25.794 1009 1184 D FreeFormWindowHelper: refreshTipWindow mTipWindowTitle : freeform_top_left_tip_window
03-14 04:08:25.794 1009 1184 I ActivityTaskManager: clear resize flag in freeform mode
03-14 04:08:25.795 1009 1184 W WindowManager: updateScale : 0.79357797
03-14 04:08:25.795 1009 1184 W WindowManager: updateScale : 0.45565748
03-14 04:08:25.810 1009 1184 D FreeFormWindowHelper: refreshTipWindow mTipWindowTitle : freeform_top_left_tip_window
03-14 04:08:25.811 1009 1184 I ActivityTaskManager: clear resize flag in freeform mode
03-14 04:08:25.811 1009 1184 W WindowManager: updateScale : 0.79357797
03-14 04:08:25.811 1009 1184 W WindowManager: updateScale : 0.45565748
03-14 04:08:25.827 1009 1184 D FreeFormWindowHelper: refreshTipWindow mTipWindowTitle : freeform_top_left_tip_window
03-14 04:08:25.827 1009 1184 I ActivityTaskManager: clear resize flag in freeform mode
03-14 04:08:25.828 1009 1184 W WindowManager: updateScale : 0.79357797
03-14 04:08:25.828 1009 1184 W WindowManager: updateScale : 0.45565748
03-14 04:08:25.843 1009 1184 D FreeFormWindowHelper: refreshTipWindow mTipWindowTitle : freeform_top_left_tip_window
03-14 04:08:25.844 1009 1184 I ActivityTaskManager: clear resize flag in freeform mode
03-14 04:08:25.845 1009 1184 W WindowManager: updateScale : 0.79357797
03-14 04:08:25.845 1009 1184 W WindowManager: updateScale : 0.45565748
03-14 04:08:25.846 1009 9751 W WindowManager: updateScale : 0.79357797
03-14 04:08:25.846 1009 9751 W WindowManager: updateScale : 0.45565748
03-14 04:08:25.860 1009 1184 D FreeFormWindowHelper: refreshTipWindow mTipWindowTitle : freeform_top_left_tip_window
03-14 04:08:25.861 1009 1184 I ActivityTaskManager: clear resize flag in freeform mode
03-14 04:08:25.861 1009 1184 W WindowManager: updateScale : 0.79357797
03-14 04:08:25.861 1009 1184 W WindowManager: updateScale : 0.45565748
03-14 04:08:25.877 1009 1184 D FreeFormWindowHelper: refreshTipWindow mTipWindowTitle : freeform_top_left_tip_window
03-14 04:08:25.877 1009 1184 I ActivityTaskManager: clear resize flag in freeform mode
03-14 04:08:25.878 1009 1184 W WindowManager: updateScale : 0.79357797
03-14 04:08:25.878 1009 1184 W WindowManager: updateScale : 0.45565748
03-14 04:08:25.894 1009 1184 D FreeFormWindowHelper: refreshTipWindow mTipWindowTitle : freeform_top_left_tip_window
03-14 04:08:25.894 1009 1184 I ActivityTaskManager: clear resize flag in freeform mode
03-14 04:08:25.895 1009 1184 W WindowManager: updateScale : 0.79357797
03-14 04:08:25.895 1009 1184 W WindowManager: updateScale : 0.45565748
03-14 04:08:25.910 1009 1184 D FreeFormWindowHelper: refreshTipWindow mTipWindowTitle : freeform_top_left_tip_window
03-14 04:08:25.911 1009 1184 I ActivityTaskManager: clear resize flag in freeform mode
03-14 04:08:25.911 1009 1184 W WindowManager: updateScale : 0.79357797
03-14 04:08:25.911 1009 1184 W WindowManager: updateScale : 0.45565748
03-14 04:08:25.927 1009 1184 D FreeFormWindowHelper: refreshTipWindow mTipWindowTitle : freeform_top_left_tip_window
03-14 04:08:25.928 1009 1184 I ActivityTaskManager: clear resize flag in freeform mode
03-14 04:08:25.928 1009 1184 W WindowManager: updateScale : 0.79357797
03-14 04:08:25.928 1009 1184 W WindowManager: updateScale : 0.45565748
03-14 04:08:25.930 1009 9751 W WindowManager: updateScale : 0.79357797
03-14 04:08:25.930 1009 9751 W WindowManager: updateScale : 0.45565748
03-14 04:08:25.944 1009 1184 D FreeFormWindowHelper: refreshTipWindow mTipWindowTitle : freeform_top_left_tip_window
03-14 04:08:25.944 1009 1184 I ActivityTaskManager: clear resize flag in freeform mode
03-14 04:08:25.945 1009 1184 W WindowManager: updateScale : 0.79357797
03-14 04:08:25.945 1009 1184 W WindowManager: updateScale : 0.45565748
03-14 04:08:25.960 1009 1184 D FreeFormWindowHelper: refreshTipWindow mTipWindowTitle : freeform_top_left_tip_window
03-14 04:08:25.961 1009 1184 I ActivityTaskManager: clear resize flag in freeform mode
03-14 04:08:25.962 1009 1184 W WindowManager: updateScale : 0.79357797
03-14 04:08:25.962 1009 1184 W WindowManager: updateScale : 0.45565748
03-14 04:08:25.967 769 769 I auditd : type=1400 audit(0.0:4051): avc: denied { kill } for comm="crtc_commit:125" capability=5 scontext=u:r:kernel:s0 tcontext=u:r:kernel:s0 tclass=capability permissive=1
03-14 04:08:25.977 1009 1184 D FreeFormWindowHelper: refreshTipWindow mTipWindowTitle : freeform_top_left_tip_window
03-14 04:08:25.978 1009 1184 I ActivityTaskManager: clear resize flag in freeform mode
03-14 04:08:25.978 1009 1184 W WindowManager: updateScale : 0.79357797
03-14 04:08:25.978 1009 1184 W WindowManager: updateScale : 0.45565748
03-14 04:08:25.994 1009 1184 D FreeFormWindowHelper: refreshTipWindow mTipWindowTitle : freeform_top_left_tip_window
03-14 04:08:25.994 1009 1184 I ActivityTaskManager: clear resize flag in freeform mode
03-14 04:08:25.995 1009 1184 W WindowManager: updateScale : 0.79357797
03-14 04:08:25.995 1009 1184 W WindowManager: updateScale : 0.45565748
03-14 04:08:26.011 1009 1184 D FreeFormWindowHelper: refreshTipWindow mTipWindowTitle : freeform_top_left_tip_window
03-14 04:08:26.011 1009 1184 I ActivityTaskManager: clear resize flag in freeform mode
03-14 04:08:26.012 1009 1184 W WindowManager: updateScale : 0.79357797
03-14 04:08:26.012 1009 1184 W WindowManager: updateScale : 0.45565748
03-14 04:08:26.027 1009 1184 D FreeFormWindowHelper: refreshTipWindow mTipWindowTitle : freeform_top_left_tip_window
03-14 04:08:26.028 1009 1184 I ActivityTaskManager: clear resize flag in freeform mode
03-14 04:08:26.028 1009 1184 W WindowManager: updateScale : 0.79357797
03-14 04:08:26.028 1009 1184 W WindowManager: updateScale : 0.45565748
03-14 04:08:26.044 1009 1184 D FreeFormWindowHelper: refreshTipWindow mTipWindowTitle : freeform_top_left_tip_window
03-14 04:08:26.045 1009 1184 I ActivityTaskManager: clear resize flag in freeform mode
03-14 04:08:26.045 1009 1184 W WindowManager: updateScale : 0.79357797
03-14 04:08:26.045 1009 1184 W WindowManager: updateScale : 0.45565748
03-14 04:08:26.061 1009 1184 D FreeFormWindowHelper: refreshTipWindow mTipWindowTitle : freeform_top_left_tip_window
03-14 04:08:26.061 1009 1184 I ActivityTaskManager: clear resize flag in freeform mode
03-14 04:08:26.062 1009 1184 W WindowManager: updateScale : 0.79357797
03-14 04:08:26.062 1009 1184 W WindowManager: updateScale : 0.45565748
03-14 04:08:26.077 1009 1184 D FreeFormWindowHelper: refreshTipWindow mTipWindowTitle : freeform_top_left_tip_window
03-14 04:08:26.078 1009 1184 I ActivityTaskManager: clear resize flag in freeform mode
03-14 04:08:26.078 1009 1184 W WindowManager: updateScale : 0.79357797
03-14 04:08:26.078 1009 1184 W WindowManager: updateScale : 0.45565748
03-14 04:08:26.094 1009 1184 D FreeFormWindowHelper: refreshTipWindow mTipWindowTitle : null
03-14 04:08:26.095 1009 1184 I ActivityTaskManager: clear resize flag in freeform mode
03-14 04:08:26.095 1009 1184 W WindowManager: updateScale : 0.79357797
03-14 04:08:26.095 1009 1184 W WindowManager: updateScale : 0.45565748
03-14 04:08:26.111 1009 1184 D FreeFormWindowHelper: refreshTipWindow mTipWindowTitle : null
03-14 04:08:26.111 1009 1184 I ActivityTaskManager: clear resize flag in freeform mode
03-14 04:08:26.112 1009 1184 W WindowManager: updateScale : 0.79357797
03-14 04:08:26.112 1009 1184 W WindowManager: updateScale : 0.45565748
03-14 04:08:26.127 1009 1184 D FreeFormWindowHelper: refreshTipWindow mTipWindowTitle : null
03-14 04:08:26.128 1009 1184 I ActivityTaskManager: clear resize flag in freeform mode
03-14 04:08:26.128 1009 1184 W WindowManager: updateScale : 0.79357797
03-14 04:08:26.129 1009 1184 W WindowManager: updateScale : 0.45565748
03-14 04:08:26.144 1009 1184 D FreeFormWindowHelper: refreshTipWindow mTipWindowTitle : null
03-14 04:08:26.145 1009 1184 I ActivityTaskManager: clear resize flag in freeform mode
03-14 04:08:26.145 1009 1184 W WindowManager: updateScale : 0.79357797
03-14 04:08:26.145 1009 1184 W WindowManager: updateScale : 0.45565748
03-14 04:08:26.147 1009 9751 W WindowManager: updateScale : 0.79357797
03-14 04:08:26.147 1009 9751 W WindowManager: updateScale : 0.45565748
03-14 04:08:26.161 1009 1184 D FreeFormWindowHelper: refreshTipWindow mTipWindowTitle : null
03-14 04:08:26.162 1009 1184 I ActivityTaskManager: clear resize flag in freeform mode
03-14 04:08:26.162 1009 1184 W WindowManager: updateScale : 0.79357797
03-14 04:08:26.162 1009 1184 W WindowManager: updateScale : 0.45565748
03-14 04:08:26.178 1009 1184 D FreeFormWindowHelper: refreshTipWindow mTipWindowTitle : null
03-14 04:08:26.178 1009 1184 I ActivityTaskManager: clear resize flag in freeform mode
03-14 04:08:26.179 1009 1184 W WindowManager: updateScale : 0.79357797
03-14 04:08:26.179 1009 1184 W WindowManager: updateScale : 0.45565748
03-14 04:08:26.194 1009 1184 D FreeFormWindowHelper: refreshTipWindow mTipWindowTitle : null
03-14 04:08:26.195 1009 1184 I ActivityTaskManager: clear resize flag in freeform mode
03-14 04:08:26.195 1009 1184 W WindowManager: updateScale : 0.79357797
03-14 04:08:26.195 1009 1184 W WindowManager: updateScale : 0.45565748
03-14 04:08:26.211 1009 9751 W WindowManager: updateScale : 0.79357797
03-14 04:08:26.211 1009 9751 W WindowManager: updateScale : 0.45565748
03-14 04:08:26.213 1009 1184 D FreeFormWindowHelper: refreshTipWindow mTipWindowTitle : null
03-14 04:08:26.213 1009 1184 I ActivityTaskManager: clear resize flag in freeform mode
03-14 04:08:26.214 1009 1184 W WindowManager: updateScale : 0.79357797
03-14 04:08:26.214 1009 1184 W WindowManager: updateScale : 0.45565748
03-14 04:08:26.228 1009 1184 D FreeFormWindowHelper: refreshTipWindow mTipWindowTitle : null
03-14 04:08:26.228 1009 1184 I ActivityTaskManager: clear resize flag in freeform mode
03-14 04:08:26.229 1009 1184 W WindowManager: updateScale : 0.79357797
03-14 04:08:26.229 1009 1184 W WindowManager: updateScale : 0.45565748
03-14 04:08:26.242 1009 9751 W WindowManager: updateScale : 0.79357797
03-14 04:08:26.243 1009 9751 W WindowManager: updateScale : 0.45565748
03-14 04:08:26.244 1009 1184 D FreeFormWindowHelper: refreshTipWindow mTipWindowTitle : null
03-14 04:08:26.245 1009 1184 I ActivityTaskManager: clear resize flag in freeform mode
03-14 04:08:26.246 1009 1184 W WindowManager: updateScale : 0.79357797
03-14 04:08:26.246 1009 1184 W WindowManager: updateScale : 0.45565748
03-14 04:08:26.261 1009 1184 D FreeFormWindowHelper: refreshTipWindow mTipWindowTitle : null
03-14 04:08:26.262 1009 1184 I ActivityTaskManager: clear resize flag in freeform mode
03-14 04:08:26.262 1009 1184 W WindowManager: updateScale : 0.79357797
03-14 04:08:26.262 1009 1184 W WindowManager: updateScale : 0.45565748
03-14 04:08:26.278 1009 9751 W WindowManager: updateScale : 0.79357797
03-14 04:08:26.278 1009 9751 W WindowManager: updateScale : 0.45565748
03-14 04:08:26.279 1009 1184 D FreeFormWindowHelper: refreshTipWindow mTipWindowTitle : null
03-14 04:08:26.280 1009 1184 I ActivityTaskManager: clear resize flag in freeform mode
03-14 04:08:26.280 1009 1184 W WindowManager: updateScale : 0.79357797
03-14 04:08:26.280 1009 1184 W WindowManager: updateScale : 0.45565748
03-14 04:08:26.294 1009 1184 D FreeFormWindowHelper: refreshTipWindow mTipWindowTitle : null
03-14 04:08:26.295 1009 1184 I ActivityTaskManager: clear resize flag in freeform mode
03-14 04:08:26.296 1009 1184 W WindowManager: updateScale : 0.79357797
03-14 04:08:26.296 1009 1184 W WindowManager: updateScale : 0.45565748
03-14 04:08:26.311 1009 1184 D FreeFormWindowHelper: refreshTipWindow mTipWindowTitle : null
03-14 04:08:26.312 1009 1184 I ActivityTaskManager: clear resize flag in freeform mode
03-14 04:08:26.312 1009 1184 W WindowManager: updateScale : 0.79357797
03-14 04:08:26.312 1009 1184 W WindowManager: updateScale : 0.45565748
03-14 04:08:26.328 1009 1184 D FreeFormWindowHelper: refreshTipWindow mTipWindowTitle : null
03-14 04:08:26.328 1009 1184 I ActivityTaskManager: clear resize flag in freeform mode
03-14 04:08:26.329 1009 1184 W WindowManager: updateScale : 0.79357797
03-14 04:08:26.329 1009 1184 W WindowManager: updateScale : 0.45565748
03-14 04:08:26.345 1009 1184 D FreeFormWindowHelper: refreshTipWindow mTipWindowTitle : null
03-14 04:08:26.345 1009 1184 I ActivityTaskManager: clear resize flag in freeform mode
03-14 04:08:26.346 1009 1184 W WindowManager: updateScale : 0.79357797
03-14 04:08:26.346 1009 1184 W WindowManager: updateScale : 0.45565748
03-14 04:08:26.361 1009 1184 D FreeFormWindowHelper: refreshTipWindow mTipWindowTitle : null
03-14 04:08:26.362 1009 1184 I ActivityTaskManager: clear resize flag in freeform mode
03-14 04:08:26.362 1009 1184 W WindowManager: updateScale : 0.79357797
03-14 04:08:26.363 1009 1184 W WindowManager: updateScale : 0.45565748
03-14 04:08:26.378 1009 1184 D FreeFormWindowHelper: refreshTipWindow mTipWindowTitle : null
03-14 04:08:26.379 1009 1184 I ActivityTaskManager: clear resize flag in freeform mode
03-14 04:08:26.379 1009 1184 W WindowManager: updateScale : 0.79357797
03-14 04:08:26.379 1009 1184 W WindowManager: updateScale : 0.45565748
03-14 04:08:26.381 1009 2195 W WindowManager: updateScale : 0.79357797
03-14 04:08:26.381 1009 2195 W WindowManager: updateScale : 0.45565748
03-14 04:08:26.395 1009 1184 D FreeFormWindowHelper: refreshTipWindow mTipWindowTitle : null
03-14 04:08:26.396 1009 1184 I ActivityTaskManager: clear resize flag in freeform mode
03-14 04:08:26.396 1009 1184 W WindowManager: updateScale : 0.79357797
03-14 04:08:26.396 1009 1184 W WindowManager: updateScale : 0.45565748
03-14 04:08:26.411 1009 1184 D FreeFormWindowHelper: refreshTipWindow mTipWindowTitle : null
03-14 04:08:26.412 1009 1184 I ActivityTaskManager: clear resize flag in freeform mode
03-14 04:08:26.412 1009 1184 W WindowManager: updateScale : 0.79357797
03-14 04:08:26.413 1009 1184 W WindowManager: updateScale : 0.45565748
03-14 04:08:26.426 1009 2195 W WindowManager: updateScale : 0.79357797
03-14 04:08:26.426 1009 2195 W WindowManager: updateScale : 0.45565748
03-14 04:08:26.428 1009 1184 D FreeFormWindowHelper: refreshTipWindow mTipWindowTitle : null
03-14 04:08:26.429 1009 1184 I ActivityTaskManager: clear resize flag in freeform mode
03-14 04:08:26.430 1009 1184 W WindowManager: updateScale : 0.79357797
03-14 04:08:26.430 1009 1184 W WindowManager: updateScale : 0.45565748
03-14 04:08:26.441 1009 2195 W WindowManager: updateScale : 0.79357797
03-14 04:08:26.441 1009 2195 W WindowManager: updateScale : 0.45565748
03-14 04:08:26.445 1009 1184 D FreeFormWindowHelper: refreshTipWindow mTipWindowTitle : null
03-14 04:08:26.445 1009 1184 I ActivityTaskManager: clear resize flag in freeform mode
03-14 04:08:26.446 1009 1184 W WindowManager: updateScale : 0.79357797
03-14 04:08:26.446 1009 1184 W WindowManager: updateScale : 0.45565748
03-14 04:08:26.457 1009 2195 W WindowManager: updateScale : 0.79357797
03-14 04:08:26.457 1009 2195 W WindowManager: updateScale : 0.45565748
03-14 04:08:26.462 1009 1184 D FreeFormWindowHelper: refreshTipWindow mTipWindowTitle : null
03-14 04:08:26.462 1009 1184 I ActivityTaskManager: clear resize flag in freeform mode
03-14 04:08:26.462 1009 1184 W WindowManager: updateScale : 0.79357797
03-14 04:08:26.462 1009 1184 W WindowManager: updateScale : 0.45565748
03-14 04:08:26.474 1009 2195 W WindowManager: updateScale : 0.79357797
03-14 04:08:26.474 1009 2195 W WindowManager: updateScale : 0.45565748
03-14 04:08:26.478 1009 1184 D FreeFormWindowHelper: refreshTipWindow mTipWindowTitle : null
03-14 04:08:26.479 1009 1184 I ActivityTaskManager: clear resize flag in freeform mode
03-14 04:08:26.479 1009 1184 W WindowManager: updateScale : 0.79357797
03-14 04:08:26.479 1009 1184 W WindowManager: updateScale : 0.45565748
03-14 04:08:26.491 1009 2195 W WindowManager: updateScale : 0.79357797
03-14 04:08:26.491 1009 2195 W WindowManager: updateScale : 0.45565748
03-14 04:08:26.495 1009 1184 D FreeFormWindowHelper: refreshTipWindow mTipWindowTitle : null
03-14 04:08:26.495 1009 1184 I ActivityTaskManager: clear resize flag in freeform mode
03-14 04:08:26.496 1009 1184 W WindowManager: updateScale : 0.79357797
03-14 04:08:26.496 1009 1184 W WindowManager: updateScale : 0.45565748
03-14 04:08:26.507 1009 2195 W WindowManager: updateScale : 0.79357797
03-14 04:08:26.507 1009 2195 W WindowManager: updateScale : 0.45565748
03-14 04:08:26.512 1009 1184 D FreeFormWindowHelper: refreshTipWindow mTipWindowTitle : null
03-14 04:08:26.512 1009 1184 I ActivityTaskManager: clear resize flag in freeform mode
03-14 04:08:26.513 1009 1184 W WindowManager: updateScale : 0.79357797
03-14 04:08:26.513 1009 1184 W WindowManager: updateScale : 0.45565748
03-14 04:08:26.524 1009 2195 W WindowManager: updateScale : 0.79357797
03-14 04:08:26.524 1009 2195 W WindowManager: updateScale : 0.45565748
03-14 04:08:26.528 1009 1184 D FreeFormWindowHelper: refreshTipWindow mTipWindowTitle : null
03-14 04:08:26.529 1009 1184 I ActivityTaskManager: clear resize flag in freeform mode
03-14 04:08:26.529 1009 1184 W WindowManager: updateScale : 0.79357797
03-14 04:08:26.529 1009 1184 W WindowManager: updateScale : 0.45565748
03-14 04:08:26.541 1009 2195 W WindowManager: updateScale : 0.79357797
03-14 04:08:26.541 1009 2195 W WindowManager: updateScale : 0.45565748
03-14 04:08:26.545 1009 1184 D FreeFormWindowHelper: refreshTipWindow mTipWindowTitle : null
03-14 04:08:26.546 1009 1184 I ActivityTaskManager: clear resize flag in freeform mode
03-14 04:08:26.546 1009 1184 W WindowManager: updateScale : 0.79357797
03-14 04:08:26.546 1009 1184 W WindowManager: updateScale : 0.45565748
03-14 04:08:26.557 1009 2195 W WindowManager: updateScale : 0.79357797
03-14 04:08:26.558 1009 2195 W WindowManager: updateScale : 0.45565748
03-14 04:08:26.562 1009 1184 D FreeFormWindowHelper: refreshTipWindow mTipWindowTitle : null
