03-14 03:51:51.218 1009 1587 I input_interaction: Interaction with: 24a02ed com.microsoft.emmx/com.microsoft.ruby.Main (server), edge-swipe (server), swipe-up (server), PointerEventDispatcher0 (server),
03-14 03:51:52.258 4977 4977 I view_enqueue_input_event: [Motion - Cancel,com.microsoft.emmx/com.microsoft.ruby.Main]
03-14 03:51:52.260 1009 1587 I input_interaction: Interaction with: WindowManager (server), edge-swipe (server), swipe-up (server), PointerEventDispatcher0 (server),
01-01 08:01:22.323 0 0 E DTC_ETH,link_delay_work_func: 3003, SQI=0, link=0
03-14 03:51:54.099 1009 1587 I input_interaction: Interaction with: 24a02ed com.microsoft.emmx/com.microsoft.ruby.Main (server), edge-swipe (server), swipe-up (server), PointerEventDispatcher0 (server),
03-14 03:51:54.680 1009 1587 I input_focus: [Focus leaving 24a02ed com.microsoft.emmx/com.microsoft.ruby.Main (server),reason=NOT_VISIBLE]
03-14 03:51:54.682 1009 2153 I wm_finish_activity: [0,181400917,128,com.microsoft.emmx/com.microsoft.ruby.Main,finish-activity]
03-14 03:51:54.682 1009 2153 I wm_task_moved: [1,1,6]
03-14 03:51:54.682 1009 2153 I wm_set_resumed_activity: [0,com.android.launcher3/.uioverrides.QuickstepLauncher,positionChildAt]
03-14 03:51:54.683 1009 2153 I wm_task_moved: [127,1,2147483647]
03-14 03:51:54.683 1009 2153 I wm_task_to_front: [0,127]
03-14 03:51:54.683 1009 2153 I wm_focused_root_task: [0,0,1,-1,finish-top adjustFocusToNextFocusableTask]
03-14 03:51:54.683 1009 2153 I wm_set_resumed_activity: [0,com.android.launcher3/.uioverrides.QuickstepLauncher,finish-top]
03-14 03:51:54.684 1009 2153 I wm_pause_activity: [0,181400917,com.microsoft.emmx/com.microsoft.ruby.Main,userLeaving=false,finish]
03-14 03:51:54.687 1009 1184 I input_focus: [Focus request b68d17 com.android.launcher3/com.android.launcher3.uioverrides.QuickstepLauncher,reason=UpdateInputWindows]
03-14 03:51:54.688 4977 4977 I wm_on_top_resumed_lost_called: [181400917,com.microsoft.ruby.Main,topStateChangedWhenResumed]
03-14 03:51:54.690 2625 2625 I wm_on_top_resumed_gained_called: [196755772,com.android.launcher3.uioverrides.QuickstepLauncher,topStateChangedWhenResumed]
03-14 03:51:54.692 1009 1183 I sysui_multi_action: [757,803,799,window_time_0,802,48]
03-14 03:51:54.696 1009 1587 I input_focus: [Focus entering b68d17 com.android.launcher3/com.android.launcher3.uioverrides.QuickstepLauncher (server),reason=setFocusedWindow]
03-14 03:51:54.715 4977 4977 I wm_on_paused_called: [181400917,com.microsoft.ruby.Main,performPause]
03-14 03:51:54.715 1009 2153 I wm_destroy_activity: [0,181400917,128,com.microsoft.emmx/com.microsoft.ruby.Main,finish-imm:completePausedLocked]
03-14 03:51:54.719 1009 1183 I sysui_multi_action: [757,803,799,window_time_0,802,0]
03-14 03:51:54.730 1009 1188 I am_pss : [3023,10071,com.qualcomm.location.XT,6194176,4644864,0,93970432,0,6,5]
03-14 03:51:54.744 1009 1188 I am_pss : [3265,10024,com.baidu.input,107322368,94072832,0,230170624,0,7,9]
03-14 03:51:54.790 4977 4977 I wm_on_stop_called: [181400917,com.microsoft.ruby.Main,LIFECYCLER_STOP_ACTIVITY]
03-14 03:51:54.864 1009 3054 I am_kill : [0,5086,com.microsoft.emmx:sandboxed_process0:org.chromium.content.app.SandboxedProcessService0:0,0,isolated not needed]
03-14 03:51:54.889 4977 4977 I wm_on_destroy_called: [181400917,com.microsoft.ruby.Main,performDestroy]
03-14 03:51:54.895 1009 2156 I am_proc_died: [0,5086,com.microsoft.emmx:sandboxed_process0:org.chromium.content.app.SandboxedProcessService0:0,0,10]
03-14 03:51:54.895 1009 2156 I am_uid_stopped: 90000
01-01 08:01:23.596 0 0 I binder : undelivered transaction 102496, process died.
01-01 08:01:23.596 0 0 I binder : undelivered transaction 102498, process died.
01-01 08:01:23.596 0 0 I binder : undelivered transaction 102493, process died.
03-14 03:51:54.907 1009 3054 I wm_task_removed: [128,removeChild:removeChild last r=ActivityRecord{acff555 u0 com.microsoft.emmx/com.microsoft.ruby.Main t-1 f}} in t=Task{725780c #128 type=standard A=10033:com.microsoft.emmx U=0 visible=false mode=freeform translucent=true sz=0}]
03-14 03:51:54.907 1009 3054 I wm_task_removed: [128,removeChild]
03-14 03:51:54.907 1009 1037 I am_proc_died: [0,5182,com.microsoft.emmx:sandboxed_process0:org.chromium.content.app.SandboxedProcessService0:1,905,19]
03-14 03:51:54.909 1009 1188 I am_pss : [4049,10093,com.tencent.mtt:service,80082944,24760320,0,208941056,0,10,8]
03-14 03:51:54.916 1009 1037 I am_schedule_service_restart: [0,com.microsoft.emmx/org.chromium.content.app.SandboxedProcessService0:1,1000]
03-14 03:51:54.916 1009 1037 I am_uid_stopped: 90001
03-14 03:51:54.925 1009 1188 I am_pss : [4229,10093,com.tencent.mtt,89410560,33124352,0,222175232,0,10,7]
03-14 03:51:54.931 1009 1188 I am_pss : [2843,10084,com.qualcomm.qtil.aptxui,7156736,5709824,0,91627520,0,19,4]
03-14 03:51:54.935 1009 2156 I am_kill : [0,5216,com.microsoft.emmx:sandboxed_process0:org.chromium.content.app.SandboxedProcessService0:2,0,isolated not needed]
03-14 03:51:54.937 1009 1188 I am_pss : [3874,10058,com.qualcomm.qti.qms.service.connectionsecurity,11431936,3981312,0,76910592,0,19,4]
03-14 03:51:54.943 1009 1188 I am_pss : [3810,2000,com.android.shell,5690368,4218880,0,90640384,0,19,5]
03-14 03:51:54.950 1009 1188 I am_pss : [2513,1000,com.android.settings,30896128,17395712,0,148082688,0,19,7]
03-14 03:51:54.956 1009 1188 I am_pss : [3765,10090,com.android.permissioncontroller,11670528,10059776,0,99368960,0,19,5]
03-14 03:51:54.962 1009 1188 I am_pss : [3088,1000,com.android.keychain,7975936,6430720,0,94289920,0,19,5]
03-14 03:51:54.967 1009 1188 I am_pss : [3745,10029,com.android.packageinstaller,7060480,5591040,0,91451392,0,19,4]
03-14 03:51:54.972 1009 1188 I am_pss : [3726,10059,com.android.onetimeinitializer,5042176,3506176,0,90628096,0,19,4]
03-14 03:51:54.976 1009 1188 I am_pss : [3708,10086,com.android.music,7300096,5246976,0,94584832,0,19,4]
01-01 08:01:23.678 0 0 I binder : undelivered transaction 102685, process died.
01-01 08:01:23.678 0 0 I binder : undelivered transaction 102686, process died.
01-01 08:01:23.678 0 0 I binder : undelivered transaction 102690, process died.
03-14 03:51:54.978 1009 1037 I am_proc_died: [0,5216,com.microsoft.emmx:sandboxed_process0:org.chromium.content.app.SandboxedProcessService0:2,0,10]
03-14 03:51:54.979 1009 1037 I am_uid_stopped: 90002
03-14 03:51:54.982 1009 1188 I am_pss : [3686,10027,com.android.managedprovisioning,8804352,7262208,0,94625792,0,19,5]
03-14 03:51:54.987 1009 1188 I am_pss : [3649,1000,com.android.dynsystem:dynsystem,5529600,3874816,0,91660288,0,19,4]
03-14 03:51:54.992 1009 1188 I am_pss : [3629,1000,com.android.dynsystem,5311488,3719168,0,90738688,0,19,3]
03-14 03:51:54.997 1009 1188 I am_pss : [3599,1000,com.android.localtransport,5330944,3784704,0,91340800,0,19,4]
03-14 03:51:55.002 1009 1188 I am_pss : [3263,1000,com.qti.diagservices,5974016,4071424,0,95420416,0,10,5]
03-14 03:51:55.007 1009 1188 I am_pss : [3059,10021,com.android.traceur,10009600,8429568,0,96698368,0,19,5]
03-14 03:51:55.184 1009 1587 I input_interaction: Interaction with: b68d17 com.android.launcher3/com.android.launcher3.uioverrides.QuickstepLauncher (server), 8c59581 com.android.systemui.ImageWallpaper (server), edge-swipe (server), swipe-up (server), PointerEventDispatcher0 (server),
03-14 03:51:55.946 1009 1661 I netstats_mobile_sample: [0,0,0,0,0,0,0,0,0,0,0,0,1678737115946]
03-14 03:51:55.947 1009 1661 I netstats_wifi_sample: [6995158,12457,1700884,10686,6995158,12457,1700884,10686,1223861,5758,1401020,7922,1678737115946]
03-14 03:51:55.967 0 0 I auditd : type=1400 audit(0.0:3256): avc: denied { kill } for comm="swapper/3" capability=5 scontext=u:r:kernel:s0 tcontext=u:r:kernel:s0 tclass=capability permissive=1
01-01 08:01:27.447 0 0 E DTC_ETH,link_delay_work_func: 3003, SQI=0, link=0
03-14 03:51:59.975 1009 1009 I auditd : type=1400 audit(0.0:3257): avc: denied { getpgid } for comm="ActivityManager" scontext=u:r:system_server:s0 tcontext=u:r:app_zygote:s0:c512,c768 tclass=process permissive=1
01-01 08:01:32.563 0 0 E DTC_ETH,link_delay_work_func: 3003, SQI=0, link=0
03-14 03:52:07.967 1009 2153 I wm_task_created: [129,-1]
03-14 03:52:07.970 1009 2153 I wm_task_moved: [129,1,6]
03-14 03:52:07.970 1009 2153 I wm_task_to_front: [0,129]
03-14 03:52:07.970 1009 2153 I wm_create_task: [0,129]
03-14 03:52:07.970 1009 2153 I wm_create_activity: [0,61248223,129,com.qiyi.video/.WelcomeActivity,android.intent.action.MAIN,NULL,NULL,270532608]
03-14 03:52:07.970 1009 2153 I wm_task_moved: [129,1,6]
03-14 03:52:07.972 2625 2625 I wm_on_top_resumed_lost_called: [196755772,com.android.launcher3.uioverrides.QuickstepLauncher,topStateChangedWhenResumed]
03-14 03:52:07.974 1009 1183 I am_uid_running: 10102
03-14 03:52:07.978 1009 1195 I am_proc_start: [0,5866,10102,com.qiyi.video,top-activity,{com.qiyi.video/com.qiyi.video.WelcomeActivity}]
01-01 08:01:36.683 0 0 W perfetto: enabled ftrace
03-14 03:52:07.992 1009 3052 I am_proc_bound: [0,5866,com.qiyi.video]
01-01 08:01:36.691 0 0 I binder : 5866:5866 ioctl 40046210 ffaa2348 returned -22
03-14 03:52:07.995 1009 3052 I wm_restart_activity: [0,61248223,129,com.qiyi.video/.WelcomeActivity]
03-14 03:52:07.995 1009 3052 I wm_set_resumed_activity: [0,com.qiyi.video/.WelcomeActivity,minimalResumeActivityLocked]
03-14 03:52:07.996 1009 3052 I am_uid_active: 10102
03-14 03:52:08.227 5866 5866 I wm_on_create_called: [61248223,com.qiyi.video.WelcomeActivity,performCreate]
01-01 08:01:37.012 0 0 I [soft_i][0x6f05a083][03:52:08.310618] wlan: [0:I:DP] dp_addba_requestprocess_wifi3 restore BA win 64 based on addba req
03-14 03:52:08.367 5866 5866 I auditd : type=1400 audit(0.0:3258): avc: denied { search } for comm="AutoName_fpa/fp" name="net" dev="sysfs" ino=46949 scontext=u:r:untrusted_app:s0:c102,c256,c512,c768 tcontext=u:object_r:sysfs_net:s0 tclass=dir permissive=1 app=com.qiyi.video
03-14 03:52:08.367 5866 5866 I auditd : type=1400 audit(0.0:3259): avc: denied { read } for comm="AutoName_fpa/fp" name="address" dev="sysfs" ino=80846 scontext=u:r:untrusted_app:s0:c102,c256,c512,c768 tcontext=u:object_r:sysfs_net:s0 tclass=file permissive=1 app=com.qiyi.video
03-14 03:52:08.367 5866 5866 I auditd : type=1400 audit(0.0:3260): avc: denied { open } for comm="AutoName_fpa/fp" path="/sys/devices/platform/soc/1c00000.qcom,pcie/pci0000:00/0000:00:00.0/0000:01:00.0/net/wlan0/address" dev="sysfs" ino=80846 scontext=u:r:untrusted_app:s0:c102,c256,c512,c768 tcontext=u:object_r:sysfs_net:s0 tclass=file permissive=1 app=com.qiyi.video
03-14 03:52:08.367 5866 5866 I auditd : type=1400 audit(0.0:3261): avc: denied { getattr } for comm="AutoName_fpa/fp" path="/sys/devices/platform/soc/1c00000.qcom,pcie/pci0000:00/0000:00:00.0/0000:01:00.0/net/wlan0/address" dev="sysfs" ino=80846 scontext=u:r:untrusted_app:s0:c102,c256,c512,c768 tcontext=u:object_r:sysfs_net:s0 tclass=file permissive=1 app=com.qiyi.video
03-14 03:52:08.387 5866 5866 I auditd : type=1400 audit(0.0:3262): avc: denied { read } for comm="AutoName_fpa/fp" name="sdcard" dev="tmpfs" ino=3862 scontext=u:r:untrusted_app:s0:c102,c256,c512,c768 tcontext=u:object_r:mnt_sdcard_file:s0 tclass=lnk_file permissive=1 app=com.qiyi.video
01-01 08:01:37.096 0 0 W audit : audit_lost=3988 audit_rate_limit=5 audit_backlog_limit=64
01-01 08:01:37.096 0 0 E audit : rate limit exceeded
03-14 03:52:08.399 5866 5866 I wm_on_start_called: [61248223,com.qiyi.video.WelcomeActivity,handleStartActivity]
03-14 03:52:08.414 5866 5866 I wm_on_resume_called: [61248223,com.qiyi.video.WelcomeActivity,RESUME_ACTIVITY]
03-14 03:52:08.421 1009 1195 I am_proc_start: [0,6079,10102,com.qiyi.video:QS,service,{com.qiyi.video/com.q.m.QS}]
01-01 08:01:37.142 0 0 I binder : 6079:6079 ioctl 40046210 ffaa2348 returned -22
03-14 03:52:08.444 1009 3054 I am_proc_bound: [0,6079,com.qiyi.video:QS]
03-14 03:52:08.449 5866 5866 I wm_on_top_resumed_gained_called: [61248223,com.qiyi.video.WelcomeActivity,topStateChangedWhenResumed]
03-14 03:52:08.549 1009 1184 I input_focus: [Focus request 39cebab com.qiyi.video/com.qiyi.video.WelcomeActivity,reason=UpdateInputWindows]
03-14 03:52:08.577 1009 1587 I input_focus: [Focus leaving b68d17 com.android.launcher3/com.android.launcher3.uioverrides.QuickstepLauncher (server),reason=Waiting for window because NOT_VISIBLE]
01-01 08:01:37.278 0 0 I binder : 5866:5969 ioctl 40046210 b69fbd38 returned -22
03-14 03:52:08.611 1009 1180 I sysui_multi_action: [319,645,322,644,325,94,757,761,758,7,759,2,806,com.qiyi.video,871,com.qiyi.video.WelcomeActivity,904,com.android.launcher3,905,0,945,36,1320,4,1321,4]
03-14 03:52:08.613 1009 1180 I wm_activity_launch_time: [0,61248223,com.qiyi.video/.WelcomeActivity,644]
03-14 03:52:08.627 1009 1587 I input_focus: [Focus entering 39cebab com.qiyi.video/com.qiyi.video.WelcomeActivity (server),reason=Window became focusable. Previous reason: NOT_VISIBLE]
03-14 03:52:08.851 1009 1188 I am_pss : [3900,10101,com.sohu.sohuvideo,81788928,63664128,0,180494336,0,10,8]
03-14 03:52:08.861 1009 1188 I am_pss : [4625,10056,com.qualcomm.qti.qms.service.trustzoneaccess,5440512,3784704,0,91947008,0,19,5]
03-14 03:52:08.868 1009 1188 I am_pss : [3787,10020,com.android.providers.calendar,6979584,5120000,0,98107392,0,19,5]
03-14 03:52:08.874 1009 1188 I am_pss : [3103,10017,android.process.media,9881600,8007680,0,101064704,0,19,5]
03-14 03:52:08.880 1009 1188 I am_pss : [4503,10028,com.android.externalstorage,5397504,3809280,0,92065792,0,19,5]
03-14 03:52:08.886 1009 1188 I am_pss : [4046,10101,com.sohu.sohuvideo:pushservice,20331520,5820416,0,105009152,0,10,5]
03-14 03:52:08.891 1009 1188 I am_pss : [2668,10081,com.qualcomm.qti.qccauthmgr,6093824,4317184,0,95657984,0,19,5]
03-14 03:52:08.901 1009 1188 I am_pss : [3316,10018,android.process.acore,12206080,8904704,0,116461568,0,19,6]
03-14 03:52:08.906 1009 1188 I am_pss : [2556,10063,com.thundercomm.gamemode.provider,7616512,5881856,0,96313344,0,19,5]
01-01 08:01:37.683 0 0 E DTC_ETH,link_delay_work_func: 3003, SQI=0, link=0
03-14 03:52:09.164 1009 1195 I am_proc_start: [0,6245,10102,com.qiyi.video:plugin1,service,{com.qiyi.video/org.qiyi.android.plugin.ipc.IPCService1}]
03-14 03:52:09.205 1009 1182 I commit_sys_config_file: [notification-policy,65348]
01-01 08:01:37.908 0 0 I binder : 6245:6245 ioctl 40046210 ffaa2348 returned -22
03-14 03:52:09.210 1009 1724 I am_proc_bound: [0,6245,com.qiyi.video:plugin1]
03-14 03:52:09.967 0 0 I auditd : type=1400 audit(0.0:3299): avc: denied { kill } for comm="swapper/4" capability=5 scontext=u:r:kernel:s0 tcontext=u:r:kernel:s0 tclass=capability permissive=1
03-14 03:52:10.262 1009 1587 I input_interaction: Interaction with: 39cebab com.qiyi.video/com.qiyi.video.WelcomeActivity (server), edge-swipe (server), swipe-up (server), PointerEventDispatcher0 (server),
03-14 03:52:10.387 5866 5866 I auditd : type=1400 audit(0.0:3300): avc: granted { execute } for comm="tmn-5-0" path="/data/data/com.qiyi.video/app_native_lib/com.iqiyi.fastdns/1.1.3.48/armeabi-v7a/libfastdns.so" dev="dm-10" ino=9172 scontext=u:r:untrusted_app:s0:c102,c256,c512,c768 tcontext=u:object_r:app_data_file:s0:c102,c256,c512,c768 tclass=file app=com.qiyi.video
03-14 03:52:10.931 1009 1724 I wm_task_moved: [129,1,6]
03-14 03:52:10.931 1009 1724 I wm_set_resumed_activity: [0,com.qiyi.video/.WelcomeActivity,positionChildAt]
03-14 03:52:10.931 1009 1724 I wm_create_activity: [0,14788601,129,com.qiyi.video/org.qiyi.android.video.activitys.RankActivity,NULL,NULL,NULL,0]
03-14 03:52:10.932 1009 1724 I wm_pause_activity: [0,61248223,com.qiyi.video/.WelcomeActivity,userLeaving=true,resumeTopActivityInnerLocked]
03-14 03:52:10.945 5866 5866 I wm_on_top_resumed_lost_called: [61248223,com.qiyi.video.WelcomeActivity,topStateChangedWhenResumed]
03-14 03:52:10.955 5866 5866 I wm_on_paused_called: [61248223,com.qiyi.video.WelcomeActivity,performPause]
03-14 03:52:10.956 1009 1724 I wm_restart_activity: [0,14788601,129,com.qiyi.video/org.qiyi.android.video.activitys.RankActivity]
03-14 03:52:10.959 1009 1724 I wm_set_resumed_activity: [0,com.qiyi.video/org.qiyi.android.video.activitys.RankActivity,minimalResumeActivityLocked]
03-14 03:52:10.961 1009 1183 I sysui_multi_action: [757,803,799,window_time_0,802,16]
03-14 03:52:11.008 5866 5866 I wm_on_create_called: [14788601,org.qiyi.android.video.activitys.RankActivity,performCreate]
03-14 03:52:11.011 5866 5866 I wm_on_start_called: [14788601,org.qiyi.android.video.activitys.RankActivity,handleStartActivity]
03-14 03:52:11.021 5866 5866 I wm_on_resume_called: [14788601,org.qiyi.android.video.activitys.RankActivity,RESUME_ACTIVITY]
03-14 03:52:11.024 5866 5866 I wm_on_top_resumed_gained_called: [14788601,org.qiyi.android.video.activitys.RankActivity,topStateChangedWhenResumed]
03-14 03:52:11.032 1009 1184 I input_focus: [Focus request 58bcab5 com.qiyi.video/org.qiyi.android.video.activitys.RankActivity,reason=UpdateInputWindows]
03-14 03:52:11.049 1009 1587 I input_focus: [Focus leaving 39cebab com.qiyi.video/com.qiyi.video.WelcomeActivity (server),reason=Waiting for window because NOT_VISIBLE]
03-14 03:52:11.055 1009 1180 I wm_activity_launch_time: [0,14788601,com.qiyi.video/org.qiyi.android.video.activitys.RankActivity,127]
03-14 03:52:11.067 1009 1587 I input_focus: [Focus entering 58bcab5 com.qiyi.video/org.qiyi.android.video.activitys.RankActivity (server),reason=Window became focusable. Previous reason: NOT_VISIBLE]
03-14 03:52:11.116 1009 1188 I am_pss : [2999,10091,com.android.providers.media.module,18284544,14929920,0,123535360,0,0,7]
03-14 03:52:11.123 1009 1188 I am_pss : [2962,10082,com.qualcomm.qti.qccnetstat,5938176,4370432,0,91930624,0,0,6]
03-14 03:52:11.131 1009 1188 I am_pss : [2970,10079,com.qualcomm.qti.workloadclassifier,8204288,6656000,0,93675520,0,0,6]
03-14 03:52:11.137 1009 1188 I am_pss : [2937,10054,.pasr,5142528,3637248,0,89616384,0,0,5]
03-14 03:52:11.143 1009 1188 I am_pss : [2946,10069,com.qualcomm.qti.services.systemhelper:systemhelper_service,6079488,4419584,0,94011392,0,0,5]
03-14 03:52:11.148 1009 1188 I am_pss : [2884,10057,ts.car.uart,5976064,4472832,0,90656768,0,0,5]
03-14 03:52:11.154 1009 1188 I am_pss : [2888,1000,com.hryt.hiphishowfsecontrol,14189568,12255232,0,106123264,0,0,5]
03-14 03:52:11.160 1009 1188 I am_pss : [2880,10083,com.hht.lebocast,40446976,31637504,0,127672320,0,0,5]
03-14 03:52:11.165 1009 1188 I am_pss : [2752,10070,com.qualcomm.location,9817088,7647232,0,102510592,0,0,4]
03-14 03:52:11.171 1009 1188 I am_pss : [3191,10061,com.qualcomm.qti.devicestatisticsservice,5117952,3608576,0,89468928,0,0,4]
03-14 03:52:11.207 5866 5866 I auditd : type=1400 audit(0.0:3301): avc: granted { execute } for comm="PlayerLoadLib" path="/data/data/com.qiyi.video/files/app/player/fullso/libs-5_0_98fa7262c3988dc2ec1a84f3bf3d8913_7767864_/libmctocurl.so" dev="dm-10" ino=9325 scontext=u:r:untrusted_app:s0:c102,c256,c512,c768 tcontext=u:object_r:app_data_file:s0:c102,c256,c512,c768 tclass=file app=com.qiyi.video
03-14 03:52:11.220 1009 1184 I input_focus: [Focus request 3d1cc16 com.qiyi.video/org.qiyi.android.video.activitys.RankActivity,reason=UpdateInputWindows]
03-14 03:52:11.223 5866 5866 I auditd : type=1400 audit(0.0:3302): avc: granted { execute } for comm="PlayerLoadLib" path="/data/data/com.qiyi.video/files/app/player/fullso/libs-5_0_98fa7262c3988dc2ec1a84f3bf3d8913_7767864_/libqtpclient.so" dev="dm-10" ino=9329 scontext=u:r:untrusted_app:s0:c102,c256,c512,c768 tcontext=u:object_r:app_data_file:s0:c102,c256,c512,c768 tclass=file app=com.qiyi.video
03-14 03:52:11.239 5866 5866 I auditd : type=1400 audit(0.0:3303): avc: granted { execute } for comm="PlayerLoadLib" path="/data/data/com.qiyi.video/files/app/player/fullso/libs-5_0_98fa7262c3988dc2ec1a84f3bf3d8913_7767864_/libcupid.so" dev="dm-10" ino=9334 scontext=u:r:untrusted_app:s0:c102,c256,c512,c768 tcontext=u:object_r:app_data_file:s0:c102,c256,c512,c768 tclass=file app=com.qiyi.video
03-14 03:52:11.249 1009 1587 I input_focus: [Focus entering 3d1cc16 com.qiyi.video/org.qiyi.android.video.activitys.RankActivity (server),reason=setFocusedWindow]
03-14 03:52:11.279 5866 5866 I auditd : type=1400 audit(0.0:3304): avc: denied { read } for comm="PlayerLoadLib" name="sdcard" dev="tmpfs" ino=3862 scontext=u:r:untrusted_app:s0:c102,c256,c512,c768 tcontext=u:object_r:mnt_sdcard_file:s0 tclass=lnk_file permissive=1 app=com.qiyi.video
03-14 03:52:11.327 5866 5866 I auditd : type=1400 audit(0.0:3305): avc: granted { execute } for comm="PlayerLoadLib" path="/data/data/com.qiyi.video/files/app/player/fullso/libs-5_0_98fa7262c3988dc2ec1a84f3bf3d8913_7767864_/libmcto_media_player.so" dev="dm-10" ino=9307 scontext=u:r:untrusted_app:s0:c102,c256,c512,c768 tcontext=u:object_r:app_data_file:s0:c102,c256,c512,c768 tclass=file app=com.qiyi.video
03-14 03:52:11.331 5866 5866 I auditd : type=1400 audit(0.0:3306): avc: denied { open } for comm="PlayerLoadLib" path="/proc/stat" dev="proc" ino=4026532236 scontext=u:r:untrusted_app:s0:c102,c256,c512,c768 tcontext=u:object_r:proc_stat:s0 tclass=file permissive=1 app=com.qiyi.video
03-14 03:52:11.331 5866 5866 I auditd : type=1400 audit(0.0:3307): avc: denied { open } for comm="PlayerLoadLib" path="/dev/__properties__/u:object_r:vendor_default_prop:s0" dev="tmpfs" ino=3509 scontext=u:r:untrusted_app:s0:c102,c256,c512,c768 tcontext=u:object_r:vendor_default_prop:s0 tclass=file permissive=1 app=com.qiyi.video
03-14 03:52:11.331 5866 5866 I auditd : type=1400 audit(0.0:3308): avc: denied { getattr } for comm="PlayerLoadLib" path="/dev/__properties__/u:object_r:vendor_default_prop:s0" dev="tmpfs" ino=3509 scontext=u:r:untrusted_app:s0:c102,c256,c512,c768 tcontext=u:object_r:vendor_default_prop:s0 tclass=file permissive=1 app=com.qiyi.video
01-01 08:01:40.037 0 0 W audit : audit_lost=4024 audit_rate_limit=5 audit_backlog_limit=64
01-01 08:01:40.037 0 0 E audit : rate limit exceeded
03-14 03:52:11.420 1009 1587 I input_interaction: Interaction with: 3d1cc16 com.qiyi.video/org.qiyi.android.video.activitys.RankActivity (server), edge-swipe (server), swipe-up (server), PointerEventDispatcher0 (server),
03-14 03:52:11.962 1009 1661 I netstats_mobile_sample: [0,0,0,0,0,0,0,0,0,0,0,0,1678737131962]
03-14 03:52:11.962 1009 1661 I netstats_wifi_sample: [9532279,15354,2213861,13578,9532279,15354,2213861,13578,3230513,8575,1823093,10152,1678737131962]
03-14 03:52:12.463 5866 5866 I auditd : type=1400 audit(0.0:3316): avc: denied { open } for comm="HCDN_DownloadEn" path="/proc/stat" dev="proc" ino=4026532236 scontext=u:r:untrusted_app:s0:c102,c256,c512,c768 tcontext=u:object_r:proc_stat:s0 tclass=file permissive=1 app=com.qiyi.video
03-14 03:52:12.463 5866 5866 I auditd : type=1400 audit(0.0:3317): avc: denied { getattr } for comm="HCDN_DownloadEn" path="/proc/stat" dev="proc" ino=4026532236 scontext=u:r:untrusted_app:s0:c102,c256,c512,c768 tcontext=u:object_r:proc_stat:s0 tclass=file permissive=1 app=com.qiyi.video
01-01 08:01:41.682 0 0 W perfetto: disabled ftrace
03-14 03:52:13.375 1009 3054 I wm_finish_activity: [0,61248223,129,com.qiyi.video/.WelcomeActivity,finish-activity]
03-14 03:52:13.377 1009 3054 I wm_destroy_activity: [0,61248223,129,com.qiyi.video/.WelcomeActivity,finish-imm:finishIfPossible]
03-14 03:52:13.384 1009 3054 I wm_finish_activity: [0,14788601,129,com.qiyi.video/org.qiyi.android.video.activitys.RankActivity,finish-activity]
03-14 03:52:13.384 1009 3054 I wm_task_moved: [1,1,6]
03-14 03:52:13.385 1009 3054 I wm_set_resumed_activity: [0,com.android.launcher3/.uioverrides.QuickstepLauncher,positionChildAt]
03-14 03:52:13.385 1009 3054 I wm_task_moved: [127,1,2147483647]
03-14 03:52:13.385 1009 3054 I wm_task_to_front: [0,127]
03-14 03:52:13.385 1009 3054 I wm_focused_root_task: [0,0,1,-1,finish-top adjustFocusToNextFocusableTask]
03-14 03:52:13.385 1009 3054 I wm_set_resumed_activity: [0,com.android.launcher3/.uioverrides.QuickstepLauncher,finish-top]
03-14 03:52:13.387 1009 3054 I wm_pause_activity: [0,14788601,com.qiyi.video/org.qiyi.android.video.activitys.RankActivity,userLeaving=false,finish]
03-14 03:52:13.389 1009 1184 I input_focus: [Focus request b68d17 com.android.launcher3/com.android.launcher3.uioverrides.QuickstepLauncher,reason=UpdateInputWindows]
03-14 03:52:13.391 1009 1587 I input_focus: [Focus leaving 3d1cc16 com.qiyi.video/org.qiyi.android.video.activitys.RankActivity (server),reason=NOT_VISIBLE]
03-14 03:52:13.397 1009 1183 I sysui_multi_action: [757,803,799,window_time_2,802,2]
03-14 03:52:13.410 1009 1587 I input_focus: [Focus entering b68d17 com.android.launcher3/com.android.launcher3.uioverrides.QuickstepLauncher (server),reason=setFocusedWindow]
03-14 03:52:13.433 5866 5866 I wm_on_stop_called: [61248223,com.qiyi.video.WelcomeActivity,LIFECYCLER_STOP_ACTIVITY]
03-14 03:52:13.464 5866 5866 I wm_on_destroy_called: [61248223,com.qiyi.video.WelcomeActivity,performDestroy]
03-14 03:52:13.470 5866 5866 I wm_on_top_resumed_lost_called: [14788601,org.qiyi.android.video.activitys.RankActivity,topStateChangedWhenResumed]
03-14 03:52:13.472 2625 2625 I wm_on_top_resumed_gained_called: [196755772,com.android.launcher3.uioverrides.QuickstepLauncher,topStateChangedWhenResumed]
03-14 03:52:13.476 5866 5866 I wm_on_paused_called: [14788601,org.qiyi.android.video.activitys.RankActivity,performPause]
03-14 03:52:13.476 1009 2156 I wm_destroy_activity: [0,14788601,129,com.qiyi.video/org.qiyi.android.video.activitys.RankActivity,finish-imm:completePausedLocked]
03-14 03:52:13.479 1009 1183 I sysui_multi_action: [757,803,799,window_time_0,802,0]
03-14 03:52:13.528 1009 1195 I am_proc_start: [0,6881,10102,com.qiyi.video:downloader,service,{com.qiyi.video/com.iqiyi.video.download.QiyiDownloadCenterService}]
01-01 08:01:42.245 0 0 I binder : 6881:6881 ioctl 40046210 ffaa2348 returned -22
03-14 03:52:13.546 1009 3052 I am_proc_bound: [0,6881,com.qiyi.video:downloader]
03-14 03:52:13.555 5866 5866 I wm_on_stop_called: [14788601,org.qiyi.android.video.activitys.RankActivity,LIFECYCLER_STOP_ACTIVITY]
03-14 03:52:13.574 5866 5866 I wm_on_destroy_called: [14788601,org.qiyi.android.video.activitys.RankActivity,performDestroy]
03-14 03:52:13.587 1009 3054 I wm_task_removed: [129,removeChild:removeChild last r=ActivityRecord{e1a7f9 u0 com.qiyi.video/org.qiyi.android.video.activitys.RankActivity t-1 f}} in t=Task{1f3e339 #129 type=standard A=10102:com.qiyi.video U=0 visible=false mode=freeform translucent=true sz=0}]
03-14 03:52:13.587 1009 3054 I wm_task_removed: [129,removeChild]
03-14 03:52:13.819 1009 1661 I netstats_mobile_sample: [0,0,0,0,0,0,0,0,0,0,0,0,1678737133819]
03-14 03:52:13.820 1009 1661 I netstats_wifi_sample: [13261639,18213,2333349,15108,13261639,18213,2333349,15108,6953950,11498,1935640,11638,1678737133819]
03-14 03:52:13.972 1009 1587 I input_interaction: Interaction with: b68d17 com.android.launcher3/com.android.launcher3.uioverrides.QuickstepLauncher (server), 8c59581 com.android.systemui.ImageWallpaper (server), edge-swipe (server), swipe-up (server), PointerEventDispatcher0 (server),
03-14 03:52:14.071 6881 6881 I auditd : type=1400 audit(0.0:3318): avc: granted { execute } for comm="ideo:downloader" path="/data/data/com.qiyi.video/files/app/player/fullso/libs-5_0_98fa7262c3988dc2ec1a84f3bf3d8913_7767864_/libmctocurl.so" dev="dm-10" ino=9325 scontext=u:r:untrusted_app:s0:c102,c256,c512,c768 tcontext=u:object_r:app_data_file:s0:c102,c256,c512,c768 tclass=file app=com.qiyi.video
03-14 03:52:14.075 6881 6881 I auditd : type=1400 audit(0.0:3319): avc: granted { execute } for comm="ideo:downloader" path="/data/data/com.qiyi.video/files/app/player/fullso/libs-5_0_98fa7262c3988dc2ec1a84f3bf3d8913_7767864_/libcupid.so" dev="dm-10" ino=9334 scontext=u:r:untrusted_app:s0:c102,c256,c512,c768 tcontext=u:object_r:app_data_file:s0:c102,c256,c512,c768 tclass=file app=com.qiyi.video
01-01 08:01:42.803 0 0 E DTC_ETH,link_delay_work_func: 3003, SQI=0, link=0
03-14 03:52:14.139 6881 6881 I auditd : type=1400 audit(0.0:3320): avc: denied { read } for comm="ideo:downloader" name="sdcard" dev="tmpfs" ino=3862 scontext=u:r:untrusted_app:s0:c102,c256,c512,c768 tcontext=u:object_r:mnt_sdcard_file:s0 tclass=lnk_file permissive=1 app=com.qiyi.video
03-14 03:52:14.179 6881 6881 I auditd : type=1400 audit(0.0:3321): avc: granted { execute } for comm="ideo:downloader" path="/data/data/com.qiyi.video/files/app/player/fullso/libs-6_0_54f7e08d3fc5c42c44c4e157649baf98_6871507_/libCube.so" dev="dm-10" ino=8923 scontext=u:r:untrusted_app:s0:c102,c256,c512,c768 tcontext=u:object_r:app_data_file:s0:c102,c256,c512,c768 tclass=file app=com.qiyi.video
03-14 03:52:14.215 6881 6881 I auditd : type=1400 audit(0.0:3322): avc: granted { execute } for comm="ideo:downloader" path="/data/data/com.qiyi.video/files/app/player/fullso/libs-6_0_54f7e08d3fc5c42c44c4e157649baf98_6871507_/libHCDNClientNet.so" dev="dm-10" ino=8913 scontext=u:r:untrusted_app:s0:c102,c256,c512,c768 tcontext=u:object_r:app_data_file:s0:c102,c256,c512,c768 tclass=file app=com.qiyi.video
01-01 08:01:43.626 0 0 I : boot log copy done
03-14 03:52:14.967 0 0 I auditd : type=1400 audit(0.0:3323): avc: denied { kill } for comm="swapper/1" capability=5 scontext=u:r:kernel:s0 tcontext=u:r:kernel:s0 tclass=capability permissive=1
03-14 03:52:15.575 1009 3054 I wm_task_created: [130,-1]
03-14 03:52:15.578 1009 3054 I wm_task_moved: [130,1,6]
03-14 03:52:15.578 1009 3054 I wm_task_to_front: [0,130]
03-14 03:52:15.579 1009 3054 I wm_create_task: [0,130]
03-14 03:52:15.579 1009 3054 I wm_create_activity: [0,173907843,130,com.qiyi.video/.WelcomeActivity,android.intent.action.MAIN,NULL,NULL,270532608]
03-14 03:52:15.579 1009 3054 I wm_task_moved: [130,1,6]
03-14 03:52:15.580 1009 3054 I wm_restart_activity: [0,173907843,130,com.qiyi.video/.WelcomeActivity]
03-14 03:52:15.580 1009 3054 I wm_set_resumed_activity: [0,com.qiyi.video/.WelcomeActivity,minimalResumeActivityLocked]
03-14 03:52:15.584 2625 2625 I wm_on_top_resumed_lost_called: [196755772,com.android.launcher3.uioverrides.QuickstepLauncher,topStateChangedWhenResumed]
03-14 03:52:15.602 5866 5866 I wm_on_create_called: [173907843,com.qiyi.video.WelcomeActivity,performCreate]
03-14 03:52:15.649 5866 5866 I wm_on_start_called: [173907843,com.qiyi.video.WelcomeActivity,handleStartActivity]
03-14 03:52:15.663 5866 5866 I wm_on_resume_called: [173907843,com.qiyi.video.WelcomeActivity,RESUME_ACTIVITY]
03-14 03:52:15.714 5866 5866 I wm_on_top_resumed_gained_called: [173907843,com.qiyi.video.WelcomeActivity,topStateChangedWhenResumed]
03-14 03:52:15.773 1009 1184 I input_focus: [Focus request 216b9c4 com.qiyi.video/com.qiyi.video.WelcomeActivity,reason=UpdateInputWindows]
03-14 03:52:15.794 1009 1587 I input_focus: [Focus leaving b68d17 com.android.launcher3/com.android.launcher3.uioverrides.QuickstepLauncher (server),reason=Waiting for window because NOT_VISIBLE]
03-14 03:52:15.876 1009 1180 I sysui_multi_action: [319,301,322,300,325,102,757,761,758,8,759,2,806,com.qiyi.video,871,com.qiyi.video.WelcomeActivity,904,com.android.launcher3,905,0,1320,4,1321,4]
03-14 03:52:15.876 1009 1180 I wm_activity_launch_time: [0,173907843,com.qiyi.video/.WelcomeActivity,300]
03-14 03:52:15.878 1009 1587 I input_focus: [Focus entering 216b9c4 com.qiyi.video/com.qiyi.video.WelcomeActivity (server),reason=Window became focusable. Previous reason: NOT_VISIBLE]
03-14 03:52:15.935 1009 1188 I am_pss : [4977,10033,com.microsoft.emmx,171352064,130232320,0,341528576,0,18,12]
03-14 03:52:15.944 1009 1188 I am_pss : [5114,10033,com.microsoft.emmx:privileged_process0,63319040,27901952,0,202600448,0,19,7]
03-14 03:52:15.951 1009 1188 I am_pss : [4049,10093,com.tencent.mtt:service,76883968,24715264,0,208900096,0,10,7]
03-14 03:52:15.960 1009 1188 I am_pss : [4229,10093,com.tencent.mtt,86323200,33095680,0,222818304,0,10,7]
03-14 03:52:16.061 1009 1194 I am_uid_idle: 10018
03-14 03:52:16.709 1009 1587 I input_interaction: Interaction with: 216b9c4 com.qiyi.video/com.qiyi.video.WelcomeActivity (server), edge-swipe (server), swipe-up (server), PointerEventDispatcher0 (server),
03-14 03:52:17.936 1009 1009 I service_manager_stats: [100,51,33864]
03-14 03:52:17.945 1009 1194 I am_uid_idle: 10063
03-14 03:52:18.427 6881 6881 I auditd : type=1400 audit(0.0:3324): avc: denied { open } for comm="HCDN_DownloadEn" path="/proc/stat" dev="proc" ino=4026532236 scontext=u:r:untrusted_app:s0:c102,c256,c512,c768 tcontext=u:object_r:proc_stat:s0 tclass=file permissive=1 app=com.qiyi.video
03-14 03:52:18.427 6881 6881 I auditd : type=1400 audit(0.0:3325): avc: denied { getattr } for comm="HCDN_DownloadEn" path="/proc/stat" dev="proc" ino=4026532236 scontext=u:r:untrusted_app:s0:c102,c256,c512,c768 tcontext=u:object_r:proc_stat:s0 tclass=file permissive=1 app=com.qiyi.video
01-01 08:01:47.923 0 0 E DTC_ETH,link_delay_work_func: 3003, SQI=0, link=0
03-14 03:52:19.323 6881 6881 I auditd : type=1400 audit(0.0:3326): avc: denied { read } for comm="ideo:downloader" name="sdcard" dev="tmpfs" ino=3862 scontext=u:r:untrusted_app:s0:c102,c256,c512,c768 tcontext=u:object_r:mnt_sdcard_file:s0 tclass=lnk_file permissive=1 app=com.qiyi.video
03-14 03:52:19.467 1009 2192 I wm_finish_activity: [0,173907843,130,com.qiyi.video/.WelcomeActivity,finish-activity]
03-14 03:52:19.468 1009 2192 I wm_task_moved: [1,1,6]
03-14 03:52:19.468 1009 2192 I wm_set_resumed_activity: [0,com.android.launcher3/.uioverrides.QuickstepLauncher,positionChildAt]
03-14 03:52:19.468 1009 2192 I wm_task_moved: [127,1,2147483647]
03-14 03:52:19.468 1009 2192 I wm_task_to_front: [0,127]
03-14 03:52:19.468 1009 2192 I wm_focused_root_task: [0,0,1,-1,finish-top adjustFocusToNextFocusableTask]
03-14 03:52:19.468 1009 2192 I wm_set_resumed_activity: [0,com.android.launcher3/.uioverrides.QuickstepLauncher,finish-top]
03-14 03:52:19.469 1009 2192 I wm_pause_activity: [0,173907843,com.qiyi.video/.WelcomeActivity,userLeaving=false,finish]
03-14 03:52:19.472 1009 1587 I input_focus: [Focus leaving 216b9c4 com.qiyi.video/com.qiyi.video.WelcomeActivity (server),reason=NOT_VISIBLE]
03-14 03:52:19.473 1009 1184 I input_focus: [Focus request b68d17 com.android.launcher3/com.android.launcher3.uioverrides.QuickstepLauncher,reason=UpdateInputWindows]
03-14 03:52:19.482 1009 1183 I sysui_multi_action: [757,803,799,window_time_0,802,6]
03-14 03:52:19.488 1009 1587 I input_focus: [Focus entering b68d17 com.android.launcher3/com.android.launcher3.uioverrides.QuickstepLauncher (server),reason=setFocusedWindow]
03-14 03:52:19.494 5866 5866 I wm_on_top_resumed_lost_called: [173907843,com.qiyi.video.WelcomeActivity,topStateChangedWhenResumed]
03-14 03:52:19.496 2625 2625 I wm_on_top_resumed_gained_called: [196755772,com.android.launcher3.uioverrides.QuickstepLauncher,topStateChangedWhenResumed]
03-14 03:52:19.510 5866 5866 I wm_on_paused_called: [173907843,com.qiyi.video.WelcomeActivity,performPause]
03-14 03:52:19.512 1009 3054 I wm_destroy_activity: [0,173907843,130,com.qiyi.video/.WelcomeActivity,finish-imm:completePausedLocked]
03-14 03:52:19.518 1009 1183 I sysui_multi_action: [757,803,799,window_time_0,802,0]
03-14 03:52:19.550 1009 1182 I commit_sys_config_file: [notification-policy,75694]
03-14 03:52:19.559 5866 5866 I wm_on_stop_called: [173907843,com.qiyi.video.WelcomeActivity,LIFECYCLER_STOP_ACTIVITY]
03-14 03:52:19.596 5866 5866 I wm_on_destroy_called: [173907843,com.qiyi.video.WelcomeActivity,performDestroy]
03-14 03:52:19.602 1009 3052 I wm_task_removed: [130,removeChild:removeChild last r=ActivityRecord{a5d9f83 u0 com.qiyi.video/.WelcomeActivity t-1 f}} in t=Task{47fd632 #130 type=standard A=10102:com.qiyi.video U=0 visible=false mode=freeform translucent=true sz=0}]
03-14 03:52:19.602 1009 3052 I wm_task_removed: [130,removeChild]
03-14 03:52:20.067 1009 1587 I input_interaction: Interaction with: b68d17 com.android.launcher3/com.android.launcher3.uioverrides.QuickstepLauncher (server), 8c59581 com.android.systemui.ImageWallpaper (server), edge-swipe (server), swipe-up (server), PointerEventDispatcher0 (server),
03-14 03:52:20.210 1009 3052 I wm_task_created: [131,-1]
03-14 03:52:20.213 1009 3052 I wm_task_moved: [131,1,6]
03-14 03:52:20.213 1009 3052 I wm_task_to_front: [0,131]
03-14 03:52:20.213 1009 3052 I wm_create_task: [0,131]
03-14 03:52:20.213 1009 3052 I wm_create_activity: [0,201328451,131,com.android.documentsui/.LauncherActivity,android.intent.action.MAIN,NULL,NULL,270532608]
03-14 03:52:20.213 1009 3052 I wm_task_moved: [131,1,6]
03-14 03:52:20.214 1009 3052 I wm_pause_activity: [0,196755772,com.android.launcher3/.uioverrides.QuickstepLauncher,userLeaving=true,pauseBackTasks]
03-14 03:52:20.216 1009 1183 I am_uid_running: 10023
03-14 03:52:20.217 2625 2625 I wm_on_top_resumed_lost_called: [196755772,com.android.launcher3.uioverrides.QuickstepLauncher,topStateChangedWhenResumed]
03-14 03:52:20.217 2625 2625 I wm_on_paused_called: [196755772,com.android.launcher3.uioverrides.QuickstepLauncher,performPause]
03-14 03:52:20.220 1009 1183 I sysui_multi_action: [757,803,799,window_time_0,802,1]
03-14 03:52:20.222 1009 1195 I am_proc_start: [0,7223,10023,com.android.documentsui,pre-top-activity,{com.android.documentsui/com.android.documentsui.LauncherActivity}]
01-01 08:01:48.928 0 0 W perfetto: enabled ftrace
01-01 08:01:48.934 0 0 I binder : 7223:7223 ioctl 40046210 7fd9aef714 returned -22
03-14 03:52:20.234 1009 1037 I am_proc_bound: [0,7223,com.android.documentsui]
03-14 03:52:20.236 1009 1037 I wm_restart_activity: [0,201328451,131,com.android.documentsui/.LauncherActivity]
03-14 03:52:20.237 1009 1037 I wm_set_resumed_activity: [0,com.android.documentsui/.LauncherActivity,minimalResumeActivityLocked]
03-14 03:52:20.238 1009 1183 I am_uid_active: 10023
03-14 03:52:20.242 1009 1037 I am_uid_active: 10063
03-14 03:52:20.261 1009 3052 I am_uid_active: 10028
03-14 03:52:20.276 1009 3052 I wm_task_created: [132,-1]
03-14 03:52:20.279 1009 3052 I wm_task_moved: [132,1,7]
03-14 03:52:20.279 1009 3052 I wm_task_to_front: [0,132]
03-14 03:52:20.279 1009 3052 I wm_create_task: [0,132]
03-14 03:52:20.279 1009 3052 I wm_create_activity: [0,264921891,132,com.android.documentsui/.files.FilesActivity,NULL,NULL,//com.android.documentsui.launchControl,271056896]
03-14 03:52:20.279 1009 3052 I wm_task_moved: [132,1,7]
03-14 03:52:20.280 1009 3052 I wm_pause_activity: [0,201328451,com.android.documentsui/.LauncherActivity,userLeaving=true,pauseBackTasks]
03-14 03:52:20.282 1009 3052 I wm_finish_activity: [0,201328451,131,com.android.documentsui/.LauncherActivity,app-request]
03-14 03:52:20.283 7223 7223 I wm_on_create_called: [201328451,com.android.documentsui.LauncherActivity,performCreate]
03-14 03:52:20.287 1009 3054 I wm_add_to_stopping: [0,201328451,com.android.documentsui/.LauncherActivity,completeFinishing]
03-14 03:52:20.287 1009 3054 I wm_add_to_stopping: [0,196755772,com.android.launcher3/.uioverrides.QuickstepLauncher,makeInvisible]
03-14 03:52:20.288 1009 3054 I wm_restart_activity: [0,264921891,132,com.android.documentsui/.files.FilesActivity]
03-14 03:52:20.288 1009 3054 I wm_set_resumed_activity: [0,com.android.documentsui/.files.FilesActivity,minimalResumeActivityLocked]
03-14 03:52:20.290 1009 1183 I wm_destroy_activity: [0,201328451,131,com.android.documentsui/.LauncherActivity,finish-imm:idle]
03-14 03:52:20.292 1009 1183 I sysui_multi_action: [757,803,799,window_time_0,802,0]
03-14 03:52:20.323 1009 1587 I input_focus: [Focus leaving b68d17 com.android.launcher3/com.android.launcher3.uioverrides.QuickstepLauncher (server),reason=NO_WINDOW]
03-14 03:52:20.343 7223 7223 I wm_on_create_called: [264921891,com.android.documentsui.files.FilesActivity,performCreate]
03-14 03:52:20.345 7223 7223 I wm_on_start_called: [264921891,com.android.documentsui.files.FilesActivity,handleStartActivity]
03-14 03:52:20.346 7223 7223 I wm_on_resume_called: [264921891,com.android.documentsui.files.FilesActivity,RESUME_ACTIVITY]
03-14 03:52:20.350 7223 7223 I wm_on_top_resumed_gained_called: [264921891,com.android.documentsui.files.FilesActivity,topStateChangedWhenResumed]
03-14 03:52:20.351 7223 7223 I wm_on_destroy_called: [201328451,com.android.documentsui.LauncherActivity,performDestroy]
03-14 03:52:20.351 1009 3052 I wm_task_removed: [131,removeChild:removeChild last r=ActivityRecord{c000743 u0 com.android.documentsui/.LauncherActivity t-1 f}} in t=Task{4c7139b #131 type=standard A=10023:com.android.documentsui U=0 visible=false mode=fullscreen translucent=true sz=0}]
03-14 03:52:20.351 1009 3052 I wm_task_removed: [131,removeChild]
03-14 03:52:20.364 1009 1184 I input_focus: [Focus request 192705 com.android.documentsui/com.android.documentsui.files.FilesActivity,reason=UpdateInputWindows]
01-01 08:01:49.080 0 0 I binder : 7223:7249 ioctl 40046210 6ea0e021f4 returned -22
03-14 03:52:20.394 1009 1180 I sysui_multi_action: [319,114,321,112,322,188,325,106,757,761,758,7,759,1,806,com.android.documentsui,871,com.android.documentsui.files.FilesActivity,904,com.android.documentsui,905,0,945,32,1320,4,1321,1]
03-14 03:52:20.395 1009 1180 I wm_activity_launch_time: [0,264921891,com.android.documentsui/.files.FilesActivity,188]
03-14 03:52:20.405 1009 1587 I input_focus: [Focus entering 192705 com.android.documentsui/com.android.documentsui.files.FilesActivity (server),reason=Window became focusable. Previous reason: NOT_VISIBLE]
03-14 03:52:20.423 6881 6881 I auditd : type=1400 audit(0.0:3327): avc: denied { open } for comm="HCDN_DownloadEn" path="/proc/stat" dev="proc" ino=4026532236 scontext=u:r:untrusted_app:s0:c102,c256,c512,c768 tcontext=u:object_r:proc_stat:s0 tclass=file permissive=1 app=com.qiyi.video
03-14 03:52:20.423 6881 6881 I auditd : type=1400 audit(0.0:3328): avc: denied { getattr } for comm="HCDN_DownloadEn" path="/proc/stat" dev="proc" ino=4026532236 scontext=u:r:untrusted_app:s0:c102,c256,c512,c768 tcontext=u:object_r:proc_stat:s0 tclass=file permissive=1 app=com.qiyi.video
03-14 03:52:20.858 1009 1183 I wm_stop_activity: [0,196755772,com.android.launcher3/.uioverrides.QuickstepLauncher]
03-14 03:52:20.875 2625 2625 I wm_on_stop_called: [196755772,com.android.launcher3.uioverrides.QuickstepLauncher,STOP_ACTIVITY_ITEM]
03-14 03:52:20.967 0 0 I auditd : type=1400 audit(0.0:3329): avc: denied { kill } for comm="swapper/0" capability=5 scontext=u:r:kernel:s0 tcontext=u:r:kernel:s0 tclass=capability permissive=1
03-14 03:52:21.493 1009 1587 I input_interaction: Interaction with: 192705 com.android.documentsui/com.android.documentsui.files.FilesActivity (server), edge-swipe (server), swipe-up (server), PointerEventDispatcher0 (server),
01-01 08:01:53.045 0 0 E DTC_ETH,link_delay_work_func: 3003, SQI=0, link=0
03-14 03:52:24.467 1009 3052 I wm_task_moved: [132,1,6]
03-14 03:52:24.467 1009 3052 I wm_set_resumed_activity: [0,com.android.documentsui/.files.FilesActivity,positionChildAt]
03-14 03:52:24.468 1009 3052 I wm_create_activity: [0,155607933,132,android/com.android.internal.app.ResolverActivity,android.intent.action.VIEW,audio/mpeg,content://com.android.externalstorage.documents/document/primary:1111.mp3,545259523]
03-14 03:52:24.469 1009 3052 I wm_pause_activity: [0,264921891,com.android.documentsui/.files.FilesActivity,userLeaving=true,resumeTopActivityInnerLocked]
03-14 03:52:24.474 7223 7223 I wm_on_top_resumed_lost_called: [264921891,com.android.documentsui.files.FilesActivity,topStateChangedWhenResumed]
03-14 03:52:24.474 7223 7223 I wm_on_paused_called: [264921891,com.android.documentsui.files.FilesActivity,performPause]
03-14 03:52:24.476 1009 1183 I sysui_multi_action: [757,803,799,window_time_0,802,4]
03-14 03:52:24.478 1009 1195 I am_proc_start: [0,7362,1000,system:ui,pre-top-activity,{android/com.android.internal.app.ResolverActivity}]
03-14 03:52:24.487 1009 3052 I am_proc_bound: [0,7362,system:ui]
01-01 08:01:53.187 0 0 I binder : 7362:7362 ioctl 40046210 7fd9aef714 returned -22
03-14 03:52:24.490 1009 3052 I wm_restart_activity: [0,155607933,132,android/com.android.internal.app.ResolverActivity]
03-14 03:52:24.490 1009 3052 I wm_set_resumed_activity: [0,android/com.android.internal.app.ResolverActivity,minimalResumeActivityLocked]
03-14 03:52:24.514 7362 7362 I sysui_multi_action: [757,453,758,4,806,android.intent.action.VIEW:audio/mpeg:]
03-14 03:52:24.514 7362 7362 I wm_on_create_called: [155607933,com.android.internal.app.ResolverActivity,performCreate]
03-14 03:52:24.516 7362 7362 I wm_on_start_called: [155607933,com.android.internal.app.ResolverActivity,handleStartActivity]
03-14 03:52:24.516 7362 7362 I wm_on_resume_called: [155607933,com.android.internal.app.ResolverActivity,RESUME_ACTIVITY]
03-14 03:52:24.519 7362 7362 I wm_on_top_resumed_gained_called: [155607933,com.android.internal.app.ResolverActivity,topStateChangedWhenResumed]
03-14 03:52:24.538 1009 1184 I input_focus: [Focus request ea233e9 android/com.android.internal.app.ResolverActivity,reason=UpdateInputWindows]
01-01 08:01:53.241 0 0 I binder : 7362:7362 ioctl 40046210 7fd9aeeb54 returned -22
03-14 03:52:24.548 1009 1587 I input_focus: [Focus leaving 192705 com.android.documentsui/com.android.documentsui.files.FilesActivity (server),reason=Waiting for window because NOT_VISIBLE]
03-14 03:52:24.550 1009 1180 I sysui_multi_action: [319,86,322,86,325,110,757,761,758,7,759,2,806,android,871,com.android.internal.app.ResolverActivity,904,com.android.documentsui,905,0,945,28,1320,12,1321,1]
03-14 03:52:24.551 1009 1180 I wm_activity_launch_time: [0,155607933,android/com.android.internal.app.ResolverActivity,86]
03-14 03:52:24.563 6881 6881 I auditd : type=1400 audit(0.0:3330): avc: denied { open } for comm="HCDN_DownloadEn" path="/proc/stat" dev="proc" ino=4026532236 scontext=u:r:untrusted_app:s0:c102,c256,c512,c768 tcontext=u:object_r:proc_stat:s0 tclass=file permissive=1 app=com.qiyi.video
03-14 03:52:24.563 6881 6881 I auditd : type=1400 audit(0.0:3331): avc: denied { getattr } for comm="HCDN_DownloadEn" path="/proc/stat" dev="proc" ino=4026532236 scontext=u:r:untrusted_app:s0:c102,c256,c512,c768 tcontext=u:object_r:proc_stat:s0 tclass=file permissive=1 app=com.qiyi.video
03-14 03:52:24.565 1009 1587 I input_focus: [Focus entering ea233e9 android/com.android.internal.app.ResolverActivity (server),reason=Window became focusable. Previous reason: NOT_VISIBLE]
03-14 03:52:24.845 1009 1661 I netstats_mobile_sample: [0,0,0,0,0,0,0,0,0,0,0,0,1678737144845]
03-14 03:52:24.846 1009 1661 I netstats_wifi_sample: [14867670,20118,2712965,17072,14867670,20118,2712965,17072,8567493,13718,2271418,13412,1678737144845]
03-14 03:52:24.967 0 0 I auditd : type=1400 audit(0.0:3332): avc: denied { kill } for comm="swapper/3" capability=5 scontext=u:r:kernel:s0 tcontext=u:r:kernel:s0 tclass=capability permissive=1
03-14 03:52:26.006 1009 1587 I input_interaction: Interaction with: ea233e9 android/com.android.internal.app.ResolverActivity (server), edge-swipe (server), swipe-up (server), PointerEventDispatcher0 (server),
03-14 03:52:26.591 6881 6881 I auditd : type=1400 audit(0.0:3333): avc: denied { open } for comm="HCDN_DownloadEn" path="/proc/stat" dev="proc" ino=4026532236 scontext=u:r:untrusted_app:s0:c102,c256,c512,c768 tcontext=u:object_r:proc_stat:s0 tclass=file permissive=1 app=com.qiyi.video
03-14 03:52:26.591 6881 6881 I auditd : type=1400 audit(0.0:3334): avc: denied { getattr } for comm="HCDN_DownloadEn" path="/proc/stat" dev="proc" ino=4026532236 scontext=u:r:untrusted_app:s0:c102,c256,c512,c768 tcontext=u:object_r:proc_stat:s0 tclass=file permissive=1 app=com.qiyi.video
03-14 03:52:26.950 1009 1194 I am_uid_idle: 10021
03-14 03:52:28.525 1009 1037 I wm_task_moved: [132,1,6]
03-14 03:52:28.526 1009 1037 I wm_set_resumed_activity: [0,android/com.android.internal.app.ResolverActivity,positionChildAt]
03-14 03:52:28.526 1009 1037 I wm_create_activity: [0,114547401,132,com.android.music/.AudioPreview,android.intent.action.VIEW,audio/mpeg,content://com.android.externalstorage.documents/document/primary:1111.mp3,595591171]
03-14 03:52:28.528 1009 1037 I wm_pause_activity: [0,155607933,android/com.android.internal.app.ResolverActivity,userLeaving=true,resumeTopActivityInnerLocked]
03-14 03:52:28.529 7362 7362 I sysui_multi_action: [757,455,758,4]
03-14 03:52:28.529 7362 7362 I sysui_multi_action: [757,454,758,4]
03-14 03:52:28.530 1009 1037 I wm_finish_activity: [0,155607933,132,android/com.android.internal.app.ResolverActivity,app-request]
03-14 03:52:28.545 7362 7362 I wm_on_top_resumed_lost_called: [155607933,com.android.internal.app.ResolverActivity,topStateChangedWhenResumed]
03-14 03:52:28.545 7362 7362 I wm_on_paused_called: [155607933,com.android.internal.app.ResolverActivity,performPause]
03-14 03:52:28.545 1009 1037 I wm_add_to_stopping: [0,155607933,android/com.android.internal.app.ResolverActivity,completeFinishing]
03-14 03:52:28.546 1009 1037 I wm_restart_activity: [0,114547401,132,com.android.music/.AudioPreview]
03-14 03:52:28.547 1009 1037 I wm_set_resumed_activity: [0,com.android.music/.AudioPreview,minimalResumeActivityLocked]
03-14 03:52:28.548 1009 1183 I sysui_multi_action: [757,803,799,window_time_0,802,5]
03-14 03:52:28.574 1009 1587 I input_focus: [Focus leaving ea233e9 android/com.android.internal.app.ResolverActivity (server),reason=NO_WINDOW]
03-14 03:52:28.577 3708 3708 I wm_on_create_called: [114547401,com.android.music.AudioPreview,performCreate]
03-14 03:52:28.578 3708 3708 I wm_on_start_called: [114547401,com.android.music.AudioPreview,handleStartActivity]
03-14 03:52:28.579 3708 3708 I wm_on_resume_called: [114547401,com.android.music.AudioPreview,RESUME_ACTIVITY]
03-14 03:52:28.583 3708 3708 I wm_on_top_resumed_gained_called: [114547401,com.android.music.AudioPreview,topStateChangedWhenResumed]
03-14 03:52:28.593 1009 1184 I input_focus: [Focus request 4b70e7e com.android.music/com.android.music.AudioPreview,reason=UpdateInputWindows]
01-01 08:01:57.306 0 0 I binder : 3708:7446 ioctl 40046210 6f09ef61f4 returned -22
03-14 03:52:28.629 1009 1183 I wm_destroy_activity: [0,155607933,132,android/com.android.internal.app.ResolverActivity,finish-imm:transit]
