01-01 08:18:36.563 0 0 E DTC_ETH,link_delay_work_func: 3003, SQI=0, link=0
03-14 04:09:08.455 1009 1038 W FreeFormWindowHelper: Current Display FreeFormTask is Task{f42457d #148 type=standard A=10086:android.task.music U=0 visible=false mode=freeform translucent=true sz=1}
03-14 04:09:08.460 1009 1038 W FreeFormWindowHelper: Current Display FreeFormTask is Task{f42457d #148 type=standard A=10086:android.task.music U=0 visible=false mode=freeform translucent=true sz=1}
03-14 04:09:08.461 1009 1038 W FreeFormWindowHelper: Current Display FreeFormTask is Task{f42457d #148 type=standard A=10086:android.task.music U=0 visible=false mode=freeform translucent=true sz=1}
03-14 04:09:08.468 1009 2178 W FreeFormWindowHelper: Current Display FreeFormTask is Task{f42457d #148 type=standard A=10086:android.task.music U=0 visible=false mode=freeform translucent=true sz=1}
03-14 04:09:08.468 1009 1038 I wm_task_moved: [1,0,0]
03-14 04:09:08.468 1009 1038 I wm_task_moved: [1,0,8]
03-14 04:09:08.470 1009 2178 W FreeFormWindowHelper: Current Display FreeFormTask is Task{f42457d #148 type=standard A=10086:android.task.music U=0 visible=false mode=freeform translucent=true sz=1}
03-14 04:09:08.471 1009 2178 W FreeFormWindowHelper: Current Display FreeFormTask is Task{f42457d #148 type=standard A=10086:android.task.music U=0 visible=false mode=freeform translucent=true sz=1}
03-14 04:09:08.473 1009 1038 W WindowManager: updateScale : 0.79357797
03-14 04:09:08.475 1009 2178 W FreeFormWindowHelper: Current Display FreeFormTask is Task{f42457d #148 type=standard A=10086:android.task.music U=0 visible=false mode=freeform translucent=true sz=1}
03-14 04:09:08.475 1009 2178 W FreeFormWindowHelper: Current Display FreeFormTask is Task{f42457d #148 type=standard A=10086:android.task.music U=0 visible=false mode=freeform translucent=true sz=1}
03-14 04:09:08.476 1009 7626 W FreeFormWindowHelper: Current Display FreeFormTask is Task{f42457d #148 type=standard A=10086:android.task.music U=0 visible=false mode=freeform translucent=true sz=1}
03-14 04:09:08.478 1009 2178 W FreeFormWindowHelper: Current Display FreeFormTask is Task{f42457d #148 type=standard A=10086:android.task.music U=0 visible=false mode=freeform translucent=true sz=1}
03-14 04:09:08.479 9852 9852 I wm_on_restart_called: [94520459,com.android.launcher3.uioverrides.QuickstepLauncher,performRestartActivity]
03-14 04:09:08.481 1009 2178 W FreeFormWindowHelper: Current Display FreeFormTask is Task{f42457d #148 type=standard A=10086:android.task.music U=0 visible=false mode=freeform translucent=true sz=1}
03-14 04:09:08.481 1009 1038 W FreeFormWindowHelper: Current Display FreeFormTask is Task{f42457d #148 type=standard A=10086:android.task.music U=0 visible=false mode=freeform translucent=true sz=1}
03-14 04:09:08.482 1009 1038 W FreeFormWindowHelper: Current Display FreeFormTask is Task{f42457d #148 type=standard A=10086:android.task.music U=0 visible=false mode=freeform translucent=true sz=1}
03-14 04:09:08.507 1009 1038 W FreeFormWindowHelper: Current Display FreeFormTask is Task{f42457d #148 type=standard A=10086:android.task.music U=0 visible=false mode=freeform translucent=true sz=1}
03-14 04:09:08.509 9852 9852 I wm_on_start_called: [94520459,com.android.launcher3.uioverrides.QuickstepLauncher,handleStartActivity]
03-14 04:09:08.511 9834 9834 I view_enqueue_input_event: [Motion - Cancel,com.android.gallery3d/com.android.gallery3d.app.GalleryActivity]
03-14 04:09:08.512 1009 1180 D AutofillManagerService: Close system dialogs
03-14 04:09:08.513 1009 1184 I input_focus: [Focus request recents_animation_input_consumer,reason=UpdateInputWindows]
03-14 04:09:08.515 1009 7626 W WindowManager: updateScale : 0.79357797
03-14 04:09:08.517 1009 1587 I input_interaction: Interaction with: edge-swipe (server), swipe-up (server), PointerEventDispatcher0 (server),
03-14 04:09:08.520 1009 2178 W FreeFormWindowHelper: Current Display FreeFormTask is Task{f42457d #148 type=standard A=10086:android.task.music U=0 visible=false mode=freeform translucent=true sz=1}
03-14 04:09:08.521 1009 2178 W FreeFormWindowHelper: Current Display FreeFormTask is Task{f42457d #148 type=standard A=10086:android.task.music U=0 visible=false mode=freeform translucent=true sz=1}
03-14 04:09:08.524 9852 9852 I sysui_latency: [1,90]
03-14 04:09:08.529 1009 1587 I input_focus: [Focus leaving 8d5c51c com.android.gallery3d/com.android.gallery3d.app.GalleryActivity (server),reason=NOT_FOCUSABLE]
03-14 04:09:08.529 1009 1587 I input_focus: [Focus entering recents_animation_input_consumer (server),reason=setFocusedWindow]
03-14 04:09:08.530 1009 1038 W FreeFormWindowHelper: Current Display FreeFormTask is Task{f42457d #148 type=standard A=10086:android.task.music U=0 visible=false mode=freeform translucent=true sz=1}
03-14 04:09:08.532 1009 1038 W FreeFormWindowHelper: Current Display FreeFormTask is Task{f42457d #148 type=standard A=10086:android.task.music U=0 visible=false mode=freeform translucent=true sz=1}
03-14 04:09:08.532 1009 1038 W FreeFormWindowHelper: Current Display FreeFormTask is Task{f42457d #148 type=standard A=10086:android.task.music U=0 visible=false mode=freeform translucent=true sz=1}
03-14 04:09:08.533 1009 1038 W FreeFormWindowHelper: Current Display FreeFormTask is Task{f42457d #148 type=standard A=10086:android.task.music U=0 visible=false mode=freeform translucent=true sz=1}
03-14 04:09:08.533 1009 1184 W WindowManager: updateScale : 0.79357797
03-14 04:09:08.534 1009 2178 W FreeFormWindowHelper: Current Display FreeFormTask is Task{f42457d #148 type=standard A=10086:android.task.music U=0 visible=false mode=freeform translucent=true sz=1}
03-14 04:09:08.534 1009 1184 W WindowManager: updateScale : 0.79357797
03-14 04:09:08.536 1009 1184 W WindowManager: updateScale : 0.79357797
03-14 04:09:08.536 1009 1038 W FreeFormWindowHelper: Current Display FreeFormTask is Task{f42457d #148 type=standard A=10086:android.task.music U=0 visible=false mode=freeform translucent=true sz=1}
03-14 04:09:08.536 1009 1038 W FreeFormWindowHelper: Current Display FreeFormTask is Task{f42457d #148 type=standard A=10086:android.task.music U=0 visible=false mode=freeform translucent=true sz=1}
03-14 04:09:08.538 1009 1180 I sysui_multi_action: [319,9,322,66,325,1114,757,761,758,9,759,5,806,com.android.launcher3,871,com.android.launcher3.uioverrides.QuickstepLauncher,904,com.android.launcher3,905,0,1320,4,1321,1]
03-14 04:09:08.547 1009 1184 W WindowManager: updateScale : 0.79357797
03-14 04:09:08.561 1009 2178 W FreeFormWindowHelper: Current Display FreeFormTask is Task{f42457d #148 type=standard A=10086:android.task.music U=0 visible=false mode=freeform translucent=true sz=1}
03-14 04:09:08.561 1009 9647 W FreeFormWindowHelper: Current Display FreeFormTask is Task{f42457d #148 type=standard A=10086:android.task.music U=0 visible=false mode=freeform translucent=true sz=1}
03-14 04:09:08.567 1009 7626 W ActivityTaskManager: getTaskSnapshot: taskId=-204 not found
03-14 04:09:08.578 1009 7626 W FreeFormWindowHelper: Current Display FreeFormTask is Task{f42457d #148 type=standard A=10086:android.task.music U=0 visible=false mode=freeform translucent=true sz=1}
03-14 04:09:08.578 1009 7626 W FreeFormWindowHelper: Current Display FreeFormTask is Task{f42457d #148 type=standard A=10086:android.task.music U=0 visible=false mode=freeform translucent=true sz=1}
03-14 04:09:08.583 1009 1009 I service_manager_stats: [100,49,41877]
03-14 04:09:08.584 1009 1184 W WindowManager: updateScale : 0.79357797
03-14 04:09:08.591 1009 1038 W FreeFormWindowHelper: exitRecentTasks type=0
03-14 04:09:08.592 1009 1184 W WindowManager: updateScale : 0.79357797
03-14 04:09:08.598 1009 1038 W FreeFormWindowHelper: Current Display FreeFormTask is Task{f42457d #148 type=standard A=10086:android.task.music U=0 visible=false mode=freeform translucent=true sz=1}
03-14 04:09:08.598 1009 1038 W FreeFormWindowHelper: Current Display FreeFormTask is Task{f42457d #148 type=standard A=10086:android.task.music U=0 visible=false mode=freeform translucent=true sz=1}
03-14 04:09:08.719 1009 1488 I commit_sys_config_file: [settings-1-0,13]
03-14 04:09:08.836 1009 1188 I sysui_latency: [8,95]
03-14 04:09:08.843 6881 6881 I auditd : type=1400 audit(0.0:4058): avc: denied { open } for comm="HCDN_DownloadEn" path="/proc/stat" dev="proc" ino=4026532236 scontext=u:r:untrusted_app:s0:c102,c256,c512,c768 tcontext=u:object_r:proc_stat:s0 tclass=file permissive=1 app=com.qiyi.video
03-14 04:09:08.843 6881 6881 I auditd : type=1400 audit(0.0:4059): avc: denied { getattr } for comm="HCDN_DownloadEn" path="/proc/stat" dev="proc" ino=4026532236 scontext=u:r:untrusted_app:s0:c102,c256,c512,c768 tcontext=u:object_r:proc_stat:s0 tclass=file permissive=1 app=com.qiyi.video
03-14 04:09:09.252 1009 1038 W FreeFormWindowHelper: Current Display FreeFormTask is Task{f42457d #148 type=standard A=10086:android.task.music U=0 visible=false mode=freeform translucent=true sz=1}
03-14 04:09:09.252 1009 1038 W FreeFormWindowHelper: Current Display FreeFormTask is Task{f42457d #148 type=standard A=10086:android.task.music U=0 visible=false mode=freeform translucent=true sz=1}
03-14 04:09:09.270 1009 7626 I wm_task_moved: [1,1,9]
03-14 04:09:09.271 1009 7626 I wm_task_moved: [149,1,2147483647]
03-14 04:09:09.271 1009 7626 I wm_task_to_front: [0,149]
03-14 04:09:09.271 1009 7626 I wm_focused_root_task: [0,0,1,144,RecentsAnimation.onAnimationFinished()]
03-14 04:09:09.271 1009 7626 I wm_set_resumed_activity: [0,com.android.launcher3/.uioverrides.QuickstepLauncher,RecentsAnimation.onAnimationFinished()]
03-14 04:09:09.271 9834 9834 I wm_on_top_resumed_lost_called: [219141122,com.android.gallery3d.app.GalleryActivity,topStateChangedWhenResumed]
03-14 04:09:09.272 1009 7626 I wm_pause_activity: [0,219141122,com.android.gallery3d/.app.GalleryActivity,userLeaving=true,pauseBackTasks]
03-14 04:09:09.272 1009 7626 I wm_add_to_stopping: [0,219141122,com.android.gallery3d/.app.GalleryActivity,makeInvisible]
03-14 04:09:09.273 1009 7626 I ActivityTaskManager: FOREGROUND_APPLICATION_CHANGED to com.android.launcher3.uioverrides.QuickstepLauncher
03-14 04:09:09.273 1009 7626 I wm_set_resumed_activity: [0,com.android.launcher3/.uioverrides.QuickstepLauncher,resumeTopActivityInnerLocked]
03-14 04:09:09.274 1009 7626 I wm_resume_activity: [0,94520459,149,com.android.launcher3/.uioverrides.QuickstepLauncher]
03-14 04:09:09.274 9852 9852 I wm_on_resume_called: [94520459,com.android.launcher3.uioverrides.QuickstepLauncher,RESUME_ACTIVITY]
03-14 04:09:09.276 1009 7626 W WindowManager: updateScale : 0.79357797
03-14 04:09:09.278 1009 7626 W WindowManager: updateScale : 0.79357797
03-14 04:09:09.283 1009 1184 I input_focus: [Focus request a99babe com.android.launcher3/com.android.launcher3.uioverrides.QuickstepLauncher,reason=UpdateInputWindows]
03-14 04:09:09.284 1009 1587 I input_focus: [Focus leaving recents_animation_input_consumer (server),reason=NOT_VISIBLE]
03-14 04:09:09.284 9852 9852 I wm_on_top_resumed_gained_called: [94520459,com.android.launcher3.uioverrides.QuickstepLauncher,topStateChangedWhenResumed]
03-14 04:09:09.288 9834 9834 I wm_on_paused_called: [219141122,com.android.gallery3d.app.GalleryActivity,performPause]
03-14 04:09:09.293 1009 9712 I wm_stop_activity: [0,219141122,com.android.gallery3d/.app.GalleryActivity]
03-14 04:09:09.294 1009 1183 I sysui_multi_action: [757,803,799,window_time_0,802,28]
03-14 04:09:09.295 1009 1183 I sysui_multi_action: [757,803,799,window_time_0,802,0]
03-14 04:09:09.299 1009 1587 I input_focus: [Focus entering a99babe com.android.launcher3/com.android.launcher3.uioverrides.QuickstepLauncher (server),reason=setFocusedWindow]
03-14 04:09:09.305 1009 9647 W WindowManager: updateScale : 0.79357797
03-14 04:09:09.316 9834 9834 I wm_on_stop_called: [219141122,com.android.gallery3d.app.GalleryActivity,STOP_ACTIVITY_ITEM]
03-14 04:09:09.381 1009 1038 W FreeFormWindowHelper: Current Display FreeFormTask is Task{f42457d #148 type=standard A=10086:android.task.music U=0 visible=false mode=freeform translucent=true sz=1}
03-14 04:09:10.640 1009 1587 I input_interaction: Interaction with: 65e7b88 com.android.music/com.android.music.MusicBrowserActivity (server), edge-swipe (server), swipe-up (server), PointerEventDispatcher0 (server),
03-14 04:09:10.643 1009 1183 I wm_task_moved: [148,1,9]
03-14 04:09:10.643 1009 1183 I wm_task_to_front: [0,148]
03-14 04:09:10.645 1009 1183 W WindowManager: updateScale : 0.79357797
03-14 04:09:10.649 1009 1183 I wm_set_resumed_activity: [0,com.android.music/.MusicBrowserActivity,positionChildAt]
03-14 04:09:10.649 1009 1183 I wm_focused_root_task: [0,0,148,1,setFocusedTask]
03-14 04:09:10.649 1009 1183 I wm_set_resumed_activity: [0,com.android.music/.MusicBrowserActivity,setFocusedTask]
03-14 04:09:10.650 1009 1183 I ActivityTaskManager: FOREGROUND_APPLICATION_CHANGED to com.android.music.MusicBrowserActivity
03-14 04:09:10.650 1009 1184 I input_focus: [Focus request 65e7b88 com.android.music/com.android.music.MusicBrowserActivity,reason=UpdateInputWindows]
03-14 04:09:10.652 9852 9852 I wm_on_top_resumed_lost_called: [94520459,com.android.launcher3.uioverrides.QuickstepLauncher,topStateChangedWhenResumed]
03-14 04:09:10.669 8885 8885 I wm_on_top_resumed_gained_called: [202497138,com.android.music.MusicBrowserActivity,topStateChangedWhenResumed]
03-14 04:09:10.669 1009 1587 I input_focus: [Focus leaving a99babe com.android.launcher3/com.android.launcher3.uioverrides.QuickstepLauncher (server),reason=setFocusedWindow]
03-14 04:09:10.669 1009 1587 I input_focus: [Focus entering 65e7b88 com.android.music/com.android.music.MusicBrowserActivity (server),reason=setFocusedWindow]
03-14 04:09:10.788 8885 8885 I view_enqueue_input_event: [Motion - Cancel,com.android.music/com.android.music.MusicBrowserActivity]
03-14 04:09:10.788 1009 1587 I input_interaction: Interaction with: WindowManager (server), edge-swipe (server), swipe-up (server), PointerEventDispatcher0 (server),
03-14 04:09:10.802 1009 1184 D FreeFormWindowHelper: refreshTipWindow mTipWindowTitle : freeform_top_left_tip_window
03-14 04:09:10.803 1009 1184 I ActivityTaskManager: clear resize flag in freeform mode
03-14 04:09:10.804 1009 1184 W WindowManager: updateScale : 0.79357797
03-14 04:09:10.818 1009 1184 D FreeFormWindowHelper: refreshTipWindow mTipWindowTitle : freeform_top_left_tip_window
03-14 04:09:10.819 1009 1184 I ActivityTaskManager: clear resize flag in freeform mode
03-14 04:09:10.819 1009 1184 W WindowManager: updateScale : 0.79357797
03-14 04:09:10.835 1009 1184 D FreeFormWindowHelper: refreshTipWindow mTipWindowTitle : freeform_top_left_tip_window
03-14 04:09:10.836 1009 1184 I ActivityTaskManager: clear resize flag in freeform mode
03-14 04:09:10.836 1009 1184 W WindowManager: updateScale : 0.79357797
03-14 04:09:10.838 1009 7626 W WindowManager: updateScale : 0.79357797
03-14 04:09:10.852 1009 1184 D FreeFormWindowHelper: refreshTipWindow mTipWindowTitle : freeform_top_left_tip_window
03-14 04:09:10.853 1009 1184 I ActivityTaskManager: clear resize flag in freeform mode
03-14 04:09:10.853 1009 1184 W WindowManager: updateScale : 0.79357797
03-14 04:09:10.868 1009 1184 D FreeFormWindowHelper: refreshTipWindow mTipWindowTitle : null
03-14 04:09:10.869 1009 1184 I ActivityTaskManager: clear resize flag in freeform mode
03-14 04:09:10.869 1009 1184 W WindowManager: updateScale : 0.79357797
03-14 04:09:10.883 1009 7626 W WindowManager: updateScale : 0.79357797
03-14 04:09:10.885 1009 1184 D FreeFormWindowHelper: refreshTipWindow mTipWindowTitle : null
03-14 04:09:10.886 1009 1184 I ActivityTaskManager: clear resize flag in freeform mode
03-14 04:09:10.886 1009 1184 W WindowManager: updateScale : 0.79357797
03-14 04:09:10.892 1009 7626 W ActivityManager: Receiver with filter android.content.IntentFilter@56ab70d already registered for pid 8885, callerPackage is com.android.music
03-14 04:09:10.902 1009 1184 D FreeFormWindowHelper: refreshTipWindow mTipWindowTitle : null
03-14 04:09:10.902 1009 1184 I ActivityTaskManager: clear resize flag in freeform mode
03-14 04:09:10.903 1009 1184 W WindowManager: updateScale : 0.79357797
03-14 04:09:10.916 1009 7626 W WindowManager: updateScale : 0.79357797
03-14 04:09:10.919 1009 1184 D FreeFormWindowHelper: refreshTipWindow mTipWindowTitle : null
03-14 04:09:10.919 1009 1184 I ActivityTaskManager: clear resize flag in freeform mode
03-14 04:09:10.919 1009 1184 W WindowManager: updateScale : 0.79357797
03-14 04:09:10.932 1009 7626 W WindowManager: updateScale : 0.79357797
03-14 04:09:10.935 1009 1184 D FreeFormWindowHelper: refreshTipWindow mTipWindowTitle : null
03-14 04:09:10.936 1009 1184 I ActivityTaskManager: clear resize flag in freeform mode
03-14 04:09:10.936 1009 1184 W WindowManager: updateScale : 0.79357797
03-14 04:09:10.948 1009 9712 W WindowManager: updateScale : 0.79357797
03-14 04:09:10.952 1009 1184 D FreeFormWindowHelper: refreshTipWindow mTipWindowTitle : null
03-14 04:09:10.952 1009 1184 I ActivityTaskManager: clear resize flag in freeform mode
03-14 04:09:10.953 1009 1184 W WindowManager: updateScale : 0.79357797
03-14 04:09:10.965 1009 9712 W WindowManager: updateScale : 0.79357797
03-14 04:09:10.968 1009 1184 D FreeFormWindowHelper: refreshTipWindow mTipWindowTitle : null
03-14 04:09:10.969 1009 1184 I ActivityTaskManager: clear resize flag in freeform mode
03-14 04:09:10.969 1009 1184 W WindowManager: updateScale : 0.79357797
03-14 04:09:10.981 1009 9712 W WindowManager: updateScale : 0.79357797
03-14 04:09:10.985 1009 1184 D FreeFormWindowHelper: refreshTipWindow mTipWindowTitle : null
03-14 04:09:10.986 1009 1184 I ActivityTaskManager: clear resize flag in freeform mode
03-14 04:09:10.986 1009 1184 W WindowManager: updateScale : 0.79357797
03-14 04:09:10.998 1009 9712 W WindowManager: updateScale : 0.79357797
03-14 04:09:11.002 1009 1184 D FreeFormWindowHelper: refreshTipWindow mTipWindowTitle : null
03-14 04:09:11.002 1009 1184 I ActivityTaskManager: clear resize flag in freeform mode
03-14 04:09:11.003 1009 1184 W WindowManager: updateScale : 0.79357797
03-14 04:09:11.015 1009 9712 W WindowManager: updateScale : 0.79357797
03-14 04:09:11.019 1009 1184 D FreeFormWindowHelper: refreshTipWindow mTipWindowTitle : null
03-14 04:09:11.019 1009 1184 I ActivityTaskManager: clear resize flag in freeform mode
03-14 04:09:11.019 1009 1184 W WindowManager: updateScale : 0.79357797
03-14 04:09:11.031 1009 9712 W WindowManager: updateScale : 0.79357797
03-14 04:09:11.035 1009 1184 D FreeFormWindowHelper: refreshTipWindow mTipWindowTitle : null
03-14 04:09:11.036 1009 1184 I ActivityTaskManager: clear resize flag in freeform mode
03-14 04:09:11.036 1009 1184 W WindowManager: updateScale : 0.79357797
03-14 04:09:11.049 1009 9712 W WindowManager: updateScale : 0.79357797
03-14 04:09:11.052 1009 1184 D FreeFormWindowHelper: refreshTipWindow mTipWindowTitle : null
03-14 04:09:11.053 1009 1184 I ActivityTaskManager: clear resize flag in freeform mode
03-14 04:09:11.053 1009 1184 W WindowManager: updateScale : 0.79357797
03-14 04:09:11.066 1009 7626 W WindowManager: updateScale : 0.79357797
03-14 04:09:11.069 1009 1184 D FreeFormWindowHelper: refreshTipWindow mTipWindowTitle : null
03-14 04:09:11.069 1009 1184 I ActivityTaskManager: clear resize flag in freeform mode
03-14 04:09:11.069 1009 1184 W WindowManager: updateScale : 0.79357797
03-14 04:09:11.081 1009 7626 W WindowManager: updateScale : 0.79357797
03-14 04:09:11.086 1009 1184 D FreeFormWindowHelper: refreshTipWindow mTipWindowTitle : null
03-14 04:09:11.086 1009 1184 I ActivityTaskManager: clear resize flag in freeform mode
03-14 04:09:11.087 1009 1184 W WindowManager: updateScale : 0.79357797
03-14 04:09:11.099 1009 7626 W WindowManager: updateScale : 0.79357797
03-14 04:09:11.102 1009 1184 D FreeFormWindowHelper: refreshTipWindow mTipWindowTitle : null
03-14 04:09:11.103 1009 1184 I ActivityTaskManager: clear resize flag in freeform mode
03-14 04:09:11.103 1009 1184 W WindowManager: updateScale : 0.79357797
03-14 04:09:11.115 1009 7626 W WindowManager: updateScale : 0.79357797
03-14 04:09:11.119 1009 1184 D FreeFormWindowHelper: refreshTipWindow mTipWindowTitle : null
03-14 04:09:11.119 1009 1184 I ActivityTaskManager: clear resize flag in freeform mode
03-14 04:09:11.120 1009 1184 W WindowManager: updateScale : 0.79357797
03-14 04:09:11.131 1009 7626 W WindowManager: updateScale : 0.79357797
03-14 04:09:11.136 1009 1184 D FreeFormWindowHelper: refreshTipWindow mTipWindowTitle : null
03-14 04:09:11.136 1009 1184 I ActivityTaskManager: clear resize flag in freeform mode
03-14 04:09:11.137 1009 1184 W WindowManager: updateScale : 0.79357797
03-14 04:09:11.149 1009 7626 W WindowManager: updateScale : 0.79357797
03-14 04:09:11.152 1009 1184 D FreeFormWindowHelper: refreshTipWindow mTipWindowTitle : null
03-14 04:09:11.153 1009 1184 I ActivityTaskManager: clear resize flag in freeform mode
03-14 04:09:11.153 1009 1184 W WindowManager: updateScale : 0.79357797
03-14 04:09:11.165 1009 7626 W WindowManager: updateScale : 0.79357797
03-14 04:09:11.169 1009 1184 D FreeFormWindowHelper: refreshTipWindow mTipWindowTitle : null
03-14 04:09:11.169 1009 1184 I ActivityTaskManager: clear resize flag in freeform mode
03-14 04:09:11.170 1009 1184 W WindowManager: updateScale : 0.79357797
03-14 04:09:11.182 1009 7626 W WindowManager: updateScale : 0.79357797
03-14 04:09:11.199 1009 7626 W WindowManager: updateScale : 0.79357797
03-14 04:09:11.217 1009 1184 D WindowManager: updateWindowDragBounds: mIsSwipeYfalse
03-14 04:09:11.217 1009 1184 D WindowManager: updateWindowDragBounds: mIsTopfalse
03-14 04:09:11.237 1009 1185 I ActivityTaskManager: clear resize flag in freeform mode
03-14 04:09:11.238 1009 1185 W WindowManager: updateScale : 0.79357797
03-14 04:09:11.253 1009 1185 I ActivityTaskManager: clear resize flag in freeform mode
03-14 04:09:11.254 1009 1185 W WindowManager: updateScale : 0.79357797
03-14 04:09:11.270 1009 1185 I ActivityTaskManager: clear resize flag in freeform mode
03-14 04:09:11.271 1009 1185 W WindowManager: updateScale : 0.79357797
03-14 04:09:11.275 1009 7626 W WindowManager: updateScale : 0.79357797
03-14 04:09:11.289 1009 1185 I ActivityTaskManager: clear resize flag in freeform mode
03-14 04:09:11.289 1009 1185 W WindowManager: updateScale : 0.79357797
03-14 04:09:11.308 1009 1185 I ActivityTaskManager: clear resize flag in freeform mode
03-14 04:09:11.308 1009 1185 W WindowManager: updateScale : 0.79357797
03-14 04:09:11.321 1009 1185 I ActivityTaskManager: clear resize flag in freeform mode
03-14 04:09:11.322 1009 1185 W WindowManager: updateScale : 0.79357797
03-14 04:09:11.338 1009 1185 I ActivityTaskManager: clear resize flag in freeform mode
03-14 04:09:11.338 1009 1185 W WindowManager: updateScale : 0.79357797
03-14 04:09:11.340 1009 7626 W ActivityManager: Receiver with filter android.content.IntentFilter@b3e2010 already registered for pid 8885, callerPackage is com.android.music
03-14 04:09:11.355 1009 1185 I ActivityTaskManager: clear resize flag in freeform mode
03-14 04:09:11.355 1009 1185 W WindowManager: updateScale : 0.79357797
03-14 04:09:11.372 1009 1185 I ActivityTaskManager: clear resize flag in freeform mode
03-14 04:09:11.372 1009 1185 W WindowManager: updateScale : 0.79357797
03-14 04:09:11.385 1009 7626 W WindowManager: updateScale : 0.79357797
03-14 04:09:11.388 1009 1185 I ActivityTaskManager: clear resize flag in freeform mode
03-14 04:09:11.389 1009 1185 W WindowManager: updateScale : 0.79357797
03-14 04:09:11.402 1009 9712 W WindowManager: updateScale : 0.79357797
03-14 04:09:11.405 1009 1185 I ActivityTaskManager: clear resize flag in freeform mode
03-14 04:09:11.406 1009 1185 W WindowManager: updateScale : 0.79357797
03-14 04:09:11.421 1009 1185 I ActivityTaskManager: clear resize flag in freeform mode
03-14 04:09:11.422 1009 1185 W WindowManager: updateScale : 0.79357797
03-14 04:09:11.424 1009 9712 W WindowManager: updateScale : 0.79357797
03-14 04:09:11.439 1009 1185 I ActivityTaskManager: clear resize flag in freeform mode
03-14 04:09:11.439 1009 1185 W WindowManager: updateScale : 0.79357797
03-14 04:09:11.455 1009 1185 I ActivityTaskManager: clear resize flag in freeform mode
03-14 04:09:11.456 1009 1185 W WindowManager: updateScale : 0.79357797
03-14 04:09:11.472 1009 1185 I ActivityTaskManager: clear resize flag in freeform mode
03-14 04:09:11.472 1009 1185 W WindowManager: updateScale : 0.79357797
03-14 04:09:11.489 1009 1185 I ActivityTaskManager: clear resize flag in freeform mode
03-14 04:09:11.489 1009 1185 W WindowManager: updateScale : 0.79357797
03-14 04:09:11.504 1009 1185 I ActivityTaskManager: clear resize flag in freeform mode
03-14 04:09:11.505 1009 1185 W WindowManager: updateScale : 0.79357797
03-14 04:09:11.519 1009 9712 W WindowManager: updateScale : 0.79357797
03-14 04:09:11.536 1009 9712 W WindowManager: updateScale : 0.79357797
03-14 04:09:11.809 1009 1587 I input_interaction: Interaction with: a99babe com.android.launcher3/com.android.launcher3.uioverrides.QuickstepLauncher (server), 8c59581 com.android.systemui.ImageWallpaper (server), edge-swipe (server), swipe-up (server), PointerEventDispatcher0 (server),
01-01 08:18:41.683 0 0 E DTC_ETH,link_delay_work_func: 3003, SQI=0, link=0
03-14 04:09:13.348 1009 9712 I thunderperf: PlatormCompat.setOverrides: Uid1=10074 Pid1=9852 Uid2=10074 Pid2=9852
03-14 04:09:13.348 1009 9712 I thunderperf: PlatormCompat.setOverrides: needCheck:false
03-14 04:09:13.348 1009 9712 I thunderperf: CompatConfig.addOverrideUnsafe: bef-state=0
03-14 04:09:13.348 1009 9712 I thunderperf: CompatConfig.addOverrideUnsafe: aft-state=0
03-14 04:09:13.350 1009 9712 I thunderperf: CompatConfig.addOverrideUnsafe: bef-state=0
03-14 04:09:13.350 1009 9712 I thunderperf: CompatConfig.addOverrideUnsafe: aft-state=0
03-14 04:09:13.351 1009 9712 I thunderperf: CompatConfig.addOverrideUnsafe: bef-state=0
03-14 04:09:13.351 1009 9712 I thunderperf: CompatConfig.addOverrideUnsafe: aft-state=0
03-14 04:09:13.351 1009 9712 I thunderperf: CompatConfig.addOverrideUnsafe: bef-state=0
03-14 04:09:13.351 1009 9712 I thunderperf: CompatConfig.addOverrideUnsafe: aft-state=0
03-14 04:09:13.352 1009 9712 I thunderperf: CompatConfig.addOverrideUnsafe: bef-state=0
03-14 04:09:13.352 1009 9712 I thunderperf: CompatConfig.addOverrideUnsafe: aft-state=0
03-14 04:09:13.352 1009 9712 I thunderperf: CompatConfig.addOverrideUnsafe: bef-state=0
03-14 04:09:13.352 1009 9712 I thunderperf: CompatConfig.addOverrideUnsafe: aft-state=0
03-14 04:09:13.353 1009 9712 I thunderperf: CompatConfig.addOverrideUnsafe: bef-state=0
03-14 04:09:13.353 1009 9712 I thunderperf: CompatConfig.addOverrideUnsafe: aft-state=0
03-14 04:09:13.353 1009 9712 I thunderperf: CompatConfig.addOverrideUnsafe: bef-state=0
03-14 04:09:13.353 1009 9712 I thunderperf: CompatConfig.addOverrideUnsafe: aft-state=0
03-14 04:09:13.354 1009 9712 I thunderperf: CompatConfig.addOverrideUnsafe: bef-state=0
03-14 04:09:13.354 1009 9712 I thunderperf: CompatConfig.addOverrideUnsafe: aft-state=0
03-14 04:09:13.354 1009 9712 I thunderperf: CompatConfig.addOverrideUnsafe: bef-state=0
03-14 04:09:13.354 1009 9712 I thunderperf: CompatConfig.addOverrideUnsafe: aft-state=0
03-14 04:09:13.355 1009 9712 I thunderperf: CompatConfig.addOverrideUnsafe: bef-state=0
03-14 04:09:13.355 1009 9712 I thunderperf: CompatConfig.addOverrideUnsafe: aft-state=0
03-14 04:09:13.355 1009 9712 I thunderperf: CompatConfig.addOverrideUnsafe: bef-state=0
03-14 04:09:13.355 1009 9712 I thunderperf: CompatConfig.addOverrideUnsafe: aft-state=0
03-14 04:09:13.355 1009 9712 I thunderperf: CompatConfig.addOverrideUnsafe: bef-state=0
03-14 04:09:13.355 1009 9712 I thunderperf: CompatConfig.addOverrideUnsafe: aft-state=0
03-14 04:09:13.356 1009 9712 I thunderperf: CompatConfig.addOverrideUnsafe: bef-state=0
03-14 04:09:13.356 1009 9712 I thunderperf: CompatConfig.addOverrideUnsafe: aft-state=0
03-14 04:09:13.363 1009 9712 I ActivityTaskManager: START u0 {act=android.intent.action.MAIN cat=[android.intent.category.LAUNCHER] flg=0x10200000 cmp=com.android.documentsui/.LauncherActivity} from uid 10074
03-14 04:09:13.370 1009 9712 I wm_task_created: [150,-1]
03-14 04:09:13.370 1009 9712 W ActivityTaskManager: Can't find TaskDisplayArea to determine support for multi window. Task id=150 attached=false
03-14 04:09:13.371 1009 9712 D FreeFormWindowHelper: finish old freeform task = ActivityRecord{c11dc72 u0 com.android.music/.MusicBrowserActivity t148}
03-14 04:09:13.371 1009 9712 I wm_finish_activity: [0,202497138,148,com.android.music/.MusicBrowserActivity,app-request]
03-14 04:09:13.371 1009 9712 I wm_task_moved: [1,1,10]
03-14 04:09:13.372 1009 9712 I wm_set_resumed_activity: [0,com.android.launcher3/.uioverrides.QuickstepLauncher,positionChildAt]
03-14 04:09:13.372 1009 9712 I wm_task_moved: [149,1,2147483647]
03-14 04:09:13.372 1009 9712 I wm_task_to_front: [0,149]
03-14 04:09:13.372 1009 9712 I wm_focused_root_task: [0,0,1,-1,finish-top adjustFocusToNextFocusableTask]
03-14 04:09:13.372 1009 9712 I wm_set_resumed_activity: [0,com.android.launcher3/.uioverrides.QuickstepLauncher,finish-top]
03-14 04:09:13.375 1009 9712 I wm_pause_activity: [0,202497138,com.android.music/.MusicBrowserActivity,userLeaving=false,finish]
03-14 04:09:13.376 1009 9712 D FreeFormWindowHelper: Add freeform task=Task{69f7fe6 #150 type=standard ?? U=0 visible=false mode=freeform translucent=true sz=0}
03-14 04:09:13.378 1009 9712 I wm_task_moved: [150,1,10]
03-14 04:09:13.378 1009 9712 I wm_task_to_front: [0,150]
03-14 04:09:13.378 1009 9712 I wm_focused_root_task: [0,0,150,1,reuseOrNewTask]
03-14 04:09:13.378 1009 9712 I wm_create_task: [0,150]
03-14 04:09:13.378 1009 9712 I wm_create_activity: [0,214284583,150,com.android.documentsui/.LauncherActivity,android.intent.action.MAIN,NULL,NULL,270532608]
03-14 04:09:13.378 1009 9712 I wm_task_moved: [150,1,10]
03-14 04:09:13.378 1009 9712 V SplashScreenExceptionList: SplashScreen checking exception for package com.android.documentsui (target sdk:30) -> false
03-14 04:09:13.380 1009 1184 I input_focus: [Focus request a99babe com.android.launcher3/com.android.launcher3.uioverrides.QuickstepLauncher,reason=UpdateInputWindows]
03-14 04:09:13.389 8885 8885 I wm_on_top_resumed_lost_called: [202497138,com.android.music.MusicBrowserActivity,topStateChangedWhenResumed]
01-01 08:18:42.090 0 0 W perfetto: enabled ftrace
03-14 04:09:13.390 8885 8885 I wm_on_paused_called: [202497138,com.android.music.MusicBrowserActivity,performPause]
03-14 04:09:13.390 1009 9647 I wm_add_to_stopping: [0,202497138,com.android.music/.MusicBrowserActivity,completeFinishing]
03-14 04:09:13.390 1009 1587 I input_focus: [Focus leaving 65e7b88 com.android.music/com.android.music.MusicBrowserActivity (server),reason=NO_WINDOW]
03-14 04:09:13.390 1009 1587 I input_focus: [Focus entering a99babe com.android.launcher3/com.android.launcher3.uioverrides.QuickstepLauncher (server),reason=setFocusedWindow]
03-14 04:09:13.390 1009 9647 I ActivityTaskManager: FOREGROUND_APPLICATION_CHANGED to com.android.documentsui.files.LauncherActivity
03-14 04:09:13.391 1009 9647 I ActivityTaskManager: clear resize flag in freeform mode
03-14 04:09:13.393 1009 1183 I am_uid_running: 10023
03-14 04:09:13.394 1009 1183 D CompatibilityChangeReporter: Compat change id reported: 135634846; UID 10023; state: DISABLED
03-14 04:09:13.394 1009 1183 D CompatibilityChangeReporter: Compat change id reported: 177438394; UID 10023; state: DISABLED
03-14 04:09:13.394 1009 1183 D CompatibilityChangeReporter: Compat change id reported: 135772972; UID 10023; state: DISABLED
03-14 04:09:13.394 1009 1183 D CompatibilityChangeReporter: Compat change id reported: 135754954; UID 10023; state: ENABLED
03-14 04:09:13.394 1009 1195 D CompatibilityChangeReporter: Compat change id reported: 143937733; UID 10023; state: ENABLED
03-14 04:09:13.395 1009 1183 I sysui_multi_action: [757,803,799,window_time_0,802,4]
03-14 04:09:13.399 1009 1195 I am_proc_start: [0,10009,10023,com.android.documentsui,top-activity,{com.android.documentsui/com.android.documentsui.LauncherActivity}]
03-14 04:09:13.399 1009 1195 I ActivityManager: Start proc 10009:com.android.documentsui/u0a23 for top-activity {com.android.documentsui/com.android.documentsui.LauncherActivity}
01-01 08:18:42.108 0 0 I binder : 10009:10009 ioctl 40046210 7fd9aef714 returned -22
03-14 04:09:13.408 1009 9712 I am_proc_bound: [0,10009,com.android.documentsui]
03-14 04:09:13.410 1009 9712 I wm_restart_activity: [0,214284583,150,com.android.documentsui/.LauncherActivity]
03-14 04:09:13.411 1009 9712 I wm_set_resumed_activity: [0,com.android.documentsui/.LauncherActivity,minimalResumeActivityLocked]
03-14 04:09:13.411 1009 1183 I am_uid_active: 10023
03-14 04:09:13.435 1009 2178 I thunderperf: PlatormCompat.setOverrides: Uid1=10023 Pid1=10009 Uid2=10023 Pid2=10009
03-14 04:09:13.435 1009 2178 I thunderperf: PlatormCompat.setOverrides: needCheck:false
03-14 04:09:13.435 1009 2178 I thunderperf: CompatConfig.addOverrideUnsafe: bef-state=0
03-14 04:09:13.435 1009 2178 I thunderperf: CompatConfig.addOverrideUnsafe: aft-state=0
03-14 04:09:13.435 1009 2178 I thunderperf: CompatConfig.addOverrideUnsafe: bef-state=0
03-14 04:09:13.435 1009 2178 I thunderperf: CompatConfig.addOverrideUnsafe: aft-state=0
03-14 04:09:13.436 1009 2178 I thunderperf: CompatConfig.addOverrideUnsafe: bef-state=0
03-14 04:09:13.436 1009 2178 I thunderperf: CompatConfig.addOverrideUnsafe: aft-state=0
03-14 04:09:13.436 1009 2178 I thunderperf: CompatConfig.addOverrideUnsafe: bef-state=0
03-14 04:09:13.436 1009 2178 I thunderperf: CompatConfig.addOverrideUnsafe: aft-state=0
03-14 04:09:13.436 1009 2178 I thunderperf: CompatConfig.addOverrideUnsafe: bef-state=0
03-14 04:09:13.436 1009 2178 I thunderperf: CompatConfig.addOverrideUnsafe: aft-state=0
03-14 04:09:13.436 1009 2178 I thunderperf: CompatConfig.addOverrideUnsafe: bef-state=0
03-14 04:09:13.436 1009 2178 I thunderperf: CompatConfig.addOverrideUnsafe: aft-state=0
03-14 04:09:13.436 1009 2178 I thunderperf: CompatConfig.addOverrideUnsafe: bef-state=0
03-14 04:09:13.436 1009 2178 I thunderperf: CompatConfig.addOverrideUnsafe: aft-state=0
03-14 04:09:13.436 1009 2178 I thunderperf: CompatConfig.addOverrideUnsafe: bef-state=0
03-14 04:09:13.436 1009 2178 I thunderperf: CompatConfig.addOverrideUnsafe: aft-state=0
03-14 04:09:13.437 1009 2178 I thunderperf: CompatConfig.addOverrideUnsafe: bef-state=0
03-14 04:09:13.437 1009 2178 I thunderperf: CompatConfig.addOverrideUnsafe: aft-state=0
03-14 04:09:13.437 1009 2178 I thunderperf: CompatConfig.addOverrideUnsafe: bef-state=0
03-14 04:09:13.437 1009 2178 I thunderperf: CompatConfig.addOverrideUnsafe: aft-state=0
03-14 04:09:13.437 1009 2178 I thunderperf: CompatConfig.addOverrideUnsafe: bef-state=0
03-14 04:09:13.437 1009 2178 I thunderperf: CompatConfig.addOverrideUnsafe: aft-state=0
03-14 04:09:13.437 1009 2178 I thunderperf: CompatConfig.addOverrideUnsafe: bef-state=0
03-14 04:09:13.437 1009 2178 I thunderperf: CompatConfig.addOverrideUnsafe: aft-state=0
03-14 04:09:13.437 1009 2178 I thunderperf: CompatConfig.addOverrideUnsafe: bef-state=0
03-14 04:09:13.437 1009 2178 I thunderperf: CompatConfig.addOverrideUnsafe: aft-state=0
03-14 04:09:13.437 1009 2178 I thunderperf: CompatConfig.addOverrideUnsafe: bef-state=0
03-14 04:09:13.437 1009 2178 I thunderperf: CompatConfig.addOverrideUnsafe: aft-state=0
03-14 04:09:13.439 1009 2178 I ActivityTaskManager: START u0 {dat=//com.android.documentsui.launchControl flg=0x10280000 cmp=com.android.documentsui/.files.FilesActivity (has extras)} from uid 10023
03-14 04:09:13.441 1009 2178 I wm_task_moved: [143,1,10]
03-14 04:09:13.441 1009 2178 I wm_task_to_front: [0,143]
03-14 04:09:13.442 1009 2178 I wm_focused_root_task: [0,0,143,150,bringingFoundTaskToFront]
03-14 04:09:13.442 1009 2178 I wm_set_resumed_activity: [0,com.android.documentsui/.files.FilesActivity,bringingFoundTaskToFront]
03-14 04:09:13.442 1009 2178 D CompatibilityChangeReporter: Compat change id reported: 174042980; UID 10023; state: DISABLED
03-14 04:09:13.446 1009 2178 D CompatibilityChangeReporter: Compat change id reported: 184838306; UID 10023; state: DISABLED
03-14 04:09:13.446 1009 2178 D CompatibilityChangeReporter: Compat change id reported: 185004937; UID 10023; state: DISABLED
03-14 04:09:13.447 1009 2178 D CompatibilityChangeReporter: Compat change id reported: 181136395; UID 10023; state: DISABLED
03-14 04:09:13.447 1009 2178 D CompatibilityChangeReporter: Compat change id reported: 174042936; UID 10023; state: DISABLED
03-14 04:09:13.447 1009 2178 D FreeFormWindowHelper: finish old freeform task = ActivityRecord{cc5b927 u0 com.android.documentsui/.LauncherActivity t150}
03-14 04:09:13.447 1009 2178 I wm_finish_activity: [0,214284583,150,com.android.documentsui/.LauncherActivity,app-request]
03-14 04:09:13.448 1009 2178 I wm_pause_activity: [0,214284583,com.android.documentsui/.LauncherActivity,userLeaving=false,finish]
03-14 04:09:13.448 1009 2178 D FreeFormWindowHelper: Add freeform task=Task{c9a902f #143 type=standard A=10023:com.android.documentsui U=0 visible=true mode=freeform translucent=true sz=1}
03-14 04:09:13.448 1009 2178 I ActivityTaskManager: The Process com.android.documentsui Already Exists in BG. So sending its PID: 10009
03-14 04:09:13.449 1009 2178 I wm_new_intent: [0,152561212,143,com.android.documentsui/.files.FilesActivity,NULL,NULL,//com.android.documentsui.launchControl,271056896]
03-14 04:09:13.449 1009 2178 D CompatibilityChangeReporter: Compat change id reported: 168419799; UID 10023; state: DISABLED
03-14 04:09:13.450 1009 2178 V SplashScreenExceptionList: SplashScreen checking exception for package com.android.documentsui (target sdk:30) -> false
03-14 04:09:13.451 1009 9647 W ActivityTaskManager: Finishing task with all activities already finished
03-14 04:09:13.451 1009 9647 W ActivityTaskManager: Duplicate finish request for r=ActivityRecord{cc5b927 u0 com.android.documentsui/.LauncherActivity t150 f}}
03-14 04:09:13.451 10009 10009 I wm_on_create_called: [214284583,com.android.documentsui.LauncherActivity,performCreate]
03-14 04:09:13.456 1009 2178 I wm_add_to_stopping: [0,214284583,com.android.documentsui/.LauncherActivity,completeFinishing]
03-14 04:09:13.456 1009 2178 I ActivityTaskManager: FOREGROUND_APPLICATION_CHANGED to com.android.documentsui.files.FilesActivity
03-14 04:09:13.457 1009 2178 I ActivityTaskManager: The Process com.android.documentsui Already Exists in BG. So sending its PID: 10009
03-14 04:09:13.457 1009 2178 W ActivityTaskManager: Tried to set launchTime (374986) < mLastActivityLaunchTime (1119885)
03-14 04:09:13.457 1009 2178 I wm_restart_activity: [0,152561212,143,com.android.documentsui/.files.FilesActivity]
03-14 04:09:13.458 1009 2178 I wm_set_resumed_activity: [0,com.android.documentsui/.files.FilesActivity,minimalResumeActivityLocked]
03-14 04:09:13.459 1009 1183 I wm_destroy_activity: [0,214284583,150,com.android.documentsui/.LauncherActivity,finish-imm:idle]
03-14 04:09:13.460 1009 1183 I sysui_multi_action: [757,803,799,window_time_2,802,0]
03-14 04:09:13.506 10009 10009 I wm_on_create_called: [152561212,com.android.documentsui.files.FilesActivity,performCreate]
03-14 04:09:13.516 10009 10009 I wm_on_start_called: [152561212,com.android.documentsui.files.FilesActivity,handleStartActivity]
03-14 04:09:13.516 1009 2178 I am_uid_running: 10017
03-14 04:09:13.517 1009 2178 D CompatibilityChangeReporter: Compat change id reported: 135634846; UID 10017; state: DISABLED
03-14 04:09:13.517 1009 2178 D CompatibilityChangeReporter: Compat change id reported: 177438394; UID 10017; state: DISABLED
03-14 04:09:13.517 1009 2178 D CompatibilityChangeReporter: Compat change id reported: 135772972; UID 10017; state: DISABLED
03-14 04:09:13.517 1009 2178 D CompatibilityChangeReporter: Compat change id reported: 135754954; UID 10017; state: ENABLED
03-14 04:09:13.517 1009 1195 D CompatibilityChangeReporter: Compat change id reported: 143937733; UID 10017; state: ENABLED
03-14 04:09:13.517 10009 10009 I wm_on_resume_called: [152561212,com.android.documentsui.files.FilesActivity,RESUME_ACTIVITY]
03-14 04:09:13.521 1009 2178 I am_uid_running: 10028
03-14 04:09:13.521 1009 2178 D CompatibilityChangeReporter: Compat change id reported: 135634846; UID 10028; state: DISABLED
03-14 04:09:13.521 1009 2178 D CompatibilityChangeReporter: Compat change id reported: 177438394; UID 10028; state: DISABLED
03-14 04:09:13.521 1009 2178 D CompatibilityChangeReporter: Compat change id reported: 135772972; UID 10028; state: DISABLED
03-14 04:09:13.521 1009 2178 D CompatibilityChangeReporter: Compat change id reported: 135754954; UID 10028; state: ENABLED
03-14 04:09:13.522 1009 1195 I am_proc_start: [0,10064,10017,android.process.media,content provider,{com.android.providers.downloads/com.android.providers.downloads.DownloadStorageProvider}]
03-14 04:09:13.522 1009 1195 I ActivityManager: Start proc 10064:android.process.media/u0a17 for content provider {com.android.providers.downloads/com.android.providers.downloads.DownloadStorageProvider}
03-14 04:09:13.522 1009 1195 D CompatibilityChangeReporter: Compat change id reported: 143937733; UID 10028; state: ENABLED
03-14 04:09:13.523 10009 10009 I wm_on_top_resumed_gained_called: [152561212,com.android.documentsui.files.FilesActivity,topStateChangedWhenResumed]
03-14 04:09:13.524 10009 10009 I wm_on_destroy_called: [214284583,com.android.documentsui.LauncherActivity,performDestroy]
03-14 04:09:13.524 1009 9647 I wm_task_removed: [150,removeChild:removeChild last r=ActivityRecord{cc5b927 u0 com.android.documentsui/.LauncherActivity t-1 f}} in t=Task{69f7fe6 #150 type=standard A=10023:com.android.documentsui U=0 visible=false mode=freeform translucent=true sz=0}]
03-14 04:09:13.524 1009 9647 I wm_task_removed: [150,removeChild]
03-14 04:09:13.529 1009 1195 I am_proc_start: [0,10066,10028,com.android.externalstorage,content provider,{com.android.externalstorage/com.android.externalstorage.ExternalStorageProvider}]
03-14 04:09:13.529 1009 1195 I ActivityManager: Start proc 10066:com.android.externalstorage/u0a28 for content provider {com.android.externalstorage/com.android.externalstorage.ExternalStorageProvider}
01-01 08:18:42.236 0 0 I binder : 10064:10064 ioctl 40046210 7fd9aef714 returned -22
03-14 04:09:13.540 1009 9647 I am_proc_bound: [0,10064,android.process.media]
01-01 08:18:42.242 0 0 I binder : 10066:10066 ioctl 40046210 7fd9aef714 returned -22
03-14 04:09:13.541 1009 2178 W WindowManager: updateScale : 0.79357797
03-14 04:09:13.544 1009 1184 I input_focus: [Focus request 8dbe64 com.android.documentsui/com.android.documentsui.files.FilesActivity,reason=UpdateInputWindows]
03-14 04:09:13.545 1009 9647 I am_uid_active: 10017
03-14 04:09:13.549 1009 2178 I am_proc_bound: [0,10066,com.android.externalstorage]
03-14 04:09:13.549 1009 2178 D CompatibilityChangeReporter: Compat change id reported: 168419799; UID 10028; state: DISABLED
03-14 04:09:13.550 1009 2178 I am_uid_active: 10028
03-14 04:09:13.564 1009 2178 W FreeFormWindowHelper: Current Display FreeFormTask is Task{c9a902f #143 type=standard A=10023:com.android.documentsui U=0 visible=true mode=freeform translucent=false sz=1}
01-01 08:18:42.268 0 0 I binder : 10009:10034 ioctl 40046210 6ea0d1b1f4 returned -22
03-14 04:09:13.567 1009 2178 W WindowManager: updateScale : 0.79357797
03-14 04:09:13.574 1009 1587 I input_focus: [Focus leaving a99babe com.android.launcher3/com.android.launcher3.uioverrides.QuickstepLauncher (server),reason=Waiting for window because NOT_VISIBLE]
03-14 04:09:13.576 1009 1698 I GameModeConfig: isGameModeOn = false
03-14 04:09:13.576 1009 1698 I GameModeConfig: isGameModeOn = false
03-14 04:09:13.576 1009 1698 I GameModeConfig: isGameModeOn = false
03-14 04:09:13.576 1009 1698 I GameModeConfig: isGameModeOn = false
03-14 04:09:13.587 1009 1184 W WindowManager: updateScale : 0.79357797
03-14 04:09:13.589 1009 1038 D CompatibilityChangeReporter: Compat change id reported: 149924527; UID 10017; state: ENABLED
03-14 04:09:13.589 1009 1038 D CompatibilityChangeReporter: Compat change id reported: 132649864; UID 10017; state: DISABLED
03-14 04:09:13.590 1009 1038 D CompatibilityChangeReporter: Compat change id reported: 182734110; UID 10017; state: ENABLED
03-14 04:09:13.591 1009 1184 W WindowManager: updateScale : 0.79357797
03-14 04:09:13.592 1009 1184 W WindowManager: updateScale : 0.79357797
03-14 04:09:13.592 1009 1180 I sysui_multi_action: [319,227,322,227,325,1119,757,761,758,7,759,2,806,com.android.documentsui,871,com.android.documentsui.files.FilesActivity,904,com.android.documentsui,905,0,945,46,1320,4,1321,1]
03-14 04:09:13.592 1009 1180 I wm_activity_launch_time: [0,152561212,com.android.documentsui/.files.FilesActivity,227]
03-14 04:09:13.602 1009 1038 W WindowManager: updateScale : 0.79357797
03-14 04:09:13.607 1009 1587 I input_focus: [Focus entering 8dbe64 com.android.documentsui/com.android.documentsui.files.FilesActivity (server),reason=Window became focusable. Previous reason: NOT_VISIBLE]
03-14 04:09:13.613 1009 2178 W WindowManager: updateScale : 0.79357797
03-14 04:09:13.625 1009 2178 W WindowManager: updateScale : 0.79357797
03-14 04:09:13.640 1009 1038 W WindowManager: updateScale : 0.79357797
03-14 04:09:13.656 1009 1038 W WindowManager: updateScale : 0.79357797
03-14 04:09:13.874 1009 1183 I wm_destroy_activity: [0,202497138,148,com.android.music/.MusicBrowserActivity,finish-imm:idle]
03-14 04:09:13.875 1009 1184 W WindowManager: updateScale : 0.79357797
03-14 04:09:13.894 1009 1038 W ActivityManager: Receiver with filter android.content.IntentFilter@4271860 already registered for pid 8885, callerPackage is com.android.music
03-14 04:09:13.903 8885 8885 I wm_on_stop_called: [202497138,com.android.music.MusicBrowserActivity,LIFECYCLER_STOP_ACTIVITY]
03-14 04:09:13.906 8885 8885 I wm_on_destroy_called: [202497138,com.android.music.MusicBrowserActivity,performDestroy]
03-14 04:09:13.907 1009 1038 W WindowManager: updateScale : 0.79357797
03-14 04:09:13.908 1009 1038 W WindowManager: updateScale : 0.79357797
03-14 04:09:13.909 1009 1038 I wm_task_removed: [148,removeChild:removeChild last r=ActivityRecord{c11dc72 u0 com.android.music/.MusicBrowserActivity t-1 f}} in t=Task{f42457d #148 type=standard A=10086:android.task.music U=0 visible=false mode=freeform translucent=true sz=0}]
03-14 04:09:13.909 1009 1038 I wm_task_removed: [148,removeChild]
03-14 04:09:13.967 0 0 I auditd : type=1400 audit(0.0:4060): avc: denied { kill } for comm="swapper/2" capability=5 scontext=u:r:kernel:s0 tcontext=u:r:kernel:s0 tclass=capability permissive=1
03-14 04:09:14.015 6881 6881 I auditd : type=1400 audit(0.0:4061): avc: denied { open } for comm="HCDN_DownloadEn" path="/proc/stat" dev="proc" ino=4026532236 scontext=u:r:untrusted_app:s0:c102,c256,c512,c768 tcontext=u:object_r:proc_stat:s0 tclass=file permissive=1 app=com.qiyi.video
03-14 04:09:14.015 6881 6881 I auditd : type=1400 audit(0.0:4062): avc: denied { getattr } for comm="HCDN_DownloadEn" path="/proc/stat" dev="proc" ino=4026532236 scontext=u:r:untrusted_app:s0:c102,c256,c512,c768 tcontext=u:object_r:proc_stat:s0 tclass=file permissive=1 app=com.qiyi.video
03-14 04:09:16.294 1009 1587 I input_interaction: Interaction with: 8dbe64 com.android.documentsui/com.android.documentsui.files.FilesActivity (server), edge-swipe (server), swipe-up (server), PointerEventDispatcher0 (server),
03-14 04:09:16.379 1009 1038 I ActivityTaskManager: clear resize flag in freeform mode
03-14 04:09:16.379 1009 1038 W WindowManager: updateScale : 0.79357797
03-14 04:09:16.380 1009 1038 W WindowManager: updateScale : 0.79357797
03-14 04:09:16.400 1009 1185 I ActivityTaskManager: clear resize flag in freeform mode
03-14 04:09:16.400 1009 1185 W WindowManager: updateScale : 0.72782874
03-14 04:09:16.401 1009 1185 W WindowManager: updateScale : 0.72782874
03-14 04:09:16.403 1009 2178 W WindowManager: updateScale : 0.72782874
03-14 04:09:16.416 1009 1185 I ActivityTaskManager: clear resize flag in freeform mode
03-14 04:09:16.416 1009 1185 W WindowManager: updateScale : 0.6727829
03-14 04:09:16.424 1009 2178 W WindowManager: updateScale : 0.6727829
03-14 04:09:16.433 1009 1185 I ActivityTaskManager: clear resize flag in freeform mode
03-14 04:09:16.433 1009 1185 W WindowManager: updateScale : 0.62691134
03-14 04:09:16.444 1009 2178 W WindowManager: updateScale : 0.62691134
03-14 04:09:16.450 1009 1185 I ActivityTaskManager: clear resize flag in freeform mode
03-14 04:09:16.450 1009 1185 W WindowManager: updateScale : 0.58868504
03-14 04:09:16.461 1009 2178 W WindowManager: updateScale : 0.58868504
03-14 04:09:16.466 1009 1185 I ActivityTaskManager: clear resize flag in freeform mode
03-14 04:09:16.467 1009 1185 W WindowManager: updateScale : 0.559633
03-14 04:09:16.478 1009 1038 W WindowManager: updateScale : 0.559633
03-14 04:09:16.483 1009 1185 I ActivityTaskManager: clear resize flag in freeform mode
03-14 04:09:16.484 1009 1185 W WindowManager: updateScale : 0.5351682
03-14 04:09:16.495 1009 1038 W WindowManager: updateScale : 0.5351682
03-14 04:09:16.500 1009 1185 I ActivityTaskManager: clear resize flag in freeform mode
03-14 04:09:16.500 1009 1185 W WindowManager: updateScale : 0.51376146
03-14 04:09:16.512 1009 1038 W WindowManager: updateScale : 0.51376146
03-14 04:09:16.516 1009 1185 I ActivityTaskManager: clear resize flag in freeform mode
03-14 04:09:16.517 1009 1185 W WindowManager: updateScale : 0.5
03-14 04:09:16.528 1009 1038 W WindowManager: updateScale : 0.5
03-14 04:09:16.533 1009 1185 I ActivityTaskManager: clear resize flag in freeform mode
03-14 04:09:16.534 1009 1185 W WindowManager: updateScale : 0.48776758
03-14 04:09:16.545 1009 1038 W WindowManager: updateScale : 0.48776758
03-14 04:09:16.550 1009 1185 I ActivityTaskManager: clear resize flag in freeform mode
03-14 04:09:16.551 1009 1185 W WindowManager: updateScale : 0.47859326
