03-14 04:04:55.552 1009 1194 I am_wtf : [0,1009,system_server,-1,DisplayDeviceConfig,requesting nits when no mapping exists.]
03-14 04:04:55.568 1009 1194 I am_wtf : [0,1009,system_server,-1,DisplayDeviceConfig,requesting nits when no mapping exists.]
03-14 04:04:55.569 1009 1194 I am_wtf : [0,1009,system_server,-1,DisplayDeviceConfig,requesting nits when no mapping exists.]
03-14 04:04:55.584 1009 1194 I am_wtf : [0,1009,system_server,-1,DisplayDeviceConfig,requesting nits when no mapping exists.]
03-14 04:04:55.586 1009 1194 I am_wtf : [0,1009,system_server,-1,DisplayDeviceConfig,requesting nits when no mapping exists.]
03-14 04:04:55.601 1009 1194 I am_wtf : [0,1009,system_server,-1,DisplayDeviceConfig,requesting nits when no mapping exists.]
03-14 04:04:55.603 1009 1194 I am_wtf : [0,1009,system_server,-1,DisplayDeviceConfig,requesting nits when no mapping exists.]
03-14 04:04:55.619 1009 1194 I am_wtf : [0,1009,system_server,-1,DisplayDeviceConfig,requesting nits when no mapping exists.]
03-14 04:04:55.619 1009 1194 I am_wtf : [0,1009,system_server,-1,DisplayDeviceConfig,requesting nits when no mapping exists.]
03-14 04:04:55.635 1009 1194 I am_wtf : [0,1009,system_server,-1,DisplayDeviceConfig,requesting nits when no mapping exists.]
03-14 04:04:55.636 1009 1194 I am_wtf : [0,1009,system_server,-1,DisplayDeviceConfig,requesting nits when no mapping exists.]
03-14 04:04:55.652 1009 1194 I am_wtf : [0,1009,system_server,-1,DisplayDeviceConfig,requesting nits when no mapping exists.]
03-14 04:04:55.653 1009 1194 I am_wtf : [0,1009,system_server,-1,DisplayDeviceConfig,requesting nits when no mapping exists.]
03-14 04:04:55.668 1009 1194 I am_wtf : [0,1009,system_server,-1,DisplayDeviceConfig,requesting nits when no mapping exists.]
03-14 04:04:55.669 1009 1194 I am_wtf : [0,1009,system_server,-1,DisplayDeviceConfig,requesting nits when no mapping exists.]
03-14 04:04:55.685 1009 1194 I am_wtf : [0,1009,system_server,-1,DisplayDeviceConfig,requesting nits when no mapping exists.]
03-14 04:04:55.686 1009 1194 I am_wtf : [0,1009,system_server,-1,DisplayDeviceConfig,requesting nits when no mapping exists.]
03-14 04:04:55.701 1009 1194 I am_wtf : [0,1009,system_server,-1,DisplayDeviceConfig,requesting nits when no mapping exists.]
03-14 04:04:55.702 1009 1194 I am_wtf : [0,1009,system_server,-1,DisplayDeviceConfig,requesting nits when no mapping exists.]
03-14 04:04:55.719 1009 1194 I am_wtf : [0,1009,system_server,-1,DisplayDeviceConfig,requesting nits when no mapping exists.]
03-14 04:04:55.719 1009 1194 I am_wtf : [0,1009,system_server,-1,DisplayDeviceConfig,requesting nits when no mapping exists.]
03-14 04:04:55.735 1009 1194 I am_wtf : [0,1009,system_server,-1,DisplayDeviceConfig,requesting nits when no mapping exists.]
03-14 04:04:55.736 1009 1194 I am_wtf : [0,1009,system_server,-1,DisplayDeviceConfig,requesting nits when no mapping exists.]
03-14 04:04:55.751 1009 1194 I am_wtf : [0,1009,system_server,-1,DisplayDeviceConfig,requesting nits when no mapping exists.]
03-14 04:04:55.753 1009 1194 I am_wtf : [0,1009,system_server,-1,DisplayDeviceConfig,requesting nits when no mapping exists.]
03-14 04:04:55.768 1009 1194 I am_wtf : [0,1009,system_server,-1,DisplayDeviceConfig,requesting nits when no mapping exists.]
03-14 04:04:55.769 1009 1194 I am_wtf : [0,1009,system_server,-1,DisplayDeviceConfig,requesting nits when no mapping exists.]
03-14 04:04:55.787 1009 1194 I am_wtf : [0,1009,system_server,-1,DisplayDeviceConfig,requesting nits when no mapping exists.]
03-14 04:04:55.787 1009 1194 I am_wtf : [0,1009,system_server,-1,DisplayDeviceConfig,requesting nits when no mapping exists.]
03-14 04:04:55.802 1009 1194 I am_wtf : [0,1009,system_server,-1,DisplayDeviceConfig,requesting nits when no mapping exists.]
03-14 04:04:55.803 1009 1194 I am_wtf : [0,1009,system_server,-1,DisplayDeviceConfig,requesting nits when no mapping exists.]
03-14 04:04:55.819 1009 1194 I am_wtf : [0,1009,system_server,-1,DisplayDeviceConfig,requesting nits when no mapping exists.]
03-14 04:04:55.821 1009 1194 I am_wtf : [0,1009,system_server,-1,DisplayDeviceConfig,requesting nits when no mapping exists.]
03-14 04:04:55.835 1009 1194 I am_wtf : [0,1009,system_server,-1,DisplayDeviceConfig,requesting nits when no mapping exists.]
03-14 04:04:55.836 1009 1194 I am_wtf : [0,1009,system_server,-1,DisplayDeviceConfig,requesting nits when no mapping exists.]
01-01 08:14:24.551 0 0 I [schedu][0x3dd66a9aa][04:04:55.849940] wlan: [3591:I:WMA] [04:04:55.772000] [ROAM_TRIGGER]: VDEV[0] Reason: "LOW RSSI" Cur_Rssi threshold:91 Current AP RSSI: 87
01-01 08:14:24.551 0 0 I [schedu][0x3dd66abe7][04:04:55.849970] wlan: [3591:I:WMA] [04:04:55.772000] [ROAM_SCAN]: VDEV[0] Scan_type: PARTIAL next_rssi_threshold: 92 dBm {2412 }
01-01 08:14:24.551 0 0 I [schedu][0x3dd66ac96][04:04:55.849979] wlan: [3591:I:WMA] ============================================================================================================================
01-01 08:14:24.551 0 0 I [schedu][0x3dd66ad7f][04:04:55.849991] wlan: [3591:I:WMA] AP BSSID TSTAMP CH TY ETP RSSI/SCR CU%/SCR TOT_SCR BL_RSN BL_SRC BL_TSTAMP BL_TIMEOUT(ms)
01-01 08:14:24.551 0 0 I [schedu][0x3dd66ae27][04:04:55.850000] wlan: [3591:I:WMA] ============================================================================================================================
03-14 04:04:55.852 1009 1194 I am_wtf : [0,1009,system_server,-1,DisplayDeviceConfig,requesting nits when no mapping exists.]
01-01 08:14:24.551 0 0 I [schedu][0x3dd66b0dd][04:04:55.850036] wlan: [3591:I:WMA] d6:44:3b:15:39:91 [04:04:55.772000] 2412 P_AP 0 87/0 0/0 1005 0 0 [00:00:00.000000] 0
03-14 04:04:55.853 1009 1194 I am_wtf : [0,1009,system_server,-1,DisplayDeviceConfig,requesting nits when no mapping exists.]
01-01 08:14:24.551 0 0 I [schedu][0x3dd66b1ce][04:04:55.850048] wlan: [3591:I:WMA] [04:04:55.832000] [ROAM_RESULT]: VDEV[0] FAILED Reason: NO AP FOUND
03-14 04:04:55.868 1009 1194 I am_wtf : [0,1009,system_server,-1,DisplayDeviceConfig,requesting nits when no mapping exists.]
03-14 04:04:55.869 1009 1194 I am_wtf : [0,1009,system_server,-1,DisplayDeviceConfig,requesting nits when no mapping exists.]
03-14 04:04:55.887 1009 1194 I am_wtf : [0,1009,system_server,-1,DisplayDeviceConfig,requesting nits when no mapping exists.]
03-14 04:04:55.888 1009 1194 I am_wtf : [0,1009,system_server,-1,DisplayDeviceConfig,requesting nits when no mapping exists.]
03-14 04:04:55.902 1009 1194 I am_wtf : [0,1009,system_server,-1,DisplayDeviceConfig,requesting nits when no mapping exists.]
03-14 04:04:55.903 1009 1194 I am_wtf : [0,1009,system_server,-1,DisplayDeviceConfig,requesting nits when no mapping exists.]
03-14 04:04:55.919 1009 1194 I am_wtf : [0,1009,system_server,-1,DisplayDeviceConfig,requesting nits when no mapping exists.]
03-14 04:04:55.919 1009 1194 I am_wtf : [0,1009,system_server,-1,DisplayDeviceConfig,requesting nits when no mapping exists.]
03-14 04:04:55.936 1009 1194 I am_wtf : [0,1009,system_server,-1,DisplayDeviceConfig,requesting nits when no mapping exists.]
03-14 04:04:55.936 1009 1194 I am_wtf : [0,1009,system_server,-1,DisplayDeviceConfig,requesting nits when no mapping exists.]
03-14 04:04:55.952 1009 1194 I am_wtf : [0,1009,system_server,-1,DisplayDeviceConfig,requesting nits when no mapping exists.]
03-14 04:04:55.953 1009 1194 I am_wtf : [0,1009,system_server,-1,DisplayDeviceConfig,requesting nits when no mapping exists.]
03-14 04:04:55.969 1009 1194 I am_wtf : [0,1009,system_server,-1,DisplayDeviceConfig,requesting nits when no mapping exists.]
03-14 04:04:55.970 1009 1194 I am_wtf : [0,1009,system_server,-1,DisplayDeviceConfig,requesting nits when no mapping exists.]
03-14 04:04:55.986 1009 1194 I am_wtf : [0,1009,system_server,-1,DisplayDeviceConfig,requesting nits when no mapping exists.]
03-14 04:04:55.987 1009 1194 I am_wtf : [0,1009,system_server,-1,DisplayDeviceConfig,requesting nits when no mapping exists.]
03-14 04:04:56.002 1009 1194 I am_wtf : [0,1009,system_server,-1,DisplayDeviceConfig,requesting nits when no mapping exists.]
03-14 04:04:56.003 1009 1194 I am_wtf : [0,1009,system_server,-1,DisplayDeviceConfig,requesting nits when no mapping exists.]
03-14 04:04:56.019 1009 1194 I am_wtf : [0,1009,system_server,-1,DisplayDeviceConfig,requesting nits when no mapping exists.]
03-14 04:04:56.019 1009 1194 I am_wtf : [0,1009,system_server,-1,DisplayDeviceConfig,requesting nits when no mapping exists.]
03-14 04:04:56.036 1009 1194 I am_wtf : [0,1009,system_server,-1,DisplayDeviceConfig,requesting nits when no mapping exists.]
03-14 04:04:56.036 1009 1194 I am_wtf : [0,1009,system_server,-1,DisplayDeviceConfig,requesting nits when no mapping exists.]
03-14 04:04:56.052 1009 1194 I am_wtf : [0,1009,system_server,-1,DisplayDeviceConfig,requesting nits when no mapping exists.]
03-14 04:04:56.053 1009 1194 I am_wtf : [0,1009,system_server,-1,DisplayDeviceConfig,requesting nits when no mapping exists.]
03-14 04:04:56.069 1009 1194 I am_wtf : [0,1009,system_server,-1,DisplayDeviceConfig,requesting nits when no mapping exists.]
03-14 04:04:56.070 1009 1194 I am_wtf : [0,1009,system_server,-1,DisplayDeviceConfig,requesting nits when no mapping exists.]
03-14 04:04:56.086 1009 1194 I am_wtf : [0,1009,system_server,-1,DisplayDeviceConfig,requesting nits when no mapping exists.]
03-14 04:04:56.087 1009 1194 I am_wtf : [0,1009,system_server,-1,DisplayDeviceConfig,requesting nits when no mapping exists.]
03-14 04:04:56.102 1009 1194 I am_wtf : [0,1009,system_server,-1,DisplayDeviceConfig,requesting nits when no mapping exists.]
03-14 04:04:56.103 1009 1194 I am_wtf : [0,1009,system_server,-1,DisplayDeviceConfig,requesting nits when no mapping exists.]
03-14 04:04:56.119 1009 1194 I am_wtf : [0,1009,system_server,-1,DisplayDeviceConfig,requesting nits when no mapping exists.]
03-14 04:04:56.119 1009 1194 I am_wtf : [0,1009,system_server,-1,DisplayDeviceConfig,requesting nits when no mapping exists.]
03-14 04:04:56.136 1009 1194 I am_wtf : [0,1009,system_server,-1,DisplayDeviceConfig,requesting nits when no mapping exists.]
03-14 04:04:56.137 1009 1194 I am_wtf : [0,1009,system_server,-1,DisplayDeviceConfig,requesting nits when no mapping exists.]
03-14 04:04:56.153 1009 1194 I am_wtf : [0,1009,system_server,-1,DisplayDeviceConfig,requesting nits when no mapping exists.]
03-14 04:04:56.154 1009 1194 I am_wtf : [0,1009,system_server,-1,DisplayDeviceConfig,requesting nits when no mapping exists.]
03-14 04:04:56.169 1009 1194 I am_wtf : [0,1009,system_server,-1,DisplayDeviceConfig,requesting nits when no mapping exists.]
03-14 04:04:56.169 1009 1194 I am_wtf : [0,1009,system_server,-1,DisplayDeviceConfig,requesting nits when no mapping exists.]
03-14 04:04:56.186 1009 1194 I am_wtf : [0,1009,system_server,-1,DisplayDeviceConfig,requesting nits when no mapping exists.]
03-14 04:04:56.187 1009 1194 I am_wtf : [0,1009,system_server,-1,DisplayDeviceConfig,requesting nits when no mapping exists.]
03-14 04:04:56.203 1009 1194 I am_wtf : [0,1009,system_server,-1,DisplayDeviceConfig,requesting nits when no mapping exists.]
03-14 04:04:56.203 1009 1194 I am_wtf : [0,1009,system_server,-1,DisplayDeviceConfig,requesting nits when no mapping exists.]
03-14 04:04:56.219 1009 1194 I am_wtf : [0,1009,system_server,-1,DisplayDeviceConfig,requesting nits when no mapping exists.]
03-14 04:04:56.219 1009 1194 I am_wtf : [0,1009,system_server,-1,DisplayDeviceConfig,requesting nits when no mapping exists.]
03-14 04:04:56.236 1009 1194 I am_wtf : [0,1009,system_server,-1,DisplayDeviceConfig,requesting nits when no mapping exists.]
03-14 04:04:56.237 1009 1194 I am_wtf : [0,1009,system_server,-1,DisplayDeviceConfig,requesting nits when no mapping exists.]
03-14 04:04:56.253 1009 1194 I am_wtf : [0,1009,system_server,-1,DisplayDeviceConfig,requesting nits when no mapping exists.]
03-14 04:04:56.254 1009 1194 I am_wtf : [0,1009,system_server,-1,DisplayDeviceConfig,requesting nits when no mapping exists.]
03-14 04:04:56.269 1009 1194 I am_wtf : [0,1009,system_server,-1,DisplayDeviceConfig,requesting nits when no mapping exists.]
03-14 04:04:56.270 1009 1194 I am_wtf : [0,1009,system_server,-1,DisplayDeviceConfig,requesting nits when no mapping exists.]
03-14 04:04:56.287 1009 1194 I am_wtf : [0,1009,system_server,-1,DisplayDeviceConfig,requesting nits when no mapping exists.]
03-14 04:04:56.288 1009 1194 I am_wtf : [0,1009,system_server,-1,DisplayDeviceConfig,requesting nits when no mapping exists.]
03-14 04:04:56.303 1009 1194 I am_wtf : [0,1009,system_server,-1,DisplayDeviceConfig,requesting nits when no mapping exists.]
03-14 04:04:56.304 1009 1194 I am_wtf : [0,1009,system_server,-1,DisplayDeviceConfig,requesting nits when no mapping exists.]
03-14 04:04:56.319 1009 1194 I am_wtf : [0,1009,system_server,-1,DisplayDeviceConfig,requesting nits when no mapping exists.]
03-14 04:04:56.320 1009 1194 I am_wtf : [0,1009,system_server,-1,DisplayDeviceConfig,requesting nits when no mapping exists.]
03-14 04:04:56.336 1009 1194 I am_wtf : [0,1009,system_server,-1,DisplayDeviceConfig,requesting nits when no mapping exists.]
03-14 04:04:56.337 1009 1194 I am_wtf : [0,1009,system_server,-1,DisplayDeviceConfig,requesting nits when no mapping exists.]
01-01 08:14:25.683 0 0 E DTC_ETH,link_delay_work_func: 3003, SQI=0, link=0
03-14 04:04:57.966 1009 1009 I notification_enqueue: [10086,8885,com.android.music,1,NULL,0,Notification(channel=Channel-music shortcut=null contentView=null vibrate=null sound=null defaults=0x0 flags=0x40 color=0x00000000 category=transport actions=4 vis=PRIVATE),1]
03-14 04:04:57.970 1009 1009 I notification_enqueue: [10086,8885,com.android.music,1,NULL,0,Notification(channel=Channel-music shortcut=null contentView=null vibrate=null sound=null defaults=0x0 flags=0x40 color=0x00000000 category=transport actions=4 vis=PRIVATE),1]
03-14 04:04:58.849 1009 1009 I service_manager_stats: [152,78,5169]
03-14 04:04:58.937 1009 1009 I notification_enqueue: [10086,8885,com.android.music,1,NULL,0,Notification(channel=Channel-music shortcut=null contentView=null vibrate=null sound=null defaults=0x0 flags=0x62 color=0x00000000 category=transport actions=4 vis=PRIVATE),1]
03-14 04:04:59.032 1009 1009 I notification_enqueue: [10086,8885,com.android.music,1,NULL,0,Notification(channel=Channel-music shortcut=null contentView=null vibrate=null sound=null defaults=0x0 flags=0x2 color=0x00000000 category=transport actions=4 vis=PRIVATE),1]
03-14 04:04:59.259 5866 5866 I auditd : type=1400 audit(0.0:3409): avc: denied { open } for comm="HCDN_DownloadEn" path="/proc/stat" dev="proc" ino=4026532236 scontext=u:r:untrusted_app:s0:c102,c256,c512,c768 tcontext=u:object_r:proc_stat:s0 tclass=file permissive=1 app=com.qiyi.video
03-14 04:04:59.259 5866 5866 I auditd : type=1400 audit(0.0:3410): avc: denied { getattr } for comm="HCDN_DownloadEn" path="/proc/stat" dev="proc" ino=4026532236 scontext=u:r:untrusted_app:s0:c102,c256,c512,c768 tcontext=u:object_r:proc_stat:s0 tclass=file permissive=1 app=com.qiyi.video
01-01 08:14:30.807 0 0 E DTC_ETH,link_delay_work_func: 3003, SQI=0, link=0
01-01 08:14:35.923 0 0 E DTC_ETH,link_delay_work_func: 3003, SQI=0, link=0
03-14 04:05:12.155 2999 7706 I force_gc: Binder
01-01 08:14:41.043 0 0 E DTC_ETH,link_delay_work_func: 3003, SQI=0, link=0
03-14 04:05:16.431 1009 1587 I input_interaction: Interaction with: b68d17 com.android.launcher3/com.android.launcher3.uioverrides.QuickstepLauncher (server), 8c59581 com.android.systemui.ImageWallpaper (server), edge-swipe (server), swipe-up (server), PointerEventDispatcher0 (server),
01-01 08:14:46.163 0 0 E DTC_ETH,link_delay_work_func: 3003, SQI=0, link=0
03-14 04:05:17.550 1009 2180 I wm_task_moved: [145,1,9]
03-14 04:05:17.550 1009 2180 I wm_task_to_front: [0,145]
03-14 04:05:17.551 1009 2180 I wm_focused_root_task: [0,0,145,148,bringingFoundTaskToFront]
03-14 04:05:17.553 1009 2180 I wm_set_resumed_activity: [0,com.android.music/.VideoBrowserActivity,bringingFoundTaskToFront]
03-14 04:05:17.554 8885 8885 I wm_on_top_resumed_lost_called: [202497138,com.android.music.MusicBrowserActivity,topStateChangedWhenResumed]
03-14 04:05:17.562 2625 2625 E AndroidRuntime: FATAL EXCEPTION: main
03-14 04:05:17.562 2625 2625 E AndroidRuntime: Process: com.android.launcher3, PID: 2625
03-14 04:05:17.562 2625 2625 E AndroidRuntime: java.lang.NullPointerException: Attempt to read from field 'java.lang.String com.android.server.wm.ActivityRecord.shortComponentName' on a null object reference
03-14 04:05:17.562 2625 2625 E AndroidRuntime: at android.os.Parcel.createExceptionOrNull(Parcel.java:2431)
03-14 04:05:17.562 2625 2625 E AndroidRuntime: at android.os.Parcel.createException(Parcel.java:2409)
03-14 04:05:17.562 2625 2625 E AndroidRuntime: at android.os.Parcel.readException(Parcel.java:2392)
03-14 04:05:17.562 2625 2625 E AndroidRuntime: at android.os.Parcel.readException(Parcel.java:2334)
03-14 04:05:17.562 2625 2625 E AndroidRuntime: at android.app.IActivityTaskManager$Stub$Proxy.startActivity(IActivityTaskManager.java:2381)
03-14 04:05:17.562 2625 2625 E AndroidRuntime: at android.app.Instrumentation.execStartActivity(Instrumentation.java:1745)
03-14 04:05:17.562 2625 2625 E AndroidRuntime: at android.app.Activity.startActivityForResult(Activity.java:5438)
03-14 04:05:17.562 2625 2625 E AndroidRuntime: at com.android.launcher3.Launcher.startActivityForResult(Launcher.java:1809)
03-14 04:05:17.562 2625 2625 E AndroidRuntime: at com.android.launcher3.BaseQuickstepLauncher.startActivityForResult(BaseQuickstepLauncher.java:265)
03-14 04:05:17.562 2625 2625 E AndroidRuntime: at android.app.Activity.startActivity(Activity.java:5778)
03-14 04:05:17.562 2625 2625 E AndroidRuntime: at com.android.launcher3.freewindow.FreeWindowHelper.coldStart(FreeWindowHelper.java:86)
03-14 04:05:17.562 2625 2625 E AndroidRuntime: at com.android.launcher3.popup.SystemShortcut$SmallWindow.onClick(SystemShortcut.java:278)
03-14 04:05:17.562 2625 2625 E AndroidRuntime: at android.view.View.performClick(View.java:7441)
03-14 04:05:17.562 2625 2625 E AndroidRuntime: at android.view.View.performClickInternal(View.java:7418)
03-14 04:05:17.562 2625 2625 E AndroidRuntime: at android.view.View.access$3700(View.java:835)
03-14 04:05:17.562 2625 2625 E AndroidRuntime: at android.view.View$PerformClick.run(View.java:28681)
03-14 04:05:17.562 2625 2625 E AndroidRuntime: at android.os.Handler.handleCallback(Handler.java:938)
03-14 04:05:17.562 2625 2625 E AndroidRuntime: at android.os.Handler.dispatchMessage(Handler.java:99)
03-14 04:05:17.562 2625 2625 E AndroidRuntime: at android.os.Looper.loopOnce(Looper.java:201)
03-14 04:05:17.562 2625 2625 E AndroidRuntime: at android.os.Looper.loop(Looper.java:288)
03-14 04:05:17.562 2625 2625 E AndroidRuntime: at android.app.ActivityThread.main(ActivityThread.java:7880)
03-14 04:05:17.562 2625 2625 E AndroidRuntime: at java.lang.reflect.Method.invoke(Native Method)
03-14 04:05:17.562 2625 2625 E AndroidRuntime: at com.android.internal.os.RuntimeInit$MethodAndArgsCaller.run(RuntimeInit.java:548)
03-14 04:05:17.562 2625 2625 E AndroidRuntime: at com.android.internal.os.ZygoteInit.main(ZygoteInit.java:1009)
03-14 04:05:17.562 2625 2625 E AndroidRuntime: Caused by: android.os.RemoteException: Remote stack trace:
03-14 04:05:17.562 2625 2625 E AndroidRuntime: at com.android.server.wm.FreeFormWindowHelper.lambda$addRootTaskReferenceIfNeeded$1$FreeFormWindowHelper(FreeFormWindowHelper.java:331)
03-14 04:05:17.562 2625 2625 E AndroidRuntime: at com.android.server.wm.FreeFormWindowHelper$$ExternalSyntheticLambda0.accept(Unknown Source:4)
03-14 04:05:17.562 2625 2625 E AndroidRuntime: at com.android.server.wm.ActivityRecord.forAllActivities(ActivityRecord.java:4082)
03-14 04:05:17.562 2625 2625 E AndroidRuntime: at com.android.server.wm.WindowContainer.forAllActivities(WindowContainer.java:1457)
03-14 04:05:17.562 2625 2625 E AndroidRuntime: at com.android.server.wm.WindowContainer.forAllActivities(WindowContainer.java:1451)
03-14 04:05:17.562 2625 2625 E AndroidRuntime:
03-14 04:05:17.563 1009 7626 I am_crash: [2625,0,com.android.launcher3,617332293,java.lang.NullPointerException,Remote stack trace:
03-14 04:05:17.563 1009 7626 I am_crash: at com.android.server.wm.FreeFormWindowHelper.lambda$addRootTaskReferenceIfNeeded$1$FreeFormWindowHelper(FreeFormWindowHelper.java:331)
03-14 04:05:17.563 1009 7626 I am_crash: at com.android.server.wm.FreeFormWindowHelper$$ExternalSyntheticLambda0.accept(Unknown Source:4)
03-14 04:05:17.563 1009 7626 I am_crash: at com.android.server.wm.ActivityRecord.forAllActivities(ActivityRecord.java:4082)
03-14 04:05:17.563 1009 7626 I am_crash: at com.android.server.wm.WindowContainer.forAllActivities(WindowContainer.java:1457)
03-14 04:05:17.563 1009 7626 I am_crash: at com.android.server.wm.WindowContainer.forAllActivities(WindowContainer.java:1451)
03-14 04:05:17.563 1009 7626 I am_crash: ,Parcel.java,2431]
03-14 04:05:17.565 1009 7626 I sysui_multi_action: [757,316,758,4,759,-1]
03-14 04:05:17.615 1009 7626 I am_proc_died: [0,2625,com.android.launcher3,100,2]
03-14 04:05:17.616 1009 7626 I am_schedule_service_restart: [0,com.android.launcher3/com.android.quickstep.TouchInteractionService,1000]
03-14 04:05:17.621 1009 7626 I am_uid_stopped: 10074
03-14 04:05:17.628 1009 7626 I wm_set_resumed_activity: [0,com.android.music/.VideoBrowserActivity,resumeTopActivityInnerLocked]
03-14 04:05:17.630 1009 7626 I wm_resume_activity: [0,136907642,145,com.android.music/.VideoBrowserActivity]
03-14 04:05:17.635 1009 1183 I am_uid_running: 10074
03-14 04:05:17.648 1009 1188 I am_pss : [9335,10102,com.qiyi.video:plugin1,38860800,15327232,0,150769664,0,19,6]
03-14 04:05:17.651 8885 8885 I wm_on_restart_called: [136907642,com.android.music.VideoBrowserActivity,performRestartActivity]
03-14 04:05:17.651 8885 8885 I wm_on_start_called: [136907642,com.android.music.VideoBrowserActivity,handleStartActivity]
03-14 04:05:17.651 8885 8885 I wm_on_resume_called: [136907642,com.android.music.VideoBrowserActivity,RESUME_ACTIVITY]
03-14 04:05:17.651 8885 8885 I wm_on_top_resumed_gained_called: [136907642,com.android.music.VideoBrowserActivity,topWhenResuming]
03-14 04:05:17.654 1009 1188 I am_pss : [3263,1000,com.qti.diagservices,6366208,4071424,0,95420416,0,10,5]
03-14 04:05:17.656 1009 1195 I am_proc_start: [0,9562,10074,com.android.launcher3,activity,{com.android.launcher3/com.android.launcher3.uioverrides.QuickstepLauncher}]
03-14 04:05:17.665 1009 1184 I input_focus: [Focus request 65f0f59 com.android.music/com.android.music.VideoBrowserActivity,reason=UpdateInputWindows]
01-01 08:14:46.377 0 0 I binder : 9562:9562 ioctl 40046210 7fd9aef714 returned -22
03-14 04:05:17.689 1009 9560 I am_proc_bound: [0,9562,com.android.launcher3]
03-14 04:05:17.692 1009 1587 I input_focus: [Focus leaving 65e7b88 com.android.music/com.android.music.MusicBrowserActivity (server),reason=setFocusedWindow]
03-14 04:05:17.692 1009 1587 I input_focus: [Focus entering 65f0f59 com.android.music/com.android.music.VideoBrowserActivity (server),reason=setFocusedWindow]
03-14 04:05:17.701 1009 9560 I wm_restart_activity: [0,196755772,127,com.android.launcher3/.uioverrides.QuickstepLauncher]
03-14 04:05:17.702 1009 9560 I am_uid_active: 10074
03-14 04:05:17.731 5866 5866 I auditd : type=1400 audit(0.0:3411): avc: denied { open } for comm="HCDN_DownloadEn" path="/proc/stat" dev="proc" ino=4026532236 scontext=u:r:untrusted_app:s0:c102,c256,c512,c768 tcontext=u:object_r:proc_stat:s0 tclass=file permissive=1 app=com.qiyi.video
03-14 04:05:17.731 5866 5866 I auditd : type=1400 audit(0.0:3412): avc: denied { getattr } for comm="HCDN_DownloadEn" path="/proc/stat" dev="proc" ino=4026532236 scontext=u:r:untrusted_app:s0:c102,c256,c512,c768 tcontext=u:object_r:proc_stat:s0 tclass=file permissive=1 app=com.qiyi.video
01-01 08:14:46.489 0 0 I binder : 9562:9584 ioctl 40046210 6ea47fb254 returned -22
03-14 04:05:17.947 9562 9562 I wm_on_create_called: [196755772,com.android.launcher3.uioverrides.QuickstepLauncher,performCreate]
03-14 04:05:17.948 9562 9562 I wm_on_start_called: [196755772,com.android.launcher3.uioverrides.QuickstepLauncher,handleStartActivity]
03-14 04:05:17.948 9562 9562 I wm_on_resume_called: [196755772,com.android.launcher3.uioverrides.QuickstepLauncher,RESUME_ACTIVITY]
03-14 04:05:18.967 0 0 I auditd : type=1400 audit(0.0:3413): avc: denied { kill } for comm="swapper/2" capability=5 scontext=u:r:kernel:s0 tcontext=u:r:kernel:s0 tclass=capability permissive=1
03-14 04:05:19.463 1009 1587 I input_interaction: Interaction with: 65f0f59 com.android.music/com.android.music.VideoBrowserActivity (server), edge-swipe (server), swipe-up (server), PointerEventDispatcher0 (server),
03-14 04:05:19.599 1009 1587 I input_interaction: Interaction with: WindowManager (server), edge-swipe (server), swipe-up (server), PointerEventDispatcher0 (server),
03-14 04:05:19.600 8885 8885 I view_enqueue_input_event: [Motion - Cancel,com.android.music/com.android.music.VideoBrowserActivity]
01-01 08:14:51.283 0 0 E DTC_ETH,link_delay_work_func: 3003, SQI=0, link=0
03-14 04:05:22.967 0 0 I auditd : type=1400 audit(0.0:3414): avc: denied { kill } for comm="swapper/1" capability=5 scontext=u:r:kernel:s0 tcontext=u:r:kernel:s0 tclass=capability permissive=1
01-01 08:14:56.403 0 0 E DTC_ETH,link_delay_work_func: 3003, SQI=0, link=0
01-01 08:15:01.523 0 0 E DTC_ETH,link_delay_work_func: 3003, SQI=0, link=0
01-01 08:15:06.643 0 0 E DTC_ETH,link_delay_work_func: 3003, SQI=0, link=0
03-14 04:05:38.090 1009 1661 I netstats_mobile_sample: [0,0,0,0,0,0,0,0,0,0,0,0,1678869396729]
03-14 04:05:38.090 1009 1661 I netstats_wifi_sample: [15842203,21713,3285151,19281,15842203,21713,3285151,19281,9938723,17417,2621132,15026,1678869396729]
01-01 08:15:11.763 0 0 E DTC_ETH,link_delay_work_func: 3003, SQI=0, link=0
03-14 04:05:45.635 1009 1587 I input_interaction: Interaction with: 65f0f59 com.android.music/com.android.music.VideoBrowserActivity (server), edge-swipe (server), swipe-up (server), PointerEventDispatcher0 (server),
03-14 04:05:45.728 8885 8885 I view_enqueue_input_event: [Motion - Cancel,com.android.music/com.android.music.VideoBrowserActivity]
03-14 04:05:45.740 1009 1587 I input_interaction: Interaction with: WindowManager (server), edge-swipe (server), swipe-up (server), PointerEventDispatcher0 (server),
01-01 08:15:16.883 0 0 E DTC_ETH,link_delay_work_func: 3003, SQI=0, link=0
01-01 08:15:22.003 0 0 E DTC_ETH,link_delay_work_func: 3003, SQI=0, link=0
03-14 04:05:54.732 1009 1587 I input_interaction: Interaction with: 65f0f59 com.android.music/com.android.music.VideoBrowserActivity (server), edge-swipe (server), swipe-up (server), PointerEventDispatcher0 (server),
03-14 04:05:54.816 8885 8885 I view_enqueue_input_event: [Motion - Cancel,com.android.music/com.android.music.VideoBrowserActivity]
03-14 04:05:54.826 1009 1587 I input_interaction: Interaction with: WindowManager (server), edge-swipe (server), swipe-up (server), PointerEventDispatcher0 (server),
03-14 04:05:56.036 1009 1587 I input_interaction: Interaction with: 65f0f59 com.android.music/com.android.music.VideoBrowserActivity (server), edge-swipe (server), swipe-up (server), PointerEventDispatcher0 (server),
03-14 04:05:56.154 8885 8885 I view_enqueue_input_event: [Motion - Cancel,com.android.music/com.android.music.VideoBrowserActivity]
03-14 04:05:56.159 1009 1587 I input_interaction: Interaction with: WindowManager (server), edge-swipe (server), swipe-up (server), PointerEventDispatcher0 (server),
01-01 08:15:25.619 0 0 I perf : interrupt took too long (3157 > 3153), lowering kernel.perf_event_max_sample_rate to 63250
01-01 08:15:27.123 0 0 E DTC_ETH,link_delay_work_func: 3003, SQI=0, link=0
01-01 08:15:32.243 0 0 E DTC_ETH,link_delay_work_func: 3003, SQI=0, link=0
03-14 04:06:06.731 6881 6881 I auditd : type=1400 audit(0.0:3415): avc: denied { open } for comm="HCDN_DownloadEn" path="/proc/stat" dev="proc" ino=4026532236 scontext=u:r:untrusted_app:s0:c102,c256,c512,c768 tcontext=u:object_r:proc_stat:s0 tclass=file permissive=1 app=com.qiyi.video
03-14 04:06:06.731 6881 6881 I auditd : type=1400 audit(0.0:3416): avc: denied { getattr } for comm="HCDN_DownloadEn" path="/proc/stat" dev="proc" ino=4026532236 scontext=u:r:untrusted_app:s0:c102,c256,c512,c768 tcontext=u:object_r:proc_stat:s0 tclass=file permissive=1 app=com.qiyi.video
01-01 08:15:36.636 0 0 I [schedu][0x42fe58001][04:06:07.935571] wlan: [3591:I:WMA] [04:06:07.850000] [ROAM_TRIGGER]: VDEV[0] Reason: "LOW RSSI" Cur_Rssi threshold:91 Current AP RSSI: 77
01-01 08:15:36.637 0 0 I [schedu][0x42fe58342][04:06:07.935614] wlan: [3591:I:WMA] [04:06:07.850000] [ROAM_SCAN]: VDEV[0] Scan_type: PARTIAL next_rssi_threshold: 81 dBm {2412 }
01-01 08:15:36.637 0 0 I [schedu][0x42fe58473][04:06:07.935630] wlan: [3591:I:WMA] ============================================================================================================================
01-01 08:15:36.637 0 0 I [schedu][0x42fe5861f][04:06:07.935653] wlan: [3591:I:WMA] AP BSSID TSTAMP CH TY ETP RSSI/SCR CU%/SCR TOT_SCR BL_RSN BL_SRC BL_TSTAMP BL_TIMEOUT(ms)
01-01 08:15:36.637 0 0 I [schedu][0x42fe58743][04:06:07.935668] wlan: [3591:I:WMA] ============================================================================================================================
01-01 08:15:36.637 0 0 I [schedu][0x42fe58978][04:06:07.935697] wlan: [3591:I:WMA] d6:44:3b:15:39:91 [04:06:07.850000] 2412 P_AP 0 77/0 0/0 1557 0 0 [00:00:00.000000] 0
01-01 08:15:36.637 0 0 I [schedu][0x42fe58b21][04:06:07.935719] wlan: [3591:I:WMA] [04:06:07.909000] [ROAM_RESULT]: VDEV[0] FAILED Reason: NO AP FOUND
01-01 08:15:37.363 0 0 E DTC_ETH,link_delay_work_func: 3003, SQI=0, link=0
01-01 08:15:38.159 0 0 I [schedu][0x431a38d3e][04:06:09.458095] wlan: [3591:I:WMA] [04:06:07.919000] [ROAM_TRIGGER]: VDEV[0] Reason: "LOW RSSI" Sub-Reason: FULL SCAN Cur_Rssi threshold:81 Current AP RSSI: 77
01-01 08:15:38.159 0 0 I [schedu][0x431a38fd3][04:06:09.458129] wlan: [3591:I:WMA] [04:06:07.919000] [ROAM_SCAN]: VDEV[0] Scan_type: FULL next_rssi_threshold: 82 dBm
01-01 08:15:38.159 0 0 I [schedu][0x431a39080][04:06:09.458138] wlan: [3591:I:WMA] ============================================================================================================================
01-01 08:15:38.159 0 0 I [schedu][0x431a39173][04:06:09.458150] wlan: [3591:I:WMA] AP BSSID TSTAMP CH TY ETP RSSI/SCR CU%/SCR TOT_SCR BL_RSN BL_SRC BL_TSTAMP BL_TIMEOUT(ms)
01-01 08:15:38.159 0 0 I [schedu][0x431a393e6][04:06:09.458183] wlan: [3591:I:WMA] ============================================================================================================================
01-01 08:15:38.159 0 0 I [schedu][0x431a39552][04:06:09.458202] wlan: [3591:I:WMA] d6:44:3b:15:39:91 [04:06:07.919000] 2412 P_AP 0 77/0 0/0 1557 0 0 [00:00:00.000000] 0
01-01 08:15:38.159 0 0 I [schedu][0x431a39658][04:06:09.458216] wlan: [3591:I:WMA] [04:06:09.431000] [ROAM_RESULT]: VDEV[0] FAILED Reason: NO AP FOUND
01-01 08:15:41.208 0 0 D cnss : Host time = 941209050 us, device time = 904405240 us, offset = 36803810 us
01-01 08:15:41.208 0 0 D cnss : Updated time sync regs [0x984] = 0x23194e2, [0x988] = 0x0
01-01 08:15:42.110 0 0 I binder : 1009:1499 ioctl 400c620e 6e6d7375d8 returned -22
01-01 08:15:42.112 0 0 I binder : 1009:1499 ioctl c00c620f 6e6d7375b8 returned -22
03-14 04:06:13.410 1009 1499 I am_freeze: [7362,system:ui]
03-14 04:06:13.413 1009 1499 I am_kill : [0,7362,system:ui,955,Unable to freeze binder interface]
03-14 04:06:13.467 1009 2153 I am_proc_died: [0,7362,system:ui,955,19]
03-14 04:06:13.482 1009 1188 I am_pss : [9562,10074,com.android.launcher3,82988032,76779520,0,207261696,0,2,11]
03-14 04:06:13.500 1009 1188 I am_pss : [8885,10086,com.android.music,160951296,154361856,0,284815360,0,2,16]
01-01 08:15:42.483 0 0 E DTC_ETH,link_delay_work_func: 3003, SQI=0, link=0
01-01 08:15:47.603 0 0 E DTC_ETH,link_delay_work_func: 3003, SQI=0, link=0
01-01 08:15:51.489 0 0 I [schedu][0x440e4b05d][04:06:22.787629] wlan: [3591:I:WMA] [04:06:22.696000] [ROAM_TRIGGER]: VDEV[0] Reason: "LOW RSSI" Cur_Rssi threshold:87 Current AP RSSI: 82
01-01 08:15:51.489 0 0 I [schedu][0x440e4b37d][04:06:22.787671] wlan: [3591:I:WMA] [04:06:22.696000] [ROAM_SCAN]: VDEV[0] Scan_type: PARTIAL next_rssi_threshold: 87 dBm {2412 }
01-01 08:15:51.489 0 0 I [schedu][0x440e4b48f][04:06:22.787685] wlan: [3591:I:WMA] ============================================================================================================================
01-01 08:15:51.489 0 0 I [schedu][0x440e4ba64][04:06:22.787763] wlan: [3591:I:WMA] AP BSSID TSTAMP CH TY ETP RSSI/SCR CU%/SCR TOT_SCR BL_RSN BL_SRC BL_TSTAMP BL_TIMEOUT(ms)
01-01 08:15:51.489 0 0 I [schedu][0x440e4bb84][04:06:22.787778] wlan: [3591:I:WMA] ============================================================================================================================
01-01 08:15:51.489 0 0 I [schedu][0x440e4bd7b][04:06:22.787804] wlan: [3591:I:WMA] d6:44:3b:15:39:91 [04:06:22.696000] 2412 P_AP 0 82/0 0/0 1005 0 0 [00:00:00.000000] 0
01-01 08:15:51.489 0 0 I [schedu][0x440e4bf08][04:06:22.787825] wlan: [3591:I:WMA] [04:06:22.754000] [ROAM_RESULT]: VDEV[0] FAILED Reason: NO AP FOUND
01-01 08:15:52.723 0 0 E DTC_ETH,link_delay_work_func: 3003, SQI=0, link=0
01-01 08:15:57.843 0 0 E DTC_ETH,link_delay_work_func: 3003, SQI=0, link=0
01-01 08:16:02.963 0 0 E DTC_ETH,link_delay_work_func: 3003, SQI=0, link=0
03-14 04:06:34.967 0 0 I auditd : type=1400 audit(0.0:3417): avc: denied { kill } for comm="swapper/2" capability=5 scontext=u:r:kernel:s0 tcontext=u:r:kernel:s0 tclass=capability permissive=1
01-01 08:16:07.127 0 0 I logd : logdr: UID=2000 GID=2000 PID=9624 b tail=0 logMask=bf pid=0 start=0ns deadline=0ns
01-01 08:16:08.083 0 0 E DTC_ETH,link_delay_work_func: 3003, SQI=0, link=0
03-14 04:06:41.797 1009 1587 I input_interaction: Interaction with: 65f0f59 com.android.music/com.android.music.VideoBrowserActivity (server), edge-swipe (server), swipe-up (server), PointerEventDispatcher0 (server),
03-14 04:06:41.897 8885 8885 I view_enqueue_input_event: [Motion - Cancel,com.android.music/com.android.music.VideoBrowserActivity]
03-14 04:06:41.903 1009 1587 I input_interaction: Interaction with: WindowManager (server), edge-swipe (server), swipe-up (server), PointerEventDispatcher0 (server),
03-14 04:06:42.717 1009 1587 I input_interaction: Interaction with: 65e7b88 com.android.music/com.android.music.MusicBrowserActivity (server), edge-swipe (server), swipe-up (server), PointerEventDispatcher0 (server),
03-14 04:06:42.719 1009 1183 I wm_task_moved: [148,1,9]
03-14 04:06:42.719 1009 1183 I wm_task_to_front: [0,148]
03-14 04:06:42.724 1009 1183 I wm_set_resumed_activity: [0,com.android.music/.MusicBrowserActivity,positionChildAt]
03-14 04:06:42.724 1009 1183 I wm_focused_root_task: [0,0,148,145,setFocusedTask]
03-14 04:06:42.724 1009 1183 I wm_set_resumed_activity: [0,com.android.music/.MusicBrowserActivity,setFocusedTask]
03-14 04:06:42.725 1009 1184 I input_focus: [Focus request 65e7b88 com.android.music/com.android.music.MusicBrowserActivity,reason=UpdateInputWindows]
03-14 04:06:42.727 8885 8885 I wm_on_top_resumed_lost_called: [136907642,com.android.music.VideoBrowserActivity,topStateChangedWhenResumed]
03-14 04:06:42.743 8885 8885 I wm_on_top_resumed_gained_called: [202497138,com.android.music.MusicBrowserActivity,topStateChangedWhenResumed]
03-14 04:06:42.746 1009 1587 I input_focus: [Focus leaving 65f0f59 com.android.music/com.android.music.VideoBrowserActivity (server),reason=setFocusedWindow]
03-14 04:06:42.746 1009 1587 I input_focus: [Focus entering 65e7b88 com.android.music/com.android.music.MusicBrowserActivity (server),reason=setFocusedWindow]
03-14 04:06:42.865 1009 1587 I input_interaction: Interaction with: WindowManager (server), edge-swipe (server), swipe-up (server), PointerEventDispatcher0 (server),
03-14 04:06:42.865 8885 8885 I view_enqueue_input_event: [Motion - Cancel,com.android.music/com.android.music.MusicBrowserActivity]
01-01 08:16:13.203 0 0 E DTC_ETH,link_delay_work_func: 3003, SQI=0, link=0
03-14 04:06:44.551 1009 1587 I input_interaction: Interaction with: 65e7b88 com.android.music/com.android.music.MusicBrowserActivity (server), edge-swipe (server), swipe-up (server), PointerEventDispatcher0 (server),
03-14 04:06:44.686 8885 8885 I view_enqueue_input_event: [Motion - Cancel,com.android.music/com.android.music.MusicBrowserActivity]
03-14 04:06:44.688 1009 1587 I input_interaction: Interaction with: WindowManager (server), edge-swipe (server), swipe-up (server), PointerEventDispatcher0 (server),
03-14 04:06:44.988 1009 1009 I service_manager_stats: [100,73,106139]
03-14 04:06:46.094 1009 1587 I input_interaction: Interaction with: 65e7b88 com.android.music/com.android.music.MusicBrowserActivity (server), edge-swipe (server), swipe-up (server), PointerEventDispatcher0 (server),
03-14 04:06:47.259 8885 8885 I view_enqueue_input_event: [Motion - Cancel,com.android.music/com.android.music.MusicBrowserActivity]
03-14 04:06:47.271 1009 1587 I input_interaction: Interaction with: WindowManager (server), edge-swipe (server), swipe-up (server), PointerEventDispatcher0 (server),
03-14 04:06:48.871 1009 1587 I input_interaction: Interaction with: 65e7b88 com.android.music/com.android.music.MusicBrowserActivity (server), edge-swipe (server), swipe-up (server), PointerEventDispatcher0 (server),
03-14 04:06:48.998 8885 8885 I view_enqueue_input_event: [Motion - Cancel,com.android.music/com.android.music.MusicBrowserActivity]
03-14 04:06:49.004 1009 1587 I input_interaction: Interaction with: WindowManager (server), edge-swipe (server), swipe-up (server), PointerEventDispatcher0 (server),
01-01 08:16:18.323 0 0 E DTC_ETH,link_delay_work_func: 3003, SQI=0, link=0
03-14 04:06:49.969 1009 1587 I input_interaction: Interaction with: 65f0f59 com.android.music/com.android.music.VideoBrowserActivity (server), edge-swipe (server), swipe-up (server), PointerEventDispatcher0 (server),
03-14 04:06:49.971 1009 1183 I wm_task_moved: [145,1,9]
03-14 04:06:49.971 1009 1183 I wm_task_to_front: [0,145]
03-14 04:06:49.977 1009 1183 I wm_set_resumed_activity: [0,com.android.music/.VideoBrowserActivity,positionChildAt]
03-14 04:06:49.977 1009 1183 I wm_focused_root_task: [0,0,145,148,setFocusedTask]
03-14 04:06:49.977 1009 1183 I wm_set_resumed_activity: [0,com.android.music/.VideoBrowserActivity,setFocusedTask]
03-14 04:06:49.978 1009 1184 I input_focus: [Focus request 65f0f59 com.android.music/com.android.music.VideoBrowserActivity,reason=UpdateInputWindows]
03-14 04:06:49.983 8885 8885 I wm_on_top_resumed_lost_called: [202497138,com.android.music.MusicBrowserActivity,topStateChangedWhenResumed]
03-14 04:06:49.995 8885 8885 I wm_on_top_resumed_gained_called: [136907642,com.android.music.VideoBrowserActivity,topStateChangedWhenResumed]
03-14 04:06:49.997 1009 1587 I input_focus: [Focus leaving 65e7b88 com.android.music/com.android.music.MusicBrowserActivity (server),reason=setFocusedWindow]
03-14 04:06:49.997 1009 1587 I input_focus: [Focus entering 65f0f59 com.android.music/com.android.music.VideoBrowserActivity (server),reason=setFocusedWindow]
03-14 04:06:50.066 8885 8885 I view_enqueue_input_event: [Motion - Cancel,com.android.music/com.android.music.VideoBrowserActivity]
03-14 04:06:50.075 1009 1587 I input_interaction: Interaction with: WindowManager (server), edge-swipe (server), swipe-up (server), PointerEventDispatcher0 (server),
03-14 04:06:51.776 1009 1587 I input_interaction: Interaction with: 65e7b88 com.android.music/com.android.music.MusicBrowserActivity (server), edge-swipe (server), swipe-up (server), PointerEventDispatcher0 (server),
03-14 04:06:51.778 1009 1183 I wm_task_moved: [148,1,9]
03-14 04:06:51.778 1009 1183 I wm_task_to_front: [0,148]
03-14 04:06:51.783 1009 1183 I wm_set_resumed_activity: [0,com.android.music/.MusicBrowserActivity,positionChildAt]
03-14 04:06:51.783 1009 1183 I wm_focused_root_task: [0,0,148,145,setFocusedTask]
03-14 04:06:51.783 1009 1183 I wm_set_resumed_activity: [0,com.android.music/.MusicBrowserActivity,setFocusedTask]
03-14 04:06:51.784 1009 1184 I input_focus: [Focus request 65e7b88 com.android.music/com.android.music.MusicBrowserActivity,reason=UpdateInputWindows]
03-14 04:06:51.788 8885 8885 I wm_on_top_resumed_lost_called: [136907642,com.android.music.VideoBrowserActivity,topStateChangedWhenResumed]
03-14 04:06:51.799 8885 8885 I wm_on_top_resumed_gained_called: [202497138,com.android.music.MusicBrowserActivity,topStateChangedWhenResumed]
03-14 04:06:51.801 1009 1587 I input_focus: [Focus leaving 65f0f59 com.android.music/com.android.music.VideoBrowserActivity (server),reason=setFocusedWindow]
03-14 04:06:51.801 1009 1587 I input_focus: [Focus entering 65e7b88 com.android.music/com.android.music.MusicBrowserActivity (server),reason=setFocusedWindow]
03-14 04:06:51.903 8885 8885 I view_enqueue_input_event: [Motion - Cancel,com.android.music/com.android.music.MusicBrowserActivity]
03-14 04:06:51.908 1009 1587 I input_interaction: Interaction with: WindowManager (server), edge-swipe (server), swipe-up (server), PointerEventDispatcher0 (server),
03-14 04:06:53.270 1009 1587 I input_interaction: Interaction with: 65f0f59 com.android.music/com.android.music.VideoBrowserActivity (server), edge-swipe (server), swipe-up (server), PointerEventDispatcher0 (server),
03-14 04:06:53.272 1009 1183 I wm_task_moved: [145,1,9]
03-14 04:06:53.272 1009 1183 I wm_task_to_front: [0,145]
03-14 04:06:53.277 1009 1183 I wm_set_resumed_activity: [0,com.android.music/.VideoBrowserActivity,positionChildAt]
03-14 04:06:53.278 1009 1183 I wm_focused_root_task: [0,0,145,148,setFocusedTask]
03-14 04:06:53.278 1009 1183 I wm_set_resumed_activity: [0,com.android.music/.VideoBrowserActivity,setFocusedTask]
03-14 04:06:53.279 1009 1184 I input_focus: [Focus request 65f0f59 com.android.music/com.android.music.VideoBrowserActivity,reason=UpdateInputWindows]
03-14 04:06:53.286 8885 8885 I wm_on_top_resumed_lost_called: [202497138,com.android.music.MusicBrowserActivity,topStateChangedWhenResumed]
03-14 04:06:53.301 8885 8885 I wm_on_top_resumed_gained_called: [136907642,com.android.music.VideoBrowserActivity,topStateChangedWhenResumed]
03-14 04:06:53.305 1009 1587 I input_focus: [Focus leaving 65e7b88 com.android.music/com.android.music.MusicBrowserActivity (server),reason=setFocusedWindow]
03-14 04:06:53.305 1009 1587 I input_focus: [Focus entering 65f0f59 com.android.music/com.android.music.VideoBrowserActivity (server),reason=setFocusedWindow]
03-14 04:06:53.390 8885 8885 I view_enqueue_input_event: [Motion - Cancel,com.android.music/com.android.music.VideoBrowserActivity]
03-14 04:06:53.393 1009 1587 I input_interaction: Interaction with: WindowManager (server), edge-swipe (server), swipe-up (server), PointerEventDispatcher0 (server),
01-01 08:16:23.443 0 0 E DTC_ETH,link_delay_work_func: 3003, SQI=0, link=0
01-01 08:16:28.563 0 0 E DTC_ETH,link_delay_work_func: 3003, SQI=0, link=0
01-01 08:16:33.683 0 0 E DTC_ETH,link_delay_work_func: 3003, SQI=0, link=0
01-01 08:16:36.624 0 0 I binder : 1009:1499 ioctl 400c620e 6e6d7375d8 returned -22
01-01 08:16:36.626 0 0 I binder : 1009:1499 ioctl c00c620f 6e6d7375b8 returned -22
03-14 04:07:07.924 1009 1499 I am_freeze: [7628,com.android.documentsui]
03-14 04:07:07.928 1009 1499 I am_kill : [0,7628,com.android.documentsui,910,Unable to freeze binder interface]
03-14 04:07:07.969 1009 2153 I am_proc_died: [0,7628,com.android.documentsui,910,16]
03-14 04:07:07.974 1009 2153 I am_uid_stopped: 10023
03-14 04:07:07.986 1009 1188 I am_pss : [9562,10074,com.android.launcher3,83957760,77250560,0,208019456,0,2,8]
03-14 04:07:07.994 1009 1188 I am_pss : [8886,10064,com.android.gallery3d,24708096,18931712,0,140152832,0,16,7]
03-14 04:07:08.155 9651 9651 I auditd : type=1400 audit(0.0:3418): avc: denied { read } for comm="app_process" name="u:object_r:odsign_prop:s0" dev="tmpfs" ino=3410 scontext=u:r:shell:s0 tcontext=u:object_r:odsign_prop:s0 tclass=file permissive=1
03-14 04:07:08.155 9651 9651 I auditd : type=1400 audit(0.0:3419): avc: denied { open } for comm="app_process" path="/dev/__properties__/u:object_r:odsign_prop:s0" dev="tmpfs" ino=3410 scontext=u:r:shell:s0 tcontext=u:object_r:odsign_prop:s0 tclass=file permissive=1
03-14 04:07:08.155 9651 9651 I auditd : type=1400 audit(0.0:3420): avc: denied { getattr } for comm="app_process" path="/dev/__properties__/u:object_r:odsign_prop:s0" dev="tmpfs" ino=3410 scontext=u:r:shell:s0 tcontext=u:object_r:odsign_prop:s0 tclass=file permissive=1
03-14 04:07:08.155 9651 9651 I auditd : type=1400 audit(0.0:3421): avc: denied { map } for comm="app_process" path="/dev/__properties__/u:object_r:odsign_prop:s0" dev="tmpfs" ino=3410 scontext=u:r:shell:s0 tcontext=u:object_r:odsign_prop:s0 tclass=file permissive=1
01-01 08:16:36.963 0 0 I binder : 9651:9651 ioctl 40046210 7fd3ef6124 returned -22
01-01 08:16:37.007 0 0 I binder : 9651:9670 ioctl 40046210 74a585f484 returned -22
01-01 08:16:37.021 0 0 I msm_vidc: high: 00000001: ....e: Opening video instance: 0000000000000000, 0
01-01 08:16:37.021 0 0 I msm_vidc: err : 00000001: ....e: Failed to create debugfs for msm_vidc
01-01 08:16:37.147 0 0 I binder : 9665:9665 ioctl 40046210 7fd3394384 returned -22
01-01 08:16:37.741 0 0 W audit : audit_lost=4031 audit_rate_limit=5 audit_backlog_limit=64
01-01 08:16:37.741 0 0 E audit : rate limit exceeded
03-14 04:07:09.035 9694 9694 I auditd : type=1400 audit(0.0:3422): avc: denied { open } for comm="getprop" path="/dev/__properties__/u:object_r:ab_update_gki_prop:s0" dev="tmpfs" ino=3256 scontext=u:r:shell:s0 tcontext=u:object_r:ab_update_gki_prop:s0 tclass=file permissive=1
03-14 04:07:09.035 9694 9694 I auditd : type=1400 audit(0.0:3423): avc: denied { getattr } for comm="getprop" path="/dev/__properties__/u:object_r:ab_update_gki_prop:s0" dev="tmpfs" ino=3256 scontext=u:r:shell:s0 tcontext=u:object_r:ab_update_gki_prop:s0 tclass=file permissive=1
03-14 04:07:09.035 9694 9694 I auditd : type=1400 audit(0.0:3424): avc: denied { map } for comm="getprop" path="/dev/__properties__/u:object_r:ab_update_gki_prop:s0" dev="tmpfs" ino=3256 scontext=u:r:shell:s0 tcontext=u:object_r:ab_update_gki_prop:s0 tclass=file permissive=1
03-14 04:07:09.035 9694 9694 I auditd : type=1400 audit(0.0:3425): avc: denied { open } for comm="getprop" path="/dev/__properties__/u:object_r:adbd_prop:s0" dev="tmpfs" ino=3258 scontext=u:r:shell:s0 tcontext=u:object_r:adbd_prop:s0 tclass=file permissive=1
03-14 04:07:09.623 6881 6881 I auditd : type=1400 audit(0.0:4040): avc: denied { open } for comm="HCDN_DownloadEn" path="/proc/stat" dev="proc" ino=4026532236 scontext=u:r:untrusted_app:s0:c102,c256,c512,c768 tcontext=u:object_r:proc_stat:s0 tclass=file permissive=1 app=com.qiyi.video
03-14 04:07:09.623 6881 6881 I auditd : type=1400 audit(0.0:4041): avc: denied { getattr } for comm="HCDN_DownloadEn" path="/proc/stat" dev="proc" ino=4026532236 scontext=u:r:untrusted_app:s0:c102,c256,c512,c768 tcontext=u:object_r:proc_stat:s0 tclass=file permissive=1 app=com.qiyi.video
03-14 04:07:09.967 0 0 I auditd : type=1400 audit(0.0:4042): avc: denied { kill } for comm="swapper/3" capability=5 scontext=u:r:kernel:s0 tcontext=u:r:kernel:s0 tclass=capability permissive=1
01-01 08:16:38.807 0 0 E DTC_ETH,link_delay_work_func: 3003, SQI=0, link=0
01-01 08:16:38.867 0 0 I binder : 9700:9700 ioctl 40046210 7ff7d877b4 returned -22
01-01 08:16:41.358 0 0 I binder : 1009:1499 ioctl 400c620e 6e6d7375d8 returned -22
01-01 08:16:41.360 0 0 I binder : 1009:1499 ioctl c00c620f 6e6d7375b8 returned -22
03-14 04:07:12.659 1009 1499 I am_freeze: [8886,com.android.gallery3d]
03-14 04:07:12.662 1009 1499 I am_kill : [0,8886,com.android.gallery3d,900,Unable to freeze binder interface]
03-14 04:07:12.717 1009 2153 I am_proc_died: [0,8886,com.android.gallery3d,900,16]
03-14 04:07:12.720 1009 2153 I am_uid_stopped: 10064
01-01 08:16:41.976 0 0 I qcom_rpmh DRV: apps_rsc TCS Busy, retrying RPMH message send: addr=0x40d00
01-01 08:16:43.924 0 0 E DTC_ETH,link_delay_work_func: 3003, SQI=0, link=0
01-01 08:16:44.244 0 0 I binder : 1009:1499 ioctl 400c620e 6e6d7375d8 returned -22
01-01 08:16:44.246 0 0 I binder : 1009:1499 ioctl c00c620f 6e6d7375b8 returned -22
03-14 04:07:15.544 1009 1499 I am_freeze: [4503,com.android.externalstorage]
03-14 04:07:15.552 1009 1499 I am_freeze: [3103,android.process.media]
01-01 08:16:44.252 0 0 I binder : 1009:1499 ioctl 400c620e 6e6d7375d8 returned -22
01-01 08:16:44.253 0 0 I binder : 1009:1499 ioctl c00c620f 6e6d7375b8 returned -22
03-14 04:07:15.556 1009 1499 I am_kill : [0,4503,com.android.externalstorage,945,Unable to freeze binder interface]
03-14 04:07:15.560 1009 1499 I am_kill : [0,3103,android.process.media,945,Unable to freeze binder interface]
03-14 04:07:15.610 1009 2153 I am_proc_died: [0,4503,com.android.externalstorage,945,19]
03-14 04:07:15.610 1009 2153 I am_uid_stopped: 10028
03-14 04:07:15.618 1009 2153 I am_proc_died: [0,3103,android.process.media,945,19]
03-14 04:07:15.619 1009 2153 I am_uid_stopped: 10017
01-01 08:16:49.043 0 0 E DTC_ETH,link_delay_work_func: 3003, SQI=0, link=0
01-01 08:16:54.167 0 0 E DTC_ETH,link_delay_work_func: 3003, SQI=0, link=0
01-01 08:16:59.283 0 0 E DTC_ETH,link_delay_work_func: 3003, SQI=0, link=0
01-01 08:17:04.407 0 0 E DTC_ETH,link_delay_work_func: 3003, SQI=0, link=0
01-01 08:17:09.523 0 0 E DTC_ETH,link_delay_work_func: 3003, SQI=0, link=0
01-01 08:17:14.643 0 0 E DTC_ETH,link_delay_work_func: 3003, SQI=0, link=0
01-01 08:17:19.763 0 0 E DTC_ETH,link_delay_work_func: 3003, SQI=0, link=0
01-01 08:17:24.883 0 0 E DTC_ETH,link_delay_work_func: 3003, SQI=0, link=0
01-01 08:17:30.003 0 0 E DTC_ETH,link_delay_work_func: 3003, SQI=0, link=0
