03-14 04:36:49.031 782 1605 I input_focus: [Focus leaving e892cf3 com.android.launcher3/com.android.launcher3.uioverrides.QuickstepLauncher (server),reason=setFocusedWindow]
03-14 04:36:49.031 782 1605 I input_focus: [Focus entering 93ad077 com.android.music/com.android.music.MusicBrowserActivity (server),reason=setFocusedWindow]
03-14 04:36:49.032 782 782 I notification_enqueue: [10086,7303,com.android.music,1,NULL,0,Notification(channel=Channel-music shortcut=null contentView=null vibrate=null sound=null defaults=0x0 flags=0x2 color=0x00000000 category=transport actions=4 vis=PRIVATE),1]
03-14 04:36:49.038 782 782 I notification_enqueue: [10086,7303,com.android.music,1,NULL,0,Notification(channel=Channel-music shortcut=null contentView=null vibrate=null sound=null defaults=0x0 flags=0x42 color=0x00000000 category=transport actions=4 vis=PRIVATE),1]
03-14 04:36:50.395 782 872 I am_uid_idle: 10065
03-14 04:36:50.882 782 4680 I wm_new_intent: [0,118302257,173,com.android.music/.MusicBrowserActivity,android.intent.action.MAIN,NULL,NULL,270532608]
03-14 04:36:50.882 782 4680 I wm_task_moved: [173,1,7]
03-14 04:36:50.883 782 4680 I wm_set_resumed_activity: [0,com.android.music/.MusicBrowserActivity,positionChildAt]
03-14 04:36:50.901 7303 7303 I wm_on_top_resumed_lost_called: [118302257,com.android.music.MusicBrowserActivity,pausing]
03-14 04:36:50.902 7303 7303 I wm_on_paused_called: [118302257,com.android.music.MusicBrowserActivity,performPause]
03-14 04:36:50.916 7303 7303 I wm_on_resume_called: [118302257,com.android.music.MusicBrowserActivity,LIFECYCLER_RESUME_ACTIVITY]
03-14 04:36:50.923 7303 7303 I wm_on_top_resumed_gained_called: [118302257,com.android.music.MusicBrowserActivity,topWhenResuming]
03-14 04:36:51.598 782 6955 I wm_new_intent: [0,118302257,173,com.android.music/.MusicBrowserActivity,android.intent.action.MAIN,NULL,NULL,270532608]
03-14 04:36:51.599 782 6955 I wm_task_moved: [173,1,7]
03-14 04:36:51.600 782 6955 I wm_set_resumed_activity: [0,com.android.music/.MusicBrowserActivity,positionChildAt]
03-14 04:36:51.609 7303 7303 I wm_on_top_resumed_lost_called: [118302257,com.android.music.MusicBrowserActivity,pausing]
03-14 04:36:51.610 7303 7303 I wm_on_paused_called: [118302257,com.android.music.MusicBrowserActivity,performPause]
03-14 04:36:51.627 7303 7303 I wm_on_resume_called: [118302257,com.android.music.MusicBrowserActivity,LIFECYCLER_RESUME_ACTIVITY]
03-14 04:36:51.634 7303 7303 I wm_on_top_resumed_gained_called: [118302257,com.android.music.MusicBrowserActivity,topWhenResuming]
03-14 04:36:51.835 782 4133 I wm_new_intent: [0,118302257,173,com.android.music/.MusicBrowserActivity,android.intent.action.MAIN,NULL,NULL,270532608]
03-14 04:36:51.835 782 4133 I wm_task_moved: [173,1,7]
03-14 04:36:51.836 782 4133 I wm_set_resumed_activity: [0,com.android.music/.MusicBrowserActivity,positionChildAt]
03-14 04:36:51.851 7303 7303 I wm_on_top_resumed_lost_called: [118302257,com.android.music.MusicBrowserActivity,pausing]
03-14 04:36:51.852 7303 7303 I wm_on_paused_called: [118302257,com.android.music.MusicBrowserActivity,performPause]
03-14 04:36:51.863 7303 7303 I wm_on_resume_called: [118302257,com.android.music.MusicBrowserActivity,LIFECYCLER_RESUME_ACTIVITY]
03-14 04:36:51.869 7303 7303 I wm_on_top_resumed_gained_called: [118302257,com.android.music.MusicBrowserActivity,topWhenResuming]
03-14 04:36:51.987 782 4680 I wm_new_intent: [0,118302257,173,com.android.music/.MusicBrowserActivity,android.intent.action.MAIN,NULL,NULL,270532608]
03-14 04:36:51.987 782 4680 I wm_task_moved: [173,1,7]
03-14 04:36:51.988 782 4680 I wm_set_resumed_activity: [0,com.android.music/.MusicBrowserActivity,positionChildAt]
03-14 04:36:52.001 7303 7303 I wm_on_top_resumed_lost_called: [118302257,com.android.music.MusicBrowserActivity,pausing]
03-14 04:36:52.001 7303 7303 I wm_on_paused_called: [118302257,com.android.music.MusicBrowserActivity,performPause]
03-14 04:36:52.017 7303 7303 I wm_on_resume_called: [118302257,com.android.music.MusicBrowserActivity,LIFECYCLER_RESUME_ACTIVITY]
03-14 04:36:52.025 7303 7303 I wm_on_top_resumed_gained_called: [118302257,com.android.music.MusicBrowserActivity,topWhenResuming]
03-14 04:36:52.158 782 4680 I wm_new_intent: [0,118302257,173,com.android.music/.MusicBrowserActivity,android.intent.action.MAIN,NULL,NULL,270532608]
03-14 04:36:52.159 782 4680 I wm_task_moved: [173,1,7]
03-14 04:36:52.159 782 4680 I wm_set_resumed_activity: [0,com.android.music/.MusicBrowserActivity,positionChildAt]
03-14 04:36:52.168 7303 7303 I wm_on_top_resumed_lost_called: [118302257,com.android.music.MusicBrowserActivity,pausing]
03-14 04:36:52.169 7303 7303 I wm_on_paused_called: [118302257,com.android.music.MusicBrowserActivity,performPause]
03-14 04:36:52.179 7303 7303 I wm_on_resume_called: [118302257,com.android.music.MusicBrowserActivity,LIFECYCLER_RESUME_ACTIVITY]
03-14 04:36:52.185 7303 7303 I wm_on_top_resumed_gained_called: [118302257,com.android.music.MusicBrowserActivity,topWhenResuming]
03-14 04:36:52.297 782 4133 I wm_new_intent: [0,118302257,173,com.android.music/.MusicBrowserActivity,android.intent.action.MAIN,NULL,NULL,270532608]
03-14 04:36:52.297 782 4133 I wm_task_moved: [173,1,7]
03-14 04:36:52.298 782 4133 I wm_set_resumed_activity: [0,com.android.music/.MusicBrowserActivity,positionChildAt]
03-14 04:36:52.301 7303 7303 I wm_on_top_resumed_lost_called: [118302257,com.android.music.MusicBrowserActivity,pausing]
03-14 04:36:52.302 7303 7303 I wm_on_paused_called: [118302257,com.android.music.MusicBrowserActivity,performPause]
03-14 04:36:52.314 7303 7303 I wm_on_resume_called: [118302257,com.android.music.MusicBrowserActivity,LIFECYCLER_RESUME_ACTIVITY]
03-14 04:36:52.322 7303 7303 I wm_on_top_resumed_gained_called: [118302257,com.android.music.MusicBrowserActivity,topWhenResuming]
03-14 04:36:52.454 782 4680 I wm_new_intent: [0,118302257,173,com.android.music/.MusicBrowserActivity,android.intent.action.MAIN,NULL,NULL,270532608]
03-14 04:36:52.454 782 4680 I wm_task_moved: [173,1,7]
03-14 04:36:52.455 782 4680 I wm_set_resumed_activity: [0,com.android.music/.MusicBrowserActivity,positionChildAt]
03-14 04:36:52.469 7303 7303 I wm_on_top_resumed_lost_called: [118302257,com.android.music.MusicBrowserActivity,pausing]
03-14 04:36:52.469 7303 7303 I wm_on_paused_called: [118302257,com.android.music.MusicBrowserActivity,performPause]
03-14 04:36:52.481 7303 7303 I wm_on_resume_called: [118302257,com.android.music.MusicBrowserActivity,LIFECYCLER_RESUME_ACTIVITY]
03-14 04:36:52.487 7303 7303 I wm_on_top_resumed_gained_called: [118302257,com.android.music.MusicBrowserActivity,topWhenResuming]
03-14 04:36:52.742 782 6955 I wm_new_intent: [0,118302257,173,com.android.music/.MusicBrowserActivity,android.intent.action.MAIN,NULL,NULL,270532608]
03-14 04:36:52.743 782 6955 I wm_task_moved: [173,1,7]
03-14 04:36:52.743 782 6955 I wm_set_resumed_activity: [0,com.android.music/.MusicBrowserActivity,positionChildAt]
03-14 04:36:52.754 7303 7303 I wm_on_top_resumed_lost_called: [118302257,com.android.music.MusicBrowserActivity,pausing]
03-14 04:36:52.754 7303 7303 I wm_on_paused_called: [118302257,com.android.music.MusicBrowserActivity,performPause]
03-14 04:36:52.763 7303 7303 I wm_on_resume_called: [118302257,com.android.music.MusicBrowserActivity,LIFECYCLER_RESUME_ACTIVITY]
03-14 04:36:52.769 7303 7303 I wm_on_top_resumed_gained_called: [118302257,com.android.music.MusicBrowserActivity,topWhenResuming]
01-01 08:46:26.471 0 0 E DTC_ETH,link_delay_work_func: 3003, SQI=0, link=0
03-14 04:36:54.750 782 2190 I wm_task_created: [174,-1]
03-14 04:36:54.751 782 2190 I wm_finish_activity: [0,118302257,173,com.android.music/.MusicBrowserActivity,app-request]
03-14 04:36:54.751 782 2190 I wm_task_moved: [1,1,8]
03-14 04:36:54.752 782 2190 I wm_set_resumed_activity: [0,com.android.launcher3/.uioverrides.QuickstepLauncher,positionChildAt]
03-14 04:36:54.752 782 2190 I wm_task_moved: [102,1,2147483647]
03-14 04:36:54.752 782 2190 I wm_task_to_front: [0,102]
03-14 04:36:54.753 782 2190 I wm_focused_root_task: [0,0,1,-1,finish-top adjustFocusToNextFocusableTask]
03-14 04:36:54.753 782 2190 I wm_set_resumed_activity: [0,com.android.launcher3/.uioverrides.QuickstepLauncher,finish-top]
03-14 04:36:54.757 782 2190 I wm_pause_activity: [0,118302257,com.android.music/.MusicBrowserActivity,userLeaving=false,finish]
03-14 04:36:54.760 782 2190 I wm_task_moved: [174,1,8]
03-14 04:36:54.760 782 2190 I wm_task_to_front: [0,174]
03-14 04:36:54.760 782 2190 I wm_focused_root_task: [0,0,174,1,reuseOrNewTask]
03-14 04:36:54.760 782 2190 I wm_create_task: [0,174]
03-14 04:36:54.760 782 2190 I wm_create_activity: [0,184405996,174,com.android.music/.VideoBrowserActivity,android.intent.action.MAIN,NULL,NULL,270532608]
03-14 04:36:54.760 782 2190 I wm_task_moved: [174,1,8]
03-14 04:36:54.762 782 826 I input_focus: [Focus request e892cf3 com.android.launcher3/com.android.launcher3.uioverrides.QuickstepLauncher,reason=UpdateInputWindows]
03-14 04:36:54.774 7303 7303 I wm_on_top_resumed_lost_called: [118302257,com.android.music.MusicBrowserActivity,topStateChangedWhenResumed]
03-14 04:36:54.776 782 1605 I input_focus: [Focus leaving 93ad077 com.android.music/com.android.music.MusicBrowserActivity (server),reason=NO_WINDOW]
03-14 04:36:54.776 782 1605 I input_focus: [Focus entering e892cf3 com.android.launcher3/com.android.launcher3.uioverrides.QuickstepLauncher (server),reason=setFocusedWindow]
03-14 04:36:54.787 7303 7303 I wm_on_paused_called: [118302257,com.android.music.MusicBrowserActivity,performPause]
03-14 04:36:54.787 782 2190 I wm_add_to_stopping: [0,118302257,com.android.music/.MusicBrowserActivity,completeFinishing]
03-14 04:36:54.788 782 2190 I wm_restart_activity: [0,184405996,174,com.android.music/.VideoBrowserActivity]
03-14 04:36:54.789 782 2190 I wm_set_resumed_activity: [0,com.android.music/.VideoBrowserActivity,minimalResumeActivityLocked]
03-14 04:36:54.791 782 825 I sysui_multi_action: [757,803,799,window_time_0,802,7]
03-14 04:36:54.815 7303 7303 I wm_on_create_called: [184405996,com.android.music.VideoBrowserActivity,performCreate]
03-14 04:36:54.815 7303 7303 I wm_on_start_called: [184405996,com.android.music.VideoBrowserActivity,handleStartActivity]
03-14 04:36:54.816 7303 7303 I wm_on_resume_called: [184405996,com.android.music.VideoBrowserActivity,RESUME_ACTIVITY]
03-14 04:36:54.820 7303 7303 I wm_on_top_resumed_gained_called: [184405996,com.android.music.VideoBrowserActivity,topStateChangedWhenResumed]
03-14 04:36:54.841 782 826 I input_focus: [Focus request 6d764a2 com.android.music/com.android.music.VideoBrowserActivity,reason=UpdateInputWindows]
03-14 04:36:54.846 782 822 I wm_activity_launch_time: [0,184405996,com.android.music/.VideoBrowserActivity,100]
03-14 04:36:54.861 782 1605 I input_focus: [Focus leaving e892cf3 com.android.launcher3/com.android.launcher3.uioverrides.QuickstepLauncher (server),reason=setFocusedWindow]
03-14 04:36:54.861 782 1605 I input_focus: [Focus entering 6d764a2 com.android.music/com.android.music.VideoBrowserActivity (server),reason=setFocusedWindow]
03-14 04:36:55.127 782 825 I wm_destroy_activity: [0,118302257,173,com.android.music/.MusicBrowserActivity,finish-imm:idle]
03-14 04:36:55.130 7303 7303 I wm_on_stop_called: [118302257,com.android.music.MusicBrowserActivity,LIFECYCLER_STOP_ACTIVITY]
03-14 04:36:55.132 7303 7303 I wm_on_destroy_called: [118302257,com.android.music.MusicBrowserActivity,performDestroy]
03-14 04:36:55.133 782 6955 I wm_task_removed: [173,removeChild:removeChild last r=ActivityRecord{70d2631 u0 com.android.music/.MusicBrowserActivity t-1 f}} in t=Task{e1fb2d8 #173 type=standard A=10086:android.task.music U=0 visible=false mode=freeform translucent=true sz=0}]
03-14 04:36:55.133 782 6955 I wm_task_removed: [173,removeChild]
03-14 04:36:57.680 782 6955 I wm_task_moved: [172,1,7]
03-14 04:36:57.680 782 6955 I wm_task_to_front: [0,172]
03-14 04:36:57.681 782 6955 I wm_focused_root_task: [0,0,172,174,bringingFoundTaskToFront]
03-14 04:36:57.681 7303 7303 I wm_on_top_resumed_lost_called: [184405996,com.android.music.VideoBrowserActivity,topStateChangedWhenResumed]
03-14 04:36:57.683 782 6955 I wm_set_resumed_activity: [0,com.android.gallery3d/.app.GalleryActivity,bringingFoundTaskToFront]
03-14 04:36:57.686 782 6955 I wm_finish_activity: [0,184405996,174,com.android.music/.VideoBrowserActivity,app-request]
03-14 04:36:57.699 782 6955 I wm_pause_activity: [0,184405996,com.android.music/.VideoBrowserActivity,userLeaving=false,finish]
03-14 04:36:57.721 782 1605 I input_focus: [Focus leaving 6d764a2 com.android.music/com.android.music.VideoBrowserActivity (server),reason=NO_WINDOW]
03-14 04:36:57.726 7303 7303 I wm_on_paused_called: [184405996,com.android.music.VideoBrowserActivity,performPause]
03-14 04:36:57.731 782 6955 I wm_add_to_stopping: [0,184405996,com.android.music/.VideoBrowserActivity,completeFinishing]
03-14 04:36:57.735 782 6955 I wm_set_resumed_activity: [0,com.android.gallery3d/.app.GalleryActivity,resumeTopActivityInnerLocked]
03-14 04:36:57.735 782 6955 I wm_resume_activity: [0,24285146,172,com.android.gallery3d/.app.GalleryActivity]
03-14 04:36:57.737 782 825 I am_uid_active: 10065
03-14 04:36:57.738 782 825 I sysui_multi_action: [757,803,799,window_time_2,802,3]
03-14 04:36:57.748 5555 5555 I wm_on_restart_called: [24285146,com.android.gallery3d.app.GalleryActivity,performRestartActivity]
03-14 04:36:57.749 5555 5555 I wm_on_start_called: [24285146,com.android.gallery3d.app.GalleryActivity,handleStartActivity]
03-14 04:36:57.751 5555 5555 I wm_on_resume_called: [24285146,com.android.gallery3d.app.GalleryActivity,RESUME_ACTIVITY]
03-14 04:36:57.751 5555 5555 I wm_on_top_resumed_gained_called: [24285146,com.android.gallery3d.app.GalleryActivity,topWhenResuming]
03-14 04:36:57.758 782 826 I input_focus: [Focus request 6c81d94 com.android.gallery3d/com.android.gallery3d.app.GalleryActivity,reason=UpdateInputWindows]
03-14 04:36:57.776 782 822 I sysui_multi_action: [319,97,322,96,325,2788,757,761,758,9,759,2,806,com.android.gallery3d,871,com.android.gallery3d.app.GalleryActivity,904,com.android.launcher3,905,0,1320,4,1321,1]
03-14 04:36:57.786 782 1605 I input_focus: [Focus entering 6c81d94 com.android.gallery3d/com.android.gallery3d.app.GalleryActivity (server),reason=setFocusedWindow]
03-14 04:36:58.053 782 825 I wm_destroy_activity: [0,184405996,174,com.android.music/.VideoBrowserActivity,finish-imm:idle]
03-14 04:36:58.077 7303 7303 I wm_on_stop_called: [184405996,com.android.music.VideoBrowserActivity,LIFECYCLER_STOP_ACTIVITY]
03-14 04:36:58.078 7303 7303 I wm_on_destroy_called: [184405996,com.android.music.VideoBrowserActivity,performDestroy]
03-14 04:36:58.084 782 2190 I wm_task_removed: [174,removeChild:removeChild last r=ActivityRecord{afdcfec u0 com.android.music/.VideoBrowserActivity t-1 f}} in t=Task{a04529f #174 type=standard A=10086:android.task.video U=0 visible=false mode=freeform translucent=true sz=0}]
03-14 04:36:58.084 782 2190 I wm_task_removed: [174,removeChild]
01-01 08:46:31.591 0 0 E DTC_ETH,link_delay_work_func: 3003, SQI=0, link=0
03-14 04:36:58.665 782 1605 I input_interaction: Interaction with: 6c81d94 com.android.gallery3d/com.android.gallery3d.app.GalleryActivity (server), edge-swipe (server), swipe-up (server), PointerEventDispatcher0 (server),
03-14 04:36:59.877 782 1605 I input_interaction: Interaction with: e892cf3 com.android.launcher3/com.android.launcher3.uioverrides.QuickstepLauncher (server), d04e39a com.android.systemui.ImageWallpaper (server), edge-swipe (server), swipe-up (server), PointerEventDispatcher0 (server),
03-14 04:37:00.025 782 2190 I wm_task_moved: [172,1,6]
03-14 04:37:00.025 782 2190 I wm_set_resumed_activity: [0,com.android.gallery3d/.app.GalleryActivity,positionChildAt]
03-14 04:37:00.213 782 4133 I wm_task_moved: [172,1,6]
03-14 04:37:00.213 782 4133 I wm_set_resumed_activity: [0,com.android.gallery3d/.app.GalleryActivity,positionChildAt]
03-14 04:37:00.375 782 4133 I wm_task_moved: [172,1,6]
03-14 04:37:00.375 782 4133 I wm_set_resumed_activity: [0,com.android.gallery3d/.app.GalleryActivity,positionChildAt]
03-14 04:37:00.539 782 4133 I wm_task_moved: [172,1,6]
03-14 04:37:00.539 782 4133 I wm_set_resumed_activity: [0,com.android.gallery3d/.app.GalleryActivity,positionChildAt]
03-14 04:37:00.692 782 4133 I wm_task_moved: [172,1,6]
03-14 04:37:00.693 782 4133 I wm_set_resumed_activity: [0,com.android.gallery3d/.app.GalleryActivity,positionChildAt]
03-14 04:37:00.858 782 4133 I wm_task_moved: [172,1,6]
03-14 04:37:00.858 782 4133 I wm_set_resumed_activity: [0,com.android.gallery3d/.app.GalleryActivity,positionChildAt]
03-14 04:37:01.038 782 4133 I wm_task_moved: [172,1,6]
03-14 04:37:01.039 782 4133 I wm_set_resumed_activity: [0,com.android.gallery3d/.app.GalleryActivity,positionChildAt]
03-14 04:37:01.172 782 2190 I wm_task_moved: [172,1,6]
03-14 04:37:01.172 782 2190 I wm_set_resumed_activity: [0,com.android.gallery3d/.app.GalleryActivity,positionChildAt]
03-14 04:37:01.638 782 1605 I input_interaction: Interaction with: 6c81d94 com.android.gallery3d/com.android.gallery3d.app.GalleryActivity (server), edge-swipe (server), swipe-up (server), PointerEventDispatcher0 (server),
03-14 04:37:02.366 782 1605 I input_interaction: Interaction with: e892cf3 com.android.launcher3/com.android.launcher3.uioverrides.QuickstepLauncher (server), d04e39a com.android.systemui.ImageWallpaper (server), edge-swipe (server), swipe-up (server), PointerEventDispatcher0 (server),
03-14 04:37:02.700 782 2190 I service_manager_stats: [100,59,14893]
03-14 04:37:02.715 782 2190 I wm_task_moved: [172,1,6]
03-14 04:37:02.715 782 2190 I wm_set_resumed_activity: [0,com.android.gallery3d/.app.GalleryActivity,positionChildAt]
03-14 04:37:02.912 782 2190 I wm_task_moved: [172,1,6]
03-14 04:37:02.912 782 2190 I wm_set_resumed_activity: [0,com.android.gallery3d/.app.GalleryActivity,positionChildAt]
03-14 04:37:03.061 782 4133 I wm_task_moved: [172,1,6]
03-14 04:37:03.061 782 4133 I wm_set_resumed_activity: [0,com.android.gallery3d/.app.GalleryActivity,positionChildAt]
03-14 04:37:03.253 782 4133 I wm_task_moved: [172,1,6]
03-14 04:37:03.253 782 4133 I wm_set_resumed_activity: [0,com.android.gallery3d/.app.GalleryActivity,positionChildAt]
01-01 08:46:36.711 0 0 E DTC_ETH,link_delay_work_func: 3003, SQI=0, link=0
03-14 04:37:03.430 782 4133 I wm_task_moved: [172,1,6]
03-14 04:37:03.430 782 4133 I wm_set_resumed_activity: [0,com.android.gallery3d/.app.GalleryActivity,positionChildAt]
03-14 04:37:03.594 782 4133 I wm_task_moved: [172,1,6]
03-14 04:37:03.594 782 4133 I wm_set_resumed_activity: [0,com.android.gallery3d/.app.GalleryActivity,positionChildAt]
03-14 04:37:03.760 782 4133 I wm_task_moved: [172,1,6]
03-14 04:37:03.761 782 4133 I wm_set_resumed_activity: [0,com.android.gallery3d/.app.GalleryActivity,positionChildAt]
03-14 04:37:04.124 4407 4407 I view_enqueue_input_event: [Motion - Cancel,com.android.launcher3/com.android.launcher3.uioverrides.QuickstepLauncher]
03-14 04:37:04.137 782 1605 I input_interaction: Interaction with: edge-swipe (server), swipe-up (server), PointerEventDispatcher0 (server),
03-14 04:37:04.374 782 2190 I sysui_multi_action: [757,803,799,key_back_press,802,1]
03-14 04:37:04.378 782 1605 I input_interaction: Interaction with: 6c81d94 com.android.gallery3d/com.android.gallery3d.app.GalleryActivity (server), PointerEventDispatcher0 (server),
03-14 04:37:04.380 782 2190 I wm_finish_activity: [0,24285146,172,com.android.gallery3d/.app.GalleryActivity,app-request]
03-14 04:37:04.380 782 2190 I wm_task_moved: [1,1,6]
03-14 04:37:04.383 782 2190 I wm_set_resumed_activity: [0,com.android.launcher3/.uioverrides.QuickstepLauncher,positionChildAt]
03-14 04:37:04.383 782 2190 I wm_task_moved: [102,1,2147483647]
03-14 04:37:04.383 782 2190 I wm_task_to_front: [0,102]
03-14 04:37:04.383 782 2190 I wm_focused_root_task: [0,0,1,-1,finish-top adjustFocusToNextFocusableTask]
03-14 04:37:04.383 782 2190 I wm_set_resumed_activity: [0,com.android.launcher3/.uioverrides.QuickstepLauncher,finish-top]
03-14 04:37:04.404 782 2190 I wm_pause_activity: [0,24285146,com.android.gallery3d/.app.GalleryActivity,userLeaving=false,finish]
03-14 04:37:04.409 5555 5555 I wm_on_top_resumed_lost_called: [24285146,com.android.gallery3d.app.GalleryActivity,topStateChangedWhenResumed]
03-14 04:37:04.409 782 826 I input_focus: [Focus request e892cf3 com.android.launcher3/com.android.launcher3.uioverrides.QuickstepLauncher,reason=UpdateInputWindows]
03-14 04:37:04.412 4407 4407 I wm_on_top_resumed_gained_called: [174418215,com.android.launcher3.uioverrides.QuickstepLauncher,topStateChangedWhenResumed]
03-14 04:37:04.425 5555 5555 I wm_on_paused_called: [24285146,com.android.gallery3d.app.GalleryActivity,performPause]
03-14 04:37:04.425 782 2679 I wm_destroy_activity: [0,24285146,172,com.android.gallery3d/.app.GalleryActivity,finish-imm:completePausedLocked]
03-14 04:37:04.427 782 1605 I input_focus: [Focus leaving 6c81d94 com.android.gallery3d/com.android.gallery3d.app.GalleryActivity (server),reason=NO_WINDOW]
03-14 04:37:04.427 782 1605 I input_focus: [Focus entering e892cf3 com.android.launcher3/com.android.launcher3.uioverrides.QuickstepLauncher (server),reason=setFocusedWindow]
03-14 04:37:04.432 782 825 I sysui_multi_action: [757,803,799,window_time_2,802,7]
03-14 04:37:04.442 5555 5555 I wm_on_stop_called: [24285146,com.android.gallery3d.app.GalleryActivity,LIFECYCLER_STOP_ACTIVITY]
03-14 04:37:04.444 5555 5555 I wm_on_destroy_called: [24285146,com.android.gallery3d.app.GalleryActivity,performDestroy]
03-14 04:37:04.733 782 826 I wm_task_removed: [172,removeChild:removeChild last r=ActivityRecord{1728fda u0 com.android.gallery3d/.app.GalleryActivity t-1 f}} in t=Task{9418585 #172 type=standard A=10065:com.android.gallery3d U=0 visible=false mode=freeform translucent=true sz=0}]
03-14 04:37:04.733 782 826 I wm_task_removed: [172,removeChild]
03-14 04:37:05.448 782 1605 I input_interaction: Interaction with: e892cf3 com.android.launcher3/com.android.launcher3.uioverrides.QuickstepLauncher (server), d04e39a com.android.systemui.ImageWallpaper (server), edge-swipe (server), swipe-up (server), PointerEventDispatcher0 (server),
03-14 04:37:06.668 782 4133 I wm_task_created: [175,-1]
03-14 04:37:06.671 782 4133 I wm_task_moved: [175,1,6]
03-14 04:37:06.671 782 4133 I wm_task_to_front: [0,175]
03-14 04:37:06.671 782 4133 I wm_create_task: [0,175]
03-14 04:37:06.671 782 4133 I wm_create_activity: [0,41519375,175,com.android.documentsui/.LauncherActivity,android.intent.action.MAIN,NULL,NULL,270532608]
03-14 04:37:06.671 782 4133 I wm_task_moved: [175,1,6]
03-14 04:37:06.673 4407 4407 I wm_on_top_resumed_lost_called: [174418215,com.android.launcher3.uioverrides.QuickstepLauncher,topStateChangedWhenResumed]
03-14 04:37:06.674 782 825 I am_uid_running: 10024
03-14 04:37:06.679 782 873 I am_proc_start: [0,7517,10024,com.android.documentsui,top-activity,{com.android.documentsui/com.android.documentsui.LauncherActivity}]
01-01 08:46:40.081 0 0 I binder : 7517:7517 ioctl 40046210 7fc8a60c34 returned -22
03-14 04:37:06.687 782 4133 I am_proc_bound: [0,7517,com.android.documentsui]
03-14 04:37:06.689 782 4133 I wm_restart_activity: [0,41519375,175,com.android.documentsui/.LauncherActivity]
03-14 04:37:06.690 782 4133 I wm_set_resumed_activity: [0,com.android.documentsui/.LauncherActivity,minimalResumeActivityLocked]
03-14 04:37:06.690 782 4133 I am_uid_active: 10024
03-14 04:37:06.719 782 4133 I wm_task_created: [176,-1]
03-14 04:37:06.719 782 4133 I wm_finish_activity: [0,41519375,175,com.android.documentsui/.LauncherActivity,app-request]
03-14 04:37:06.719 782 4133 I wm_task_moved: [1,1,7]
03-14 04:37:06.720 782 4133 I wm_set_resumed_activity: [0,com.android.launcher3/.uioverrides.QuickstepLauncher,positionChildAt]
03-14 04:37:06.720 782 4133 I wm_task_moved: [102,1,2147483647]
03-14 04:37:06.720 782 4133 I wm_task_to_front: [0,102]
03-14 04:37:06.720 782 4133 I wm_focused_root_task: [0,0,1,-1,finish-top adjustFocusToNextFocusableTask]
03-14 04:37:06.720 782 4133 I wm_set_resumed_activity: [0,com.android.launcher3/.uioverrides.QuickstepLauncher,finish-top]
03-14 04:37:06.720 782 4133 I wm_pause_activity: [0,41519375,com.android.documentsui/.LauncherActivity,userLeaving=false,finish]
03-14 04:37:06.722 782 4133 I wm_task_moved: [176,1,7]
03-14 04:37:06.722 782 4133 I wm_task_to_front: [0,176]
03-14 04:37:06.722 782 4133 I wm_focused_root_task: [0,0,176,1,reuseOrNewTask]
03-14 04:37:06.722 782 4133 I wm_create_task: [0,176]
03-14 04:37:06.722 782 4133 I wm_create_activity: [0,224280784,176,com.android.documentsui/.files.FilesActivity,NULL,NULL,//com.android.documentsui.launchControl,271056896]
03-14 04:37:06.722 782 4133 I wm_task_moved: [176,1,7]
03-14 04:37:06.724 782 826 I input_focus: [Focus request e892cf3 com.android.launcher3/com.android.launcher3.uioverrides.QuickstepLauncher,reason=UpdateInputWindows]
03-14 04:37:06.724 7517 7517 I wm_on_create_called: [41519375,com.android.documentsui.LauncherActivity,performCreate]
03-14 04:37:06.729 782 2679 I wm_add_to_stopping: [0,41519375,com.android.documentsui/.LauncherActivity,completeFinishing]
03-14 04:37:06.730 782 2679 I wm_restart_activity: [0,224280784,176,com.android.documentsui/.files.FilesActivity]
03-14 04:37:06.731 782 2679 I wm_set_resumed_activity: [0,com.android.documentsui/.files.FilesActivity,minimalResumeActivityLocked]
03-14 04:37:06.733 782 825 I wm_destroy_activity: [0,41519375,175,com.android.documentsui/.LauncherActivity,finish-imm:idle]
03-14 04:37:06.734 782 825 I sysui_multi_action: [757,803,799,window_time_0,802,2]
03-14 04:37:06.779 7517 7517 I wm_on_create_called: [224280784,com.android.documentsui.files.FilesActivity,performCreate]
03-14 04:37:06.782 7517 7517 I wm_on_start_called: [224280784,com.android.documentsui.files.FilesActivity,handleStartActivity]
03-14 04:37:06.782 7517 7517 I wm_on_resume_called: [224280784,com.android.documentsui.files.FilesActivity,RESUME_ACTIVITY]
03-14 04:37:06.785 782 2190 I am_uid_running: 10028
03-14 04:37:06.787 7517 7517 I wm_on_top_resumed_gained_called: [224280784,com.android.documentsui.files.FilesActivity,topStateChangedWhenResumed]
03-14 04:37:06.787 7517 7517 I wm_on_destroy_called: [41519375,com.android.documentsui.LauncherActivity,performDestroy]
03-14 04:37:06.788 782 2679 I wm_task_removed: [175,removeChild:removeChild last r=ActivityRecord{279890f u0 com.android.documentsui/.LauncherActivity t-1 f}} in t=Task{adcca70 #175 type=standard A=10024:com.android.documentsui U=0 visible=false mode=freeform translucent=true sz=0}]
03-14 04:37:06.788 782 2679 I wm_task_removed: [175,removeChild]
03-14 04:37:06.790 782 4133 I am_uid_running: 10017
03-14 04:37:06.792 782 873 I am_proc_start: [0,7570,10028,com.android.externalstorage,content provider,{com.android.externalstorage/com.android.externalstorage.ExternalStorageProvider}]
03-14 04:37:06.797 782 873 I am_proc_start: [0,7571,10017,android.process.media,content provider,{com.android.providers.downloads/com.android.providers.downloads.DownloadStorageProvider}]
01-01 08:46:40.195 0 0 I binder : 7570:7570 ioctl 40046210 7fc8a60c34 returned -22
03-14 04:37:06.802 782 826 I input_focus: [Focus request b98170b com.android.documentsui/com.android.documentsui.files.FilesActivity,reason=UpdateInputWindows]
03-14 04:37:06.807 782 2190 I am_proc_bound: [0,7571,android.process.media]
01-01 08:46:40.199 0 0 I binder : 7571:7571 ioctl 40046210 7fc8a60c34 returned -22
03-14 04:37:06.809 782 2190 I am_uid_active: 10017
03-14 04:37:06.810 782 4133 I am_proc_bound: [0,7570,com.android.externalstorage]
03-14 04:37:06.812 782 4133 I am_uid_active: 10028
01-01 08:46:40.216 0 0 I binder : 7517:7541 ioctl 40046210 70d92531f4 returned -22
03-14 04:37:06.823 782 1605 I input_focus: [Focus leaving e892cf3 com.android.launcher3/com.android.launcher3.uioverrides.QuickstepLauncher (server),reason=Waiting for window because NOT_VISIBLE]
03-14 04:37:06.839 782 822 I sysui_multi_action: [319,176,322,176,325,2797,757,761,758,7,759,2,806,com.android.documentsui,871,com.android.documentsui.files.FilesActivity,904,com.android.documentsui,905,0,945,27,1320,4,1321,1]
03-14 04:37:06.840 782 822 I wm_activity_launch_time: [0,224280784,com.android.documentsui/.files.FilesActivity,176]
03-14 04:37:06.856 782 1605 I input_focus: [Focus entering b98170b com.android.documentsui/com.android.documentsui.files.FilesActivity (server),reason=Window became focusable. Previous reason: NOT_VISIBLE]
03-14 04:37:07.971 782 1605 I input_interaction: Interaction with: b98170b com.android.documentsui/com.android.documentsui.files.FilesActivity (server), edge-swipe (server), swipe-up (server), PointerEventDispatcher0 (server),
01-01 08:46:41.831 0 0 E DTC_ETH,link_delay_work_func: 3003, SQI=0, link=0
03-14 04:37:10.228 782 2190 I wm_task_moved: [176,1,6]
03-14 04:37:10.229 782 2190 I wm_set_resumed_activity: [0,com.android.documentsui/.files.FilesActivity,positionChildAt]
03-14 04:37:10.229 782 2190 I wm_create_activity: [0,144751977,176,android/com.android.internal.app.ResolverActivity,android.intent.action.VIEW,image/png,content://com.android.providers.media.documents/document/image:30,545259521]
03-14 04:37:10.230 782 2190 I wm_pause_activity: [0,224280784,com.android.documentsui/.files.FilesActivity,userLeaving=true,resumeTopActivityInnerLocked]
03-14 04:37:10.231 7517 7517 I wm_on_top_resumed_lost_called: [224280784,com.android.documentsui.files.FilesActivity,topStateChangedWhenResumed]
03-14 04:37:10.232 7517 7517 I wm_on_paused_called: [224280784,com.android.documentsui.files.FilesActivity,performPause]
03-14 04:37:10.236 782 825 I sysui_multi_action: [757,803,799,window_time_2,802,4]
03-14 04:37:10.239 782 873 I am_proc_start: [0,7636,1000,system:ui,pre-top-activity,{android/com.android.internal.app.ResolverActivity}]
01-01 08:46:43.636 0 0 W perfetto: enabled ftrace
03-14 04:37:10.250 782 2190 I am_proc_bound: [0,7636,system:ui]
01-01 08:46:43.643 0 0 I binder : 7636:7636 ioctl 40046210 7fc8a60c34 returned -22
03-14 04:37:10.253 782 2190 I wm_restart_activity: [0,144751977,176,android/com.android.internal.app.ResolverActivity]
03-14 04:37:10.254 782 2190 I wm_set_resumed_activity: [0,android/com.android.internal.app.ResolverActivity,minimalResumeActivityLocked]
03-14 04:37:10.280 7636 7636 I sysui_multi_action: [757,453,758,4,806,android.intent.action.VIEW:image/png:]
03-14 04:37:10.280 7636 7636 I wm_on_create_called: [144751977,com.android.internal.app.ResolverActivity,performCreate]
03-14 04:37:10.282 7636 7636 I wm_on_start_called: [144751977,com.android.internal.app.ResolverActivity,handleStartActivity]
03-14 04:37:10.282 7636 7636 I wm_on_resume_called: [144751977,com.android.internal.app.ResolverActivity,RESUME_ACTIVITY]
03-14 04:37:10.285 7636 7636 I wm_on_top_resumed_gained_called: [144751977,com.android.internal.app.ResolverActivity,topStateChangedWhenResumed]
03-14 04:37:10.303 782 826 I input_focus: [Focus request 328c395 android/com.android.internal.app.ResolverActivity,reason=UpdateInputWindows]
01-01 08:46:43.700 0 0 I binder : 7636:7636 ioctl 40046210 7fc8a60074 returned -22
03-14 04:37:10.314 782 822 I sysui_multi_action: [319,91,322,91,325,2801,757,761,758,7,759,2,806,android,871,com.android.internal.app.ResolverActivity,904,com.android.documentsui,905,0,945,30,1320,12,1321,1]
03-14 04:37:10.314 782 822 I wm_activity_launch_time: [0,144751977,android/com.android.internal.app.ResolverActivity,91]
03-14 04:37:10.315 782 1605 I input_focus: [Focus leaving b98170b com.android.documentsui/com.android.documentsui.files.FilesActivity (server),reason=Waiting for window because NOT_VISIBLE]
03-14 04:37:10.332 782 1605 I input_focus: [Focus entering 328c395 android/com.android.internal.app.ResolverActivity (server),reason=Window became focusable. Previous reason: NOT_VISIBLE]
03-14 04:37:12.184 782 1605 I input_interaction: Interaction with: e892cf3 com.android.launcher3/com.android.launcher3.uioverrides.QuickstepLauncher (server), d04e39a com.android.systemui.ImageWallpaper (server), edge-swipe (server), swipe-up (server), PointerEventDispatcher0 (server),
03-14 04:37:12.225 4407 4407 I view_enqueue_input_event: [Motion - Cancel,com.android.launcher3/com.android.launcher3.uioverrides.QuickstepLauncher]
03-14 04:37:12.238 782 1605 I input_interaction: Interaction with: edge-swipe (server), swipe-up (server), PointerEventDispatcher0 (server),
03-14 04:37:12.611 782 2190 I sysui_multi_action: [757,803,799,key_back_press,802,1]
03-14 04:37:12.621 782 1605 I input_interaction: Interaction with: 328c395 android/com.android.internal.app.ResolverActivity (server), PointerEventDispatcher0 (server),
03-14 04:37:12.625 782 2190 I wm_finish_activity: [0,144751977,176,android/com.android.internal.app.ResolverActivity,app-request]
03-14 04:37:12.640 782 2190 I wm_pause_activity: [0,144751977,android/com.android.internal.app.ResolverActivity,userLeaving=false,finish]
03-14 04:37:12.643 7636 7636 I wm_on_top_resumed_lost_called: [144751977,com.android.internal.app.ResolverActivity,topStateChangedWhenResumed]
03-14 04:37:12.645 7636 7636 I wm_on_paused_called: [144751977,com.android.internal.app.ResolverActivity,performPause]
03-14 04:37:12.647 782 6955 I wm_set_resumed_activity: [0,com.android.documentsui/.files.FilesActivity,resumeTopActivityInnerLocked]
03-14 04:37:12.648 782 6955 I wm_resume_activity: [0,224280784,176,com.android.documentsui/.files.FilesActivity]
03-14 04:37:12.649 7517 7517 I wm_on_resume_called: [224280784,com.android.documentsui.files.FilesActivity,RESUME_ACTIVITY]
03-14 04:37:12.651 7517 7517 I wm_on_top_resumed_gained_called: [224280784,com.android.documentsui.files.FilesActivity,topWhenResuming]
03-14 04:37:12.656 782 1605 I input_focus: [Focus leaving 328c395 android/com.android.internal.app.ResolverActivity (server),reason=NO_WINDOW]
03-14 04:37:12.658 782 826 I input_focus: [Focus request b98170b com.android.documentsui/com.android.documentsui.files.FilesActivity,reason=UpdateInputWindows]
03-14 04:37:12.659 782 825 I sysui_multi_action: [757,803,799,window_time_2,802,2]
03-14 04:37:12.670 782 1605 I input_focus: [Focus entering b98170b com.android.documentsui/com.android.documentsui.files.FilesActivity (server),reason=setFocusedWindow]
03-14 04:37:12.743 782 4680 I wm_destroy_activity: [0,144751977,176,android/com.android.internal.app.ResolverActivity,finish-idle]
03-14 04:37:12.749 7636 7636 I wm_on_stop_called: [144751977,com.android.internal.app.ResolverActivity,LIFECYCLER_STOP_ACTIVITY]
03-14 04:37:12.755 7636 7636 I wm_on_destroy_called: [144751977,com.android.internal.app.ResolverActivity,performDestroy]
01-01 08:46:46.951 0 0 E DTC_ETH,link_delay_work_func: 3003, SQI=0, link=0
03-14 04:37:13.912 782 1605 I input_interaction: Interaction with: b98170b com.android.documentsui/com.android.documentsui.files.FilesActivity (server), edge-swipe (server), swipe-up (server), PointerEventDispatcher0 (server),
01-01 08:46:48.637 0 0 W perfetto: disabled ftrace
03-14 04:37:15.671 782 5556 I wm_task_moved: [176,1,6]
03-14 04:37:15.672 782 5556 I wm_set_resumed_activity: [0,com.android.documentsui/.files.FilesActivity,positionChildAt]
03-14 04:37:15.672 782 5556 I wm_create_activity: [0,32425028,176,android/com.android.internal.app.ResolverActivity,android.intent.action.VIEW,image/png,content://com.android.providers.media.documents/document/image:30,545259521]
03-14 04:37:15.673 782 5556 I wm_pause_activity: [0,224280784,com.android.documentsui/.files.FilesActivity,userLeaving=true,resumeTopActivityInnerLocked]
03-14 04:37:15.674 7517 7517 I wm_on_top_resumed_lost_called: [224280784,com.android.documentsui.files.FilesActivity,topStateChangedWhenResumed]
03-14 04:37:15.675 7517 7517 I wm_on_paused_called: [224280784,com.android.documentsui.files.FilesActivity,performPause]
03-14 04:37:15.676 782 4680 I wm_restart_activity: [0,32425028,176,android/com.android.internal.app.ResolverActivity]
03-14 04:37:15.677 782 4680 I wm_set_resumed_activity: [0,android/com.android.internal.app.ResolverActivity,minimalResumeActivityLocked]
03-14 04:37:15.680 782 825 I sysui_multi_action: [757,803,799,window_time_2,802,3]
03-14 04:37:15.689 7636 7636 I sysui_multi_action: [757,453,758,4,806,android.intent.action.VIEW:image/png:]
03-14 04:37:15.689 7636 7636 I wm_on_create_called: [32425028,com.android.internal.app.ResolverActivity,performCreate]
03-14 04:37:15.691 7636 7636 I wm_on_start_called: [32425028,com.android.internal.app.ResolverActivity,handleStartActivity]
03-14 04:37:15.691 7636 7636 I wm_on_resume_called: [32425028,com.android.internal.app.ResolverActivity,RESUME_ACTIVITY]
03-14 04:37:15.693 7636 7636 I wm_on_top_resumed_gained_called: [32425028,com.android.internal.app.ResolverActivity,topStateChangedWhenResumed]
03-14 04:37:15.697 782 826 I input_focus: [Focus request 6b915c8 android/com.android.internal.app.ResolverActivity,reason=UpdateInputWindows]
03-14 04:37:15.704 782 822 I sysui_multi_action: [319,38,322,37,325,2806,757,761,758,8,759,2,806,android,871,com.android.internal.app.ResolverActivity,904,com.android.documentsui,905,0,1320,12,1321,1]
03-14 04:37:15.704 782 822 I wm_activity_launch_time: [0,32425028,android/com.android.internal.app.ResolverActivity,37]
03-14 04:37:15.711 782 1605 I input_focus: [Focus leaving b98170b com.android.documentsui/com.android.documentsui.files.FilesActivity (server),reason=setFocusedWindow]
03-14 04:37:15.712 782 1605 I input_focus: [Focus entering 6b915c8 android/com.android.internal.app.ResolverActivity (server),reason=setFocusedWindow]
01-01 08:46:50.084 0 0 I [schedu][0xc8f91566e][04:37:16.689764] wlan: [3522:I:OSIF] scan start scan id 40974
03-14 04:37:16.917 782 1605 I input_interaction: Interaction with: e892cf3 com.android.launcher3/com.android.launcher3.uioverrides.QuickstepLauncher (server), d04e39a com.android.systemui.ImageWallpaper (server), edge-swipe (server), swipe-up (server), PointerEventDispatcher0 (server),
03-14 04:37:17.096 782 6955 I wm_task_created: [177,-1]
03-14 04:37:17.098 782 6955 I wm_task_moved: [177,1,7]
03-14 04:37:17.098 782 6955 I wm_task_to_front: [0,177]
03-14 04:37:17.099 782 6955 I wm_create_task: [0,177]
03-14 04:37:17.099 782 6955 I wm_create_activity: [0,55170498,177,com.android.gallery3d/.app.GalleryActivity,android.intent.action.MAIN,NULL,NULL,270532608]
03-14 04:37:17.099 782 6955 I wm_task_moved: [177,1,7]
03-14 04:37:17.099 7636 7636 I wm_on_top_resumed_lost_called: [32425028,com.android.internal.app.ResolverActivity,topStateChangedWhenResumed]
03-14 04:37:17.100 782 6955 I wm_pause_activity: [0,174418215,com.android.launcher3/.uioverrides.QuickstepLauncher,userLeaving=true,pauseBackTasks]
03-14 04:37:17.103 4407 4407 I wm_on_paused_called: [174418215,com.android.launcher3.uioverrides.QuickstepLauncher,performPause]
03-14 04:37:17.104 782 6955 I wm_add_to_stopping: [0,174418215,com.android.launcher3/.uioverrides.QuickstepLauncher,makeInvisible]
03-14 04:37:17.105 782 6955 I wm_restart_activity: [0,55170498,177,com.android.gallery3d/.app.GalleryActivity]
03-14 04:37:17.106 782 6955 I wm_set_resumed_activity: [0,com.android.gallery3d/.app.GalleryActivity,minimalResumeActivityLocked]
03-14 04:37:17.113 782 825 I sysui_multi_action: [757,803,799,window_time_2,802,2]
03-14 04:37:17.119 5555 5555 I wm_on_create_called: [55170498,com.android.gallery3d.app.GalleryActivity,performCreate]
03-14 04:37:17.120 5555 5555 I wm_on_start_called: [55170498,com.android.gallery3d.app.GalleryActivity,handleStartActivity]
03-14 04:37:17.121 5555 5555 I wm_on_resume_called: [55170498,com.android.gallery3d.app.GalleryActivity,RESUME_ACTIVITY]
03-14 04:37:17.123 782 830 I am_pss : [7517,10024,com.android.documentsui,52553728,44064768,0,183025664,0,2,7]
03-14 04:37:17.124 5555 5555 I wm_on_top_resumed_gained_called: [55170498,com.android.gallery3d.app.GalleryActivity,topStateChangedWhenResumed]
03-14 04:37:17.132 782 826 I input_focus: [Focus request 958ed4 com.android.gallery3d/com.android.gallery3d.app.GalleryActivity,reason=UpdateInputWindows]
03-14 04:37:17.152 782 822 I sysui_multi_action: [319,27,321,25,322,58,325,2807,757,761,758,8,759,1,806,com.android.gallery3d,871,com.android.gallery3d.app.GalleryActivity,904,com.android.launcher3,905,0,1320,4,1321,1]
03-14 04:37:17.152 782 822 I wm_activity_launch_time: [0,55170498,com.android.gallery3d/.app.GalleryActivity,58]
03-14 04:37:17.165 782 1605 I input_focus: [Focus leaving 6b915c8 android/com.android.internal.app.ResolverActivity (server),reason=setFocusedWindow]
03-14 04:37:17.165 782 1605 I input_focus: [Focus entering 958ed4 com.android.gallery3d/com.android.gallery3d.app.GalleryActivity (server),reason=setFocusedWindow]
03-14 04:37:17.328 782 1605 I input_interaction: Interaction with: 958ed4 com.android.gallery3d/com.android.gallery3d.app.GalleryActivity (server), edge-swipe (server), swipe-up (server), PointerEventDispatcher0 (server),
03-14 04:37:17.649 782 825 I wm_stop_activity: [0,174418215,com.android.launcher3/.uioverrides.QuickstepLauncher]
03-14 04:37:17.668 4407 4407 I wm_on_stop_called: [174418215,com.android.launcher3.uioverrides.QuickstepLauncher,STOP_ACTIVITY_ITEM]
01-01 08:46:51.252 0 0 I [schedu][0xc90e75479][04:37:17.857098] wlan: [3522:I:OSIF] vdev 0, scan id 40974 type COMPLETED(1) reason COMPLETED(1) scan found 17 bss
03-14 04:37:18.514 782 4133 I wm_task_moved: [1,0,0]
03-14 04:37:18.514 782 4133 I wm_task_moved: [1,0,6]
03-14 04:37:18.534 4407 4407 I wm_on_restart_called: [174418215,com.android.launcher3.uioverrides.QuickstepLauncher,performRestartActivity]
03-14 04:37:18.550 4407 4407 I wm_on_start_called: [174418215,com.android.launcher3.uioverrides.QuickstepLauncher,handleStartActivity]
03-14 04:37:18.559 782 822 I sysui_multi_action: [319,3,322,43,325,2809,757,761,758,9,759,5,806,com.android.launcher3,871,com.android.launcher3.uioverrides.QuickstepLauncher,905,0,1320,4,1321,1]
03-14 04:37:18.617 5555 5555 I view_enqueue_input_event: [Motion - Cancel,com.android.gallery3d/com.android.gallery3d.app.GalleryActivity]
03-14 04:37:18.618 4407 4407 I sysui_latency: [1,45]
03-14 04:37:18.619 782 826 I input_focus: [Focus request recents_animation_input_consumer,reason=UpdateInputWindows]
03-14 04:37:18.631 782 1605 I input_interaction: Interaction with: edge-swipe (server), swipe-up (server), PointerEventDispatcher0 (server),
03-14 04:37:18.651 782 1605 I input_focus: [Focus leaving 958ed4 com.android.gallery3d/com.android.gallery3d.app.GalleryActivity (server),reason=NOT_FOCUSABLE]
03-14 04:37:18.651 782 1605 I input_focus: [Focus entering recents_animation_input_consumer (server),reason=setFocusedWindow]
01-01 08:46:52.071 0 0 E DTC_ETH,link_delay_work_func: 3003, SQI=0, link=0
03-14 04:37:18.751 782 1331 I commit_sys_config_file: [settings-1-0,2]
03-14 04:37:18.859 782 830 I sysui_latency: [8,46]
03-14 04:37:19.380 782 4680 I wm_task_moved: [1,1,7]
03-14 04:37:19.381 782 4680 I wm_task_moved: [102,1,2147483647]
03-14 04:37:19.381 782 4680 I wm_task_to_front: [0,102]
03-14 04:37:19.381 782 4680 I wm_focused_root_task: [0,0,1,177,RecentsAnimation.onAnimationFinished()]
03-14 04:37:19.381 5555 5555 I wm_on_top_resumed_lost_called: [55170498,com.android.gallery3d.app.GalleryActivity,topStateChangedWhenResumed]
03-14 04:37:19.381 782 4680 I wm_set_resumed_activity: [0,com.android.launcher3/.uioverrides.QuickstepLauncher,RecentsAnimation.onAnimationFinished()]
03-14 04:37:19.382 782 4680 I wm_pause_activity: [0,55170498,com.android.gallery3d/.app.GalleryActivity,userLeaving=true,pauseBackTasks]
03-14 04:37:19.383 782 4680 I wm_add_to_stopping: [0,55170498,com.android.gallery3d/.app.GalleryActivity,makeInvisible]
03-14 04:37:19.383 782 4680 I wm_set_resumed_activity: [0,com.android.launcher3/.uioverrides.QuickstepLauncher,resumeTopActivityInnerLocked]
03-14 04:37:19.387 782 4680 I wm_resume_activity: [0,174418215,102,com.android.launcher3/.uioverrides.QuickstepLauncher]
03-14 04:37:19.388 4407 4407 I wm_on_resume_called: [174418215,com.android.launcher3.uioverrides.QuickstepLauncher,RESUME_ACTIVITY]
03-14 04:37:19.393 782 826 I input_focus: [Focus request e892cf3 com.android.launcher3/com.android.launcher3.uioverrides.QuickstepLauncher,reason=UpdateInputWindows]
03-14 04:37:19.394 4407 4407 I wm_on_top_resumed_gained_called: [174418215,com.android.launcher3.uioverrides.QuickstepLauncher,topStateChangedWhenResumed]
03-14 04:37:19.399 5555 5555 I wm_on_paused_called: [55170498,com.android.gallery3d.app.GalleryActivity,performPause]
03-14 04:37:19.403 782 1605 I input_focus: [Focus leaving recents_animation_input_consumer (server),reason=NOT_VISIBLE]
03-14 04:37:19.408 782 2190 I wm_stop_activity: [0,55170498,com.android.gallery3d/.app.GalleryActivity]
03-14 04:37:19.413 5555 5555 I wm_on_stop_called: [55170498,com.android.gallery3d.app.GalleryActivity,STOP_ACTIVITY_ITEM]
03-14 04:37:19.414 782 825 I sysui_multi_action: [757,803,799,window_time_0,802,2]
03-14 04:37:19.415 782 825 I sysui_multi_action: [757,803,799,window_time_0,802,0]
03-14 04:37:19.421 782 1605 I input_focus: [Focus entering e892cf3 com.android.launcher3/com.android.launcher3.uioverrides.QuickstepLauncher (server),reason=setFocusedWindow]
03-14 04:37:19.530 782 1605 I input_interaction: Interaction with: 6b915c8 android/com.android.internal.app.ResolverActivity (server), edge-swipe (server), swipe-up (server), PointerEventDispatcher0 (server),
03-14 04:37:19.531 782 825 I wm_task_moved: [176,1,7]
03-14 04:37:19.531 782 825 I wm_task_to_front: [0,176]
03-14 04:37:19.537 782 825 I wm_set_resumed_activity: [0,android/com.android.internal.app.ResolverActivity,positionChildAt]
03-14 04:37:19.537 782 825 I wm_focused_root_task: [0,0,176,1,setFocusedTask]
03-14 04:37:19.537 782 825 I wm_set_resumed_activity: [0,android/com.android.internal.app.ResolverActivity,setFocusedTask]
03-14 04:37:19.538 782 826 I input_focus: [Focus request 6b915c8 android/com.android.internal.app.ResolverActivity,reason=UpdateInputWindows]
03-14 04:37:19.540 4407 4407 I wm_on_top_resumed_lost_called: [174418215,com.android.launcher3.uioverrides.QuickstepLauncher,topStateChangedWhenResumed]
03-14 04:37:19.543 7636 7636 I wm_on_top_resumed_gained_called: [32425028,com.android.internal.app.ResolverActivity,topStateChangedWhenResumed]
03-14 04:37:19.556 782 1605 I input_focus: [Focus leaving e892cf3 com.android.launcher3/com.android.launcher3.uioverrides.QuickstepLauncher (server),reason=setFocusedWindow]
03-14 04:37:19.556 782 1605 I input_focus: [Focus entering 6b915c8 android/com.android.internal.app.ResolverActivity (server),reason=setFocusedWindow]
03-14 04:37:20.712 7636 7636 I view_enqueue_input_event: [Motion - Cancel,android/com.android.internal.app.ResolverActivity]
03-14 04:37:20.723 782 1605 I input_interaction: Interaction with: WindowManager (server), edge-swipe (server), swipe-up (server), PointerEventDispatcher0 (server),
03-14 04:37:20.755 782 782 I service_manager_stats: [100,48,18055]
03-14 04:37:21.910 782 1605 I input_interaction: Interaction with: e892cf3 com.android.launcher3/com.android.launcher3.uioverrides.QuickstepLauncher (server), d04e39a com.android.systemui.ImageWallpaper (server), edge-swipe (server), swipe-up (server), PointerEventDispatcher0 (server),
03-14 04:37:22.112 782 5556 I wm_task_created: [178,-1]
03-14 04:37:22.114 782 5556 I wm_task_moved: [178,1,8]
03-14 04:37:22.114 782 5556 I wm_task_to_front: [0,178]
03-14 04:37:22.115 782 5556 I wm_create_task: [0,178]
03-14 04:37:22.115 782 5556 I wm_create_activity: [0,248818289,178,com.android.documentsui/.LauncherActivity,android.intent.action.MAIN,NULL,NULL,270532608]
03-14 04:37:22.115 782 5556 I wm_task_moved: [178,1,8]
03-14 04:37:22.115 7636 7636 I wm_on_top_resumed_lost_called: [32425028,com.android.internal.app.ResolverActivity,topStateChangedWhenResumed]
03-14 04:37:22.116 782 5556 I wm_pause_activity: [0,174418215,com.android.launcher3/.uioverrides.QuickstepLauncher,userLeaving=true,pauseBackTasks]
03-14 04:37:22.119 4407 4407 I wm_on_paused_called: [174418215,com.android.launcher3.uioverrides.QuickstepLauncher,performPause]
03-14 04:37:22.120 782 5556 I wm_restart_activity: [0,248818289,178,com.android.documentsui/.LauncherActivity]
03-14 04:37:22.121 782 5556 I wm_set_resumed_activity: [0,com.android.documentsui/.LauncherActivity,minimalResumeActivityLocked]
03-14 04:37:22.124 782 825 I sysui_multi_action: [757,803,799,window_time_0,802,3]
03-14 04:37:22.130 782 4133 I wm_task_moved: [176,1,8]
03-14 04:37:22.130 782 4133 I wm_task_to_front: [0,176]
03-14 04:37:22.130 782 4133 I wm_set_resumed_activity: [0,android/com.android.internal.app.ResolverActivity,positionChildAt]
03-14 04:37:22.130 782 4133 I wm_focused_root_task: [0,0,176,178,bringingFoundTaskToFront]
03-14 04:37:22.130 782 4133 I wm_set_resumed_activity: [0,android/com.android.internal.app.ResolverActivity,bringingFoundTaskToFront]
03-14 04:37:22.130 782 4133 I wm_finish_activity: [0,32425028,176,android/com.android.internal.app.ResolverActivity,clear-task-stack]
03-14 04:37:22.139 782 4133 I wm_pause_activity: [0,32425028,android/com.android.internal.app.ResolverActivity,userLeaving=false,finish]
03-14 04:37:22.139 7636 7636 I wm_on_paused_called: [32425028,com.android.internal.app.ResolverActivity,performPause]
03-14 04:37:22.139 782 4133 I wm_new_intent: [0,224280784,176,com.android.documentsui/.files.FilesActivity,NULL,NULL,//com.android.documentsui.launchControl,271056896]
03-14 04:37:22.139 782 4133 I wm_task_moved: [176,1,8]
03-14 04:37:22.141 782 4133 I wm_finish_activity: [0,248818289,178,com.android.documentsui/.LauncherActivity,app-request]
03-14 04:37:22.142 782 4133 I wm_pause_activity: [0,248818289,com.android.documentsui/.LauncherActivity,userLeaving=false,finish]
03-14 04:37:22.142 7517 7517 I wm_on_create_called: [248818289,com.android.documentsui.LauncherActivity,performCreate]
