03-14 04:51:05.551 782 4406 W FreeFormWindowHelper: Current Display FreeFormTask is Task{64fd027 #196 type=standard A=10086:android.task.video U=0 visible=true mode=freeform translucent=false sz=2}
03-14 04:51:05.552 4407 4407 I view_enqueue_input_event: [Motion - Cancel,com.android.launcher3/com.android.launcher3.uioverrides.QuickstepLauncher]
03-14 04:51:05.553 782 4406 W FreeFormWindowHelper: Current Display FreeFormTask is Task{64fd027 #196 type=standard A=10086:android.task.video U=0 visible=true mode=freeform translucent=false sz=2}
03-14 04:51:05.554 782 2679 W FreeFormWindowHelper: Current Display FreeFormTask is Task{64fd027 #196 type=standard A=10086:android.task.video U=0 visible=true mode=freeform translucent=false sz=2}
03-14 04:51:05.555 782 2679 W FreeFormWindowHelper: Current Display FreeFormTask is Task{64fd027 #196 type=standard A=10086:android.task.video U=0 visible=true mode=freeform translucent=false sz=2}
03-14 04:51:05.556 782 2679 W FreeFormWindowHelper: Current Display FreeFormTask is Task{64fd027 #196 type=standard A=10086:android.task.video U=0 visible=true mode=freeform translucent=false sz=2}
03-14 04:51:05.556 782 4406 W ActivityTaskManager: getTaskSnapshot: taskId=-182 not found
03-14 04:51:05.557 782 1605 I input_interaction: Interaction with: edge-swipe (server), swipe-up (server), PointerEventDispatcher0 (server),
03-14 04:51:05.561 782 3162 W FreeFormWindowHelper: Current Display FreeFormTask is Task{64fd027 #196 type=standard A=10086:android.task.video U=0 visible=true mode=freeform translucent=false sz=2}
03-14 04:51:05.561 782 3162 W FreeFormWindowHelper: Current Display FreeFormTask is Task{64fd027 #196 type=standard A=10086:android.task.video U=0 visible=true mode=freeform translucent=false sz=2}
03-14 04:51:05.591 782 5547 W FreeFormWindowHelper: Current Display FreeFormTask is Task{64fd027 #196 type=standard A=10086:android.task.video U=0 visible=true mode=freeform translucent=false sz=2}
03-14 04:51:05.592 782 5547 W FreeFormWindowHelper: Current Display FreeFormTask is Task{64fd027 #196 type=standard A=10086:android.task.video U=0 visible=true mode=freeform translucent=false sz=2}
03-14 04:51:05.734 782 1331 I commit_sys_config_file: [settings-1-0,7]
03-14 04:51:06.000 782 5547 W FreeFormWindowHelper: Current Display FreeFormTask is Task{64fd027 #196 type=standard A=10086:android.task.video U=0 visible=true mode=freeform translucent=false sz=2}
03-14 04:51:06.000 782 5547 W FreeFormWindowHelper: Current Display FreeFormTask is Task{64fd027 #196 type=standard A=10086:android.task.video U=0 visible=true mode=freeform translucent=false sz=2}
03-14 04:51:06.012 782 4406 W FreeFormWindowHelper: Current Display FreeFormTask is Task{64fd027 #196 type=standard A=10086:android.task.video U=0 visible=true mode=freeform translucent=false sz=2}
03-14 04:51:06.012 782 4406 W FreeFormWindowHelper: Current Display FreeFormTask is Task{64fd027 #196 type=standard A=10086:android.task.video U=0 visible=true mode=freeform translucent=false sz=2}
03-14 04:51:06.028 782 3162 W FreeFormWindowHelper: Current Display FreeFormTask is Task{64fd027 #196 type=standard A=10086:android.task.video U=0 visible=true mode=freeform translucent=false sz=2}
03-14 04:51:06.029 782 3162 W FreeFormWindowHelper: Current Display FreeFormTask is Task{64fd027 #196 type=standard A=10086:android.task.video U=0 visible=true mode=freeform translucent=false sz=2}
03-14 04:51:06.045 782 4406 W FreeFormWindowHelper: Current Display FreeFormTask is Task{64fd027 #196 type=standard A=10086:android.task.video U=0 visible=true mode=freeform translucent=false sz=2}
03-14 04:51:06.046 782 4406 W FreeFormWindowHelper: Current Display FreeFormTask is Task{64fd027 #196 type=standard A=10086:android.task.video U=0 visible=true mode=freeform translucent=false sz=2}
03-14 04:51:06.062 782 3162 W FreeFormWindowHelper: Current Display FreeFormTask is Task{64fd027 #196 type=standard A=10086:android.task.video U=0 visible=true mode=freeform translucent=false sz=2}
03-14 04:51:06.063 782 3162 W FreeFormWindowHelper: Current Display FreeFormTask is Task{64fd027 #196 type=standard A=10086:android.task.video U=0 visible=true mode=freeform translucent=false sz=2}
03-14 04:51:06.083 782 3162 W FreeFormWindowHelper: Current Display FreeFormTask is Task{64fd027 #196 type=standard A=10086:android.task.video U=0 visible=true mode=freeform translucent=false sz=2}
03-14 04:51:06.084 782 3162 W FreeFormWindowHelper: Current Display FreeFormTask is Task{64fd027 #196 type=standard A=10086:android.task.video U=0 visible=true mode=freeform translucent=false sz=2}
03-14 04:51:06.098 782 5547 W FreeFormWindowHelper: Current Display FreeFormTask is Task{64fd027 #196 type=standard A=10086:android.task.video U=0 visible=true mode=freeform translucent=false sz=2}
03-14 04:51:06.099 782 5547 W FreeFormWindowHelper: Current Display FreeFormTask is Task{64fd027 #196 type=standard A=10086:android.task.video U=0 visible=true mode=freeform translucent=false sz=2}
03-14 04:51:06.116 782 4406 W FreeFormWindowHelper: Current Display FreeFormTask is Task{64fd027 #196 type=standard A=10086:android.task.video U=0 visible=true mode=freeform translucent=false sz=2}
03-14 04:51:06.117 782 4406 W FreeFormWindowHelper: Current Display FreeFormTask is Task{64fd027 #196 type=standard A=10086:android.task.video U=0 visible=true mode=freeform translucent=false sz=2}
03-14 04:51:06.132 782 5547 W FreeFormWindowHelper: Current Display FreeFormTask is Task{64fd027 #196 type=standard A=10086:android.task.video U=0 visible=true mode=freeform translucent=false sz=2}
03-14 04:51:06.132 782 5547 W FreeFormWindowHelper: Current Display FreeFormTask is Task{64fd027 #196 type=standard A=10086:android.task.video U=0 visible=true mode=freeform translucent=false sz=2}
03-14 04:51:06.149 782 4406 W FreeFormWindowHelper: Current Display FreeFormTask is Task{64fd027 #196 type=standard A=10086:android.task.video U=0 visible=true mode=freeform translucent=false sz=2}
03-14 04:51:06.150 782 4406 W FreeFormWindowHelper: Current Display FreeFormTask is Task{64fd027 #196 type=standard A=10086:android.task.video U=0 visible=true mode=freeform translucent=false sz=2}
03-14 04:51:06.166 782 5547 W FreeFormWindowHelper: Current Display FreeFormTask is Task{64fd027 #196 type=standard A=10086:android.task.video U=0 visible=true mode=freeform translucent=false sz=2}
03-14 04:51:06.167 782 5547 W FreeFormWindowHelper: Current Display FreeFormTask is Task{64fd027 #196 type=standard A=10086:android.task.video U=0 visible=true mode=freeform translucent=false sz=2}
03-14 04:51:06.182 782 4406 W FreeFormWindowHelper: Current Display FreeFormTask is Task{64fd027 #196 type=standard A=10086:android.task.video U=0 visible=true mode=freeform translucent=false sz=2}
03-14 04:51:06.183 782 4406 W FreeFormWindowHelper: Current Display FreeFormTask is Task{64fd027 #196 type=standard A=10086:android.task.video U=0 visible=true mode=freeform translucent=false sz=2}
03-14 04:51:06.194 782 1331 I commit_sys_config_file: [settings-1-0,7]
03-14 04:51:06.199 782 3162 W FreeFormWindowHelper: Current Display FreeFormTask is Task{64fd027 #196 type=standard A=10086:android.task.video U=0 visible=true mode=freeform translucent=false sz=2}
03-14 04:51:06.199 782 3162 W FreeFormWindowHelper: Current Display FreeFormTask is Task{64fd027 #196 type=standard A=10086:android.task.video U=0 visible=true mode=freeform translucent=false sz=2}
03-14 04:51:06.214 782 5547 W FreeFormWindowHelper: Current Display FreeFormTask is Task{64fd027 #196 type=standard A=10086:android.task.video U=0 visible=true mode=freeform translucent=false sz=2}
03-14 04:51:06.215 782 5547 W FreeFormWindowHelper: Current Display FreeFormTask is Task{64fd027 #196 type=standard A=10086:android.task.video U=0 visible=true mode=freeform translucent=false sz=2}
03-14 04:51:06.232 782 4406 W FreeFormWindowHelper: Current Display FreeFormTask is Task{64fd027 #196 type=standard A=10086:android.task.video U=0 visible=true mode=freeform translucent=false sz=2}
03-14 04:51:06.233 782 4406 W FreeFormWindowHelper: Current Display FreeFormTask is Task{64fd027 #196 type=standard A=10086:android.task.video U=0 visible=true mode=freeform translucent=false sz=2}
03-14 04:51:06.249 782 3162 W FreeFormWindowHelper: Current Display FreeFormTask is Task{64fd027 #196 type=standard A=10086:android.task.video U=0 visible=true mode=freeform translucent=false sz=2}
03-14 04:51:06.250 782 3162 W FreeFormWindowHelper: Current Display FreeFormTask is Task{64fd027 #196 type=standard A=10086:android.task.video U=0 visible=true mode=freeform translucent=false sz=2}
03-14 04:51:06.266 782 4406 W FreeFormWindowHelper: Current Display FreeFormTask is Task{64fd027 #196 type=standard A=10086:android.task.video U=0 visible=true mode=freeform translucent=false sz=2}
03-14 04:51:06.267 782 4406 W FreeFormWindowHelper: Current Display FreeFormTask is Task{64fd027 #196 type=standard A=10086:android.task.video U=0 visible=true mode=freeform translucent=false sz=2}
03-14 04:51:06.283 782 5547 W FreeFormWindowHelper: Current Display FreeFormTask is Task{64fd027 #196 type=standard A=10086:android.task.video U=0 visible=true mode=freeform translucent=false sz=2}
03-14 04:51:06.284 782 5547 W FreeFormWindowHelper: Current Display FreeFormTask is Task{64fd027 #196 type=standard A=10086:android.task.video U=0 visible=true mode=freeform translucent=false sz=2}
03-14 04:51:06.302 782 4406 I wm_finish_activity: [0,148491259,196,com.android.gallery3d/.app.MovieActivity,app-request]
03-14 04:51:06.315 782 4406 I wm_pause_activity: [0,148491259,com.android.gallery3d/.app.MovieActivity,userLeaving=false,finish]
03-14 04:51:06.316 5555 5555 I wm_on_top_resumed_lost_called: [148491259,com.android.gallery3d.app.MovieActivity,topStateChangedWhenResumed]
03-14 04:51:06.322 782 4406 I wm_finish_activity: [0,110211796,196,com.android.music/.VideoBrowserActivity,app-request]
03-14 04:51:06.322 782 4406 I wm_task_moved: [1,1,9]
03-14 04:51:06.325 782 4406 I wm_set_resumed_activity: [0,com.android.launcher3/.uioverrides.QuickstepLauncher,positionChildAt]
03-14 04:51:06.325 782 4406 I wm_task_moved: [102,1,2147483647]
03-14 04:51:06.325 782 4406 I wm_task_to_front: [0,102]
03-14 04:51:06.326 782 4406 I wm_focused_root_task: [0,0,1,-1,finish-top adjustFocusToNextFocusableTask]
03-14 04:51:06.326 782 4406 I wm_set_resumed_activity: [0,com.android.launcher3/.uioverrides.QuickstepLauncher,finish-top]
03-14 04:51:06.327 782 4406 I wm_destroy_activity: [0,110211796,196,com.android.music/.VideoBrowserActivity,finish-imm:finishIfPossible]
03-14 04:51:06.331 782 5547 W ActivityManager: Receiver with filter android.content.IntentFilter@92b3915 already registered for pid 7303, callerPackage is com.android.music
03-14 04:51:06.332 7303 7303 I wm_on_resume_called: [110211796,com.android.music.VideoBrowserActivity,LIFECYCLER_RESUME_ACTIVITY]
03-14 04:51:06.332 7303 7303 I wm_on_paused_called: [110211796,com.android.music.VideoBrowserActivity,performPause]
03-14 04:51:06.335 782 1605 I input_focus: [Focus leaving d7bbe30 com.android.gallery3d/com.android.gallery3d.app.MovieActivity (server),reason=NO_WINDOW]
03-14 04:51:06.339 782 826 I input_focus: [Focus request e892cf3 com.android.launcher3/com.android.launcher3.uioverrides.QuickstepLauncher,reason=UpdateInputWindows]
03-14 04:51:06.341 782 5547 W FreeFormWindowHelper: Current Display FreeFormTask is Task{64fd027 #196 type=standard A=10086:android.task.video U=0 visible=false mode=freeform translucent=true sz=2}
03-14 04:51:06.341 782 5547 W FreeFormWindowHelper: Current Display FreeFormTask is Task{64fd027 #196 type=standard A=10086:android.task.video U=0 visible=false mode=freeform translucent=true sz=2}
03-14 04:51:06.342 7303 7303 I wm_on_stop_called: [110211796,com.android.music.VideoBrowserActivity,LIFECYCLER_STOP_ACTIVITY]
03-14 04:51:06.343 782 4406 W FreeFormWindowHelper: Current Display FreeFormTask is Task{64fd027 #196 type=standard A=10086:android.task.video U=0 visible=false mode=freeform translucent=true sz=2}
03-14 04:51:06.344 7303 7303 I wm_on_destroy_called: [110211796,com.android.music.VideoBrowserActivity,performDestroy]
03-14 04:51:06.348 782 1605 I input_focus: [Focus entering e892cf3 com.android.launcher3/com.android.launcher3.uioverrides.QuickstepLauncher (server),reason=setFocusedWindow]
03-14 04:51:06.352 782 830 W UsageStatsService: Unexpected activity event reported! (com.android.music/com.android.music.VideoBrowserActivity event : 23 instanceId : 13958184)
03-14 04:51:06.364 782 3162 W FreeFormWindowHelper: Current Display FreeFormTask is Task{64fd027 #196 type=standard A=10086:android.task.video U=0 visible=false mode=freeform translucent=true sz=2}
03-14 04:51:06.374 782 3162 W FreeFormWindowHelper: Current Display FreeFormTask is Task{64fd027 #196 type=standard A=10086:android.task.video U=0 visible=false mode=freeform translucent=true sz=2}
03-14 04:51:06.374 782 3162 W FreeFormWindowHelper: Current Display FreeFormTask is Task{64fd027 #196 type=standard A=10086:android.task.video U=0 visible=false mode=freeform translucent=true sz=2}
03-14 04:51:06.381 4407 4407 I wm_on_top_resumed_gained_called: [174418215,com.android.launcher3.uioverrides.QuickstepLauncher,topStateChangedWhenResumed]
01-01 09:00:39.837 0 0 I msm_vidc: high: 00000002: h264d: Closed video instance: 0000000000000000
01-01 09:00:39.904 0 0 I btfm_slim_enable_ch: chipset soc version:400a0200
01-01 09:00:39.904 0 0 I btfm_slim_enable_ch: channel define - prot:2, dataf:0, auxf:0
01-01 09:00:39.904 0 0 I btfm_slim_enable_ch: channel define - rates:44100, baser:2, ratem:4
01-01 09:00:39.904 0 0 E btfm_slim_enable_ch: slim_define_ch failed ret[-106]
01-01 09:00:39.911 0 0 E btfm_slim_dai_prepare: channel opened without closing, return success
03-14 04:51:06.522 5555 5555 I wm_on_paused_called: [148491259,com.android.gallery3d.app.MovieActivity,performPause]
03-14 04:51:06.525 782 2679 I wm_destroy_activity: [0,148491259,196,com.android.gallery3d/.app.MovieActivity,finish-imm:completePausedLocked]
03-14 04:51:06.527 782 825 I sysui_multi_action: [757,803,799,window_time_2,802,22]
03-14 04:51:06.546 5555 5555 I wm_on_stop_called: [148491259,com.android.gallery3d.app.MovieActivity,LIFECYCLER_STOP_ACTIVITY]
03-14 04:51:06.546 5555 5555 I wm_on_destroy_called: [148491259,com.android.gallery3d.app.MovieActivity,performDestroy]
03-14 04:51:06.631 782 4406 W FreeFormWindowHelper: Current Display FreeFormTask is Task{64fd027 #196 type=standard A=10086:android.task.video U=0 visible=false mode=freeform translucent=true sz=1}
03-14 04:51:06.632 782 826 I wm_task_removed: [196,removeChild:removeChild last r=ActivityRecord{691b2d4 u0 com.android.music/.VideoBrowserActivity t-1 f}} in t=Task{64fd027 #196 type=standard A=10086:android.task.video U=0 visible=false mode=freeform translucent=true sz=0}]
03-14 04:51:06.632 782 826 I wm_task_removed: [196,removeChild]
03-14 04:51:06.632 782 826 D FreeFormWindowHelper: Remove freefrom task=Task{64fd027 #196 type=standard A=10086:android.task.video U=0 visible=false mode=freeform translucent=true sz=0}
03-14 04:51:06.900 782 1605 I input_interaction: Interaction with: e892cf3 com.android.launcher3/com.android.launcher3.uioverrides.QuickstepLauncher (server), d04e39a com.android.systemui.ImageWallpaper (server), edge-swipe (server), swipe-up (server), PointerEventDispatcher0 (server),
03-14 04:51:07.581 782 3162 W FreeFormWindowHelper: Current Display FreeFormTask is null
03-14 04:51:07.583 782 3162 W FreeFormWindowHelper: Current Display FreeFormTask is null
03-14 04:51:07.592 782 3162 W ActivityTaskManager: getTaskSnapshot: taskId=-155 not found
03-14 04:51:07.592 782 2679 W FreeFormWindowHelper: Current Display FreeFormTask is null
03-14 04:51:07.594 782 3162 W FreeFormWindowHelper: Current Display FreeFormTask is null
03-14 04:51:07.594 782 3162 W FreeFormWindowHelper: Current Display FreeFormTask is null
03-14 04:51:07.594 782 3162 W ActivityTaskManager: getTaskSnapshot: taskId=-153 not found
03-14 04:51:07.598 782 2679 W FreeFormWindowHelper: Current Display FreeFormTask is null
03-14 04:51:07.598 782 2679 W FreeFormWindowHelper: Current Display FreeFormTask is null
03-14 04:51:07.614 782 3162 W FreeFormWindowHelper: Current Display FreeFormTask is null
03-14 04:51:07.614 782 3162 W FreeFormWindowHelper: Current Display FreeFormTask is null
03-14 04:51:07.686 782 825 I sysui_multi_action: [757,803,799,window_time_0,802,1]
03-14 04:51:07.690 782 2969 E TaskPersister: File error accessing recents directory (directory doesn't exist?).
03-14 04:51:07.785 782 5547 W FreeFormWindowHelper: Current Display FreeFormTask is null
03-14 04:51:07.785 782 5547 W FreeFormWindowHelper: Current Display FreeFormTask is null
01-01 09:00:41.511 0 0 E DTC_ETH,link_delay_work_func: 3003, SQI=0, link=0
03-14 04:51:08.334 782 2679 W FreeFormWindowHelper: exitRecentTasks type=2
01-01 09:00:43.259 0 0 I afe_close: port_id = 0x400e
01-01 09:00:43.267 0 0 I btfm_slim_disable_ch: port:16, grp: 0, ch->grph:0x0, ch->ch_hdl:0x1d
01-01 09:00:44.713 0 0 I msm_vidc: err : ffffffff: .....: DBLP Set: status 0
01-01 09:00:46.631 0 0 E DTC_ETH,link_delay_work_func: 3003, SQI=0, link=0
03-14 04:51:16.326 782 825 W ActivityTaskManager: Launch timeout has expired, giving up wake lock!
03-14 04:51:16.437 782 3162 W FreeFormWindowHelper: Current Display FreeFormTask is null
03-14 04:51:16.438 782 3162 W FreeFormWindowHelper: Current Display FreeFormTask is null
03-14 04:51:16.439 782 2679 W FreeFormWindowHelper: Current Display FreeFormTask is null
03-14 04:51:16.460 782 2679 W FreeFormWindowHelper: Current Display FreeFormTask is null
03-14 04:51:16.460 782 2679 W FreeFormWindowHelper: Current Display FreeFormTask is null
03-14 04:51:16.461 782 822 D AutofillManagerService: Close system dialogs
03-14 04:51:16.461 4407 4407 I view_enqueue_input_event: [Motion - Cancel,com.android.launcher3/com.android.launcher3.uioverrides.QuickstepLauncher]
03-14 04:51:16.461 782 3162 W FreeFormWindowHelper: Current Display FreeFormTask is null
03-14 04:51:16.463 782 3162 W FreeFormWindowHelper: Current Display FreeFormTask is null
03-14 04:51:16.464 782 2679 W ActivityTaskManager: getTaskSnapshot: taskId=-273 not found
03-14 04:51:16.464 782 2679 W FreeFormWindowHelper: Current Display FreeFormTask is null
03-14 04:51:16.465 782 2679 W FreeFormWindowHelper: Current Display FreeFormTask is null
03-14 04:51:16.465 782 1605 I input_interaction: Interaction with: edge-swipe (server), swipe-up (server), PointerEventDispatcher0 (server),
03-14 04:51:16.466 782 2149 W ActivityTaskManager: getTaskSnapshot: taskId=-273 not found
03-14 04:51:16.466 782 2149 W ActivityTaskManager: getTaskSnapshot: taskId=-273 not found
03-14 04:51:16.471 782 3162 W FreeFormWindowHelper: Current Display FreeFormTask is null
03-14 04:51:16.471 782 3162 W FreeFormWindowHelper: Current Display FreeFormTask is null
03-14 04:51:16.641 782 1331 I commit_sys_config_file: [settings-1-0,4]
01-01 09:00:51.590 0 0 W audit : audit_lost=3539 audit_rate_limit=5 audit_backlog_limit=64
01-01 09:00:51.590 0 0 E audit : rate limit exceeded
03-14 04:51:18.187 8730 8730 I auditd : type=1400 audit(0.0:2833): avc: denied { map } for comm="getprop" path="/dev/__properties__/u:object_r:adbd_prop:s0" dev="tmpfs" ino=3260 scontext=u:r:system_app:s0 tcontext=u:object_r:adbd_prop:s0 tclass=file permissive=1
03-14 04:51:18.187 8730 8730 I auditd : type=1400 audit(0.0:2834): avc: denied { open } for comm="getprop" path="/dev/__properties__/u:object_r:apexd_config_prop:s0" dev="tmpfs" ino=3261 scontext=u:r:system_app:s0 tcontext=u:object_r:apexd_config_prop:s0 tclass=file permissive=1
03-14 04:51:18.187 8730 8730 I auditd : type=1400 audit(0.0:2835): avc: denied { getattr } for comm="getprop" path="/dev/__properties__/u:object_r:apexd_config_prop:s0" dev="tmpfs" ino=3261 scontext=u:r:system_app:s0 tcontext=u:object_r:apexd_config_prop:s0 tclass=file permissive=1
03-14 04:51:18.187 8730 8730 I auditd : type=1400 audit(0.0:2836): avc: denied { map } for comm="getprop" path="/dev/__properties__/u:object_r:apexd_config_prop:s0" dev="tmpfs" ino=3261 scontext=u:r:system_app:s0 tcontext=u:object_r:apexd_config_prop:s0 tclass=file permissive=1
03-14 04:51:18.187 8730 8730 I auditd : type=1400 audit(0.0:2837): avc: denied { open } for comm="getprop" path="/dev/__properties__/u:object_r:apexd_prop:s0" dev="tmpfs" ino=3262 scontext=u:r:system_app:s0 tcontext=u:object_r:apexd_prop:s0 tclass=file permissive=1
03-14 04:51:18.187 8730 8730 I auditd : type=1400 audit(0.0:2838): avc: denied { getattr } for comm="getprop" path="/dev/__properties__/u:object_r:apexd_prop:s0" dev="tmpfs" ino=3262 scontext=u:r:system_app:s0 tcontext=u:object_r:apexd_prop:s0 tclass=file permissive=1
03-14 04:51:18.187 8730 8730 I auditd : type=1400 audit(0.0:2839): avc: denied { map } for comm="getprop" path="/dev/__properties__/u:object_r:apexd_prop:s0" dev="tmpfs" ino=3262 scontext=u:r:system_app:s0 tcontext=u:object_r:apexd_prop:s0 tclass=file permissive=1
03-14 04:51:18.187 8730 8730 I auditd : type=1400 audit(0.0:2840): avc: denied { open } for comm="getprop" path="/dev/__properties__/u:object_r:apk_verity_prop:s0" dev="tmpfs" ino=3263 scontext=u:r:system_app:s0 tcontext=u:object_r:apk_verity_prop:s0 tclass=file permissive=1
03-14 04:51:18.187 8730 8730 I auditd : type=1400 audit(0.0:2841): avc: denied { getattr } for comm="getprop" path="/dev/__properties__/u:object_r:apk_verity_prop:s0" dev="tmpfs" ino=3263 scontext=u:r:system_app:s0 tcontext=u:object_r:apk_verity_prop:s0 tclass=file permissive=1
01-01 09:00:51.702 0 0 I init : Untracked pid 8734 exited with status 0
01-01 09:00:51.752 0 0 E DTC_ETH,link_delay_work_func: 3003, SQI=0, link=0
03-14 04:51:18.767 782 2149 W FreeFormWindowHelper: Current Display FreeFormTask is null
03-14 04:51:18.768 782 3162 W FreeFormWindowHelper: Current Display FreeFormTask is null
03-14 04:51:18.784 782 2679 W FreeFormWindowHelper: exitRecentTasks type=2
03-14 04:51:18.788 782 2679 W FreeFormWindowHelper: Current Display FreeFormTask is null
03-14 04:51:18.788 782 2679 W FreeFormWindowHelper: Current Display FreeFormTask is null
03-14 04:51:18.991 782 1331 I commit_sys_config_file: [settings-1-0,4]
03-14 04:51:19.431 8743 8743 I auditd : type=1400 audit(0.0:3464): avc: denied { read } for comm="ls" name="/" dev="dm-5" ino=2 scontext=u:r:system_app:s0 tcontext=u:object_r:rootfs:s0 tclass=dir permissive=1
03-14 04:51:19.431 8743 8743 I auditd : type=1400 audit(0.0:3465): avc: denied { open } for comm="ls" path="/" dev="dm-5" ino=2 scontext=u:r:system_app:s0 tcontext=u:object_r:rootfs:s0 tclass=dir permissive=1
01-01 09:00:52.831 0 0 W audit : audit_lost=4161 audit_rate_limit=5 audit_backlog_limit=64
03-14 04:51:19.431 8743 8743 I auditd : type=1400 audit(0.0:3466): avc: denied { getattr } for comm="ls" path="/init" dev="dm-5" ino=24 scontext=u:r:system_app:s0 tcontext=u:object_r:init_exec:s0 tclass=lnk_file permissive=1
03-14 04:51:19.431 8743 8743 I auditd : type=1400 audit(0.0:3467): avc: denied { read } for comm="ls" name="init" dev="dm-5" ino=24 scontext=u:r:system_app:s0 tcontext=u:object_r:init_exec:s0 tclass=lnk_file permissive=1
03-14 04:51:19.431 8743 8743 I auditd : type=1400 audit(0.0:3468): avc: denied { getattr } for comm="ls" path="/metadata" dev="sda11" ino=2 scontext=u:r:system_app:s0 tcontext=u:object_r:metadata_file:s0 tclass=dir permissive=1
01-01 09:00:52.831 0 0 E audit : rate limit exceeded
03-14 04:51:20.409 782 1660 I netstats_mobile_sample: [0,0,0,0,0,0,0,0,0,0,0,0,1678740680409]
03-14 04:51:20.409 782 1660 I netstats_wifi_sample: [0,0,0,0,0,0,0,0,0,0,0,0,1678740680409]
01-01 09:00:53.856 0 0 I [schedu][0x1055301b48][04:51:20.461562] wlan: [3522:I:OSIF] scan start scan id 40979
01-01 09:00:54.889 0 0 I msm_vidc: err : ffffffff: .....: DBLP Set: status 0
01-01 09:00:55.018 0 0 I [schedu][0x1056848861][04:51:21.623550] wlan: [3522:I:OSIF] vdev 0, scan id 40979 type COMPLETED(1) reason COMPLETED(1) scan found 20 bss
03-14 04:51:21.691 782 782 I notification_enqueue: [1000,782,android,17303299,com.android.wifi,0,Notification(channel=NETWORK_AVAILABLE shortcut=null contentView=null vibrate=null sound=null tick defaults=0x0 flags=0x100 color=0x00000000 actions=2 vis=PRIVATE),0]
03-14 04:51:21.893 782 782 I sysui_multi_action: [757,1501,758,1,793,203,794,0,795,203,796,17303299,797,com.android.wifi,806,android,857,NETWORK_AVAILABLE,858,2,947,0,1500,0,1688,1]
03-14 04:51:21.894 782 782 I sysui_multi_action: [757,804,799,note_interruptive,801,0,802,1]
03-14 04:51:21.894 782 782 I GameModeConfig: isGameModeOn = false
03-14 04:51:21.896 782 782 W NotificationHistory: Attempted to add notif for locked/gone/disabled user 0
01-01 09:00:56.871 0 0 E DTC_ETH,link_delay_work_func: 3003, SQI=0, link=0
01-01 09:00:58.216 0 0 I msm_vidc: err : ffffffff: .....: DBLP Set: status 0
01-01 09:01:01.229 0 0 D cnss : Host time = 3660950350 us, device time = 3616130810 us, offset = 44819540 us
01-01 09:01:01.229 0 0 D cnss : Updated time sync regs [0x984] = 0x2abe454, [0x988] = 0x0
01-01 09:01:01.991 0 0 E DTC_ETH,link_delay_work_func: 3003, SQI=0, link=0
03-14 04:51:29.957 782 830 I am_pss : [7303,10086,com.android.music,41715712,33869824,0,171487232,0,10,16]
01-01 09:01:07.111 0 0 E DTC_ETH,link_delay_work_func: 3003, SQI=0, link=0
01-01 09:01:12.231 0 0 E DTC_ETH,link_delay_work_func: 3003, SQI=0, link=0
03-14 04:51:41.395 782 1605 I input_interaction: Interaction with: e892cf3 com.android.launcher3/com.android.launcher3.uioverrides.QuickstepLauncher (server), d04e39a com.android.systemui.ImageWallpaper (server), edge-swipe (server), swipe-up (server), PointerEventDispatcher0 (server),
03-14 04:51:41.422 782 872 I am_uid_idle: 10050
03-14 04:51:42.461 782 3162 I thunderperf: PlatormCompat.setOverrides: Uid1=10074 Pid1=4407 Uid2=10074 Pid2=4407
03-14 04:51:42.461 782 3162 I thunderperf: PlatormCompat.setOverrides: needCheck:false
03-14 04:51:42.461 782 3162 I thunderperf: CompatConfig.addOverrideUnsafe: bef-state=0
03-14 04:51:42.461 782 3162 I thunderperf: CompatConfig.addOverrideUnsafe: aft-state=0
03-14 04:51:42.462 782 3162 I thunderperf: CompatConfig.addOverrideUnsafe: bef-state=0
03-14 04:51:42.462 782 3162 I thunderperf: CompatConfig.addOverrideUnsafe: aft-state=0
03-14 04:51:42.463 782 3162 I thunderperf: CompatConfig.addOverrideUnsafe: bef-state=0
03-14 04:51:42.463 782 3162 I thunderperf: CompatConfig.addOverrideUnsafe: aft-state=0
03-14 04:51:42.463 782 3162 I thunderperf: CompatConfig.addOverrideUnsafe: bef-state=0
03-14 04:51:42.463 782 3162 I thunderperf: CompatConfig.addOverrideUnsafe: aft-state=0
03-14 04:51:42.464 782 3162 I thunderperf: CompatConfig.addOverrideUnsafe: bef-state=0
03-14 04:51:42.464 782 3162 I thunderperf: CompatConfig.addOverrideUnsafe: aft-state=0
03-14 04:51:42.464 782 3162 I thunderperf: CompatConfig.addOverrideUnsafe: bef-state=0
03-14 04:51:42.464 782 3162 I thunderperf: CompatConfig.addOverrideUnsafe: aft-state=0
03-14 04:51:42.464 782 3162 I thunderperf: CompatConfig.addOverrideUnsafe: bef-state=0
03-14 04:51:42.464 782 3162 I thunderperf: CompatConfig.addOverrideUnsafe: aft-state=0
03-14 04:51:42.465 782 3162 I thunderperf: CompatConfig.addOverrideUnsafe: bef-state=0
03-14 04:51:42.465 782 3162 I thunderperf: CompatConfig.addOverrideUnsafe: aft-state=0
03-14 04:51:42.465 782 3162 I thunderperf: CompatConfig.addOverrideUnsafe: bef-state=0
03-14 04:51:42.465 782 3162 I thunderperf: CompatConfig.addOverrideUnsafe: aft-state=0
03-14 04:51:42.466 782 3162 I thunderperf: CompatConfig.addOverrideUnsafe: bef-state=0
03-14 04:51:42.466 782 3162 I thunderperf: CompatConfig.addOverrideUnsafe: aft-state=0
03-14 04:51:42.466 782 3162 I thunderperf: CompatConfig.addOverrideUnsafe: bef-state=0
03-14 04:51:42.466 782 3162 I thunderperf: CompatConfig.addOverrideUnsafe: aft-state=0
03-14 04:51:42.467 782 3162 I thunderperf: CompatConfig.addOverrideUnsafe: bef-state=0
03-14 04:51:42.467 782 3162 I thunderperf: CompatConfig.addOverrideUnsafe: aft-state=0
03-14 04:51:42.467 782 3162 I thunderperf: CompatConfig.addOverrideUnsafe: bef-state=0
03-14 04:51:42.467 782 3162 I thunderperf: CompatConfig.addOverrideUnsafe: aft-state=0
03-14 04:51:42.468 782 3162 I thunderperf: CompatConfig.addOverrideUnsafe: bef-state=0
03-14 04:51:42.468 782 3162 I thunderperf: CompatConfig.addOverrideUnsafe: aft-state=0
03-14 04:51:42.476 782 3162 I ActivityTaskManager: START u0 {act=android.intent.action.MAIN cat=[android.intent.category.LAUNCHER] flg=0x10200000 cmp=com.android.gallery3d/.app.GalleryActivity} from uid 10074
03-14 04:51:42.478 782 3162 I wm_task_moved: [192,1,8]
03-14 04:51:42.478 782 3162 I wm_task_to_front: [0,192]
03-14 04:51:42.479 782 3162 I wm_focused_root_task: [0,0,192,1,bringingFoundTaskToFront]
03-14 04:51:42.480 782 3162 I wm_set_resumed_activity: [0,com.android.gallery3d/.app.GalleryActivity,bringingFoundTaskToFront]
03-14 04:51:42.484 782 3162 D FreeFormWindowHelper: Add freeform task=Task{4f184af #192 type=standard A=10065:com.android.gallery3d U=0 visible=true mode=freeform translucent=true sz=1}
03-14 04:51:42.484 782 3162 I ActivityTaskManager: clear resize flag in freeform mode
03-14 04:51:42.484 782 3162 I ActivityTaskManager: FOREGROUND_APPLICATION_CHANGED to com.android.gallery3d.app.GalleryActivity
03-14 04:51:42.485 782 3162 I wm_set_resumed_activity: [0,com.android.gallery3d/.app.GalleryActivity,resumeTopActivityInnerLocked]
03-14 04:51:42.486 782 3162 I wm_resume_activity: [0,2703317,192,com.android.gallery3d/.app.GalleryActivity]
03-14 04:51:42.494 4407 4407 I wm_on_top_resumed_lost_called: [174418215,com.android.launcher3.uioverrides.QuickstepLauncher,topStateChangedWhenResumed]
03-14 04:51:42.513 5555 5555 I wm_on_restart_called: [2703317,com.android.gallery3d.app.GalleryActivity,performRestartActivity]
03-14 04:51:42.514 5555 5555 I wm_on_start_called: [2703317,com.android.gallery3d.app.GalleryActivity,handleStartActivity]
03-14 04:51:42.517 5555 5555 I wm_on_resume_called: [2703317,com.android.gallery3d.app.GalleryActivity,RESUME_ACTIVITY]
03-14 04:51:42.517 5555 5555 I wm_on_top_resumed_gained_called: [2703317,com.android.gallery3d.app.GalleryActivity,topStateChangedWhenResumed]
03-14 04:51:42.524 782 2679 W WindowManager: updateScale : 0.79357797
03-14 04:51:42.528 782 826 I input_focus: [Focus request 2a9d653 com.android.gallery3d/com.android.gallery3d.app.GalleryActivity,reason=UpdateInputWindows]
03-14 04:51:42.535 782 825 W WindowManager: updateScale : 0.79357797
03-14 04:51:42.550 782 826 W WindowManager: updateScale : 0.79357797
03-14 04:51:42.552 782 1605 I input_focus: [Focus leaving e892cf3 com.android.launcher3/com.android.launcher3.uioverrides.QuickstepLauncher (server),reason=Waiting for window because NOT_VISIBLE]
03-14 04:51:42.553 782 826 W WindowManager: updateScale : 0.79357797
03-14 04:51:42.555 782 826 W WindowManager: updateScale : 0.79357797
03-14 04:51:42.556 782 822 I sysui_multi_action: [319,77,322,76,325,3673,757,761,758,9,759,2,806,com.android.gallery3d,871,com.android.gallery3d.app.GalleryActivity,904,com.android.launcher3,905,0,1320,4,1321,1]
03-14 04:51:42.556 782 825 W WindowManager: updateScale : 0.79357797
03-14 04:51:42.568 782 1605 I input_focus: [Focus entering 2a9d653 com.android.gallery3d/com.android.gallery3d.app.GalleryActivity (server),reason=Window became focusable. Previous reason: NOT_VISIBLE]
03-14 04:51:42.695 514 514 I auditd : avc: denied { find } for interface=vendor.qti.qspmhal::IQspmhal sid=u:r:mediaserver:s0 pid=1349 scontext=u:r:mediaserver:s0 tcontext=u:object_r:vendor_hal_qspmhal_hwservice:s0 tclass=hwservice_manager permissive=1
03-14 04:51:42.691 1349 1349 I auditd : type=1400 audit(0.0:3476): avc: denied { call } for comm="capture_looper" scontext=u:r:mediaserver:s0 tcontext=u:r:vendor_hal_qspmhal_default:s0 tclass=binder permissive=1
01-01 09:01:16.118 0 0 I msm_vidc: high: 00000002: ....d: Opening video instance: 0000000000000000, 1
01-01 09:01:16.118 0 0 I msm_vidc: err : 00000002: ....d: Failed to create debugfs for msm_vidc
03-14 04:51:42.836 782 826 W WindowManager: updateScale : 0.79357797
01-01 09:01:16.250 0 0 I msm_vidc: high: 00000002: h264d: Closed video instance: 0000000000000000
03-14 04:51:43.203 782 3162 W FreeFormWindowHelper: Current Display FreeFormTask is Task{4f184af #192 type=standard A=10065:com.android.gallery3d U=0 visible=true mode=freeform translucent=false sz=1}
03-14 04:51:43.205 782 3162 W FreeFormWindowHelper: Current Display FreeFormTask is Task{4f184af #192 type=standard A=10065:com.android.gallery3d U=0 visible=true mode=freeform translucent=false sz=1}
03-14 04:51:43.218 782 822 D AutofillManagerService: Close system dialogs
03-14 04:51:43.219 782 2679 W FreeFormWindowHelper: Current Display FreeFormTask is Task{4f184af #192 type=standard A=10065:com.android.gallery3d U=0 visible=true mode=freeform translucent=false sz=1}
03-14 04:51:43.219 782 2679 W FreeFormWindowHelper: Current Display FreeFormTask is Task{4f184af #192 type=standard A=10065:com.android.gallery3d U=0 visible=true mode=freeform translucent=false sz=1}
03-14 04:51:43.221 4407 4407 I view_enqueue_input_event: [Motion - Cancel,com.android.launcher3/com.android.launcher3.uioverrides.QuickstepLauncher]
03-14 04:51:43.221 782 2679 W FreeFormWindowHelper: Current Display FreeFormTask is Task{4f184af #192 type=standard A=10065:com.android.gallery3d U=0 visible=true mode=freeform translucent=false sz=1}
03-14 04:51:43.223 782 2679 W FreeFormWindowHelper: Current Display FreeFormTask is Task{4f184af #192 type=standard A=10065:com.android.gallery3d U=0 visible=true mode=freeform translucent=false sz=1}
03-14 04:51:43.226 782 2679 W ActivityTaskManager: getTaskSnapshot: taskId=-512 not found
03-14 04:51:43.226 782 2679 W FreeFormWindowHelper: Current Display FreeFormTask is Task{4f184af #192 type=standard A=10065:com.android.gallery3d U=0 visible=true mode=freeform translucent=false sz=1}
03-14 04:51:43.226 782 1605 I input_interaction: Interaction with: edge-swipe (server), swipe-up (server), PointerEventDispatcher0 (server),
03-14 04:51:43.226 782 2679 W FreeFormWindowHelper: Current Display FreeFormTask is Task{4f184af #192 type=standard A=10065:com.android.gallery3d U=0 visible=true mode=freeform translucent=false sz=1}
03-14 04:51:43.228 782 2679 W ActivityTaskManager: getTaskSnapshot: taskId=-512 not found
03-14 04:51:43.232 782 2679 W FreeFormWindowHelper: Current Display FreeFormTask is Task{4f184af #192 type=standard A=10065:com.android.gallery3d U=0 visible=true mode=freeform translucent=false sz=1}
03-14 04:51:43.233 782 2679 W FreeFormWindowHelper: Current Display FreeFormTask is Task{4f184af #192 type=standard A=10065:com.android.gallery3d U=0 visible=true mode=freeform translucent=false sz=1}
03-14 04:51:43.405 782 1331 I commit_sys_config_file: [settings-1-0,4]
03-14 04:51:43.568 782 3162 W FreeFormWindowHelper: Current Display FreeFormTask is Task{4f184af #192 type=standard A=10065:com.android.gallery3d U=0 visible=true mode=freeform translucent=false sz=1}
03-14 04:51:43.568 782 3162 W FreeFormWindowHelper: Current Display FreeFormTask is Task{4f184af #192 type=standard A=10065:com.android.gallery3d U=0 visible=true mode=freeform translucent=false sz=1}
03-14 04:51:43.585 782 2149 W FreeFormWindowHelper: Current Display FreeFormTask is Task{4f184af #192 type=standard A=10065:com.android.gallery3d U=0 visible=true mode=freeform translucent=false sz=1}
03-14 04:51:43.585 782 2149 W FreeFormWindowHelper: Current Display FreeFormTask is Task{4f184af #192 type=standard A=10065:com.android.gallery3d U=0 visible=true mode=freeform translucent=false sz=1}
03-14 04:51:43.602 782 4406 W FreeFormWindowHelper: Current Display FreeFormTask is Task{4f184af #192 type=standard A=10065:com.android.gallery3d U=0 visible=true mode=freeform translucent=false sz=1}
03-14 04:51:43.603 782 2679 W FreeFormWindowHelper: Current Display FreeFormTask is Task{4f184af #192 type=standard A=10065:com.android.gallery3d U=0 visible=true mode=freeform translucent=false sz=1}
03-14 04:51:43.619 782 3162 W FreeFormWindowHelper: Current Display FreeFormTask is Task{4f184af #192 type=standard A=10065:com.android.gallery3d U=0 visible=true mode=freeform translucent=false sz=1}
03-14 04:51:43.620 782 3162 W FreeFormWindowHelper: Current Display FreeFormTask is Task{4f184af #192 type=standard A=10065:com.android.gallery3d U=0 visible=true mode=freeform translucent=false sz=1}
03-14 04:51:43.636 782 2679 W FreeFormWindowHelper: Current Display FreeFormTask is Task{4f184af #192 type=standard A=10065:com.android.gallery3d U=0 visible=true mode=freeform translucent=false sz=1}
03-14 04:51:43.636 782 2679 W FreeFormWindowHelper: Current Display FreeFormTask is Task{4f184af #192 type=standard A=10065:com.android.gallery3d U=0 visible=true mode=freeform translucent=false sz=1}
03-14 04:51:43.655 782 5547 W FreeFormWindowHelper: Current Display FreeFormTask is Task{4f184af #192 type=standard A=10065:com.android.gallery3d U=0 visible=true mode=freeform translucent=false sz=1}
03-14 04:51:43.656 782 5547 W FreeFormWindowHelper: Current Display FreeFormTask is Task{4f184af #192 type=standard A=10065:com.android.gallery3d U=0 visible=true mode=freeform translucent=false sz=1}
03-14 04:51:43.671 782 2679 W FreeFormWindowHelper: Current Display FreeFormTask is Task{4f184af #192 type=standard A=10065:com.android.gallery3d U=0 visible=true mode=freeform translucent=false sz=1}
03-14 04:51:43.672 782 2679 W FreeFormWindowHelper: Current Display FreeFormTask is Task{4f184af #192 type=standard A=10065:com.android.gallery3d U=0 visible=true mode=freeform translucent=false sz=1}
03-14 04:51:43.687 782 3162 W FreeFormWindowHelper: Current Display FreeFormTask is Task{4f184af #192 type=standard A=10065:com.android.gallery3d U=0 visible=true mode=freeform translucent=false sz=1}
03-14 04:51:43.688 782 3162 W FreeFormWindowHelper: Current Display FreeFormTask is Task{4f184af #192 type=standard A=10065:com.android.gallery3d U=0 visible=true mode=freeform translucent=false sz=1}
03-14 04:51:43.705 782 2679 W FreeFormWindowHelper: Current Display FreeFormTask is Task{4f184af #192 type=standard A=10065:com.android.gallery3d U=0 visible=true mode=freeform translucent=false sz=1}
03-14 04:51:43.706 782 2679 W FreeFormWindowHelper: Current Display FreeFormTask is Task{4f184af #192 type=standard A=10065:com.android.gallery3d U=0 visible=true mode=freeform translucent=false sz=1}
03-14 04:51:43.723 782 3162 W FreeFormWindowHelper: Current Display FreeFormTask is Task{4f184af #192 type=standard A=10065:com.android.gallery3d U=0 visible=true mode=freeform translucent=false sz=1}
03-14 04:51:43.724 782 3162 W FreeFormWindowHelper: Current Display FreeFormTask is Task{4f184af #192 type=standard A=10065:com.android.gallery3d U=0 visible=true mode=freeform translucent=false sz=1}
03-14 04:51:43.738 782 2679 W FreeFormWindowHelper: Current Display FreeFormTask is Task{4f184af #192 type=standard A=10065:com.android.gallery3d U=0 visible=true mode=freeform translucent=false sz=1}
03-14 04:51:43.739 782 3162 W FreeFormWindowHelper: Current Display FreeFormTask is Task{4f184af #192 type=standard A=10065:com.android.gallery3d U=0 visible=true mode=freeform translucent=false sz=1}
03-14 04:51:43.757 782 2679 W FreeFormWindowHelper: Current Display FreeFormTask is Task{4f184af #192 type=standard A=10065:com.android.gallery3d U=0 visible=true mode=freeform translucent=false sz=1}
03-14 04:51:43.758 782 2679 W FreeFormWindowHelper: Current Display FreeFormTask is Task{4f184af #192 type=standard A=10065:com.android.gallery3d U=0 visible=true mode=freeform translucent=false sz=1}
03-14 04:51:43.762 782 1331 I commit_sys_config_file: [settings-1-0,6]
03-14 04:51:43.773 782 2679 W FreeFormWindowHelper: Current Display FreeFormTask is Task{4f184af #192 type=standard A=10065:com.android.gallery3d U=0 visible=true mode=freeform translucent=false sz=1}
03-14 04:51:43.774 782 3162 W FreeFormWindowHelper: Current Display FreeFormTask is Task{4f184af #192 type=standard A=10065:com.android.gallery3d U=0 visible=true mode=freeform translucent=false sz=1}
03-14 04:51:43.788 782 2679 W FreeFormWindowHelper: Current Display FreeFormTask is Task{4f184af #192 type=standard A=10065:com.android.gallery3d U=0 visible=true mode=freeform translucent=false sz=1}
03-14 04:51:43.789 782 2679 W FreeFormWindowHelper: Current Display FreeFormTask is Task{4f184af #192 type=standard A=10065:com.android.gallery3d U=0 visible=true mode=freeform translucent=false sz=1}
03-14 04:51:43.804 782 3162 W FreeFormWindowHelper: Current Display FreeFormTask is Task{4f184af #192 type=standard A=10065:com.android.gallery3d U=0 visible=true mode=freeform translucent=false sz=1}
03-14 04:51:43.805 782 3162 W FreeFormWindowHelper: Current Display FreeFormTask is Task{4f184af #192 type=standard A=10065:com.android.gallery3d U=0 visible=true mode=freeform translucent=false sz=1}
03-14 04:51:43.821 782 5547 W FreeFormWindowHelper: Current Display FreeFormTask is Task{4f184af #192 type=standard A=10065:com.android.gallery3d U=0 visible=true mode=freeform translucent=false sz=1}
03-14 04:51:43.822 782 5547 W FreeFormWindowHelper: Current Display FreeFormTask is Task{4f184af #192 type=standard A=10065:com.android.gallery3d U=0 visible=true mode=freeform translucent=false sz=1}
03-14 04:51:43.839 782 5547 W FreeFormWindowHelper: Current Display FreeFormTask is Task{4f184af #192 type=standard A=10065:com.android.gallery3d U=0 visible=true mode=freeform translucent=false sz=1}
03-14 04:51:43.840 782 5547 W FreeFormWindowHelper: Current Display FreeFormTask is Task{4f184af #192 type=standard A=10065:com.android.gallery3d U=0 visible=true mode=freeform translucent=false sz=1}
03-14 04:51:43.857 782 2679 W FreeFormWindowHelper: Current Display FreeFormTask is Task{4f184af #192 type=standard A=10065:com.android.gallery3d U=0 visible=true mode=freeform translucent=false sz=1}
03-14 04:51:43.858 782 2679 W FreeFormWindowHelper: Current Display FreeFormTask is Task{4f184af #192 type=standard A=10065:com.android.gallery3d U=0 visible=true mode=freeform translucent=false sz=1}
03-14 04:51:43.875 782 2679 I wm_finish_activity: [0,2703317,192,com.android.gallery3d/.app.GalleryActivity,app-request]
03-14 04:51:43.876 782 2679 I wm_task_moved: [1,1,8]
03-14 04:51:43.878 5555 5555 I wm_on_top_resumed_lost_called: [2703317,com.android.gallery3d.app.GalleryActivity,topStateChangedWhenResumed]
03-14 04:51:43.878 782 2679 I wm_set_resumed_activity: [0,com.android.launcher3/.uioverrides.QuickstepLauncher,positionChildAt]
03-14 04:51:43.879 782 2679 I wm_task_moved: [102,1,2147483647]
03-14 04:51:43.879 782 2679 I wm_task_to_front: [0,102]
03-14 04:51:43.879 782 2679 I wm_focused_root_task: [0,0,1,-1,finish-top adjustFocusToNextFocusableTask]
03-14 04:51:43.879 782 2679 I wm_set_resumed_activity: [0,com.android.launcher3/.uioverrides.QuickstepLauncher,finish-top]
03-14 04:51:43.889 782 2679 I wm_pause_activity: [0,2703317,com.android.gallery3d/.app.GalleryActivity,userLeaving=false,finish]
03-14 04:51:43.893 782 826 I input_focus: [Focus request e892cf3 com.android.launcher3/com.android.launcher3.uioverrides.QuickstepLauncher,reason=UpdateInputWindows]
03-14 04:51:43.894 782 2679 W FreeFormWindowHelper: Current Display FreeFormTask is Task{4f184af #192 type=standard A=10065:com.android.gallery3d U=0 visible=false mode=freeform translucent=true sz=1}
03-14 04:51:43.895 782 2679 W FreeFormWindowHelper: Current Display FreeFormTask is Task{4f184af #192 type=standard A=10065:com.android.gallery3d U=0 visible=false mode=freeform translucent=true sz=1}
03-14 04:51:43.898 782 5547 W FreeFormWindowHelper: Current Display FreeFormTask is Task{4f184af #192 type=standard A=10065:com.android.gallery3d U=0 visible=false mode=freeform translucent=true sz=1}
03-14 04:51:43.908 5555 5555 I wm_on_paused_called: [2703317,com.android.gallery3d.app.GalleryActivity,performPause]
03-14 04:51:43.909 782 2679 I ActivityTaskManager: FOREGROUND_APPLICATION_CHANGED to com.android.launcher3.uioverrides.QuickstepLauncher
03-14 04:51:43.910 782 2679 I wm_destroy_activity: [0,2703317,192,com.android.gallery3d/.app.GalleryActivity,finish-imm:completePausedLocked]
03-14 04:51:43.921 782 825 I sysui_multi_action: [757,803,799,window_time_0,802,36]
03-14 04:51:43.922 782 1605 I input_focus: [Focus leaving 2a9d653 com.android.gallery3d/com.android.gallery3d.app.GalleryActivity (server),reason=NO_WINDOW]
03-14 04:51:43.922 782 1605 I input_focus: [Focus entering e892cf3 com.android.launcher3/com.android.launcher3.uioverrides.QuickstepLauncher (server),reason=setFocusedWindow]
03-14 04:51:43.929 5555 5555 I wm_on_stop_called: [2703317,com.android.gallery3d.app.GalleryActivity,LIFECYCLER_STOP_ACTIVITY]
03-14 04:51:43.931 5555 5555 I wm_on_destroy_called: [2703317,com.android.gallery3d.app.GalleryActivity,performDestroy]
03-14 04:51:43.935 782 2149 W FreeFormWindowHelper: Current Display FreeFormTask is Task{4f184af #192 type=standard A=10065:com.android.gallery3d U=0 visible=false mode=freeform translucent=true sz=1}
03-14 04:51:43.938 782 2149 W FreeFormWindowHelper: Current Display FreeFormTask is Task{4f184af #192 type=standard A=10065:com.android.gallery3d U=0 visible=false mode=freeform translucent=true sz=1}
03-14 04:51:43.939 782 2149 W FreeFormWindowHelper: Current Display FreeFormTask is Task{4f184af #192 type=standard A=10065:com.android.gallery3d U=0 visible=false mode=freeform translucent=true sz=1}
03-14 04:51:43.941 4407 4407 I wm_on_top_resumed_gained_called: [174418215,com.android.launcher3.uioverrides.QuickstepLauncher,topStateChangedWhenResumed]
01-01 09:01:17.351 0 0 E DTC_ETH,link_delay_work_func: 3003, SQI=0, link=0
03-14 04:51:44.013 782 2149 W FreeFormWindowHelper: Current Display FreeFormTask is Task{4f184af #192 type=standard A=10065:com.android.gallery3d U=0 visible=false mode=freeform translucent=true sz=1}
03-14 04:51:44.203 782 826 I wm_task_removed: [192,removeChild:removeChild last r=ActivityRecord{293fd5 u0 com.android.gallery3d/.app.GalleryActivity t-1 f}} in t=Task{4f184af #192 type=standard A=10065:com.android.gallery3d U=0 visible=false mode=freeform translucent=true sz=0}]
03-14 04:51:44.203 782 826 I wm_task_removed: [192,removeChild]
03-14 04:51:44.203 782 826 D FreeFormWindowHelper: Remove freefrom task=Task{4f184af #192 type=standard A=10065:com.android.gallery3d U=0 visible=false mode=freeform translucent=true sz=0}
03-14 04:51:44.364 782 1605 I input_interaction: Interaction with: e892cf3 com.android.launcher3/com.android.launcher3.uioverrides.QuickstepLauncher (server), d04e39a com.android.systemui.ImageWallpaper (server), edge-swipe (server), swipe-up (server), PointerEventDispatcher0 (server),
03-14 04:51:44.404 4407 4407 I view_enqueue_input_event: [Motion - Cancel,com.android.launcher3/com.android.launcher3.uioverrides.QuickstepLauncher]
03-14 04:51:44.405 782 822 D AutofillManagerService: Close system dialogs
03-14 04:51:44.416 782 1605 I input_interaction: Interaction with: edge-swipe (server), swipe-up (server), PointerEventDispatcher0 (server),
03-14 04:51:44.494 782 2679 W FreeFormWindowHelper: exitRecentTasks type=0
03-14 04:51:44.494 782 2679 W ContextImpl: Calling a method in the system process without a qualified user: android.app.ContextImpl.startActivity:1067 com.android.server.wm.FreeFormWindowHelper.exitRecentTasks:435 com.android.server.wm.ActivityTaskManagerService.exitRecentTasks:3821 android.app.IActivityTaskManager$Stub.onTransact:2307 com.android.server.wm.ActivityTaskManagerService.onTransact:5072
03-14 04:51:44.496 782 2679 I thunderperf: PlatormCompat.setOverrides: Uid1=1000 Pid1=782 Uid2=1000 Pid2=782
03-14 04:51:44.496 782 2679 I thunderperf: PlatormCompat.setOverrides: needCheck:false
03-14 04:51:44.497 782 2679 I thunderperf: CompatConfig.addOverrideUnsafe: bef-state=0
03-14 04:51:44.497 782 2679 I thunderperf: CompatConfig.addOverrideUnsafe: aft-state=0
03-14 04:51:44.497 782 2679 I thunderperf: CompatConfig.addOverrideUnsafe: bef-state=0
03-14 04:51:44.497 782 2679 I thunderperf: CompatConfig.addOverrideUnsafe: aft-state=0
03-14 04:51:44.498 782 2679 I thunderperf: CompatConfig.addOverrideUnsafe: bef-state=0
03-14 04:51:44.498 782 2679 I thunderperf: CompatConfig.addOverrideUnsafe: aft-state=0
03-14 04:51:44.499 782 2679 I thunderperf: CompatConfig.addOverrideUnsafe: bef-state=0
03-14 04:51:44.499 782 2679 I thunderperf: CompatConfig.addOverrideUnsafe: aft-state=0
03-14 04:51:44.499 782 2679 I thunderperf: CompatConfig.addOverrideUnsafe: bef-state=0
03-14 04:51:44.499 782 2679 I thunderperf: CompatConfig.addOverrideUnsafe: aft-state=0
03-14 04:51:44.500 782 2679 I thunderperf: CompatConfig.addOverrideUnsafe: bef-state=0
03-14 04:51:44.500 782 2679 I thunderperf: CompatConfig.addOverrideUnsafe: aft-state=0
03-14 04:51:44.500 782 2679 I thunderperf: CompatConfig.addOverrideUnsafe: bef-state=0
03-14 04:51:44.500 782 2679 I thunderperf: CompatConfig.addOverrideUnsafe: aft-state=0
03-14 04:51:44.501 782 2679 I thunderperf: CompatConfig.addOverrideUnsafe: bef-state=0
03-14 04:51:44.501 782 2679 I thunderperf: CompatConfig.addOverrideUnsafe: aft-state=0
03-14 04:51:44.501 782 2679 I thunderperf: CompatConfig.addOverrideUnsafe: bef-state=0
03-14 04:51:44.501 782 2679 I thunderperf: CompatConfig.addOverrideUnsafe: aft-state=0
03-14 04:51:44.502 782 2679 I thunderperf: CompatConfig.addOverrideUnsafe: bef-state=0
03-14 04:51:44.502 782 2679 I thunderperf: CompatConfig.addOverrideUnsafe: aft-state=0
03-14 04:51:44.502 782 2679 I thunderperf: CompatConfig.addOverrideUnsafe: bef-state=0
03-14 04:51:44.502 782 2679 I thunderperf: CompatConfig.addOverrideUnsafe: aft-state=0
03-14 04:51:44.503 782 2679 I thunderperf: CompatConfig.addOverrideUnsafe: bef-state=0
03-14 04:51:44.503 782 2679 I thunderperf: CompatConfig.addOverrideUnsafe: aft-state=0
03-14 04:51:44.503 782 2679 I thunderperf: CompatConfig.addOverrideUnsafe: bef-state=0
