03-14 04:52:10.550 782 1605 I input_interaction: Interaction with: f6966bb com.android.launcher3/com.android.launcher3.uioverrides.QuickstepLauncher (server), d04e39a com.android.systemui.ImageWallpaper (server), edge-swipe (server), swipe-up (server), PointerEventDispatcher0 (server),
03-14 04:52:10.581 782 797 W FreeFormWindowHelper: Current Display FreeFormTask is Task{d152b8a #209 type=standard A=10065:com.android.gallery3d U=0 visible=true mode=freeform translucent=false sz=1}
03-14 04:52:10.582 782 797 W FreeFormWindowHelper: Current Display FreeFormTask is Task{d152b8a #209 type=standard A=10065:com.android.gallery3d U=0 visible=true mode=freeform translucent=false sz=1}
03-14 04:52:10.582 782 2190 W FreeFormWindowHelper: Current Display FreeFormTask is Task{d152b8a #209 type=standard A=10065:com.android.gallery3d U=0 visible=true mode=freeform translucent=false sz=1}
03-14 04:52:10.593 782 822 D AutofillManagerService: Close system dialogs
03-14 04:52:10.594 782 2170 W FreeFormWindowHelper: Current Display FreeFormTask is Task{d152b8a #209 type=standard A=10065:com.android.gallery3d U=0 visible=true mode=freeform translucent=false sz=1}
03-14 04:52:10.594 782 2170 W FreeFormWindowHelper: Current Display FreeFormTask is Task{d152b8a #209 type=standard A=10065:com.android.gallery3d U=0 visible=true mode=freeform translucent=false sz=1}
03-14 04:52:10.595 9060 9060 I view_enqueue_input_event: [Motion - Cancel,com.android.launcher3/com.android.launcher3.uioverrides.QuickstepLauncher]
03-14 04:52:10.595 782 2190 W FreeFormWindowHelper: Current Display FreeFormTask is Task{d152b8a #209 type=standard A=10065:com.android.gallery3d U=0 visible=true mode=freeform translucent=false sz=1}
03-14 04:52:10.597 782 2170 W FreeFormWindowHelper: Current Display FreeFormTask is Task{d152b8a #209 type=standard A=10065:com.android.gallery3d U=0 visible=true mode=freeform translucent=false sz=1}
03-14 04:52:10.597 782 2170 W FreeFormWindowHelper: Current Display FreeFormTask is Task{d152b8a #209 type=standard A=10065:com.android.gallery3d U=0 visible=true mode=freeform translucent=false sz=1}
03-14 04:52:10.597 782 2190 W FreeFormWindowHelper: Current Display FreeFormTask is Task{d152b8a #209 type=standard A=10065:com.android.gallery3d U=0 visible=true mode=freeform translucent=false sz=1}
03-14 04:52:10.598 782 2170 W FreeFormWindowHelper: Current Display FreeFormTask is Task{d152b8a #209 type=standard A=10065:com.android.gallery3d U=0 visible=true mode=freeform translucent=false sz=1}
03-14 04:52:10.598 782 2190 W FreeFormWindowHelper: Current Display FreeFormTask is Task{d152b8a #209 type=standard A=10065:com.android.gallery3d U=0 visible=true mode=freeform translucent=false sz=1}
03-14 04:52:10.599 782 2190 W FreeFormWindowHelper: Current Display FreeFormTask is Task{d152b8a #209 type=standard A=10065:com.android.gallery3d U=0 visible=true mode=freeform translucent=false sz=1}
03-14 04:52:10.599 782 2170 W ActivityTaskManager: getTaskSnapshot: taskId=-139 not found
03-14 04:52:10.600 782 2170 W ActivityTaskManager: getTaskSnapshot: taskId=-138 not found
03-14 04:52:10.600 782 2190 W FreeFormWindowHelper: Current Display FreeFormTask is Task{d152b8a #209 type=standard A=10065:com.android.gallery3d U=0 visible=true mode=freeform translucent=false sz=1}
03-14 04:52:10.600 782 2190 W FreeFormWindowHelper: Current Display FreeFormTask is Task{d152b8a #209 type=standard A=10065:com.android.gallery3d U=0 visible=true mode=freeform translucent=false sz=1}
03-14 04:52:10.600 782 2190 W ActivityTaskManager: getTaskSnapshot: taskId=-138 not found
03-14 04:52:10.602 782 1605 I input_interaction: Interaction with: edge-swipe (server), swipe-up (server), PointerEventDispatcher0 (server),
03-14 04:52:10.615 782 2190 W FreeFormWindowHelper: Current Display FreeFormTask is Task{d152b8a #209 type=standard A=10065:com.android.gallery3d U=0 visible=true mode=freeform translucent=false sz=1}
03-14 04:52:10.615 782 2190 W FreeFormWindowHelper: Current Display FreeFormTask is Task{d152b8a #209 type=standard A=10065:com.android.gallery3d U=0 visible=true mode=freeform translucent=false sz=1}
03-14 04:52:10.783 782 1331 I commit_sys_config_file: [settings-1-0,1]
03-14 04:52:10.949 782 2170 W FreeFormWindowHelper: Current Display FreeFormTask is Task{d152b8a #209 type=standard A=10065:com.android.gallery3d U=0 visible=true mode=freeform translucent=false sz=1}
03-14 04:52:10.951 782 2170 W FreeFormWindowHelper: Current Display FreeFormTask is Task{d152b8a #209 type=standard A=10065:com.android.gallery3d U=0 visible=true mode=freeform translucent=false sz=1}
03-14 04:52:10.966 782 2170 W FreeFormWindowHelper: Current Display FreeFormTask is Task{d152b8a #209 type=standard A=10065:com.android.gallery3d U=0 visible=true mode=freeform translucent=false sz=1}
03-14 04:52:10.966 782 2170 W FreeFormWindowHelper: Current Display FreeFormTask is Task{d152b8a #209 type=standard A=10065:com.android.gallery3d U=0 visible=true mode=freeform translucent=false sz=1}
03-14 04:52:10.983 782 2190 W FreeFormWindowHelper: Current Display FreeFormTask is Task{d152b8a #209 type=standard A=10065:com.android.gallery3d U=0 visible=true mode=freeform translucent=false sz=1}
03-14 04:52:10.984 782 2190 W FreeFormWindowHelper: Current Display FreeFormTask is Task{d152b8a #209 type=standard A=10065:com.android.gallery3d U=0 visible=true mode=freeform translucent=false sz=1}
03-14 04:52:11.000 782 2170 W FreeFormWindowHelper: Current Display FreeFormTask is Task{d152b8a #209 type=standard A=10065:com.android.gallery3d U=0 visible=true mode=freeform translucent=false sz=1}
03-14 04:52:11.000 782 2170 W FreeFormWindowHelper: Current Display FreeFormTask is Task{d152b8a #209 type=standard A=10065:com.android.gallery3d U=0 visible=true mode=freeform translucent=false sz=1}
03-14 04:52:11.017 782 2190 W FreeFormWindowHelper: Current Display FreeFormTask is Task{d152b8a #209 type=standard A=10065:com.android.gallery3d U=0 visible=true mode=freeform translucent=false sz=1}
03-14 04:52:11.017 782 2190 W FreeFormWindowHelper: Current Display FreeFormTask is Task{d152b8a #209 type=standard A=10065:com.android.gallery3d U=0 visible=true mode=freeform translucent=false sz=1}
03-14 04:52:11.034 782 2190 W FreeFormWindowHelper: Current Display FreeFormTask is Task{d152b8a #209 type=standard A=10065:com.android.gallery3d U=0 visible=true mode=freeform translucent=false sz=1}
03-14 04:52:11.034 782 2190 W FreeFormWindowHelper: Current Display FreeFormTask is Task{d152b8a #209 type=standard A=10065:com.android.gallery3d U=0 visible=true mode=freeform translucent=false sz=1}
03-14 04:52:11.050 782 797 W FreeFormWindowHelper: Current Display FreeFormTask is Task{d152b8a #209 type=standard A=10065:com.android.gallery3d U=0 visible=true mode=freeform translucent=false sz=1}
03-14 04:52:11.051 782 797 W FreeFormWindowHelper: Current Display FreeFormTask is Task{d152b8a #209 type=standard A=10065:com.android.gallery3d U=0 visible=true mode=freeform translucent=false sz=1}
03-14 04:52:11.067 782 2190 W FreeFormWindowHelper: Current Display FreeFormTask is Task{d152b8a #209 type=standard A=10065:com.android.gallery3d U=0 visible=true mode=freeform translucent=false sz=1}
03-14 04:52:11.067 782 2190 W FreeFormWindowHelper: Current Display FreeFormTask is Task{d152b8a #209 type=standard A=10065:com.android.gallery3d U=0 visible=true mode=freeform translucent=false sz=1}
03-14 04:52:11.083 782 2170 W FreeFormWindowHelper: Current Display FreeFormTask is Task{d152b8a #209 type=standard A=10065:com.android.gallery3d U=0 visible=true mode=freeform translucent=false sz=1}
03-14 04:52:11.084 782 2170 W FreeFormWindowHelper: Current Display FreeFormTask is Task{d152b8a #209 type=standard A=10065:com.android.gallery3d U=0 visible=true mode=freeform translucent=false sz=1}
03-14 04:52:11.100 782 797 W FreeFormWindowHelper: Current Display FreeFormTask is Task{d152b8a #209 type=standard A=10065:com.android.gallery3d U=0 visible=true mode=freeform translucent=false sz=1}
03-14 04:52:11.101 782 797 W FreeFormWindowHelper: Current Display FreeFormTask is Task{d152b8a #209 type=standard A=10065:com.android.gallery3d U=0 visible=true mode=freeform translucent=false sz=1}
03-14 04:52:11.117 782 2190 W FreeFormWindowHelper: Current Display FreeFormTask is Task{d152b8a #209 type=standard A=10065:com.android.gallery3d U=0 visible=true mode=freeform translucent=false sz=1}
03-14 04:52:11.117 782 2190 W FreeFormWindowHelper: Current Display FreeFormTask is Task{d152b8a #209 type=standard A=10065:com.android.gallery3d U=0 visible=true mode=freeform translucent=false sz=1}
03-14 04:52:11.134 782 797 W FreeFormWindowHelper: Current Display FreeFormTask is Task{d152b8a #209 type=standard A=10065:com.android.gallery3d U=0 visible=true mode=freeform translucent=false sz=1}
03-14 04:52:11.134 782 797 W FreeFormWindowHelper: Current Display FreeFormTask is Task{d152b8a #209 type=standard A=10065:com.android.gallery3d U=0 visible=true mode=freeform translucent=false sz=1}
03-14 04:52:11.150 782 2190 W FreeFormWindowHelper: Current Display FreeFormTask is Task{d152b8a #209 type=standard A=10065:com.android.gallery3d U=0 visible=true mode=freeform translucent=false sz=1}
03-14 04:52:11.150 782 1331 I commit_sys_config_file: [settings-1-0,1]
03-14 04:52:11.151 782 2190 W FreeFormWindowHelper: Current Display FreeFormTask is Task{d152b8a #209 type=standard A=10065:com.android.gallery3d U=0 visible=true mode=freeform translucent=false sz=1}
03-14 04:52:11.151 782 2969 E TaskPersister: File error accessing recents directory (directory doesn't exist?).
03-14 04:52:11.167 782 797 W FreeFormWindowHelper: Current Display FreeFormTask is Task{d152b8a #209 type=standard A=10065:com.android.gallery3d U=0 visible=true mode=freeform translucent=false sz=1}
03-14 04:52:11.167 782 797 W FreeFormWindowHelper: Current Display FreeFormTask is Task{d152b8a #209 type=standard A=10065:com.android.gallery3d U=0 visible=true mode=freeform translucent=false sz=1}
03-14 04:52:11.184 782 2170 W FreeFormWindowHelper: Current Display FreeFormTask is Task{d152b8a #209 type=standard A=10065:com.android.gallery3d U=0 visible=true mode=freeform translucent=false sz=1}
03-14 04:52:11.184 782 2170 W FreeFormWindowHelper: Current Display FreeFormTask is Task{d152b8a #209 type=standard A=10065:com.android.gallery3d U=0 visible=true mode=freeform translucent=false sz=1}
03-14 04:52:11.200 782 797 W FreeFormWindowHelper: Current Display FreeFormTask is Task{d152b8a #209 type=standard A=10065:com.android.gallery3d U=0 visible=true mode=freeform translucent=false sz=1}
03-14 04:52:11.201 782 797 W FreeFormWindowHelper: Current Display FreeFormTask is Task{d152b8a #209 type=standard A=10065:com.android.gallery3d U=0 visible=true mode=freeform translucent=false sz=1}
03-14 04:52:11.217 782 2170 W FreeFormWindowHelper: Current Display FreeFormTask is Task{d152b8a #209 type=standard A=10065:com.android.gallery3d U=0 visible=true mode=freeform translucent=false sz=1}
03-14 04:52:11.217 782 2170 W FreeFormWindowHelper: Current Display FreeFormTask is Task{d152b8a #209 type=standard A=10065:com.android.gallery3d U=0 visible=true mode=freeform translucent=false sz=1}
03-14 04:52:11.234 782 2170 W FreeFormWindowHelper: Current Display FreeFormTask is Task{d152b8a #209 type=standard A=10065:com.android.gallery3d U=0 visible=true mode=freeform translucent=false sz=1}
03-14 04:52:11.234 782 2170 W FreeFormWindowHelper: Current Display FreeFormTask is Task{d152b8a #209 type=standard A=10065:com.android.gallery3d U=0 visible=true mode=freeform translucent=false sz=1}
03-14 04:52:11.251 782 797 W FreeFormWindowHelper: Current Display FreeFormTask is Task{d152b8a #209 type=standard A=10065:com.android.gallery3d U=0 visible=true mode=freeform translucent=false sz=1}
03-14 04:52:11.251 782 797 W FreeFormWindowHelper: Current Display FreeFormTask is Task{d152b8a #209 type=standard A=10065:com.android.gallery3d U=0 visible=true mode=freeform translucent=false sz=1}
03-14 04:52:11.268 782 2170 I wm_finish_activity: [0,201573883,209,com.android.gallery3d/.app.GalleryActivity,app-request]
03-14 04:52:11.268 782 2170 I wm_task_moved: [207,1,7]
03-14 04:52:11.268 782 2170 I wm_task_to_front: [0,207]
03-14 04:52:11.268 5555 5555 I wm_on_top_resumed_lost_called: [201573883,com.android.gallery3d.app.GalleryActivity,topStateChangedWhenResumed]
03-14 04:52:11.268 782 2170 I wm_set_resumed_activity: [0,com.android.music/.MusicBrowserActivity,positionChildAt]
03-14 04:52:11.268 782 2170 I wm_focused_root_task: [0,0,207,209,finish-top adjustFocusToNextFocusableTask]
03-14 04:52:11.268 782 2170 I wm_set_resumed_activity: [0,com.android.music/.MusicBrowserActivity,finish-top]
03-14 04:52:11.271 782 2170 I wm_pause_activity: [0,201573883,com.android.gallery3d/.app.GalleryActivity,userLeaving=false,finish]
03-14 04:52:11.271 782 2170 W WindowManager: updateScale : 0.79357797
03-14 04:52:11.272 782 826 I input_focus: [Focus request cf8abfd com.android.music/com.android.music.MusicBrowserActivity,reason=UpdateInputWindows]
03-14 04:52:11.272 782 2170 W FreeFormWindowHelper: Current Display FreeFormTask is Task{d152b8a #209 type=standard A=10065:com.android.gallery3d U=0 visible=false mode=freeform translucent=true sz=1}
03-14 04:52:11.273 782 2170 W FreeFormWindowHelper: Current Display FreeFormTask is Task{d152b8a #209 type=standard A=10065:com.android.gallery3d U=0 visible=false mode=freeform translucent=true sz=1}
03-14 04:52:11.273 782 797 W FreeFormWindowHelper: Current Display FreeFormTask is Task{d152b8a #209 type=standard A=10065:com.android.gallery3d U=0 visible=false mode=freeform translucent=true sz=1}
03-14 04:52:11.276 5555 5555 I wm_on_paused_called: [201573883,com.android.gallery3d.app.GalleryActivity,performPause]
03-14 04:52:11.277 8810 8810 I wm_on_top_resumed_gained_called: [33262128,com.android.music.MusicBrowserActivity,topStateChangedWhenResumed]
03-14 04:52:11.277 782 797 I ActivityTaskManager: FOREGROUND_APPLICATION_CHANGED to com.android.music.MusicBrowserActivity
03-14 04:52:11.277 782 797 I wm_destroy_activity: [0,201573883,209,com.android.gallery3d/.app.GalleryActivity,finish-imm:completePausedLocked]
03-14 04:52:11.280 782 797 W WindowManager: updateScale : 0.79357797
03-14 04:52:11.281 782 3182 W FreeFormWindowHelper: Current Display FreeFormTask is Task{d152b8a #209 type=standard A=10065:com.android.gallery3d U=0 visible=false mode=freeform translucent=true sz=1}
03-14 04:52:11.281 782 825 I sysui_multi_action: [757,803,799,window_time_2,802,3]
03-14 04:52:11.283 5555 5555 I wm_on_stop_called: [201573883,com.android.gallery3d.app.GalleryActivity,LIFECYCLER_STOP_ACTIVITY]
03-14 04:52:11.284 782 2190 W FreeFormWindowHelper: Current Display FreeFormTask is Task{d152b8a #209 type=standard A=10065:com.android.gallery3d U=0 visible=false mode=freeform translucent=true sz=1}
03-14 04:52:11.284 782 2190 W FreeFormWindowHelper: Current Display FreeFormTask is Task{d152b8a #209 type=standard A=10065:com.android.gallery3d U=0 visible=false mode=freeform translucent=true sz=1}
03-14 04:52:11.285 5555 5555 I wm_on_destroy_called: [201573883,com.android.gallery3d.app.GalleryActivity,performDestroy]
03-14 04:52:11.287 782 2170 W WindowManager: updateScale : 0.79357797
03-14 04:52:11.289 782 1605 I input_focus: [Focus entering cf8abfd com.android.music/com.android.music.MusicBrowserActivity (server),reason=setFocusedWindow]
03-14 04:52:11.379 782 2190 W FreeFormWindowHelper: Current Display FreeFormTask is Task{d152b8a #209 type=standard A=10065:com.android.gallery3d U=0 visible=false mode=freeform translucent=true sz=1}
03-14 04:52:11.552 782 826 W WindowManager: updateScale : 0.79357797
03-14 04:52:11.553 782 826 W WindowManager: updateScale : 0.79357797
03-14 04:52:11.568 782 826 I wm_task_removed: [209,removeChild:removeChild last r=ActivityRecord{c03c5fb u0 com.android.gallery3d/.app.GalleryActivity t-1 f}} in t=Task{d152b8a #209 type=standard A=10065:com.android.gallery3d U=0 visible=false mode=freeform translucent=true sz=0}]
03-14 04:52:11.568 782 826 I wm_task_removed: [209,removeChild]
03-14 04:52:11.568 782 826 D FreeFormWindowHelper: Remove freefrom task=Task{d152b8a #209 type=standard A=10065:com.android.gallery3d U=0 visible=false mode=freeform translucent=true sz=0}
03-14 04:52:11.569 782 826 W WindowManager: updateScale : 0.79357797
03-14 04:52:11.963 782 1605 I input_interaction: Interaction with: f6966bb com.android.launcher3/com.android.launcher3.uioverrides.QuickstepLauncher (server), d04e39a com.android.systemui.ImageWallpaper (server), edge-swipe (server), swipe-up (server), PointerEventDispatcher0 (server),
03-14 04:52:11.988 782 1605 I input_interaction: Interaction with: edge-swipe (server), swipe-up (server), PointerEventDispatcher0 (server),
03-14 04:52:11.988 9060 9060 I view_enqueue_input_event: [Motion - Cancel,com.android.launcher3/com.android.launcher3.uioverrides.QuickstepLauncher]
03-14 04:52:11.989 782 822 D AutofillManagerService: Close system dialogs
03-14 04:52:12.079 782 2190 W FreeFormWindowHelper: exitRecentTasks type=0
03-14 04:52:12.080 782 2190 W ContextImpl: Calling a method in the system process without a qualified user: android.app.ContextImpl.startActivity:1067 com.android.server.wm.FreeFormWindowHelper.exitRecentTasks:435 com.android.server.wm.ActivityTaskManagerService.exitRecentTasks:3821 android.app.IActivityTaskManager$Stub.onTransact:2307 com.android.server.wm.ActivityTaskManagerService.onTransact:5072
03-14 04:52:12.082 782 2190 I thunderperf: PlatormCompat.setOverrides: Uid1=1000 Pid1=782 Uid2=1000 Pid2=782
03-14 04:52:12.082 782 2190 I thunderperf: PlatormCompat.setOverrides: needCheck:false
03-14 04:52:12.082 782 2190 I thunderperf: CompatConfig.addOverrideUnsafe: bef-state=0
03-14 04:52:12.082 782 2190 I thunderperf: CompatConfig.addOverrideUnsafe: aft-state=0
03-14 04:52:12.083 782 2190 I thunderperf: CompatConfig.addOverrideUnsafe: bef-state=0
03-14 04:52:12.083 782 2190 I thunderperf: CompatConfig.addOverrideUnsafe: aft-state=0
03-14 04:52:12.084 782 2190 I thunderperf: CompatConfig.addOverrideUnsafe: bef-state=0
03-14 04:52:12.084 782 2190 I thunderperf: CompatConfig.addOverrideUnsafe: aft-state=0
03-14 04:52:12.084 782 2190 I thunderperf: CompatConfig.addOverrideUnsafe: bef-state=0
03-14 04:52:12.084 782 2190 I thunderperf: CompatConfig.addOverrideUnsafe: aft-state=0
03-14 04:52:12.085 782 2190 I thunderperf: CompatConfig.addOverrideUnsafe: bef-state=0
03-14 04:52:12.085 782 2190 I thunderperf: CompatConfig.addOverrideUnsafe: aft-state=0
03-14 04:52:12.086 782 2190 I thunderperf: CompatConfig.addOverrideUnsafe: bef-state=0
03-14 04:52:12.086 782 2190 I thunderperf: CompatConfig.addOverrideUnsafe: aft-state=0
03-14 04:52:12.086 782 2190 I thunderperf: CompatConfig.addOverrideUnsafe: bef-state=0
03-14 04:52:12.086 782 2190 I thunderperf: CompatConfig.addOverrideUnsafe: aft-state=0
03-14 04:52:12.087 782 2190 I thunderperf: CompatConfig.addOverrideUnsafe: bef-state=0
03-14 04:52:12.087 782 2190 I thunderperf: CompatConfig.addOverrideUnsafe: aft-state=0
03-14 04:52:12.088 782 2190 I thunderperf: CompatConfig.addOverrideUnsafe: bef-state=0
03-14 04:52:12.088 782 2190 I thunderperf: CompatConfig.addOverrideUnsafe: aft-state=0
03-14 04:52:12.088 782 2190 I thunderperf: CompatConfig.addOverrideUnsafe: bef-state=0
03-14 04:52:12.088 782 2190 I thunderperf: CompatConfig.addOverrideUnsafe: aft-state=0
03-14 04:52:12.089 782 2190 I thunderperf: CompatConfig.addOverrideUnsafe: bef-state=0
03-14 04:52:12.089 782 2190 I thunderperf: CompatConfig.addOverrideUnsafe: aft-state=0
03-14 04:52:12.090 782 2190 I thunderperf: CompatConfig.addOverrideUnsafe: bef-state=0
03-14 04:52:12.090 782 2190 I thunderperf: CompatConfig.addOverrideUnsafe: aft-state=0
03-14 04:52:12.090 782 2190 I thunderperf: CompatConfig.addOverrideUnsafe: bef-state=0
03-14 04:52:12.090 782 2190 I thunderperf: CompatConfig.addOverrideUnsafe: aft-state=0
03-14 04:52:12.091 782 2190 I thunderperf: CompatConfig.addOverrideUnsafe: bef-state=0
03-14 04:52:12.091 782 2190 I thunderperf: CompatConfig.addOverrideUnsafe: aft-state=0
03-14 04:52:12.096 782 2190 I ActivityTaskManager: START u0 {act=android.intent.action.MAIN cat=[android.intent.category.LAUNCHER] flg=0x10200000 cmp=com.android.gallery3d/.app.GalleryActivity} from uid 1000
03-14 04:52:12.099 782 2190 I wm_task_created: [210,-1]
03-14 04:52:12.099 782 2190 W ActivityTaskManager: Can't find TaskDisplayArea to determine support for multi window. Task id=210 attached=false
03-14 04:52:12.100 782 2190 D FreeFormWindowHelper: Add freeform task=Task{6444baf #210 type=standard ?? U=0 visible=false mode=freeform translucent=true sz=0}
03-14 04:52:12.101 782 2190 I service_manager_stats: [100,26,13854]
03-14 04:52:12.102 782 2190 I wm_task_moved: [210,1,7]
03-14 04:52:12.102 782 2190 I wm_task_to_front: [0,210]
03-14 04:52:12.102 782 2190 I wm_create_task: [0,210]
03-14 04:52:12.102 782 2190 I wm_create_activity: [0,41794492,210,com.android.gallery3d/.app.GalleryActivity,android.intent.action.MAIN,NULL,NULL,270532608]
03-14 04:52:12.102 782 2190 I wm_task_moved: [210,1,7]
03-14 04:52:12.102 8810 8810 I wm_on_top_resumed_lost_called: [33262128,com.android.music.MusicBrowserActivity,topStateChangedWhenResumed]
03-14 04:52:12.103 782 2190 V SplashScreenExceptionList: SplashScreen checking exception for package com.android.gallery3d (target sdk:29) -> false
03-14 04:52:12.103 782 2190 I ActivityTaskManager: FOREGROUND_APPLICATION_CHANGED to com.android.gallery3d.app.GalleryActivity
03-14 04:52:12.103 782 2190 I ActivityTaskManager: The Process com.android.gallery3d Already Exists in BG. So sending its PID: 5555
03-14 04:52:12.103 782 2190 W ActivityTaskManager: Tried to set launchTime (0) < mLastActivityLaunchTime (3700812)
03-14 04:52:12.103 782 2190 I wm_restart_activity: [0,41794492,210,com.android.gallery3d/.app.GalleryActivity]
03-14 04:52:12.104 782 2190 I wm_set_resumed_activity: [0,com.android.gallery3d/.app.GalleryActivity,minimalResumeActivityLocked]
03-14 04:52:12.105 782 2190 W WindowManager: updateScale : 0.79357797
03-14 04:52:12.108 782 822 D AutofillManagerService: Close system dialogs
03-14 04:52:12.115 5555 5555 I wm_on_create_called: [41794492,com.android.gallery3d.app.GalleryActivity,performCreate]
03-14 04:52:12.115 5555 5555 I wm_on_start_called: [41794492,com.android.gallery3d.app.GalleryActivity,handleStartActivity]
03-14 04:52:12.117 5555 5555 I wm_on_resume_called: [41794492,com.android.gallery3d.app.GalleryActivity,RESUME_ACTIVITY]
03-14 04:52:12.118 5555 5555 I wm_on_top_resumed_gained_called: [41794492,com.android.gallery3d.app.GalleryActivity,topStateChangedWhenResumed]
03-14 04:52:12.120 782 9058 W WindowManager: updateScale : 0.79357797
03-14 04:52:12.120 782 9058 W WindowManager: updateScale : 0.79357797
03-14 04:52:12.122 782 826 I input_focus: [Focus request 2c79a66 com.android.gallery3d/com.android.gallery3d.app.GalleryActivity,reason=UpdateInputWindows]
03-14 04:52:12.154 782 826 W WindowManager: updateScale : 0.79357797
03-14 04:52:12.155 782 826 W WindowManager: updateScale : 0.79357797
03-14 04:52:12.155 782 1605 I input_focus: [Focus leaving cf8abfd com.android.music/com.android.music.MusicBrowserActivity (server),reason=Waiting for window because NOT_VISIBLE]
03-14 04:52:12.157 782 826 W WindowManager: updateScale : 0.79357797
03-14 04:52:12.157 782 826 W WindowManager: updateScale : 0.79357797
03-14 04:52:12.157 782 822 I sysui_multi_action: [319,59,322,59,325,3702,757,761,758,8,759,2,806,com.android.gallery3d,871,com.android.gallery3d.app.GalleryActivity,904,android,905,0,1320,4,1321,1]
03-14 04:52:12.157 782 822 I wm_activity_launch_time: [0,41794492,com.android.gallery3d/.app.GalleryActivity,59]
03-14 04:52:12.158 782 826 W WindowManager: updateScale : 0.79357797
03-14 04:52:12.158 782 826 W WindowManager: updateScale : 0.79357797
03-14 04:52:12.171 782 1605 I input_focus: [Focus entering 2c79a66 com.android.gallery3d/com.android.gallery3d.app.GalleryActivity (server),reason=Window became focusable. Previous reason: NOT_VISIBLE]
03-14 04:52:12.438 782 826 W WindowManager: updateScale : 0.79357797
03-14 04:52:12.438 782 826 W WindowManager: updateScale : 0.79357797
03-14 04:52:12.705 782 1605 I input_interaction: Interaction with: f6966bb com.android.launcher3/com.android.launcher3.uioverrides.QuickstepLauncher (server), d04e39a com.android.systemui.ImageWallpaper (server), edge-swipe (server), swipe-up (server), PointerEventDispatcher0 (server),
03-14 04:52:12.754 782 8809 W FreeFormWindowHelper: Current Display FreeFormTask is Task{6444baf #210 type=standard A=10065:com.android.gallery3d U=0 visible=true mode=freeform translucent=false sz=1}
03-14 04:52:12.754 782 8809 W FreeFormWindowHelper: Current Display FreeFormTask is Task{6444baf #210 type=standard A=10065:com.android.gallery3d U=0 visible=true mode=freeform translucent=false sz=1}
03-14 04:52:12.754 782 9058 W FreeFormWindowHelper: Current Display FreeFormTask is Task{6444baf #210 type=standard A=10065:com.android.gallery3d U=0 visible=true mode=freeform translucent=false sz=1}
03-14 04:52:12.761 782 822 D AutofillManagerService: Close system dialogs
03-14 04:52:12.761 782 2190 W FreeFormWindowHelper: Current Display FreeFormTask is Task{6444baf #210 type=standard A=10065:com.android.gallery3d U=0 visible=true mode=freeform translucent=false sz=1}
03-14 04:52:12.762 782 2190 W FreeFormWindowHelper: Current Display FreeFormTask is Task{6444baf #210 type=standard A=10065:com.android.gallery3d U=0 visible=true mode=freeform translucent=false sz=1}
03-14 04:52:12.762 9060 9060 I view_enqueue_input_event: [Motion - Cancel,com.android.launcher3/com.android.launcher3.uioverrides.QuickstepLauncher]
03-14 04:52:12.762 782 2190 W FreeFormWindowHelper: Current Display FreeFormTask is Task{6444baf #210 type=standard A=10065:com.android.gallery3d U=0 visible=true mode=freeform translucent=false sz=1}
03-14 04:52:12.764 782 9058 W FreeFormWindowHelper: Current Display FreeFormTask is Task{6444baf #210 type=standard A=10065:com.android.gallery3d U=0 visible=true mode=freeform translucent=false sz=1}
03-14 04:52:12.764 782 2190 W FreeFormWindowHelper: Current Display FreeFormTask is Task{6444baf #210 type=standard A=10065:com.android.gallery3d U=0 visible=true mode=freeform translucent=false sz=1}
03-14 04:52:12.764 782 2190 W FreeFormWindowHelper: Current Display FreeFormTask is Task{6444baf #210 type=standard A=10065:com.android.gallery3d U=0 visible=true mode=freeform translucent=false sz=1}
03-14 04:52:12.765 782 9058 W FreeFormWindowHelper: Current Display FreeFormTask is Task{6444baf #210 type=standard A=10065:com.android.gallery3d U=0 visible=true mode=freeform translucent=false sz=1}
03-14 04:52:12.765 782 2190 W FreeFormWindowHelper: Current Display FreeFormTask is Task{6444baf #210 type=standard A=10065:com.android.gallery3d U=0 visible=true mode=freeform translucent=false sz=1}
03-14 04:52:12.765 782 9058 W FreeFormWindowHelper: Current Display FreeFormTask is Task{6444baf #210 type=standard A=10065:com.android.gallery3d U=0 visible=true mode=freeform translucent=false sz=1}
03-14 04:52:12.766 782 9058 W ActivityTaskManager: getTaskSnapshot: taskId=-972 not found
03-14 04:52:12.766 782 9058 W ActivityTaskManager: getTaskSnapshot: taskId=-972 not found
03-14 04:52:12.767 782 9058 W ActivityTaskManager: getTaskSnapshot: taskId=-971 not found
03-14 04:52:12.770 782 9058 W FreeFormWindowHelper: Current Display FreeFormTask is Task{6444baf #210 type=standard A=10065:com.android.gallery3d U=0 visible=true mode=freeform translucent=false sz=1}
03-14 04:52:12.770 782 9058 W FreeFormWindowHelper: Current Display FreeFormTask is Task{6444baf #210 type=standard A=10065:com.android.gallery3d U=0 visible=true mode=freeform translucent=false sz=1}
03-14 04:52:12.772 782 1605 I input_interaction: Interaction with: edge-swipe (server), swipe-up (server), PointerEventDispatcher0 (server),
03-14 04:52:12.787 782 2190 W FreeFormWindowHelper: Current Display FreeFormTask is Task{6444baf #210 type=standard A=10065:com.android.gallery3d U=0 visible=true mode=freeform translucent=false sz=1}
03-14 04:52:12.787 782 2190 W FreeFormWindowHelper: Current Display FreeFormTask is Task{6444baf #210 type=standard A=10065:com.android.gallery3d U=0 visible=true mode=freeform translucent=false sz=1}
03-14 04:52:12.956 782 1331 I commit_sys_config_file: [settings-1-0,2]
03-14 04:52:13.036 782 2190 W FreeFormWindowHelper: Current Display FreeFormTask is Task{6444baf #210 type=standard A=10065:com.android.gallery3d U=0 visible=true mode=freeform translucent=false sz=1}
03-14 04:52:13.037 782 8809 W FreeFormWindowHelper: Current Display FreeFormTask is Task{6444baf #210 type=standard A=10065:com.android.gallery3d U=0 visible=true mode=freeform translucent=false sz=1}
03-14 04:52:13.041 782 8809 W FreeFormWindowHelper: Current Display FreeFormTask is Task{6444baf #210 type=standard A=10065:com.android.gallery3d U=0 visible=true mode=freeform translucent=false sz=1}
03-14 04:52:13.042 782 8809 W FreeFormWindowHelper: Current Display FreeFormTask is Task{6444baf #210 type=standard A=10065:com.android.gallery3d U=0 visible=true mode=freeform translucent=false sz=1}
03-14 04:52:13.055 782 2190 W FreeFormWindowHelper: Current Display FreeFormTask is Task{6444baf #210 type=standard A=10065:com.android.gallery3d U=0 visible=true mode=freeform translucent=false sz=1}
03-14 04:52:13.055 782 2190 W FreeFormWindowHelper: Current Display FreeFormTask is Task{6444baf #210 type=standard A=10065:com.android.gallery3d U=0 visible=true mode=freeform translucent=false sz=1}
03-14 04:52:13.072 782 8809 W FreeFormWindowHelper: Current Display FreeFormTask is Task{6444baf #210 type=standard A=10065:com.android.gallery3d U=0 visible=true mode=freeform translucent=false sz=1}
03-14 04:52:13.072 782 8809 W FreeFormWindowHelper: Current Display FreeFormTask is Task{6444baf #210 type=standard A=10065:com.android.gallery3d U=0 visible=true mode=freeform translucent=false sz=1}
03-14 04:52:13.088 782 2190 W FreeFormWindowHelper: Current Display FreeFormTask is Task{6444baf #210 type=standard A=10065:com.android.gallery3d U=0 visible=true mode=freeform translucent=false sz=1}
03-14 04:52:13.089 782 2190 W FreeFormWindowHelper: Current Display FreeFormTask is Task{6444baf #210 type=standard A=10065:com.android.gallery3d U=0 visible=true mode=freeform translucent=false sz=1}
03-14 04:52:13.105 782 8809 W FreeFormWindowHelper: Current Display FreeFormTask is Task{6444baf #210 type=standard A=10065:com.android.gallery3d U=0 visible=true mode=freeform translucent=false sz=1}
03-14 04:52:13.105 782 8809 W FreeFormWindowHelper: Current Display FreeFormTask is Task{6444baf #210 type=standard A=10065:com.android.gallery3d U=0 visible=true mode=freeform translucent=false sz=1}
03-14 04:52:13.122 782 8809 W FreeFormWindowHelper: Current Display FreeFormTask is Task{6444baf #210 type=standard A=10065:com.android.gallery3d U=0 visible=true mode=freeform translucent=false sz=1}
03-14 04:52:13.122 782 8809 W FreeFormWindowHelper: Current Display FreeFormTask is Task{6444baf #210 type=standard A=10065:com.android.gallery3d U=0 visible=true mode=freeform translucent=false sz=1}
03-14 04:52:13.139 782 2190 W FreeFormWindowHelper: Current Display FreeFormTask is Task{6444baf #210 type=standard A=10065:com.android.gallery3d U=0 visible=true mode=freeform translucent=false sz=1}
03-14 04:52:13.139 782 2190 W FreeFormWindowHelper: Current Display FreeFormTask is Task{6444baf #210 type=standard A=10065:com.android.gallery3d U=0 visible=true mode=freeform translucent=false sz=1}
03-14 04:52:13.155 782 8809 W FreeFormWindowHelper: Current Display FreeFormTask is Task{6444baf #210 type=standard A=10065:com.android.gallery3d U=0 visible=true mode=freeform translucent=false sz=1}
03-14 04:52:13.155 782 8809 W FreeFormWindowHelper: Current Display FreeFormTask is Task{6444baf #210 type=standard A=10065:com.android.gallery3d U=0 visible=true mode=freeform translucent=false sz=1}
03-14 04:52:13.172 782 8809 W FreeFormWindowHelper: Current Display FreeFormTask is Task{6444baf #210 type=standard A=10065:com.android.gallery3d U=0 visible=true mode=freeform translucent=false sz=1}
03-14 04:52:13.172 782 8809 W FreeFormWindowHelper: Current Display FreeFormTask is Task{6444baf #210 type=standard A=10065:com.android.gallery3d U=0 visible=true mode=freeform translucent=false sz=1}
03-14 04:52:13.189 782 2190 W FreeFormWindowHelper: Current Display FreeFormTask is Task{6444baf #210 type=standard A=10065:com.android.gallery3d U=0 visible=true mode=freeform translucent=false sz=1}
03-14 04:52:13.189 782 2190 W FreeFormWindowHelper: Current Display FreeFormTask is Task{6444baf #210 type=standard A=10065:com.android.gallery3d U=0 visible=true mode=freeform translucent=false sz=1}
03-14 04:52:13.205 782 8809 W FreeFormWindowHelper: Current Display FreeFormTask is Task{6444baf #210 type=standard A=10065:com.android.gallery3d U=0 visible=true mode=freeform translucent=false sz=1}
03-14 04:52:13.206 782 8809 W FreeFormWindowHelper: Current Display FreeFormTask is Task{6444baf #210 type=standard A=10065:com.android.gallery3d U=0 visible=true mode=freeform translucent=false sz=1}
03-14 04:52:13.222 782 9058 W FreeFormWindowHelper: Current Display FreeFormTask is Task{6444baf #210 type=standard A=10065:com.android.gallery3d U=0 visible=true mode=freeform translucent=false sz=1}
03-14 04:52:13.222 782 9058 W FreeFormWindowHelper: Current Display FreeFormTask is Task{6444baf #210 type=standard A=10065:com.android.gallery3d U=0 visible=true mode=freeform translucent=false sz=1}
03-14 04:52:13.237 782 1331 I commit_sys_config_file: [settings-1-0,1]
03-14 04:52:13.239 782 2170 W FreeFormWindowHelper: Current Display FreeFormTask is Task{6444baf #210 type=standard A=10065:com.android.gallery3d U=0 visible=true mode=freeform translucent=false sz=1}
03-14 04:52:13.239 782 2170 W FreeFormWindowHelper: Current Display FreeFormTask is Task{6444baf #210 type=standard A=10065:com.android.gallery3d U=0 visible=true mode=freeform translucent=false sz=1}
03-14 04:52:13.255 782 2170 W FreeFormWindowHelper: Current Display FreeFormTask is Task{6444baf #210 type=standard A=10065:com.android.gallery3d U=0 visible=true mode=freeform translucent=false sz=1}
03-14 04:52:13.255 782 2170 W FreeFormWindowHelper: Current Display FreeFormTask is Task{6444baf #210 type=standard A=10065:com.android.gallery3d U=0 visible=true mode=freeform translucent=false sz=1}
03-14 04:52:13.272 782 8809 W FreeFormWindowHelper: Current Display FreeFormTask is Task{6444baf #210 type=standard A=10065:com.android.gallery3d U=0 visible=true mode=freeform translucent=false sz=1}
03-14 04:52:13.272 782 8809 W FreeFormWindowHelper: Current Display FreeFormTask is Task{6444baf #210 type=standard A=10065:com.android.gallery3d U=0 visible=true mode=freeform translucent=false sz=1}
03-14 04:52:13.289 782 2190 W FreeFormWindowHelper: Current Display FreeFormTask is Task{6444baf #210 type=standard A=10065:com.android.gallery3d U=0 visible=true mode=freeform translucent=false sz=1}
03-14 04:52:13.289 782 2190 W FreeFormWindowHelper: Current Display FreeFormTask is Task{6444baf #210 type=standard A=10065:com.android.gallery3d U=0 visible=true mode=freeform translucent=false sz=1}
03-14 04:52:13.305 782 8809 W FreeFormWindowHelper: Current Display FreeFormTask is Task{6444baf #210 type=standard A=10065:com.android.gallery3d U=0 visible=true mode=freeform translucent=false sz=1}
03-14 04:52:13.305 782 8809 W FreeFormWindowHelper: Current Display FreeFormTask is Task{6444baf #210 type=standard A=10065:com.android.gallery3d U=0 visible=true mode=freeform translucent=false sz=1}
03-14 04:52:13.322 782 2190 W FreeFormWindowHelper: Current Display FreeFormTask is Task{6444baf #210 type=standard A=10065:com.android.gallery3d U=0 visible=true mode=freeform translucent=false sz=1}
03-14 04:52:13.322 782 2190 W FreeFormWindowHelper: Current Display FreeFormTask is Task{6444baf #210 type=standard A=10065:com.android.gallery3d U=0 visible=true mode=freeform translucent=false sz=1}
03-14 04:52:13.339 782 9058 I wm_finish_activity: [0,41794492,210,com.android.gallery3d/.app.GalleryActivity,app-request]
03-14 04:52:13.339 782 9058 I wm_task_moved: [207,1,7]
03-14 04:52:13.339 782 9058 I wm_task_to_front: [0,207]
03-14 04:52:13.339 5555 5555 I wm_on_top_resumed_lost_called: [41794492,com.android.gallery3d.app.GalleryActivity,topStateChangedWhenResumed]
03-14 04:52:13.340 782 9058 I wm_set_resumed_activity: [0,com.android.music/.MusicBrowserActivity,positionChildAt]
03-14 04:52:13.340 782 9058 I wm_focused_root_task: [0,0,207,210,finish-top adjustFocusToNextFocusableTask]
03-14 04:52:13.340 782 9058 I wm_set_resumed_activity: [0,com.android.music/.MusicBrowserActivity,finish-top]
03-14 04:52:13.342 782 9058 I wm_pause_activity: [0,41794492,com.android.gallery3d/.app.GalleryActivity,userLeaving=false,finish]
03-14 04:52:13.343 782 9058 W WindowManager: updateScale : 0.79357797
03-14 04:52:13.343 782 826 I input_focus: [Focus request cf8abfd com.android.music/com.android.music.MusicBrowserActivity,reason=UpdateInputWindows]
03-14 04:52:13.344 782 9058 W FreeFormWindowHelper: Current Display FreeFormTask is Task{6444baf #210 type=standard A=10065:com.android.gallery3d U=0 visible=false mode=freeform translucent=true sz=1}
03-14 04:52:13.344 8810 8810 I wm_on_top_resumed_gained_called: [33262128,com.android.music.MusicBrowserActivity,topStateChangedWhenResumed]
03-14 04:52:13.344 782 9058 W FreeFormWindowHelper: Current Display FreeFormTask is Task{6444baf #210 type=standard A=10065:com.android.gallery3d U=0 visible=false mode=freeform translucent=true sz=1}
03-14 04:52:13.347 5555 5555 I wm_on_paused_called: [41794492,com.android.gallery3d.app.GalleryActivity,performPause]
03-14 04:52:13.348 782 2190 I ActivityTaskManager: FOREGROUND_APPLICATION_CHANGED to com.android.music.MusicBrowserActivity
03-14 04:52:13.348 782 2190 I wm_destroy_activity: [0,41794492,210,com.android.gallery3d/.app.GalleryActivity,finish-imm:completePausedLocked]
03-14 04:52:13.350 782 2190 W WindowManager: updateScale : 0.79357797
03-14 04:52:13.350 782 8809 W FreeFormWindowHelper: Current Display FreeFormTask is Task{6444baf #210 type=standard A=10065:com.android.gallery3d U=0 visible=false mode=freeform translucent=true sz=1}
03-14 04:52:13.351 782 825 I sysui_multi_action: [757,803,799,window_time_2,802,2]
03-14 04:52:13.353 5555 5555 I wm_on_stop_called: [41794492,com.android.gallery3d.app.GalleryActivity,LIFECYCLER_STOP_ACTIVITY]
03-14 04:52:13.354 5555 5555 I wm_on_destroy_called: [41794492,com.android.gallery3d.app.GalleryActivity,performDestroy]
03-14 04:52:13.356 782 797 W FreeFormWindowHelper: Current Display FreeFormTask is Task{6444baf #210 type=standard A=10065:com.android.gallery3d U=0 visible=false mode=freeform translucent=true sz=1}
03-14 04:52:13.356 782 2170 W WindowManager: updateScale : 0.79357797
03-14 04:52:13.359 782 797 W FreeFormWindowHelper: Current Display FreeFormTask is Task{6444baf #210 type=standard A=10065:com.android.gallery3d U=0 visible=false mode=freeform translucent=true sz=1}
03-14 04:52:13.359 782 797 W FreeFormWindowHelper: Current Display FreeFormTask is Task{6444baf #210 type=standard A=10065:com.android.gallery3d U=0 visible=false mode=freeform translucent=true sz=1}
03-14 04:52:13.360 782 1605 I input_focus: [Focus entering cf8abfd com.android.music/com.android.music.MusicBrowserActivity (server),reason=setFocusedWindow]
03-14 04:52:13.450 782 2170 W FreeFormWindowHelper: Current Display FreeFormTask is Task{6444baf #210 type=standard A=10065:com.android.gallery3d U=0 visible=false mode=freeform translucent=true sz=1}
03-14 04:52:13.546 782 1605 I input_interaction: Interaction with: f6966bb com.android.launcher3/com.android.launcher3.uioverrides.QuickstepLauncher (server), d04e39a com.android.systemui.ImageWallpaper (server), edge-swipe (server), swipe-up (server), PointerEventDispatcher0 (server),
03-14 04:52:13.624 782 826 W WindowManager: updateScale : 0.79357797
03-14 04:52:13.625 782 826 W WindowManager: updateScale : 0.79357797
03-14 04:52:13.640 782 826 I wm_task_removed: [210,removeChild:removeChild last r=ActivityRecord{27dbbbc u0 com.android.gallery3d/.app.GalleryActivity t-1 f}} in t=Task{6444baf #210 type=standard A=10065:com.android.gallery3d U=0 visible=false mode=freeform translucent=true sz=0}]
03-14 04:52:13.640 782 826 I wm_task_removed: [210,removeChild]
03-14 04:52:13.640 782 826 D FreeFormWindowHelper: Remove freefrom task=Task{6444baf #210 type=standard A=10065:com.android.gallery3d U=0 visible=false mode=freeform translucent=true sz=0}
03-14 04:52:13.641 782 826 W WindowManager: updateScale : 0.79357797
03-14 04:52:13.683 782 797 W FreeFormWindowHelper: Current Display FreeFormTask is TaskInfo{userId=0 taskId=210 displayId=0 isRunning=true baseIntent=Intent { act=android.intent.action.MAIN cat=[android.intent.category.LAUNCHER] flg=0x10200000 cmp=com.android.gallery3d/.app.GalleryActivity } baseActivity=ComponentInfo{com.android.gallery3d/com.android.gallery3d.app.GalleryActivity} topActivity=ComponentInfo{com.android.gallery3d/com.android.gallery3d.app.GalleryActivity} origActivity=null realActivity=ComponentInfo{com.android.gallery3d/com.android.gallery3d.app.GalleryActivity} numActivities=1 lastActiveTime=3703926 supportsSplitScreenMultiWindow=true supportsMultiWindow=true resizeMode=1 isResizeable=true token=WCT{RemoteToken{21325a1 Task{6444baf #210 type=standard A=10065:com.android.gallery3d U=0 visible=false mode=freeform translucent=true sz=0}}} topActivityType=1 pictureInPictureParams=PictureInPictureParams( aspectRatio=null sourceRectHint=null hasSetActions=false isAutoPipEnabled=false isSeamlessResizeEnabled=true) displayCutoutSafeInsets=null topActivityInfo=ActivityInfo{32443c6 com.android.gallery3d.app.GalleryActivity} launchCookies=[] positionInParent=Point(22, 74) parentTaskId=-1 isFocused=true isVisible=true topActivityInSizeCompat=false locusId= null}
03-14 04:52:14.007 782 797 W FreeFormWindowHelper: Current Display FreeFormTask is null
03-14 04:52:14.114 782 797 I wm_finish_activity: [0,33262128,207,com.android.music/.MusicBrowserActivity,recent-task-trimmed]
03-14 04:52:14.114 782 797 I wm_task_moved: [1,1,6]
03-14 04:52:14.115 782 797 I wm_set_resumed_activity: [0,com.android.launcher3/.uioverrides.QuickstepLauncher,positionChildAt]
03-14 04:52:14.115 782 797 I wm_task_moved: [102,1,2147483647]
03-14 04:52:14.115 782 797 I wm_task_to_front: [0,102]
03-14 04:52:14.115 782 797 I wm_focused_root_task: [0,0,1,-1,finish-top adjustFocusToNextFocusableTask]
03-14 04:52:14.116 782 797 I wm_set_resumed_activity: [0,com.android.launcher3/.uioverrides.QuickstepLauncher,finish-top]
03-14 04:52:14.117 782 797 I wm_pause_activity: [0,33262128,com.android.music/.MusicBrowserActivity,userLeaving=false,finish]
03-14 04:52:14.121 782 797 W ActivityTaskManager: Request to remove task ignored for non-existent task 210
03-14 04:52:14.122 782 9058 W ActivityTaskManager: removeTask: No task remove with id=210
03-14 04:52:14.123 782 826 I input_focus: [Focus request f6966bb com.android.launcher3/com.android.launcher3.uioverrides.QuickstepLauncher,reason=UpdateInputWindows]
03-14 04:52:14.131 782 1605 I input_focus: [Focus leaving cf8abfd com.android.music/com.android.music.MusicBrowserActivity (server),reason=NO_WINDOW]
03-14 04:52:14.131 782 1605 I input_focus: [Focus entering f6966bb com.android.launcher3/com.android.launcher3.uioverrides.QuickstepLauncher (server),reason=setFocusedWindow]
03-14 04:52:14.134 782 825 I sysui_multi_action: [757,803,799,window_time_2,802,1]
03-14 04:52:14.138 782 2969 E TaskPersister: File error accessing recents directory (directory doesn't exist?).
03-14 04:52:14.139 8810 8810 I wm_on_top_resumed_lost_called: [33262128,com.android.music.MusicBrowserActivity,topStateChangedWhenResumed]
03-14 04:52:14.139 9060 9060 I wm_on_top_resumed_gained_called: [174418215,com.android.launcher3.uioverrides.QuickstepLauncher,topStateChangedWhenResumed]
03-14 04:52:14.140 8810 8810 I wm_on_paused_called: [33262128,com.android.music.MusicBrowserActivity,performPause]
03-14 04:52:14.142 782 2170 I ActivityTaskManager: FOREGROUND_APPLICATION_CHANGED to com.android.launcher3.uioverrides.QuickstepLauncher
03-14 04:52:14.142 782 2170 I wm_destroy_activity: [0,33262128,207,com.android.music/.MusicBrowserActivity,finish-imm:completePausedLocked]
03-14 04:52:14.148 782 825 I sysui_multi_action: [757,803,799,window_time_0,802,0]
03-14 04:52:14.156 782 9058 W ActivityManager: Receiver with filter android.content.IntentFilter@186b87f already registered for pid 8810, callerPackage is com.android.music
03-14 04:52:14.159 8810 8810 I wm_on_stop_called: [33262128,com.android.music.MusicBrowserActivity,LIFECYCLER_STOP_ACTIVITY]
03-14 04:52:14.162 8810 8810 I wm_on_destroy_called: [33262128,com.android.music.MusicBrowserActivity,performDestroy]
03-14 04:52:14.167 782 9058 I wm_task_removed: [207,removeChild:removeChild last r=ActivityRecord{1fb8a30 u0 com.android.music/.MusicBrowserActivity t-1 f}} in t=Task{231918c #207 type=standard A=10086:android.task.music U=0 visible=false mode=freeform translucent=true sz=0}]
03-14 04:52:14.167 782 9058 I wm_task_removed: [207,removeChild]
03-14 04:52:14.245 782 8809 W FreeFormWindowHelper: Current Display FreeFormTask is null
03-14 04:52:14.245 782 797 W FreeFormWindowHelper: Current Display FreeFormTask is null
03-14 04:52:14.246 782 9058 W FreeFormWindowHelper: Current Display FreeFormTask is null
03-14 04:52:14.376 9060 9060 I view_enqueue_input_event: [Motion - Cancel,com.android.launcher3/com.android.launcher3.uioverrides.QuickstepLauncher]
03-14 04:52:14.376 782 822 D AutofillManagerService: Close system dialogs
01-01 09:01:48.071 0 0 E DTC_ETH,link_delay_work_func: 3003, SQI=0, link=0
03-14 04:52:15.302 9060 9060 I sysui_multi_action: [757,629,758,4,759,0]
03-14 04:52:15.534 782 2170 I thunderperf: PlatormCompat.setOverrides: Uid1=10074 Pid1=9060 Uid2=10074 Pid2=9060
03-14 04:52:15.534 782 2170 I thunderperf: PlatormCompat.setOverrides: needCheck:false
03-14 04:52:15.535 782 2170 I thunderperf: CompatConfig.addOverrideUnsafe: bef-state=0
03-14 04:52:15.535 782 2170 I thunderperf: CompatConfig.addOverrideUnsafe: aft-state=0
03-14 04:52:15.535 782 2170 I thunderperf: CompatConfig.addOverrideUnsafe: bef-state=0
03-14 04:52:15.535 782 2170 I thunderperf: CompatConfig.addOverrideUnsafe: aft-state=0
03-14 04:52:15.536 782 2170 I thunderperf: CompatConfig.addOverrideUnsafe: bef-state=0
03-14 04:52:15.536 782 2170 I thunderperf: CompatConfig.addOverrideUnsafe: aft-state=0
03-14 04:52:15.536 782 2170 I thunderperf: CompatConfig.addOverrideUnsafe: bef-state=0
03-14 04:52:15.536 782 2170 I thunderperf: CompatConfig.addOverrideUnsafe: aft-state=0
03-14 04:52:15.537 782 2170 I thunderperf: CompatConfig.addOverrideUnsafe: bef-state=0
03-14 04:52:15.537 782 2170 I thunderperf: CompatConfig.addOverrideUnsafe: aft-state=0
03-14 04:52:15.537 782 2170 I thunderperf: CompatConfig.addOverrideUnsafe: bef-state=0
03-14 04:52:15.537 782 2170 I thunderperf: CompatConfig.addOverrideUnsafe: aft-state=0
03-14 04:52:15.537 782 2170 I thunderperf: CompatConfig.addOverrideUnsafe: bef-state=0
03-14 04:52:15.537 782 2170 I thunderperf: CompatConfig.addOverrideUnsafe: aft-state=0
03-14 04:52:15.538 782 2170 I thunderperf: CompatConfig.addOverrideUnsafe: bef-state=0
03-14 04:52:15.538 782 2170 I thunderperf: CompatConfig.addOverrideUnsafe: aft-state=0
03-14 04:52:15.538 782 2170 I thunderperf: CompatConfig.addOverrideUnsafe: bef-state=0
03-14 04:52:15.538 782 2170 I thunderperf: CompatConfig.addOverrideUnsafe: aft-state=0
03-14 04:52:15.539 782 2170 I thunderperf: CompatConfig.addOverrideUnsafe: bef-state=0
03-14 04:52:15.539 782 2170 I thunderperf: CompatConfig.addOverrideUnsafe: aft-state=0
03-14 04:52:15.539 782 2170 I thunderperf: CompatConfig.addOverrideUnsafe: bef-state=0
03-14 04:52:15.539 782 2170 I thunderperf: CompatConfig.addOverrideUnsafe: aft-state=0
03-14 04:52:15.540 782 2170 I thunderperf: CompatConfig.addOverrideUnsafe: bef-state=0
03-14 04:52:15.540 782 2170 I thunderperf: CompatConfig.addOverrideUnsafe: aft-state=0
03-14 04:52:15.540 782 2170 I thunderperf: CompatConfig.addOverrideUnsafe: bef-state=0
03-14 04:52:15.540 782 2170 I thunderperf: CompatConfig.addOverrideUnsafe: aft-state=0
03-14 04:52:15.540 782 2170 I thunderperf: CompatConfig.addOverrideUnsafe: bef-state=0
03-14 04:52:15.540 782 2170 I thunderperf: CompatConfig.addOverrideUnsafe: aft-state=0
03-14 04:52:15.546 782 2170 I ActivityTaskManager: START u0 {act=android.intent.action.MAIN cat=[android.intent.category.LAUNCHER] flg=0x10200000 cmp=com.android.music/.MusicBrowserActivity bnds=[2128,310][2314,510]} from uid 10074
03-14 04:52:15.550 782 2170 I wm_task_created: [211,-1]
03-14 04:52:15.550 782 2170 W ActivityTaskManager: Can't find TaskDisplayArea to determine support for multi window. Task id=211 attached=false
03-14 04:52:15.552 782 2170 I wm_task_moved: [211,1,6]
03-14 04:52:15.552 782 2170 I wm_task_to_front: [0,211]
03-14 04:52:15.553 782 2170 I wm_create_task: [0,211]
03-14 04:52:15.553 782 2170 I wm_create_activity: [0,16759057,211,com.android.music/.MusicBrowserActivity,android.intent.action.MAIN,NULL,NULL,270532608]
03-14 04:52:15.553 782 2170 I wm_task_moved: [211,1,6]
03-14 04:52:15.554 782 2170 I wm_pause_activity: [0,174418215,com.android.launcher3/.uioverrides.QuickstepLauncher,userLeaving=true,pauseBackTasks]
03-14 04:52:15.554 2006 2256 D PhoneStartingWindowTypeAlgorithm: preferredStartingWindowType newTask:true taskSwitch:true processRunning:true allowTaskSnapshot:true activityCreated:false useEmptySplashScreen:false legacySplashScreen:false topIsHome:false
03-14 04:52:15.554 2006 2256 D StartingSurfaceDrawer: addSplashScreen com.android.music theme=7f110009 task=211 suggestType=1
