01-01 08:16:54.951 0 0 E DTC_ETH,link_delay_work_func: 3003, SQI=0, link=0
01-01 08:17:00.071 0 0 E DTC_ETH,link_delay_work_func: 3003, SQI=0, link=0
01-01 08:17:05.191 0 0 E DTC_ETH,link_delay_work_func: 3003, SQI=0, link=0
01-01 08:17:10.311 0 0 E DTC_ETH,link_delay_work_func: 3003, SQI=0, link=0
01-01 08:17:15.431 0 0 E DTC_ETH,link_delay_work_func: 3003, SQI=0, link=0
01-01 08:17:20.551 0 0 E DTC_ETH,link_delay_work_func: 3003, SQI=0, link=0
01-01 08:17:25.671 0 0 E DTC_ETH,link_delay_work_func: 3003, SQI=0, link=0
01-01 08:17:30.791 0 0 E DTC_ETH,link_delay_work_func: 3003, SQI=0, link=0
01-01 08:17:35.911 0 0 E DTC_ETH,link_delay_work_func: 3003, SQI=0, link=0
01-01 08:17:41.031 0 0 E DTC_ETH,link_delay_work_func: 3003, SQI=0, link=0
01-01 08:17:46.151 0 0 E DTC_ETH,link_delay_work_func: 3003, SQI=0, link=0
01-01 08:17:51.271 0 0 E DTC_ETH,link_delay_work_func: 3003, SQI=0, link=0
01-01 08:17:56.391 0 0 E DTC_ETH,link_delay_work_func: 3003, SQI=0, link=0
01-01 08:18:01.511 0 0 E DTC_ETH,link_delay_work_func: 3003, SQI=0, link=0
01-01 08:18:06.631 0 0 E DTC_ETH,link_delay_work_func: 3003, SQI=0, link=0
01-01 08:18:11.751 0 0 E DTC_ETH,link_delay_work_func: 3003, SQI=0, link=0
01-01 08:18:16.871 0 0 E DTC_ETH,link_delay_work_func: 3003, SQI=0, link=0
01-01 08:18:21.991 0 0 E DTC_ETH,link_delay_work_func: 3003, SQI=0, link=0
01-01 08:18:27.111 0 0 E DTC_ETH,link_delay_work_func: 3003, SQI=0, link=0
01-01 08:18:32.231 0 0 E DTC_ETH,link_delay_work_func: 3003, SQI=0, link=0
01-01 08:18:37.351 0 0 E DTC_ETH,link_delay_work_func: 3003, SQI=0, link=0
01-01 08:18:42.471 0 0 E DTC_ETH,link_delay_work_func: 3003, SQI=0, link=0
01-01 08:18:47.591 0 0 E DTC_ETH,link_delay_work_func: 3003, SQI=0, link=0
01-01 08:18:50.049 0 0 I [schedu][0x50ceb5d22][04:09:16.654014] wlan: [3522:I:OSIF] scan start scan id 40968
01-01 08:18:51.219 0 0 I [schedu][0x50e4251b7][04:09:17.824635] wlan: [3522:I:OSIF] vdev 0, scan id 40968 type COMPLETED(1) reason COMPLETED(1) scan found 20 bss
01-01 08:18:52.711 0 0 E DTC_ETH,link_delay_work_func: 3003, SQI=0, link=0
01-01 08:18:57.831 0 0 E DTC_ETH,link_delay_work_func: 3003, SQI=0, link=0
01-01 08:19:02.951 0 0 E DTC_ETH,link_delay_work_func: 3003, SQI=0, link=0
01-01 08:19:08.071 0 0 E DTC_ETH,link_delay_work_func: 3003, SQI=0, link=0
01-01 08:19:13.191 0 0 E DTC_ETH,link_delay_work_func: 3003, SQI=0, link=0
01-01 08:19:18.311 0 0 E DTC_ETH,link_delay_work_func: 3003, SQI=0, link=0
01-01 08:19:23.431 0 0 E DTC_ETH,link_delay_work_func: 3003, SQI=0, link=0
01-01 08:19:28.551 0 0 E DTC_ETH,link_delay_work_func: 3003, SQI=0, link=0
01-01 08:19:33.671 0 0 E DTC_ETH,link_delay_work_func: 3003, SQI=0, link=0
01-01 08:19:38.791 0 0 E DTC_ETH,link_delay_work_func: 3003, SQI=0, link=0
01-01 08:19:41.835 0 0 W perfetto: enabled ftrace
01-01 08:19:41.843 0 0 I binder : 4986:4986 ioctl 40046210 ff89b9a8 returned -22
01-01 08:19:42.274 0 0 I binder : 4986:5092 ioctl 40046210 b8b1cd38 returned -22
01-01 08:19:43.911 0 0 E DTC_ETH,link_delay_work_func: 3003, SQI=0, link=0
01-01 08:19:46.838 0 0 W perfetto: disabled ftrace
01-01 08:19:49.031 0 0 E DTC_ETH,link_delay_work_func: 3003, SQI=0, link=0
01-01 08:19:54.151 0 0 E DTC_ETH,link_delay_work_func: 3003, SQI=0, link=0
01-01 08:19:59.271 0 0 E DTC_ETH,link_delay_work_func: 3003, SQI=0, link=0
01-01 08:20:04.391 0 0 E DTC_ETH,link_delay_work_func: 3003, SQI=0, link=0
01-01 08:20:09.511 0 0 E DTC_ETH,link_delay_work_func: 3003, SQI=0, link=0
01-01 08:20:14.631 0 0 E DTC_ETH,link_delay_work_func: 3003, SQI=0, link=0
01-01 08:20:19.751 0 0 E DTC_ETH,link_delay_work_func: 3003, SQI=0, link=0
01-01 08:20:21.961 0 0 I msm_vidc: err : ffffffff: .....: DBLP Set: status 0
01-01 08:20:24.871 0 0 E DTC_ETH,link_delay_work_func: 3003, SQI=0, link=0
01-01 08:20:25.868 0 0 D F2FS-fs (dm-10): Retry to write fsync mark: ino=364, idx=16c
01-01 08:20:29.991 0 0 E DTC_ETH,link_delay_work_func: 3003, SQI=0, link=0
01-01 08:20:31.377 0 0 I binder : 782:1340 ioctl 400c620e 70a125d5d8 returned -22
01-01 08:20:31.379 0 0 I binder : 782:1340 ioctl c00c620f 70a125d5b8 returned -22
01-01 08:20:31.465 0 0 I binder : 782:1340 ioctl 400c620e 70a125d5d8 returned -22
01-01 08:20:31.467 0 0 I binder : 782:1340 ioctl c00c620f 70a125d5b8 returned -22
01-01 08:20:31.545 0 0 I binder : 5326:5326 ioctl 40046210 7fc8a60c34 returned -22
01-01 08:20:32.905 0 0 I msm_vidc: err : ffffffff: .....: DBLP Set: status 0
01-01 08:20:35.111 0 0 E DTC_ETH,link_delay_work_func: 3003, SQI=0, link=0
01-01 08:20:35.977 0 0 I msm_vidc: err : ffffffff: .....: DBLP Set: status 0
01-01 08:20:40.231 0 0 E DTC_ETH,link_delay_work_func: 3003, SQI=0, link=0
01-01 08:20:45.351 0 0 E DTC_ETH,link_delay_work_func: 3003, SQI=0, link=0
01-01 08:20:50.471 0 0 E DTC_ETH,link_delay_work_func: 3003, SQI=0, link=0
01-01 08:20:55.591 0 0 E DTC_ETH,link_delay_work_func: 3003, SQI=0, link=0
01-01 08:21:00.711 0 0 E DTC_ETH,link_delay_work_func: 3003, SQI=0, link=0
01-01 08:21:05.831 0 0 E DTC_ETH,link_delay_work_func: 3003, SQI=0, link=0
01-01 08:21:06.184 0 0 I msm_vidc: err : ffffffff: .....: DBLP Set: status 0
01-01 08:21:10.951 0 0 E DTC_ETH,link_delay_work_func: 3003, SQI=0, link=0
01-01 08:21:16.071 0 0 E DTC_ETH,link_delay_work_func: 3003, SQI=0, link=0
01-01 08:21:21.191 0 0 E DTC_ETH,link_delay_work_func: 3003, SQI=0, link=0
01-01 08:21:26.312 0 0 E DTC_ETH,link_delay_work_func: 3003, SQI=0, link=0
01-01 08:21:31.431 0 0 E DTC_ETH,link_delay_work_func: 3003, SQI=0, link=0
01-01 08:21:35.977 0 0 I msm_vidc: err : ffffffff: .....: DBLP Set: status 0
01-01 08:21:36.551 0 0 E DTC_ETH,link_delay_work_func: 3003, SQI=0, link=0
01-01 08:21:41.671 0 0 E DTC_ETH,link_delay_work_func: 3003, SQI=0, link=0
01-01 08:21:46.791 0 0 E DTC_ETH,link_delay_work_func: 3003, SQI=0, link=0
01-01 08:21:51.911 0 0 E DTC_ETH,link_delay_work_func: 3003, SQI=0, link=0
01-01 08:21:57.031 0 0 E DTC_ETH,link_delay_work_func: 3003, SQI=0, link=0
01-01 08:22:02.151 0 0 E DTC_ETH,link_delay_work_func: 3003, SQI=0, link=0
01-01 08:22:07.271 0 0 E DTC_ETH,link_delay_work_func: 3003, SQI=0, link=0
01-01 08:22:12.391 0 0 E DTC_ETH,link_delay_work_func: 3003, SQI=0, link=0
01-01 08:22:17.511 0 0 E DTC_ETH,link_delay_work_func: 3003, SQI=0, link=0
01-01 08:22:22.639 0 0 E DTC_ETH,link_delay_work_func: 3003, SQI=0, link=0
01-01 08:22:27.751 0 0 E DTC_ETH,link_delay_work_func: 3003, SQI=0, link=0
01-01 08:22:28.403 0 0 I binder : undelivered TRANSACTION_COMPLETE
01-01 08:22:28.403 0 0 I binder : undelivered transaction 327718, process died.
01-01 08:22:28.409 0 0 I binder : 5537:5537 ioctl 40046210 7fc8a60c34 returned -22
01-01 08:22:28.461 0 0 I binder : undelivered TRANSACTION_COMPLETE
01-01 08:22:28.461 0 0 I binder : undelivered transaction 327610, process died.
01-01 08:22:28.483 0 0 I binder : undelivered transaction 327501, process died.
01-01 08:22:28.495 0 0 I binder : 5555:5555 ioctl 40046210 7fc8a60c34 returned -22
01-01 08:22:28.502 0 0 I binder : 5557:5557 ioctl 40046210 7fc8a60c34 returned -22
01-01 08:22:28.517 0 0 I binder : 5580:5580 ioctl 40046210 ff89b9a8 returned -22
01-01 08:22:29.827 0 0 I binder : 5555:5725 ioctl 40046210 70dd7ecc94 returned -22
01-01 08:22:32.265 0 0 I binder : 5557:5758 ioctl 40046210 70de8b51f4 returned -22
01-01 08:22:32.871 0 0 E DTC_ETH,link_delay_work_func: 3003, SQI=0, link=0
01-01 08:22:37.991 0 0 E DTC_ETH,link_delay_work_func: 3003, SQI=0, link=0
01-01 08:22:43.111 0 0 E DTC_ETH,link_delay_work_func: 3003, SQI=0, link=0
01-01 08:22:48.231 0 0 E DTC_ETH,link_delay_work_func: 3003, SQI=0, link=0
01-01 08:22:53.351 0 0 E DTC_ETH,link_delay_work_func: 3003, SQI=0, link=0
01-01 08:22:58.471 0 0 E DTC_ETH,link_delay_work_func: 3003, SQI=0, link=0
01-01 08:22:58.871 0 0 I binder : 5925:5925 ioctl 40046210 7fc8a60c34 returned -22
01-01 08:22:58.913 0 0 I binder : 5950:5950 ioctl 40046210 7fc8a60c34 returned -22
01-01 08:22:58.949 0 0 I binder : 5980:5980 ioctl 40046210 7fc8a60c34 returned -22
01-01 08:22:59.038 0 0 I binder : 5925:5964 ioctl 40046210 70d81241f4 returned -22
01-01 08:23:03.595 0 0 E DTC_ETH,link_delay_work_func: 3003, SQI=0, link=0
01-01 08:23:08.711 0 0 E DTC_ETH,link_delay_work_func: 3003, SQI=0, link=0
01-01 08:23:13.831 0 0 E DTC_ETH,link_delay_work_func: 3003, SQI=0, link=0
01-01 08:23:16.713 0 0 I msm_vidc: err : ffffffff: .....: DBLP Set: status 0
01-01 08:23:18.951 0 0 E DTC_ETH,link_delay_work_func: 3003, SQI=0, link=0
01-01 08:23:24.075 0 0 E DTC_ETH,link_delay_work_func: 3003, SQI=0, link=0
01-01 08:23:29.191 0 0 E DTC_ETH,link_delay_work_func: 3003, SQI=0, link=0
01-01 08:23:30.060 0 0 I [schedu][0x64d5e1d00][04:13:56.665959] wlan: [3522:I:OSIF] scan start scan id 40969
01-01 08:23:30.889 0 0 I msm_vidc: err : ffffffff: .....: DBLP Set: status 0
01-01 08:23:31.231 0 0 I [schedu][0x64eb519e0][04:13:57.836690] wlan: [3522:I:OSIF] vdev 0, scan id 40969 type COMPLETED(1) reason COMPLETED(1) scan found 18 bss
01-01 08:23:34.311 0 0 E DTC_ETH,link_delay_work_func: 3003, SQI=0, link=0
01-01 08:23:35.977 0 0 I msm_vidc: err : ffffffff: .....: DBLP Set: status 0
01-01 08:23:39.431 0 0 E DTC_ETH,link_delay_work_func: 3003, SQI=0, link=0
01-01 08:23:44.551 0 0 E DTC_ETH,link_delay_work_func: 3003, SQI=0, link=0
01-01 08:23:49.671 0 0 E DTC_ETH,link_delay_work_func: 3003, SQI=0, link=0
01-01 08:23:54.791 0 0 E DTC_ETH,link_delay_work_func: 3003, SQI=0, link=0
01-01 08:23:59.911 0 0 E DTC_ETH,link_delay_work_func: 3003, SQI=0, link=0
01-01 08:24:05.031 0 0 E DTC_ETH,link_delay_work_func: 3003, SQI=0, link=0
01-01 08:24:10.151 0 0 E DTC_ETH,link_delay_work_func: 3003, SQI=0, link=0
01-01 08:24:15.271 0 0 E DTC_ETH,link_delay_work_func: 3003, SQI=0, link=0
01-01 08:24:20.391 0 0 E DTC_ETH,link_delay_work_func: 3003, SQI=0, link=0
01-01 08:24:25.511 0 0 E DTC_ETH,link_delay_work_func: 3003, SQI=0, link=0
01-01 08:24:30.631 0 0 E DTC_ETH,link_delay_work_func: 3003, SQI=0, link=0
01-01 08:24:35.751 0 0 E DTC_ETH,link_delay_work_func: 3003, SQI=0, link=0
01-01 08:24:37.737 0 0 I msm_vidc: err : ffffffff: .....: DBLP Set: status 0
01-01 08:24:40.871 0 0 E DTC_ETH,link_delay_work_func: 3003, SQI=0, link=0
01-01 08:24:44.987 0 0 I perf : interrupt took too long (2508 > 2500), lowering kernel.perf_event_max_sample_rate to 79500
01-01 08:24:45.991 0 0 E DTC_ETH,link_delay_work_func: 3003, SQI=0, link=0
01-01 08:24:51.111 0 0 E DTC_ETH,link_delay_work_func: 3003, SQI=0, link=0
01-01 08:24:56.231 0 0 E DTC_ETH,link_delay_work_func: 3003, SQI=0, link=0
01-01 08:25:01.351 0 0 E DTC_ETH,link_delay_work_func: 3003, SQI=0, link=0
01-01 08:25:05.513 0 0 I msm_vidc: err : ffffffff: .....: DBLP Set: status 0
01-01 08:25:06.471 0 0 E DTC_ETH,link_delay_work_func: 3003, SQI=0, link=0
01-01 08:25:11.591 0 0 E DTC_ETH,link_delay_work_func: 3003, SQI=0, link=0
01-01 08:25:16.711 0 0 E DTC_ETH,link_delay_work_func: 3003, SQI=0, link=0
01-01 08:25:21.831 0 0 E DTC_ETH,link_delay_work_func: 3003, SQI=0, link=0
01-01 08:25:26.951 0 0 E DTC_ETH,link_delay_work_func: 3003, SQI=0, link=0
01-01 08:25:32.071 0 0 E DTC_ETH,link_delay_work_func: 3003, SQI=0, link=0
01-01 08:25:35.977 0 0 I msm_vidc: err : ffffffff: .....: DBLP Set: status 0
01-01 08:25:37.191 0 0 E DTC_ETH,link_delay_work_func: 3003, SQI=0, link=0
01-01 08:25:42.311 0 0 E DTC_ETH,link_delay_work_func: 3003, SQI=0, link=0
01-01 08:25:47.431 0 0 E DTC_ETH,link_delay_work_func: 3003, SQI=0, link=0
01-01 08:25:52.551 0 0 E DTC_ETH,link_delay_work_func: 3003, SQI=0, link=0
01-01 08:25:57.671 0 0 E DTC_ETH,link_delay_work_func: 3003, SQI=0, link=0
01-01 08:26:02.791 0 0 E DTC_ETH,link_delay_work_func: 3003, SQI=0, link=0
01-01 08:26:07.911 0 0 E DTC_ETH,link_delay_work_func: 3003, SQI=0, link=0
01-01 08:26:13.031 0 0 E DTC_ETH,link_delay_work_func: 3003, SQI=0, link=0
01-01 08:26:18.151 0 0 E DTC_ETH,link_delay_work_func: 3003, SQI=0, link=0
01-01 08:26:20.130 0 0 I logd : logdr: UID=2000 GID=2000 PID=6318 b tail=0 logMask=bf pid=0 start=0ns deadline=0ns
01-01 08:26:23.271 0 0 E DTC_ETH,link_delay_work_func: 3003, SQI=0, link=0
01-01 08:26:28.391 0 0 E DTC_ETH,link_delay_work_func: 3003, SQI=0, link=0
01-01 08:26:33.511 0 0 E DTC_ETH,link_delay_work_func: 3003, SQI=0, link=0
01-01 08:26:38.631 0 0 E DTC_ETH,link_delay_work_func: 3003, SQI=0, link=0
01-01 08:26:39.241 0 0 I msm_vidc: err : ffffffff: .....: DBLP Set: status 0
01-01 08:26:43.751 0 0 E DTC_ETH,link_delay_work_func: 3003, SQI=0, link=0
01-01 08:26:44.753 0 0 I binder : 6343:6343 ioctl 40046210 7fc8a60c34 returned -22
01-01 08:26:44.889 0 0 I binder : 6343:6368 ioctl 40046210 70d803f1f4 returned -22
01-01 08:26:48.871 0 0 E DTC_ETH,link_delay_work_func: 3003, SQI=0, link=0
01-01 08:26:53.417 0 0 I msm_vidc: err : ffffffff: .....: DBLP Set: status 0
01-01 08:26:53.991 0 0 E DTC_ETH,link_delay_work_func: 3003, SQI=0, link=0
01-01 08:26:59.111 0 0 E DTC_ETH,link_delay_work_func: 3003, SQI=0, link=0
01-01 08:27:04.231 0 0 E DTC_ETH,link_delay_work_func: 3003, SQI=0, link=0
01-01 08:27:09.351 0 0 E DTC_ETH,link_delay_work_func: 3003, SQI=0, link=0
01-01 08:27:14.471 0 0 E DTC_ETH,link_delay_work_func: 3003, SQI=0, link=0
01-01 08:27:19.591 0 0 E DTC_ETH,link_delay_work_func: 3003, SQI=0, link=0
01-01 08:27:24.711 0 0 E DTC_ETH,link_delay_work_func: 3003, SQI=0, link=0
01-01 08:27:29.831 0 0 E DTC_ETH,link_delay_work_func: 3003, SQI=0, link=0
01-01 08:27:30.505 0 0 I msm_vidc: err : ffffffff: .....: DBLP Set: status 0
01-01 08:27:34.951 0 0 E DTC_ETH,link_delay_work_func: 3003, SQI=0, link=0
01-01 08:27:40.071 0 0 E DTC_ETH,link_delay_work_func: 3003, SQI=0, link=0
01-01 08:27:45.191 0 0 E DTC_ETH,link_delay_work_func: 3003, SQI=0, link=0
01-01 08:27:50.311 0 0 E DTC_ETH,link_delay_work_func: 3003, SQI=0, link=0
01-01 08:27:55.431 0 0 E DTC_ETH,link_delay_work_func: 3003, SQI=0, link=0
01-01 08:28:00.137 0 0 I msm_vidc: err : ffffffff: .....: DBLP Set: status 0
01-01 08:28:00.551 0 0 E DTC_ETH,link_delay_work_func: 3003, SQI=0, link=0
01-01 08:28:05.671 0 0 E DTC_ETH,link_delay_work_func: 3003, SQI=0, link=0
01-01 08:28:10.069 0 0 I [schedu][0x78dcff77b][04:18:36.674845] wlan: [3522:I:OSIF] scan start scan id 40970
01-01 08:28:10.791 0 0 E DTC_ETH,link_delay_work_func: 3003, SQI=0, link=0
01-01 08:28:11.228 0 0 I [schedu][0x78f2348ca][04:18:37.833049] wlan: [3522:I:OSIF] vdev 0, scan id 40970 type COMPLETED(1) reason COMPLETED(1) scan found 10 bss
01-01 08:28:11.817 0 0 I msm_vidc: err : ffffffff: .....: DBLP Set: status 0
01-01 08:28:15.911 0 0 E DTC_ETH,link_delay_work_func: 3003, SQI=0, link=0
01-01 08:28:21.031 0 0 E DTC_ETH,link_delay_work_func: 3003, SQI=0, link=0
01-01 08:28:26.151 0 0 E DTC_ETH,link_delay_work_func: 3003, SQI=0, link=0
01-01 08:28:31.271 0 0 E DTC_ETH,link_delay_work_func: 3003, SQI=0, link=0
01-01 08:28:35.977 0 0 I msm_vidc: err : ffffffff: .....: DBLP Set: status 0
01-01 08:28:36.391 0 0 E DTC_ETH,link_delay_work_func: 3003, SQI=0, link=0
01-01 08:28:41.511 0 0 E DTC_ETH,link_delay_work_func: 3003, SQI=0, link=0
01-01 08:28:46.631 0 0 E DTC_ETH,link_delay_work_func: 3003, SQI=0, link=0
01-01 08:28:51.751 0 0 E DTC_ETH,link_delay_work_func: 3003, SQI=0, link=0
01-01 08:28:56.871 0 0 E DTC_ETH,link_delay_work_func: 3003, SQI=0, link=0
01-01 08:29:01.991 0 0 E DTC_ETH,link_delay_work_func: 3003, SQI=0, link=0
01-01 08:29:07.111 0 0 E DTC_ETH,link_delay_work_func: 3003, SQI=0, link=0
01-01 08:29:12.231 0 0 E DTC_ETH,link_delay_work_func: 3003, SQI=0, link=0
01-01 08:29:17.351 0 0 E DTC_ETH,link_delay_work_func: 3003, SQI=0, link=0
01-01 08:29:22.471 0 0 E DTC_ETH,link_delay_work_func: 3003, SQI=0, link=0
01-01 08:29:27.591 0 0 E DTC_ETH,link_delay_work_func: 3003, SQI=0, link=0
01-01 08:29:32.711 0 0 E DTC_ETH,link_delay_work_func: 3003, SQI=0, link=0
01-01 08:29:35.279 0 0 I binder : 782:1340 ioctl 400c620e 70a125d5d8 returned -22
01-01 08:29:35.281 0 0 I binder : 782:1340 ioctl c00c620f 70a125d5b8 returned -22
01-01 08:29:35.977 0 0 I msm_vidc: err : ffffffff: .....: DBLP Set: status 0
01-01 08:29:37.831 0 0 E DTC_ETH,link_delay_work_func: 3003, SQI=0, link=0
01-01 08:29:42.951 0 0 E DTC_ETH,link_delay_work_func: 3003, SQI=0, link=0
01-01 08:29:48.071 0 0 E DTC_ETH,link_delay_work_func: 3003, SQI=0, link=0
01-01 08:29:53.191 0 0 E DTC_ETH,link_delay_work_func: 3003, SQI=0, link=0
01-01 08:29:58.311 0 0 E DTC_ETH,link_delay_work_func: 3003, SQI=0, link=0
01-01 08:30:03.431 0 0 E DTC_ETH,link_delay_work_func: 3003, SQI=0, link=0
01-01 08:30:08.551 0 0 E DTC_ETH,link_delay_work_func: 3003, SQI=0, link=0
01-01 08:30:13.671 0 0 E DTC_ETH,link_delay_work_func: 3003, SQI=0, link=0
01-01 08:30:18.791 0 0 E DTC_ETH,link_delay_work_func: 3003, SQI=0, link=0
01-01 08:30:23.911 0 0 E DTC_ETH,link_delay_work_func: 3003, SQI=0, link=0
01-01 08:30:26.899 0 0 I binder : 6960:6960 ioctl 40046210 7fc8a60c34 returned -22
01-01 08:30:27.037 0 0 I binder : 6960:6984 ioctl 40046210 713dc191f4 returned -22
01-01 08:30:29.031 0 0 E DTC_ETH,link_delay_work_func: 3003, SQI=0, link=0
01-01 08:30:31.337 0 0 I msm_vidc: err : ffffffff: .....: DBLP Set: status 0
01-01 08:30:31.614 0 0 I binder : 782:1340 ioctl 400c620e 70a125d5d8 returned -22
01-01 08:30:31.616 0 0 I binder : 782:1340 ioctl c00c620f 70a125d5b8 returned -22
01-01 08:30:31.706 0 0 I binder : 7009:7009 ioctl 40046210 7fc8a60c34 returned -22
01-01 08:30:34.151 0 0 E DTC_ETH,link_delay_work_func: 3003, SQI=0, link=0
01-01 08:30:35.977 0 0 I msm_vidc: err : ffffffff: .....: DBLP Set: status 0
01-01 08:30:39.271 0 0 E DTC_ETH,link_delay_work_func: 3003, SQI=0, link=0
01-01 08:30:44.391 0 0 E DTC_ETH,link_delay_work_func: 3003, SQI=0, link=0
01-01 08:30:49.511 0 0 E DTC_ETH,link_delay_work_func: 3003, SQI=0, link=0
01-01 08:30:51.619 0 0 W audit : audit_lost=2904 audit_rate_limit=5 audit_backlog_limit=64
01-01 08:30:51.619 0 0 E audit : rate limit exceeded
01-01 08:30:51.810 0 0 I init : Untracked pid 7039 exited with status 0
01-01 08:30:52.931 0 0 W audit : audit_lost=3531 audit_rate_limit=5 audit_backlog_limit=64
01-01 08:30:52.931 0 0 E audit : rate limit exceeded
01-01 08:30:54.631 0 0 E DTC_ETH,link_delay_work_func: 3003, SQI=0, link=0
01-01 08:30:58.989 0 0 D cnss : Host time = 1858710990 us, device time = 1815114040 us, offset = 43596950 us
01-01 08:30:58.989 0 0 D cnss : Updated time sync regs [0x984] = 0x2993c96, [0x988] = 0x0
01-01 08:30:59.751 0 0 E DTC_ETH,link_delay_work_func: 3003, SQI=0, link=0
01-01 08:31:04.871 0 0 E DTC_ETH,link_delay_work_func: 3003, SQI=0, link=0
01-01 08:31:09.991 0 0 E DTC_ETH,link_delay_work_func: 3003, SQI=0, link=0
01-01 08:31:15.111 0 0 E DTC_ETH,link_delay_work_func: 3003, SQI=0, link=0
01-01 08:31:20.231 0 0 E DTC_ETH,link_delay_work_func: 3003, SQI=0, link=0
01-01 08:31:25.351 0 0 E DTC_ETH,link_delay_work_func: 3003, SQI=0, link=0
01-01 08:31:30.471 0 0 E DTC_ETH,link_delay_work_func: 3003, SQI=0, link=0
01-01 08:31:35.591 0 0 E DTC_ETH,link_delay_work_func: 3003, SQI=0, link=0
01-01 08:31:40.711 0 0 E DTC_ETH,link_delay_work_func: 3003, SQI=0, link=0
01-01 08:31:45.831 0 0 E DTC_ETH,link_delay_work_func: 3003, SQI=0, link=0
01-01 08:31:50.951 0 0 E DTC_ETH,link_delay_work_func: 3003, SQI=0, link=0
01-01 08:31:56.071 0 0 E DTC_ETH,link_delay_work_func: 3003, SQI=0, link=0
01-01 08:32:01.191 0 0 E DTC_ETH,link_delay_work_func: 3003, SQI=0, link=0
01-01 08:32:06.311 0 0 E DTC_ETH,link_delay_work_func: 3003, SQI=0, link=0
01-01 08:32:11.431 0 0 E DTC_ETH,link_delay_work_func: 3003, SQI=0, link=0
01-01 08:32:16.551 0 0 E DTC_ETH,link_delay_work_func: 3003, SQI=0, link=0
01-01 08:32:21.671 0 0 E DTC_ETH,link_delay_work_func: 3003, SQI=0, link=0
01-01 08:32:26.791 0 0 E DTC_ETH,link_delay_work_func: 3003, SQI=0, link=0
01-01 08:32:31.911 0 0 E DTC_ETH,link_delay_work_func: 3003, SQI=0, link=0
01-01 08:32:37.031 0 0 E DTC_ETH,link_delay_work_func: 3003, SQI=0, link=0
01-01 08:32:42.151 0 0 E DTC_ETH,link_delay_work_func: 3003, SQI=0, link=0
01-01 08:32:47.271 0 0 E DTC_ETH,link_delay_work_func: 3003, SQI=0, link=0
01-01 08:32:50.072 0 0 I [schedu][0x8ce3fd8f6][04:23:16.676998] wlan: [3522:I:OSIF] scan start scan id 40971
01-01 08:32:51.247 0 0 I [schedu][0x8cf983b23][04:23:17.852494] wlan: [3522:I:OSIF] vdev 0, scan id 40971 type COMPLETED(1) reason COMPLETED(1) scan found 17 bss
01-01 08:32:52.391 0 0 E DTC_ETH,link_delay_work_func: 3003, SQI=0, link=0
01-01 08:32:57.511 0 0 E DTC_ETH,link_delay_work_func: 3003, SQI=0, link=0
01-01 08:33:02.631 0 0 E DTC_ETH,link_delay_work_func: 3003, SQI=0, link=0
01-01 08:33:07.751 0 0 E DTC_ETH,link_delay_work_func: 3003, SQI=0, link=0
01-01 08:33:12.871 0 0 E DTC_ETH,link_delay_work_func: 3003, SQI=0, link=0
01-01 08:33:17.991 0 0 E DTC_ETH,link_delay_work_func: 3003, SQI=0, link=0
01-01 08:33:23.111 0 0 E DTC_ETH,link_delay_work_func: 3003, SQI=0, link=0
01-01 08:33:28.231 0 0 E DTC_ETH,link_delay_work_func: 3003, SQI=0, link=0
01-01 08:33:33.351 0 0 E DTC_ETH,link_delay_work_func: 3003, SQI=0, link=0
01-01 08:33:38.471 0 0 E DTC_ETH,link_delay_work_func: 3003, SQI=0, link=0
01-01 08:33:43.591 0 0 E DTC_ETH,link_delay_work_func: 3003, SQI=0, link=0
01-01 08:33:48.711 0 0 E DTC_ETH,link_delay_work_func: 3003, SQI=0, link=0
01-01 08:33:53.831 0 0 E DTC_ETH,link_delay_work_func: 3003, SQI=0, link=0
01-01 08:33:58.951 0 0 E DTC_ETH,link_delay_work_func: 3003, SQI=0, link=0
01-01 08:34:04.071 0 0 E DTC_ETH,link_delay_work_func: 3003, SQI=0, link=0
01-01 08:34:09.191 0 0 E DTC_ETH,link_delay_work_func: 3003, SQI=0, link=0
01-01 08:34:14.311 0 0 E DTC_ETH,link_delay_work_func: 3003, SQI=0, link=0
01-01 08:34:19.431 0 0 E DTC_ETH,link_delay_work_func: 3003, SQI=0, link=0
01-01 08:34:24.551 0 0 E DTC_ETH,link_delay_work_func: 3003, SQI=0, link=0
01-01 08:34:29.671 0 0 E DTC_ETH,link_delay_work_func: 3003, SQI=0, link=0
01-01 08:34:34.791 0 0 E DTC_ETH,link_delay_work_func: 3003, SQI=0, link=0
01-01 08:34:39.911 0 0 E DTC_ETH,link_delay_work_func: 3003, SQI=0, link=0
01-01 08:34:45.031 0 0 E DTC_ETH,link_delay_work_func: 3003, SQI=0, link=0
01-01 08:34:50.151 0 0 E DTC_ETH,link_delay_work_func: 3003, SQI=0, link=0
01-01 08:34:55.271 0 0 E DTC_ETH,link_delay_work_func: 3003, SQI=0, link=0
01-01 08:35:00.391 0 0 E DTC_ETH,link_delay_work_func: 3003, SQI=0, link=0
01-01 08:35:05.511 0 0 E DTC_ETH,link_delay_work_func: 3003, SQI=0, link=0
01-01 08:35:10.631 0 0 E DTC_ETH,link_delay_work_func: 3003, SQI=0, link=0
01-01 08:35:15.751 0 0 E DTC_ETH,link_delay_work_func: 3003, SQI=0, link=0
01-01 08:35:20.871 0 0 E DTC_ETH,link_delay_work_func: 3003, SQI=0, link=0
01-01 08:35:25.991 0 0 E DTC_ETH,link_delay_work_func: 3003, SQI=0, link=0
01-01 08:35:31.111 0 0 E DTC_ETH,link_delay_work_func: 3003, SQI=0, link=0
01-01 08:35:36.231 0 0 E DTC_ETH,link_delay_work_func: 3003, SQI=0, link=0
01-01 08:35:41.351 0 0 E DTC_ETH,link_delay_work_func: 3003, SQI=0, link=0
01-01 08:35:46.471 0 0 E DTC_ETH,link_delay_work_func: 3003, SQI=0, link=0
01-01 08:35:51.591 0 0 E DTC_ETH,link_delay_work_func: 3003, SQI=0, link=0
01-01 08:35:56.711 0 0 E DTC_ETH,link_delay_work_func: 3003, SQI=0, link=0
01-01 08:36:01.831 0 0 E DTC_ETH,link_delay_work_func: 3003, SQI=0, link=0
01-01 08:36:06.951 0 0 E DTC_ETH,link_delay_work_func: 3003, SQI=0, link=0
01-01 08:36:12.071 0 0 E DTC_ETH,link_delay_work_func: 3003, SQI=0, link=0
01-01 08:36:17.191 0 0 E DTC_ETH,link_delay_work_func: 3003, SQI=0, link=0
01-01 08:36:22.311 0 0 E DTC_ETH,link_delay_work_func: 3003, SQI=0, link=0
01-01 08:36:27.431 0 0 E DTC_ETH,link_delay_work_func: 3003, SQI=0, link=0
01-01 08:36:32.551 0 0 E DTC_ETH,link_delay_work_func: 3003, SQI=0, link=0
01-01 08:36:37.671 0 0 E DTC_ETH,link_delay_work_func: 3003, SQI=0, link=0
01-01 08:36:42.791 0 0 E DTC_ETH,link_delay_work_func: 3003, SQI=0, link=0
01-01 08:36:47.911 0 0 E DTC_ETH,link_delay_work_func: 3003, SQI=0, link=0
01-01 08:36:53.031 0 0 E DTC_ETH,link_delay_work_func: 3003, SQI=0, link=0
01-01 08:36:58.151 0 0 E DTC_ETH,link_delay_work_func: 3003, SQI=0, link=0
01-01 08:37:03.271 0 0 E DTC_ETH,link_delay_work_func: 3003, SQI=0, link=0
01-01 08:37:08.391 0 0 E DTC_ETH,link_delay_work_func: 3003, SQI=0, link=0
01-01 08:37:13.511 0 0 E DTC_ETH,link_delay_work_func: 3003, SQI=0, link=0
01-01 08:37:18.631 0 0 E DTC_ETH,link_delay_work_func: 3003, SQI=0, link=0
01-01 08:37:23.751 0 0 E DTC_ETH,link_delay_work_func: 3003, SQI=0, link=0
01-01 08:37:28.871 0 0 E DTC_ETH,link_delay_work_func: 3003, SQI=0, link=0
01-01 08:37:30.075 0 0 I [schedu][0xa0eb01146][04:27:56.680309] wlan: [3522:I:OSIF] scan start scan id 40972
01-01 08:37:31.236 0 0 I [schedu][0xa100437e3][04:27:57.841357] wlan: [3522:I:OSIF] vdev 0, scan id 40972 type COMPLETED(1) reason COMPLETED(1) scan found 23 bss
01-01 08:37:33.991 0 0 E DTC_ETH,link_delay_work_func: 3003, SQI=0, link=0
01-01 08:37:39.111 0 0 E DTC_ETH,link_delay_work_func: 3003, SQI=0, link=0
01-01 08:37:44.231 0 0 E DTC_ETH,link_delay_work_func: 3003, SQI=0, link=0
01-01 08:37:44.898 0 0 I binder : 782:1340 ioctl 400c620e 70a125d5d8 returned -22
01-01 08:37:44.900 0 0 I binder : 782:1340 ioctl c00c620f 70a125d5b8 returned -22
01-01 08:37:47.373 0 0 I binder : 782:1340 ioctl 400c620e 70a125d5d8 returned -22
01-01 08:37:47.374 0 0 I binder : 782:1340 ioctl c00c620f 70a125d5b8 returned -22
01-01 08:37:49.351 0 0 E DTC_ETH,link_delay_work_func: 3003, SQI=0, link=0
01-01 08:37:53.206 0 0 I binder : 782:1340 ioctl 400c620e 70a125d5d8 returned -22
01-01 08:37:53.207 0 0 I binder : 782:1340 ioctl c00c620f 70a125d5b8 returned -22
01-01 08:37:53.210 0 0 I binder : 782:1340 ioctl 400c620e 70a125d5d8 returned -22
01-01 08:37:53.212 0 0 I binder : 782:1340 ioctl c00c620f 70a125d5b8 returned -22
01-01 08:37:54.471 0 0 E DTC_ETH,link_delay_work_func: 3003, SQI=0, link=0
01-01 08:37:59.591 0 0 E DTC_ETH,link_delay_work_func: 3003, SQI=0, link=0
01-01 08:38:04.711 0 0 E DTC_ETH,link_delay_work_func: 3003, SQI=0, link=0
01-01 08:38:09.831 0 0 E DTC_ETH,link_delay_work_func: 3003, SQI=0, link=0
01-01 08:38:14.951 0 0 E DTC_ETH,link_delay_work_func: 3003, SQI=0, link=0
01-01 08:38:20.071 0 0 E DTC_ETH,link_delay_work_func: 3003, SQI=0, link=0
01-01 08:38:25.191 0 0 E DTC_ETH,link_delay_work_func: 3003, SQI=0, link=0
01-01 08:38:30.311 0 0 E DTC_ETH,link_delay_work_func: 3003, SQI=0, link=0
01-01 08:38:35.431 0 0 E DTC_ETH,link_delay_work_func: 3003, SQI=0, link=0
01-01 08:38:40.551 0 0 E DTC_ETH,link_delay_work_func: 3003, SQI=0, link=0
01-01 08:38:45.671 0 0 E DTC_ETH,link_delay_work_func: 3003, SQI=0, link=0
01-01 08:38:50.791 0 0 E DTC_ETH,link_delay_work_func: 3003, SQI=0, link=0
01-01 08:38:55.911 0 0 E DTC_ETH,link_delay_work_func: 3003, SQI=0, link=0
01-01 08:39:01.031 0 0 E DTC_ETH,link_delay_work_func: 3003, SQI=0, link=0
01-01 08:39:06.151 0 0 E DTC_ETH,link_delay_work_func: 3003, SQI=0, link=0
01-01 08:39:11.271 0 0 E DTC_ETH,link_delay_work_func: 3003, SQI=0, link=0
01-01 08:39:16.391 0 0 E DTC_ETH,link_delay_work_func: 3003, SQI=0, link=0
01-01 08:39:17.353 0 0 I msm_vidc: err : ffffffff: .....: DBLP Set: status 0
01-01 08:39:21.137 0 0 I binder : 7116:7116 ioctl 40046210 7fc8a60c34 returned -22
01-01 08:39:21.511 0 0 E DTC_ETH,link_delay_work_func: 3003, SQI=0, link=0
01-01 08:39:24.072 0 0 I msm_vidc: err : ffffffff: .....: DBLP Set: status 0
01-01 08:39:26.631 0 0 E DTC_ETH,link_delay_work_func: 3003, SQI=0, link=0
01-01 08:39:31.751 0 0 E DTC_ETH,link_delay_work_func: 3003, SQI=0, link=0
01-01 08:39:36.871 0 0 E DTC_ETH,link_delay_work_func: 3003, SQI=0, link=0
01-01 08:39:38.633 0 0 I msm_vidc: err : ffffffff: .....: DBLP Set: status 0
01-01 08:39:41.991 0 0 E DTC_ETH,link_delay_work_func: 3003, SQI=0, link=0
01-01 08:39:47.111 0 0 E DTC_ETH,link_delay_work_func: 3003, SQI=0, link=0
01-01 08:39:51.497 0 0 I msm_vidc: err : ffffffff: .....: DBLP Set: status 0
01-01 08:39:52.231 0 0 E DTC_ETH,link_delay_work_func: 3003, SQI=0, link=0
01-01 08:39:57.351 0 0 E DTC_ETH,link_delay_work_func: 3003, SQI=0, link=0
01-01 08:40:02.471 0 0 E DTC_ETH,link_delay_work_func: 3003, SQI=0, link=0
01-01 08:40:07.591 0 0 E DTC_ETH,link_delay_work_func: 3003, SQI=0, link=0
01-01 08:40:12.711 0 0 E DTC_ETH,link_delay_work_func: 3003, SQI=0, link=0
01-01 08:40:17.831 0 0 E DTC_ETH,link_delay_work_func: 3003, SQI=0, link=0
01-01 08:40:22.951 0 0 E DTC_ETH,link_delay_work_func: 3003, SQI=0, link=0
01-01 08:40:28.071 0 0 E DTC_ETH,link_delay_work_func: 3003, SQI=0, link=0
01-01 08:40:31.759 0 0 I binder : 782:1340 ioctl 400c620e 70a125d5d8 returned -22
01-01 08:40:31.761 0 0 I binder : 782:1340 ioctl c00c620f 70a125d5b8 returned -22
01-01 08:40:31.857 0 0 I binder : 7193:7193 ioctl 40046210 7fc8a60c34 returned -22
01-01 08:40:33.191 0 0 E DTC_ETH,link_delay_work_func: 3003, SQI=0, link=0
01-01 08:40:35.977 0 0 I msm_vidc: err : ffffffff: .....: DBLP Set: status 0
01-01 08:40:38.311 0 0 E DTC_ETH,link_delay_work_func: 3003, SQI=0, link=0
01-01 08:40:43.431 0 0 E DTC_ETH,link_delay_work_func: 3003, SQI=0, link=0
01-01 08:40:48.551 0 0 E DTC_ETH,link_delay_work_func: 3003, SQI=0, link=0
01-01 08:40:53.671 0 0 E DTC_ETH,link_delay_work_func: 3003, SQI=0, link=0
01-01 08:40:58.791 0 0 E DTC_ETH,link_delay_work_func: 3003, SQI=0, link=0
01-01 08:41:03.911 0 0 E DTC_ETH,link_delay_work_func: 3003, SQI=0, link=0
01-01 08:41:09.031 0 0 E DTC_ETH,link_delay_work_func: 3003, SQI=0, link=0
01-01 08:41:14.151 0 0 E DTC_ETH,link_delay_work_func: 3003, SQI=0, link=0
01-01 08:41:19.271 0 0 E DTC_ETH,link_delay_work_func: 3003, SQI=0, link=0
01-01 08:41:24.391 0 0 E DTC_ETH,link_delay_work_func: 3003, SQI=0, link=0
01-01 08:41:28.785 0 0 I binder : 782:1340 ioctl 400c620e 70a125d5d8 returned -22
01-01 08:41:28.788 0 0 I binder : 782:1340 ioctl c00c620f 70a125d5b8 returned -22
01-01 08:41:29.511 0 0 E DTC_ETH,link_delay_work_func: 3003, SQI=0, link=0
01-01 08:41:29.886 0 0 I binder : 7244:7244 ioctl 40046210 7fc8a60c34 returned -22
01-01 08:41:34.631 0 0 E DTC_ETH,link_delay_work_func: 3003, SQI=0, link=0
01-01 08:41:39.751 0 0 E DTC_ETH,link_delay_work_func: 3003, SQI=0, link=0
01-01 08:41:44.871 0 0 E DTC_ETH,link_delay_work_func: 3003, SQI=0, link=0
01-01 08:41:49.991 0 0 E DTC_ETH,link_delay_work_func: 3003, SQI=0, link=0
01-01 08:41:55.111 0 0 E DTC_ETH,link_delay_work_func: 3003, SQI=0, link=0
01-01 08:42:00.231 0 0 E DTC_ETH,link_delay_work_func: 3003, SQI=0, link=0
01-01 08:42:05.351 0 0 E DTC_ETH,link_delay_work_func: 3003, SQI=0, link=0
01-01 08:42:10.079 0 0 I [schedu][0xb4f20a9f7][04:32:36.684905] wlan: [3522:I:OSIF] scan start scan id 40973
01-01 08:42:10.471 0 0 E DTC_ETH,link_delay_work_func: 3003, SQI=0, link=0
01-01 08:42:11.250 0 0 I [schedu][0xb5077b177][04:32:37.855778] wlan: [3522:I:OSIF] vdev 0, scan id 40973 type COMPLETED(1) reason COMPLETED(1) scan found 15 bss
01-01 08:42:15.591 0 0 E DTC_ETH,link_delay_work_func: 3003, SQI=0, link=0
01-01 08:42:20.711 0 0 E DTC_ETH,link_delay_work_func: 3003, SQI=0, link=0
01-01 08:42:25.831 0 0 E DTC_ETH,link_delay_work_func: 3003, SQI=0, link=0
01-01 08:42:30.951 0 0 E DTC_ETH,link_delay_work_func: 3003, SQI=0, link=0
01-01 08:42:36.071 0 0 E DTC_ETH,link_delay_work_func: 3003, SQI=0, link=0
01-01 08:42:41.191 0 0 E DTC_ETH,link_delay_work_func: 3003, SQI=0, link=0
01-01 08:42:46.311 0 0 E DTC_ETH,link_delay_work_func: 3003, SQI=0, link=0
01-01 08:42:51.431 0 0 E DTC_ETH,link_delay_work_func: 3003, SQI=0, link=0
01-01 08:42:56.551 0 0 E DTC_ETH,link_delay_work_func: 3003, SQI=0, link=0
01-01 08:43:01.671 0 0 E DTC_ETH,link_delay_work_func: 3003, SQI=0, link=0
01-01 08:43:06.791 0 0 E DTC_ETH,link_delay_work_func: 3003, SQI=0, link=0
01-01 08:43:11.911 0 0 E DTC_ETH,link_delay_work_func: 3003, SQI=0, link=0
01-01 08:43:17.031 0 0 E DTC_ETH,link_delay_work_func: 3003, SQI=0, link=0
01-01 08:43:22.151 0 0 E DTC_ETH,link_delay_work_func: 3003, SQI=0, link=0
01-01 08:43:27.271 0 0 E DTC_ETH,link_delay_work_func: 3003, SQI=0, link=0
01-01 08:43:32.391 0 0 E DTC_ETH,link_delay_work_func: 3003, SQI=0, link=0
01-01 08:43:37.511 0 0 E DTC_ETH,link_delay_work_func: 3003, SQI=0, link=0
01-01 08:43:42.631 0 0 E DTC_ETH,link_delay_work_func: 3003, SQI=0, link=0
01-01 08:43:47.751 0 0 E DTC_ETH,link_delay_work_func: 3003, SQI=0, link=0
01-01 08:43:52.871 0 0 E DTC_ETH,link_delay_work_func: 3003, SQI=0, link=0
01-01 08:43:57.991 0 0 E DTC_ETH,link_delay_work_func: 3003, SQI=0, link=0
01-01 08:44:03.111 0 0 E DTC_ETH,link_delay_work_func: 3003, SQI=0, link=0
01-01 08:44:08.231 0 0 E DTC_ETH,link_delay_work_func: 3003, SQI=0, link=0
01-01 08:44:13.351 0 0 E DTC_ETH,link_delay_work_func: 3003, SQI=0, link=0
01-01 08:44:18.471 0 0 E DTC_ETH,link_delay_work_func: 3003, SQI=0, link=0
01-01 08:44:23.591 0 0 E DTC_ETH,link_delay_work_func: 3003, SQI=0, link=0
01-01 08:44:28.711 0 0 E DTC_ETH,link_delay_work_func: 3003, SQI=0, link=0
01-01 08:44:33.831 0 0 E DTC_ETH,link_delay_work_func: 3003, SQI=0, link=0
01-01 08:44:38.951 0 0 E DTC_ETH,link_delay_work_func: 3003, SQI=0, link=0
01-01 08:44:44.071 0 0 E DTC_ETH,link_delay_work_func: 3003, SQI=0, link=0
01-01 08:44:49.191 0 0 E DTC_ETH,link_delay_work_func: 3003, SQI=0, link=0
01-01 08:44:54.311 0 0 E DTC_ETH,link_delay_work_func: 3003, SQI=0, link=0
01-01 08:44:59.431 0 0 E DTC_ETH,link_delay_work_func: 3003, SQI=0, link=0
01-01 08:45:02.283 0 0 I binder : undelivered TRANSACTION_COMPLETE
01-01 08:45:02.283 0 0 I binder : undelivered transaction 557318, process died.
01-01 08:45:02.283 0 0 I binder : undelivered transaction 557309, process died.
01-01 08:45:02.345 0 0 I binder : 7303:7303 ioctl 40046210 7fc8a60c34 returned -22
01-01 08:45:04.551 0 0 E DTC_ETH,link_delay_work_func: 3003, SQI=0, link=0
01-01 08:45:05.257 0 0 I msm_vidc: err : ffffffff: .....: DBLP Set: status 0
01-01 08:45:06.670 0 0 I perf : interrupt took too long (3141 > 3135), lowering kernel.perf_event_max_sample_rate to 63500
01-01 08:45:09.671 0 0 E DTC_ETH,link_delay_work_func: 3003, SQI=0, link=0 --------- beginning of events
03-14 04:35:40.106 5555 5555 I wm_on_resume_called: [24285146,com.android.gallery3d.app.GalleryActivity,RESUME_ACTIVITY]
03-14 04:35:40.106 5555 5555 I wm_on_top_resumed_gained_called: [24285146,com.android.gallery3d.app.GalleryActivity,topWhenResuming]
03-14 04:35:40.466 782 825 I wm_stop_activity: [0,174418215,com.android.launcher3/.uioverrides.QuickstepLauncher]
03-14 04:35:40.493 4407 4407 I wm_on_paused_called: [174418215,com.android.launcher3.uioverrides.QuickstepLauncher,performPause]
03-14 04:35:40.496 4407 4407 I wm_on_stop_called: [174418215,com.android.launcher3.uioverrides.QuickstepLauncher,STOP_ACTIVITY_ITEM]
03-14 04:35:41.026 782 5556 I wm_task_moved: [1,0,0]
03-14 04:35:41.026 782 5556 I wm_task_moved: [1,0,5]
03-14 04:35:41.048 5555 5555 I view_enqueue_input_event: [Motion - Cancel,com.android.gallery3d/com.android.gallery3d.app.GalleryActivity]
03-14 04:35:41.051 782 826 I input_focus: [Focus request recents_animation_input_consumer,reason=UpdateInputWindows]
03-14 04:35:41.052 4407 4407 I wm_on_restart_called: [174418215,com.android.launcher3.uioverrides.QuickstepLauncher,performRestartActivity]
03-14 04:35:41.059 782 1605 I input_interaction: Interaction with: edge-swipe (server), swipe-up (server), PointerEventDispatcher0 (server),
03-14 04:35:41.065 4407 4407 I wm_on_start_called: [174418215,com.android.launcher3.uioverrides.QuickstepLauncher,handleStartActivity]
03-14 04:35:41.075 4407 4407 I sysui_latency: [1,67]
03-14 04:35:41.084 782 1605 I input_focus: [Focus leaving 6c81d94 com.android.gallery3d/com.android.gallery3d.app.GalleryActivity (server),reason=NOT_FOCUSABLE]
03-14 04:35:41.085 782 1605 I input_focus: [Focus entering recents_animation_input_consumer (server),reason=setFocusedWindow]
03-14 04:35:41.094 782 822 I sysui_multi_action: [319,9,322,55,325,2711,757,761,758,9,759,5,806,com.android.launcher3,871,com.android.launcher3.uioverrides.QuickstepLauncher,905,0,1320,4,1321,1]
03-14 04:35:41.272 782 1331 I commit_sys_config_file: [settings-1-0,9]
03-14 04:35:41.383 782 830 I sysui_latency: [8,69]
01-01 08:45:14.793 0 0 E DTC_ETH,link_delay_work_func: 3003, SQI=0, link=0
03-14 04:35:41.788 782 5556 I wm_task_moved: [1,1,6]
03-14 04:35:41.789 782 5556 I wm_task_moved: [102,1,2147483647]
03-14 04:35:41.789 782 5556 I wm_task_to_front: [0,102]
03-14 04:35:41.789 782 5556 I wm_focused_root_task: [0,0,1,172,RecentsAnimation.onAnimationFinished()]
03-14 04:35:41.789 5555 5555 I wm_on_top_resumed_lost_called: [24285146,com.android.gallery3d.app.GalleryActivity,topStateChangedWhenResumed]
03-14 04:35:41.789 782 5556 I wm_set_resumed_activity: [0,com.android.launcher3/.uioverrides.QuickstepLauncher,RecentsAnimation.onAnimationFinished()]
03-14 04:35:41.790 782 5556 I wm_pause_activity: [0,24285146,com.android.gallery3d/.app.GalleryActivity,userLeaving=true,pauseBackTasks]
03-14 04:35:41.791 782 5556 I wm_add_to_stopping: [0,24285146,com.android.gallery3d/.app.GalleryActivity,makeInvisible]
03-14 04:35:41.792 782 5556 I wm_set_resumed_activity: [0,com.android.launcher3/.uioverrides.QuickstepLauncher,resumeTopActivityInnerLocked]
03-14 04:35:41.794 782 5556 I wm_resume_activity: [0,174418215,102,com.android.launcher3/.uioverrides.QuickstepLauncher]
03-14 04:35:41.795 4407 4407 I wm_on_resume_called: [174418215,com.android.launcher3.uioverrides.QuickstepLauncher,RESUME_ACTIVITY]
03-14 04:35:41.802 782 826 I input_focus: [Focus request e892cf3 com.android.launcher3/com.android.launcher3.uioverrides.QuickstepLauncher,reason=UpdateInputWindows]
03-14 04:35:41.802 4407 4407 I wm_on_top_resumed_gained_called: [174418215,com.android.launcher3.uioverrides.QuickstepLauncher,topStateChangedWhenResumed]
03-14 04:35:41.807 782 2679 I wm_stop_activity: [0,24285146,com.android.gallery3d/.app.GalleryActivity]
03-14 04:35:41.813 5555 5555 I wm_on_paused_called: [24285146,com.android.gallery3d.app.GalleryActivity,performPause]
03-14 04:35:41.818 782 825 I sysui_multi_action: [757,803,799,window_time_0,802,13]
03-14 04:35:41.820 782 825 I sysui_multi_action: [757,803,799,window_time_0,802,0]
03-14 04:35:41.827 5555 5555 I wm_on_stop_called: [24285146,com.android.gallery3d.app.GalleryActivity,STOP_ACTIVITY_ITEM]
03-14 04:35:41.828 782 1605 I input_focus: [Focus leaving recents_animation_input_consumer (server),reason=NOT_VISIBLE]
03-14 04:35:41.828 782 1605 I input_focus: [Focus entering e892cf3 com.android.launcher3/com.android.launcher3.uioverrides.QuickstepLauncher (server),reason=setFocusedWindow]
03-14 04:35:41.846 782 1605 I input_interaction: Interaction with: e892cf3 com.android.launcher3/com.android.launcher3.uioverrides.QuickstepLauncher (server), d04e39a com.android.systemui.ImageWallpaper (server), edge-swipe (server), swipe-up (server), PointerEventDispatcher0 (server),
03-14 04:35:43.037 782 2679 I wm_task_created: [173,-1]
03-14 04:35:43.040 782 2679 I wm_task_moved: [173,1,7]
03-14 04:35:43.040 782 2679 I wm_task_to_front: [0,173]
03-14 04:35:43.040 782 2679 I wm_create_task: [0,173]
03-14 04:35:43.040 782 2679 I wm_create_activity: [0,118302257,173,com.android.music/.MusicBrowserActivity,android.intent.action.MAIN,NULL,NULL,270532608]
03-14 04:35:43.040 782 2679 I wm_task_moved: [173,1,7]
03-14 04:35:43.042 782 2679 I wm_restart_activity: [0,118302257,173,com.android.music/.MusicBrowserActivity]
03-14 04:35:43.042 782 2679 I wm_set_resumed_activity: [0,com.android.music/.MusicBrowserActivity,minimalResumeActivityLocked]
03-14 04:35:43.044 782 825 I am_uid_active: 10086
03-14 04:35:43.045 4407 4407 I wm_on_top_resumed_lost_called: [174418215,com.android.launcher3.uioverrides.QuickstepLauncher,topStateChangedWhenResumed]
03-14 04:35:43.075 7303 7303 I wm_on_create_called: [118302257,com.android.music.MusicBrowserActivity,performCreate]
03-14 04:35:43.083 7303 7303 I wm_on_start_called: [118302257,com.android.music.MusicBrowserActivity,handleStartActivity]
03-14 04:35:43.083 7303 7303 I wm_on_resume_called: [118302257,com.android.music.MusicBrowserActivity,RESUME_ACTIVITY]
03-14 04:35:43.088 7303 7303 I wm_on_top_resumed_gained_called: [118302257,com.android.music.MusicBrowserActivity,topStateChangedWhenResumed]
03-14 04:35:43.100 782 5554 I sysui_multi_action: [757,856,758,1,806,com.android.music,857,Channel-music,858,2]
03-14 04:35:43.103 782 782 I notification_enqueue: [10086,7303,com.android.music,1,NULL,0,Notification(channel=Channel-music shortcut=null contentView=null vibrate=null sound=null defaults=0x0 flags=0x0 color=0x00000000 category=transport actions=4 vis=PRIVATE),0]
03-14 04:35:43.105 782 782 I notification_enqueue: [10086,7303,com.android.music,1,NULL,0,Notification(channel=Channel-music shortcut=null contentView=null vibrate=null sound=null defaults=0x0 flags=0x40 color=0x00000000 category=transport actions=4 vis=PRIVATE),0]
03-14 04:35:43.105 782 782 I notification_enqueue: [10086,7303,com.android.music,1,NULL,0,Notification(channel=Channel-music shortcut=null contentView=null vibrate=null sound=null defaults=0x0 flags=0x40 color=0x00000000 category=transport actions=4 vis=PRIVATE),0]
03-14 04:35:43.105 782 782 I notification_enqueue: [10086,7303,com.android.music,1,NULL,0,Notification(channel=Channel-music shortcut=null contentView=null vibrate=null sound=null defaults=0x0 flags=0x40 color=0x00000000 category=transport actions=4 vis=PRIVATE),0]
03-14 04:35:43.109 782 782 I notification_enqueue: [10086,7303,com.android.music,1,NULL,0,Notification(channel=Channel-music shortcut=null contentView=null vibrate=null sound=null defaults=0x0 flags=0x40 color=0x00000000 category=transport actions=4 vis=PRIVATE),0]
03-14 04:35:43.110 782 782 I notification_enqueue: [10086,7303,com.android.music,1,NULL,0,Notification(channel=Channel-music shortcut=null contentView=null vibrate=null sound=null defaults=0x0 flags=0x40 color=0x00000000 category=transport actions=4 vis=PRIVATE),0]
03-14 04:35:43.116 782 826 I input_focus: [Focus request 93ad077 com.android.music/com.android.music.MusicBrowserActivity,reason=UpdateInputWindows]
01-01 08:45:16.522 0 0 I binder : 7303:7359 ioctl 40046210 7144d081f4 returned -22
03-14 04:35:43.138 782 822 I sysui_multi_action: [319,104,322,103,325,2713,757,761,758,8,759,2,806,com.android.music,871,com.android.music.MusicBrowserActivity,904,com.android.launcher3,905,0,1320,4,1321,1]
03-14 04:35:43.139 782 1605 I input_focus: [Focus leaving e892cf3 com.android.launcher3/com.android.launcher3.uioverrides.QuickstepLauncher (server),reason=Waiting for window because NOT_VISIBLE]
03-14 04:35:43.139 782 822 I wm_activity_launch_time: [0,118302257,com.android.music/.MusicBrowserActivity,103]
03-14 04:35:43.149 782 782 I sysui_multi_action: [757,128,758,5,759,8,793,47,794,0,795,47,796,1,806,com.android.music,857,Channel-music,858,2,947,0,1500,47,1641,transport,1688,1,1745,1043716538]
03-14 04:35:43.149 782 782 I notification_canceled: [0|com.android.music|1|null|10086,8,47,47,0,-1,-1,NULL]
03-14 04:35:43.155 782 1605 I input_focus: [Focus entering 93ad077 com.android.music/com.android.music.MusicBrowserActivity (server),reason=Window became focusable. Previous reason: NOT_VISIBLE]
03-14 04:35:43.352 782 824 I commit_sys_config_file: [notification-policy,2679131]
03-14 04:35:43.994 782 1605 I input_interaction: Interaction with: 93ad077 com.android.music/com.android.music.MusicBrowserActivity (server), edge-swipe (server), swipe-up (server), PointerEventDispatcher0 (server),
03-14 04:35:44.177 782 4133 I wm_relaunch_resume_activity: [0,118302257,173,com.android.music/.MusicBrowserActivity]
03-14 04:35:44.177 782 4133 I wm_add_to_stopping: [0,174418215,com.android.launcher3/.uioverrides.QuickstepLauncher,makeInvisible]
03-14 04:35:44.178 7303 7303 I wm_on_top_resumed_lost_called: [118302257,com.android.music.MusicBrowserActivity,pausing]
03-14 04:35:44.179 7303 7303 I wm_on_paused_called: [118302257,com.android.music.MusicBrowserActivity,performPause]
03-14 04:35:44.180 7303 7303 I wm_on_stop_called: [118302257,com.android.music.MusicBrowserActivity,handleRelaunchActivity]
03-14 04:35:44.181 7303 7303 I wm_on_destroy_called: [118302257,com.android.music.MusicBrowserActivity,performDestroy]
03-14 04:35:44.195 7303 7303 I wm_on_create_called: [118302257,com.android.music.MusicBrowserActivity,performCreate]
03-14 04:35:44.203 7303 7303 I wm_on_start_called: [118302257,com.android.music.MusicBrowserActivity,handleStartActivity]
03-14 04:35:44.203 7303 7303 I wm_on_resume_called: [118302257,com.android.music.MusicBrowserActivity,RESUME_ACTIVITY]
03-14 04:35:44.204 7303 7303 I wm_on_top_resumed_gained_called: [118302257,com.android.music.MusicBrowserActivity,topWhenResuming]
03-14 04:35:44.214 782 782 I notification_enqueue: [10086,7303,com.android.music,1,NULL,0,Notification(channel=Channel-music shortcut=null contentView=null vibrate=null sound=null defaults=0x0 flags=0x40 color=0x00000000 category=transport actions=4 vis=PRIVATE),0]
03-14 04:35:44.215 782 782 I notification_enqueue: [10086,7303,com.android.music,1,NULL,0,Notification(channel=Channel-music shortcut=null contentView=null vibrate=null sound=null defaults=0x0 flags=0x40 color=0x00000000 category=transport actions=4 vis=PRIVATE),0]
03-14 04:35:44.217 782 782 I notification_enqueue: [10086,7303,com.android.music,1,NULL,0,Notification(channel=Channel-music shortcut=null contentView=null vibrate=null sound=null defaults=0x0 flags=0x40 color=0x00000000 category=transport actions=4 vis=PRIVATE),0]
03-14 04:35:44.218 782 782 I notification_enqueue: [10086,7303,com.android.music,1,NULL,0,Notification(channel=Channel-music shortcut=null contentView=null vibrate=null sound=null defaults=0x0 flags=0x40 color=0x00000000 category=transport actions=4 vis=PRIVATE),0]
03-14 04:35:44.221 782 782 I notification_enqueue: [10086,7303,com.android.music,1,NULL,0,Notification(channel=Channel-music shortcut=null contentView=null vibrate=null sound=null defaults=0x0 flags=0x40 color=0x00000000 category=transport actions=4 vis=PRIVATE),0]
03-14 04:35:44.221 782 782 I notification_enqueue: [10086,7303,com.android.music,1,NULL,0,Notification(channel=Channel-music shortcut=null contentView=null vibrate=null sound=null defaults=0x0 flags=0x40 color=0x00000000 category=transport actions=4 vis=PRIVATE),0]
03-14 04:35:44.415 782 782 I sysui_multi_action: [757,1501,758,1,793,201,794,0,795,201,796,1,806,com.android.music,857,Channel-music,858,2,947,0,1500,0,1641,transport,1688,1,1745,1043716538]
03-14 04:35:44.415 782 782 I sysui_multi_action: [757,804,799,note_interruptive,801,0,802,1]
03-14 04:35:44.439 782 782 I sysui_multi_action: [757,128,758,5,759,8,793,17990,794,0,795,17990,796,1,797,empty_media,806,com.android.systemui,857,empty_media_style_id,858,4,946,empty_media,947,0,1500,17787,1641,transport,1688,1,1745,1043716538]
03-14 04:35:44.439 782 782 I notification_canceled: [0|com.android.systemui|1|empty_media|10078,8,17990,17990,0,-1,-1,NULL]
03-14 04:35:44.557 782 825 I wm_stop_activity: [0,174418215,com.android.launcher3/.uioverrides.QuickstepLauncher]
03-14 04:35:44.576 4407 4407 I wm_on_paused_called: [174418215,com.android.launcher3.uioverrides.QuickstepLauncher,performPause]
03-14 04:35:44.577 4407 4407 I wm_on_stop_called: [174418215,com.android.launcher3.uioverrides.QuickstepLauncher,STOP_ACTIVITY_ITEM]
03-14 04:35:44.987 782 4133 I wm_task_moved: [1,0,0]
03-14 04:35:44.987 782 4133 I wm_task_moved: [1,0,6]
03-14 04:35:44.991 4407 4407 I wm_on_restart_called: [174418215,com.android.launcher3.uioverrides.QuickstepLauncher,performRestartActivity]
03-14 04:35:45.006 4407 4407 I wm_on_start_called: [174418215,com.android.launcher3.uioverrides.QuickstepLauncher,handleStartActivity]
03-14 04:35:45.013 7303 7303 I view_enqueue_input_event: [Motion - Cancel,com.android.music/com.android.music.MusicBrowserActivity]
03-14 04:35:45.014 4407 4407 I sysui_latency: [1,29]
03-14 04:35:45.016 782 822 I sysui_multi_action: [319,2,322,28,325,2715,757,761,758,9,759,5,806,com.android.launcher3,871,com.android.launcher3.uioverrides.QuickstepLauncher,905,0,1320,4,1321,1]
03-14 04:35:45.017 782 826 I input_focus: [Focus request recents_animation_input_consumer,reason=UpdateInputWindows]
03-14 04:35:45.022 782 1605 I input_interaction: Interaction with: edge-swipe (server), swipe-up (server), PointerEventDispatcher0 (server),
03-14 04:35:45.042 782 1605 I input_focus: [Focus leaving 93ad077 com.android.music/com.android.music.MusicBrowserActivity (server),reason=NOT_FOCUSABLE]
03-14 04:35:45.043 782 1605 I input_focus: [Focus entering recents_animation_input_consumer (server),reason=setFocusedWindow]
03-14 04:35:45.212 782 1331 I commit_sys_config_file: [settings-1-0,7]
03-14 04:35:45.316 782 830 I sysui_latency: [8,32]
03-14 04:35:45.729 782 1605 I input_interaction: Interaction with: recents_animation_input_consumer (server), edge-swipe (server), swipe-up (server), PointerEventDispatcher0 (server),
03-14 04:35:45.756 782 4133 I wm_task_moved: [1,1,7]
03-14 04:35:45.758 782 4133 I wm_task_moved: [102,1,2147483647]
03-14 04:35:45.758 782 4133 I wm_task_to_front: [0,102]
03-14 04:35:45.758 782 4133 I wm_focused_root_task: [0,0,1,173,RecentsAnimation.onAnimationFinished()]
03-14 04:35:45.759 782 4133 I wm_set_resumed_activity: [0,com.android.launcher3/.uioverrides.QuickstepLauncher,RecentsAnimation.onAnimationFinished()]
03-14 04:35:45.760 782 4133 I wm_pause_activity: [0,118302257,com.android.music/.MusicBrowserActivity,userLeaving=true,pauseBackTasks]
03-14 04:35:45.761 782 4133 I wm_add_to_stopping: [0,118302257,com.android.music/.MusicBrowserActivity,makeInvisible]
03-14 04:35:45.762 782 4133 I wm_set_resumed_activity: [0,com.android.launcher3/.uioverrides.QuickstepLauncher,resumeTopActivityInnerLocked]
03-14 04:35:45.762 7303 7303 I wm_on_top_resumed_lost_called: [118302257,com.android.music.MusicBrowserActivity,topStateChangedWhenResumed]
03-14 04:35:45.764 782 4133 I wm_resume_activity: [0,174418215,102,com.android.launcher3/.uioverrides.QuickstepLauncher]
03-14 04:35:45.767 4407 4407 I wm_on_resume_called: [174418215,com.android.launcher3.uioverrides.QuickstepLauncher,RESUME_ACTIVITY]
03-14 04:35:45.772 782 826 I input_focus: [Focus request e892cf3 com.android.launcher3/com.android.launcher3.uioverrides.QuickstepLauncher,reason=UpdateInputWindows]
