01-01 08:58:03.289 0 0 I afe_close: port_id = 0x400e
01-01 08:58:03.296 0 0 I btfm_slim_disable_ch: port:16, grp: 0, ch->grph:0x0, ch->ch_hdl:0x1d
03-14 04:48:30.129 782 1605 I input_interaction: Interaction with: 3cc18be com.android.music/com.android.music.VideoBrowserActivity (server), edge-swipe (server), swipe-up (server), PointerEventDispatcher0 (server),
03-14 04:48:30.304 782 4133 I service_manager_stats: [100,57,29816]
03-14 04:48:30.304 782 4133 I wm_task_moved: [196,1,9]
03-14 04:48:30.304 782 4133 I wm_set_resumed_activity: [0,com.android.music/.VideoBrowserActivity,positionChildAt]
03-14 04:48:30.304 782 4133 I wm_create_activity: [0,174173832,196,com.android.gallery3d/.app.MovieActivity,android.intent.action.VIEW,video/mp4,content://media/external/video/media/31,0]
03-14 04:48:30.305 782 4133 I wm_pause_activity: [0,110211796,com.android.music/.VideoBrowserActivity,userLeaving=true,resumeTopActivityInnerLocked]
03-14 04:48:30.312 7303 7303 I wm_on_top_resumed_lost_called: [110211796,com.android.music.VideoBrowserActivity,topStateChangedWhenResumed]
03-14 04:48:30.312 7303 7303 I wm_on_paused_called: [110211796,com.android.music.VideoBrowserActivity,performPause]
03-14 04:48:30.313 782 4680 I wm_restart_activity: [0,174173832,196,com.android.gallery3d/.app.MovieActivity]
03-14 04:48:30.314 782 4680 I wm_set_resumed_activity: [0,com.android.gallery3d/.app.MovieActivity,minimalResumeActivityLocked]
03-14 04:48:30.317 782 825 I sysui_multi_action: [757,803,799,window_time_0,802,3]
03-14 04:48:30.327 5555 5555 I wm_on_create_called: [174173832,com.android.gallery3d.app.MovieActivity,performCreate]
03-14 04:48:30.328 5555 5555 I wm_on_start_called: [174173832,com.android.gallery3d.app.MovieActivity,handleStartActivity]
03-14 04:48:30.329 5555 5555 I wm_on_resume_called: [174173832,com.android.gallery3d.app.MovieActivity,RESUME_ACTIVITY]
03-14 04:48:30.330 5555 5555 I wm_on_top_resumed_gained_called: [174173832,com.android.gallery3d.app.MovieActivity,topStateChangedWhenResumed]
03-14 04:48:30.333 782 826 I input_focus: [Focus request 85a8259 com.android.gallery3d/com.android.gallery3d.app.MovieActivity,reason=UpdateInputWindows]
03-14 04:48:30.359 782 822 I sysui_multi_action: [319,56,322,56,325,3481,757,761,758,8,759,2,806,com.android.gallery3d,871,com.android.gallery3d.app.MovieActivity,904,com.android.music,905,0,1320,4,1321,1]
03-14 04:48:30.360 782 822 I wm_activity_launch_time: [0,174173832,com.android.gallery3d/.app.MovieActivity,56]
03-14 04:48:30.366 782 1605 I input_focus: [Focus leaving 3cc18be com.android.music/com.android.music.VideoBrowserActivity (server),reason=setFocusedWindow]
03-14 04:48:30.366 782 1605 I input_focus: [Focus entering 85a8259 com.android.gallery3d/com.android.gallery3d.app.MovieActivity (server),reason=setFocusedWindow]
01-01 08:58:03.768 0 0 I msm_vidc: high: 00000002: ....d: Opening video instance: 0000000000000000, 1
01-01 08:58:03.768 0 0 I msm_vidc: err : 00000002: ....d: Failed to create debugfs for msm_vidc
01-01 08:58:03.855 0 0 I btfm_slim_hw_init: PGD Enum Addr: 00:01:20:02:17: 02
01-01 08:58:03.855 0 0 I btfm_slim_hw_init: IFD Enum Addr: 00:00:20:02:17: 02
01-01 08:58:03.855 0 0 I btfm_slim_hw_init: chipset soc version:400a0200
01-01 08:58:03.855 0 0 I btfm_slim_hw_init: chipset is hastings 2.0, overwriting EA
01-01 08:58:03.855 0 0 I btfm_slim_hw_init: PGD Enum Addr: 00:01:20:02:17: 02
01-01 08:58:03.855 0 0 I btfm_slim_hw_init: IFD Enum Addr: 00:00:20:02:17: 02
01-01 08:58:03.855 0 0 I btfm_slim_alloc_port: chipset soc version:400a0200
01-01 08:58:03.860 0 0 I btfm_slim_enable_ch: chipset soc version:400a0200
01-01 08:58:03.860 0 0 I btfm_slim_enable_ch: channel define - prot:2, dataf:0, auxf:0
01-01 08:58:03.860 0 0 I btfm_slim_enable_ch: channel define - rates:44100, baser:2, ratem:4
01-01 08:58:03.860 0 0 I btfm_slim_enable_ch: slim_connect_sink(port: 16, ch: 157)
01-01 08:58:03.861 0 0 I btfm_slim_enable_ch: port: 16, ch: 157, grp: 0, ch->grph: 0x0, ch_hdl: 0x1d
01-01 08:58:03.862 0 0 I __afe_port_start: port id: 0x400e
01-01 08:58:03.862 0 0 I afe_find_cal_topo_id_by_port: port id: 0x400e, dev_acdb_id: 20
01-01 08:58:03.862 0 0 I afe_find_cal_topo_id_by_port: top_id:112fc acdb_id:20 afe_port_id:0x400e
01-01 08:58:03.862 0 0 I afe_get_cal_topology_id: port_id = 0x400e acdb_id = 20 topology_id = 0x112fc cal_type_index=8 ret=0
01-01 08:58:03.862 0 0 I afe_send_port_topology_id: AFE set topology id 0x112fc enable for port 0x400e ret 0
01-01 08:58:03.862 0 0 I send_afe_cal_type: cal_index is 0
01-01 08:58:03.862 0 0 I send_afe_cal_type: dev_acdb_id[119] is 20
01-01 08:58:03.862 0 0 I afe_find_cal: cal_index 0 port_id 0x400e port_index 119
01-01 08:58:03.862 0 0 I afe_find_cal: acdb_id 20 dev_acdb_id 20 sample_rate 48000 afe_sample_rates 44100
01-01 08:58:03.862 0 0 I afe_find_cal: no matching cal_block found
01-01 08:58:03.862 0 0 E : send_afe_cal_type cal_block not found!!
01-01 08:58:03.867 0 0 I afe_send_hw_delay: port_id 0x400e rate 44100 delay_usec 0 status 0
01-01 08:58:07.911 0 0 E DTC_ETH,link_delay_work_func: 3003, SQI=0, link=0
01-01 08:58:13.035 0 0 E DTC_ETH,link_delay_work_func: 3003, SQI=0, link=0
01-01 08:58:18.152 0 0 E DTC_ETH,link_delay_work_func: 3003, SQI=0, link=0
01-01 08:58:23.273 0 0 E DTC_ETH,link_delay_work_func: 3003, SQI=0, link=0
01-01 08:58:28.391 0 0 E DTC_ETH,link_delay_work_func: 3003, SQI=0, link=0
01-01 08:58:33.511 0 0 E DTC_ETH,link_delay_work_func: 3003, SQI=0, link=0
03-14 04:49:03.760 782 872 I am_uid_idle: 10017
01-01 08:58:38.631 0 0 E DTC_ETH,link_delay_work_func: 3003, SQI=0, link=0
03-14 04:49:09.354 782 872 I am_uid_idle: 10028
01-01 08:58:43.751 0 0 E DTC_ETH,link_delay_work_func: 3003, SQI=0, link=0
01-01 08:58:48.871 0 0 E DTC_ETH,link_delay_work_func: 3003, SQI=0, link=0
01-01 08:58:53.991 0 0 E DTC_ETH,link_delay_work_func: 3003, SQI=0, link=0
01-01 08:58:59.111 0 0 E DTC_ETH,link_delay_work_func: 3003, SQI=0, link=0
01-01 08:59:04.231 0 0 E DTC_ETH,link_delay_work_func: 3003, SQI=0, link=0
03-14 04:49:32.616 782 872 I am_uid_idle: 10063
01-01 08:59:09.351 0 0 E DTC_ETH,link_delay_work_func: 3003, SQI=0, link=0
01-01 08:59:14.471 0 0 E DTC_ETH,link_delay_work_func: 3003, SQI=0, link=0
01-01 08:59:19.591 0 0 E DTC_ETH,link_delay_work_func: 3003, SQI=0, link=0
03-14 04:49:50.633 782 4680 I snet_event_log: [172655291,-1,]
03-14 04:49:50.633 782 4133 I wm_finish_activity: [0,174173832,196,com.android.gallery3d/.app.MovieActivity,app-request]
03-14 04:49:50.644 782 4133 I wm_pause_activity: [0,174173832,com.android.gallery3d/.app.MovieActivity,userLeaving=false,finish]
03-14 04:49:50.649 5555 5555 I wm_on_top_resumed_lost_called: [174173832,com.android.gallery3d.app.MovieActivity,topStateChangedWhenResumed]
03-14 04:49:50.665 782 1605 I input_focus: [Focus leaving 85a8259 com.android.gallery3d/com.android.gallery3d.app.MovieActivity (server),reason=NO_WINDOW]
01-01 08:59:24.085 0 0 I msm_vidc: high: 00000002: h264d: Closed video instance: 0000000000000000
03-14 04:49:50.769 5555 5555 I wm_on_paused_called: [174173832,com.android.gallery3d.app.MovieActivity,performPause]
03-14 04:49:50.773 782 4133 I wm_set_resumed_activity: [0,com.android.music/.VideoBrowserActivity,resumeTopActivityInnerLocked]
03-14 04:49:50.775 782 4133 I wm_resume_activity: [0,110211796,196,com.android.music/.VideoBrowserActivity]
03-14 04:49:50.776 7303 7303 I wm_on_resume_called: [110211796,com.android.music.VideoBrowserActivity,RESUME_ACTIVITY]
03-14 04:49:50.776 7303 7303 I wm_on_top_resumed_gained_called: [110211796,com.android.music.VideoBrowserActivity,topWhenResuming]
01-01 08:59:24.168 0 0 E q6asm_callback: cmd = 0x10bce returned error = 0xa
01-01 08:59:24.174 0 0 E __q6asm_cmd: DSP returned error[ADSP_ENOTREADY] opcode 68558
03-14 04:49:50.785 782 826 I input_focus: [Focus request 3cc18be com.android.music/com.android.music.VideoBrowserActivity,reason=UpdateInputWindows]
03-14 04:49:50.789 782 825 I sysui_multi_action: [757,803,799,window_time_2,802,80]
03-14 04:49:50.793 782 1605 I input_focus: [Focus entering 3cc18be com.android.music/com.android.music.VideoBrowserActivity (server),reason=setFocusedWindow]
03-14 04:49:50.810 782 4133 I wm_destroy_activity: [0,174173832,196,com.android.gallery3d/.app.MovieActivity,finish-idle]
03-14 04:49:50.819 5555 5555 I wm_on_stop_called: [174173832,com.android.gallery3d.app.MovieActivity,LIFECYCLER_STOP_ACTIVITY]
03-14 04:49:50.823 5555 5555 I wm_on_destroy_called: [174173832,com.android.gallery3d.app.MovieActivity,performDestroy]
01-01 08:59:24.711 0 0 E DTC_ETH,link_delay_work_func: 3003, SQI=0, link=0
01-01 08:59:27.049 0 0 I msm_vidc: err : ffffffff: .....: DBLP Set: status 0
01-01 08:59:27.489 0 0 I afe_close: port_id = 0x400e
01-01 08:59:27.497 0 0 I btfm_slim_disable_ch: port:16, grp: 0, ch->grph:0x0, ch->ch_hdl:0x1d
01-01 08:59:29.831 0 0 E DTC_ETH,link_delay_work_func: 3003, SQI=0, link=0
03-14 04:49:57.355 782 1973 I wm_task_moved: [196,1,9]
03-14 04:49:57.356 782 1973 I wm_set_resumed_activity: [0,com.android.music/.VideoBrowserActivity,positionChildAt]
03-14 04:49:57.356 782 1973 I wm_create_activity: [0,148491259,196,com.android.gallery3d/.app.MovieActivity,android.intent.action.VIEW,video/mp4,content://media/external/video/media/31,0]
03-14 04:49:57.356 782 1973 I wm_pause_activity: [0,110211796,com.android.music/.VideoBrowserActivity,userLeaving=true,resumeTopActivityInnerLocked]
03-14 04:49:57.359 7303 7303 I wm_on_top_resumed_lost_called: [110211796,com.android.music.VideoBrowserActivity,topStateChangedWhenResumed]
03-14 04:49:57.360 7303 7303 I wm_on_paused_called: [110211796,com.android.music.VideoBrowserActivity,performPause]
03-14 04:49:57.361 782 4680 I wm_restart_activity: [0,148491259,196,com.android.gallery3d/.app.MovieActivity]
03-14 04:49:57.362 782 4680 I wm_set_resumed_activity: [0,com.android.gallery3d/.app.MovieActivity,minimalResumeActivityLocked]
03-14 04:49:57.365 782 825 I sysui_multi_action: [757,803,799,window_time_2,802,7]
03-14 04:49:57.375 5555 5555 I wm_on_create_called: [148491259,com.android.gallery3d.app.MovieActivity,performCreate]
03-14 04:49:57.376 5555 5555 I wm_on_start_called: [148491259,com.android.gallery3d.app.MovieActivity,handleStartActivity]
03-14 04:49:57.376 5555 5555 I wm_on_resume_called: [148491259,com.android.gallery3d.app.MovieActivity,RESUME_ACTIVITY]
03-14 04:49:57.378 5555 5555 I wm_on_top_resumed_gained_called: [148491259,com.android.gallery3d.app.MovieActivity,topStateChangedWhenResumed]
03-14 04:49:57.393 782 826 I input_focus: [Focus request d7bbe30 com.android.gallery3d/com.android.gallery3d.app.MovieActivity,reason=UpdateInputWindows]
03-14 04:49:57.415 782 822 I sysui_multi_action: [319,64,322,63,325,3568,757,761,758,8,759,2,806,com.android.gallery3d,871,com.android.gallery3d.app.MovieActivity,904,com.android.music,905,0,1320,4,1321,1]
03-14 04:49:57.416 782 822 I wm_activity_launch_time: [0,148491259,com.android.gallery3d/.app.MovieActivity,63]
03-14 04:49:57.426 782 1605 I input_focus: [Focus leaving 3cc18be com.android.music/com.android.music.VideoBrowserActivity (server),reason=setFocusedWindow]
03-14 04:49:57.426 782 1605 I input_focus: [Focus entering d7bbe30 com.android.gallery3d/com.android.gallery3d.app.MovieActivity (server),reason=setFocusedWindow]
01-01 08:59:30.834 0 0 I msm_vidc: high: 00000002: ....d: Opening video instance: 0000000000000000, 1
01-01 08:59:30.834 0 0 I msm_vidc: err : 00000002: ....d: Failed to create debugfs for msm_vidc
01-01 08:59:30.956 0 0 I btfm_slim_hw_init: PGD Enum Addr: 00:01:20:02:17: 02
01-01 08:59:30.956 0 0 I btfm_slim_hw_init: IFD Enum Addr: 00:00:20:02:17: 02
01-01 08:59:30.956 0 0 I btfm_slim_hw_init: chipset soc version:400a0200
01-01 08:59:30.956 0 0 I btfm_slim_hw_init: chipset is hastings 2.0, overwriting EA
01-01 08:59:30.956 0 0 I btfm_slim_hw_init: PGD Enum Addr: 00:01:20:02:17: 02
01-01 08:59:30.956 0 0 I btfm_slim_hw_init: IFD Enum Addr: 00:00:20:02:17: 02
01-01 08:59:30.956 0 0 I btfm_slim_alloc_port: chipset soc version:400a0200
01-01 08:59:30.963 0 0 I btfm_slim_enable_ch: chipset soc version:400a0200
01-01 08:59:30.963 0 0 I btfm_slim_enable_ch: channel define - prot:2, dataf:0, auxf:0
01-01 08:59:30.963 0 0 I btfm_slim_enable_ch: channel define - rates:44100, baser:2, ratem:4
01-01 08:59:30.963 0 0 I btfm_slim_enable_ch: slim_connect_sink(port: 16, ch: 157)
01-01 08:59:30.963 0 0 I btfm_slim_enable_ch: port: 16, ch: 157, grp: 0, ch->grph: 0x0, ch_hdl: 0x1d
01-01 08:59:30.964 0 0 I __afe_port_start: port id: 0x400e
01-01 08:59:30.964 0 0 I afe_find_cal_topo_id_by_port: port id: 0x400e, dev_acdb_id: 20
01-01 08:59:30.964 0 0 I afe_find_cal_topo_id_by_port: top_id:112fc acdb_id:20 afe_port_id:0x400e
01-01 08:59:30.964 0 0 I afe_get_cal_topology_id: port_id = 0x400e acdb_id = 20 topology_id = 0x112fc cal_type_index=8 ret=0
01-01 08:59:30.964 0 0 I afe_send_port_topology_id: AFE set topology id 0x112fc enable for port 0x400e ret 0
01-01 08:59:30.964 0 0 I send_afe_cal_type: cal_index is 0
01-01 08:59:30.964 0 0 I send_afe_cal_type: dev_acdb_id[119] is 20
01-01 08:59:30.964 0 0 I afe_find_cal: cal_index 0 port_id 0x400e port_index 119
01-01 08:59:30.964 0 0 I afe_find_cal: acdb_id 20 dev_acdb_id 20 sample_rate 48000 afe_sample_rates 44100
01-01 08:59:30.964 0 0 I afe_find_cal: no matching cal_block found
01-01 08:59:30.964 0 0 E : send_afe_cal_type cal_block not found!!
01-01 08:59:30.970 0 0 I afe_send_hw_delay: port_id 0x400e rate 44100 delay_usec 0 status 0
03-14 04:49:58.442 782 1605 I input_interaction: Interaction with: 56090c2 StatusBar (server), edge-swipe (server), swipe-up (server), PointerEventDispatcher0 (server),
03-14 04:49:58.446 2006 2006 I sysui_multi_action: [757,803,799,panel_open,802,1]
03-14 04:49:58.453 2006 2006 I sysui_multi_action: [757,1328,758,4,1326,67,1327,1,1329,0]
03-14 04:49:58.485 782 5547 I sysui_multi_action: [757,127,758,1]
03-14 04:49:58.485 782 5547 I sysui_multi_action: [757,804,799,note_load,801,4,802,1]
03-14 04:49:58.485 782 5547 I notification_panel_revealed: 4
03-14 04:49:58.497 782 826 I input_focus: [Focus request 3d200d1 NotificationShade,reason=UpdateInputWindows]
03-14 04:49:58.512 782 5547 I sysui_multi_action: [757,128,758,1,793,3530359,794,0,795,3530359,796,26,798,0,806,android,857,DEVELOPER_IMPORTANT,858,4,947,0,1395,4,1500,3530009,1688,1]
03-14 04:49:58.512 782 5547 I sysui_multi_action: [757,804,799,note_freshness,801,3530359,802,1]
03-14 04:49:58.512 782 5547 I notification_visibility: [-1|android|26|null|1000,1,3530359,3530359,0,0]
03-14 04:49:58.512 782 5547 I sysui_multi_action: [757,128,758,1,793,2440619,794,0,795,2440619,796,17303299,797,com.android.wifi,798,1,806,android,857,NETWORK_AVAILABLE,858,2,947,0,1395,4,1500,2440416,1688,1]
03-14 04:49:58.512 782 5547 I sysui_multi_action: [757,804,799,note_freshness,801,2440619,802,1]
03-14 04:49:58.512 782 5547 I notification_visibility: [0|android|17303299|com.android.wifi|1000,1,2440619,2440619,0,1]
03-14 04:49:58.512 782 5547 I sysui_multi_action: [757,128,758,1,793,3530327,794,0,795,3530327,796,55,798,2,806,android,857,DEVELOPER,858,2,947,0,1395,4,1500,3530006,1688,1]
03-14 04:49:58.512 782 5547 I sysui_multi_action: [757,804,799,note_freshness,801,3530327,802,1]
03-14 04:49:58.512 782 5547 I notification_visibility: [-1|android|55|null|1000,1,3530327,3530327,0,2]
03-14 04:49:58.512 782 5547 I sysui_multi_action: [757,128,758,1,793,3531267,794,0,795,3531267,796,32,798,3,806,android,857,USB,858,1,947,0,1395,4,1500,3531194,1688,1]
03-14 04:49:58.513 782 5547 I sysui_multi_action: [757,804,799,note_freshness,801,3531267,802,1]
03-14 04:49:58.513 782 5547 I notification_visibility: [-1|android|32|null|1000,1,3531267,3531267,0,3]
03-14 04:49:58.533 782 1605 I input_focus: [Focus leaving d7bbe30 com.android.gallery3d/com.android.gallery3d.app.MovieActivity (server),reason=setFocusedWindow]
03-14 04:49:58.533 782 1605 I input_focus: [Focus entering 3d200d1 NotificationShade (server),reason=setFocusedWindow]
03-14 04:49:58.575 2006 2006 I sysui_multi_action: [757,111,758,1]
03-14 04:49:58.575 2006 2006 I sysui_multi_action: [757,126,758,1,759,126,927,0,928,1,1593,0]
03-14 04:49:58.575 2006 2006 I sysui_multi_action: [757,113,758,1,759,113,927,1,928,1,1593,0]
03-14 04:49:58.575 2006 2006 I sysui_multi_action: [757,0,758,1,759,0,927,2,928,0,1593,0]
03-14 04:49:58.575 2006 2006 I sysui_multi_action: [757,0,758,1,759,0,927,3,928,0,1593,0]
03-14 04:49:58.576 2006 2006 I sysui_multi_action: [757,491,758,1,759,491,927,4,928,0,1311,-1,1593,0]
03-14 04:49:58.576 2006 2006 I sysui_multi_action: [757,0,758,1,759,0,927,5,928,0,1593,0]
03-14 04:49:58.576 2006 2006 I sysui_multi_action: [757,0,758,1,759,0,927,6,1593,0]
03-14 04:49:58.576 2006 2006 I sysui_multi_action: [757,111,758,1]
03-14 04:49:58.576 2006 2006 I sysui_multi_action: [757,126,758,1,759,126,927,0,928,1,1593,0]
03-14 04:49:58.576 2006 2006 I sysui_multi_action: [757,113,758,1,759,113,927,1,928,1,1593,0]
03-14 04:49:58.576 2006 2006 I sysui_multi_action: [757,0,758,1,759,0,927,2,928,0,1593,0]
03-14 04:49:58.576 2006 2006 I sysui_multi_action: [757,0,758,1,759,0,927,3,928,0,1593,0]
03-14 04:50:00.500 782 1605 I input_interaction: Interaction with: 3d200d1 NotificationShade (server), edge-swipe (server), swipe-up (server), PointerEventDispatcher0 (server),
03-14 04:50:00.678 782 822 I sysui_multi_action: [757,222,758,1]
03-14 04:50:00.683 782 822 I am_uid_active: 10050
03-14 04:50:00.700 782 4133 I wm_task_created: [197,-1]
03-14 04:50:00.704 782 4133 I wm_task_moved: [197,1,10]
03-14 04:50:00.704 782 4133 I wm_task_to_front: [0,197]
03-14 04:50:00.705 782 4133 I wm_create_task: [0,197]
03-14 04:50:00.705 782 4133 I wm_create_activity: [0,71587942,197,com.thundercomm.screensaver/android.service.dreams.DreamActivity,NULL,NULL,NULL,276824064]
03-14 04:50:00.705 782 4133 I wm_task_moved: [197,1,10]
03-14 04:50:00.705 5555 5555 I wm_on_top_resumed_lost_called: [148491259,com.android.gallery3d.app.MovieActivity,topStateChangedWhenResumed]
03-14 04:50:00.706 782 4133 I wm_pause_activity: [0,174418215,com.android.launcher3/.uioverrides.QuickstepLauncher,userLeaving=true,pauseBackTasks]
03-14 04:50:00.706 4407 4407 I wm_on_paused_called: [174418215,com.android.launcher3.uioverrides.QuickstepLauncher,performPause]
03-14 04:50:00.709 782 1973 I wm_add_to_stopping: [0,174418215,com.android.launcher3/.uioverrides.QuickstepLauncher,makeInvisible]
03-14 04:50:00.710 782 1973 I wm_restart_activity: [0,71587942,197,com.thundercomm.screensaver/android.service.dreams.DreamActivity]
03-14 04:50:00.710 782 1973 I wm_set_resumed_activity: [0,com.thundercomm.screensaver/android.service.dreams.DreamActivity,minimalResumeActivityLocked]
03-14 04:50:00.714 782 825 I sysui_multi_action: [757,803,799,window_time_2,802,3]
03-14 04:50:00.715 6960 6960 I wm_on_create_called: [71587942,android.service.dreams.DreamActivity,performCreate]
03-14 04:50:00.715 6960 6960 I wm_on_start_called: [71587942,android.service.dreams.DreamActivity,handleStartActivity]
03-14 04:50:00.715 6960 6960 I wm_on_resume_called: [71587942,android.service.dreams.DreamActivity,RESUME_ACTIVITY]
03-14 04:50:00.717 6960 6960 I wm_on_top_resumed_gained_called: [71587942,android.service.dreams.DreamActivity,topStateChangedWhenResumed]
03-14 04:50:00.717 782 5547 I am_uid_active: 10063
03-14 04:50:00.735 782 1605 I input_focus: [Focus leaving 3d200d1 NotificationShade (server),reason=NOT_FOCUSABLE]
03-14 04:50:00.737 782 826 I input_focus: [Focus request d2d94f2 com.thundercomm.screensaver/android.service.dreams.DreamActivity,reason=UpdateInputWindows]
03-14 04:50:00.747 782 822 I sysui_multi_action: [319,51,322,51,325,3571,757,761,758,8,759,2,806,com.thundercomm.screensaver,871,android.service.dreams.DreamActivity,904,com.thundercomm.screensaver,905,0,1320,4,1321,2]
03-14 04:50:00.747 782 822 I wm_activity_launch_time: [0,71587942,com.thundercomm.screensaver/android.service.dreams.DreamActivity,51]
03-14 04:50:00.747 782 782 I notification_enqueue: [10078,2006,com.android.systemui,2048,NULL,0,Notification(channel=updateNotification shortcut=null contentView=null vibrate=null sound=null defaults=0x0 flags=0x0 color=0x00000000 vis=PRIVATE),1]
03-14 04:50:00.747 2006 2006 I sysui_multi_action: [757,111,758,2]
03-14 04:50:00.748 2006 2006 I sysui_multi_action: [757,111,758,2]
03-14 04:50:00.755 2006 2006 I sysui_multi_action: [757,111,758,1]
03-14 04:50:00.755 2006 2006 I sysui_multi_action: [757,126,758,1,759,126,927,0,928,1,1593,1]
03-14 04:50:00.755 2006 2006 I sysui_multi_action: [757,113,758,1,759,113,927,1,928,1,1593,1]
03-14 04:50:00.755 2006 2006 I sysui_multi_action: [757,0,758,1,759,0,927,2,928,0,1593,1]
03-14 04:50:00.755 2006 2006 I sysui_multi_action: [757,0,758,1,759,0,927,3,928,0,1593,1]
03-14 04:50:00.756 2006 2006 I sysui_multi_action: [757,491,758,1,759,491,927,4,928,0,1311,-1,1593,0]
03-14 04:50:00.756 2006 2006 I sysui_multi_action: [757,0,758,1,759,0,927,5,928,0,1593,0]
03-14 04:50:00.756 2006 2006 I sysui_multi_action: [757,0,758,1,759,0,927,6,1593,0]
03-14 04:50:00.756 2006 2006 I sysui_multi_action: [757,111,758,1]
03-14 04:50:00.756 2006 2006 I sysui_multi_action: [757,126,758,1,759,126,927,0,928,1,1593,1]
03-14 04:50:00.756 2006 2006 I sysui_multi_action: [757,113,758,1,759,113,927,1,928,1,1593,1]
03-14 04:50:00.756 2006 2006 I sysui_multi_action: [757,0,758,1,759,0,927,2,928,0,1593,1]
03-14 04:50:00.756 2006 2006 I sysui_multi_action: [757,0,758,1,759,0,927,3,928,0,1593,1]
03-14 04:50:00.783 782 1605 I input_focus: [Focus entering d2d94f2 com.thundercomm.screensaver/android.service.dreams.DreamActivity (server),reason=Window became focusable. Previous reason: NOT_VISIBLE]
03-14 04:50:01.001 782 782 I notification_enqueue: [10078,2006,com.android.systemui,2048,NULL,0,Notification(channel=updateNotification shortcut=null contentView=null vibrate=null sound=null defaults=0x0 flags=0x0 color=0x00000000 vis=PRIVATE),1]
03-14 04:50:01.001 2006 2006 I sysui_multi_action: [757,111,758,2]
03-14 04:50:01.002 2006 2006 I sysui_multi_action: [757,111,758,2]
03-14 04:50:01.033 782 825 I wm_stop_activity: [0,174418215,com.android.launcher3/.uioverrides.QuickstepLauncher]
03-14 04:50:01.054 4407 4407 I wm_on_stop_called: [174418215,com.android.launcher3.uioverrides.QuickstepLauncher,STOP_ACTIVITY_ITEM]
03-14 04:50:01.206 782 1973 I sysui_multi_action: [757,128,758,2,793,3533054,794,2695,795,3533054,796,26,798,0,806,android,857,DEVELOPER_IMPORTANT,858,4,947,0,1395,4,1500,3532704,1688,1]
03-14 04:50:01.206 782 1973 I notification_visibility: [-1|android|26|null|1000,0,3533054,3533054,0,0]
03-14 04:50:01.206 782 1973 I sysui_multi_action: [757,128,758,2,793,2443313,794,2694,795,2443313,796,17303299,797,com.android.wifi,798,1,806,android,857,NETWORK_AVAILABLE,858,2,947,0,1395,4,1500,2443110,1688,1]
03-14 04:50:01.206 782 1973 I notification_visibility: [0|android|17303299|com.android.wifi|1000,0,2443313,2443313,0,1]
03-14 04:50:01.206 782 1973 I sysui_multi_action: [757,128,758,2,793,3533021,794,2694,795,3533021,796,55,798,2,806,android,857,DEVELOPER,858,2,947,0,1395,4,1500,3532700,1688,1]
03-14 04:50:01.206 782 1973 I notification_visibility: [-1|android|55|null|1000,0,3533021,3533021,0,2]
03-14 04:50:01.206 782 1973 I sysui_multi_action: [757,128,758,2,793,3533961,794,2694,795,3533961,796,32,798,3,806,android,857,USB,858,1,947,0,1395,4,1500,3533888,1688,1]
03-14 04:50:01.206 782 1973 I notification_visibility: [-1|android|32|null|1000,0,3533961,3533961,0,3]
03-14 04:50:01.206 782 2679 I sysui_multi_action: [757,127,758,2]
03-14 04:50:01.206 782 2679 I notification_panel_hidden:
01-01 08:59:34.951 0 0 E DTC_ETH,link_delay_work_func: 3003, SQI=0, link=0
01-01 08:59:37.516 0 0 I qcom_rpmh DRV: apps_rsc TCS Busy, retrying RPMH message send: addr=0x41b08
03-14 04:50:05.947 782 1605 I input_interaction: Interaction with: d2d94f2 com.thundercomm.screensaver/android.service.dreams.DreamActivity (server), edge-swipe (server), swipe-up (server), PointerEventDispatcher0 (server),
03-14 04:50:05.950 782 1973 I wm_finish_activity: [0,71587942,197,com.thundercomm.screensaver/android.service.dreams.DreamActivity,finish-activity]
03-14 04:50:05.950 782 1973 I wm_task_moved: [196,1,9]
03-14 04:50:05.950 782 1973 I wm_task_to_front: [0,196]
03-14 04:50:05.951 782 1973 I wm_set_resumed_activity: [0,com.android.gallery3d/.app.MovieActivity,positionChildAt]
03-14 04:50:05.951 782 1973 I wm_focused_root_task: [0,0,196,197,finish-top adjustFocusToNextFocusableTask]
03-14 04:50:05.951 782 1973 I wm_set_resumed_activity: [0,com.android.gallery3d/.app.MovieActivity,finish-top]
03-14 04:50:05.952 782 1973 I wm_pause_activity: [0,71587942,com.thundercomm.screensaver/android.service.dreams.DreamActivity,userLeaving=false,finish]
03-14 04:50:05.961 782 825 I sysui_multi_action: [757,803,799,window_time_0,802,5]
03-14 04:50:05.963 6960 6960 I wm_on_top_resumed_lost_called: [71587942,android.service.dreams.DreamActivity,topStateChangedWhenResumed]
03-14 04:50:05.963 6960 6960 I wm_on_paused_called: [71587942,android.service.dreams.DreamActivity,performPause]
03-14 04:50:05.965 5555 5555 I wm_on_top_resumed_gained_called: [148491259,com.android.gallery3d.app.MovieActivity,topStateChangedWhenResumed]
03-14 04:50:05.972 782 2679 I wm_resume_activity: [0,174418215,102,com.android.launcher3/.uioverrides.QuickstepLauncher]
03-14 04:50:05.976 4407 4407 I wm_on_restart_called: [174418215,com.android.launcher3.uioverrides.QuickstepLauncher,performRestartActivity]
03-14 04:50:05.976 4407 4407 I wm_on_start_called: [174418215,com.android.launcher3.uioverrides.QuickstepLauncher,handleStartActivity]
03-14 04:50:05.978 4407 4407 I wm_on_resume_called: [174418215,com.android.launcher3.uioverrides.QuickstepLauncher,RESUME_ACTIVITY]
03-14 04:50:05.979 782 1605 I input_focus: [Focus leaving d2d94f2 com.thundercomm.screensaver/android.service.dreams.DreamActivity (server),reason=NO_WINDOW]
03-14 04:50:05.984 6960 6960 I view_enqueue_input_event: [Motion - Cancel,com.thundercomm.screensaver/android.service.dreams.DreamActivity]
03-14 04:50:05.984 782 825 I sysui_multi_action: [757,803,799,window_time_2,802,0]
03-14 04:50:05.987 782 1605 I input_interaction: Interaction with: edge-swipe (server), swipe-up (server), PointerEventDispatcher0 (server),
03-14 04:50:05.995 782 826 I input_focus: [Focus request d7bbe30 com.android.gallery3d/com.android.gallery3d.app.MovieActivity,reason=UpdateInputWindows]
03-14 04:50:06.012 782 1605 I input_focus: [Focus entering d7bbe30 com.android.gallery3d/com.android.gallery3d.app.MovieActivity (server),reason=setFocusedWindow]
03-14 04:50:06.042 782 4406 I wm_destroy_activity: [0,71587942,197,com.thundercomm.screensaver/android.service.dreams.DreamActivity,finish-idle]
03-14 04:50:06.044 6960 6960 I wm_on_stop_called: [71587942,android.service.dreams.DreamActivity,LIFECYCLER_STOP_ACTIVITY]
03-14 04:50:06.045 6960 6960 I wm_on_destroy_called: [71587942,android.service.dreams.DreamActivity,performDestroy]
03-14 04:50:06.049 782 822 I sysui_multi_action: [757,222,758,2]
03-14 04:50:06.049 782 822 I sysui_multi_action: [757,804,799,dreaming_minutes,801,0,802,1]
03-14 04:50:06.279 782 826 I wm_task_removed: [197,removeChild:removeChild last r=ActivityRecord{4445866 u0 com.thundercomm.screensaver/android.service.dreams.DreamActivity t-1 f}} in t=Task{50dc431 #197 type=dream A=10050:android:com.thundercomm.screensaver/dream U=0 visible=false mode=fullscreen translucent=true sz=0}]
03-14 04:50:06.279 782 826 I wm_task_removed: [197,removeChild]
01-01 08:59:40.071 0 0 E DTC_ETH,link_delay_work_func: 3003, SQI=0, link=0
03-14 04:50:07.321 782 1605 I input_interaction: Interaction with: 56090c2 StatusBar (server), edge-swipe (server), swipe-up (server), PointerEventDispatcher0 (server),
03-14 04:50:07.326 2006 2006 I sysui_multi_action: [757,803,799,panel_open,802,1]
03-14 04:50:07.328 2006 2006 I sysui_multi_action: [757,1328,758,4,1326,70,1327,1,1329,0]
03-14 04:50:07.459 782 2679 I sysui_multi_action: [757,127,758,1]
03-14 04:50:07.459 782 2679 I sysui_multi_action: [757,804,799,note_load,801,4,802,1]
03-14 04:50:07.459 782 2679 I notification_panel_revealed: 4
03-14 04:50:07.468 782 826 I input_focus: [Focus request 3d200d1 NotificationShade,reason=UpdateInputWindows]
03-14 04:50:07.481 782 2679 I sysui_multi_action: [757,128,758,1,793,3539329,794,0,795,3539329,796,26,798,0,806,android,857,DEVELOPER_IMPORTANT,858,4,947,0,1395,4,1500,3538979,1688,1]
03-14 04:50:07.481 782 2679 I sysui_multi_action: [757,804,799,note_freshness,801,3539329,802,1]
03-14 04:50:07.481 782 2679 I notification_visibility: [-1|android|26|null|1000,1,3539329,3539329,0,0]
03-14 04:50:07.481 782 2679 I sysui_multi_action: [757,128,758,1,793,2449588,794,0,795,2449588,796,17303299,797,com.android.wifi,798,1,806,android,857,NETWORK_AVAILABLE,858,2,947,0,1395,4,1500,2449385,1688,1]
03-14 04:50:07.481 782 2679 I sysui_multi_action: [757,804,799,note_freshness,801,2449588,802,1]
03-14 04:50:07.481 782 2679 I notification_visibility: [0|android|17303299|com.android.wifi|1000,1,2449588,2449588,0,1]
03-14 04:50:07.481 782 2679 I sysui_multi_action: [757,128,758,1,793,3539296,794,0,795,3539296,796,55,798,2,806,android,857,DEVELOPER,858,2,947,0,1395,4,1500,3538975,1688,1]
03-14 04:50:07.482 782 2679 I sysui_multi_action: [757,804,799,note_freshness,801,3539296,802,1]
03-14 04:50:07.482 782 2679 I notification_visibility: [-1|android|55|null|1000,1,3539296,3539296,0,2]
03-14 04:50:07.482 782 2679 I sysui_multi_action: [757,128,758,1,793,3540237,794,0,795,3540237,796,32,798,3,806,android,857,USB,858,1,947,0,1395,4,1500,3540164,1688,1]
03-14 04:50:07.482 782 2679 I sysui_multi_action: [757,804,799,note_freshness,801,3540237,802,1]
03-14 04:50:07.482 782 2679 I notification_visibility: [-1|android|32|null|1000,1,3540237,3540237,0,3]
03-14 04:50:07.503 782 1605 I input_focus: [Focus leaving d7bbe30 com.android.gallery3d/com.android.gallery3d.app.MovieActivity (server),reason=setFocusedWindow]
03-14 04:50:07.503 782 1605 I input_focus: [Focus entering 3d200d1 NotificationShade (server),reason=setFocusedWindow]
03-14 04:50:07.816 2006 2006 I sysui_multi_action: [757,111,758,1]
03-14 04:50:07.817 2006 2006 I sysui_multi_action: [757,126,758,1,759,126,927,0,928,1,1593,0]
03-14 04:50:07.817 2006 2006 I sysui_multi_action: [757,113,758,1,759,113,927,1,928,1,1593,0]
03-14 04:50:07.818 2006 2006 I sysui_multi_action: [757,0,758,1,759,0,927,2,928,0,1593,0]
03-14 04:50:07.818 2006 2006 I sysui_multi_action: [757,0,758,1,759,0,927,3,928,0,1593,0]
03-14 04:50:07.819 2006 2006 I sysui_multi_action: [757,491,758,1,759,491,927,4,928,0,1311,-1,1593,0]
03-14 04:50:07.819 2006 2006 I sysui_multi_action: [757,0,758,1,759,0,927,5,928,0,1593,0]
03-14 04:50:07.819 2006 2006 I sysui_multi_action: [757,0,758,1,759,0,927,6,1593,0]
03-14 04:50:07.820 2006 2006 I sysui_multi_action: [757,111,758,1]
03-14 04:50:07.820 2006 2006 I sysui_multi_action: [757,126,758,1,759,126,927,0,928,1,1593,0]
03-14 04:50:07.820 2006 2006 I sysui_multi_action: [757,113,758,1,759,113,927,1,928,1,1593,0]
03-14 04:50:07.821 2006 2006 I sysui_multi_action: [757,0,758,1,759,0,927,2,928,0,1593,0]
03-14 04:50:07.821 2006 2006 I sysui_multi_action: [757,0,758,1,759,0,927,3,928,0,1593,0]
03-14 04:50:08.780 782 1605 I input_interaction: Interaction with: 3d200d1 NotificationShade (server), edge-swipe (server), swipe-up (server), PointerEventDispatcher0 (server),
03-14 04:50:09.261 782 4406 I volume_changed: [3,29,39,39,com.android.systemui]
03-14 04:50:09.981 782 1331 I commit_sys_config_file: [settings-1-0,5]
03-14 04:50:10.719 782 782 I notification_enqueue: [10078,2006,com.android.systemui,2048,NULL,0,Notification(channel=updateNotification shortcut=null contentView=null vibrate=null sound=null defaults=0x0 flags=0x0 color=0x00000000 vis=PRIVATE),1]
03-14 04:50:10.720 2006 2006 I sysui_multi_action: [757,111,758,2]
03-14 04:50:10.722 2006 2006 I sysui_multi_action: [757,111,758,2]
03-14 04:50:10.899 782 826 I input_focus: [Focus request d7bbe30 com.android.gallery3d/com.android.gallery3d.app.MovieActivity,reason=UpdateInputWindows]
03-14 04:50:10.916 782 1605 I input_focus: [Focus leaving 3d200d1 NotificationShade (server),reason=NOT_FOCUSABLE]
03-14 04:50:10.916 782 1605 I input_focus: [Focus entering d7bbe30 com.android.gallery3d/com.android.gallery3d.app.MovieActivity (server),reason=setFocusedWindow]
03-14 04:50:10.919 782 2679 I sysui_multi_action: [757,128,758,2,793,3542766,794,3437,795,3542766,796,26,798,0,806,android,857,DEVELOPER_IMPORTANT,858,4,947,0,1395,4,1500,3542416,1688,1]
03-14 04:50:10.919 782 2679 I notification_visibility: [-1|android|26|null|1000,0,3542766,3542766,0,0]
03-14 04:50:10.920 782 2679 I sysui_multi_action: [757,128,758,2,793,2453027,794,3439,795,2453027,796,17303299,797,com.android.wifi,798,1,806,android,857,NETWORK_AVAILABLE,858,2,947,0,1395,4,1500,2452824,1688,1]
03-14 04:50:10.920 782 2679 I notification_visibility: [0|android|17303299|com.android.wifi|1000,0,2453027,2453027,0,1]
03-14 04:50:10.921 782 2679 I sysui_multi_action: [757,128,758,2,793,3542736,794,3440,795,3542736,796,55,798,2,806,android,857,DEVELOPER,858,2,947,0,1395,4,1500,3542415,1688,1]
03-14 04:50:10.921 782 2679 I notification_visibility: [-1|android|55|null|1000,0,3542736,3542736,0,2]
03-14 04:50:10.922 782 2679 I sysui_multi_action: [757,128,758,2,793,3543676,794,3439,795,3543676,796,32,798,3,806,android,857,USB,858,1,947,0,1395,4,1500,3543603,1688,1]
03-14 04:50:10.922 782 2679 I notification_visibility: [-1|android|32|null|1000,0,3543676,3543676,0,3]
03-14 04:50:10.926 782 4133 I sysui_multi_action: [757,127,758,2]
03-14 04:50:10.926 782 4133 I notification_panel_hidden:
01-01 08:59:45.191 0 0 E DTC_ETH,link_delay_work_func: 3003, SQI=0, link=0
01-01 08:59:50.311 0 0 E DTC_ETH,link_delay_work_func: 3003, SQI=0, link=0
03-14 04:50:19.278 782 1605 I input_interaction: Interaction with: 56090c2 StatusBar (server), edge-swipe (server), swipe-up (server), PointerEventDispatcher0 (server),
03-14 04:50:19.283 2006 2006 I sysui_multi_action: [757,803,799,panel_open,802,1]
03-14 04:50:19.285 2006 2006 I sysui_multi_action: [757,1328,758,4,1326,62,1327,2,1329,0]
03-14 04:50:19.334 782 2679 I sysui_multi_action: [757,127,758,1]
03-14 04:50:19.334 782 2679 I sysui_multi_action: [757,804,799,note_load,801,4,802,1]
03-14 04:50:19.334 782 2679 I notification_panel_revealed: 4
03-14 04:50:19.345 782 826 I input_focus: [Focus request 3d200d1 NotificationShade,reason=UpdateInputWindows]
03-14 04:50:19.358 782 4406 I sysui_multi_action: [757,128,758,1,793,3551206,794,0,795,3551206,796,26,798,0,806,android,857,DEVELOPER_IMPORTANT,858,4,947,0,1395,4,1500,3550856,1688,1]
03-14 04:50:19.358 782 4406 I sysui_multi_action: [757,804,799,note_freshness,801,3551206,802,1]
03-14 04:50:19.358 782 4406 I notification_visibility: [-1|android|26|null|1000,1,3551206,3551206,0,0]
03-14 04:50:19.358 782 4406 I sysui_multi_action: [757,128,758,1,793,2461465,794,0,795,2461465,796,17303299,797,com.android.wifi,798,1,806,android,857,NETWORK_AVAILABLE,858,2,947,0,1395,4,1500,2461262,1688,1]
03-14 04:50:19.358 782 4406 I sysui_multi_action: [757,804,799,note_freshness,801,2461465,802,1]
03-14 04:50:19.359 782 4406 I notification_visibility: [0|android|17303299|com.android.wifi|1000,1,2461465,2461465,0,1]
03-14 04:50:19.359 782 4406 I sysui_multi_action: [757,128,758,1,793,3551174,794,0,795,3551174,796,55,798,2,806,android,857,DEVELOPER,858,2,947,0,1395,4,1500,3550853,1688,1]
03-14 04:50:19.359 782 4406 I sysui_multi_action: [757,804,799,note_freshness,801,3551174,802,1]
03-14 04:50:19.359 782 4406 I notification_visibility: [-1|android|55|null|1000,1,3551174,3551174,0,2]
03-14 04:50:19.359 782 4406 I sysui_multi_action: [757,128,758,1,793,3552114,794,0,795,3552114,796,32,798,3,806,android,857,USB,858,1,947,0,1395,4,1500,3552041,1688,1]
03-14 04:50:19.359 782 4406 I sysui_multi_action: [757,804,799,note_freshness,801,3552114,802,1]
03-14 04:50:19.359 782 4406 I notification_visibility: [-1|android|32|null|1000,1,3552114,3552114,0,3]
03-14 04:50:19.365 782 1605 I input_focus: [Focus leaving d7bbe30 com.android.gallery3d/com.android.gallery3d.app.MovieActivity (server),reason=setFocusedWindow]
03-14 04:50:19.365 782 1605 I input_focus: [Focus entering 3d200d1 NotificationShade (server),reason=setFocusedWindow]
03-14 04:50:19.392 2006 2006 I sysui_multi_action: [757,111,758,1]
03-14 04:50:19.392 2006 2006 I sysui_multi_action: [757,126,758,1,759,126,927,0,928,1,1593,0]
03-14 04:50:19.392 2006 2006 I sysui_multi_action: [757,113,758,1,759,113,927,1,928,1,1593,0]
03-14 04:50:19.392 2006 2006 I sysui_multi_action: [757,0,758,1,759,0,927,2,928,0,1593,0]
03-14 04:50:19.392 2006 2006 I sysui_multi_action: [757,0,758,1,759,0,927,3,928,0,1593,0]
03-14 04:50:19.393 2006 2006 I sysui_multi_action: [757,491,758,1,759,491,927,4,928,0,1311,-1,1593,0]
03-14 04:50:19.393 2006 2006 I sysui_multi_action: [757,0,758,1,759,0,927,5,928,0,1593,0]
03-14 04:50:19.393 2006 2006 I sysui_multi_action: [757,0,758,1,759,0,927,6,1593,0]
03-14 04:50:19.393 2006 2006 I sysui_multi_action: [757,111,758,1]
03-14 04:50:19.393 2006 2006 I sysui_multi_action: [757,126,758,1,759,126,927,0,928,1,1593,0]
03-14 04:50:19.393 2006 2006 I sysui_multi_action: [757,113,758,1,759,113,927,1,928,1,1593,0]
03-14 04:50:19.394 2006 2006 I sysui_multi_action: [757,0,758,1,759,0,927,2,928,0,1593,0]
03-14 04:50:19.394 2006 2006 I sysui_multi_action: [757,0,758,1,759,0,927,3,928,0,1593,0]
03-14 04:50:20.310 782 1605 I input_interaction: Interaction with: 3d200d1 NotificationShade (server), edge-swipe (server), swipe-up (server), PointerEventDispatcher0 (server),
03-14 04:50:20.470 782 2679 I intercept_power: [ACTION_DOWN,0,0]
03-14 04:50:20.522 782 2679 I intercept_power: [ACTION_UP,0,0]
03-14 04:50:20.528 782 782 I power_sleep_requested: 2
03-14 04:50:20.623 782 1000 I sysui_multi_action: [757,1696,758,6,759,0]
03-14 04:50:20.705 782 872 I am_wtf : [0,782,system_server,-1,DisplayDeviceConfig,requesting nits when no mapping exists.]
03-14 04:50:20.708 782 872 I am_wtf : [0,782,system_server,-1,DisplayDeviceConfig,requesting nits when no mapping exists.]
03-14 04:50:20.728 782 1000 I wm_pause_activity: [0,148491259,com.android.gallery3d/.app.MovieActivity,userLeaving=false,sleep]
03-14 04:50:20.728 5555 5555 I wm_on_top_resumed_lost_called: [148491259,com.android.gallery3d.app.MovieActivity,topStateChangedWhenResumed]
03-14 04:50:20.728 782 1000 I wm_pause_activity: [0,174418215,com.android.launcher3/.uioverrides.QuickstepLauncher,userLeaving=false,sleep]
03-14 04:50:20.731 4407 4407 I wm_on_paused_called: [174418215,com.android.launcher3.uioverrides.QuickstepLauncher,performPause]
03-14 04:50:20.733 782 2679 I wm_add_to_stopping: [0,174418215,com.android.launcher3/.uioverrides.QuickstepLauncher,completePauseLocked]
03-14 04:50:20.737 782 2679 I wm_add_to_stopping: [0,148491259,com.android.gallery3d/.app.MovieActivity,makeInvisible]
03-14 04:50:20.738 782 2679 I wm_add_to_stopping: [0,110211796,com.android.music/.VideoBrowserActivity,makeInvisible]
03-14 04:50:20.746 782 825 I wm_stop_activity: [0,110211796,com.android.music/.VideoBrowserActivity]
03-14 04:50:20.747 782 825 I wm_stop_activity: [0,174418215,com.android.launcher3/.uioverrides.QuickstepLauncher]
03-14 04:50:20.750 782 825 I sysui_multi_action: [757,803,799,window_time_2,802,15]
03-14 04:50:20.761 782 782 I notification_enqueue: [10078,2006,com.android.systemui,2048,NULL,0,Notification(channel=updateNotification shortcut=null contentView=null vibrate=null sound=null defaults=0x0 flags=0x0 color=0x00000000 vis=PRIVATE),1]
03-14 04:50:20.761 2006 2006 I sysui_multi_action: [757,111,758,2]
03-14 04:50:20.761 2006 2006 I sysui_multi_action: [757,111,758,2]
03-14 04:50:20.762 7303 7303 I wm_on_stop_called: [110211796,com.android.music.VideoBrowserActivity,STOP_ACTIVITY_ITEM]
01-01 08:59:54.157 0 0 I : [MAX975X:max96755x_drm_notifier_callback] *INFO* receives EARLY_BLANK:POWERDOWN
01-01 08:59:54.157 0 0 I cyttsp7_i2c_adapter 0-0024: FB event:2,blank:1
01-01 08:59:54.157 0 0 I cyttsp7_i2c_adapter 0-0024: drm_notifier_callback: POWERDOWN! Suspend by drm notifier.
03-14 04:50:20.772 4407 4407 I wm_on_stop_called: [174418215,com.android.launcher3.uioverrides.QuickstepLauncher,STOP_ACTIVITY_ITEM]
01-01 08:59:54.174 0 0 I : [MAX975X:max96755x_drm_notifier_callback] *INFO* receives BLANK:POWERDOWN
01-01 08:59:54.174 0 0 I cyttsp7_i2c_adapter 0-0024: FB event:1,blank:1
01-01 08:59:54.174 0 0 I cyttsp7_i2c_adapter 0-0024: resume: event = 1 blank = 1, not care
03-14 04:50:20.784 782 782 I sysui_multi_action: [757,198,758,2,759,2,1359,262,1695,4]
03-14 04:50:20.784 782 782 I power_screen_state: [0,2,0,0,262]
03-14 04:50:20.784 782 782 I screen_toggled: 0
03-14 04:50:20.784 782 782 I sysui_multi_action: [757,804,799,screen_timeout,801,60,802,1]
03-14 04:50:20.785 782 782 I sysui_multi_action: [757,1594,758,4,759,-2147483648,1359,3553221]
03-14 04:50:20.786 782 782 I power_screen_broadcast_send: 1
01-01 08:59:54.182 0 0 W ALERT : changing window size from 16000000 to 20000000 at 3591680026180
03-14 04:50:20.801 782 782 I battery_saving_stats: [0,1,0,3553556,0,0,3553556,0,0]
03-14 04:50:20.810 782 5547 I sysui_multi_action: [757,128,758,2,793,3552658,794,1452,795,3552658,796,26,798,0,806,android,857,DEVELOPER_IMPORTANT,858,4,947,0,1395,4,1500,3552308,1688,1]
03-14 04:50:20.810 782 5547 I notification_visibility: [-1|android|26|null|1000,0,3552658,3552658,0,0]
03-14 04:50:20.811 782 5547 I sysui_multi_action: [757,128,758,2,793,2462917,794,1452,795,2462917,796,17303299,797,com.android.wifi,798,1,806,android,857,NETWORK_AVAILABLE,858,2,947,0,1395,4,1500,2462714,1688,1]
03-14 04:50:20.811 782 5547 I notification_visibility: [0|android|17303299|com.android.wifi|1000,0,2462917,2462917,0,1]
03-14 04:50:20.811 782 5547 I sysui_multi_action: [757,128,758,2,793,3552626,794,1452,795,3552626,796,55,798,2,806,android,857,DEVELOPER,858,2,947,0,1395,4,1500,3552305,1688,1]
03-14 04:50:20.811 782 5547 I notification_visibility: [-1|android|55|null|1000,0,3552626,3552626,0,2]
03-14 04:50:20.811 782 5547 I sysui_multi_action: [757,128,758,2,793,3553566,794,1452,795,3553566,796,32,798,3,806,android,857,USB,858,1,947,0,1395,4,1500,3553493,1688,1]
03-14 04:50:20.811 782 5547 I notification_visibility: [-1|android|32|null|1000,0,3553566,3553566,0,3]
03-14 04:50:20.811 782 5547 I sysui_multi_action: [757,127,758,2]
03-14 04:50:20.811 782 5547 I notification_panel_hidden:
03-14 04:50:20.818 782 1605 I input_focus: [Focus leaving 3d200d1 NotificationShade (server),reason=NOT_FOCUSABLE]
03-14 04:50:20.824 782 782 I power_screen_broadcast_done: [0,38,1]
01-01 08:59:54.258 0 0 I msm_vidc: high: 00000002: h264d: Closed video instance: 0000000000000000
01-01 08:59:54.313 0 0 I btfm_slim_enable_ch: chipset soc version:400a0200
01-01 08:59:54.313 0 0 I btfm_slim_enable_ch: channel define - prot:2, dataf:0, auxf:0
01-01 08:59:54.313 0 0 I btfm_slim_enable_ch: channel define - rates:44100, baser:2, ratem:4
01-01 08:59:54.313 0 0 E btfm_slim_enable_ch: slim_define_ch failed ret[-106]
01-01 08:59:54.319 0 0 E btfm_slim_dai_prepare: channel opened without closing, return success
03-14 04:50:20.933 5555 5555 I wm_on_paused_called: [148491259,com.android.gallery3d.app.MovieActivity,performPause]
03-14 04:50:20.935 782 825 I wm_stop_activity: [0,148491259,com.android.gallery3d/.app.MovieActivity]
03-14 04:50:20.958 5555 5555 I wm_on_stop_called: [148491259,com.android.gallery3d.app.MovieActivity,STOP_ACTIVITY_ITEM]
03-14 04:50:20.975 782 830 I am_meminfo: [1300926464,3565068288,12288,391249920,754582528]
03-14 04:50:20.982 782 830 I am_pss : [2001,1002,com.android.bluetooth,28502016,23838720,0,139743232,1,0,7]
03-14 04:50:20.989 782 830 I am_pss : [3080,10091,com.android.providers.media.module,20219904,16166912,0,128417792,1,0,6]
03-14 04:50:20.996 782 830 I am_pss : [2513,10092,android.ext.services,22501376,11837440,0,143142912,1,5,6]
03-14 04:50:21.005 782 830 I am_pss : [5580,10093,com.qiyi.video,99879936,80691200,0,172789760,1,19,9]
03-14 04:50:21.012 782 830 I am_pss : [3100,10071,com.qualcomm.location.XT,6692864,4673536,0,94212096,1,6,5]
03-14 04:50:21.017 782 830 I am_pss : [3784,2000,com.android.shell,6133760,4231168,0,90775552,1,19,4]
03-14 04:50:21.022 782 830 I am_pss : [3729,10030,com.android.packageinstaller,7400448,5541888,0,91746304,1,19,4]
03-14 04:50:21.028 782 830 I am_pss : [3676,10025,com.android.managedprovisioning,9244672,7303168,0,94806016,1,19,5]
03-14 04:50:21.038 782 830 I am_pss : [3379,10023,com.baidu.input,92946432,79544320,0,215339008,1,7,10]
03-14 04:50:21.044 782 830 I am_pss : [3078,10079,com.qualcomm.qti.workloadclassifier,9209856,7086080,0,97705984,1,0,5]
03-14 04:50:21.049 782 830 I am_pss : [3061,10083,com.qualcomm.qti.qccnetstat,6308864,4349952,0,92323840,1,0,4]
03-14 04:50:21.054 782 830 I am_pss : [3033,10069,com.qualcomm.qti.services.systemhelper:systemhelper_service,6538240,4513792,0,94289920,1,0,4]
03-14 04:50:21.058 782 830 I am_pss : [3017,10054,.pasr,5583872,3698688,0,89985024,1,0,4]
03-14 04:50:21.064 782 830 I am_pss : [3011,1000,com.hryt.hiphishowfsecontrol,14358528,12075008,0,106000384,1,0,6]
03-14 04:50:21.070 782 830 I am_pss : [2972,10058,ts.car.uart,6375424,4489216,0,90947584,1,0,4]
03-14 04:50:21.077 782 830 I am_pss : [2965,10082,com.hht.lebocast,45493248,26836992,0,122327040,1,0,6]
03-14 04:50:21.083 782 830 I am_pss : [2768,10070,com.qualcomm.location,10304512,7577600,0,104247296,1,0,5]
03-14 04:50:21.089 782 830 I am_pss : [2492,1000,com.qualcomm.qti.qdma,9461760,6574080,0,105766912,1,0,5]
03-14 04:50:21.094 782 830 I am_pss : [3261,10061,com.qualcomm.qti.devicestatisticsservice,5522432,3637248,0,89804800,1,0,4]
03-14 04:50:21.099 782 830 I am_pss : [2462,1000,com.thundercomm.tcservice,8899584,6840320,0,96915456,1,0,5]
03-14 04:50:21.105 782 830 I am_pss : [2439,1000,com.thundercomm.remotecontrolservice,17485824,14979072,0,109850624,1,0,5]
03-14 04:50:21.110 782 830 I am_pss : [2436,1068,com.android.se,5957632,4018176,0,92033024,1,0,5]
03-14 04:50:21.115 782 830 I am_pss : [2389,10080,com.qti.qualcomm.mstatssystemservice,5625856,3739648,0,90329088,1,0,4]
03-14 04:50:21.120 782 830 I am_pss : [2362,1000,vendor.qti.qesdk.sysservice,5740544,3801088,0,91791360,1,0,5]
03-14 04:50:21.126 782 830 I am_pss : [2347,1000,com.thundercomm.tcsetupwizard,6989824,5111808,0,91897856,1,0,5]
03-14 04:50:21.132 782 830 I am_pss : [2321,1073,com.android.networkstack.process,11331584,8757248,0,105115648,1,0,5]
03-14 04:50:21.137 782 830 I am_pss : [2295,1000,com.tc.logclient,7799808,5558272,0,99295232,1,0,4]
03-14 04:50:21.142 782 830 I am_pss : [2264,1000,com.thundercomm.tchttpserver,8123392,6123520,0,94916608,1,0,4]
03-14 04:50:21.147 782 830 I am_pss : [2257,10056,.qtidataservices,6086656,4161536,0,91893760,1,0,4]
03-14 04:50:21.153 782 830 I am_pss : [2222,1001,.dataservices,8187904,6184960,0,94736384,1,0,5]
03-14 04:50:21.158 782 830 I am_pss : [2216,1000,com.thundercomm.microsettings,19283968,9764864,0,115642368,1,0,5]
03-14 04:50:21.163 782 830 I am_pss : [2209,1000,com.thundercomm.microservice,9281536,7258112,0,96563200,1,0,5]
03-14 04:50:21.171 782 830 I am_pss : [2118,1000,com.thundercomm.gamemode,48401408,43638784,0,157044736,1,0,7]
03-14 04:50:21.191 782 830 I am_pss : [782,1000,system,224005120,137730048,0,552871936,1,0,19]
01-01 08:59:55.431 0 0 E DTC_ETH,link_delay_work_func: 3003, SQI=0, link=0
01-01 08:59:56.905 0 0 I msm_vidc: err : ffffffff: .....: DBLP Set: status 0
01-01 08:59:57.646 0 0 I afe_close: port_id = 0x400e
01-01 08:59:57.653 0 0 I btfm_slim_disable_ch: port:16, grp: 0, ch->grph:0x0, ch->ch_hdl:0x1d
01-01 08:59:58.183 0 0 D cnss : Runtime suspend start
01-01 08:59:58.183 0 0 I [kworke][0x101579ae0e][04:50:24.788639] wlan: [7887:I:PMO] pmo_core_is_wow_applicable: 319: lpass enabled, enabling wow
01-01 08:59:58.183 0 0 I [kworke][0x101579b6b4][04:50:24.788754] wlan: [7887:I:PMO] pmo_core_enable_wow_in_fw: 807: drv wow is enabled
01-01 08:59:58.183 0 0 I [kworke][0x101579ba7c][04:50:24.788804] wlan: [7887:I:PMO] pmo_core_enable_wow_in_fw: 820: RTPM wow
01-01 08:59:58.183 0 0 I [kworke][0x101579bd47][04:50:24.788842] wlan: [7887:I:WMI] send_wow_enable_cmd_tlv: 1831: suspend type: WOW_IFACE_PAUSE_ENABLED flag is 0x10
01-01 08:59:58.224 0 0 D cnss : Setting MHI state: SUSPEND(6)
01-01 08:59:58.224 0 0 D cnss : Suspending PCI link
01-01 08:59:58.224 0 0 D cnss : Use PCIe DRV suspend
01-01 08:59:58.226 0 0 D cnss : Runtime suspend status: 0
03-14 04:50:25.377 782 1606 I intercept_power: [ACTION_DOWN,0,0]
03-14 04:50:25.383 782 1606 I intercept_power: [ACTION_UP,0,0]
03-14 04:50:25.383 782 782 I screen_toggled: 1
03-14 04:50:25.383 782 782 I power_screen_broadcast_send: 1
03-14 04:50:25.394 782 1000 I wm_set_resumed_activity: [0,com.android.gallery3d/.app.MovieActivity,resumeTopActivityInnerLocked]
03-14 04:50:25.408 782 782 I battery_saving_stats: [0,0,0,4607,0,0,4607,0,0]
01-01 08:59:58.805 0 0 D cnss : Runtime resume start
01-01 08:59:58.805 0 0 D cnss : Resuming PCI link
03-14 04:50:25.412 782 1000 I wm_resume_activity: [0,174418215,102,com.android.launcher3/.uioverrides.QuickstepLauncher]
01-01 08:59:58.806 0 0 D cnss : Set PCI link status to: 2
01-01 08:59:58.806 0 0 D cnss : Setting MHI state: RESUME(7)
01-01 08:59:58.808 0 0 I [kworke][0x101630e2cd][04:50:25.413982] wlan: [6449:I:PMO] pmo_core_psoc_send_host_wakeup_ind_to_fw: 1225: Host wakeup indication sent to fw
01-01 08:59:58.811 0 0 D cnss : Sending get info message, type: 0, cmd length: 28, state: 0x107
03-14 04:50:25.418 782 1000 I wm_resume_activity: [0,148491259,196,com.android.gallery3d/.app.MovieActivity]
01-01 08:59:58.821 0 0 D cnss : Runtime resume status: 0
03-14 04:50:25.426 5555 5555 I wm_on_restart_called: [148491259,com.android.gallery3d.app.MovieActivity,performRestartActivity]
03-14 04:50:25.428 4407 4407 I wm_on_restart_called: [174418215,com.android.launcher3.uioverrides.QuickstepLauncher,performRestartActivity]
