03-14 04:53:49.753 9060 9060 I wm_on_top_resumed_lost_called: [174418215,com.android.launcher3.uioverrides.QuickstepLauncher,topStateChangedWhenResumed]
03-14 04:53:49.763 8810 8810 I wm_on_create_called: [17524510,com.android.music.MusicBrowserActivity,performCreate]
03-14 04:53:49.767 8810 8810 I wm_on_start_called: [17524510,com.android.music.MusicBrowserActivity,handleStartActivity]
03-14 04:53:49.767 8810 8810 I wm_on_resume_called: [17524510,com.android.music.MusicBrowserActivity,RESUME_ACTIVITY]
03-14 04:53:49.769 8810 8810 I wm_on_top_resumed_gained_called: [17524510,com.android.music.MusicBrowserActivity,topStateChangedWhenResumed]
03-14 04:53:49.769 782 1699 I GameModeConfig: isGameModeOn = false
03-14 04:53:49.770 782 1699 I GameModeConfig: isGameModeOn = false
03-14 04:53:49.770 782 1699 I GameModeConfig: isGameModeOn = false
03-14 04:53:49.770 782 1699 I GameModeConfig: isGameModeOn = false
03-14 04:53:49.770 782 1699 I GameModeConfig: isGameModeOn = false
03-14 04:53:49.770 782 1699 I GameModeConfig: isGameModeOn = false
03-14 04:53:49.781 782 782 I notification_enqueue: [10086,8810,com.android.music,1,NULL,0,Notification(channel=Channel-music shortcut=null contentView=null vibrate=null sound=null defaults=0x0 flags=0x40 color=0x00000000 category=transport actions=4 vis=PRIVATE),1]
03-14 04:53:49.782 782 782 I notification_enqueue: [10086,8810,com.android.music,1,NULL,0,Notification(channel=Channel-music shortcut=null contentView=null vibrate=null sound=null defaults=0x0 flags=0x40 color=0x00000000 category=transport actions=4 vis=PRIVATE),1]
03-14 04:53:49.785 782 1699 I GameModeConfig: isGameModeOn = false
03-14 04:53:49.785 782 1699 I GameModeConfig: isGameModeOn = false
03-14 04:53:49.785 782 1699 I GameModeConfig: isGameModeOn = false
03-14 04:53:49.785 782 1699 I GameModeConfig: isGameModeOn = false
03-14 04:53:49.785 782 1699 I GameModeConfig: isGameModeOn = false
03-14 04:53:49.785 782 1699 I GameModeConfig: isGameModeOn = false
03-14 04:53:49.796 782 782 I notification_enqueue: [10086,8810,com.android.music,1,NULL,0,Notification(channel=Channel-music shortcut=null contentView=null vibrate=null sound=null defaults=0x0 flags=0x40 color=0x00000000 category=transport actions=4 vis=PRIVATE),1]
03-14 04:53:49.797 782 782 I notification_enqueue: [10086,8810,com.android.music,1,NULL,0,Notification(channel=Channel-music shortcut=null contentView=null vibrate=null sound=null defaults=0x0 flags=0x40 color=0x00000000 category=transport actions=4 vis=PRIVATE),1]
03-14 04:53:49.808 782 2170 W WindowManager: updateScale : 0.45565748
03-14 04:53:49.809 782 826 I input_focus: [Focus request b04eb3d com.android.music/com.android.music.MusicBrowserActivity,reason=UpdateInputWindows]
03-14 04:53:49.814 782 826 W WindowManager: updateScale : 0.45565748
03-14 04:53:49.816 782 826 W WindowManager: updateScale : 0.45565748
03-14 04:53:49.817 782 822 I sysui_multi_action: [319,75,322,75,325,3800,757,761,758,8,759,2,806,com.android.music,871,com.android.music.MusicBrowserActivity,904,android,905,0,1320,4,1321,1]
03-14 04:53:49.817 782 822 I wm_activity_launch_time: [0,17524510,com.android.music/.MusicBrowserActivity,75]
03-14 04:53:49.817 782 826 W WindowManager: updateScale : 0.45565748
03-14 04:53:49.818 782 8809 W ActivityManager: Receiver with filter android.content.IntentFilter@c0df68d already registered for pid 8810, callerPackage is com.android.music
03-14 04:53:49.822 782 796 W WindowManager: updateScale : 0.45565748
03-14 04:53:49.823 782 1605 I input_focus: [Focus leaving f6966bb com.android.launcher3/com.android.launcher3.uioverrides.QuickstepLauncher (server),reason=setFocusedWindow]
03-14 04:53:49.823 782 1605 I input_focus: [Focus entering b04eb3d com.android.music/com.android.music.MusicBrowserActivity (server),reason=setFocusedWindow]
03-14 04:53:49.981 782 782 I GameModeConfig: isGameModeOn = false
03-14 04:53:49.983 782 782 I GameModeConfig: isGameModeOn = false
03-14 04:53:49.996 782 782 I GameModeConfig: isGameModeOn = false
03-14 04:53:49.997 782 782 I GameModeConfig: isGameModeOn = false
03-14 04:53:50.090 782 826 W WindowManager: updateScale : 0.45565748
03-14 04:53:50.183 782 1605 I input_interaction: Interaction with: f6966bb com.android.launcher3/com.android.launcher3.uioverrides.QuickstepLauncher (server), d04e39a com.android.systemui.ImageWallpaper (server), edge-swipe (server), swipe-up (server), PointerEventDispatcher0 (server),
03-14 04:53:50.221 782 796 W FreeFormWindowHelper: Current Display FreeFormTask is Task{64ddf59 #217 type=standard A=10086:android.task.music U=0 visible=true mode=freeform translucent=false sz=1}
03-14 04:53:50.221 782 796 W FreeFormWindowHelper: Current Display FreeFormTask is Task{64ddf59 #217 type=standard A=10086:android.task.music U=0 visible=true mode=freeform translucent=false sz=1}
03-14 04:53:50.222 782 8809 W FreeFormWindowHelper: Current Display FreeFormTask is Task{64ddf59 #217 type=standard A=10086:android.task.music U=0 visible=true mode=freeform translucent=false sz=1}
03-14 04:53:50.228 782 822 D AutofillManagerService: Close system dialogs
03-14 04:53:50.228 782 8809 W FreeFormWindowHelper: Current Display FreeFormTask is Task{64ddf59 #217 type=standard A=10086:android.task.music U=0 visible=true mode=freeform translucent=false sz=1}
03-14 04:53:50.229 782 8809 W FreeFormWindowHelper: Current Display FreeFormTask is Task{64ddf59 #217 type=standard A=10086:android.task.music U=0 visible=true mode=freeform translucent=false sz=1}
03-14 04:53:50.229 9060 9060 I view_enqueue_input_event: [Motion - Cancel,com.android.launcher3/com.android.launcher3.uioverrides.QuickstepLauncher]
03-14 04:53:50.229 782 8809 W FreeFormWindowHelper: Current Display FreeFormTask is Task{64ddf59 #217 type=standard A=10086:android.task.music U=0 visible=true mode=freeform translucent=false sz=1}
03-14 04:53:50.230 782 8809 W FreeFormWindowHelper: Current Display FreeFormTask is Task{64ddf59 #217 type=standard A=10086:android.task.music U=0 visible=true mode=freeform translucent=false sz=1}
03-14 04:53:50.230 782 8809 W FreeFormWindowHelper: Current Display FreeFormTask is Task{64ddf59 #217 type=standard A=10086:android.task.music U=0 visible=true mode=freeform translucent=false sz=1}
03-14 04:53:50.231 782 8809 W FreeFormWindowHelper: Current Display FreeFormTask is Task{64ddf59 #217 type=standard A=10086:android.task.music U=0 visible=true mode=freeform translucent=false sz=1}
03-14 04:53:50.231 782 796 W FreeFormWindowHelper: Current Display FreeFormTask is Task{64ddf59 #217 type=standard A=10086:android.task.music U=0 visible=true mode=freeform translucent=false sz=1}
03-14 04:53:50.231 782 8809 W FreeFormWindowHelper: Current Display FreeFormTask is Task{64ddf59 #217 type=standard A=10086:android.task.music U=0 visible=true mode=freeform translucent=false sz=1}
03-14 04:53:50.232 782 796 W FreeFormWindowHelper: Current Display FreeFormTask is Task{64ddf59 #217 type=standard A=10086:android.task.music U=0 visible=true mode=freeform translucent=false sz=1}
03-14 04:53:50.232 782 8809 W FreeFormWindowHelper: Current Display FreeFormTask is Task{64ddf59 #217 type=standard A=10086:android.task.music U=0 visible=true mode=freeform translucent=false sz=1}
03-14 04:53:50.232 782 796 W FreeFormWindowHelper: Current Display FreeFormTask is Task{64ddf59 #217 type=standard A=10086:android.task.music U=0 visible=true mode=freeform translucent=false sz=1}
03-14 04:53:50.232 782 8809 W ActivityTaskManager: getTaskSnapshot: taskId=-505 not found
03-14 04:53:50.233 782 796 W FreeFormWindowHelper: Current Display FreeFormTask is Task{64ddf59 #217 type=standard A=10086:android.task.music U=0 visible=true mode=freeform translucent=false sz=1}
03-14 04:53:50.233 782 796 W ActivityTaskManager: getTaskSnapshot: taskId=-505 not found
03-14 04:53:50.233 782 796 W ActivityTaskManager: getTaskSnapshot: taskId=-504 not found
03-14 04:53:50.234 782 796 W ActivityTaskManager: getTaskSnapshot: taskId=-504 not found
03-14 04:53:50.237 782 1605 I input_interaction: Interaction with: edge-swipe (server), swipe-up (server), PointerEventDispatcher0 (server),
03-14 04:53:50.237 782 796 W FreeFormWindowHelper: Current Display FreeFormTask is Task{64ddf59 #217 type=standard A=10086:android.task.music U=0 visible=true mode=freeform translucent=false sz=1}
03-14 04:53:50.238 782 796 W FreeFormWindowHelper: Current Display FreeFormTask is Task{64ddf59 #217 type=standard A=10086:android.task.music U=0 visible=true mode=freeform translucent=false sz=1}
03-14 04:53:50.254 782 796 W FreeFormWindowHelper: Current Display FreeFormTask is Task{64ddf59 #217 type=standard A=10086:android.task.music U=0 visible=true mode=freeform translucent=false sz=1}
03-14 04:53:50.254 782 796 W FreeFormWindowHelper: Current Display FreeFormTask is Task{64ddf59 #217 type=standard A=10086:android.task.music U=0 visible=true mode=freeform translucent=false sz=1}
03-14 04:53:50.423 782 1331 I commit_sys_config_file: [settings-1-0,1]
03-14 04:53:50.652 782 8809 W FreeFormWindowHelper: Current Display FreeFormTask is Task{64ddf59 #217 type=standard A=10086:android.task.music U=0 visible=true mode=freeform translucent=false sz=1}
03-14 04:53:50.654 782 796 W FreeFormWindowHelper: Current Display FreeFormTask is Task{64ddf59 #217 type=standard A=10086:android.task.music U=0 visible=true mode=freeform translucent=false sz=1}
03-14 04:53:50.655 782 796 W FreeFormWindowHelper: Current Display FreeFormTask is Task{64ddf59 #217 type=standard A=10086:android.task.music U=0 visible=true mode=freeform translucent=false sz=1}
03-14 04:53:50.657 782 796 W FreeFormWindowHelper: Current Display FreeFormTask is Task{64ddf59 #217 type=standard A=10086:android.task.music U=0 visible=true mode=freeform translucent=false sz=1}
03-14 04:53:50.659 782 796 W FreeFormWindowHelper: Current Display FreeFormTask is Task{64ddf59 #217 type=standard A=10086:android.task.music U=0 visible=true mode=freeform translucent=false sz=1}
03-14 04:53:50.661 782 796 W FreeFormWindowHelper: Current Display FreeFormTask is Task{64ddf59 #217 type=standard A=10086:android.task.music U=0 visible=true mode=freeform translucent=false sz=1}
03-14 04:53:50.662 782 796 W FreeFormWindowHelper: Current Display FreeFormTask is Task{64ddf59 #217 type=standard A=10086:android.task.music U=0 visible=true mode=freeform translucent=false sz=1}
03-14 04:53:50.662 782 796 W FreeFormWindowHelper: Current Display FreeFormTask is Task{64ddf59 #217 type=standard A=10086:android.task.music U=0 visible=true mode=freeform translucent=false sz=1}
03-14 04:53:50.673 782 8809 W FreeFormWindowHelper: Current Display FreeFormTask is Task{64ddf59 #217 type=standard A=10086:android.task.music U=0 visible=true mode=freeform translucent=false sz=1}
03-14 04:53:50.674 782 8809 W FreeFormWindowHelper: Current Display FreeFormTask is Task{64ddf59 #217 type=standard A=10086:android.task.music U=0 visible=true mode=freeform translucent=false sz=1}
03-14 04:53:50.674 782 8809 W FreeFormWindowHelper: Current Display FreeFormTask is Task{64ddf59 #217 type=standard A=10086:android.task.music U=0 visible=true mode=freeform translucent=false sz=1}
03-14 04:53:50.690 782 796 W FreeFormWindowHelper: Current Display FreeFormTask is Task{64ddf59 #217 type=standard A=10086:android.task.music U=0 visible=true mode=freeform translucent=false sz=1}
03-14 04:53:50.691 782 796 W FreeFormWindowHelper: Current Display FreeFormTask is Task{64ddf59 #217 type=standard A=10086:android.task.music U=0 visible=true mode=freeform translucent=false sz=1}
03-14 04:53:50.691 782 796 W FreeFormWindowHelper: Current Display FreeFormTask is Task{64ddf59 #217 type=standard A=10086:android.task.music U=0 visible=true mode=freeform translucent=false sz=1}
03-14 04:53:50.707 782 8809 W FreeFormWindowHelper: Current Display FreeFormTask is Task{64ddf59 #217 type=standard A=10086:android.task.music U=0 visible=true mode=freeform translucent=false sz=1}
03-14 04:53:50.707 782 8809 W FreeFormWindowHelper: Current Display FreeFormTask is Task{64ddf59 #217 type=standard A=10086:android.task.music U=0 visible=true mode=freeform translucent=false sz=1}
03-14 04:53:50.708 782 8809 W FreeFormWindowHelper: Current Display FreeFormTask is Task{64ddf59 #217 type=standard A=10086:android.task.music U=0 visible=true mode=freeform translucent=false sz=1}
03-14 04:53:50.723 782 8809 W FreeFormWindowHelper: Current Display FreeFormTask is Task{64ddf59 #217 type=standard A=10086:android.task.music U=0 visible=true mode=freeform translucent=false sz=1}
03-14 04:53:50.724 782 8809 W FreeFormWindowHelper: Current Display FreeFormTask is Task{64ddf59 #217 type=standard A=10086:android.task.music U=0 visible=true mode=freeform translucent=false sz=1}
03-14 04:53:50.724 782 8809 W FreeFormWindowHelper: Current Display FreeFormTask is Task{64ddf59 #217 type=standard A=10086:android.task.music U=0 visible=true mode=freeform translucent=false sz=1}
03-14 04:53:50.740 782 796 W FreeFormWindowHelper: Current Display FreeFormTask is Task{64ddf59 #217 type=standard A=10086:android.task.music U=0 visible=true mode=freeform translucent=false sz=1}
03-14 04:53:50.741 782 796 W FreeFormWindowHelper: Current Display FreeFormTask is Task{64ddf59 #217 type=standard A=10086:android.task.music U=0 visible=true mode=freeform translucent=false sz=1}
03-14 04:53:50.741 782 796 W FreeFormWindowHelper: Current Display FreeFormTask is Task{64ddf59 #217 type=standard A=10086:android.task.music U=0 visible=true mode=freeform translucent=false sz=1}
03-14 04:53:50.757 782 8809 W FreeFormWindowHelper: Current Display FreeFormTask is Task{64ddf59 #217 type=standard A=10086:android.task.music U=0 visible=true mode=freeform translucent=false sz=1}
03-14 04:53:50.757 782 8809 W FreeFormWindowHelper: Current Display FreeFormTask is Task{64ddf59 #217 type=standard A=10086:android.task.music U=0 visible=true mode=freeform translucent=false sz=1}
03-14 04:53:50.757 782 8809 W FreeFormWindowHelper: Current Display FreeFormTask is Task{64ddf59 #217 type=standard A=10086:android.task.music U=0 visible=true mode=freeform translucent=false sz=1}
03-14 04:53:50.774 782 796 W FreeFormWindowHelper: Current Display FreeFormTask is Task{64ddf59 #217 type=standard A=10086:android.task.music U=0 visible=true mode=freeform translucent=false sz=1}
03-14 04:53:50.774 782 796 W FreeFormWindowHelper: Current Display FreeFormTask is Task{64ddf59 #217 type=standard A=10086:android.task.music U=0 visible=true mode=freeform translucent=false sz=1}
03-14 04:53:50.774 782 796 W FreeFormWindowHelper: Current Display FreeFormTask is Task{64ddf59 #217 type=standard A=10086:android.task.music U=0 visible=true mode=freeform translucent=false sz=1}
03-14 04:53:50.790 782 8809 W FreeFormWindowHelper: Current Display FreeFormTask is Task{64ddf59 #217 type=standard A=10086:android.task.music U=0 visible=true mode=freeform translucent=false sz=1}
03-14 04:53:50.791 782 8809 W FreeFormWindowHelper: Current Display FreeFormTask is Task{64ddf59 #217 type=standard A=10086:android.task.music U=0 visible=true mode=freeform translucent=false sz=1}
03-14 04:53:50.791 782 8809 W FreeFormWindowHelper: Current Display FreeFormTask is Task{64ddf59 #217 type=standard A=10086:android.task.music U=0 visible=true mode=freeform translucent=false sz=1}
03-14 04:53:50.807 782 796 W FreeFormWindowHelper: Current Display FreeFormTask is Task{64ddf59 #217 type=standard A=10086:android.task.music U=0 visible=true mode=freeform translucent=false sz=1}
03-14 04:53:50.808 782 796 W FreeFormWindowHelper: Current Display FreeFormTask is Task{64ddf59 #217 type=standard A=10086:android.task.music U=0 visible=true mode=freeform translucent=false sz=1}
03-14 04:53:50.808 782 796 W FreeFormWindowHelper: Current Display FreeFormTask is Task{64ddf59 #217 type=standard A=10086:android.task.music U=0 visible=true mode=freeform translucent=false sz=1}
03-14 04:53:50.824 782 8809 W FreeFormWindowHelper: Current Display FreeFormTask is Task{64ddf59 #217 type=standard A=10086:android.task.music U=0 visible=true mode=freeform translucent=false sz=1}
03-14 04:53:50.824 782 8809 W FreeFormWindowHelper: Current Display FreeFormTask is Task{64ddf59 #217 type=standard A=10086:android.task.music U=0 visible=true mode=freeform translucent=false sz=1}
03-14 04:53:50.824 782 8809 W FreeFormWindowHelper: Current Display FreeFormTask is Task{64ddf59 #217 type=standard A=10086:android.task.music U=0 visible=true mode=freeform translucent=false sz=1}
03-14 04:53:50.840 782 796 W FreeFormWindowHelper: Current Display FreeFormTask is Task{64ddf59 #217 type=standard A=10086:android.task.music U=0 visible=true mode=freeform translucent=false sz=1}
03-14 04:53:50.841 782 796 W FreeFormWindowHelper: Current Display FreeFormTask is Task{64ddf59 #217 type=standard A=10086:android.task.music U=0 visible=true mode=freeform translucent=false sz=1}
03-14 04:53:50.841 782 796 W FreeFormWindowHelper: Current Display FreeFormTask is Task{64ddf59 #217 type=standard A=10086:android.task.music U=0 visible=true mode=freeform translucent=false sz=1}
03-14 04:53:50.853 782 1331 I commit_sys_config_file: [settings-1-0,1]
03-14 04:53:50.858 782 796 W FreeFormWindowHelper: Current Display FreeFormTask is Task{64ddf59 #217 type=standard A=10086:android.task.music U=0 visible=true mode=freeform translucent=false sz=1}
03-14 04:53:50.859 782 796 W FreeFormWindowHelper: Current Display FreeFormTask is Task{64ddf59 #217 type=standard A=10086:android.task.music U=0 visible=true mode=freeform translucent=false sz=1}
03-14 04:53:50.859 782 796 W FreeFormWindowHelper: Current Display FreeFormTask is Task{64ddf59 #217 type=standard A=10086:android.task.music U=0 visible=true mode=freeform translucent=false sz=1}
03-14 04:53:50.874 782 8809 W FreeFormWindowHelper: Current Display FreeFormTask is Task{64ddf59 #217 type=standard A=10086:android.task.music U=0 visible=true mode=freeform translucent=false sz=1}
03-14 04:53:50.874 782 8809 W FreeFormWindowHelper: Current Display FreeFormTask is Task{64ddf59 #217 type=standard A=10086:android.task.music U=0 visible=true mode=freeform translucent=false sz=1}
03-14 04:53:50.874 782 8809 W FreeFormWindowHelper: Current Display FreeFormTask is Task{64ddf59 #217 type=standard A=10086:android.task.music U=0 visible=true mode=freeform translucent=false sz=1}
03-14 04:53:50.891 782 796 W FreeFormWindowHelper: Current Display FreeFormTask is Task{64ddf59 #217 type=standard A=10086:android.task.music U=0 visible=true mode=freeform translucent=false sz=1}
03-14 04:53:50.891 782 796 W FreeFormWindowHelper: Current Display FreeFormTask is Task{64ddf59 #217 type=standard A=10086:android.task.music U=0 visible=true mode=freeform translucent=false sz=1}
03-14 04:53:50.891 782 796 W FreeFormWindowHelper: Current Display FreeFormTask is Task{64ddf59 #217 type=standard A=10086:android.task.music U=0 visible=true mode=freeform translucent=false sz=1}
03-14 04:53:50.907 782 8809 W FreeFormWindowHelper: Current Display FreeFormTask is Task{64ddf59 #217 type=standard A=10086:android.task.music U=0 visible=true mode=freeform translucent=false sz=1}
03-14 04:53:50.908 782 8809 W FreeFormWindowHelper: Current Display FreeFormTask is Task{64ddf59 #217 type=standard A=10086:android.task.music U=0 visible=true mode=freeform translucent=false sz=1}
03-14 04:53:50.908 782 8809 W FreeFormWindowHelper: Current Display FreeFormTask is Task{64ddf59 #217 type=standard A=10086:android.task.music U=0 visible=true mode=freeform translucent=false sz=1}
03-14 04:53:50.924 782 796 W FreeFormWindowHelper: Current Display FreeFormTask is Task{64ddf59 #217 type=standard A=10086:android.task.music U=0 visible=true mode=freeform translucent=false sz=1}
03-14 04:53:50.925 782 796 W FreeFormWindowHelper: Current Display FreeFormTask is Task{64ddf59 #217 type=standard A=10086:android.task.music U=0 visible=true mode=freeform translucent=false sz=1}
03-14 04:53:50.925 782 796 W FreeFormWindowHelper: Current Display FreeFormTask is Task{64ddf59 #217 type=standard A=10086:android.task.music U=0 visible=true mode=freeform translucent=false sz=1}
03-14 04:53:50.937 782 2969 E TaskPersister: File error accessing recents directory (directory doesn't exist?).
03-14 04:53:50.941 782 8809 W FreeFormWindowHelper: Current Display FreeFormTask is Task{64ddf59 #217 type=standard A=10086:android.task.music U=0 visible=true mode=freeform translucent=false sz=1}
03-14 04:53:50.941 782 8809 W FreeFormWindowHelper: Current Display FreeFormTask is Task{64ddf59 #217 type=standard A=10086:android.task.music U=0 visible=true mode=freeform translucent=false sz=1}
03-14 04:53:50.941 782 8809 W FreeFormWindowHelper: Current Display FreeFormTask is Task{64ddf59 #217 type=standard A=10086:android.task.music U=0 visible=true mode=freeform translucent=false sz=1}
03-14 04:53:50.958 782 796 W FreeFormWindowHelper: Current Display FreeFormTask is Task{64ddf59 #217 type=standard A=10086:android.task.music U=0 visible=true mode=freeform translucent=false sz=1}
03-14 04:53:50.958 782 796 I wm_finish_activity: [0,17524510,217,com.android.music/.MusicBrowserActivity,app-request]
03-14 04:53:50.958 782 796 I wm_task_moved: [1,1,6]
03-14 04:53:50.959 782 796 I wm_set_resumed_activity: [0,com.android.launcher3/.uioverrides.QuickstepLauncher,positionChildAt]
03-14 04:53:50.959 8810 8810 I wm_on_top_resumed_lost_called: [17524510,com.android.music.MusicBrowserActivity,topStateChangedWhenResumed]
03-14 04:53:50.959 782 796 I wm_task_moved: [102,1,2147483647]
03-14 04:53:50.959 782 796 I wm_task_to_front: [0,102]
03-14 04:53:50.959 782 796 I wm_focused_root_task: [0,0,1,-1,finish-top adjustFocusToNextFocusableTask]
03-14 04:53:50.959 782 796 I wm_set_resumed_activity: [0,com.android.launcher3/.uioverrides.QuickstepLauncher,finish-top]
03-14 04:53:50.970 782 796 I wm_pause_activity: [0,17524510,com.android.music/.MusicBrowserActivity,userLeaving=false,finish]
03-14 04:53:50.971 782 826 I input_focus: [Focus request f6966bb com.android.launcher3/com.android.launcher3.uioverrides.QuickstepLauncher,reason=UpdateInputWindows]
03-14 04:53:50.971 782 796 W FreeFormWindowHelper: Current Display FreeFormTask is Task{64ddf59 #217 type=standard A=10086:android.task.music U=0 visible=false mode=freeform translucent=true sz=1}
03-14 04:53:50.971 782 796 W FreeFormWindowHelper: Current Display FreeFormTask is Task{64ddf59 #217 type=standard A=10086:android.task.music U=0 visible=false mode=freeform translucent=true sz=1}
03-14 04:53:50.972 782 796 W FreeFormWindowHelper: Current Display FreeFormTask is Task{64ddf59 #217 type=standard A=10086:android.task.music U=0 visible=false mode=freeform translucent=true sz=1}
03-14 04:53:50.973 8810 8810 I wm_on_paused_called: [17524510,com.android.music.MusicBrowserActivity,performPause]
03-14 04:53:50.973 782 3182 I ActivityTaskManager: FOREGROUND_APPLICATION_CHANGED to com.android.launcher3.uioverrides.QuickstepLauncher
03-14 04:53:50.973 782 3182 I wm_destroy_activity: [0,17524510,217,com.android.music/.MusicBrowserActivity,finish-imm:completePausedLocked]
03-14 04:53:50.976 782 825 I sysui_multi_action: [757,803,799,window_time_0,802,2]
03-14 04:53:50.978 782 1605 I input_focus: [Focus leaving b04eb3d com.android.music/com.android.music.MusicBrowserActivity (server),reason=NO_WINDOW]
03-14 04:53:50.978 782 1605 I input_focus: [Focus entering f6966bb com.android.launcher3/com.android.launcher3.uioverrides.QuickstepLauncher (server),reason=setFocusedWindow]
03-14 04:53:50.983 782 796 W FreeFormWindowHelper: Current Display FreeFormTask is Task{64ddf59 #217 type=standard A=10086:android.task.music U=0 visible=false mode=freeform translucent=true sz=1}
03-14 04:53:50.985 782 8809 W FreeFormWindowHelper: Current Display FreeFormTask is Task{64ddf59 #217 type=standard A=10086:android.task.music U=0 visible=false mode=freeform translucent=true sz=1}
03-14 04:53:50.987 782 8809 W FreeFormWindowHelper: Current Display FreeFormTask is Task{64ddf59 #217 type=standard A=10086:android.task.music U=0 visible=false mode=freeform translucent=true sz=1}
03-14 04:53:50.987 782 8809 W FreeFormWindowHelper: Current Display FreeFormTask is Task{64ddf59 #217 type=standard A=10086:android.task.music U=0 visible=false mode=freeform translucent=true sz=1}
03-14 04:53:50.989 9060 9060 I wm_on_top_resumed_gained_called: [174418215,com.android.launcher3.uioverrides.QuickstepLauncher,topStateChangedWhenResumed]
03-14 04:53:50.991 782 796 W ActivityManager: Receiver with filter android.content.IntentFilter@114dbee already registered for pid 8810, callerPackage is com.android.music
03-14 04:53:50.994 8810 8810 I wm_on_stop_called: [17524510,com.android.music.MusicBrowserActivity,LIFECYCLER_STOP_ACTIVITY]
03-14 04:53:50.996 8810 8810 I wm_on_destroy_called: [17524510,com.android.music.MusicBrowserActivity,performDestroy]
03-14 04:53:51.075 782 797 W FreeFormWindowHelper: Current Display FreeFormTask is Task{64ddf59 #217 type=standard A=10086:android.task.music U=0 visible=false mode=freeform translucent=true sz=1}
03-14 04:53:51.258 782 826 I wm_task_removed: [217,removeChild:removeChild last r=ActivityRecord{10b671e u0 com.android.music/.MusicBrowserActivity t-1 f}} in t=Task{64ddf59 #217 type=standard A=10086:android.task.music U=0 visible=false mode=freeform translucent=true sz=0}]
03-14 04:53:51.258 782 826 I wm_task_removed: [217,removeChild]
03-14 04:53:51.258 782 826 D FreeFormWindowHelper: Remove freefrom task=Task{64ddf59 #217 type=standard A=10086:android.task.music U=0 visible=false mode=freeform translucent=true sz=0}
03-14 04:53:51.392 782 1605 I input_interaction: Interaction with: f6966bb com.android.launcher3/com.android.launcher3.uioverrides.QuickstepLauncher (server), d04e39a com.android.systemui.ImageWallpaper (server), edge-swipe (server), swipe-up (server), PointerEventDispatcher0 (server),
03-14 04:53:51.425 9060 9060 I view_enqueue_input_event: [Motion - Cancel,com.android.launcher3/com.android.launcher3.uioverrides.QuickstepLauncher]
03-14 04:53:51.426 782 822 D AutofillManagerService: Close system dialogs
03-14 04:53:51.431 782 1605 I input_interaction: Interaction with: edge-swipe (server), swipe-up (server), PointerEventDispatcher0 (server),
03-14 04:53:51.544 782 3182 W FreeFormWindowHelper: exitRecentTasks type=0
03-14 04:53:51.544 782 3182 W ContextImpl: Calling a method in the system process without a qualified user: android.app.ContextImpl.startActivity:1067 com.android.server.wm.FreeFormWindowHelper.exitRecentTasks:435 com.android.server.wm.ActivityTaskManagerService.exitRecentTasks:3821 android.app.IActivityTaskManager$Stub.onTransact:2307 com.android.server.wm.ActivityTaskManagerService.onTransact:5072
03-14 04:53:51.545 782 3182 I thunderperf: PlatormCompat.setOverrides: Uid1=1000 Pid1=782 Uid2=1000 Pid2=782
03-14 04:53:51.545 782 3182 I thunderperf: PlatormCompat.setOverrides: needCheck:false
03-14 04:53:51.545 782 3182 I thunderperf: CompatConfig.addOverrideUnsafe: bef-state=0
03-14 04:53:51.545 782 3182 I thunderperf: CompatConfig.addOverrideUnsafe: aft-state=0
03-14 04:53:51.545 782 3182 I thunderperf: CompatConfig.addOverrideUnsafe: bef-state=0
03-14 04:53:51.545 782 3182 I thunderperf: CompatConfig.addOverrideUnsafe: aft-state=0
03-14 04:53:51.545 782 3182 I thunderperf: CompatConfig.addOverrideUnsafe: bef-state=0
03-14 04:53:51.545 782 3182 I thunderperf: CompatConfig.addOverrideUnsafe: aft-state=0
03-14 04:53:51.545 782 3182 I thunderperf: CompatConfig.addOverrideUnsafe: bef-state=0
03-14 04:53:51.545 782 3182 I thunderperf: CompatConfig.addOverrideUnsafe: aft-state=0
03-14 04:53:51.546 782 3182 I thunderperf: CompatConfig.addOverrideUnsafe: bef-state=0
03-14 04:53:51.546 782 3182 I thunderperf: CompatConfig.addOverrideUnsafe: aft-state=0
03-14 04:53:51.546 782 3182 I thunderperf: CompatConfig.addOverrideUnsafe: bef-state=0
03-14 04:53:51.546 782 3182 I thunderperf: CompatConfig.addOverrideUnsafe: aft-state=0
03-14 04:53:51.546 782 3182 I thunderperf: CompatConfig.addOverrideUnsafe: bef-state=0
03-14 04:53:51.546 782 3182 I thunderperf: CompatConfig.addOverrideUnsafe: aft-state=0
03-14 04:53:51.546 782 3182 I thunderperf: CompatConfig.addOverrideUnsafe: bef-state=0
03-14 04:53:51.546 782 3182 I thunderperf: CompatConfig.addOverrideUnsafe: aft-state=0
03-14 04:53:51.546 782 3182 I thunderperf: CompatConfig.addOverrideUnsafe: bef-state=0
03-14 04:53:51.546 782 3182 I thunderperf: CompatConfig.addOverrideUnsafe: aft-state=0
03-14 04:53:51.546 782 3182 I thunderperf: CompatConfig.addOverrideUnsafe: bef-state=0
03-14 04:53:51.546 782 3182 I thunderperf: CompatConfig.addOverrideUnsafe: aft-state=0
03-14 04:53:51.546 782 3182 I thunderperf: CompatConfig.addOverrideUnsafe: bef-state=0
03-14 04:53:51.546 782 3182 I thunderperf: CompatConfig.addOverrideUnsafe: aft-state=0
03-14 04:53:51.547 782 3182 I thunderperf: CompatConfig.addOverrideUnsafe: bef-state=0
03-14 04:53:51.547 782 3182 I thunderperf: CompatConfig.addOverrideUnsafe: aft-state=0
03-14 04:53:51.547 782 3182 I thunderperf: CompatConfig.addOverrideUnsafe: bef-state=0
03-14 04:53:51.547 782 3182 I thunderperf: CompatConfig.addOverrideUnsafe: aft-state=0
03-14 04:53:51.547 782 3182 I thunderperf: CompatConfig.addOverrideUnsafe: bef-state=0
03-14 04:53:51.547 782 3182 I thunderperf: CompatConfig.addOverrideUnsafe: aft-state=0
03-14 04:53:51.548 782 3182 I ActivityTaskManager: START u0 {act=android.intent.action.MAIN cat=[android.intent.category.LAUNCHER] flg=0x10200000 cmp=com.android.music/.MusicBrowserActivity} from uid 1000
03-14 04:53:51.549 782 3182 I wm_task_created: [218,-1]
03-14 04:53:51.549 782 3182 W ActivityTaskManager: Can't find TaskDisplayArea to determine support for multi window. Task id=218 attached=false
03-14 04:53:51.550 782 3182 D FreeFormWindowHelper: Add freeform task=Task{8517d52 #218 type=standard ?? U=0 visible=false mode=freeform translucent=true sz=0}
03-14 04:53:51.551 782 3182 I wm_task_moved: [218,1,6]
03-14 04:53:51.551 782 3182 I wm_task_to_front: [0,218]
03-14 04:53:51.552 782 3182 I wm_create_task: [0,218]
03-14 04:53:51.552 782 3182 I wm_create_activity: [0,239962147,218,com.android.music/.MusicBrowserActivity,android.intent.action.MAIN,NULL,NULL,270532608]
03-14 04:53:51.552 782 3182 I wm_task_moved: [218,1,6]
03-14 04:53:51.552 782 3182 I ActivityTaskManager: FOREGROUND_APPLICATION_CHANGED to com.android.music.MusicBrowserActivity
03-14 04:53:51.552 782 3182 I ActivityTaskManager: The Process com.android.music Already Exists in BG. So sending its PID: 8810
03-14 04:53:51.552 782 3182 W ActivityTaskManager: Tried to set launchTime (0) < mLastActivityLaunchTime (3800639)
03-14 04:53:51.552 782 3182 I wm_restart_activity: [0,239962147,218,com.android.music/.MusicBrowserActivity]
03-14 04:53:51.553 782 3182 I wm_set_resumed_activity: [0,com.android.music/.MusicBrowserActivity,minimalResumeActivityLocked]
03-14 04:53:51.553 782 8809 W ActivityManager: Receiver with filter android.content.IntentFilter@48fd120 already registered for pid 8810, callerPackage is com.android.music
03-14 04:53:51.558 782 822 D AutofillManagerService: Close system dialogs
03-14 04:53:51.558 9060 9060 I wm_on_top_resumed_lost_called: [174418215,com.android.launcher3.uioverrides.QuickstepLauncher,topStateChangedWhenResumed]
03-14 04:53:51.568 8810 8810 I wm_on_create_called: [239962147,com.android.music.MusicBrowserActivity,performCreate]
03-14 04:53:51.571 8810 8810 I wm_on_start_called: [239962147,com.android.music.MusicBrowserActivity,handleStartActivity]
03-14 04:53:51.571 8810 8810 I wm_on_resume_called: [239962147,com.android.music.MusicBrowserActivity,RESUME_ACTIVITY]
03-14 04:53:51.574 8810 8810 I wm_on_top_resumed_gained_called: [239962147,com.android.music.MusicBrowserActivity,topStateChangedWhenResumed]
03-14 04:53:51.574 782 1699 I GameModeConfig: isGameModeOn = false
03-14 04:53:51.574 782 1699 I GameModeConfig: isGameModeOn = false
03-14 04:53:51.574 782 1699 I GameModeConfig: isGameModeOn = false
03-14 04:53:51.574 782 1699 I GameModeConfig: isGameModeOn = false
03-14 04:53:51.574 782 1699 I GameModeConfig: isGameModeOn = false
03-14 04:53:51.574 782 1699 I GameModeConfig: isGameModeOn = false
03-14 04:53:51.586 782 782 I notification_enqueue: [10086,8810,com.android.music,1,NULL,0,Notification(channel=Channel-music shortcut=null contentView=null vibrate=null sound=null defaults=0x0 flags=0x40 color=0x00000000 category=transport actions=4 vis=PRIVATE),1]
03-14 04:53:51.587 782 782 I notification_enqueue: [10086,8810,com.android.music,1,NULL,0,Notification(channel=Channel-music shortcut=null contentView=null vibrate=null sound=null defaults=0x0 flags=0x40 color=0x00000000 category=transport actions=4 vis=PRIVATE),1]
03-14 04:53:51.592 782 1699 I GameModeConfig: isGameModeOn = false
03-14 04:53:51.592 782 1699 I GameModeConfig: isGameModeOn = false
03-14 04:53:51.592 782 1699 I GameModeConfig: isGameModeOn = false
03-14 04:53:51.592 782 1699 I GameModeConfig: isGameModeOn = false
03-14 04:53:51.592 782 1699 I GameModeConfig: isGameModeOn = false
03-14 04:53:51.592 782 1699 I GameModeConfig: isGameModeOn = false
03-14 04:53:51.603 782 782 I notification_enqueue: [10086,8810,com.android.music,1,NULL,0,Notification(channel=Channel-music shortcut=null contentView=null vibrate=null sound=null defaults=0x0 flags=0x40 color=0x00000000 category=transport actions=4 vis=PRIVATE),1]
03-14 04:53:51.604 782 782 I notification_enqueue: [10086,8810,com.android.music,1,NULL,0,Notification(channel=Channel-music shortcut=null contentView=null vibrate=null sound=null defaults=0x0 flags=0x40 color=0x00000000 category=transport actions=4 vis=PRIVATE),1]
03-14 04:53:51.616 782 8809 W WindowManager: updateScale : 0.45565748
03-14 04:53:51.618 782 826 I input_focus: [Focus request 66cd426 com.android.music/com.android.music.MusicBrowserActivity,reason=UpdateInputWindows]
03-14 04:53:51.622 782 826 W WindowManager: updateScale : 0.45565748
03-14 04:53:51.624 782 826 W WindowManager: updateScale : 0.45565748
03-14 04:53:51.625 782 826 W WindowManager: updateScale : 0.45565748
03-14 04:53:51.625 782 822 I sysui_multi_action: [319,76,322,75,325,3802,757,761,758,8,759,2,806,com.android.music,871,com.android.music.MusicBrowserActivity,904,android,905,0,1320,4,1321,1]
03-14 04:53:51.626 782 822 I wm_activity_launch_time: [0,239962147,com.android.music/.MusicBrowserActivity,75]
03-14 04:53:51.628 782 1605 I input_focus: [Focus leaving f6966bb com.android.launcher3/com.android.launcher3.uioverrides.QuickstepLauncher (server),reason=Waiting for window because NOT_VISIBLE]
03-14 04:53:51.628 782 2170 W ActivityManager: Receiver with filter android.content.IntentFilter@e0a3436 already registered for pid 8810, callerPackage is com.android.music
03-14 04:53:51.631 782 797 W WindowManager: updateScale : 0.45565748
03-14 04:53:51.644 782 1605 I input_focus: [Focus entering 66cd426 com.android.music/com.android.music.MusicBrowserActivity (server),reason=Window became focusable. Previous reason: NOT_VISIBLE]
03-14 04:53:51.786 782 782 I GameModeConfig: isGameModeOn = false
03-14 04:53:51.788 782 782 I GameModeConfig: isGameModeOn = false
03-14 04:53:51.803 782 782 I GameModeConfig: isGameModeOn = false
03-14 04:53:51.804 782 782 I GameModeConfig: isGameModeOn = false
03-14 04:53:51.894 782 826 W WindowManager: updateScale : 0.45565748
01-01 09:03:25.351 0 0 E DTC_ETH,link_delay_work_func: 3003, SQI=0, link=0
03-14 04:53:52.051 782 1605 I input_interaction: Interaction with: f6966bb com.android.launcher3/com.android.launcher3.uioverrides.QuickstepLauncher (server), d04e39a com.android.systemui.ImageWallpaper (server), edge-swipe (server), swipe-up (server), PointerEventDispatcher0 (server),
03-14 04:53:52.092 782 797 W FreeFormWindowHelper: Current Display FreeFormTask is Task{8517d52 #218 type=standard A=10086:android.task.music U=0 visible=true mode=freeform translucent=false sz=1}
03-14 04:53:52.093 782 797 W FreeFormWindowHelper: Current Display FreeFormTask is Task{8517d52 #218 type=standard A=10086:android.task.music U=0 visible=true mode=freeform translucent=false sz=1}
03-14 04:53:52.093 782 3182 W FreeFormWindowHelper: Current Display FreeFormTask is Task{8517d52 #218 type=standard A=10086:android.task.music U=0 visible=true mode=freeform translucent=false sz=1}
03-14 04:53:52.099 782 822 D AutofillManagerService: Close system dialogs
03-14 04:53:52.099 782 797 W FreeFormWindowHelper: Current Display FreeFormTask is Task{8517d52 #218 type=standard A=10086:android.task.music U=0 visible=true mode=freeform translucent=false sz=1}
03-14 04:53:52.100 782 797 W FreeFormWindowHelper: Current Display FreeFormTask is Task{8517d52 #218 type=standard A=10086:android.task.music U=0 visible=true mode=freeform translucent=false sz=1}
03-14 04:53:52.100 9060 9060 I view_enqueue_input_event: [Motion - Cancel,com.android.launcher3/com.android.launcher3.uioverrides.QuickstepLauncher]
03-14 04:53:52.101 782 797 W FreeFormWindowHelper: Current Display FreeFormTask is Task{8517d52 #218 type=standard A=10086:android.task.music U=0 visible=true mode=freeform translucent=false sz=1}
03-14 04:53:52.101 782 797 W FreeFormWindowHelper: Current Display FreeFormTask is Task{8517d52 #218 type=standard A=10086:android.task.music U=0 visible=true mode=freeform translucent=false sz=1}
03-14 04:53:52.102 782 797 W FreeFormWindowHelper: Current Display FreeFormTask is Task{8517d52 #218 type=standard A=10086:android.task.music U=0 visible=true mode=freeform translucent=false sz=1}
03-14 04:53:52.102 782 797 W FreeFormWindowHelper: Current Display FreeFormTask is Task{8517d52 #218 type=standard A=10086:android.task.music U=0 visible=true mode=freeform translucent=false sz=1}
03-14 04:53:52.102 782 3182 W FreeFormWindowHelper: Current Display FreeFormTask is Task{8517d52 #218 type=standard A=10086:android.task.music U=0 visible=true mode=freeform translucent=false sz=1}
03-14 04:53:52.103 782 797 W FreeFormWindowHelper: Current Display FreeFormTask is Task{8517d52 #218 type=standard A=10086:android.task.music U=0 visible=true mode=freeform translucent=false sz=1}
03-14 04:53:52.103 782 3182 W FreeFormWindowHelper: Current Display FreeFormTask is Task{8517d52 #218 type=standard A=10086:android.task.music U=0 visible=true mode=freeform translucent=false sz=1}
03-14 04:53:52.103 782 797 W FreeFormWindowHelper: Current Display FreeFormTask is Task{8517d52 #218 type=standard A=10086:android.task.music U=0 visible=true mode=freeform translucent=false sz=1}
03-14 04:53:52.104 782 3182 W FreeFormWindowHelper: Current Display FreeFormTask is Task{8517d52 #218 type=standard A=10086:android.task.music U=0 visible=true mode=freeform translucent=false sz=1}
03-14 04:53:52.104 782 797 W ActivityTaskManager: getTaskSnapshot: taskId=-634 not found
03-14 04:53:52.104 782 3182 W FreeFormWindowHelper: Current Display FreeFormTask is Task{8517d52 #218 type=standard A=10086:android.task.music U=0 visible=true mode=freeform translucent=false sz=1}
03-14 04:53:52.105 782 3182 W ActivityTaskManager: getTaskSnapshot: taskId=-634 not found
03-14 04:53:52.105 782 1605 I input_interaction: Interaction with: edge-swipe (server), swipe-up (server), PointerEventDispatcher0 (server),
03-14 04:53:52.105 782 3182 W ActivityTaskManager: getTaskSnapshot: taskId=-633 not found
03-14 04:53:52.106 782 3182 W ActivityTaskManager: getTaskSnapshot: taskId=-633 not found
03-14 04:53:52.108 782 3182 W FreeFormWindowHelper: Current Display FreeFormTask is Task{8517d52 #218 type=standard A=10086:android.task.music U=0 visible=true mode=freeform translucent=false sz=1}
03-14 04:53:52.109 782 3182 W FreeFormWindowHelper: Current Display FreeFormTask is Task{8517d52 #218 type=standard A=10086:android.task.music U=0 visible=true mode=freeform translucent=false sz=1}
03-14 04:53:52.125 782 3182 W FreeFormWindowHelper: Current Display FreeFormTask is Task{8517d52 #218 type=standard A=10086:android.task.music U=0 visible=true mode=freeform translucent=false sz=1}
03-14 04:53:52.125 782 3182 W FreeFormWindowHelper: Current Display FreeFormTask is Task{8517d52 #218 type=standard A=10086:android.task.music U=0 visible=true mode=freeform translucent=false sz=1}
03-14 04:53:52.294 782 1331 I commit_sys_config_file: [settings-1-0,1]
03-14 04:53:52.547 782 797 W FreeFormWindowHelper: Current Display FreeFormTask is Task{8517d52 #218 type=standard A=10086:android.task.music U=0 visible=true mode=freeform translucent=false sz=1}
03-14 04:53:52.550 782 3182 W FreeFormWindowHelper: Current Display FreeFormTask is Task{8517d52 #218 type=standard A=10086:android.task.music U=0 visible=true mode=freeform translucent=false sz=1}
03-14 04:53:52.550 782 3182 W FreeFormWindowHelper: Current Display FreeFormTask is Task{8517d52 #218 type=standard A=10086:android.task.music U=0 visible=true mode=freeform translucent=false sz=1}
03-14 04:53:52.553 782 3182 W FreeFormWindowHelper: Current Display FreeFormTask is Task{8517d52 #218 type=standard A=10086:android.task.music U=0 visible=true mode=freeform translucent=false sz=1}
03-14 04:53:52.555 782 3182 W FreeFormWindowHelper: Current Display FreeFormTask is Task{8517d52 #218 type=standard A=10086:android.task.music U=0 visible=true mode=freeform translucent=false sz=1}
03-14 04:53:52.561 782 3182 W FreeFormWindowHelper: Current Display FreeFormTask is Task{8517d52 #218 type=standard A=10086:android.task.music U=0 visible=true mode=freeform translucent=false sz=1}
03-14 04:53:52.561 782 3182 W FreeFormWindowHelper: Current Display FreeFormTask is Task{8517d52 #218 type=standard A=10086:android.task.music U=0 visible=true mode=freeform translucent=false sz=1}
03-14 04:53:52.562 782 3182 W FreeFormWindowHelper: Current Display FreeFormTask is Task{8517d52 #218 type=standard A=10086:android.task.music U=0 visible=true mode=freeform translucent=false sz=1}
03-14 04:53:52.578 782 797 W FreeFormWindowHelper: Current Display FreeFormTask is Task{8517d52 #218 type=standard A=10086:android.task.music U=0 visible=true mode=freeform translucent=false sz=1}
03-14 04:53:52.578 782 797 W FreeFormWindowHelper: Current Display FreeFormTask is Task{8517d52 #218 type=standard A=10086:android.task.music U=0 visible=true mode=freeform translucent=false sz=1}
03-14 04:53:52.578 782 797 W FreeFormWindowHelper: Current Display FreeFormTask is Task{8517d52 #218 type=standard A=10086:android.task.music U=0 visible=true mode=freeform translucent=false sz=1}
03-14 04:53:52.595 782 3182 W FreeFormWindowHelper: Current Display FreeFormTask is Task{8517d52 #218 type=standard A=10086:android.task.music U=0 visible=true mode=freeform translucent=false sz=1}
03-14 04:53:52.595 782 3182 W FreeFormWindowHelper: Current Display FreeFormTask is Task{8517d52 #218 type=standard A=10086:android.task.music U=0 visible=true mode=freeform translucent=false sz=1}
03-14 04:53:52.596 782 3182 W FreeFormWindowHelper: Current Display FreeFormTask is Task{8517d52 #218 type=standard A=10086:android.task.music U=0 visible=true mode=freeform translucent=false sz=1}
03-14 04:53:52.611 782 797 W FreeFormWindowHelper: Current Display FreeFormTask is Task{8517d52 #218 type=standard A=10086:android.task.music U=0 visible=true mode=freeform translucent=false sz=1}
03-14 04:53:52.612 782 797 W FreeFormWindowHelper: Current Display FreeFormTask is Task{8517d52 #218 type=standard A=10086:android.task.music U=0 visible=true mode=freeform translucent=false sz=1}
03-14 04:53:52.612 782 797 W FreeFormWindowHelper: Current Display FreeFormTask is Task{8517d52 #218 type=standard A=10086:android.task.music U=0 visible=true mode=freeform translucent=false sz=1}
03-14 04:53:52.628 782 797 W FreeFormWindowHelper: Current Display FreeFormTask is Task{8517d52 #218 type=standard A=10086:android.task.music U=0 visible=true mode=freeform translucent=false sz=1}
03-14 04:53:52.629 782 797 W FreeFormWindowHelper: Current Display FreeFormTask is Task{8517d52 #218 type=standard A=10086:android.task.music U=0 visible=true mode=freeform translucent=false sz=1}
03-14 04:53:52.629 782 797 W FreeFormWindowHelper: Current Display FreeFormTask is Task{8517d52 #218 type=standard A=10086:android.task.music U=0 visible=true mode=freeform translucent=false sz=1}
03-14 04:53:52.645 782 3182 W FreeFormWindowHelper: Current Display FreeFormTask is Task{8517d52 #218 type=standard A=10086:android.task.music U=0 visible=true mode=freeform translucent=false sz=1}
03-14 04:53:52.645 782 3182 W FreeFormWindowHelper: Current Display FreeFormTask is Task{8517d52 #218 type=standard A=10086:android.task.music U=0 visible=true mode=freeform translucent=false sz=1}
03-14 04:53:52.646 782 3182 W FreeFormWindowHelper: Current Display FreeFormTask is Task{8517d52 #218 type=standard A=10086:android.task.music U=0 visible=true mode=freeform translucent=false sz=1}
03-14 04:53:52.662 782 3182 W FreeFormWindowHelper: Current Display FreeFormTask is Task{8517d52 #218 type=standard A=10086:android.task.music U=0 visible=true mode=freeform translucent=false sz=1}
03-14 04:53:52.662 782 3182 W FreeFormWindowHelper: Current Display FreeFormTask is Task{8517d52 #218 type=standard A=10086:android.task.music U=0 visible=true mode=freeform translucent=false sz=1}
03-14 04:53:52.662 782 3182 W FreeFormWindowHelper: Current Display FreeFormTask is Task{8517d52 #218 type=standard A=10086:android.task.music U=0 visible=true mode=freeform translucent=false sz=1}
03-14 04:53:52.678 782 797 W FreeFormWindowHelper: Current Display FreeFormTask is Task{8517d52 #218 type=standard A=10086:android.task.music U=0 visible=true mode=freeform translucent=false sz=1}
03-14 04:53:52.679 782 797 W FreeFormWindowHelper: Current Display FreeFormTask is Task{8517d52 #218 type=standard A=10086:android.task.music U=0 visible=true mode=freeform translucent=false sz=1}
03-14 04:53:52.679 782 797 W FreeFormWindowHelper: Current Display FreeFormTask is Task{8517d52 #218 type=standard A=10086:android.task.music U=0 visible=true mode=freeform translucent=false sz=1}
03-14 04:53:52.695 782 3182 W FreeFormWindowHelper: Current Display FreeFormTask is Task{8517d52 #218 type=standard A=10086:android.task.music U=0 visible=true mode=freeform translucent=false sz=1}
03-14 04:53:52.695 782 3182 W FreeFormWindowHelper: Current Display FreeFormTask is Task{8517d52 #218 type=standard A=10086:android.task.music U=0 visible=true mode=freeform translucent=false sz=1}
03-14 04:53:52.696 782 3182 W FreeFormWindowHelper: Current Display FreeFormTask is Task{8517d52 #218 type=standard A=10086:android.task.music U=0 visible=true mode=freeform translucent=false sz=1}
03-14 04:53:52.712 782 797 W FreeFormWindowHelper: Current Display FreeFormTask is Task{8517d52 #218 type=standard A=10086:android.task.music U=0 visible=true mode=freeform translucent=false sz=1}
03-14 04:53:52.712 782 797 W FreeFormWindowHelper: Current Display FreeFormTask is Task{8517d52 #218 type=standard A=10086:android.task.music U=0 visible=true mode=freeform translucent=false sz=1}
03-14 04:53:52.712 782 797 W FreeFormWindowHelper: Current Display FreeFormTask is Task{8517d52 #218 type=standard A=10086:android.task.music U=0 visible=true mode=freeform translucent=false sz=1}
03-14 04:53:52.728 782 3182 W FreeFormWindowHelper: Current Display FreeFormTask is Task{8517d52 #218 type=standard A=10086:android.task.music U=0 visible=true mode=freeform translucent=false sz=1}
03-14 04:53:52.729 782 3182 W FreeFormWindowHelper: Current Display FreeFormTask is Task{8517d52 #218 type=standard A=10086:android.task.music U=0 visible=true mode=freeform translucent=false sz=1}
03-14 04:53:52.729 782 3182 W FreeFormWindowHelper: Current Display FreeFormTask is Task{8517d52 #218 type=standard A=10086:android.task.music U=0 visible=true mode=freeform translucent=false sz=1}
03-14 04:53:52.746 782 797 W FreeFormWindowHelper: Current Display FreeFormTask is Task{8517d52 #218 type=standard A=10086:android.task.music U=0 visible=true mode=freeform translucent=false sz=1}
03-14 04:53:52.746 782 797 W FreeFormWindowHelper: Current Display FreeFormTask is Task{8517d52 #218 type=standard A=10086:android.task.music U=0 visible=true mode=freeform translucent=false sz=1}
03-14 04:53:52.747 782 797 W FreeFormWindowHelper: Current Display FreeFormTask is Task{8517d52 #218 type=standard A=10086:android.task.music U=0 visible=true mode=freeform translucent=false sz=1}
03-14 04:53:52.749 782 1331 I commit_sys_config_file: [settings-1-0,1]
03-14 04:53:52.762 782 797 W FreeFormWindowHelper: Current Display FreeFormTask is Task{8517d52 #218 type=standard A=10086:android.task.music U=0 visible=true mode=freeform translucent=false sz=1}
03-14 04:53:52.762 782 797 W FreeFormWindowHelper: Current Display FreeFormTask is Task{8517d52 #218 type=standard A=10086:android.task.music U=0 visible=true mode=freeform translucent=false sz=1}
03-14 04:53:52.762 782 797 W FreeFormWindowHelper: Current Display FreeFormTask is Task{8517d52 #218 type=standard A=10086:android.task.music U=0 visible=true mode=freeform translucent=false sz=1}
03-14 04:53:52.779 782 3182 W FreeFormWindowHelper: Current Display FreeFormTask is Task{8517d52 #218 type=standard A=10086:android.task.music U=0 visible=true mode=freeform translucent=false sz=1}
03-14 04:53:52.779 782 3182 W FreeFormWindowHelper: Current Display FreeFormTask is Task{8517d52 #218 type=standard A=10086:android.task.music U=0 visible=true mode=freeform translucent=false sz=1}
03-14 04:53:52.779 782 3182 W FreeFormWindowHelper: Current Display FreeFormTask is Task{8517d52 #218 type=standard A=10086:android.task.music U=0 visible=true mode=freeform translucent=false sz=1}
03-14 04:53:52.795 782 3182 W FreeFormWindowHelper: Current Display FreeFormTask is Task{8517d52 #218 type=standard A=10086:android.task.music U=0 visible=true mode=freeform translucent=false sz=1}
03-14 04:53:52.796 782 3182 W FreeFormWindowHelper: Current Display FreeFormTask is Task{8517d52 #218 type=standard A=10086:android.task.music U=0 visible=true mode=freeform translucent=false sz=1}
