03-14 04:52:05.154 782 2190 W FreeFormWindowHelper: Current Display FreeFormTask is Task{282c77b #208 type=standard A=10065:com.android.gallery3d U=0 visible=false mode=freeform translucent=true sz=1}
03-14 04:52:05.154 782 3182 W FreeFormWindowHelper: Current Display FreeFormTask is Task{282c77b #208 type=standard A=10065:com.android.gallery3d U=0 visible=false mode=freeform translucent=true sz=1}
03-14 04:52:05.177 782 830 I sysui_latency: [8,38]
03-14 04:52:05.342 782 1331 I commit_sys_config_file: [settings-1-0,1]
03-14 04:52:05.905 782 2190 W FreeFormWindowHelper: Current Display FreeFormTask is Task{282c77b #208 type=standard A=10065:com.android.gallery3d U=0 visible=false mode=freeform translucent=true sz=1}
03-14 04:52:05.906 782 2190 W FreeFormWindowHelper: Current Display FreeFormTask is Task{282c77b #208 type=standard A=10065:com.android.gallery3d U=0 visible=false mode=freeform translucent=true sz=1}
03-14 04:52:05.914 782 1605 I input_interaction: Interaction with: recents_animation_input_consumer (server), edge-swipe (server), swipe-up (server), PointerEventDispatcher0 (server),
03-14 04:52:05.916 782 2190 I wm_task_moved: [1,1,7]
03-14 04:52:05.918 782 2190 I wm_task_moved: [102,1,2147483647]
03-14 04:52:05.918 782 2190 I wm_task_to_front: [0,102]
03-14 04:52:05.918 782 2190 I wm_focused_root_task: [0,0,1,207,RecentsAnimation.onAnimationFinished()]
03-14 04:52:05.918 782 2190 I wm_set_resumed_activity: [0,com.android.launcher3/.uioverrides.QuickstepLauncher,RecentsAnimation.onAnimationFinished()]
03-14 04:52:05.920 782 2190 I wm_pause_activity: [0,33262128,com.android.music/.MusicBrowserActivity,userLeaving=true,pauseBackTasks]
03-14 04:52:05.921 782 2190 I wm_add_to_stopping: [0,33262128,com.android.music/.MusicBrowserActivity,makeInvisible]
03-14 04:52:05.922 782 2190 I ActivityTaskManager: FOREGROUND_APPLICATION_CHANGED to com.android.launcher3.uioverrides.QuickstepLauncher
03-14 04:52:05.922 8810 8810 I wm_on_top_resumed_lost_called: [33262128,com.android.music.MusicBrowserActivity,topStateChangedWhenResumed]
03-14 04:52:05.922 782 2190 I wm_set_resumed_activity: [0,com.android.launcher3/.uioverrides.QuickstepLauncher,resumeTopActivityInnerLocked]
03-14 04:52:05.925 782 2190 I wm_resume_activity: [0,174418215,102,com.android.launcher3/.uioverrides.QuickstepLauncher]
03-14 04:52:05.928 782 2190 W WindowManager: updateScale : 0.79357797
03-14 04:52:05.932 782 2190 W WindowManager: updateScale : 0.79357797
03-14 04:52:05.933 782 826 I input_focus: [Focus request e892cf3 com.android.launcher3/com.android.launcher3.uioverrides.QuickstepLauncher,reason=UpdateInputWindows]
03-14 04:52:05.938 8810 8810 I wm_on_paused_called: [33262128,com.android.music.MusicBrowserActivity,performPause]
03-14 04:52:05.944 4407 4407 I wm_on_resume_called: [174418215,com.android.launcher3.uioverrides.QuickstepLauncher,RESUME_ACTIVITY]
03-14 04:52:05.945 4407 4407 I wm_on_top_resumed_gained_called: [174418215,com.android.launcher3.uioverrides.QuickstepLauncher,topStateChangedWhenResumed]
03-14 04:52:05.943 782 1605 I input_focus: [Focus leaving recents_animation_input_consumer (server),reason=NOT_VISIBLE]
03-14 04:52:05.947 782 1605 I input_focus: [Focus entering e892cf3 com.android.launcher3/com.android.launcher3.uioverrides.QuickstepLauncher (server),reason=setFocusedWindow]
03-14 04:52:05.949 782 6331 W WindowManager: updateScale : 0.79357797
03-14 04:52:05.966 782 2190 I wm_stop_activity: [0,33262128,com.android.music/.MusicBrowserActivity]
03-14 04:52:05.974 782 825 I sysui_multi_action: [757,803,799,window_time_0,802,3]
03-14 04:52:05.975 782 8854 I ActivityManager: PendingStartActivityUids startActivity to updateOomAdj delay:1132ms, uid:10074
03-14 04:52:05.975 8810 8810 I wm_on_stop_called: [33262128,com.android.music.MusicBrowserActivity,STOP_ACTIVITY_ITEM]
03-14 04:52:05.975 782 825 I sysui_multi_action: [757,803,799,window_time_0,802,0]
03-14 04:52:05.987 782 3182 W WindowManager: updateScale : 0.79357797
03-14 04:52:06.035 782 6331 W FreeFormWindowHelper: Current Display FreeFormTask is Task{282c77b #208 type=standard A=10065:com.android.gallery3d U=0 visible=false mode=freeform translucent=true sz=1}
03-14 04:52:06.914 782 1605 I input_interaction: Interaction with: e892cf3 com.android.launcher3/com.android.launcher3.uioverrides.QuickstepLauncher (server), d04e39a com.android.systemui.ImageWallpaper (server), edge-swipe (server), swipe-up (server), PointerEventDispatcher0 (server),
03-14 04:52:06.958 782 2969 E TaskPersister: File error accessing recents directory (directory doesn't exist?).
03-14 04:52:07.017 782 8854 I thunderperf: PlatormCompat.setOverrides: Uid1=10074 Pid1=4407 Uid2=10074 Pid2=4407
03-14 04:52:07.017 782 8854 I thunderperf: PlatormCompat.setOverrides: needCheck:false
03-14 04:52:07.017 782 8854 I thunderperf: CompatConfig.addOverrideUnsafe: bef-state=0
03-14 04:52:07.017 782 8854 I thunderperf: CompatConfig.addOverrideUnsafe: aft-state=0
03-14 04:52:07.018 782 8854 I thunderperf: CompatConfig.addOverrideUnsafe: bef-state=0
03-14 04:52:07.018 782 8854 I thunderperf: CompatConfig.addOverrideUnsafe: aft-state=0
03-14 04:52:07.019 782 8854 I thunderperf: CompatConfig.addOverrideUnsafe: bef-state=0
03-14 04:52:07.019 782 8854 I thunderperf: CompatConfig.addOverrideUnsafe: aft-state=0
03-14 04:52:07.019 782 8854 I thunderperf: CompatConfig.addOverrideUnsafe: bef-state=0
03-14 04:52:07.019 782 8854 I thunderperf: CompatConfig.addOverrideUnsafe: aft-state=0
03-14 04:52:07.020 782 8854 I thunderperf: CompatConfig.addOverrideUnsafe: bef-state=0
03-14 04:52:07.020 782 8854 I thunderperf: CompatConfig.addOverrideUnsafe: aft-state=0
03-14 04:52:07.020 782 8854 I thunderperf: CompatConfig.addOverrideUnsafe: bef-state=0
03-14 04:52:07.020 782 8854 I thunderperf: CompatConfig.addOverrideUnsafe: aft-state=0
03-14 04:52:07.021 782 8854 I thunderperf: CompatConfig.addOverrideUnsafe: bef-state=0
03-14 04:52:07.021 782 8854 I thunderperf: CompatConfig.addOverrideUnsafe: aft-state=0
03-14 04:52:07.021 782 8854 I thunderperf: CompatConfig.addOverrideUnsafe: bef-state=0
03-14 04:52:07.021 782 8854 I thunderperf: CompatConfig.addOverrideUnsafe: aft-state=0
03-14 04:52:07.022 782 8854 I thunderperf: CompatConfig.addOverrideUnsafe: bef-state=0
03-14 04:52:07.022 782 8854 I thunderperf: CompatConfig.addOverrideUnsafe: aft-state=0
03-14 04:52:07.022 782 8854 I thunderperf: CompatConfig.addOverrideUnsafe: bef-state=0
03-14 04:52:07.022 782 8854 I thunderperf: CompatConfig.addOverrideUnsafe: aft-state=0
03-14 04:52:07.022 782 8854 I thunderperf: CompatConfig.addOverrideUnsafe: bef-state=0
03-14 04:52:07.022 782 8854 I thunderperf: CompatConfig.addOverrideUnsafe: aft-state=0
03-14 04:52:07.023 782 8854 I thunderperf: CompatConfig.addOverrideUnsafe: bef-state=0
03-14 04:52:07.023 782 8854 I thunderperf: CompatConfig.addOverrideUnsafe: aft-state=0
03-14 04:52:07.023 782 8854 I thunderperf: CompatConfig.addOverrideUnsafe: bef-state=0
03-14 04:52:07.023 782 8854 I thunderperf: CompatConfig.addOverrideUnsafe: aft-state=0
03-14 04:52:07.024 782 8854 I thunderperf: CompatConfig.addOverrideUnsafe: bef-state=0
03-14 04:52:07.024 782 8854 I thunderperf: CompatConfig.addOverrideUnsafe: aft-state=0
03-14 04:52:07.029 782 8854 I ActivityTaskManager: START u0 {act=android.intent.action.MAIN cat=[android.intent.category.LAUNCHER] flg=0x10200000 cmp=com.android.music/.MusicBrowserActivity} from uid 10074
03-14 04:52:07.031 782 8854 I wm_task_moved: [207,1,7]
03-14 04:52:07.031 782 8854 I wm_task_to_front: [0,207]
03-14 04:52:07.032 782 8854 I wm_focused_root_task: [0,0,207,1,bringingFoundTaskToFront]
03-14 04:52:07.032 782 8854 I wm_set_resumed_activity: [0,com.android.music/.MusicBrowserActivity,bringingFoundTaskToFront]
03-14 04:52:07.036 782 8854 D FreeFormWindowHelper: finish old freeform task = ActivityRecord{e989998 u0 com.android.gallery3d/.app.GalleryActivity t208}
03-14 04:52:07.036 782 8854 W WindowManager: updateScale : 0.79357797
03-14 04:52:07.038 782 3182 W ActivityManager: Receiver with filter android.content.IntentFilter@fa5bc17 already registered for pid 8810, callerPackage is com.android.music
03-14 04:52:07.039 782 8854 W ActivityTaskManager: ActivityTaskManager onTransact aborts UID:1000 PID:782
03-14 04:52:07.039 782 8854 W ActivityTaskManager: java.lang.NullPointerException: Attempt to read from field 'java.lang.String com.android.server.wm.ActivityRecord.shortComponentName' on a null object reference
03-14 04:52:07.039 782 8854 W ActivityTaskManager: at com.android.server.wm.FreeFormWindowHelper.lambda$addRootTaskReferenceIfNeeded$1$FreeFormWindowHelper(FreeFormWindowHelper.java:331)
03-14 04:52:07.039 782 8854 W ActivityTaskManager: at com.android.server.wm.FreeFormWindowHelper$$ExternalSyntheticLambda0.accept(Unknown Source:4)
03-14 04:52:07.039 782 8854 W ActivityTaskManager: at com.android.server.wm.ActivityRecord.forAllActivities(ActivityRecord.java:4082)
03-14 04:52:07.039 782 8854 W ActivityTaskManager: at com.android.server.wm.WindowContainer.forAllActivities(WindowContainer.java:1457)
03-14 04:52:07.039 782 8854 W ActivityTaskManager: at com.android.server.wm.WindowContainer.forAllActivities(WindowContainer.java:1451)
03-14 04:52:07.039 782 8854 W ActivityTaskManager: at com.android.server.wm.FreeFormWindowHelper.addRootTaskReferenceIfNeeded(FreeFormWindowHelper.java:324)
03-14 04:52:07.039 782 8854 W ActivityTaskManager: at com.android.server.wm.TaskDisplayArea.addRootTaskReferenceIfNeeded(TaskDisplayArea.java:358)
03-14 04:52:07.039 782 8854 W ActivityTaskManager: at com.android.server.wm.TaskDisplayArea.onRootTaskWindowingModeChanged(TaskDisplayArea.java:307)
03-14 04:52:07.039 782 8854 W ActivityTaskManager: at com.android.server.wm.Task.onConfigurationChanged(Task.java:2388)
03-14 04:52:07.039 782 8854 W ActivityTaskManager: at com.android.server.wm.ConfigurationContainer.onRequestedOverrideConfigurationChanged(ConfigurationContainer.java:199)
03-14 04:52:07.039 782 8854 W ActivityTaskManager: at com.android.server.wm.WindowContainer.onRequestedOverrideConfigurationChanged(WindowContainer.java:795)
03-14 04:52:07.039 782 8854 W ActivityTaskManager: at com.android.server.wm.ConfigurationContainer.setWindowingMode(ConfigurationContainer.java:439)
03-14 04:52:07.039 782 8854 W ActivityTaskManager: at com.android.server.wm.Task.setWindowingModeInSurfaceTransaction(Task.java:5497)
03-14 04:52:07.039 782 8854 W ActivityTaskManager: at com.android.server.wm.Task.lambda$setWindowingMode$17$Task(Task.java:5414)
03-14 04:52:07.039 782 8854 W ActivityTaskManager: at com.android.server.wm.Task$$ExternalSyntheticLambda7.run(Unknown Source:6)
03-14 04:52:07.039 782 8854 W ActivityTaskManager: at com.android.server.wm.WindowManagerService.inSurfaceTransaction(WindowManagerService.java:7983)
03-14 04:52:07.039 782 8854 W ActivityTaskManager: at com.android.server.wm.Task.setWindowingMode(Task.java:5414)
03-14 04:52:07.039 782 8854 W ActivityTaskManager: at com.android.server.wm.Task.setWindowingMode(Task.java:5402)
03-14 04:52:07.039 782 8854 W ActivityTaskManager: at com.android.server.wm.ActivityStarter.setTargetRootTaskIfNeeded(ActivityStarter.java:2666)
03-14 04:52:07.039 782 8854 W ActivityTaskManager: at com.android.server.wm.ActivityStarter.recycleTask(ActivityStarter.java:1999)
03-14 04:52:07.039 782 8854 W ActivityTaskManager: at com.android.server.wm.ActivityStarter.startActivityInner(ActivityStarter.java:1716)
03-14 04:52:07.039 782 8854 W ActivityTaskManager: at com.android.server.wm.ActivityStarter.startActivityUnchecked(ActivityStarter.java:1575)
03-14 04:52:07.039 782 8854 W ActivityTaskManager: at com.android.server.wm.ActivityStarter.executeRequest(ActivityStarter.java:1182)
03-14 04:52:07.039 782 8854 W ActivityTaskManager: at com.android.server.wm.ActivityStarter.execute(ActivityStarter.java:670)
03-14 04:52:07.039 782 8854 W ActivityTaskManager: at com.android.server.wm.ActivityTaskManagerService.startActivityAsUser(ActivityTaskManagerService.java:1227)
03-14 04:52:07.039 782 8854 W ActivityTaskManager: at com.android.server.wm.ActivityTaskManagerService.startActivityAsUser(ActivityTaskManagerService.java:1199)
03-14 04:52:07.039 782 8854 W ActivityTaskManager: at com.android.server.wm.ActivityTaskManagerService.startActivity(ActivityTaskManagerService.java:1150)
03-14 04:52:07.039 782 8854 W ActivityTaskManager: at android.app.IActivityTaskManager$Stub.onTransact(IActivityTaskManager.java:920)
03-14 04:52:07.039 782 8854 W ActivityTaskManager: at com.android.server.wm.ActivityTaskManagerService.onTransact(ActivityTaskManagerService.java:5072)
03-14 04:52:07.039 782 8854 W ActivityTaskManager: at android.os.Binder.execTransactInternal(Binder.java:1179)
03-14 04:52:07.039 782 8854 W ActivityTaskManager: at android.os.Binder.execTransact(Binder.java:1143)
03-14 04:52:07.041 4407 4407 E AndroidRuntime: FATAL EXCEPTION: main
03-14 04:52:07.041 4407 4407 E AndroidRuntime: Process: com.android.launcher3, PID: 4407
03-14 04:52:07.041 4407 4407 E AndroidRuntime: java.lang.NullPointerException: Attempt to read from field 'java.lang.String com.android.server.wm.ActivityRecord.shortComponentName' on a null object reference
03-14 04:52:07.041 4407 4407 E AndroidRuntime: at android.os.Parcel.createExceptionOrNull(Parcel.java:2431)
03-14 04:52:07.041 4407 4407 E AndroidRuntime: at android.os.Parcel.createException(Parcel.java:2409)
03-14 04:52:07.041 4407 4407 E AndroidRuntime: at android.os.Parcel.readException(Parcel.java:2392)
03-14 04:52:07.041 4407 4407 E AndroidRuntime: at android.os.Parcel.readException(Parcel.java:2334)
03-14 04:52:07.041 4407 4407 E AndroidRuntime: at android.app.IActivityTaskManager$Stub$Proxy.startActivity(IActivityTaskManager.java:2381)
03-14 04:52:07.041 4407 4407 E AndroidRuntime: at android.app.Instrumentation.execStartActivity(Instrumentation.java:1745)
03-14 04:52:07.041 4407 4407 E AndroidRuntime: at android.app.Activity.startActivityForResult(Activity.java:5438)
03-14 04:52:07.041 4407 4407 E AndroidRuntime: at com.android.launcher3.Launcher.startActivityForResult(Launcher.java:1809)
03-14 04:52:07.041 4407 4407 E AndroidRuntime: at com.android.launcher3.BaseQuickstepLauncher.startActivityForResult(BaseQuickstepLauncher.java:265)
03-14 04:52:07.041 4407 4407 E AndroidRuntime: at android.app.Activity.startActivity(Activity.java:5778)
03-14 04:52:07.041 4407 4407 E AndroidRuntime: at com.android.launcher3.freewindow.FreeWindowHelper.coldStart(FreeWindowHelper.java:86)
03-14 04:52:07.041 4407 4407 E AndroidRuntime: at com.android.launcher3.popup.SystemShortcut$SmallWindow.onClick(SystemShortcut.java:278)
03-14 04:52:07.041 4407 4407 E AndroidRuntime: at android.view.View.performClick(View.java:7441)
03-14 04:52:07.041 4407 4407 E AndroidRuntime: at android.view.View.performClickInternal(View.java:7418)
03-14 04:52:07.041 4407 4407 E AndroidRuntime: at android.view.View.access$3700(View.java:835)
03-14 04:52:07.041 4407 4407 E AndroidRuntime: at android.view.View$PerformClick.run(View.java:28681)
03-14 04:52:07.041 4407 4407 E AndroidRuntime: at android.os.Handler.handleCallback(Handler.java:938)
03-14 04:52:07.041 4407 4407 E AndroidRuntime: at android.os.Handler.dispatchMessage(Handler.java:99)
03-14 04:52:07.041 4407 4407 E AndroidRuntime: at android.os.Looper.loopOnce(Looper.java:201)
03-14 04:52:07.041 4407 4407 E AndroidRuntime: at android.os.Looper.loop(Looper.java:288)
03-14 04:52:07.041 4407 4407 E AndroidRuntime: at android.app.ActivityThread.main(ActivityThread.java:7880)
03-14 04:52:07.041 4407 4407 E AndroidRuntime: at java.lang.reflect.Method.invoke(Native Method)
03-14 04:52:07.041 4407 4407 E AndroidRuntime: at com.android.internal.os.RuntimeInit$MethodAndArgsCaller.run(RuntimeInit.java:548)
03-14 04:52:07.041 4407 4407 E AndroidRuntime: at com.android.internal.os.ZygoteInit.main(ZygoteInit.java:1009)
03-14 04:52:07.041 4407 4407 E AndroidRuntime: Caused by: android.os.RemoteException: Remote stack trace:
03-14 04:52:07.041 4407 4407 E AndroidRuntime: at com.android.server.wm.FreeFormWindowHelper.lambda$addRootTaskReferenceIfNeeded$1$FreeFormWindowHelper(FreeFormWindowHelper.java:331)
03-14 04:52:07.041 4407 4407 E AndroidRuntime: at com.android.server.wm.FreeFormWindowHelper$$ExternalSyntheticLambda0.accept(Unknown Source:4)
03-14 04:52:07.041 4407 4407 E AndroidRuntime: at com.android.server.wm.ActivityRecord.forAllActivities(ActivityRecord.java:4082)
03-14 04:52:07.041 4407 4407 E AndroidRuntime: at com.android.server.wm.WindowContainer.forAllActivities(WindowContainer.java:1457)
03-14 04:52:07.041 4407 4407 E AndroidRuntime: at com.android.server.wm.WindowContainer.forAllActivities(WindowContainer.java:1451)
03-14 04:52:07.041 4407 4407 E AndroidRuntime:
03-14 04:52:07.041 782 3182 I am_crash: [4407,0,com.android.launcher3,617332293,java.lang.NullPointerException,Remote stack trace:
03-14 04:52:07.041 782 3182 I am_crash: at com.android.server.wm.FreeFormWindowHelper.lambda$addRootTaskReferenceIfNeeded$1$FreeFormWindowHelper(FreeFormWindowHelper.java:331)
03-14 04:52:07.041 782 3182 I am_crash: at com.android.server.wm.FreeFormWindowHelper$$ExternalSyntheticLambda0.accept(Unknown Source:4)
03-14 04:52:07.041 782 3182 I am_crash: at com.android.server.wm.ActivityRecord.forAllActivities(ActivityRecord.java:4082)
03-14 04:52:07.041 782 3182 I am_crash: at com.android.server.wm.WindowContainer.forAllActivities(WindowContainer.java:1457)
03-14 04:52:07.041 782 3182 I am_crash: at com.android.server.wm.WindowContainer.forAllActivities(WindowContainer.java:1451)
03-14 04:52:07.041 782 3182 I am_crash: ,Parcel.java,2431]
03-14 04:52:07.044 782 9056 I DropBoxManagerService: add tag=system_app_crash isTagEnabled=true flags=0x2
03-14 04:52:07.045 782 3182 W ActivityTaskManager: Not force finishing home activity com.android.launcher3/.uioverrides.QuickstepLauncher
03-14 04:52:07.045 782 3182 W ActivityTaskManager: Not force finishing home activity com.android.launcher3/.uioverrides.QuickstepLauncher
03-14 04:52:07.046 782 3182 I sysui_multi_action: [757,316,758,4,759,-1]
03-14 04:52:07.136 782 3182 I ActivityManager: Process com.android.launcher3 (pid 4407) has died: fg TOP
03-14 04:52:07.136 782 3182 I am_proc_died: [0,4407,com.android.launcher3,0,2]
03-14 04:52:07.137 782 797 I WindowManager: WIN DEATH: Window{e892cf3 u0 com.android.launcher3/com.android.launcher3.uioverrides.QuickstepLauncher}
03-14 04:52:07.139 782 797 W WindowManager: updateScale : 0.79357797
03-14 04:52:07.143 782 3182 W ActivityManager: Scheduling restart of crashed service com.android.launcher3/com.android.quickstep.TouchInteractionService in 1000ms for connection
03-14 04:52:07.143 782 3182 I am_schedule_service_restart: [0,com.android.launcher3/com.android.quickstep.TouchInteractionService,1000]
03-14 04:52:07.143 782 3182 I am_uid_stopped: 10074
03-14 04:52:07.145 782 3182 I ActivityTaskManager: FOREGROUND_APPLICATION_CHANGED to com.android.music.MusicBrowserActivity
03-14 04:52:07.146 782 3182 I wm_set_resumed_activity: [0,com.android.music/.MusicBrowserActivity,resumeTopActivityInnerLocked]
03-14 04:52:07.147 782 3182 I ActivityTaskManager: clear resize flag in freeform mode
03-14 04:52:07.148 782 3182 I wm_resume_activity: [0,33262128,207,com.android.music/.MusicBrowserActivity]
03-14 04:52:07.154 782 825 W ActivityManager: setHasOverlayUi called on unknown pid: 4407
03-14 04:52:07.155 782 825 I am_uid_running: 10074
03-14 04:52:07.156 782 825 D CompatibilityChangeReporter: Compat change id reported: 135634846; UID 10074; state: DISABLED
03-14 04:52:07.156 782 825 D CompatibilityChangeReporter: Compat change id reported: 177438394; UID 10074; state: DISABLED
03-14 04:52:07.156 782 825 D CompatibilityChangeReporter: Compat change id reported: 135772972; UID 10074; state: DISABLED
03-14 04:52:07.156 782 825 D CompatibilityChangeReporter: Compat change id reported: 135754954; UID 10074; state: ENABLED
03-14 04:52:07.156 782 873 D CompatibilityChangeReporter: Compat change id reported: 143937733; UID 10074; state: ENABLED
03-14 04:52:07.156 782 8809 W WindowManager: updateScale : 0.79357797
03-14 04:52:07.156 782 8809 W WindowManager: updateScale : 0.79357797
03-14 04:52:07.158 782 830 I am_pss : [8837,10032,com.android.musicfx,5751808,3887104,0,90374144,0,19,5]
03-14 04:52:07.165 782 873 I am_proc_start: [0,9060,10074,com.android.launcher3,activity,{com.android.launcher3/com.android.launcher3.uioverrides.QuickstepLauncher}]
03-14 04:52:07.165 782 873 I ActivityManager: Start proc 9060:com.android.launcher3/u0a74 for activity {com.android.launcher3/com.android.launcher3.uioverrides.QuickstepLauncher}
03-14 04:52:07.166 782 9061 W ContextImpl: Calling a method in the system process without a qualified user: android.app.ContextImpl.sendBroadcast:1173 com.qualcomm.qti.Performance$SendGameLaunchBroadcast.run:217 java.lang.Thread.run:920
03-14 04:52:07.172 8810 8810 I wm_on_restart_called: [33262128,com.android.music.MusicBrowserActivity,performRestartActivity]
03-14 04:52:07.174 8810 8810 I wm_on_start_called: [33262128,com.android.music.MusicBrowserActivity,handleStartActivity]
03-14 04:52:07.175 8810 8810 I wm_on_resume_called: [33262128,com.android.music.MusicBrowserActivity,RESUME_ACTIVITY]
03-14 04:52:07.180 782 2170 I am_proc_bound: [0,9060,com.android.launcher3]
01-01 09:01:40.573 0 0 I binder : 9060:9060 ioctl 40046210 7fc8a60c34 returned -22
03-14 04:52:07.182 782 2170 D CompatibilityChangeReporter: Compat change id reported: 168419799; UID 10074; state: DISABLED
03-14 04:52:07.184 782 2170 D CompatibilityChangeReporter: Compat change id reported: 174042980; UID 10074; state: DISABLED
03-14 04:52:07.185 782 2170 D CompatibilityChangeReporter: Compat change id reported: 181136395; UID 10074; state: DISABLED
03-14 04:52:07.186 782 2170 D CompatibilityChangeReporter: Compat change id reported: 174042936; UID 10074; state: DISABLED
03-14 04:52:07.186 782 2170 D CompatibilityChangeReporter: Compat change id reported: 184838306; UID 10074; state: DISABLED
03-14 04:52:07.186 782 2170 D CompatibilityChangeReporter: Compat change id reported: 185004937; UID 10074; state: DISABLED
03-14 04:52:07.187 782 2170 I wm_restart_activity: [0,174418215,102,com.android.launcher3/.uioverrides.QuickstepLauncher]
03-14 04:52:07.188 782 2170 I am_uid_active: 10074
03-14 04:52:07.189 782 3182 W WindowManager: updateScale : 0.79357797
03-14 04:52:07.189 782 3182 W WindowManager: updateScale : 0.79357797
03-14 04:52:07.190 782 826 W WindowManager: updateScale : 0.79357797
03-14 04:52:07.190 782 826 W WindowManager: updateScale : 0.79357797
03-14 04:52:07.192 782 826 I input_focus: [Focus request cf8abfd com.android.music/com.android.music.MusicBrowserActivity,reason=UpdateInputWindows]
03-14 04:52:07.199 782 826 W WindowManager: updateScale : 0.79357797
03-14 04:52:07.199 782 826 W WindowManager: updateScale : 0.79357797
03-14 04:52:07.200 782 826 W WindowManager: updateScale : 0.79357797
03-14 04:52:07.200 782 826 W WindowManager: updateScale : 0.79357797
03-14 04:52:07.202 782 1699 I GameModeConfig: isGameModeOn = false
03-14 04:52:07.202 782 1699 I GameModeConfig: isGameModeOn = false
03-14 04:52:07.202 782 1699 I GameModeConfig: isGameModeOn = false
03-14 04:52:07.202 782 1699 I GameModeConfig: isGameModeOn = false
03-14 04:52:07.202 782 1699 I GameModeConfig: isGameModeOn = false
03-14 04:52:07.202 782 1699 I GameModeConfig: isGameModeOn = false
03-14 04:52:07.217 782 782 I notification_enqueue: [10086,8810,com.android.music,1,NULL,0,Notification(channel=Channel-music shortcut=null contentView=null vibrate=null sound=null defaults=0x0 flags=0x40 color=0x00000000 category=transport actions=4 vis=PRIVATE),1]
03-14 04:52:07.221 782 782 I notification_enqueue: [10086,8810,com.android.music,1,NULL,0,Notification(channel=Channel-music shortcut=null contentView=null vibrate=null sound=null defaults=0x0 flags=0x40 color=0x00000000 category=transport actions=4 vis=PRIVATE),1]
03-14 04:52:07.236 782 826 W WindowManager: updateScale : 0.79357797
03-14 04:52:07.236 782 826 W WindowManager: updateScale : 0.79357797
03-14 04:52:07.237 782 797 W ActivityManager: Receiver with filter android.content.IntentFilter@b19a6e2 already registered for pid 8810, callerPackage is com.android.music
01-01 09:01:40.660 0 0 I binder : 9060:9084 ioctl 40046210 70daaae254 returned -22
03-14 04:52:07.400 782 8809 W FreeFormWindowHelper: Current Display FreeFormTask is Task{282c77b #208 type=standard A=10065:com.android.gallery3d U=0 visible=false mode=freeform translucent=true sz=1}
03-14 04:52:07.418 782 782 I GameModeConfig: isGameModeOn = false
03-14 04:52:07.419 9060 9060 I wm_on_create_called: [174418215,com.android.launcher3.uioverrides.QuickstepLauncher,performCreate]
03-14 04:52:07.420 9060 9060 I wm_on_start_called: [174418215,com.android.launcher3.uioverrides.QuickstepLauncher,handleStartActivity]
03-14 04:52:07.420 9060 9060 I wm_on_resume_called: [174418215,com.android.launcher3.uioverrides.QuickstepLauncher,RESUME_ACTIVITY]
03-14 04:52:07.421 782 782 I GameModeConfig: isGameModeOn = false
03-14 04:52:07.449 782 2170 W FreeFormWindowHelper: Current Display FreeFormTask is Task{282c77b #208 type=standard A=10065:com.android.gallery3d U=0 visible=false mode=freeform translucent=true sz=1}
03-14 04:52:07.457 782 2190 W WindowManager: updateScale : 0.79357797
03-14 04:52:07.457 782 2190 W WindowManager: updateScale : 0.79357797
03-14 04:52:07.462 782 2170 W FreeFormWindowHelper: Current Display FreeFormTask is Task{282c77b #208 type=standard A=10065:com.android.gallery3d U=0 visible=false mode=freeform translucent=true sz=1}
03-14 04:52:07.482 782 826 W WindowManager: updateScale : 0.79357797
03-14 04:52:07.482 782 826 W WindowManager: updateScale : 0.79357797
03-14 04:52:07.485 782 826 W WindowManager: updateScale : 0.79357797
03-14 04:52:07.485 782 826 W WindowManager: updateScale : 0.79357797
03-14 04:52:07.487 782 826 W WindowManager: updateScale : 0.79357797
03-14 04:52:07.487 782 826 W WindowManager: updateScale : 0.79357797
03-14 04:52:07.489 782 8809 W WindowManager: updateScale : 0.79357797
03-14 04:52:07.489 782 8809 W WindowManager: updateScale : 0.79357797
03-14 04:52:07.494 782 1605 I input_focus: [Focus entering cf8abfd com.android.music/com.android.music.MusicBrowserActivity (server),reason=Window became focusable. Previous reason: NOT_VISIBLE]
03-14 04:52:07.532 782 825 W ActivityTaskManager: Activity top resumed state loss timeout for ActivityRecord{a656927 u0 com.android.launcher3/.uioverrides.QuickstepLauncher t102}
03-14 04:52:07.532 8810 8810 I wm_on_top_resumed_gained_called: [33262128,com.android.music.MusicBrowserActivity,topStateChangedWhenResumed]
03-14 04:52:07.763 782 826 W WindowManager: updateScale : 0.79357797
03-14 04:52:07.763 782 826 W WindowManager: updateScale : 0.79357797
03-14 04:52:07.986 782 1605 I input_interaction: Interaction with: f6966bb com.android.launcher3/com.android.launcher3.uioverrides.QuickstepLauncher (server), d04e39a com.android.systemui.ImageWallpaper (server), edge-swipe (server), swipe-up (server), PointerEventDispatcher0 (server),
03-14 04:52:08.028 782 2170 W FreeFormWindowHelper: Current Display FreeFormTask is Task{282c77b #208 type=standard A=10065:com.android.gallery3d U=0 visible=false mode=freeform translucent=true sz=1}
03-14 04:52:08.056 782 822 D AutofillManagerService: Close system dialogs
03-14 04:52:08.056 782 2170 W FreeFormWindowHelper: Current Display FreeFormTask is Task{282c77b #208 type=standard A=10065:com.android.gallery3d U=0 visible=false mode=freeform translucent=true sz=1}
03-14 04:52:08.057 9060 9060 I view_enqueue_input_event: [Motion - Cancel,com.android.launcher3/com.android.launcher3.uioverrides.QuickstepLauncher]
03-14 04:52:08.057 782 2170 W FreeFormWindowHelper: Current Display FreeFormTask is Task{282c77b #208 type=standard A=10065:com.android.gallery3d U=0 visible=false mode=freeform translucent=true sz=1}
03-14 04:52:08.058 782 2170 W FreeFormWindowHelper: Current Display FreeFormTask is Task{282c77b #208 type=standard A=10065:com.android.gallery3d U=0 visible=false mode=freeform translucent=true sz=1}
03-14 04:52:08.061 782 8809 W FreeFormWindowHelper: Current Display FreeFormTask is Task{282c77b #208 type=standard A=10065:com.android.gallery3d U=0 visible=false mode=freeform translucent=true sz=1}
03-14 04:52:08.061 782 2170 W FreeFormWindowHelper: Current Display FreeFormTask is Task{282c77b #208 type=standard A=10065:com.android.gallery3d U=0 visible=false mode=freeform translucent=true sz=1}
03-14 04:52:08.061 782 2170 W FreeFormWindowHelper: Current Display FreeFormTask is Task{282c77b #208 type=standard A=10065:com.android.gallery3d U=0 visible=false mode=freeform translucent=true sz=1}
03-14 04:52:08.062 782 8809 W FreeFormWindowHelper: Current Display FreeFormTask is Task{282c77b #208 type=standard A=10065:com.android.gallery3d U=0 visible=false mode=freeform translucent=true sz=1}
03-14 04:52:08.063 782 2170 W FreeFormWindowHelper: Current Display FreeFormTask is Task{282c77b #208 type=standard A=10065:com.android.gallery3d U=0 visible=false mode=freeform translucent=true sz=1}
03-14 04:52:08.064 782 8809 W FreeFormWindowHelper: Current Display FreeFormTask is Task{282c77b #208 type=standard A=10065:com.android.gallery3d U=0 visible=false mode=freeform translucent=true sz=1}
03-14 04:52:08.064 782 2170 W ActivityTaskManager: getTaskSnapshot: taskId=-675 not found
03-14 04:52:08.065 782 8809 W FreeFormWindowHelper: Current Display FreeFormTask is Task{282c77b #208 type=standard A=10065:com.android.gallery3d U=0 visible=false mode=freeform translucent=true sz=1}
03-14 04:52:08.066 782 8809 W FreeFormWindowHelper: Current Display FreeFormTask is Task{282c77b #208 type=standard A=10065:com.android.gallery3d U=0 visible=false mode=freeform translucent=true sz=1}
03-14 04:52:08.066 782 1605 I input_interaction: Interaction with: edge-swipe (server), swipe-up (server), PointerEventDispatcher0 (server),
03-14 04:52:08.066 782 8809 W ActivityTaskManager: getTaskSnapshot: taskId=-674 not found
03-14 04:52:08.068 782 8809 W ActivityTaskManager: getTaskSnapshot: taskId=-673 not found
03-14 04:52:08.076 782 2190 W FreeFormWindowHelper: Current Display FreeFormTask is Task{282c77b #208 type=standard A=10065:com.android.gallery3d U=0 visible=false mode=freeform translucent=true sz=1}
03-14 04:52:08.076 782 2190 W FreeFormWindowHelper: Current Display FreeFormTask is Task{282c77b #208 type=standard A=10065:com.android.gallery3d U=0 visible=false mode=freeform translucent=true sz=1}
03-14 04:52:08.093 782 2170 W FreeFormWindowHelper: Current Display FreeFormTask is Task{282c77b #208 type=standard A=10065:com.android.gallery3d U=0 visible=false mode=freeform translucent=true sz=1}
03-14 04:52:08.094 782 2170 W FreeFormWindowHelper: Current Display FreeFormTask is Task{282c77b #208 type=standard A=10065:com.android.gallery3d U=0 visible=false mode=freeform translucent=true sz=1}
03-14 04:52:08.230 782 1331 I commit_sys_config_file: [settings-1-0,3]
03-14 04:52:08.391 782 2190 W FreeFormWindowHelper: Current Display FreeFormTask is Task{282c77b #208 type=standard A=10065:com.android.gallery3d U=0 visible=false mode=freeform translucent=true sz=1}
03-14 04:52:08.398 782 2170 W FreeFormWindowHelper: Current Display FreeFormTask is Task{282c77b #208 type=standard A=10065:com.android.gallery3d U=0 visible=false mode=freeform translucent=true sz=1}
03-14 04:52:08.403 782 2190 W FreeFormWindowHelper: Current Display FreeFormTask is Task{282c77b #208 type=standard A=10065:com.android.gallery3d U=0 visible=false mode=freeform translucent=true sz=1}
03-14 04:52:08.404 782 2190 W FreeFormWindowHelper: Current Display FreeFormTask is Task{282c77b #208 type=standard A=10065:com.android.gallery3d U=0 visible=false mode=freeform translucent=true sz=1}
03-14 04:52:08.411 782 2170 W FreeFormWindowHelper: Current Display FreeFormTask is Task{282c77b #208 type=standard A=10065:com.android.gallery3d U=0 visible=false mode=freeform translucent=true sz=1}
03-14 04:52:08.411 782 2170 W FreeFormWindowHelper: Current Display FreeFormTask is Task{282c77b #208 type=standard A=10065:com.android.gallery3d U=0 visible=false mode=freeform translucent=true sz=1}
03-14 04:52:08.429 782 2170 W FreeFormWindowHelper: Current Display FreeFormTask is Task{282c77b #208 type=standard A=10065:com.android.gallery3d U=0 visible=false mode=freeform translucent=true sz=1}
03-14 04:52:08.429 782 2170 W FreeFormWindowHelper: Current Display FreeFormTask is Task{282c77b #208 type=standard A=10065:com.android.gallery3d U=0 visible=false mode=freeform translucent=true sz=1}
03-14 04:52:08.446 782 2190 W FreeFormWindowHelper: Current Display FreeFormTask is Task{282c77b #208 type=standard A=10065:com.android.gallery3d U=0 visible=false mode=freeform translucent=true sz=1}
03-14 04:52:08.446 782 2190 W FreeFormWindowHelper: Current Display FreeFormTask is Task{282c77b #208 type=standard A=10065:com.android.gallery3d U=0 visible=false mode=freeform translucent=true sz=1}
03-14 04:52:08.463 782 2170 W FreeFormWindowHelper: Current Display FreeFormTask is Task{282c77b #208 type=standard A=10065:com.android.gallery3d U=0 visible=false mode=freeform translucent=true sz=1}
03-14 04:52:08.464 782 2170 W FreeFormWindowHelper: Current Display FreeFormTask is Task{282c77b #208 type=standard A=10065:com.android.gallery3d U=0 visible=false mode=freeform translucent=true sz=1}
03-14 04:52:08.482 782 8809 W FreeFormWindowHelper: Current Display FreeFormTask is Task{282c77b #208 type=standard A=10065:com.android.gallery3d U=0 visible=false mode=freeform translucent=true sz=1}
03-14 04:52:08.482 782 8809 W FreeFormWindowHelper: Current Display FreeFormTask is Task{282c77b #208 type=standard A=10065:com.android.gallery3d U=0 visible=false mode=freeform translucent=true sz=1}
03-14 04:52:08.498 782 2170 W FreeFormWindowHelper: Current Display FreeFormTask is Task{282c77b #208 type=standard A=10065:com.android.gallery3d U=0 visible=false mode=freeform translucent=true sz=1}
03-14 04:52:08.499 782 2170 W FreeFormWindowHelper: Current Display FreeFormTask is Task{282c77b #208 type=standard A=10065:com.android.gallery3d U=0 visible=false mode=freeform translucent=true sz=1}
03-14 04:52:08.515 782 2170 W FreeFormWindowHelper: Current Display FreeFormTask is Task{282c77b #208 type=standard A=10065:com.android.gallery3d U=0 visible=false mode=freeform translucent=true sz=1}
03-14 04:52:08.515 782 8809 W FreeFormWindowHelper: Current Display FreeFormTask is Task{282c77b #208 type=standard A=10065:com.android.gallery3d U=0 visible=false mode=freeform translucent=true sz=1}
03-14 04:52:08.532 782 8809 W FreeFormWindowHelper: Current Display FreeFormTask is Task{282c77b #208 type=standard A=10065:com.android.gallery3d U=0 visible=false mode=freeform translucent=true sz=1}
03-14 04:52:08.532 782 8809 W FreeFormWindowHelper: Current Display FreeFormTask is Task{282c77b #208 type=standard A=10065:com.android.gallery3d U=0 visible=false mode=freeform translucent=true sz=1}
03-14 04:52:08.549 782 2190 W FreeFormWindowHelper: Current Display FreeFormTask is Task{282c77b #208 type=standard A=10065:com.android.gallery3d U=0 visible=false mode=freeform translucent=true sz=1}
03-14 04:52:08.549 782 2190 W FreeFormWindowHelper: Current Display FreeFormTask is Task{282c77b #208 type=standard A=10065:com.android.gallery3d U=0 visible=false mode=freeform translucent=true sz=1}
03-14 04:52:08.565 782 2190 W FreeFormWindowHelper: Current Display FreeFormTask is Task{282c77b #208 type=standard A=10065:com.android.gallery3d U=0 visible=false mode=freeform translucent=true sz=1}
03-14 04:52:08.566 782 2190 W FreeFormWindowHelper: Current Display FreeFormTask is Task{282c77b #208 type=standard A=10065:com.android.gallery3d U=0 visible=false mode=freeform translucent=true sz=1}
03-14 04:52:08.589 782 8809 W FreeFormWindowHelper: Current Display FreeFormTask is Task{282c77b #208 type=standard A=10065:com.android.gallery3d U=0 visible=false mode=freeform translucent=true sz=1}
03-14 04:52:08.589 782 8809 W FreeFormWindowHelper: Current Display FreeFormTask is Task{282c77b #208 type=standard A=10065:com.android.gallery3d U=0 visible=false mode=freeform translucent=true sz=1}
03-14 04:52:08.597 782 3182 W FreeFormWindowHelper: Current Display FreeFormTask is Task{282c77b #208 type=standard A=10065:com.android.gallery3d U=0 visible=false mode=freeform translucent=true sz=1}
03-14 04:52:08.598 782 3182 W FreeFormWindowHelper: Current Display FreeFormTask is Task{282c77b #208 type=standard A=10065:com.android.gallery3d U=0 visible=false mode=freeform translucent=true sz=1}
03-14 04:52:08.602 782 1331 I commit_sys_config_file: [settings-1-0,11]
03-14 04:52:08.614 782 3182 W FreeFormWindowHelper: Current Display FreeFormTask is Task{282c77b #208 type=standard A=10065:com.android.gallery3d U=0 visible=false mode=freeform translucent=true sz=1}
03-14 04:52:08.615 782 3182 W FreeFormWindowHelper: Current Display FreeFormTask is Task{282c77b #208 type=standard A=10065:com.android.gallery3d U=0 visible=false mode=freeform translucent=true sz=1}
03-14 04:52:08.631 782 2170 W FreeFormWindowHelper: Current Display FreeFormTask is Task{282c77b #208 type=standard A=10065:com.android.gallery3d U=0 visible=false mode=freeform translucent=true sz=1}
03-14 04:52:08.632 782 2170 W FreeFormWindowHelper: Current Display FreeFormTask is Task{282c77b #208 type=standard A=10065:com.android.gallery3d U=0 visible=false mode=freeform translucent=true sz=1}
03-14 04:52:08.648 782 3182 W FreeFormWindowHelper: Current Display FreeFormTask is Task{282c77b #208 type=standard A=10065:com.android.gallery3d U=0 visible=false mode=freeform translucent=true sz=1}
03-14 04:52:08.649 782 2170 W FreeFormWindowHelper: Current Display FreeFormTask is Task{282c77b #208 type=standard A=10065:com.android.gallery3d U=0 visible=false mode=freeform translucent=true sz=1}
03-14 04:52:08.665 782 797 W FreeFormWindowHelper: Current Display FreeFormTask is Task{282c77b #208 type=standard A=10065:com.android.gallery3d U=0 visible=false mode=freeform translucent=true sz=1}
03-14 04:52:08.666 782 3182 W FreeFormWindowHelper: Current Display FreeFormTask is Task{282c77b #208 type=standard A=10065:com.android.gallery3d U=0 visible=false mode=freeform translucent=true sz=1}
03-14 04:52:08.685 782 3182 W FreeFormWindowHelper: Current Display FreeFormTask is Task{282c77b #208 type=standard A=10065:com.android.gallery3d U=0 visible=false mode=freeform translucent=true sz=1}
03-14 04:52:08.686 782 3182 W FreeFormWindowHelper: Current Display FreeFormTask is Task{282c77b #208 type=standard A=10065:com.android.gallery3d U=0 visible=false mode=freeform translucent=true sz=1}
03-14 04:52:08.702 782 2190 I wm_finish_activity: [0,244881816,208,com.android.gallery3d/.app.GalleryActivity,app-request]
03-14 04:52:08.714 782 2190 I wm_pause_activity: [0,244881816,com.android.gallery3d/.app.GalleryActivity,userLeaving=false,finish]
03-14 04:52:08.721 782 2190 W FreeFormWindowHelper: Current Display FreeFormTask is Task{282c77b #208 type=standard A=10065:com.android.gallery3d U=0 visible=false mode=freeform translucent=true sz=1}
03-14 04:52:08.722 782 2170 W FreeFormWindowHelper: Current Display FreeFormTask is Task{282c77b #208 type=standard A=10065:com.android.gallery3d U=0 visible=false mode=freeform translucent=true sz=1}
03-14 04:52:08.724 782 2170 W FreeFormWindowHelper: Current Display FreeFormTask is Task{282c77b #208 type=standard A=10065:com.android.gallery3d U=0 visible=false mode=freeform translucent=true sz=1}
03-14 04:52:08.733 5555 5555 I wm_on_paused_called: [244881816,com.android.gallery3d.app.GalleryActivity,performPause]
03-14 04:52:08.734 782 797 I wm_destroy_activity: [0,244881816,208,com.android.gallery3d/.app.GalleryActivity,finish-imm:completePausedLocked]
03-14 04:52:08.743 782 797 W WindowManager: updateScale : 0.79357797
03-14 04:52:08.746 782 2170 W FreeFormWindowHelper: Current Display FreeFormTask is Task{282c77b #208 type=standard A=10065:com.android.gallery3d U=0 visible=false mode=freeform translucent=true sz=1}
03-14 04:52:08.751 782 825 I sysui_multi_action: [757,803,799,window_time_0,802,3]
03-14 04:52:08.751 782 797 W FreeFormWindowHelper: Current Display FreeFormTask is Task{282c77b #208 type=standard A=10065:com.android.gallery3d U=0 visible=false mode=freeform translucent=true sz=1}
03-14 04:52:08.751 782 797 W FreeFormWindowHelper: Current Display FreeFormTask is Task{282c77b #208 type=standard A=10065:com.android.gallery3d U=0 visible=false mode=freeform translucent=true sz=1}
03-14 04:52:08.754 5555 5555 I wm_on_stop_called: [244881816,com.android.gallery3d.app.GalleryActivity,LIFECYCLER_STOP_ACTIVITY]
03-14 04:52:08.756 5555 5555 I wm_on_destroy_called: [244881816,com.android.gallery3d.app.GalleryActivity,performDestroy]
03-14 04:52:08.759 782 797 W WindowManager: updateScale : 0.79357797
03-14 04:52:08.843 782 2170 W FreeFormWindowHelper: Current Display FreeFormTask is Task{282c77b #208 type=standard A=10065:com.android.gallery3d U=0 visible=false mode=freeform translucent=true sz=1}
03-14 04:52:09.015 782 826 W WindowManager: updateScale : 0.79357797
03-14 04:52:09.018 782 826 W WindowManager: updateScale : 0.79357797
03-14 04:52:09.030 782 826 I wm_task_removed: [208,removeChild:removeChild last r=ActivityRecord{e989998 u0 com.android.gallery3d/.app.GalleryActivity t-1 f}} in t=Task{282c77b #208 type=standard A=10065:com.android.gallery3d U=0 visible=false mode=freeform translucent=true sz=0}]
03-14 04:52:09.030 782 826 I wm_task_removed: [208,removeChild]
03-14 04:52:09.030 782 826 D FreeFormWindowHelper: Remove freefrom task=Task{282c77b #208 type=standard A=10065:com.android.gallery3d U=0 visible=false mode=freeform translucent=true sz=0}
03-14 04:52:09.031 782 826 W WindowManager: updateScale : 0.79357797
01-01 09:01:42.951 0 0 E DTC_ETH,link_delay_work_func: 3003, SQI=0, link=0
03-14 04:52:09.793 782 1605 I input_interaction: Interaction with: f6966bb com.android.launcher3/com.android.launcher3.uioverrides.QuickstepLauncher (server), d04e39a com.android.systemui.ImageWallpaper (server), edge-swipe (server), swipe-up (server), PointerEventDispatcher0 (server),
03-14 04:52:09.832 9060 9060 I view_enqueue_input_event: [Motion - Cancel,com.android.launcher3/com.android.launcher3.uioverrides.QuickstepLauncher]
03-14 04:52:09.832 782 1605 I input_interaction: Interaction with: edge-swipe (server), swipe-up (server), PointerEventDispatcher0 (server),
03-14 04:52:09.833 782 822 D AutofillManagerService: Close system dialogs
03-14 04:52:09.901 782 797 W FreeFormWindowHelper: exitRecentTasks type=0
03-14 04:52:09.902 782 797 W ContextImpl: Calling a method in the system process without a qualified user: android.app.ContextImpl.startActivity:1067 com.android.server.wm.FreeFormWindowHelper.exitRecentTasks:435 com.android.server.wm.ActivityTaskManagerService.exitRecentTasks:3821 android.app.IActivityTaskManager$Stub.onTransact:2307 com.android.server.wm.ActivityTaskManagerService.onTransact:5072
03-14 04:52:09.904 782 797 I thunderperf: PlatormCompat.setOverrides: Uid1=1000 Pid1=782 Uid2=1000 Pid2=782
03-14 04:52:09.904 782 797 I thunderperf: PlatormCompat.setOverrides: needCheck:false
03-14 04:52:09.904 782 797 I thunderperf: CompatConfig.addOverrideUnsafe: bef-state=0
03-14 04:52:09.904 782 797 I thunderperf: CompatConfig.addOverrideUnsafe: aft-state=0
03-14 04:52:09.905 782 797 I thunderperf: CompatConfig.addOverrideUnsafe: bef-state=0
03-14 04:52:09.905 782 797 I thunderperf: CompatConfig.addOverrideUnsafe: aft-state=0
03-14 04:52:09.906 782 797 I thunderperf: CompatConfig.addOverrideUnsafe: bef-state=0
03-14 04:52:09.906 782 797 I thunderperf: CompatConfig.addOverrideUnsafe: aft-state=0
03-14 04:52:09.906 782 797 I thunderperf: CompatConfig.addOverrideUnsafe: bef-state=0
03-14 04:52:09.906 782 797 I thunderperf: CompatConfig.addOverrideUnsafe: aft-state=0
03-14 04:52:09.906 782 797 I thunderperf: CompatConfig.addOverrideUnsafe: bef-state=0
03-14 04:52:09.906 782 797 I thunderperf: CompatConfig.addOverrideUnsafe: aft-state=0
03-14 04:52:09.907 782 797 I thunderperf: CompatConfig.addOverrideUnsafe: bef-state=0
03-14 04:52:09.907 782 797 I thunderperf: CompatConfig.addOverrideUnsafe: aft-state=0
03-14 04:52:09.907 782 797 I thunderperf: CompatConfig.addOverrideUnsafe: bef-state=0
03-14 04:52:09.907 782 797 I thunderperf: CompatConfig.addOverrideUnsafe: aft-state=0
03-14 04:52:09.907 782 797 I thunderperf: CompatConfig.addOverrideUnsafe: bef-state=0
03-14 04:52:09.907 782 797 I thunderperf: CompatConfig.addOverrideUnsafe: aft-state=0
03-14 04:52:09.908 782 797 I thunderperf: CompatConfig.addOverrideUnsafe: bef-state=0
03-14 04:52:09.908 782 797 I thunderperf: CompatConfig.addOverrideUnsafe: aft-state=0
03-14 04:52:09.908 782 797 I thunderperf: CompatConfig.addOverrideUnsafe: bef-state=0
03-14 04:52:09.908 782 797 I thunderperf: CompatConfig.addOverrideUnsafe: aft-state=0
03-14 04:52:09.908 782 797 I thunderperf: CompatConfig.addOverrideUnsafe: bef-state=0
03-14 04:52:09.908 782 797 I thunderperf: CompatConfig.addOverrideUnsafe: aft-state=0
03-14 04:52:09.908 782 797 I thunderperf: CompatConfig.addOverrideUnsafe: bef-state=0
03-14 04:52:09.908 782 797 I thunderperf: CompatConfig.addOverrideUnsafe: aft-state=0
03-14 04:52:09.909 782 797 I thunderperf: CompatConfig.addOverrideUnsafe: bef-state=0
03-14 04:52:09.909 782 797 I thunderperf: CompatConfig.addOverrideUnsafe: aft-state=0
03-14 04:52:09.909 782 797 I thunderperf: CompatConfig.addOverrideUnsafe: bef-state=0
03-14 04:52:09.909 782 797 I thunderperf: CompatConfig.addOverrideUnsafe: aft-state=0
03-14 04:52:09.914 782 797 I ActivityTaskManager: START u0 {act=android.intent.action.MAIN cat=[android.intent.category.LAUNCHER] flg=0x10200000 cmp=com.android.gallery3d/.app.GalleryActivity} from uid 1000
03-14 04:52:09.916 782 797 I wm_task_created: [209,-1]
03-14 04:52:09.916 782 797 W ActivityTaskManager: Can't find TaskDisplayArea to determine support for multi window. Task id=209 attached=false
03-14 04:52:09.917 782 797 D FreeFormWindowHelper: Add freeform task=Task{d152b8a #209 type=standard ?? U=0 visible=false mode=freeform translucent=true sz=0}
03-14 04:52:09.919 782 797 I wm_task_moved: [209,1,7]
03-14 04:52:09.919 782 797 I wm_task_to_front: [0,209]
03-14 04:52:09.919 782 797 I wm_create_task: [0,209]
03-14 04:52:09.919 782 797 I wm_create_activity: [0,201573883,209,com.android.gallery3d/.app.GalleryActivity,android.intent.action.MAIN,NULL,NULL,270532608]
03-14 04:52:09.919 782 797 I wm_task_moved: [209,1,7]
03-14 04:52:09.919 8810 8810 I wm_on_top_resumed_lost_called: [33262128,com.android.music.MusicBrowserActivity,topStateChangedWhenResumed]
03-14 04:52:09.919 782 797 V SplashScreenExceptionList: SplashScreen checking exception for package com.android.gallery3d (target sdk:29) -> false
03-14 04:52:09.920 782 797 I ActivityTaskManager: FOREGROUND_APPLICATION_CHANGED to com.android.gallery3d.app.GalleryActivity
03-14 04:52:09.920 782 797 I ActivityTaskManager: The Process com.android.gallery3d Already Exists in BG. So sending its PID: 5555
03-14 04:52:09.920 782 797 W ActivityTaskManager: Tried to set launchTime (0) < mLastActivityLaunchTime (3694403)
03-14 04:52:09.920 782 797 I wm_restart_activity: [0,201573883,209,com.android.gallery3d/.app.GalleryActivity]
03-14 04:52:09.921 782 797 I wm_set_resumed_activity: [0,com.android.gallery3d/.app.GalleryActivity,minimalResumeActivityLocked]
03-14 04:52:09.922 782 797 W WindowManager: updateScale : 0.79357797
03-14 04:52:09.929 782 822 D AutofillManagerService: Close system dialogs
03-14 04:52:09.933 5555 5555 I wm_on_create_called: [201573883,com.android.gallery3d.app.GalleryActivity,performCreate]
03-14 04:52:09.933 5555 5555 I wm_on_start_called: [201573883,com.android.gallery3d.app.GalleryActivity,handleStartActivity]
03-14 04:52:09.935 5555 5555 I wm_on_resume_called: [201573883,com.android.gallery3d.app.GalleryActivity,RESUME_ACTIVITY]
03-14 04:52:09.936 5555 5555 I wm_on_top_resumed_gained_called: [201573883,com.android.gallery3d.app.GalleryActivity,topStateChangedWhenResumed]
03-14 04:52:09.949 782 797 W WindowManager: updateScale : 0.79357797
03-14 04:52:09.949 782 797 W WindowManager: updateScale : 0.79357797
03-14 04:52:09.951 782 826 I input_focus: [Focus request ec6faad com.android.gallery3d/com.android.gallery3d.app.GalleryActivity,reason=UpdateInputWindows]
03-14 04:52:09.982 782 826 W WindowManager: updateScale : 0.79357797
03-14 04:52:09.982 782 826 W WindowManager: updateScale : 0.79357797
03-14 04:52:09.983 782 1605 I input_focus: [Focus leaving cf8abfd com.android.music/com.android.music.MusicBrowserActivity (server),reason=Waiting for window because NOT_VISIBLE]
03-14 04:52:09.984 782 826 W WindowManager: updateScale : 0.79357797
03-14 04:52:09.984 782 826 W WindowManager: updateScale : 0.79357797
03-14 04:52:09.985 782 826 W WindowManager: updateScale : 0.79357797
03-14 04:52:09.985 782 826 W WindowManager: updateScale : 0.79357797
03-14 04:52:09.985 782 822 I sysui_multi_action: [319,70,322,70,325,3700,757,761,758,8,759,2,806,com.android.gallery3d,871,com.android.gallery3d.app.GalleryActivity,904,android,905,0,1320,4,1321,1]
03-14 04:52:09.986 782 822 I wm_activity_launch_time: [0,201573883,com.android.gallery3d/.app.GalleryActivity,70]
03-14 04:52:10.000 782 1605 I input_focus: [Focus entering ec6faad com.android.gallery3d/com.android.gallery3d.app.GalleryActivity (server),reason=Window became focusable. Previous reason: NOT_VISIBLE]
03-14 04:52:10.050 782 830 I am_pss : [8810,10086,com.android.music,43897856,37531648,0,162480128,0,2,6]
03-14 04:52:10.056 782 830 I am_pss : [8855,1000,com.android.settings,35516416,33456128,0,123641856,0,19,5]
03-14 04:52:10.266 782 826 W WindowManager: updateScale : 0.79357797
03-14 04:52:10.266 782 826 W WindowManager: updateScale : 0.79357797
