03-14 04:53:46.018 782 2170 W FreeFormWindowHelper: Current Display FreeFormTask is Task{4400e1c #214 type=standard A=10086:android.task.music U=0 visible=true mode=freeform translucent=false sz=1}
03-14 04:53:46.020 782 2170 W FreeFormWindowHelper: Current Display FreeFormTask is Task{4400e1c #214 type=standard A=10086:android.task.music U=0 visible=true mode=freeform translucent=false sz=1}
03-14 04:53:46.020 782 797 W FreeFormWindowHelper: Current Display FreeFormTask is Task{4400e1c #214 type=standard A=10086:android.task.music U=0 visible=true mode=freeform translucent=false sz=1}
03-14 04:53:46.035 782 2170 W FreeFormWindowHelper: Current Display FreeFormTask is Task{4400e1c #214 type=standard A=10086:android.task.music U=0 visible=true mode=freeform translucent=false sz=1}
03-14 04:53:46.037 782 2170 W FreeFormWindowHelper: Current Display FreeFormTask is Task{4400e1c #214 type=standard A=10086:android.task.music U=0 visible=true mode=freeform translucent=false sz=1}
03-14 04:53:46.037 782 2170 W FreeFormWindowHelper: Current Display FreeFormTask is Task{4400e1c #214 type=standard A=10086:android.task.music U=0 visible=true mode=freeform translucent=false sz=1}
03-14 04:53:46.052 782 2170 W FreeFormWindowHelper: Current Display FreeFormTask is Task{4400e1c #214 type=standard A=10086:android.task.music U=0 visible=true mode=freeform translucent=false sz=1}
03-14 04:53:46.053 782 3182 W FreeFormWindowHelper: Current Display FreeFormTask is Task{4400e1c #214 type=standard A=10086:android.task.music U=0 visible=true mode=freeform translucent=false sz=1}
03-14 04:53:46.054 782 797 W FreeFormWindowHelper: Current Display FreeFormTask is Task{4400e1c #214 type=standard A=10086:android.task.music U=0 visible=true mode=freeform translucent=false sz=1}
03-14 04:53:46.070 782 2170 W FreeFormWindowHelper: Current Display FreeFormTask is Task{4400e1c #214 type=standard A=10086:android.task.music U=0 visible=true mode=freeform translucent=false sz=1}
03-14 04:53:46.071 782 2170 W FreeFormWindowHelper: Current Display FreeFormTask is Task{4400e1c #214 type=standard A=10086:android.task.music U=0 visible=true mode=freeform translucent=false sz=1}
03-14 04:53:46.072 782 2170 W FreeFormWindowHelper: Current Display FreeFormTask is Task{4400e1c #214 type=standard A=10086:android.task.music U=0 visible=true mode=freeform translucent=false sz=1}
03-14 04:53:46.085 782 2170 W FreeFormWindowHelper: Current Display FreeFormTask is Task{4400e1c #214 type=standard A=10086:android.task.music U=0 visible=true mode=freeform translucent=false sz=1}
03-14 04:53:46.087 782 797 W FreeFormWindowHelper: Current Display FreeFormTask is Task{4400e1c #214 type=standard A=10086:android.task.music U=0 visible=true mode=freeform translucent=false sz=1}
03-14 04:53:46.088 782 797 W FreeFormWindowHelper: Current Display FreeFormTask is Task{4400e1c #214 type=standard A=10086:android.task.music U=0 visible=true mode=freeform translucent=false sz=1}
03-14 04:53:46.108 782 2170 W FreeFormWindowHelper: Current Display FreeFormTask is Task{4400e1c #214 type=standard A=10086:android.task.music U=0 visible=true mode=freeform translucent=false sz=1}
03-14 04:53:46.110 782 2170 I wm_finish_activity: [0,154843685,214,com.android.music/.MusicBrowserActivity,app-request]
03-14 04:53:46.110 782 2170 I wm_task_moved: [1,1,6]
03-14 04:53:46.113 782 2170 I wm_set_resumed_activity: [0,com.android.launcher3/.uioverrides.QuickstepLauncher,positionChildAt]
03-14 04:53:46.113 8810 8810 I wm_on_top_resumed_lost_called: [154843685,com.android.music.MusicBrowserActivity,topStateChangedWhenResumed]
03-14 04:53:46.113 782 2170 I wm_task_moved: [102,1,2147483647]
03-14 04:53:46.113 782 2170 I wm_task_to_front: [0,102]
03-14 04:53:46.113 782 2170 I wm_focused_root_task: [0,0,1,-1,finish-top adjustFocusToNextFocusableTask]
03-14 04:53:46.113 782 2170 I wm_set_resumed_activity: [0,com.android.launcher3/.uioverrides.QuickstepLauncher,finish-top]
03-14 04:53:46.118 782 2170 I wm_pause_activity: [0,154843685,com.android.music/.MusicBrowserActivity,userLeaving=false,finish]
03-14 04:53:46.123 782 826 I input_focus: [Focus request f6966bb com.android.launcher3/com.android.launcher3.uioverrides.QuickstepLauncher,reason=UpdateInputWindows]
03-14 04:53:46.124 782 2170 W FreeFormWindowHelper: Current Display FreeFormTask is Task{4400e1c #214 type=standard A=10086:android.task.music U=0 visible=false mode=freeform translucent=true sz=1}
03-14 04:53:46.124 782 2170 W FreeFormWindowHelper: Current Display FreeFormTask is Task{4400e1c #214 type=standard A=10086:android.task.music U=0 visible=false mode=freeform translucent=true sz=1}
03-14 04:53:46.126 782 797 W FreeFormWindowHelper: Current Display FreeFormTask is Task{4400e1c #214 type=standard A=10086:android.task.music U=0 visible=false mode=freeform translucent=true sz=1}
03-14 04:53:46.128 8810 8810 I wm_on_paused_called: [154843685,com.android.music.MusicBrowserActivity,performPause]
03-14 04:53:46.129 782 8809 I ActivityTaskManager: FOREGROUND_APPLICATION_CHANGED to com.android.launcher3.uioverrides.QuickstepLauncher
03-14 04:53:46.129 782 8809 I wm_destroy_activity: [0,154843685,214,com.android.music/.MusicBrowserActivity,finish-imm:completePausedLocked]
03-14 04:53:46.134 782 1605 I input_focus: [Focus leaving 76a6950 com.android.music/com.android.music.MusicBrowserActivity (server),reason=NO_WINDOW]
03-14 04:53:46.134 782 1605 I input_focus: [Focus entering f6966bb com.android.launcher3/com.android.launcher3.uioverrides.QuickstepLauncher (server),reason=setFocusedWindow]
03-14 04:53:46.143 782 797 W FreeFormWindowHelper: Current Display FreeFormTask is Task{4400e1c #214 type=standard A=10086:android.task.music U=0 visible=false mode=freeform translucent=true sz=1}
03-14 04:53:46.145 782 825 I sysui_multi_action: [757,803,799,window_time_2,802,4]
03-14 04:53:46.147 782 2170 W FreeFormWindowHelper: Current Display FreeFormTask is Task{4400e1c #214 type=standard A=10086:android.task.music U=0 visible=false mode=freeform translucent=true sz=1}
03-14 04:53:46.149 782 2170 W ActivityManager: Receiver with filter android.content.IntentFilter@30330ee already registered for pid 8810, callerPackage is com.android.music
03-14 04:53:46.150 782 2170 W FreeFormWindowHelper: Current Display FreeFormTask is Task{4400e1c #214 type=standard A=10086:android.task.music U=0 visible=false mode=freeform translucent=true sz=1}
03-14 04:53:46.150 782 2170 W FreeFormWindowHelper: Current Display FreeFormTask is Task{4400e1c #214 type=standard A=10086:android.task.music U=0 visible=false mode=freeform translucent=true sz=1}
03-14 04:53:46.153 9060 9060 I wm_on_top_resumed_gained_called: [174418215,com.android.launcher3.uioverrides.QuickstepLauncher,topStateChangedWhenResumed]
03-14 04:53:46.154 8810 8810 I wm_on_stop_called: [154843685,com.android.music.MusicBrowserActivity,LIFECYCLER_STOP_ACTIVITY]
03-14 04:53:46.166 8810 8810 I wm_on_destroy_called: [154843685,com.android.music.MusicBrowserActivity,performDestroy]
03-14 04:53:46.233 782 8809 W FreeFormWindowHelper: Current Display FreeFormTask is Task{4400e1c #214 type=standard A=10086:android.task.music U=0 visible=false mode=freeform translucent=true sz=1}
03-14 04:53:46.430 782 826 I wm_task_removed: [214,removeChild:removeChild last r=ActivityRecord{93aba25 u0 com.android.music/.MusicBrowserActivity t-1 f}} in t=Task{4400e1c #214 type=standard A=10086:android.task.music U=0 visible=false mode=freeform translucent=true sz=0}]
03-14 04:53:46.430 782 826 I wm_task_removed: [214,removeChild]
03-14 04:53:46.431 782 826 D FreeFormWindowHelper: Remove freefrom task=Task{4400e1c #214 type=standard A=10086:android.task.music U=0 visible=false mode=freeform translucent=true sz=0}
03-14 04:53:46.710 782 1605 I input_interaction: Interaction with: f6966bb com.android.launcher3/com.android.launcher3.uioverrides.QuickstepLauncher (server), d04e39a com.android.systemui.ImageWallpaper (server), edge-swipe (server), swipe-up (server), PointerEventDispatcher0 (server),
03-14 04:53:46.752 9060 9060 I view_enqueue_input_event: [Motion - Cancel,com.android.launcher3/com.android.launcher3.uioverrides.QuickstepLauncher]
03-14 04:53:46.754 782 822 D AutofillManagerService: Close system dialogs
03-14 04:53:46.761 782 1605 I input_interaction: Interaction with: edge-swipe (server), swipe-up (server), PointerEventDispatcher0 (server),
01-01 09:03:20.231 0 0 E DTC_ETH,link_delay_work_func: 3003, SQI=0, link=0
03-14 04:53:46.857 782 8809 W FreeFormWindowHelper: exitRecentTasks type=0
03-14 04:53:46.857 782 8809 W ContextImpl: Calling a method in the system process without a qualified user: android.app.ContextImpl.startActivity:1067 com.android.server.wm.FreeFormWindowHelper.exitRecentTasks:435 com.android.server.wm.ActivityTaskManagerService.exitRecentTasks:3821 android.app.IActivityTaskManager$Stub.onTransact:2307 com.android.server.wm.ActivityTaskManagerService.onTransact:5072
03-14 04:53:46.860 782 8809 I thunderperf: PlatormCompat.setOverrides: Uid1=1000 Pid1=782 Uid2=1000 Pid2=782
03-14 04:53:46.860 782 8809 I thunderperf: PlatormCompat.setOverrides: needCheck:false
03-14 04:53:46.860 782 8809 I thunderperf: CompatConfig.addOverrideUnsafe: bef-state=0
03-14 04:53:46.860 782 8809 I thunderperf: CompatConfig.addOverrideUnsafe: aft-state=0
03-14 04:53:46.861 782 8809 I thunderperf: CompatConfig.addOverrideUnsafe: bef-state=0
03-14 04:53:46.861 782 8809 I thunderperf: CompatConfig.addOverrideUnsafe: aft-state=0
03-14 04:53:46.862 782 8809 I thunderperf: CompatConfig.addOverrideUnsafe: bef-state=0
03-14 04:53:46.862 782 8809 I thunderperf: CompatConfig.addOverrideUnsafe: aft-state=0
03-14 04:53:46.862 782 8809 I thunderperf: CompatConfig.addOverrideUnsafe: bef-state=0
03-14 04:53:46.862 782 8809 I thunderperf: CompatConfig.addOverrideUnsafe: aft-state=0
03-14 04:53:46.862 782 8809 I thunderperf: CompatConfig.addOverrideUnsafe: bef-state=0
03-14 04:53:46.862 782 8809 I thunderperf: CompatConfig.addOverrideUnsafe: aft-state=0
03-14 04:53:46.863 782 8809 I thunderperf: CompatConfig.addOverrideUnsafe: bef-state=0
03-14 04:53:46.863 782 8809 I thunderperf: CompatConfig.addOverrideUnsafe: aft-state=0
03-14 04:53:46.863 782 8809 I thunderperf: CompatConfig.addOverrideUnsafe: bef-state=0
03-14 04:53:46.863 782 8809 I thunderperf: CompatConfig.addOverrideUnsafe: aft-state=0
03-14 04:53:46.863 782 8809 I thunderperf: CompatConfig.addOverrideUnsafe: bef-state=0
03-14 04:53:46.863 782 8809 I thunderperf: CompatConfig.addOverrideUnsafe: aft-state=0
03-14 04:53:46.864 782 8809 I thunderperf: CompatConfig.addOverrideUnsafe: bef-state=0
03-14 04:53:46.864 782 8809 I thunderperf: CompatConfig.addOverrideUnsafe: aft-state=0
03-14 04:53:46.864 782 8809 I thunderperf: CompatConfig.addOverrideUnsafe: bef-state=0
03-14 04:53:46.864 782 8809 I thunderperf: CompatConfig.addOverrideUnsafe: aft-state=0
03-14 04:53:46.865 782 8809 I thunderperf: CompatConfig.addOverrideUnsafe: bef-state=0
03-14 04:53:46.865 782 8809 I thunderperf: CompatConfig.addOverrideUnsafe: aft-state=0
03-14 04:53:46.865 782 8809 I thunderperf: CompatConfig.addOverrideUnsafe: bef-state=0
03-14 04:53:46.865 782 8809 I thunderperf: CompatConfig.addOverrideUnsafe: aft-state=0
03-14 04:53:46.865 782 8809 I thunderperf: CompatConfig.addOverrideUnsafe: bef-state=0
03-14 04:53:46.865 782 8809 I thunderperf: CompatConfig.addOverrideUnsafe: aft-state=0
03-14 04:53:46.866 782 8809 I thunderperf: CompatConfig.addOverrideUnsafe: bef-state=0
03-14 04:53:46.866 782 8809 I thunderperf: CompatConfig.addOverrideUnsafe: aft-state=0
03-14 04:53:46.869 782 8809 I ActivityTaskManager: START u0 {act=android.intent.action.MAIN cat=[android.intent.category.LAUNCHER] flg=0x10200000 cmp=com.android.music/.MusicBrowserActivity} from uid 1000
03-14 04:53:46.871 782 8809 I wm_task_created: [216,-1]
03-14 04:53:46.871 782 8809 W ActivityTaskManager: Can't find TaskDisplayArea to determine support for multi window. Task id=216 attached=false
03-14 04:53:46.872 782 8809 D FreeFormWindowHelper: Add freeform task=Task{5dfc252 #216 type=standard ?? U=0 visible=false mode=freeform translucent=true sz=0}
03-14 04:53:46.875 782 8809 I wm_task_moved: [216,1,6]
03-14 04:53:46.875 782 8809 I wm_task_to_front: [0,216]
03-14 04:53:46.875 782 8809 I wm_create_task: [0,216]
03-14 04:53:46.875 782 8809 I wm_create_activity: [0,57417248,216,com.android.music/.MusicBrowserActivity,android.intent.action.MAIN,NULL,NULL,270532608]
03-14 04:53:46.875 782 8809 I wm_task_moved: [216,1,6]
03-14 04:53:46.876 782 8809 I ActivityTaskManager: FOREGROUND_APPLICATION_CHANGED to com.android.music.MusicBrowserActivity
03-14 04:53:46.876 782 8809 I ActivityTaskManager: The Process com.android.music Already Exists in BG. So sending its PID: 8810
03-14 04:53:46.876 782 8809 W ActivityTaskManager: Tried to set launchTime (0) < mLastActivityLaunchTime (3715670)
03-14 04:53:46.877 782 8809 I wm_restart_activity: [0,57417248,216,com.android.music/.MusicBrowserActivity]
03-14 04:53:46.878 782 8809 I wm_set_resumed_activity: [0,com.android.music/.MusicBrowserActivity,minimalResumeActivityLocked]
03-14 04:53:46.878 782 797 W ActivityManager: Receiver with filter android.content.IntentFilter@2f6c3d9 already registered for pid 8810, callerPackage is com.android.music
03-14 04:53:46.881 9060 9060 I wm_on_top_resumed_lost_called: [174418215,com.android.launcher3.uioverrides.QuickstepLauncher,topStateChangedWhenResumed]
03-14 04:53:46.886 782 822 D AutofillManagerService: Close system dialogs
03-14 04:53:46.902 8810 8810 I wm_on_create_called: [57417248,com.android.music.MusicBrowserActivity,performCreate]
03-14 04:53:46.907 8810 8810 I wm_on_start_called: [57417248,com.android.music.MusicBrowserActivity,handleStartActivity]
03-14 04:53:46.907 8810 8810 I wm_on_resume_called: [57417248,com.android.music.MusicBrowserActivity,RESUME_ACTIVITY]
03-14 04:53:46.911 8810 8810 I wm_on_top_resumed_gained_called: [57417248,com.android.music.MusicBrowserActivity,topStateChangedWhenResumed]
03-14 04:53:46.911 782 1699 I GameModeConfig: isGameModeOn = false
03-14 04:53:46.911 782 1699 I GameModeConfig: isGameModeOn = false
03-14 04:53:46.911 782 1699 I GameModeConfig: isGameModeOn = false
03-14 04:53:46.912 782 1699 I GameModeConfig: isGameModeOn = false
03-14 04:53:46.912 782 1699 I GameModeConfig: isGameModeOn = false
03-14 04:53:46.912 782 1699 I GameModeConfig: isGameModeOn = false
03-14 04:53:46.923 782 782 I notification_enqueue: [10086,8810,com.android.music,1,NULL,0,Notification(channel=Channel-music shortcut=null contentView=null vibrate=null sound=null defaults=0x0 flags=0x40 color=0x00000000 category=transport actions=4 vis=PRIVATE),1]
03-14 04:53:46.924 782 782 I notification_enqueue: [10086,8810,com.android.music,1,NULL,0,Notification(channel=Channel-music shortcut=null contentView=null vibrate=null sound=null defaults=0x0 flags=0x40 color=0x00000000 category=transport actions=4 vis=PRIVATE),1]
03-14 04:53:46.931 782 1699 I GameModeConfig: isGameModeOn = false
03-14 04:53:46.931 782 1699 I GameModeConfig: isGameModeOn = false
03-14 04:53:46.932 782 1699 I GameModeConfig: isGameModeOn = false
03-14 04:53:46.932 782 1699 I GameModeConfig: isGameModeOn = false
03-14 04:53:46.932 782 1699 I GameModeConfig: isGameModeOn = false
03-14 04:53:46.932 782 1699 I GameModeConfig: isGameModeOn = false
03-14 04:53:46.942 782 782 I notification_enqueue: [10086,8810,com.android.music,1,NULL,0,Notification(channel=Channel-music shortcut=null contentView=null vibrate=null sound=null defaults=0x0 flags=0x40 color=0x00000000 category=transport actions=4 vis=PRIVATE),1]
03-14 04:53:46.943 782 782 I notification_enqueue: [10086,8810,com.android.music,1,NULL,0,Notification(channel=Channel-music shortcut=null contentView=null vibrate=null sound=null defaults=0x0 flags=0x40 color=0x00000000 category=transport actions=4 vis=PRIVATE),1]
03-14 04:53:46.956 782 3182 W WindowManager: updateScale : 0.45565748
03-14 04:53:46.957 782 826 I input_focus: [Focus request 56fe967 com.android.music/com.android.music.MusicBrowserActivity,reason=UpdateInputWindows]
03-14 04:53:46.967 782 826 W WindowManager: updateScale : 0.45565748
03-14 04:53:46.969 782 826 W WindowManager: updateScale : 0.45565748
03-14 04:53:46.970 782 826 W WindowManager: updateScale : 0.45565748
03-14 04:53:46.970 782 822 I sysui_multi_action: [319,100,322,100,325,3797,757,761,758,8,759,2,806,com.android.music,871,com.android.music.MusicBrowserActivity,904,android,905,0,1320,4,1321,1]
03-14 04:53:46.971 782 822 I wm_activity_launch_time: [0,57417248,com.android.music/.MusicBrowserActivity,100]
03-14 04:53:46.973 782 9058 W ActivityManager: Receiver with filter android.content.IntentFilter@df3e2c2 already registered for pid 8810, callerPackage is com.android.music
03-14 04:53:46.977 782 3182 W WindowManager: updateScale : 0.45565748
03-14 04:53:46.984 782 1605 I input_focus: [Focus leaving f6966bb com.android.launcher3/com.android.launcher3.uioverrides.QuickstepLauncher (server),reason=setFocusedWindow]
03-14 04:53:46.984 782 1605 I input_focus: [Focus entering 56fe967 com.android.music/com.android.music.MusicBrowserActivity (server),reason=setFocusedWindow]
03-14 04:53:47.125 782 782 I GameModeConfig: isGameModeOn = false
03-14 04:53:47.126 782 782 I GameModeConfig: isGameModeOn = false
03-14 04:53:47.143 782 782 I GameModeConfig: isGameModeOn = false
03-14 04:53:47.143 782 782 I GameModeConfig: isGameModeOn = false
03-14 04:53:47.250 782 826 W WindowManager: updateScale : 0.45565748
03-14 04:53:47.346 782 1605 I input_interaction: Interaction with: f6966bb com.android.launcher3/com.android.launcher3.uioverrides.QuickstepLauncher (server), d04e39a com.android.systemui.ImageWallpaper (server), edge-swipe (server), swipe-up (server), PointerEventDispatcher0 (server),
03-14 04:53:47.381 782 8809 W FreeFormWindowHelper: Current Display FreeFormTask is Task{5dfc252 #216 type=standard A=10086:android.task.music U=0 visible=true mode=freeform translucent=false sz=1}
03-14 04:53:47.381 782 8809 W FreeFormWindowHelper: Current Display FreeFormTask is Task{5dfc252 #216 type=standard A=10086:android.task.music U=0 visible=true mode=freeform translucent=false sz=1}
03-14 04:53:47.382 782 9058 W FreeFormWindowHelper: Current Display FreeFormTask is Task{5dfc252 #216 type=standard A=10086:android.task.music U=0 visible=true mode=freeform translucent=false sz=1}
03-14 04:53:47.388 782 822 D AutofillManagerService: Close system dialogs
03-14 04:53:47.388 782 8809 W FreeFormWindowHelper: Current Display FreeFormTask is Task{5dfc252 #216 type=standard A=10086:android.task.music U=0 visible=true mode=freeform translucent=false sz=1}
03-14 04:53:47.389 782 8809 W FreeFormWindowHelper: Current Display FreeFormTask is Task{5dfc252 #216 type=standard A=10086:android.task.music U=0 visible=true mode=freeform translucent=false sz=1}
03-14 04:53:47.389 9060 9060 I view_enqueue_input_event: [Motion - Cancel,com.android.launcher3/com.android.launcher3.uioverrides.QuickstepLauncher]
03-14 04:53:47.390 782 8809 W FreeFormWindowHelper: Current Display FreeFormTask is Task{5dfc252 #216 type=standard A=10086:android.task.music U=0 visible=true mode=freeform translucent=false sz=1}
03-14 04:53:47.390 782 8809 W FreeFormWindowHelper: Current Display FreeFormTask is Task{5dfc252 #216 type=standard A=10086:android.task.music U=0 visible=true mode=freeform translucent=false sz=1}
03-14 04:53:47.391 782 8809 W FreeFormWindowHelper: Current Display FreeFormTask is Task{5dfc252 #216 type=standard A=10086:android.task.music U=0 visible=true mode=freeform translucent=false sz=1}
03-14 04:53:47.391 782 8809 W FreeFormWindowHelper: Current Display FreeFormTask is Task{5dfc252 #216 type=standard A=10086:android.task.music U=0 visible=true mode=freeform translucent=false sz=1}
03-14 04:53:47.391 782 9058 W FreeFormWindowHelper: Current Display FreeFormTask is Task{5dfc252 #216 type=standard A=10086:android.task.music U=0 visible=true mode=freeform translucent=false sz=1}
03-14 04:53:47.392 782 8809 W FreeFormWindowHelper: Current Display FreeFormTask is Task{5dfc252 #216 type=standard A=10086:android.task.music U=0 visible=true mode=freeform translucent=false sz=1}
03-14 04:53:47.392 782 9058 W FreeFormWindowHelper: Current Display FreeFormTask is Task{5dfc252 #216 type=standard A=10086:android.task.music U=0 visible=true mode=freeform translucent=false sz=1}
03-14 04:53:47.392 782 8809 W FreeFormWindowHelper: Current Display FreeFormTask is Task{5dfc252 #216 type=standard A=10086:android.task.music U=0 visible=true mode=freeform translucent=false sz=1}
03-14 04:53:47.393 782 9058 W FreeFormWindowHelper: Current Display FreeFormTask is Task{5dfc252 #216 type=standard A=10086:android.task.music U=0 visible=true mode=freeform translucent=false sz=1}
03-14 04:53:47.393 782 8809 W ActivityTaskManager: getTaskSnapshot: taskId=-345 not found
03-14 04:53:47.393 782 9058 W FreeFormWindowHelper: Current Display FreeFormTask is Task{5dfc252 #216 type=standard A=10086:android.task.music U=0 visible=true mode=freeform translucent=false sz=1}
03-14 04:53:47.394 782 9058 W ActivityTaskManager: getTaskSnapshot: taskId=-344 not found
03-14 04:53:47.395 782 9058 W ActivityTaskManager: getTaskSnapshot: taskId=-344 not found
03-14 04:53:47.395 782 9058 W ActivityTaskManager: getTaskSnapshot: taskId=-344 not found
03-14 04:53:47.397 782 9058 W FreeFormWindowHelper: Current Display FreeFormTask is Task{5dfc252 #216 type=standard A=10086:android.task.music U=0 visible=true mode=freeform translucent=false sz=1}
03-14 04:53:47.397 782 9058 W FreeFormWindowHelper: Current Display FreeFormTask is Task{5dfc252 #216 type=standard A=10086:android.task.music U=0 visible=true mode=freeform translucent=false sz=1}
03-14 04:53:47.398 782 1605 I input_interaction: Interaction with: edge-swipe (server), swipe-up (server), PointerEventDispatcher0 (server),
03-14 04:53:47.414 782 9058 W FreeFormWindowHelper: Current Display FreeFormTask is Task{5dfc252 #216 type=standard A=10086:android.task.music U=0 visible=true mode=freeform translucent=false sz=1}
03-14 04:53:47.414 782 9058 W FreeFormWindowHelper: Current Display FreeFormTask is Task{5dfc252 #216 type=standard A=10086:android.task.music U=0 visible=true mode=freeform translucent=false sz=1}
03-14 04:53:47.583 782 1331 I commit_sys_config_file: [settings-1-0,2]
03-14 04:53:47.744 782 9058 W FreeFormWindowHelper: Current Display FreeFormTask is Task{5dfc252 #216 type=standard A=10086:android.task.music U=0 visible=true mode=freeform translucent=false sz=1}
03-14 04:53:47.744 782 8809 W FreeFormWindowHelper: Current Display FreeFormTask is Task{5dfc252 #216 type=standard A=10086:android.task.music U=0 visible=true mode=freeform translucent=false sz=1}
03-14 04:53:47.750 782 9058 W FreeFormWindowHelper: exitRecentTasks type=0
03-14 04:53:47.752 782 9058 W FreeFormWindowHelper: Current Display FreeFormTask is Task{5dfc252 #216 type=standard A=10086:android.task.music U=0 visible=true mode=freeform translucent=false sz=1}
03-14 04:53:47.752 782 9058 W FreeFormWindowHelper: Current Display FreeFormTask is Task{5dfc252 #216 type=standard A=10086:android.task.music U=0 visible=true mode=freeform translucent=false sz=1}
03-14 04:53:47.953 782 1331 I commit_sys_config_file: [settings-1-0,2]
03-14 04:53:48.309 782 1605 I input_interaction: Interaction with: f6966bb com.android.launcher3/com.android.launcher3.uioverrides.QuickstepLauncher (server), d04e39a com.android.systemui.ImageWallpaper (server), edge-swipe (server), swipe-up (server), PointerEventDispatcher0 (server),
03-14 04:53:48.366 782 9058 W FreeFormWindowHelper: Current Display FreeFormTask is Task{5dfc252 #216 type=standard A=10086:android.task.music U=0 visible=true mode=freeform translucent=false sz=1}
03-14 04:53:48.367 782 9058 W FreeFormWindowHelper: Current Display FreeFormTask is Task{5dfc252 #216 type=standard A=10086:android.task.music U=0 visible=true mode=freeform translucent=false sz=1}
03-14 04:53:48.373 9060 9060 I view_enqueue_input_event: [Motion - Cancel,com.android.launcher3/com.android.launcher3.uioverrides.QuickstepLauncher]
03-14 04:53:48.373 782 822 D AutofillManagerService: Close system dialogs
03-14 04:53:48.373 782 9058 W FreeFormWindowHelper: Current Display FreeFormTask is Task{5dfc252 #216 type=standard A=10086:android.task.music U=0 visible=true mode=freeform translucent=false sz=1}
03-14 04:53:48.374 782 9058 W FreeFormWindowHelper: Current Display FreeFormTask is Task{5dfc252 #216 type=standard A=10086:android.task.music U=0 visible=true mode=freeform translucent=false sz=1}
03-14 04:53:48.374 782 9058 W FreeFormWindowHelper: Current Display FreeFormTask is Task{5dfc252 #216 type=standard A=10086:android.task.music U=0 visible=true mode=freeform translucent=false sz=1}
03-14 04:53:48.375 782 1605 I input_interaction: Interaction with: edge-swipe (server), swipe-up (server), PointerEventDispatcher0 (server),
03-14 04:53:48.375 782 9058 W FreeFormWindowHelper: Current Display FreeFormTask is Task{5dfc252 #216 type=standard A=10086:android.task.music U=0 visible=true mode=freeform translucent=false sz=1}
03-14 04:53:48.375 782 9058 W FreeFormWindowHelper: Current Display FreeFormTask is Task{5dfc252 #216 type=standard A=10086:android.task.music U=0 visible=true mode=freeform translucent=false sz=1}
03-14 04:53:48.376 782 9058 W FreeFormWindowHelper: Current Display FreeFormTask is Task{5dfc252 #216 type=standard A=10086:android.task.music U=0 visible=true mode=freeform translucent=false sz=1}
03-14 04:53:48.376 782 8809 W FreeFormWindowHelper: Current Display FreeFormTask is Task{5dfc252 #216 type=standard A=10086:android.task.music U=0 visible=true mode=freeform translucent=false sz=1}
03-14 04:53:48.377 782 9058 W FreeFormWindowHelper: Current Display FreeFormTask is Task{5dfc252 #216 type=standard A=10086:android.task.music U=0 visible=true mode=freeform translucent=false sz=1}
03-14 04:53:48.377 782 8809 W FreeFormWindowHelper: Current Display FreeFormTask is Task{5dfc252 #216 type=standard A=10086:android.task.music U=0 visible=true mode=freeform translucent=false sz=1}
03-14 04:53:48.377 782 9058 W FreeFormWindowHelper: Current Display FreeFormTask is Task{5dfc252 #216 type=standard A=10086:android.task.music U=0 visible=true mode=freeform translucent=false sz=1}
03-14 04:53:48.378 782 8809 W FreeFormWindowHelper: Current Display FreeFormTask is Task{5dfc252 #216 type=standard A=10086:android.task.music U=0 visible=true mode=freeform translucent=false sz=1}
03-14 04:53:48.378 782 9058 W ActivityTaskManager: getTaskSnapshot: taskId=-360 not found
03-14 04:53:48.378 782 8809 W FreeFormWindowHelper: Current Display FreeFormTask is Task{5dfc252 #216 type=standard A=10086:android.task.music U=0 visible=true mode=freeform translucent=false sz=1}
03-14 04:53:48.379 782 8809 W ActivityTaskManager: getTaskSnapshot: taskId=-360 not found
03-14 04:53:48.379 782 8809 W ActivityTaskManager: getTaskSnapshot: taskId=-359 not found
03-14 04:53:48.379 782 8809 W ActivityTaskManager: getTaskSnapshot: taskId=-359 not found
03-14 04:53:48.383 782 8809 W FreeFormWindowHelper: Current Display FreeFormTask is Task{5dfc252 #216 type=standard A=10086:android.task.music U=0 visible=true mode=freeform translucent=false sz=1}
03-14 04:53:48.383 782 8809 W FreeFormWindowHelper: Current Display FreeFormTask is Task{5dfc252 #216 type=standard A=10086:android.task.music U=0 visible=true mode=freeform translucent=false sz=1}
03-14 04:53:48.399 782 8809 W FreeFormWindowHelper: Current Display FreeFormTask is Task{5dfc252 #216 type=standard A=10086:android.task.music U=0 visible=true mode=freeform translucent=false sz=1}
03-14 04:53:48.400 782 8809 W FreeFormWindowHelper: Current Display FreeFormTask is Task{5dfc252 #216 type=standard A=10086:android.task.music U=0 visible=true mode=freeform translucent=false sz=1}
03-14 04:53:48.568 782 1331 I commit_sys_config_file: [settings-1-0,1]
03-14 04:53:48.721 782 9058 W FreeFormWindowHelper: Current Display FreeFormTask is Task{5dfc252 #216 type=standard A=10086:android.task.music U=0 visible=true mode=freeform translucent=false sz=1}
03-14 04:53:48.724 782 8809 W FreeFormWindowHelper: Current Display FreeFormTask is Task{5dfc252 #216 type=standard A=10086:android.task.music U=0 visible=true mode=freeform translucent=false sz=1}
03-14 04:53:48.724 782 8809 W FreeFormWindowHelper: Current Display FreeFormTask is Task{5dfc252 #216 type=standard A=10086:android.task.music U=0 visible=true mode=freeform translucent=false sz=1}
03-14 04:53:48.727 782 9058 W FreeFormWindowHelper: Current Display FreeFormTask is Task{5dfc252 #216 type=standard A=10086:android.task.music U=0 visible=true mode=freeform translucent=false sz=1}
03-14 04:53:48.729 782 8809 W FreeFormWindowHelper: Current Display FreeFormTask is Task{5dfc252 #216 type=standard A=10086:android.task.music U=0 visible=true mode=freeform translucent=false sz=1}
03-14 04:53:48.735 782 9058 W FreeFormWindowHelper: Current Display FreeFormTask is Task{5dfc252 #216 type=standard A=10086:android.task.music U=0 visible=true mode=freeform translucent=false sz=1}
03-14 04:53:48.736 782 9058 W FreeFormWindowHelper: Current Display FreeFormTask is Task{5dfc252 #216 type=standard A=10086:android.task.music U=0 visible=true mode=freeform translucent=false sz=1}
03-14 04:53:48.736 782 9058 W FreeFormWindowHelper: Current Display FreeFormTask is Task{5dfc252 #216 type=standard A=10086:android.task.music U=0 visible=true mode=freeform translucent=false sz=1}
03-14 04:53:48.753 782 8809 W FreeFormWindowHelper: Current Display FreeFormTask is Task{5dfc252 #216 type=standard A=10086:android.task.music U=0 visible=true mode=freeform translucent=false sz=1}
03-14 04:53:48.753 782 8809 W FreeFormWindowHelper: Current Display FreeFormTask is Task{5dfc252 #216 type=standard A=10086:android.task.music U=0 visible=true mode=freeform translucent=false sz=1}
03-14 04:53:48.753 782 8809 W FreeFormWindowHelper: Current Display FreeFormTask is Task{5dfc252 #216 type=standard A=10086:android.task.music U=0 visible=true mode=freeform translucent=false sz=1}
03-14 04:53:48.769 782 9058 W FreeFormWindowHelper: Current Display FreeFormTask is Task{5dfc252 #216 type=standard A=10086:android.task.music U=0 visible=true mode=freeform translucent=false sz=1}
03-14 04:53:48.770 782 9058 W FreeFormWindowHelper: Current Display FreeFormTask is Task{5dfc252 #216 type=standard A=10086:android.task.music U=0 visible=true mode=freeform translucent=false sz=1}
03-14 04:53:48.770 782 9058 W FreeFormWindowHelper: Current Display FreeFormTask is Task{5dfc252 #216 type=standard A=10086:android.task.music U=0 visible=true mode=freeform translucent=false sz=1}
03-14 04:53:48.786 782 8809 W FreeFormWindowHelper: Current Display FreeFormTask is Task{5dfc252 #216 type=standard A=10086:android.task.music U=0 visible=true mode=freeform translucent=false sz=1}
03-14 04:53:48.786 782 8809 W FreeFormWindowHelper: Current Display FreeFormTask is Task{5dfc252 #216 type=standard A=10086:android.task.music U=0 visible=true mode=freeform translucent=false sz=1}
03-14 04:53:48.786 782 8809 W FreeFormWindowHelper: Current Display FreeFormTask is Task{5dfc252 #216 type=standard A=10086:android.task.music U=0 visible=true mode=freeform translucent=false sz=1}
03-14 04:53:48.802 782 9058 W FreeFormWindowHelper: Current Display FreeFormTask is Task{5dfc252 #216 type=standard A=10086:android.task.music U=0 visible=true mode=freeform translucent=false sz=1}
03-14 04:53:48.803 782 9058 W FreeFormWindowHelper: Current Display FreeFormTask is Task{5dfc252 #216 type=standard A=10086:android.task.music U=0 visible=true mode=freeform translucent=false sz=1}
03-14 04:53:48.803 782 9058 W FreeFormWindowHelper: Current Display FreeFormTask is Task{5dfc252 #216 type=standard A=10086:android.task.music U=0 visible=true mode=freeform translucent=false sz=1}
03-14 04:53:48.819 782 8809 W FreeFormWindowHelper: Current Display FreeFormTask is Task{5dfc252 #216 type=standard A=10086:android.task.music U=0 visible=true mode=freeform translucent=false sz=1}
03-14 04:53:48.820 782 8809 W FreeFormWindowHelper: Current Display FreeFormTask is Task{5dfc252 #216 type=standard A=10086:android.task.music U=0 visible=true mode=freeform translucent=false sz=1}
03-14 04:53:48.820 782 8809 W FreeFormWindowHelper: Current Display FreeFormTask is Task{5dfc252 #216 type=standard A=10086:android.task.music U=0 visible=true mode=freeform translucent=false sz=1}
03-14 04:53:48.836 782 9058 W FreeFormWindowHelper: Current Display FreeFormTask is Task{5dfc252 #216 type=standard A=10086:android.task.music U=0 visible=true mode=freeform translucent=false sz=1}
03-14 04:53:48.836 782 9058 W FreeFormWindowHelper: Current Display FreeFormTask is Task{5dfc252 #216 type=standard A=10086:android.task.music U=0 visible=true mode=freeform translucent=false sz=1}
03-14 04:53:48.836 782 9058 W FreeFormWindowHelper: Current Display FreeFormTask is Task{5dfc252 #216 type=standard A=10086:android.task.music U=0 visible=true mode=freeform translucent=false sz=1}
03-14 04:53:48.852 782 9058 W FreeFormWindowHelper: Current Display FreeFormTask is Task{5dfc252 #216 type=standard A=10086:android.task.music U=0 visible=true mode=freeform translucent=false sz=1}
03-14 04:53:48.853 782 9058 W FreeFormWindowHelper: Current Display FreeFormTask is Task{5dfc252 #216 type=standard A=10086:android.task.music U=0 visible=true mode=freeform translucent=false sz=1}
03-14 04:53:48.853 782 9058 W FreeFormWindowHelper: Current Display FreeFormTask is Task{5dfc252 #216 type=standard A=10086:android.task.music U=0 visible=true mode=freeform translucent=false sz=1}
03-14 04:53:48.869 782 8809 W FreeFormWindowHelper: Current Display FreeFormTask is Task{5dfc252 #216 type=standard A=10086:android.task.music U=0 visible=true mode=freeform translucent=false sz=1}
03-14 04:53:48.870 782 8809 W FreeFormWindowHelper: Current Display FreeFormTask is Task{5dfc252 #216 type=standard A=10086:android.task.music U=0 visible=true mode=freeform translucent=false sz=1}
03-14 04:53:48.870 782 8809 W FreeFormWindowHelper: Current Display FreeFormTask is Task{5dfc252 #216 type=standard A=10086:android.task.music U=0 visible=true mode=freeform translucent=false sz=1}
03-14 04:53:48.897 782 9058 W FreeFormWindowHelper: Current Display FreeFormTask is Task{5dfc252 #216 type=standard A=10086:android.task.music U=0 visible=true mode=freeform translucent=false sz=1}
03-14 04:53:48.899 782 9058 W FreeFormWindowHelper: Current Display FreeFormTask is Task{5dfc252 #216 type=standard A=10086:android.task.music U=0 visible=true mode=freeform translucent=false sz=1}
03-14 04:53:48.900 782 9058 W FreeFormWindowHelper: Current Display FreeFormTask is Task{5dfc252 #216 type=standard A=10086:android.task.music U=0 visible=true mode=freeform translucent=false sz=1}
03-14 04:53:48.913 782 9058 W FreeFormWindowHelper: Current Display FreeFormTask is Task{5dfc252 #216 type=standard A=10086:android.task.music U=0 visible=true mode=freeform translucent=false sz=1}
03-14 04:53:48.915 782 9058 W FreeFormWindowHelper: Current Display FreeFormTask is Task{5dfc252 #216 type=standard A=10086:android.task.music U=0 visible=true mode=freeform translucent=false sz=1}
03-14 04:53:48.916 782 9058 W FreeFormWindowHelper: Current Display FreeFormTask is Task{5dfc252 #216 type=standard A=10086:android.task.music U=0 visible=true mode=freeform translucent=false sz=1}
03-14 04:53:48.924 782 1331 I commit_sys_config_file: [settings-1-0,2]
03-14 04:53:48.927 782 9058 W FreeFormWindowHelper: Current Display FreeFormTask is Task{5dfc252 #216 type=standard A=10086:android.task.music U=0 visible=true mode=freeform translucent=false sz=1}
03-14 04:53:48.928 782 9058 W FreeFormWindowHelper: Current Display FreeFormTask is Task{5dfc252 #216 type=standard A=10086:android.task.music U=0 visible=true mode=freeform translucent=false sz=1}
03-14 04:53:48.929 782 9058 W FreeFormWindowHelper: Current Display FreeFormTask is Task{5dfc252 #216 type=standard A=10086:android.task.music U=0 visible=true mode=freeform translucent=false sz=1}
03-14 04:53:48.944 782 9058 W FreeFormWindowHelper: Current Display FreeFormTask is Task{5dfc252 #216 type=standard A=10086:android.task.music U=0 visible=true mode=freeform translucent=false sz=1}
03-14 04:53:48.946 782 9058 W FreeFormWindowHelper: Current Display FreeFormTask is Task{5dfc252 #216 type=standard A=10086:android.task.music U=0 visible=true mode=freeform translucent=false sz=1}
03-14 04:53:48.946 782 9058 W FreeFormWindowHelper: Current Display FreeFormTask is Task{5dfc252 #216 type=standard A=10086:android.task.music U=0 visible=true mode=freeform translucent=false sz=1}
03-14 04:53:48.962 782 9058 W FreeFormWindowHelper: Current Display FreeFormTask is Task{5dfc252 #216 type=standard A=10086:android.task.music U=0 visible=true mode=freeform translucent=false sz=1}
03-14 04:53:48.963 782 9058 W FreeFormWindowHelper: Current Display FreeFormTask is Task{5dfc252 #216 type=standard A=10086:android.task.music U=0 visible=true mode=freeform translucent=false sz=1}
03-14 04:53:48.964 782 9058 W FreeFormWindowHelper: Current Display FreeFormTask is Task{5dfc252 #216 type=standard A=10086:android.task.music U=0 visible=true mode=freeform translucent=false sz=1}
03-14 04:53:48.974 782 9058 W FreeFormWindowHelper: Current Display FreeFormTask is Task{5dfc252 #216 type=standard A=10086:android.task.music U=0 visible=true mode=freeform translucent=false sz=1}
03-14 04:53:48.975 782 9058 W FreeFormWindowHelper: Current Display FreeFormTask is Task{5dfc252 #216 type=standard A=10086:android.task.music U=0 visible=true mode=freeform translucent=false sz=1}
03-14 04:53:48.976 782 9058 W FreeFormWindowHelper: Current Display FreeFormTask is Task{5dfc252 #216 type=standard A=10086:android.task.music U=0 visible=true mode=freeform translucent=false sz=1}
03-14 04:53:48.994 782 9058 W FreeFormWindowHelper: Current Display FreeFormTask is Task{5dfc252 #216 type=standard A=10086:android.task.music U=0 visible=true mode=freeform translucent=false sz=1}
03-14 04:53:48.996 782 8809 W FreeFormWindowHelper: Current Display FreeFormTask is Task{5dfc252 #216 type=standard A=10086:android.task.music U=0 visible=true mode=freeform translucent=false sz=1}
03-14 04:53:48.996 782 8809 W FreeFormWindowHelper: Current Display FreeFormTask is Task{5dfc252 #216 type=standard A=10086:android.task.music U=0 visible=true mode=freeform translucent=false sz=1}
03-14 04:53:49.010 782 8809 W FreeFormWindowHelper: Current Display FreeFormTask is Task{5dfc252 #216 type=standard A=10086:android.task.music U=0 visible=true mode=freeform translucent=false sz=1}
03-14 04:53:49.011 782 8809 W FreeFormWindowHelper: Current Display FreeFormTask is Task{5dfc252 #216 type=standard A=10086:android.task.music U=0 visible=true mode=freeform translucent=false sz=1}
03-14 04:53:49.012 782 8809 W FreeFormWindowHelper: Current Display FreeFormTask is Task{5dfc252 #216 type=standard A=10086:android.task.music U=0 visible=true mode=freeform translucent=false sz=1}
03-14 04:53:49.026 782 8809 W FreeFormWindowHelper: Current Display FreeFormTask is Task{5dfc252 #216 type=standard A=10086:android.task.music U=0 visible=true mode=freeform translucent=false sz=1}
03-14 04:53:49.028 782 8809 W FreeFormWindowHelper: Current Display FreeFormTask is Task{5dfc252 #216 type=standard A=10086:android.task.music U=0 visible=true mode=freeform translucent=false sz=1}
03-14 04:53:49.028 782 8809 W FreeFormWindowHelper: Current Display FreeFormTask is Task{5dfc252 #216 type=standard A=10086:android.task.music U=0 visible=true mode=freeform translucent=false sz=1}
03-14 04:53:49.043 782 8809 W FreeFormWindowHelper: Current Display FreeFormTask is Task{5dfc252 #216 type=standard A=10086:android.task.music U=0 visible=true mode=freeform translucent=false sz=1}
03-14 04:53:49.045 782 8809 I wm_finish_activity: [0,57417248,216,com.android.music/.MusicBrowserActivity,app-request]
03-14 04:53:49.045 782 8809 I wm_task_moved: [1,1,6]
03-14 04:53:49.048 782 8809 I wm_set_resumed_activity: [0,com.android.launcher3/.uioverrides.QuickstepLauncher,positionChildAt]
03-14 04:53:49.048 8810 8810 I wm_on_top_resumed_lost_called: [57417248,com.android.music.MusicBrowserActivity,topStateChangedWhenResumed]
03-14 04:53:49.048 782 8809 I wm_task_moved: [102,1,2147483647]
03-14 04:53:49.048 782 8809 I wm_task_to_front: [0,102]
03-14 04:53:49.048 782 8809 I wm_focused_root_task: [0,0,1,-1,finish-top adjustFocusToNextFocusableTask]
03-14 04:53:49.048 782 8809 I wm_set_resumed_activity: [0,com.android.launcher3/.uioverrides.QuickstepLauncher,finish-top]
03-14 04:53:49.052 782 8809 I wm_pause_activity: [0,57417248,com.android.music/.MusicBrowserActivity,userLeaving=false,finish]
03-14 04:53:49.056 782 8809 W FreeFormWindowHelper: Current Display FreeFormTask is Task{5dfc252 #216 type=standard A=10086:android.task.music U=0 visible=false mode=freeform translucent=true sz=1}
03-14 04:53:49.057 782 2170 W FreeFormWindowHelper: Current Display FreeFormTask is Task{5dfc252 #216 type=standard A=10086:android.task.music U=0 visible=false mode=freeform translucent=true sz=1}
03-14 04:53:49.058 782 826 I input_focus: [Focus request f6966bb com.android.launcher3/com.android.launcher3.uioverrides.QuickstepLauncher,reason=UpdateInputWindows]
03-14 04:53:49.058 782 8809 W FreeFormWindowHelper: Current Display FreeFormTask is Task{5dfc252 #216 type=standard A=10086:android.task.music U=0 visible=false mode=freeform translucent=true sz=1}
03-14 04:53:49.059 8810 8810 I wm_on_paused_called: [57417248,com.android.music.MusicBrowserActivity,performPause]
03-14 04:53:49.064 782 2170 I ActivityTaskManager: FOREGROUND_APPLICATION_CHANGED to com.android.launcher3.uioverrides.QuickstepLauncher
03-14 04:53:49.064 782 2170 I wm_destroy_activity: [0,57417248,216,com.android.music/.MusicBrowserActivity,finish-imm:completePausedLocked]
03-14 04:53:49.074 782 8809 W ActivityManager: Receiver with filter android.content.IntentFilter@d739270 already registered for pid 8810, callerPackage is com.android.music
03-14 04:53:49.075 782 1605 I input_focus: [Focus leaving 56fe967 com.android.music/com.android.music.MusicBrowserActivity (server),reason=NO_WINDOW]
03-14 04:53:49.075 782 1605 I input_focus: [Focus entering f6966bb com.android.launcher3/com.android.launcher3.uioverrides.QuickstepLauncher (server),reason=setFocusedWindow]
03-14 04:53:49.077 782 825 I sysui_multi_action: [757,803,799,window_time_0,802,2]
03-14 04:53:49.083 8810 8810 I wm_on_stop_called: [57417248,com.android.music.MusicBrowserActivity,LIFECYCLER_STOP_ACTIVITY]
03-14 04:53:49.084 782 9058 W FreeFormWindowHelper: Current Display FreeFormTask is Task{5dfc252 #216 type=standard A=10086:android.task.music U=0 visible=false mode=freeform translucent=true sz=1}
03-14 04:53:49.088 782 9058 W FreeFormWindowHelper: Current Display FreeFormTask is Task{5dfc252 #216 type=standard A=10086:android.task.music U=0 visible=false mode=freeform translucent=true sz=1}
03-14 04:53:49.091 782 3182 W FreeFormWindowHelper: Current Display FreeFormTask is Task{5dfc252 #216 type=standard A=10086:android.task.music U=0 visible=false mode=freeform translucent=true sz=1}
03-14 04:53:49.091 8810 8810 I wm_on_destroy_called: [57417248,com.android.music.MusicBrowserActivity,performDestroy]
03-14 04:53:49.092 782 3182 W FreeFormWindowHelper: Current Display FreeFormTask is Task{5dfc252 #216 type=standard A=10086:android.task.music U=0 visible=false mode=freeform translucent=true sz=1}
03-14 04:53:49.095 9060 9060 I wm_on_top_resumed_gained_called: [174418215,com.android.launcher3.uioverrides.QuickstepLauncher,topStateChangedWhenResumed]
03-14 04:53:49.168 782 3182 W FreeFormWindowHelper: Current Display FreeFormTask is Task{5dfc252 #216 type=standard A=10086:android.task.music U=0 visible=false mode=freeform translucent=true sz=1}
03-14 04:53:49.354 782 826 I wm_task_removed: [216,removeChild:removeChild last r=ActivityRecord{36c1e20 u0 com.android.music/.MusicBrowserActivity t-1 f}} in t=Task{5dfc252 #216 type=standard A=10086:android.task.music U=0 visible=false mode=freeform translucent=true sz=0}]
03-14 04:53:49.354 782 826 I wm_task_removed: [216,removeChild]
03-14 04:53:49.354 782 826 D FreeFormWindowHelper: Remove freefrom task=Task{5dfc252 #216 type=standard A=10086:android.task.music U=0 visible=false mode=freeform translucent=true sz=0}
03-14 04:53:49.566 782 1605 I input_interaction: Interaction with: f6966bb com.android.launcher3/com.android.launcher3.uioverrides.QuickstepLauncher (server), d04e39a com.android.systemui.ImageWallpaper (server), edge-swipe (server), swipe-up (server), PointerEventDispatcher0 (server),
03-14 04:53:49.607 9060 9060 I view_enqueue_input_event: [Motion - Cancel,com.android.launcher3/com.android.launcher3.uioverrides.QuickstepLauncher]
03-14 04:53:49.609 782 822 D AutofillManagerService: Close system dialogs
03-14 04:53:49.618 782 1605 I input_interaction: Interaction with: edge-swipe (server), swipe-up (server), PointerEventDispatcher0 (server),
03-14 04:53:49.726 782 8809 W FreeFormWindowHelper: exitRecentTasks type=0
03-14 04:53:49.726 782 8809 W ContextImpl: Calling a method in the system process without a qualified user: android.app.ContextImpl.startActivity:1067 com.android.server.wm.FreeFormWindowHelper.exitRecentTasks:435 com.android.server.wm.ActivityTaskManagerService.exitRecentTasks:3821 android.app.IActivityTaskManager$Stub.onTransact:2307 com.android.server.wm.ActivityTaskManagerService.onTransact:5072
03-14 04:53:49.728 782 8809 I thunderperf: PlatormCompat.setOverrides: Uid1=1000 Pid1=782 Uid2=1000 Pid2=782
03-14 04:53:49.728 782 8809 I thunderperf: PlatormCompat.setOverrides: needCheck:false
03-14 04:53:49.728 782 8809 I thunderperf: CompatConfig.addOverrideUnsafe: bef-state=0
03-14 04:53:49.728 782 8809 I thunderperf: CompatConfig.addOverrideUnsafe: aft-state=0
03-14 04:53:49.729 782 8809 I thunderperf: CompatConfig.addOverrideUnsafe: bef-state=0
03-14 04:53:49.729 782 8809 I thunderperf: CompatConfig.addOverrideUnsafe: aft-state=0
03-14 04:53:49.730 782 8809 I thunderperf: CompatConfig.addOverrideUnsafe: bef-state=0
03-14 04:53:49.730 782 8809 I thunderperf: CompatConfig.addOverrideUnsafe: aft-state=0
03-14 04:53:49.730 782 8809 I thunderperf: CompatConfig.addOverrideUnsafe: bef-state=0
03-14 04:53:49.730 782 8809 I thunderperf: CompatConfig.addOverrideUnsafe: aft-state=0
03-14 04:53:49.731 782 8809 I thunderperf: CompatConfig.addOverrideUnsafe: bef-state=0
03-14 04:53:49.731 782 8809 I thunderperf: CompatConfig.addOverrideUnsafe: aft-state=0
03-14 04:53:49.732 782 8809 I thunderperf: CompatConfig.addOverrideUnsafe: bef-state=0
03-14 04:53:49.732 782 8809 I thunderperf: CompatConfig.addOverrideUnsafe: aft-state=0
03-14 04:53:49.732 782 8809 I thunderperf: CompatConfig.addOverrideUnsafe: bef-state=0
03-14 04:53:49.732 782 8809 I thunderperf: CompatConfig.addOverrideUnsafe: aft-state=0
03-14 04:53:49.733 782 8809 I thunderperf: CompatConfig.addOverrideUnsafe: bef-state=0
03-14 04:53:49.733 782 8809 I thunderperf: CompatConfig.addOverrideUnsafe: aft-state=0
03-14 04:53:49.733 782 8809 I thunderperf: CompatConfig.addOverrideUnsafe: bef-state=0
03-14 04:53:49.733 782 8809 I thunderperf: CompatConfig.addOverrideUnsafe: aft-state=0
03-14 04:53:49.734 782 8809 I thunderperf: CompatConfig.addOverrideUnsafe: bef-state=0
03-14 04:53:49.734 782 8809 I thunderperf: CompatConfig.addOverrideUnsafe: aft-state=0
03-14 04:53:49.734 782 8809 I thunderperf: CompatConfig.addOverrideUnsafe: bef-state=0
03-14 04:53:49.734 782 8809 I thunderperf: CompatConfig.addOverrideUnsafe: aft-state=0
03-14 04:53:49.734 782 8809 I thunderperf: CompatConfig.addOverrideUnsafe: bef-state=0
03-14 04:53:49.735 782 8809 I thunderperf: CompatConfig.addOverrideUnsafe: aft-state=0
03-14 04:53:49.735 782 8809 I thunderperf: CompatConfig.addOverrideUnsafe: bef-state=0
03-14 04:53:49.735 782 8809 I thunderperf: CompatConfig.addOverrideUnsafe: aft-state=0
03-14 04:53:49.736 782 8809 I thunderperf: CompatConfig.addOverrideUnsafe: bef-state=0
03-14 04:53:49.736 782 8809 I thunderperf: CompatConfig.addOverrideUnsafe: aft-state=0
03-14 04:53:49.741 782 8809 I ActivityTaskManager: START u0 {act=android.intent.action.MAIN cat=[android.intent.category.LAUNCHER] flg=0x10200000 cmp=com.android.music/.MusicBrowserActivity} from uid 1000
03-14 04:53:49.743 782 8809 I wm_task_created: [217,-1]
03-14 04:53:49.743 782 8809 W ActivityTaskManager: Can't find TaskDisplayArea to determine support for multi window. Task id=217 attached=false
03-14 04:53:49.744 782 8809 D FreeFormWindowHelper: Add freeform task=Task{64ddf59 #217 type=standard ?? U=0 visible=false mode=freeform translucent=true sz=0}
03-14 04:53:49.746 782 8809 I wm_task_moved: [217,1,6]
03-14 04:53:49.746 782 8809 I wm_task_to_front: [0,217]
03-14 04:53:49.746 782 8809 I wm_create_task: [0,217]
03-14 04:53:49.746 782 8809 I wm_create_activity: [0,17524510,217,com.android.music/.MusicBrowserActivity,android.intent.action.MAIN,NULL,NULL,270532608]
03-14 04:53:49.746 782 8809 I wm_task_moved: [217,1,6]
03-14 04:53:49.747 782 8809 I ActivityTaskManager: FOREGROUND_APPLICATION_CHANGED to com.android.music.MusicBrowserActivity
03-14 04:53:49.747 782 8809 I ActivityTaskManager: The Process com.android.music Already Exists in BG. So sending its PID: 8810
03-14 04:53:49.747 782 8809 W ActivityTaskManager: Tried to set launchTime (0) < mLastActivityLaunchTime (3797769)
03-14 04:53:49.747 782 8809 I wm_restart_activity: [0,17524510,217,com.android.music/.MusicBrowserActivity]
03-14 04:53:49.748 782 8809 I wm_set_resumed_activity: [0,com.android.music/.MusicBrowserActivity,minimalResumeActivityLocked]
03-14 04:53:49.749 782 2170 W ActivityManager: Receiver with filter android.content.IntentFilter@a7a3bff already registered for pid 8810, callerPackage is com.android.music
03-14 04:53:49.752 782 822 D AutofillManagerService: Close system dialogs
