03-14 04:47:36.624 782 2679 I notification_visibility: [-1|android|26|null|1000,0,3388472,3388472,0,0]
03-14 04:47:36.625 782 2679 I sysui_multi_action: [757,128,758,2,793,2298732,794,6692,795,2298732,796,17303299,797,com.android.wifi,798,1,806,android,857,NETWORK_AVAILABLE,858,2,947,0,1395,4,1500,2298529,1688,1]
03-14 04:47:36.625 782 2679 I notification_visibility: [0|android|17303299|com.android.wifi|1000,0,2298732,2298732,0,1]
03-14 04:47:36.625 782 2679 I sysui_multi_action: [757,128,758,2,793,3388440,794,6692,795,3388440,796,55,798,2,806,android,857,DEVELOPER,858,2,947,0,1395,4,1500,3388119,1688,1]
03-14 04:47:36.625 782 2679 I notification_visibility: [-1|android|55|null|1000,0,3388440,3388440,0,2]
03-14 04:47:36.625 782 2679 I sysui_multi_action: [757,128,758,2,793,3389380,794,6692,795,3389380,796,32,798,3,806,android,857,USB,858,1,947,0,1395,4,1500,3389307,1688,1]
03-14 04:47:36.625 782 2679 I notification_visibility: [-1|android|32|null|1000,0,3389380,3389380,0,3]
03-14 04:47:36.625 782 5554 I sysui_multi_action: [757,127,758,2]
03-14 04:47:36.626 782 5554 I notification_panel_hidden:
03-14 04:47:36.626 782 1605 I input_interaction: Interaction with: 3d200d1 NotificationShade (server), d04e39a com.android.systemui.ImageWallpaper (server), edge-swipe (server), swipe-up (server), PointerEventDispatcher0 (server),
03-14 04:47:36.656 2006 2006 I view_enqueue_input_event: [Motion - Cancel,NotificationShade]
03-14 04:47:36.662 782 1605 I input_focus: [Focus leaving 3d200d1 NotificationShade (server),reason=NO_WINDOW]
03-14 04:47:36.662 782 1605 I input_focus: [Focus entering e892cf3 com.android.launcher3/com.android.launcher3.uioverrides.QuickstepLauncher (server),reason=setFocusedWindow]
03-14 04:47:36.669 782 1605 I input_interaction: Interaction with: edge-swipe (server), swipe-up (server), PointerEventDispatcher0 (server),
03-14 04:47:37.077 782 782 I service_manager_slow: [11,phone]
03-14 04:47:37.714 782 1605 I input_interaction: Interaction with: e892cf3 com.android.launcher3/com.android.launcher3.uioverrides.QuickstepLauncher (server), d04e39a com.android.systemui.ImageWallpaper (server), edge-swipe (server), swipe-up (server), PointerEventDispatcher0 (server),
03-14 04:47:37.766 782 1605 I input_interaction: Interaction with: edge-swipe (server), swipe-up (server), PointerEventDispatcher0 (server),
03-14 04:47:37.768 4407 4407 I view_enqueue_input_event: [Motion - Cancel,com.android.launcher3/com.android.launcher3.uioverrides.QuickstepLauncher]
03-14 04:47:37.962 782 1331 I commit_sys_config_file: [settings-1-0,6]
01-01 08:57:11.591 0 0 E DTC_ETH,link_delay_work_func: 3003, SQI=0, link=0
03-14 04:47:38.254 782 1331 I commit_sys_config_file: [settings-1-0,4]
03-14 04:47:38.872 782 1605 I input_interaction: Interaction with: e892cf3 com.android.launcher3/com.android.launcher3.uioverrides.QuickstepLauncher (server), d04e39a com.android.systemui.ImageWallpaper (server), edge-swipe (server), swipe-up (server), PointerEventDispatcher0 (server),
03-14 04:47:38.923 4407 4407 I view_enqueue_input_event: [Motion - Cancel,com.android.launcher3/com.android.launcher3.uioverrides.QuickstepLauncher]
03-14 04:47:38.925 782 1605 I input_interaction: Interaction with: edge-swipe (server), swipe-up (server), PointerEventDispatcher0 (server),
03-14 04:47:39.112 782 1331 I commit_sys_config_file: [settings-1-0,4]
03-14 04:47:39.493 782 1331 I commit_sys_config_file: [settings-1-0,6]
03-14 04:47:40.078 782 1605 I input_interaction: Interaction with: e892cf3 com.android.launcher3/com.android.launcher3.uioverrides.QuickstepLauncher (server), d04e39a com.android.systemui.ImageWallpaper (server), edge-swipe (server), swipe-up (server), PointerEventDispatcher0 (server),
03-14 04:47:40.223 782 6955 I wm_task_moved: [1,1,8]
03-14 04:47:40.223 782 6955 I wm_set_resumed_activity: [0,com.android.launcher3/.uioverrides.QuickstepLauncher,positionChildAt]
03-14 04:47:40.237 782 6955 I wm_task_moved: [173,1,8]
03-14 04:47:40.237 782 6955 I wm_task_to_front: [0,173]
03-14 04:47:40.238 782 6955 I wm_focused_root_task: [0,0,173,1,reuseOrNewTask]
03-14 04:47:40.238 782 6955 I wm_create_activity: [0,60912167,173,com.android.music/.MusicBrowserActivity,android.intent.action.MAIN,NULL,NULL,271581184]
03-14 04:47:40.239 782 6955 I wm_pause_activity: [0,174418215,com.android.launcher3/.uioverrides.QuickstepLauncher,userLeaving=true,pauseBackTasks]
03-14 04:47:40.241 4407 4407 I wm_on_top_resumed_lost_called: [174418215,com.android.launcher3.uioverrides.QuickstepLauncher,topStateChangedWhenResumed]
03-14 04:47:40.243 4407 4407 I wm_on_paused_called: [174418215,com.android.launcher3.uioverrides.QuickstepLauncher,performPause]
03-14 04:47:40.244 782 6955 I wm_add_to_stopping: [0,174418215,com.android.launcher3/.uioverrides.QuickstepLauncher,makeInvisible]
03-14 04:47:40.245 782 6955 I wm_restart_activity: [0,60912167,173,com.android.music/.MusicBrowserActivity]
03-14 04:47:40.245 782 6955 I wm_set_resumed_activity: [0,com.android.music/.MusicBrowserActivity,minimalResumeActivityLocked]
03-14 04:47:40.249 782 825 I sysui_multi_action: [757,803,799,window_time_0,802,19]
03-14 04:47:40.260 7303 7303 I wm_on_create_called: [60912167,com.android.music.MusicBrowserActivity,performCreate]
03-14 04:47:40.261 782 830 I am_pss : [7907,1000,com.android.settings,137477120,120147968,0,280260608,0,16,9]
03-14 04:47:40.261 782 1605 I input_focus: [Focus leaving e892cf3 com.android.launcher3/com.android.launcher3.uioverrides.QuickstepLauncher (server),reason=NO_WINDOW]
03-14 04:47:40.265 7303 7303 I wm_on_start_called: [60912167,com.android.music.MusicBrowserActivity,handleStartActivity]
03-14 04:47:40.266 7303 7303 I wm_on_resume_called: [60912167,com.android.music.MusicBrowserActivity,RESUME_ACTIVITY]
03-14 04:47:40.266 782 830 I am_pss : [8064,10081,com.qualcomm.qti.qccauthmgr,6437888,4362240,0,95703040,0,19,5]
03-14 04:47:40.272 7303 7303 I wm_on_top_resumed_gained_called: [60912167,com.android.music.MusicBrowserActivity,topStateChangedWhenResumed]
03-14 04:47:40.286 782 782 I notification_enqueue: [10086,7303,com.android.music,1,NULL,0,Notification(channel=Channel-music shortcut=null contentView=null vibrate=null sound=null defaults=0x0 flags=0x42 color=0x00000000 category=transport actions=4 vis=PRIVATE),1]
03-14 04:47:40.288 782 782 I notification_enqueue: [10086,7303,com.android.music,1,NULL,0,Notification(channel=Channel-music shortcut=null contentView=null vibrate=null sound=null defaults=0x0 flags=0x42 color=0x00000000 category=transport actions=4 vis=PRIVATE),1]
03-14 04:47:40.305 782 782 I notification_enqueue: [10086,7303,com.android.music,1,NULL,0,Notification(channel=Channel-music shortcut=null contentView=null vibrate=null sound=null defaults=0x0 flags=0x42 color=0x00000000 category=transport actions=4 vis=PRIVATE),1]
03-14 04:47:40.306 782 782 I notification_enqueue: [10086,7303,com.android.music,1,NULL,0,Notification(channel=Channel-music shortcut=null contentView=null vibrate=null sound=null defaults=0x0 flags=0x42 color=0x00000000 category=transport actions=4 vis=PRIVATE),1]
03-14 04:47:40.327 782 826 I input_focus: [Focus request 48ea0d2 com.android.music/com.android.music.MusicBrowserActivity,reason=UpdateInputWindows]
03-14 04:47:40.337 782 822 I sysui_multi_action: [319,44,321,42,322,112,325,3431,757,761,758,8,759,1,806,com.android.music,871,com.android.music.MusicBrowserActivity,904,com.android.launcher3,905,0,1320,4,1321,1]
03-14 04:47:40.337 782 822 I wm_activity_launch_time: [0,60912167,com.android.music/.MusicBrowserActivity,112]
03-14 04:47:40.346 782 1605 I input_focus: [Focus entering 48ea0d2 com.android.music/com.android.music.MusicBrowserActivity (server),reason=setFocusedWindow]
03-14 04:47:40.723 782 825 I wm_stop_activity: [0,174418215,com.android.launcher3/.uioverrides.QuickstepLauncher]
03-14 04:47:40.737 4407 4407 I wm_on_stop_called: [174418215,com.android.launcher3.uioverrides.QuickstepLauncher,STOP_ACTIVITY_ITEM]
03-14 04:47:41.142 782 872 I am_uid_idle: 10050
03-14 04:47:41.821 782 1605 I input_interaction: Interaction with: 48ea0d2 com.android.music/com.android.music.MusicBrowserActivity (server), edge-swipe (server), swipe-up (server), PointerEventDispatcher0 (server),
01-01 08:57:16.711 0 0 E DTC_ETH,link_delay_work_func: 3003, SQI=0, link=0
03-14 04:47:44.067 782 782 I notification_enqueue: [10086,7303,com.android.music,1,NULL,0,Notification(channel=Channel-music shortcut=null contentView=null vibrate=null sound=null defaults=0x0 flags=0x62 color=0x00000000 category=transport actions=4 vis=PRIVATE),1]
03-14 04:47:44.086 782 782 I notification_enqueue: [10086,7303,com.android.music,1,NULL,0,Notification(channel=Channel-music shortcut=null contentView=null vibrate=null sound=null defaults=0x0 flags=0x0 color=0x00000000 category=transport actions=4 vis=PRIVATE),1]
03-14 04:47:44.117 782 5547 I snet_event_log: [172655291,-1,]
01-01 08:57:20.530 0 0 I afe_close: port_id = 0x400e
01-01 08:57:20.537 0 0 I btfm_slim_disable_ch: port:16, grp: 0, ch->grph:0x0, ch->ch_hdl:0x1d
01-01 08:57:21.831 0 0 E DTC_ETH,link_delay_work_func: 3003, SQI=0, link=0
03-14 04:47:50.469 782 872 I am_uid_idle: 10081
01-01 08:57:26.953 0 0 E DTC_ETH,link_delay_work_func: 3003, SQI=0, link=0
03-14 04:47:56.855 2789 2789 I auditd : type=1400 audit(0.0:2827): avc: denied { search } for comm=73796E6320737663203730 name="oem" dev="dm-5" ino=42 scontext=u:r:adbd:s0 tcontext=u:object_r:oemfs:s0 tclass=dir permissive=1
01-01 08:57:32.071 0 0 E DTC_ETH,link_delay_work_func: 3003, SQI=0, link=0
03-14 04:47:59.680 782 6955 I wm_task_moved: [1,0,0]
03-14 04:47:59.681 782 6955 I wm_task_moved: [1,0,7]
03-14 04:47:59.689 7303 7303 I view_enqueue_input_event: [Motion - Cancel,com.android.music/com.android.music.MusicBrowserActivity]
03-14 04:47:59.695 4407 4407 I wm_on_restart_called: [174418215,com.android.launcher3.uioverrides.QuickstepLauncher,performRestartActivity]
03-14 04:47:59.704 782 1605 I input_interaction: Interaction with: edge-swipe (server), swipe-up (server), PointerEventDispatcher0 (server),
03-14 04:47:59.714 4407 4407 I wm_on_start_called: [174418215,com.android.launcher3.uioverrides.QuickstepLauncher,handleStartActivity]
03-14 04:47:59.720 4407 4407 I sysui_latency: [1,58]
03-14 04:47:59.733 782 822 I sysui_multi_action: [319,9,322,47,325,3450,757,761,758,9,759,5,806,com.android.launcher3,871,com.android.launcher3.uioverrides.QuickstepLauncher,905,0,1320,4,1321,1]
03-14 04:47:59.734 782 826 I input_focus: [Focus request recents_animation_input_consumer,reason=UpdateInputWindows]
03-14 04:47:59.759 782 1605 I input_focus: [Focus leaving 48ea0d2 com.android.music/com.android.music.MusicBrowserActivity (server),reason=NOT_FOCUSABLE]
03-14 04:47:59.759 782 1605 I input_focus: [Focus entering recents_animation_input_consumer (server),reason=setFocusedWindow]
03-14 04:47:59.918 782 1331 I commit_sys_config_file: [settings-1-0,5]
03-14 04:48:00.034 782 830 I sysui_latency: [8,60]
03-14 04:48:00.323 782 1605 I input_interaction: Interaction with: recents_animation_input_consumer (server), edge-swipe (server), swipe-up (server), PointerEventDispatcher0 (server),
03-14 04:48:00.351 782 6955 I wm_task_moved: [1,1,8]
03-14 04:48:00.353 782 6955 I wm_task_moved: [102,1,2147483647]
03-14 04:48:00.353 782 6955 I wm_task_to_front: [0,102]
03-14 04:48:00.353 782 6955 I wm_focused_root_task: [0,0,1,173,RecentsAnimation.onAnimationFinished()]
03-14 04:48:00.353 7303 7303 I wm_on_top_resumed_lost_called: [60912167,com.android.music.MusicBrowserActivity,topStateChangedWhenResumed]
03-14 04:48:00.353 782 6955 I wm_set_resumed_activity: [0,com.android.launcher3/.uioverrides.QuickstepLauncher,RecentsAnimation.onAnimationFinished()]
03-14 04:48:00.354 782 6955 I wm_pause_activity: [0,60912167,com.android.music/.MusicBrowserActivity,userLeaving=true,pauseBackTasks]
03-14 04:48:00.355 782 6955 I wm_add_to_stopping: [0,60912167,com.android.music/.MusicBrowserActivity,makeInvisible]
03-14 04:48:00.355 782 6955 I wm_set_resumed_activity: [0,com.android.launcher3/.uioverrides.QuickstepLauncher,resumeTopActivityInnerLocked]
03-14 04:48:00.357 782 6955 I wm_resume_activity: [0,174418215,102,com.android.launcher3/.uioverrides.QuickstepLauncher]
03-14 04:48:00.358 4407 4407 I wm_on_resume_called: [174418215,com.android.launcher3.uioverrides.QuickstepLauncher,RESUME_ACTIVITY]
03-14 04:48:00.364 782 826 I input_focus: [Focus request e892cf3 com.android.launcher3/com.android.launcher3.uioverrides.QuickstepLauncher,reason=UpdateInputWindows]
03-14 04:48:00.371 782 5547 I wm_stop_activity: [0,60912167,com.android.music/.MusicBrowserActivity]
03-14 04:48:00.373 7303 7303 I wm_on_paused_called: [60912167,com.android.music.MusicBrowserActivity,performPause]
03-14 04:48:00.374 782 825 I sysui_multi_action: [757,803,799,window_time_0,802,20]
03-14 04:48:00.375 782 825 I sysui_multi_action: [757,803,799,window_time_0,802,0]
03-14 04:48:00.379 4407 4407 I wm_on_top_resumed_gained_called: [174418215,com.android.launcher3.uioverrides.QuickstepLauncher,topStateChangedWhenResumed]
03-14 04:48:00.383 7303 7303 I wm_on_stop_called: [60912167,com.android.music.MusicBrowserActivity,STOP_ACTIVITY_ITEM]
03-14 04:48:00.386 782 1605 I input_focus: [Focus leaving recents_animation_input_consumer (server),reason=NOT_VISIBLE]
03-14 04:48:00.386 782 1605 I input_focus: [Focus entering e892cf3 com.android.launcher3/com.android.launcher3.uioverrides.QuickstepLauncher (server),reason=setFocusedWindow]
03-14 04:48:00.401 782 830 I am_pss : [7907,1000,com.android.settings,137288704,120147968,0,280260608,0,16,11]
03-14 04:48:00.463 782 6955 I wm_task_created: [193,-1]
03-14 04:48:00.465 782 6955 I wm_task_moved: [193,1,9]
03-14 04:48:00.465 782 6955 I wm_task_to_front: [0,193]
03-14 04:48:00.465 782 6955 I wm_create_task: [0,193]
03-14 04:48:00.465 782 6955 I wm_create_activity: [0,185494652,193,com.android.documentsui/.LauncherActivity,android.intent.action.MAIN,NULL,NULL,270532608]
03-14 04:48:00.465 782 6955 I wm_task_moved: [193,1,9]
03-14 04:48:00.466 782 6955 I wm_pause_activity: [0,174418215,com.android.launcher3/.uioverrides.QuickstepLauncher,userLeaving=true,pauseBackTasks]
03-14 04:48:00.471 4407 4407 I wm_on_top_resumed_lost_called: [174418215,com.android.launcher3.uioverrides.QuickstepLauncher,topStateChangedWhenResumed]
03-14 04:48:00.472 4407 4407 I wm_on_paused_called: [174418215,com.android.launcher3.uioverrides.QuickstepLauncher,performPause]
03-14 04:48:00.474 782 4133 I wm_restart_activity: [0,185494652,193,com.android.documentsui/.LauncherActivity]
03-14 04:48:00.474 782 4133 I wm_set_resumed_activity: [0,com.android.documentsui/.LauncherActivity,minimalResumeActivityLocked]
03-14 04:48:00.476 782 825 I am_uid_active: 10024
03-14 04:48:00.477 782 825 I sysui_multi_action: [757,803,799,window_time_0,802,0]
03-14 04:48:00.486 782 2190 I wm_task_created: [194,-1]
03-14 04:48:00.488 782 2190 I service_manager_stats: [100,75,62562]
03-14 04:48:00.489 782 2190 I wm_task_moved: [194,1,10]
03-14 04:48:00.489 782 2190 I wm_task_to_front: [0,194]
03-14 04:48:00.489 782 2190 I wm_create_task: [0,194]
03-14 04:48:00.489 782 2190 I wm_create_activity: [0,214807911,194,com.android.documentsui/.files.FilesActivity,NULL,NULL,//com.android.documentsui.launchControl,271056896]
03-14 04:48:00.489 782 2190 I wm_task_moved: [194,1,10]
03-14 04:48:00.491 782 2190 I wm_pause_activity: [0,185494652,com.android.documentsui/.LauncherActivity,userLeaving=true,pauseBackTasks]
03-14 04:48:00.493 782 2190 I wm_finish_activity: [0,185494652,193,com.android.documentsui/.LauncherActivity,app-request]
03-14 04:48:00.493 7517 7517 I wm_on_create_called: [185494652,com.android.documentsui.LauncherActivity,performCreate]
03-14 04:48:00.495 782 6955 I wm_add_to_stopping: [0,185494652,com.android.documentsui/.LauncherActivity,completeFinishing]
03-14 04:48:00.496 782 6955 I wm_add_to_stopping: [0,174418215,com.android.launcher3/.uioverrides.QuickstepLauncher,makeInvisible]
03-14 04:48:00.497 782 6955 I wm_restart_activity: [0,214807911,194,com.android.documentsui/.files.FilesActivity]
03-14 04:48:00.497 782 6955 I wm_set_resumed_activity: [0,com.android.documentsui/.files.FilesActivity,minimalResumeActivityLocked]
03-14 04:48:00.498 782 825 I wm_destroy_activity: [0,185494652,193,com.android.documentsui/.LauncherActivity,finish-imm:idle]
03-14 04:48:00.499 782 825 I sysui_multi_action: [757,803,799,window_time_0,802,0]
03-14 04:48:00.526 7517 7517 I wm_on_create_called: [214807911,com.android.documentsui.files.FilesActivity,performCreate]
03-14 04:48:00.527 7517 7517 I wm_on_start_called: [214807911,com.android.documentsui.files.FilesActivity,handleStartActivity]
03-14 04:48:00.528 7517 7517 I wm_on_resume_called: [214807911,com.android.documentsui.files.FilesActivity,RESUME_ACTIVITY]
03-14 04:48:00.529 782 1605 I input_focus: [Focus leaving e892cf3 com.android.launcher3/com.android.launcher3.uioverrides.QuickstepLauncher (server),reason=NO_WINDOW]
03-14 04:48:00.530 7517 7517 I wm_on_top_resumed_gained_called: [214807911,com.android.documentsui.files.FilesActivity,topStateChangedWhenResumed]
03-14 04:48:00.530 7517 7517 I wm_on_destroy_called: [185494652,com.android.documentsui.LauncherActivity,performDestroy]
03-14 04:48:00.531 782 6955 I am_uid_active: 10028
03-14 04:48:00.531 782 2190 I wm_task_removed: [193,removeChild:removeChild last r=ActivityRecord{b0e6c7c u0 com.android.documentsui/.LauncherActivity t-1 f}} in t=Task{f764103 #193 type=standard A=10024:com.android.documentsui U=0 visible=false mode=fullscreen translucent=true sz=0}]
03-14 04:48:00.531 782 2190 I wm_task_removed: [193,removeChild]
03-14 04:48:00.533 782 2190 I am_uid_active: 10017
03-14 04:48:00.547 782 826 I input_focus: [Focus request 192798 com.android.documentsui/com.android.documentsui.files.FilesActivity,reason=UpdateInputWindows]
03-14 04:48:00.559 782 822 I sysui_multi_action: [319,64,321,61,322,100,325,3451,757,761,758,8,759,1,806,com.android.documentsui,871,com.android.documentsui.files.FilesActivity,904,com.android.documentsui,905,0,1320,4,1321,1]
03-14 04:48:00.560 782 822 I wm_activity_launch_time: [0,214807911,com.android.documentsui/.files.FilesActivity,100]
03-14 04:48:00.561 782 1605 I input_focus: [Focus entering 192798 com.android.documentsui/com.android.documentsui.files.FilesActivity (server),reason=setFocusedWindow]
03-14 04:48:01.045 782 825 I wm_stop_activity: [0,174418215,com.android.launcher3/.uioverrides.QuickstepLauncher]
03-14 04:48:01.064 4407 4407 I wm_on_stop_called: [174418215,com.android.launcher3.uioverrides.QuickstepLauncher,STOP_ACTIVITY_ITEM]
03-14 04:48:01.345 782 1605 I input_interaction: Interaction with: 192798 com.android.documentsui/com.android.documentsui.files.FilesActivity (server), edge-swipe (server), swipe-up (server), PointerEventDispatcher0 (server),
03-14 04:48:03.268 782 6955 I wm_task_moved: [194,1,9]
03-14 04:48:03.268 782 6955 I wm_set_resumed_activity: [0,com.android.documentsui/.files.FilesActivity,positionChildAt]
03-14 04:48:03.268 782 6955 I wm_create_activity: [0,4990316,194,com.android.gallery3d/.app.MovieActivity,android.intent.action.VIEW,video/mp4,content://com.android.externalstorage.documents/document/primary:3D_1080p_tr_24fps_SBS.mp4,536870915]
03-14 04:48:03.269 782 6955 I wm_pause_activity: [0,214807911,com.android.documentsui/.files.FilesActivity,userLeaving=true,resumeTopActivityInnerLocked]
03-14 04:48:03.273 7517 7517 I wm_on_top_resumed_lost_called: [214807911,com.android.documentsui.files.FilesActivity,topStateChangedWhenResumed]
03-14 04:48:03.273 7517 7517 I wm_on_paused_called: [214807911,com.android.documentsui.files.FilesActivity,performPause]
03-14 04:48:03.274 782 1973 I wm_add_to_stopping: [0,214807911,com.android.documentsui/.files.FilesActivity,makeInvisible]
03-14 04:48:03.274 782 1973 I wm_restart_activity: [0,4990316,194,com.android.gallery3d/.app.MovieActivity]
03-14 04:48:03.275 782 1973 I wm_set_resumed_activity: [0,com.android.gallery3d/.app.MovieActivity,minimalResumeActivityLocked]
03-14 04:48:03.277 782 825 I sysui_multi_action: [757,803,799,window_time_0,802,3]
03-14 04:48:03.292 5555 5555 I wm_on_create_called: [4990316,com.android.gallery3d.app.MovieActivity,performCreate]
03-14 04:48:03.295 5555 5555 I wm_on_start_called: [4990316,com.android.gallery3d.app.MovieActivity,handleStartActivity]
03-14 04:48:03.295 5555 5555 I wm_on_resume_called: [4990316,com.android.gallery3d.app.MovieActivity,RESUME_ACTIVITY]
03-14 04:48:03.297 5555 5555 I wm_on_top_resumed_gained_called: [4990316,com.android.gallery3d.app.MovieActivity,topStateChangedWhenResumed]
03-14 04:48:03.301 782 1605 I input_focus: [Focus leaving 192798 com.android.documentsui/com.android.documentsui.files.FilesActivity (server),reason=NO_WINDOW]
03-14 04:48:03.303 782 826 I input_focus: [Focus request 8e1e7ed com.android.gallery3d/com.android.gallery3d.app.MovieActivity,reason=UpdateInputWindows]
03-14 04:48:03.357 782 822 I sysui_multi_action: [319,93,322,93,325,3454,757,761,758,8,759,2,806,com.android.gallery3d,871,com.android.gallery3d.app.MovieActivity,904,com.android.documentsui,905,0,1320,4,1321,1]
03-14 04:48:03.358 782 822 I wm_activity_launch_time: [0,4990316,com.android.gallery3d/.app.MovieActivity,93]
03-14 04:48:03.369 782 1605 I input_focus: [Focus entering 8e1e7ed com.android.gallery3d/com.android.gallery3d.app.MovieActivity (server),reason=Window became focusable. Previous reason: NOT_VISIBLE]
01-01 08:57:36.781 0 0 I msm_vidc: high: 00000002: ....d: Opening video instance: 0000000000000000, 1
01-01 08:57:36.781 0 0 I msm_vidc: err : 00000002: ....d: Failed to create debugfs for msm_vidc
03-14 04:48:03.454 782 5547 I snet_event_log: [172655291,-1,]
03-14 04:48:03.753 782 825 I wm_stop_activity: [0,214807911,com.android.documentsui/.files.FilesActivity]
03-14 04:48:03.761 7517 7517 I wm_on_stop_called: [214807911,com.android.documentsui.files.FilesActivity,STOP_ACTIVITY_ITEM]
01-01 08:57:37.195 0 0 E DTC_ETH,link_delay_work_func: 3003, SQI=0, link=0
03-14 04:48:05.275 782 1605 I input_interaction: Interaction with: 8e1e7ed com.android.gallery3d/com.android.gallery3d.app.MovieActivity (server), edge-swipe (server), swipe-up (server), PointerEventDispatcher0 (server),
01-01 08:57:39.233 0 0 I btfm_slim_hw_init: PGD Enum Addr: 00:01:20:02:17: 02
01-01 08:57:39.233 0 0 I btfm_slim_hw_init: IFD Enum Addr: 00:00:20:02:17: 02
01-01 08:57:39.233 0 0 I btfm_slim_hw_init: chipset soc version:400a0200
01-01 08:57:39.233 0 0 I btfm_slim_hw_init: chipset is hastings 2.0, overwriting EA
01-01 08:57:39.233 0 0 I btfm_slim_hw_init: PGD Enum Addr: 00:01:20:02:17: 02
01-01 08:57:39.233 0 0 I btfm_slim_hw_init: IFD Enum Addr: 00:00:20:02:17: 02
01-01 08:57:39.233 0 0 I btfm_slim_alloc_port: chipset soc version:400a0200
01-01 08:57:39.240 0 0 I btfm_slim_enable_ch: chipset soc version:400a0200
01-01 08:57:39.240 0 0 I btfm_slim_enable_ch: channel define - prot:2, dataf:0, auxf:0
01-01 08:57:39.240 0 0 I btfm_slim_enable_ch: channel define - rates:44100, baser:2, ratem:4
01-01 08:57:39.240 0 0 I btfm_slim_enable_ch: slim_connect_sink(port: 16, ch: 157)
01-01 08:57:39.241 0 0 I btfm_slim_enable_ch: port: 16, ch: 157, grp: 0, ch->grph: 0x0, ch_hdl: 0x1d
01-01 08:57:39.241 0 0 I __afe_port_start: port id: 0x400e
01-01 08:57:39.241 0 0 I afe_find_cal_topo_id_by_port: port id: 0x400e, dev_acdb_id: 20
01-01 08:57:39.241 0 0 I afe_find_cal_topo_id_by_port: top_id:112fc acdb_id:20 afe_port_id:0x400e
01-01 08:57:39.241 0 0 I afe_get_cal_topology_id: port_id = 0x400e acdb_id = 20 topology_id = 0x112fc cal_type_index=8 ret=0
01-01 08:57:39.242 0 0 I afe_send_port_topology_id: AFE set topology id 0x112fc enable for port 0x400e ret 0
01-01 08:57:39.242 0 0 I send_afe_cal_type: cal_index is 0
01-01 08:57:39.242 0 0 I send_afe_cal_type: dev_acdb_id[119] is 20
01-01 08:57:39.242 0 0 I afe_find_cal: cal_index 0 port_id 0x400e port_index 119
01-01 08:57:39.242 0 0 I afe_find_cal: acdb_id 20 dev_acdb_id 20 sample_rate 48000 afe_sample_rates 44100
01-01 08:57:39.242 0 0 I afe_find_cal: no matching cal_block found
01-01 08:57:39.242 0 0 E : send_afe_cal_type cal_block not found!!
01-01 08:57:39.247 0 0 I afe_send_hw_delay: port_id 0x400e rate 44100 delay_usec 0 status 0
03-14 04:48:08.853 782 6955 I wm_task_moved: [1,0,0]
03-14 04:48:08.853 782 6955 I wm_task_moved: [1,0,8]
03-14 04:48:08.860 4407 4407 I wm_on_restart_called: [174418215,com.android.launcher3.uioverrides.QuickstepLauncher,performRestartActivity]
03-14 04:48:08.882 4407 4407 I wm_on_start_called: [174418215,com.android.launcher3.uioverrides.QuickstepLauncher,handleStartActivity]
03-14 04:48:08.891 782 6955 I snet_event_log: [172655291,-1,]
03-14 04:48:08.906 782 822 I sysui_multi_action: [319,4,322,45,325,3459,757,761,758,9,759,5,806,com.android.launcher3,871,com.android.launcher3.uioverrides.QuickstepLauncher,905,0,1320,4,1321,1]
01-01 08:57:42.311 0 0 E DTC_ETH,link_delay_work_func: 3003, SQI=0, link=0
03-14 04:48:09.076 782 5547 I wm_task_moved: [1,0,8]
03-14 04:48:09.077 782 5547 I wm_add_to_stopping: [0,174418215,com.android.launcher3/.uioverrides.QuickstepLauncher,makeInvisible]
03-14 04:48:09.085 782 825 I wm_stop_activity: [0,174418215,com.android.launcher3/.uioverrides.QuickstepLauncher]
03-14 04:48:09.089 782 1331 I commit_sys_config_file: [settings-1-0,8]
03-14 04:48:09.095 4407 4407 I wm_on_stop_called: [174418215,com.android.launcher3.uioverrides.QuickstepLauncher,STOP_ACTIVITY_ITEM]
01-01 08:57:43.246 0 0 I binder : 782:1340 ioctl 400c620e 70a125d5d8 returned -22
01-01 08:57:43.253 0 0 I binder : 782:1340 ioctl c00c620f 70a125d5b8 returned -22
03-14 04:48:09.858 782 1340 I am_freeze: [7636,system:ui]
03-14 04:48:09.860 782 1340 I am_kill : [0,7636,system:ui,945,Unable to freeze binder interface]
03-14 04:48:09.867 782 6955 I wm_task_moved: [1,0,0]
03-14 04:48:09.867 782 6955 I wm_task_moved: [1,0,8]
03-14 04:48:09.880 4407 4407 I wm_on_restart_called: [174418215,com.android.launcher3.uioverrides.QuickstepLauncher,performRestartActivity]
03-14 04:48:09.891 4407 4407 I wm_on_start_called: [174418215,com.android.launcher3.uioverrides.QuickstepLauncher,handleStartActivity]
03-14 04:48:09.905 782 6955 I am_proc_died: [0,7636,system:ui,945,19]
03-14 04:48:09.913 782 822 I sysui_multi_action: [319,8,322,41,325,3460,757,761,758,9,759,5,806,com.android.launcher3,871,com.android.launcher3.uioverrides.QuickstepLauncher,905,0,1320,4,1321,1]
03-14 04:48:10.052 782 6955 I wm_task_moved: [1,0,8]
03-14 04:48:10.053 782 6955 I wm_add_to_stopping: [0,174418215,com.android.launcher3/.uioverrides.QuickstepLauncher,makeInvisible]
03-14 04:48:10.059 782 825 I wm_stop_activity: [0,174418215,com.android.launcher3/.uioverrides.QuickstepLauncher]
03-14 04:48:10.076 4407 4407 I wm_on_stop_called: [174418215,com.android.launcher3.uioverrides.QuickstepLauncher,STOP_ACTIVITY_ITEM]
03-14 04:48:10.093 782 1331 I commit_sys_config_file: [settings-1-0,4]
03-14 04:48:10.773 782 5554 I wm_task_moved: [1,0,0]
03-14 04:48:10.773 782 5554 I wm_task_moved: [1,0,8]
03-14 04:48:10.782 4407 4407 I wm_on_restart_called: [174418215,com.android.launcher3.uioverrides.QuickstepLauncher,performRestartActivity]
03-14 04:48:10.794 4407 4407 I wm_on_start_called: [174418215,com.android.launcher3.uioverrides.QuickstepLauncher,handleStartActivity]
03-14 04:48:10.813 782 5554 I snet_event_log: [172655291,-1,]
03-14 04:48:10.818 782 822 I sysui_multi_action: [319,10,322,40,325,3461,757,761,758,9,759,5,806,com.android.launcher3,871,com.android.launcher3.uioverrides.QuickstepLauncher,905,0,1320,4,1321,1]
03-14 04:48:10.848 5555 5555 I view_enqueue_input_event: [Motion - Cancel,com.android.gallery3d/com.android.gallery3d.app.MovieActivity]
03-14 04:48:10.849 4407 4407 I sysui_latency: [1,52]
03-14 04:48:10.851 782 826 I input_focus: [Focus request recents_animation_input_consumer,reason=UpdateInputWindows]
03-14 04:48:10.864 782 1605 I input_interaction: Interaction with: edge-swipe (server), swipe-up (server), PointerEventDispatcher0 (server),
03-14 04:48:10.870 782 1605 I input_focus: [Focus leaving 8e1e7ed com.android.gallery3d/com.android.gallery3d.app.MovieActivity (server),reason=NOT_FOCUSABLE]
03-14 04:48:10.870 782 1605 I input_focus: [Focus entering recents_animation_input_consumer (server),reason=setFocusedWindow]
03-14 04:48:10.996 782 1331 I commit_sys_config_file: [settings-1-0,3]
03-14 04:48:11.115 782 830 I sysui_latency: [8,53]
03-14 04:48:11.641 782 3162 I wm_task_moved: [1,1,9]
03-14 04:48:11.645 782 3162 I wm_focused_root_task: [0,0,1,194,RecentsAnimation.onAnimationFinished()]
03-14 04:48:11.646 5555 5555 I wm_on_top_resumed_lost_called: [4990316,com.android.gallery3d.app.MovieActivity,topStateChangedWhenResumed]
03-14 04:48:11.650 782 3162 I wm_pause_activity: [0,4990316,com.android.gallery3d/.app.MovieActivity,userLeaving=false,pauseBackTasks]
03-14 04:48:11.653 782 3162 I wm_set_resumed_activity: [0,com.android.launcher3/.uioverrides.QuickstepLauncher,resumeTopActivityInnerLocked]
03-14 04:48:11.656 782 3162 I wm_resume_activity: [0,174418215,102,com.android.launcher3/.uioverrides.QuickstepLauncher]
03-14 04:48:11.657 782 3162 I wm_add_to_stopping: [0,4990316,com.android.gallery3d/.app.MovieActivity,makeInvisible]
03-14 04:48:11.659 4407 4407 I wm_on_resume_called: [174418215,com.android.launcher3.uioverrides.QuickstepLauncher,RESUME_ACTIVITY]
03-14 04:48:11.665 782 826 I input_focus: [Focus request e892cf3 com.android.launcher3/com.android.launcher3.uioverrides.QuickstepLauncher,reason=UpdateInputWindows]
03-14 04:48:11.666 782 825 I sysui_multi_action: [757,803,799,window_time_0,802,8]
03-14 04:48:11.670 782 825 I wm_stop_activity: [0,4990316,com.android.gallery3d/.app.MovieActivity]
03-14 04:48:11.672 782 1605 I input_focus: [Focus leaving recents_animation_input_consumer (server),reason=NOT_VISIBLE]
03-14 04:48:11.672 782 1605 I input_focus: [Focus entering e892cf3 com.android.launcher3/com.android.launcher3.uioverrides.QuickstepLauncher (server),reason=setFocusedWindow]
03-14 04:48:11.677 782 825 I sysui_multi_action: [757,803,799,window_time_0,802,0]
01-01 08:57:45.089 0 0 I msm_vidc: high: 00000002: h264d: Closed video instance: 0000000000000000
03-14 04:48:11.708 4407 4407 I wm_on_top_resumed_gained_called: [174418215,com.android.launcher3.uioverrides.QuickstepLauncher,topStateChangedWhenResumed]
03-14 04:48:11.786 5555 5555 I wm_on_paused_called: [4990316,com.android.gallery3d.app.MovieActivity,performPause]
03-14 04:48:11.796 5555 5555 I wm_on_stop_called: [4990316,com.android.gallery3d.app.MovieActivity,STOP_ACTIVITY_ITEM]
03-14 04:48:11.902 782 1331 I commit_sys_config_file: [settings-1-0,4]
03-14 04:48:12.495 782 1605 I input_interaction: Interaction with: e892cf3 com.android.launcher3/com.android.launcher3.uioverrides.QuickstepLauncher (server), d04e39a com.android.systemui.ImageWallpaper (server), edge-swipe (server), swipe-up (server), PointerEventDispatcher0 (server),
03-14 04:48:13.256 782 4133 I wm_finish_activity: [0,4990316,194,com.android.gallery3d/.app.MovieActivity,remove-task]
03-14 04:48:13.257 782 4133 I wm_destroy_activity: [0,4990316,194,com.android.gallery3d/.app.MovieActivity,finish-imm:finishIfPossible]
03-14 04:48:13.257 782 4133 I wm_finish_activity: [0,214807911,194,com.android.documentsui/.files.FilesActivity,remove-task]
03-14 04:48:13.258 782 4133 I wm_destroy_activity: [0,214807911,194,com.android.documentsui/.files.FilesActivity,finish-imm:finishIfPossible]
03-14 04:48:13.259 5555 5555 I wm_on_destroy_called: [4990316,com.android.gallery3d.app.MovieActivity,performDestroy]
03-14 04:48:13.260 782 825 I am_kill : [0,7517,com.android.documentsui,900,remove task]
03-14 04:48:13.263 782 825 I sysui_multi_action: [757,803,799,window_time_0,802,2]
01-01 08:57:46.715 0 0 I binder : undelivered TRANSACTION_COMPLETE
01-01 08:57:46.715 0 0 I binder : undelivered transaction 747336, process died.
03-14 04:48:13.322 782 4133 I am_proc_died: [0,7517,com.android.documentsui,900,19]
03-14 04:48:13.324 782 4133 I am_uid_stopped: 10024
03-14 04:48:13.325 782 4133 I wm_task_removed: [194,removeChild:removeChild last r=ActivityRecord{ccdb567 u0 com.android.documentsui/.files.FilesActivity t-1 f}} in t=Task{85e8eb9 #194 type=standard A=10024:com.android.documentsui U=0 visible=false mode=fullscreen translucent=true sz=0}]
03-14 04:48:13.325 782 4133 I wm_task_removed: [194,removeChild]
01-01 08:57:47.431 0 0 E DTC_ETH,link_delay_work_func: 3003, SQI=0, link=0
01-01 08:57:48.495 0 0 I afe_close: port_id = 0x400e
01-01 08:57:48.503 0 0 I btfm_slim_disable_ch: port:16, grp: 0, ch->grph:0x0, ch->ch_hdl:0x1d
03-14 04:48:15.128 4407 4407 I view_enqueue_input_event: [Motion - Cancel,com.android.launcher3/com.android.launcher3.uioverrides.QuickstepLauncher]
03-14 04:48:15.133 782 1605 I input_interaction: Interaction with: edge-swipe (server), swipe-up (server), PointerEventDispatcher0 (server),
03-14 04:48:15.905 782 1605 I input_interaction: Interaction with: e892cf3 com.android.launcher3/com.android.launcher3.uioverrides.QuickstepLauncher (server), d04e39a com.android.systemui.ImageWallpaper (server), edge-swipe (server), swipe-up (server), PointerEventDispatcher0 (server),
03-14 04:48:16.012 782 1973 I wm_task_created: [195,-1]
03-14 04:48:16.015 782 1973 I wm_task_moved: [195,1,9]
03-14 04:48:16.015 782 1973 I wm_task_to_front: [0,195]
03-14 04:48:16.015 782 1973 I wm_create_task: [0,195]
03-14 04:48:16.015 782 1973 I wm_create_activity: [0,120604348,195,com.android.music/.VideoBrowserActivity,android.intent.action.MAIN,NULL,NULL,270532608]
03-14 04:48:16.015 782 1973 I wm_task_moved: [195,1,9]
03-14 04:48:16.016 782 1973 I wm_pause_activity: [0,174418215,com.android.launcher3/.uioverrides.QuickstepLauncher,userLeaving=true,pauseBackTasks]
03-14 04:48:16.019 4407 4407 I wm_on_top_resumed_lost_called: [174418215,com.android.launcher3.uioverrides.QuickstepLauncher,topStateChangedWhenResumed]
03-14 04:48:16.020 4407 4407 I wm_on_paused_called: [174418215,com.android.launcher3.uioverrides.QuickstepLauncher,performPause]
03-14 04:48:16.021 782 1973 I wm_add_to_stopping: [0,174418215,com.android.launcher3/.uioverrides.QuickstepLauncher,makeInvisible]
03-14 04:48:16.021 782 1973 I wm_restart_activity: [0,120604348,195,com.android.music/.VideoBrowserActivity]
03-14 04:48:16.022 782 1973 I wm_set_resumed_activity: [0,com.android.music/.VideoBrowserActivity,minimalResumeActivityLocked]
03-14 04:48:16.025 782 825 I sysui_multi_action: [757,803,799,window_time_0,802,2]
03-14 04:48:16.034 782 1605 I input_focus: [Focus leaving e892cf3 com.android.launcher3/com.android.launcher3.uioverrides.QuickstepLauncher (server),reason=NO_WINDOW]
03-14 04:48:16.037 7303 7303 I wm_on_create_called: [120604348,com.android.music.VideoBrowserActivity,performCreate]
03-14 04:48:16.037 7303 7303 I wm_on_start_called: [120604348,com.android.music.VideoBrowserActivity,handleStartActivity]
03-14 04:48:16.038 7303 7303 I wm_on_resume_called: [120604348,com.android.music.VideoBrowserActivity,RESUME_ACTIVITY]
03-14 04:48:16.039 7303 7303 I wm_on_top_resumed_gained_called: [120604348,com.android.music.VideoBrowserActivity,topStateChangedWhenResumed]
03-14 04:48:16.049 782 826 I input_focus: [Focus request 7d3159f com.android.music/com.android.music.VideoBrowserActivity,reason=UpdateInputWindows]
03-14 04:48:16.056 782 822 I sysui_multi_action: [319,27,321,25,322,47,325,3466,757,761,758,8,759,1,806,com.android.music,871,com.android.music.VideoBrowserActivity,904,com.android.launcher3,905,0,1320,4,1321,1]
03-14 04:48:16.056 782 822 I wm_activity_launch_time: [0,120604348,com.android.music/.VideoBrowserActivity,47]
03-14 04:48:16.065 782 1605 I input_focus: [Focus entering 7d3159f com.android.music/com.android.music.VideoBrowserActivity (server),reason=setFocusedWindow]
03-14 04:48:16.567 782 825 I wm_stop_activity: [0,174418215,com.android.launcher3/.uioverrides.QuickstepLauncher]
03-14 04:48:16.585 4407 4407 I wm_on_stop_called: [174418215,com.android.launcher3.uioverrides.QuickstepLauncher,STOP_ACTIVITY_ITEM]
03-14 04:48:17.033 782 1605 I input_interaction: Interaction with: 7d3159f com.android.music/com.android.music.VideoBrowserActivity (server), edge-swipe (server), swipe-up (server), PointerEventDispatcher0 (server),
03-14 04:48:17.221 782 2679 I wm_task_moved: [195,1,9]
03-14 04:48:17.221 782 2679 I wm_set_resumed_activity: [0,com.android.music/.VideoBrowserActivity,positionChildAt]
03-14 04:48:17.221 782 2679 I wm_create_activity: [0,5072601,195,com.android.gallery3d/.app.MovieActivity,android.intent.action.VIEW,video/mp4,content://media/external/video/media/31,0]
03-14 04:48:17.222 782 2679 I wm_pause_activity: [0,120604348,com.android.music/.VideoBrowserActivity,userLeaving=true,resumeTopActivityInnerLocked]
03-14 04:48:17.231 7303 7303 I wm_on_top_resumed_lost_called: [120604348,com.android.music.VideoBrowserActivity,topStateChangedWhenResumed]
03-14 04:48:17.231 7303 7303 I wm_on_paused_called: [120604348,com.android.music.VideoBrowserActivity,performPause]
03-14 04:48:17.232 782 4133 I wm_add_to_stopping: [0,120604348,com.android.music/.VideoBrowserActivity,makeInvisible]
03-14 04:48:17.232 782 4133 I wm_restart_activity: [0,5072601,195,com.android.gallery3d/.app.MovieActivity]
03-14 04:48:17.232 782 4133 I wm_set_resumed_activity: [0,com.android.gallery3d/.app.MovieActivity,minimalResumeActivityLocked]
03-14 04:48:17.234 782 825 I sysui_multi_action: [757,803,799,window_time_0,802,2]
03-14 04:48:17.242 5555 5555 I wm_on_create_called: [5072601,com.android.gallery3d.app.MovieActivity,performCreate]
03-14 04:48:17.243 5555 5555 I wm_on_start_called: [5072601,com.android.gallery3d.app.MovieActivity,handleStartActivity]
03-14 04:48:17.244 5555 5555 I wm_on_resume_called: [5072601,com.android.gallery3d.app.MovieActivity,RESUME_ACTIVITY]
03-14 04:48:17.246 5555 5555 I wm_on_top_resumed_gained_called: [5072601,com.android.gallery3d.app.MovieActivity,topStateChangedWhenResumed]
03-14 04:48:17.251 782 1605 I input_focus: [Focus leaving 7d3159f com.android.music/com.android.music.VideoBrowserActivity (server),reason=NO_WINDOW]
03-14 04:48:17.255 782 826 I input_focus: [Focus request 3399d76 com.android.gallery3d/com.android.gallery3d.app.MovieActivity,reason=UpdateInputWindows]
03-14 04:48:17.281 782 822 I sysui_multi_action: [319,60,322,60,325,3468,757,761,758,8,759,2,806,com.android.gallery3d,871,com.android.gallery3d.app.MovieActivity,904,com.android.music,905,0,1320,4,1321,1]
03-14 04:48:17.281 782 822 I wm_activity_launch_time: [0,5072601,com.android.gallery3d/.app.MovieActivity,60]
03-14 04:48:17.286 782 1605 I input_focus: [Focus entering 3399d76 com.android.gallery3d/com.android.gallery3d.app.MovieActivity (server),reason=setFocusedWindow]
01-01 08:57:50.689 0 0 I msm_vidc: high: 00000002: ....d: Opening video instance: 0000000000000000, 1
01-01 08:57:50.689 0 0 I msm_vidc: err : 00000002: ....d: Failed to create debugfs for msm_vidc
03-14 04:48:17.333 782 4133 I snet_event_log: [172655291,-1,]
03-14 04:48:17.669 782 825 I wm_stop_activity: [0,120604348,com.android.music/.VideoBrowserActivity]
03-14 04:48:17.687 7303 7303 I wm_on_stop_called: [120604348,com.android.music.VideoBrowserActivity,STOP_ACTIVITY_ITEM]
01-01 08:57:52.551 0 0 E DTC_ETH,link_delay_work_func: 3003, SQI=0, link=0
01-01 08:57:52.821 0 0 I btfm_slim_hw_init: PGD Enum Addr: 00:01:20:02:17: 02
01-01 08:57:52.821 0 0 I btfm_slim_hw_init: IFD Enum Addr: 00:00:20:02:17: 02
01-01 08:57:52.821 0 0 I btfm_slim_hw_init: chipset soc version:400a0200
01-01 08:57:52.821 0 0 I btfm_slim_hw_init: chipset is hastings 2.0, overwriting EA
01-01 08:57:52.821 0 0 I btfm_slim_hw_init: PGD Enum Addr: 00:01:20:02:17: 02
01-01 08:57:52.821 0 0 I btfm_slim_hw_init: IFD Enum Addr: 00:00:20:02:17: 02
01-01 08:57:52.821 0 0 I btfm_slim_alloc_port: chipset soc version:400a0200
01-01 08:57:52.828 0 0 I btfm_slim_enable_ch: chipset soc version:400a0200
01-01 08:57:52.828 0 0 I btfm_slim_enable_ch: channel define - prot:2, dataf:0, auxf:0
01-01 08:57:52.828 0 0 I btfm_slim_enable_ch: channel define - rates:44100, baser:2, ratem:4
01-01 08:57:52.828 0 0 I btfm_slim_enable_ch: slim_connect_sink(port: 16, ch: 157)
01-01 08:57:52.828 0 0 I btfm_slim_enable_ch: port: 16, ch: 157, grp: 0, ch->grph: 0x0, ch_hdl: 0x1d
01-01 08:57:52.829 0 0 I __afe_port_start: port id: 0x400e
01-01 08:57:52.829 0 0 I afe_find_cal_topo_id_by_port: port id: 0x400e, dev_acdb_id: 20
01-01 08:57:52.829 0 0 I afe_find_cal_topo_id_by_port: top_id:112fc acdb_id:20 afe_port_id:0x400e
01-01 08:57:52.829 0 0 I afe_get_cal_topology_id: port_id = 0x400e acdb_id = 20 topology_id = 0x112fc cal_type_index=8 ret=0
01-01 08:57:52.829 0 0 I afe_send_port_topology_id: AFE set topology id 0x112fc enable for port 0x400e ret 0
01-01 08:57:52.829 0 0 I send_afe_cal_type: cal_index is 0
01-01 08:57:52.829 0 0 I send_afe_cal_type: dev_acdb_id[119] is 20
01-01 08:57:52.829 0 0 I afe_find_cal: cal_index 0 port_id 0x400e port_index 119
01-01 08:57:52.829 0 0 I afe_find_cal: acdb_id 20 dev_acdb_id 20 sample_rate 48000 afe_sample_rates 44100
01-01 08:57:52.829 0 0 I afe_find_cal: no matching cal_block found
01-01 08:57:52.829 0 0 E : send_afe_cal_type cal_block not found!!
01-01 08:57:52.835 0 0 I afe_send_hw_delay: port_id 0x400e rate 44100 delay_usec 0 status 0
01-01 08:57:57.671 0 0 E DTC_ETH,link_delay_work_func: 3003, SQI=0, link=0
03-14 04:48:24.502 782 1605 I input_interaction: Interaction with: 3399d76 com.android.gallery3d/com.android.gallery3d.app.MovieActivity (server), edge-swipe (server), swipe-up (server), PointerEventDispatcher0 (server),
03-14 04:48:25.563 782 5547 I wm_task_moved: [1,0,0]
03-14 04:48:25.563 782 5547 I wm_task_moved: [1,0,8]
03-14 04:48:25.580 5555 5555 I view_enqueue_input_event: [Motion - Cancel,com.android.gallery3d/com.android.gallery3d.app.MovieActivity]
03-14 04:48:25.583 782 826 I input_focus: [Focus request recents_animation_input_consumer,reason=UpdateInputWindows]
03-14 04:48:25.584 782 1605 I input_interaction: Interaction with: edge-swipe (server), swipe-up (server), PointerEventDispatcher0 (server),
03-14 04:48:25.586 4407 4407 I wm_on_restart_called: [174418215,com.android.launcher3.uioverrides.QuickstepLauncher,performRestartActivity]
03-14 04:48:25.589 782 1973 I snet_event_log: [172655291,-1,]
03-14 04:48:25.602 4407 4407 I wm_on_start_called: [174418215,com.android.launcher3.uioverrides.QuickstepLauncher,handleStartActivity]
03-14 04:48:25.604 782 1605 I input_focus: [Focus leaving 3399d76 com.android.gallery3d/com.android.gallery3d.app.MovieActivity (server),reason=NOT_FOCUSABLE]
03-14 04:48:25.604 782 1605 I input_focus: [Focus entering recents_animation_input_consumer (server),reason=setFocusedWindow]
03-14 04:48:25.612 4407 4407 I sysui_latency: [1,81]
03-14 04:48:25.626 782 822 I sysui_multi_action: [319,7,322,57,325,3476,757,761,758,9,759,5,806,com.android.launcher3,871,com.android.launcher3.uioverrides.QuickstepLauncher,905,0,1320,4,1321,1]
03-14 04:48:25.809 782 1331 I commit_sys_config_file: [settings-1-0,8]
03-14 04:48:25.922 782 830 I sysui_latency: [8,86]
03-14 04:48:26.442 782 5547 I wm_task_moved: [1,1,9]
03-14 04:48:26.443 782 5547 I wm_focused_root_task: [0,0,1,195,RecentsAnimation.onAnimationFinished()]
03-14 04:48:26.444 5555 5555 I wm_on_top_resumed_lost_called: [5072601,com.android.gallery3d.app.MovieActivity,topStateChangedWhenResumed]
03-14 04:48:26.449 782 5547 I wm_pause_activity: [0,5072601,com.android.gallery3d/.app.MovieActivity,userLeaving=false,pauseBackTasks]
03-14 04:48:26.453 782 5547 I wm_set_resumed_activity: [0,com.android.launcher3/.uioverrides.QuickstepLauncher,resumeTopActivityInnerLocked]
03-14 04:48:26.458 782 5547 I wm_resume_activity: [0,174418215,102,com.android.launcher3/.uioverrides.QuickstepLauncher]
03-14 04:48:26.459 782 5547 I wm_add_to_stopping: [0,5072601,com.android.gallery3d/.app.MovieActivity,makeInvisible]
03-14 04:48:26.462 4407 4407 I wm_on_resume_called: [174418215,com.android.launcher3.uioverrides.QuickstepLauncher,RESUME_ACTIVITY]
03-14 04:48:26.468 782 826 I input_focus: [Focus request e892cf3 com.android.launcher3/com.android.launcher3.uioverrides.QuickstepLauncher,reason=UpdateInputWindows]
03-14 04:48:26.474 782 1605 I input_focus: [Focus leaving recents_animation_input_consumer (server),reason=NOT_VISIBLE]
03-14 04:48:26.474 782 1605 I input_focus: [Focus entering e892cf3 com.android.launcher3/com.android.launcher3.uioverrides.QuickstepLauncher (server),reason=setFocusedWindow]
03-14 04:48:26.476 782 4680 I wm_stop_activity: [0,5072601,com.android.gallery3d/.app.MovieActivity]
03-14 04:48:26.478 782 825 I sysui_multi_action: [757,803,799,window_time_0,802,9]
03-14 04:48:26.485 782 825 I sysui_multi_action: [757,803,799,window_time_0,802,0]
01-01 08:57:59.893 0 0 I msm_vidc: high: 00000002: h264d: Closed video instance: 0000000000000000
03-14 04:48:26.504 4407 4407 I wm_on_top_resumed_gained_called: [174418215,com.android.launcher3.uioverrides.QuickstepLauncher,topStateChangedWhenResumed]
03-14 04:48:26.583 5555 5555 I wm_on_paused_called: [5072601,com.android.gallery3d.app.MovieActivity,performPause]
03-14 04:48:26.588 5555 5555 I wm_on_stop_called: [5072601,com.android.gallery3d.app.MovieActivity,STOP_ACTIVITY_ITEM]
03-14 04:48:26.696 782 1331 I commit_sys_config_file: [settings-1-0,5]
03-14 04:48:26.921 782 1605 I input_interaction: Interaction with: e892cf3 com.android.launcher3/com.android.launcher3.uioverrides.QuickstepLauncher (server), d04e39a com.android.systemui.ImageWallpaper (server), edge-swipe (server), swipe-up (server), PointerEventDispatcher0 (server),
03-14 04:48:27.707 782 4133 I wm_finish_activity: [0,5072601,195,com.android.gallery3d/.app.MovieActivity,remove-task]
03-14 04:48:27.708 782 4133 I wm_destroy_activity: [0,5072601,195,com.android.gallery3d/.app.MovieActivity,finish-imm:finishIfPossible]
03-14 04:48:27.710 5555 5555 I wm_on_destroy_called: [5072601,com.android.gallery3d.app.MovieActivity,performDestroy]
03-14 04:48:27.710 782 4133 I wm_finish_activity: [0,120604348,195,com.android.music/.VideoBrowserActivity,remove-task]
03-14 04:48:27.712 782 4133 I wm_destroy_activity: [0,120604348,195,com.android.music/.VideoBrowserActivity,finish-imm:finishIfPossible]
03-14 04:48:27.714 7303 7303 I wm_on_destroy_called: [120604348,com.android.music.VideoBrowserActivity,performDestroy]
03-14 04:48:27.724 782 825 I sysui_multi_action: [757,803,799,window_time_0,802,1]
03-14 04:48:27.726 782 4133 I wm_task_removed: [195,removeChild:removeChild last r=ActivityRecord{73046bc u0 com.android.music/.VideoBrowserActivity t-1 f}} in t=Task{5adcd66 #195 type=standard A=10086:android.task.video U=0 visible=false mode=fullscreen translucent=true sz=0}]
03-14 04:48:27.726 782 4133 I wm_task_removed: [195,removeChild]
03-14 04:48:27.730 782 782 I sysui_multi_action: [757,128,758,5,759,8,793,763509,794,0,795,43645,796,1,806,com.android.music,857,Channel-music,858,2,947,0,1500,43645,1641,transport,1688,1,1745,1043716538]
03-14 04:48:27.730 782 782 I notification_canceled: [0|com.android.music|1|null|10086,8,763509,43645,0,-1,-1,NULL]
03-14 04:48:27.767 782 782 I notification_enqueue: [10078,2006,com.android.systemui,1,empty_media,0,Notification(channel=empty_media_style_id shortcut=null contentView=null vibrate=null sound=null defaults=0x0 flags=0x20 color=0x00000000 category=transport groupKey=empty_media actions=4 vis=PRIVATE),0]
03-14 04:48:27.968 782 782 I sysui_multi_action: [757,1501,758,1,793,203,794,0,795,203,796,1,797,empty_media,806,com.android.systemui,857,empty_media_style_id,858,4,946,empty_media,947,0,1500,0,1641,transport,1688,1,1745,1043716538]
03-14 04:48:27.968 782 782 I sysui_multi_action: [757,804,799,note_interruptive,801,0,802,1]
03-14 04:48:29.283 782 5547 I wm_task_created: [196,-1]
03-14 04:48:29.285 782 5547 I wm_task_moved: [196,1,9]
03-14 04:48:29.285 782 5547 I wm_task_to_front: [0,196]
03-14 04:48:29.286 782 5547 I wm_create_task: [0,196]
03-14 04:48:29.286 782 5547 I wm_create_activity: [0,110211796,196,com.android.music/.VideoBrowserActivity,android.intent.action.MAIN,NULL,NULL,270532608]
03-14 04:48:29.286 782 5547 I wm_task_moved: [196,1,9]
03-14 04:48:29.287 782 5547 I wm_restart_activity: [0,110211796,196,com.android.music/.VideoBrowserActivity]
03-14 04:48:29.287 782 5547 I wm_set_resumed_activity: [0,com.android.music/.VideoBrowserActivity,minimalResumeActivityLocked]
03-14 04:48:29.290 4407 4407 I wm_on_top_resumed_lost_called: [174418215,com.android.launcher3.uioverrides.QuickstepLauncher,topStateChangedWhenResumed]
03-14 04:48:29.303 7303 7303 I wm_on_create_called: [110211796,com.android.music.VideoBrowserActivity,performCreate]
03-14 04:48:29.303 7303 7303 I wm_on_start_called: [110211796,com.android.music.VideoBrowserActivity,handleStartActivity]
03-14 04:48:29.304 7303 7303 I wm_on_resume_called: [110211796,com.android.music.VideoBrowserActivity,RESUME_ACTIVITY]
03-14 04:48:29.305 7303 7303 I wm_on_top_resumed_gained_called: [110211796,com.android.music.VideoBrowserActivity,topStateChangedWhenResumed]
03-14 04:48:29.317 782 826 I input_focus: [Focus request 3cc18be com.android.music/com.android.music.VideoBrowserActivity,reason=UpdateInputWindows]
03-14 04:48:29.324 782 822 I sysui_multi_action: [319,44,322,44,325,3480,757,761,758,8,759,2,806,com.android.music,871,com.android.music.VideoBrowserActivity,904,com.android.launcher3,905,0,1320,4,1321,1]
03-14 04:48:29.324 782 822 I wm_activity_launch_time: [0,110211796,com.android.music/.VideoBrowserActivity,44]
03-14 04:48:29.331 782 1605 I input_focus: [Focus leaving e892cf3 com.android.launcher3/com.android.launcher3.uioverrides.QuickstepLauncher (server),reason=setFocusedWindow]
03-14 04:48:29.331 782 1605 I input_focus: [Focus entering 3cc18be com.android.music/com.android.music.VideoBrowserActivity (server),reason=setFocusedWindow]
03-14 04:48:29.368 782 830 I am_pss : [7244,1000,com.qti.diagservices,6340608,4087808,0,94687232,0,10,5]
01-01 08:58:02.791 0 0 E DTC_ETH,link_delay_work_func: 3003, SQI=0, link=0
