03-14 04:54:54.610 782 872 I service_manager_stats: [100,48,56934]
03-14 04:54:54.611 782 872 I am_wtf : [0,782,system_server,-1,DisplayDeviceConfig,requesting nits when no mapping exists.]
03-14 04:54:54.626 782 1952 E DisplayDeviceConfig: requesting nits when no mapping exists.
03-14 04:54:54.626 782 1952 E DisplayDeviceConfig: requesting nits when no mapping exists.
03-14 04:54:54.626 782 872 I am_wtf : [0,782,system_server,-1,DisplayDeviceConfig,requesting nits when no mapping exists.]
03-14 04:54:54.627 782 872 I am_wtf : [0,782,system_server,-1,DisplayDeviceConfig,requesting nits when no mapping exists.]
03-14 04:54:54.642 782 1952 E DisplayDeviceConfig: requesting nits when no mapping exists.
03-14 04:54:54.643 782 1952 E DisplayDeviceConfig: requesting nits when no mapping exists.
03-14 04:54:54.643 782 872 I am_wtf : [0,782,system_server,-1,DisplayDeviceConfig,requesting nits when no mapping exists.]
03-14 04:54:54.644 782 872 I am_wtf : [0,782,system_server,-1,DisplayDeviceConfig,requesting nits when no mapping exists.]
03-14 04:54:54.659 782 1952 E DisplayDeviceConfig: requesting nits when no mapping exists.
03-14 04:54:54.660 782 1952 E DisplayDeviceConfig: requesting nits when no mapping exists.
03-14 04:54:54.660 782 872 I am_wtf : [0,782,system_server,-1,DisplayDeviceConfig,requesting nits when no mapping exists.]
03-14 04:54:54.660 782 872 I am_wtf : [0,782,system_server,-1,DisplayDeviceConfig,requesting nits when no mapping exists.]
03-14 04:54:54.675 782 1952 E DisplayDeviceConfig: requesting nits when no mapping exists.
03-14 04:54:54.676 782 872 I am_wtf : [0,782,system_server,-1,DisplayDeviceConfig,requesting nits when no mapping exists.]
03-14 04:54:54.676 782 1952 E DisplayDeviceConfig: requesting nits when no mapping exists.
03-14 04:54:54.677 782 872 I am_wtf : [0,782,system_server,-1,DisplayDeviceConfig,requesting nits when no mapping exists.]
03-14 04:54:54.692 782 1952 E DisplayDeviceConfig: requesting nits when no mapping exists.
03-14 04:54:54.693 782 1952 E DisplayDeviceConfig: requesting nits when no mapping exists.
03-14 04:54:54.693 782 872 I am_wtf : [0,782,system_server,-1,DisplayDeviceConfig,requesting nits when no mapping exists.]
03-14 04:54:54.694 782 872 I am_wtf : [0,782,system_server,-1,DisplayDeviceConfig,requesting nits when no mapping exists.]
03-14 04:54:54.709 782 1952 E DisplayDeviceConfig: requesting nits when no mapping exists.
03-14 04:54:54.709 782 1952 E DisplayDeviceConfig: requesting nits when no mapping exists.
03-14 04:54:54.710 782 872 I am_wtf : [0,782,system_server,-1,DisplayDeviceConfig,requesting nits when no mapping exists.]
03-14 04:54:54.710 782 872 I am_wtf : [0,782,system_server,-1,DisplayDeviceConfig,requesting nits when no mapping exists.]
03-14 04:54:54.726 782 1952 E DisplayDeviceConfig: requesting nits when no mapping exists.
03-14 04:54:54.726 782 1952 E DisplayDeviceConfig: requesting nits when no mapping exists.
03-14 04:54:54.726 782 872 I am_wtf : [0,782,system_server,-1,DisplayDeviceConfig,requesting nits when no mapping exists.]
03-14 04:54:54.727 782 872 I am_wtf : [0,782,system_server,-1,DisplayDeviceConfig,requesting nits when no mapping exists.]
03-14 04:54:54.742 782 1952 E DisplayDeviceConfig: requesting nits when no mapping exists.
03-14 04:54:54.743 782 1952 E DisplayDeviceConfig: requesting nits when no mapping exists.
03-14 04:54:54.743 782 872 I am_wtf : [0,782,system_server,-1,DisplayDeviceConfig,requesting nits when no mapping exists.]
03-14 04:54:54.743 782 872 I am_wtf : [0,782,system_server,-1,DisplayDeviceConfig,requesting nits when no mapping exists.]
03-14 04:54:54.759 782 1952 E DisplayDeviceConfig: requesting nits when no mapping exists.
03-14 04:54:54.759 782 1952 E DisplayDeviceConfig: requesting nits when no mapping exists.
03-14 04:54:54.760 782 872 I am_wtf : [0,782,system_server,-1,DisplayDeviceConfig,requesting nits when no mapping exists.]
03-14 04:54:54.761 782 872 I am_wtf : [0,782,system_server,-1,DisplayDeviceConfig,requesting nits when no mapping exists.]
03-14 04:54:54.776 782 1952 E DisplayDeviceConfig: requesting nits when no mapping exists.
03-14 04:54:54.776 782 1952 E DisplayDeviceConfig: requesting nits when no mapping exists.
03-14 04:54:54.777 782 872 I am_wtf : [0,782,system_server,-1,DisplayDeviceConfig,requesting nits when no mapping exists.]
03-14 04:54:54.778 782 872 I am_wtf : [0,782,system_server,-1,DisplayDeviceConfig,requesting nits when no mapping exists.]
03-14 04:54:54.793 782 1952 E DisplayDeviceConfig: requesting nits when no mapping exists.
03-14 04:54:54.793 782 1952 E DisplayDeviceConfig: requesting nits when no mapping exists.
03-14 04:54:54.793 782 872 I am_wtf : [0,782,system_server,-1,DisplayDeviceConfig,requesting nits when no mapping exists.]
03-14 04:54:54.794 782 872 I am_wtf : [0,782,system_server,-1,DisplayDeviceConfig,requesting nits when no mapping exists.]
01-01 09:04:31.911 0 0 E DTC_ETH,link_delay_work_func: 3003, SQI=0, link=0
03-14 04:54:58.707 782 782 I sysui_multi_action: [757,128,758,5,759,8,793,59949,794,0,795,59949,796,1,806,com.android.music,857,Channel-music,858,2,947,0,1500,59753,1641,transport,1688,1,1745,1043716538]
03-14 04:54:58.707 782 782 I notification_canceled: [0|com.android.music|1|null|10086,8,59949,59949,0,-1,-1,NULL]
03-14 04:54:58.730 782 872 W BroadcastQueue: Background execution not allowed: receiving Intent { act=com.android.music.updatewidget flg=0x10 } to com.android.music/.MediaAppWidgetProvider
03-14 04:54:58.730 782 872 W BroadcastQueue: Background execution not allowed: receiving Intent { act=com.android.music.updatewidget flg=0x10 } to com.android.music/.MediaAppWidgetProviderLarge
03-14 04:54:58.730 782 6955 I sysui_multi_action: [757,856,758,2,806,com.android.music,857,Channel-music,858,2]
03-14 04:54:58.730 782 782 I notification_cancel_all: [1000,782,com.android.music,0,0,0,20,NULL]
03-14 04:54:58.730 782 6955 W NotificationHistory: Attempted to remove channel for locked/gone/disabled user 0
03-14 04:54:58.747 782 1699 I GameModeConfig: isGameModeOn = false
03-14 04:54:58.747 782 1699 I GameModeConfig: isGameModeOn = false
03-14 04:54:58.747 782 1699 I GameModeConfig: isGameModeOn = false
03-14 04:54:58.748 782 1699 I GameModeConfig: isGameModeOn = false
03-14 04:54:58.748 782 1699 I GameModeConfig: isGameModeOn = false
03-14 04:54:58.749 782 782 I notification_enqueue: [10078,2006,com.android.systemui,1,empty_media,0,Notification(channel=empty_media_style_id shortcut=null contentView=null vibrate=null sound=null defaults=0x0 flags=0x20 color=0x00000000 category=transport groupKey=empty_media actions=4 vis=PRIVATE),0]
03-14 04:54:58.950 782 782 I sysui_multi_action: [757,1501,758,1,793,201,794,0,795,201,796,1,797,empty_media,806,com.android.systemui,857,empty_media_style_id,858,4,946,empty_media,947,0,1500,0,1641,transport,1688,1,1745,1043716538]
03-14 04:54:58.950 782 782 I sysui_multi_action: [757,804,799,note_interruptive,801,0,802,1]
03-14 04:54:58.951 782 782 I GameModeConfig: isGameModeOn = false
03-14 04:54:58.955 782 782 W NotificationHistory: Attempted to add notif for locked/gone/disabled user 0
03-14 04:54:58.985 782 824 I commit_sys_config_file: [notification-policy,3834764]
03-14 04:55:00.838 782 1000 I PowerManagerService: Napping display group (groupId=0, uid=1000)...
03-14 04:55:00.838 782 1000 I PowerManagerService: Nap time (uid 1000)...
03-14 04:55:00.841 782 1000 I DreamManagerService: Entering dreamland.
03-14 04:55:00.843 782 1000 I PowerManagerService: Dreaming...
03-14 04:55:00.852 782 822 I DreamController: Starting dream: name=ComponentInfo{com.thundercomm.screensaver/com.thundercomm.screensaver.service.SystemDream}, isTest=false, canDoze=false, userId=0
03-14 04:55:00.852 782 822 I sysui_multi_action: [757,222,758,1]
03-14 04:55:00.855 782 822 I am_uid_active: 10050
03-14 04:55:00.861 782 822 D AutofillManagerService: Close system dialogs
03-14 04:55:00.862 782 830 I am_pss : [2549,10063,com.thundercomm.gamemode.provider,8147968,6045696,0,96641024,0,19,9]
03-14 04:55:00.863 782 3182 I ActivityTaskManager: START u0 {flg=0x10000000 pkg=com.thundercomm.screensaver cmp=com.thundercomm.screensaver/android.service.dreams.DreamActivity (has extras)} from uid 10050
03-14 04:55:00.867 782 3182 I wm_task_created: [221,-1]
03-14 04:55:00.867 782 3182 W ActivityTaskManager: Can't find TaskDisplayArea to determine support for multi window. Task id=221 attached=false
03-14 04:55:00.871 782 3182 I wm_task_moved: [221,1,6]
03-14 04:55:00.871 782 3182 I wm_task_to_front: [0,221]
03-14 04:55:00.871 782 3182 I wm_create_task: [0,221]
03-14 04:55:00.871 782 3182 I wm_create_activity: [0,255889072,221,com.thundercomm.screensaver/android.service.dreams.DreamActivity,NULL,NULL,NULL,276824064]
03-14 04:55:00.871 782 3182 I wm_task_moved: [221,1,6]
03-14 04:55:00.871 9060 9060 I wm_on_top_resumed_lost_called: [174418215,com.android.launcher3.uioverrides.QuickstepLauncher,topStateChangedWhenResumed]
03-14 04:55:00.872 782 3182 I wm_pause_activity: [0,174418215,com.android.launcher3/.uioverrides.QuickstepLauncher,userLeaving=true,pauseBackTasks]
03-14 04:55:00.873 9060 9060 I wm_on_paused_called: [174418215,com.android.launcher3.uioverrides.QuickstepLauncher,performPause]
03-14 04:55:00.874 782 3182 I ActivityTaskManager: FOREGROUND_APPLICATION_CHANGED to android.service.dreams.DreamActivity
03-14 04:55:00.874 782 3182 I ActivityTaskManager: The Process com.thundercomm.screensaver Already Exists in BG. So sending its PID: 6960
03-14 04:55:00.874 782 3182 W ActivityTaskManager: Tried to set launchTime (0) < mLastActivityLaunchTime (3775626)
03-14 04:55:00.874 782 3182 I wm_add_to_stopping: [0,174418215,com.android.launcher3/.uioverrides.QuickstepLauncher,makeInvisible]
03-14 04:55:00.875 782 3182 I wm_restart_activity: [0,255889072,221,com.thundercomm.screensaver/android.service.dreams.DreamActivity]
03-14 04:55:00.875 782 3182 I wm_set_resumed_activity: [0,com.thundercomm.screensaver/android.service.dreams.DreamActivity,minimalResumeActivityLocked]
03-14 04:55:00.879 782 825 I sysui_multi_action: [757,803,799,window_time_0,802,62]
03-14 04:55:00.880 782 6955 I am_uid_active: 10063
03-14 04:55:00.880 6960 6960 I wm_on_create_called: [255889072,android.service.dreams.DreamActivity,performCreate]
03-14 04:55:00.880 6960 6960 I wm_on_start_called: [255889072,android.service.dreams.DreamActivity,handleStartActivity]
03-14 04:55:00.881 6960 6960 I wm_on_resume_called: [255889072,android.service.dreams.DreamActivity,RESUME_ACTIVITY]
03-14 04:55:00.882 782 5547 W WindowManager: Failed looking up window session=Session{950bf9c 6960:u0a10050} callers=com.android.server.wm.WindowManagerService.windowForClientLocked:5628 com.android.server.wm.Session.insetsModified:629 android.view.IWindowSession$Stub.onTransact:1151
03-14 04:55:00.883 6960 6960 I wm_on_top_resumed_gained_called: [255889072,android.service.dreams.DreamActivity,topStateChangedWhenResumed]
03-14 04:55:00.893 782 1605 I input_focus: [Focus leaving f6966bb com.android.launcher3/com.android.launcher3.uioverrides.QuickstepLauncher (server),reason=NO_WINDOW]
03-14 04:55:00.898 782 826 I input_focus: [Focus request 897e5dc com.thundercomm.screensaver/android.service.dreams.DreamActivity,reason=UpdateInputWindows]
03-14 04:55:00.905 782 822 I sysui_multi_action: [319,40,322,39,325,3871,757,761,758,8,759,2,806,com.thundercomm.screensaver,871,android.service.dreams.DreamActivity,904,com.thundercomm.screensaver,905,0,1320,4,1321,2]
03-14 04:55:00.905 782 822 I wm_activity_launch_time: [0,255889072,com.thundercomm.screensaver/android.service.dreams.DreamActivity,39]
03-14 04:55:00.905 782 1000 V DisplayPowerController[0]: Brightness [1.0] reason changing to: 'manual', previous reason: 'manual [ dim ]'.
03-14 04:55:00.905 782 1000 I sysui_multi_action: [757,1696,758,6,759,3]
03-14 04:55:00.909 782 1952 E DisplayDeviceConfig: requesting nits when no mapping exists.
03-14 04:55:00.909 782 1952 E DisplayDeviceConfig: requesting nits when no mapping exists.
03-14 04:55:00.909 782 872 I am_wtf : [0,782,system_server,-1,DisplayDeviceConfig,requesting nits when no mapping exists.]
03-14 04:55:00.909 782 872 I am_wtf : [0,782,system_server,-1,DisplayDeviceConfig,requesting nits when no mapping exists.]
03-14 04:55:00.925 782 1952 E DisplayDeviceConfig: requesting nits when no mapping exists.
03-14 04:55:00.926 782 1952 E DisplayDeviceConfig: requesting nits when no mapping exists.
03-14 04:55:00.926 782 872 I am_wtf : [0,782,system_server,-1,DisplayDeviceConfig,requesting nits when no mapping exists.]
03-14 04:55:00.926 782 1605 I input_focus: [Focus entering 897e5dc com.thundercomm.screensaver/android.service.dreams.DreamActivity (server),reason=Window became focusable. Previous reason: NOT_VISIBLE]
03-14 04:55:00.926 782 872 I am_wtf : [0,782,system_server,-1,DisplayDeviceConfig,requesting nits when no mapping exists.]
03-14 04:55:00.942 782 1952 E DisplayDeviceConfig: requesting nits when no mapping exists.
03-14 04:55:00.942 782 1952 E DisplayDeviceConfig: requesting nits when no mapping exists.
03-14 04:55:00.942 782 872 I am_wtf : [0,782,system_server,-1,DisplayDeviceConfig,requesting nits when no mapping exists.]
03-14 04:55:00.943 782 872 I am_wtf : [0,782,system_server,-1,DisplayDeviceConfig,requesting nits when no mapping exists.]
03-14 04:55:00.959 782 1952 E DisplayDeviceConfig: requesting nits when no mapping exists.
03-14 04:55:00.959 782 1952 E DisplayDeviceConfig: requesting nits when no mapping exists.
03-14 04:55:00.959 782 872 I am_wtf : [0,782,system_server,-1,DisplayDeviceConfig,requesting nits when no mapping exists.]
03-14 04:55:00.960 782 872 I am_wtf : [0,782,system_server,-1,DisplayDeviceConfig,requesting nits when no mapping exists.]
03-14 04:55:00.977 782 6955 W FreeFormWindowHelper: Current Display FreeFormTask is null
03-14 04:55:00.977 782 1952 E DisplayDeviceConfig: requesting nits when no mapping exists.
03-14 04:55:00.977 782 1952 E DisplayDeviceConfig: requesting nits when no mapping exists.
03-14 04:55:00.977 782 872 I am_wtf : [0,782,system_server,-1,DisplayDeviceConfig,requesting nits when no mapping exists.]
03-14 04:55:00.977 782 872 I am_wtf : [0,782,system_server,-1,DisplayDeviceConfig,requesting nits when no mapping exists.]
03-14 04:55:00.992 782 1952 E DisplayDeviceConfig: requesting nits when no mapping exists.
03-14 04:55:00.992 782 1952 E DisplayDeviceConfig: requesting nits when no mapping exists.
03-14 04:55:00.993 782 872 I am_wtf : [0,782,system_server,-1,DisplayDeviceConfig,requesting nits when no mapping exists.]
03-14 04:55:00.993 782 872 I am_wtf : [0,782,system_server,-1,DisplayDeviceConfig,requesting nits when no mapping exists.]
03-14 04:55:01.010 782 1952 E DisplayDeviceConfig: requesting nits when no mapping exists.
03-14 04:55:01.010 782 1952 E DisplayDeviceConfig: requesting nits when no mapping exists.
03-14 04:55:01.010 782 872 I am_wtf : [0,782,system_server,-1,DisplayDeviceConfig,requesting nits when no mapping exists.]
03-14 04:55:01.010 782 872 I am_wtf : [0,782,system_server,-1,DisplayDeviceConfig,requesting nits when no mapping exists.]
03-14 04:55:01.027 782 1952 E DisplayDeviceConfig: requesting nits when no mapping exists.
03-14 04:55:01.027 782 1952 E DisplayDeviceConfig: requesting nits when no mapping exists.
03-14 04:55:01.027 782 872 I am_wtf : [0,782,system_server,-1,DisplayDeviceConfig,requesting nits when no mapping exists.]
03-14 04:55:01.027 782 872 I am_wtf : [0,782,system_server,-1,DisplayDeviceConfig,requesting nits when no mapping exists.]
03-14 04:55:01.043 782 1952 E DisplayDeviceConfig: requesting nits when no mapping exists.
03-14 04:55:01.043 782 1952 E DisplayDeviceConfig: requesting nits when no mapping exists.
03-14 04:55:01.043 782 872 I am_wtf : [0,782,system_server,-1,DisplayDeviceConfig,requesting nits when no mapping exists.]
03-14 04:55:01.044 782 872 I am_wtf : [0,782,system_server,-1,DisplayDeviceConfig,requesting nits when no mapping exists.]
03-14 04:55:01.060 782 1952 E DisplayDeviceConfig: requesting nits when no mapping exists.
03-14 04:55:01.060 782 1952 E DisplayDeviceConfig: requesting nits when no mapping exists.
03-14 04:55:01.060 782 872 I am_wtf : [0,782,system_server,-1,DisplayDeviceConfig,requesting nits when no mapping exists.]
03-14 04:55:01.061 782 872 I am_wtf : [0,782,system_server,-1,DisplayDeviceConfig,requesting nits when no mapping exists.]
03-14 04:55:01.077 782 1952 E DisplayDeviceConfig: requesting nits when no mapping exists.
03-14 04:55:01.077 782 1952 E DisplayDeviceConfig: requesting nits when no mapping exists.
03-14 04:55:01.077 782 872 I am_wtf : [0,782,system_server,-1,DisplayDeviceConfig,requesting nits when no mapping exists.]
03-14 04:55:01.077 782 872 I am_wtf : [0,782,system_server,-1,DisplayDeviceConfig,requesting nits when no mapping exists.]
03-14 04:55:01.093 782 1952 E DisplayDeviceConfig: requesting nits when no mapping exists.
03-14 04:55:01.093 782 1952 E DisplayDeviceConfig: requesting nits when no mapping exists.
03-14 04:55:01.093 782 872 I am_wtf : [0,782,system_server,-1,DisplayDeviceConfig,requesting nits when no mapping exists.]
03-14 04:55:01.093 782 872 I am_wtf : [0,782,system_server,-1,DisplayDeviceConfig,requesting nits when no mapping exists.]
03-14 04:55:01.109 782 1952 E DisplayDeviceConfig: requesting nits when no mapping exists.
03-14 04:55:01.109 782 1952 E DisplayDeviceConfig: requesting nits when no mapping exists.
03-14 04:55:01.109 782 872 I am_wtf : [0,782,system_server,-1,DisplayDeviceConfig,requesting nits when no mapping exists.]
03-14 04:55:01.110 782 872 I am_wtf : [0,782,system_server,-1,DisplayDeviceConfig,requesting nits when no mapping exists.]
03-14 04:55:01.126 782 1952 E DisplayDeviceConfig: requesting nits when no mapping exists.
03-14 04:55:01.126 782 1952 E DisplayDeviceConfig: requesting nits when no mapping exists.
03-14 04:55:01.126 782 872 I am_wtf : [0,782,system_server,-1,DisplayDeviceConfig,requesting nits when no mapping exists.]
03-14 04:55:01.126 782 872 I am_wtf : [0,782,system_server,-1,DisplayDeviceConfig,requesting nits when no mapping exists.]
03-14 04:55:01.143 782 1952 E DisplayDeviceConfig: requesting nits when no mapping exists.
03-14 04:55:01.143 782 1952 E DisplayDeviceConfig: requesting nits when no mapping exists.
03-14 04:55:01.143 782 872 I am_wtf : [0,782,system_server,-1,DisplayDeviceConfig,requesting nits when no mapping exists.]
03-14 04:55:01.143 782 872 I am_wtf : [0,782,system_server,-1,DisplayDeviceConfig,requesting nits when no mapping exists.]
03-14 04:55:01.159 782 1952 E DisplayDeviceConfig: requesting nits when no mapping exists.
03-14 04:55:01.160 782 1952 E DisplayDeviceConfig: requesting nits when no mapping exists.
03-14 04:55:01.160 782 872 I am_wtf : [0,782,system_server,-1,DisplayDeviceConfig,requesting nits when no mapping exists.]
03-14 04:55:01.160 782 872 I am_wtf : [0,782,system_server,-1,DisplayDeviceConfig,requesting nits when no mapping exists.]
03-14 04:55:01.176 782 1952 E DisplayDeviceConfig: requesting nits when no mapping exists.
03-14 04:55:01.176 782 1952 E DisplayDeviceConfig: requesting nits when no mapping exists.
03-14 04:55:01.176 782 872 I am_wtf : [0,782,system_server,-1,DisplayDeviceConfig,requesting nits when no mapping exists.]
03-14 04:55:01.177 782 872 I am_wtf : [0,782,system_server,-1,DisplayDeviceConfig,requesting nits when no mapping exists.]
03-14 04:55:01.193 782 1952 E DisplayDeviceConfig: requesting nits when no mapping exists.
03-14 04:55:01.193 782 1952 E DisplayDeviceConfig: requesting nits when no mapping exists.
03-14 04:55:01.193 782 872 I am_wtf : [0,782,system_server,-1,DisplayDeviceConfig,requesting nits when no mapping exists.]
03-14 04:55:01.194 782 825 I wm_stop_activity: [0,174418215,com.android.launcher3/.uioverrides.QuickstepLauncher]
03-14 04:55:01.194 782 872 I am_wtf : [0,782,system_server,-1,DisplayDeviceConfig,requesting nits when no mapping exists.]
03-14 04:55:01.210 782 1952 E DisplayDeviceConfig: requesting nits when no mapping exists.
03-14 04:55:01.210 782 872 I am_wtf : [0,782,system_server,-1,DisplayDeviceConfig,requesting nits when no mapping exists.]
03-14 04:55:01.210 782 1952 E DisplayDeviceConfig: requesting nits when no mapping exists.
03-14 04:55:01.210 782 872 I am_wtf : [0,782,system_server,-1,DisplayDeviceConfig,requesting nits when no mapping exists.]
03-14 04:55:01.214 9060 9060 I wm_on_stop_called: [174418215,com.android.launcher3.uioverrides.QuickstepLauncher,STOP_ACTIVITY_ITEM]
03-14 04:55:01.226 782 1952 E DisplayDeviceConfig: requesting nits when no mapping exists.
03-14 04:55:01.227 782 872 I am_wtf : [0,782,system_server,-1,DisplayDeviceConfig,requesting nits when no mapping exists.]
03-14 04:55:01.227 782 1952 E DisplayDeviceConfig: requesting nits when no mapping exists.
03-14 04:55:01.227 782 872 I am_wtf : [0,782,system_server,-1,DisplayDeviceConfig,requesting nits when no mapping exists.]
03-14 04:55:01.243 782 1952 E DisplayDeviceConfig: requesting nits when no mapping exists.
03-14 04:55:01.243 782 1952 E DisplayDeviceConfig: requesting nits when no mapping exists.
03-14 04:55:01.243 782 872 I am_wtf : [0,782,system_server,-1,DisplayDeviceConfig,requesting nits when no mapping exists.]
03-14 04:55:01.243 782 872 I am_wtf : [0,782,system_server,-1,DisplayDeviceConfig,requesting nits when no mapping exists.]
03-14 04:55:01.257 782 1952 E DisplayDeviceConfig: requesting nits when no mapping exists.
03-14 04:55:01.258 782 1952 E DisplayDeviceConfig: requesting nits when no mapping exists.
03-14 04:55:01.258 782 872 I am_wtf : [0,782,system_server,-1,DisplayDeviceConfig,requesting nits when no mapping exists.]
03-14 04:55:01.258 782 872 I am_wtf : [0,782,system_server,-1,DisplayDeviceConfig,requesting nits when no mapping exists.]
03-14 04:55:01.274 782 1952 E DisplayDeviceConfig: requesting nits when no mapping exists.
03-14 04:55:01.274 782 1952 E DisplayDeviceConfig: requesting nits when no mapping exists.
03-14 04:55:01.274 782 872 I am_wtf : [0,782,system_server,-1,DisplayDeviceConfig,requesting nits when no mapping exists.]
03-14 04:55:01.274 782 872 I am_wtf : [0,782,system_server,-1,DisplayDeviceConfig,requesting nits when no mapping exists.]
03-14 04:55:01.291 782 1952 E DisplayDeviceConfig: requesting nits when no mapping exists.
03-14 04:55:01.291 782 1952 E DisplayDeviceConfig: requesting nits when no mapping exists.
03-14 04:55:01.291 782 872 I am_wtf : [0,782,system_server,-1,DisplayDeviceConfig,requesting nits when no mapping exists.]
03-14 04:55:01.291 782 872 I am_wtf : [0,782,system_server,-1,DisplayDeviceConfig,requesting nits when no mapping exists.]
03-14 04:55:01.307 782 1952 E DisplayDeviceConfig: requesting nits when no mapping exists.
03-14 04:55:01.307 782 1952 E DisplayDeviceConfig: requesting nits when no mapping exists.
03-14 04:55:01.307 782 872 I am_wtf : [0,782,system_server,-1,DisplayDeviceConfig,requesting nits when no mapping exists.]
03-14 04:55:01.308 782 872 I am_wtf : [0,782,system_server,-1,DisplayDeviceConfig,requesting nits when no mapping exists.]
03-14 04:55:01.324 782 1952 E DisplayDeviceConfig: requesting nits when no mapping exists.
03-14 04:55:01.324 782 872 I am_wtf : [0,782,system_server,-1,DisplayDeviceConfig,requesting nits when no mapping exists.]
03-14 04:55:01.324 782 1952 E DisplayDeviceConfig: requesting nits when no mapping exists.
03-14 04:55:01.324 782 872 I am_wtf : [0,782,system_server,-1,DisplayDeviceConfig,requesting nits when no mapping exists.]
03-14 04:55:01.341 782 1952 E DisplayDeviceConfig: requesting nits when no mapping exists.
03-14 04:55:01.341 782 1952 E DisplayDeviceConfig: requesting nits when no mapping exists.
03-14 04:55:01.341 782 872 I am_wtf : [0,782,system_server,-1,DisplayDeviceConfig,requesting nits when no mapping exists.]
03-14 04:55:01.341 782 872 I am_wtf : [0,782,system_server,-1,DisplayDeviceConfig,requesting nits when no mapping exists.]
03-14 04:55:01.358 782 1952 E DisplayDeviceConfig: requesting nits when no mapping exists.
03-14 04:55:01.358 782 1952 E DisplayDeviceConfig: requesting nits when no mapping exists.
03-14 04:55:01.358 782 872 I am_wtf : [0,782,system_server,-1,DisplayDeviceConfig,requesting nits when no mapping exists.]
03-14 04:55:01.358 782 872 I am_wtf : [0,782,system_server,-1,DisplayDeviceConfig,requesting nits when no mapping exists.]
03-14 04:55:01.374 782 1952 E DisplayDeviceConfig: requesting nits when no mapping exists.
03-14 04:55:01.374 782 872 I am_wtf : [0,782,system_server,-1,DisplayDeviceConfig,requesting nits when no mapping exists.]
03-14 04:55:01.374 782 1952 E DisplayDeviceConfig: requesting nits when no mapping exists.
03-14 04:55:01.374 782 872 I am_wtf : [0,782,system_server,-1,DisplayDeviceConfig,requesting nits when no mapping exists.]
03-14 04:55:01.391 782 1952 E DisplayDeviceConfig: requesting nits when no mapping exists.
03-14 04:55:01.391 782 872 I am_wtf : [0,782,system_server,-1,DisplayDeviceConfig,requesting nits when no mapping exists.]
03-14 04:55:01.391 782 1952 E DisplayDeviceConfig: requesting nits when no mapping exists.
03-14 04:55:01.391 782 872 I am_wtf : [0,782,system_server,-1,DisplayDeviceConfig,requesting nits when no mapping exists.]
03-14 04:55:01.408 782 1952 E DisplayDeviceConfig: requesting nits when no mapping exists.
03-14 04:55:01.408 782 872 I am_wtf : [0,782,system_server,-1,DisplayDeviceConfig,requesting nits when no mapping exists.]
03-14 04:55:01.408 782 1952 E DisplayDeviceConfig: requesting nits when no mapping exists.
03-14 04:55:01.408 782 872 I am_wtf : [0,782,system_server,-1,DisplayDeviceConfig,requesting nits when no mapping exists.]
03-14 04:55:01.424 782 1952 E DisplayDeviceConfig: requesting nits when no mapping exists.
03-14 04:55:01.424 782 1952 E DisplayDeviceConfig: requesting nits when no mapping exists.
03-14 04:55:01.424 782 872 I am_wtf : [0,782,system_server,-1,DisplayDeviceConfig,requesting nits when no mapping exists.]
03-14 04:55:01.425 782 872 I am_wtf : [0,782,system_server,-1,DisplayDeviceConfig,requesting nits when no mapping exists.]
03-14 04:55:01.441 782 1952 E DisplayDeviceConfig: requesting nits when no mapping exists.
03-14 04:55:01.441 782 1952 E DisplayDeviceConfig: requesting nits when no mapping exists.
03-14 04:55:01.441 782 872 I am_wtf : [0,782,system_server,-1,DisplayDeviceConfig,requesting nits when no mapping exists.]
03-14 04:55:01.441 782 872 I am_wtf : [0,782,system_server,-1,DisplayDeviceConfig,requesting nits when no mapping exists.]
03-14 04:55:01.458 782 1952 E DisplayDeviceConfig: requesting nits when no mapping exists.
03-14 04:55:01.458 782 1952 E DisplayDeviceConfig: requesting nits when no mapping exists.
03-14 04:55:01.458 782 872 I am_wtf : [0,782,system_server,-1,DisplayDeviceConfig,requesting nits when no mapping exists.]
03-14 04:55:01.458 782 872 I am_wtf : [0,782,system_server,-1,DisplayDeviceConfig,requesting nits when no mapping exists.]
03-14 04:55:01.474 782 1952 E DisplayDeviceConfig: requesting nits when no mapping exists.
03-14 04:55:01.474 782 1952 E DisplayDeviceConfig: requesting nits when no mapping exists.
03-14 04:55:01.474 782 872 I am_wtf : [0,782,system_server,-1,DisplayDeviceConfig,requesting nits when no mapping exists.]
03-14 04:55:01.475 782 872 I am_wtf : [0,782,system_server,-1,DisplayDeviceConfig,requesting nits when no mapping exists.]
03-14 04:55:01.491 782 1952 E DisplayDeviceConfig: requesting nits when no mapping exists.
03-14 04:55:01.491 782 1952 E DisplayDeviceConfig: requesting nits when no mapping exists.
03-14 04:55:01.491 782 872 I am_wtf : [0,782,system_server,-1,DisplayDeviceConfig,requesting nits when no mapping exists.]
03-14 04:55:01.491 782 872 I service_manager_stats: [100,25,6881]
03-14 04:55:01.491 782 872 I am_wtf : [0,782,system_server,-1,DisplayDeviceConfig,requesting nits when no mapping exists.]
03-14 04:55:01.508 782 1952 E DisplayDeviceConfig: requesting nits when no mapping exists.
03-14 04:55:01.508 782 872 I am_wtf : [0,782,system_server,-1,DisplayDeviceConfig,requesting nits when no mapping exists.]
03-14 04:55:01.508 782 1952 E DisplayDeviceConfig: requesting nits when no mapping exists.
03-14 04:55:01.508 782 872 I am_wtf : [0,782,system_server,-1,DisplayDeviceConfig,requesting nits when no mapping exists.]
03-14 04:55:01.524 782 1952 E DisplayDeviceConfig: requesting nits when no mapping exists.
03-14 04:55:01.525 782 1952 E DisplayDeviceConfig: requesting nits when no mapping exists.
03-14 04:55:01.525 782 872 I am_wtf : [0,782,system_server,-1,DisplayDeviceConfig,requesting nits when no mapping exists.]
03-14 04:55:01.525 782 872 I am_wtf : [0,782,system_server,-1,DisplayDeviceConfig,requesting nits when no mapping exists.]
03-14 04:55:01.541 782 1952 E DisplayDeviceConfig: requesting nits when no mapping exists.
03-14 04:55:01.541 782 1952 E DisplayDeviceConfig: requesting nits when no mapping exists.
03-14 04:55:01.541 782 872 I am_wtf : [0,782,system_server,-1,DisplayDeviceConfig,requesting nits when no mapping exists.]
03-14 04:55:01.541 782 872 I am_wtf : [0,782,system_server,-1,DisplayDeviceConfig,requesting nits when no mapping exists.]
03-14 04:55:01.558 782 1952 E DisplayDeviceConfig: requesting nits when no mapping exists.
03-14 04:55:01.558 782 1952 E DisplayDeviceConfig: requesting nits when no mapping exists.
03-14 04:55:01.558 782 872 I am_wtf : [0,782,system_server,-1,DisplayDeviceConfig,requesting nits when no mapping exists.]
03-14 04:55:01.558 782 872 I am_wtf : [0,782,system_server,-1,DisplayDeviceConfig,requesting nits when no mapping exists.]
03-14 04:55:01.575 782 1952 E DisplayDeviceConfig: requesting nits when no mapping exists.
03-14 04:55:01.575 782 1952 E DisplayDeviceConfig: requesting nits when no mapping exists.
03-14 04:55:01.575 782 872 I am_wtf : [0,782,system_server,-1,DisplayDeviceConfig,requesting nits when no mapping exists.]
03-14 04:55:01.575 782 872 I am_wtf : [0,782,system_server,-1,DisplayDeviceConfig,requesting nits when no mapping exists.]
03-14 04:55:01.591 782 1952 E DisplayDeviceConfig: requesting nits when no mapping exists.
03-14 04:55:01.591 782 1952 E DisplayDeviceConfig: requesting nits when no mapping exists.
03-14 04:55:01.591 782 872 I am_wtf : [0,782,system_server,-1,DisplayDeviceConfig,requesting nits when no mapping exists.]
03-14 04:55:01.592 782 872 I am_wtf : [0,782,system_server,-1,DisplayDeviceConfig,requesting nits when no mapping exists.]
03-14 04:55:01.608 782 1952 E DisplayDeviceConfig: requesting nits when no mapping exists.
03-14 04:55:01.608 782 1952 E DisplayDeviceConfig: requesting nits when no mapping exists.
03-14 04:55:01.608 782 872 I am_wtf : [0,782,system_server,-1,DisplayDeviceConfig,requesting nits when no mapping exists.]
03-14 04:55:01.608 782 872 I am_wtf : [0,782,system_server,-1,DisplayDeviceConfig,requesting nits when no mapping exists.]
03-14 04:55:01.625 782 1952 E DisplayDeviceConfig: requesting nits when no mapping exists.
03-14 04:55:01.625 782 872 I am_wtf : [0,782,system_server,-1,DisplayDeviceConfig,requesting nits when no mapping exists.]
03-14 04:55:01.625 782 1952 E DisplayDeviceConfig: requesting nits when no mapping exists.
03-14 04:55:01.625 782 872 I am_wtf : [0,782,system_server,-1,DisplayDeviceConfig,requesting nits when no mapping exists.]
03-14 04:55:01.641 782 1952 E DisplayDeviceConfig: requesting nits when no mapping exists.
03-14 04:55:01.642 782 1952 E DisplayDeviceConfig: requesting nits when no mapping exists.
03-14 04:55:01.642 782 872 I am_wtf : [0,782,system_server,-1,DisplayDeviceConfig,requesting nits when no mapping exists.]
03-14 04:55:01.642 782 872 I am_wtf : [0,782,system_server,-1,DisplayDeviceConfig,requesting nits when no mapping exists.]
03-14 04:55:01.658 782 1952 E DisplayDeviceConfig: requesting nits when no mapping exists.
03-14 04:55:01.658 782 1952 E DisplayDeviceConfig: requesting nits when no mapping exists.
03-14 04:55:01.658 782 872 I am_wtf : [0,782,system_server,-1,DisplayDeviceConfig,requesting nits when no mapping exists.]
03-14 04:55:01.659 782 872 I am_wtf : [0,782,system_server,-1,DisplayDeviceConfig,requesting nits when no mapping exists.]
03-14 04:55:01.675 782 1952 E DisplayDeviceConfig: requesting nits when no mapping exists.
03-14 04:55:01.675 782 872 I am_wtf : [0,782,system_server,-1,DisplayDeviceConfig,requesting nits when no mapping exists.]
03-14 04:55:01.675 782 1952 E DisplayDeviceConfig: requesting nits when no mapping exists.
03-14 04:55:01.675 782 872 I am_wtf : [0,782,system_server,-1,DisplayDeviceConfig,requesting nits when no mapping exists.]
03-14 04:55:01.692 782 1952 E DisplayDeviceConfig: requesting nits when no mapping exists.
03-14 04:55:01.692 782 1952 E DisplayDeviceConfig: requesting nits when no mapping exists.
03-14 04:55:01.692 782 872 I am_wtf : [0,782,system_server,-1,DisplayDeviceConfig,requesting nits when no mapping exists.]
03-14 04:55:01.692 782 872 I am_wtf : [0,782,system_server,-1,DisplayDeviceConfig,requesting nits when no mapping exists.]
03-14 04:55:01.708 782 1952 E DisplayDeviceConfig: requesting nits when no mapping exists.
03-14 04:55:01.708 782 1952 E DisplayDeviceConfig: requesting nits when no mapping exists.
03-14 04:55:01.708 782 872 I am_wtf : [0,782,system_server,-1,DisplayDeviceConfig,requesting nits when no mapping exists.]
03-14 04:55:01.709 782 872 I am_wtf : [0,782,system_server,-1,DisplayDeviceConfig,requesting nits when no mapping exists.]
03-14 04:55:01.725 782 1952 E DisplayDeviceConfig: requesting nits when no mapping exists.
03-14 04:55:01.725 782 872 I am_wtf : [0,782,system_server,-1,DisplayDeviceConfig,requesting nits when no mapping exists.]
03-14 04:55:01.725 782 1952 E DisplayDeviceConfig: requesting nits when no mapping exists.
03-14 04:55:01.725 782 872 I am_wtf : [0,782,system_server,-1,DisplayDeviceConfig,requesting nits when no mapping exists.]
03-14 04:55:01.742 782 1952 E DisplayDeviceConfig: requesting nits when no mapping exists.
03-14 04:55:01.742 782 1952 E DisplayDeviceConfig: requesting nits when no mapping exists.
03-14 04:55:01.742 782 872 I am_wtf : [0,782,system_server,-1,DisplayDeviceConfig,requesting nits when no mapping exists.]
03-14 04:55:01.742 782 872 I am_wtf : [0,782,system_server,-1,DisplayDeviceConfig,requesting nits when no mapping exists.]
03-14 04:55:01.758 782 1952 E DisplayDeviceConfig: requesting nits when no mapping exists.
03-14 04:55:01.759 782 1952 E DisplayDeviceConfig: requesting nits when no mapping exists.
03-14 04:55:01.759 782 872 I am_wtf : [0,782,system_server,-1,DisplayDeviceConfig,requesting nits when no mapping exists.]
03-14 04:55:01.759 782 872 I am_wtf : [0,782,system_server,-1,DisplayDeviceConfig,requesting nits when no mapping exists.]
03-14 04:55:01.775 782 1952 E DisplayDeviceConfig: requesting nits when no mapping exists.
03-14 04:55:01.775 782 1952 E DisplayDeviceConfig: requesting nits when no mapping exists.
03-14 04:55:01.775 782 872 I am_wtf : [0,782,system_server,-1,DisplayDeviceConfig,requesting nits when no mapping exists.]
03-14 04:55:01.775 782 872 I am_wtf : [0,782,system_server,-1,DisplayDeviceConfig,requesting nits when no mapping exists.]
03-14 04:55:01.792 782 1952 E DisplayDeviceConfig: requesting nits when no mapping exists.
03-14 04:55:01.792 782 1952 E DisplayDeviceConfig: requesting nits when no mapping exists.
03-14 04:55:01.792 782 872 I am_wtf : [0,782,system_server,-1,DisplayDeviceConfig,requesting nits when no mapping exists.]
03-14 04:55:01.792 782 872 I am_wtf : [0,782,system_server,-1,DisplayDeviceConfig,requesting nits when no mapping exists.]
03-14 04:55:01.808 782 1952 E DisplayDeviceConfig: requesting nits when no mapping exists.
03-14 04:55:01.809 782 1952 E DisplayDeviceConfig: requesting nits when no mapping exists.
03-14 04:55:01.809 782 872 I am_wtf : [0,782,system_server,-1,DisplayDeviceConfig,requesting nits when no mapping exists.]
03-14 04:55:01.809 782 872 I am_wtf : [0,782,system_server,-1,DisplayDeviceConfig,requesting nits when no mapping exists.]
03-14 04:55:01.825 782 1952 E DisplayDeviceConfig: requesting nits when no mapping exists.
03-14 04:55:01.825 782 1952 E DisplayDeviceConfig: requesting nits when no mapping exists.
03-14 04:55:01.825 782 872 I am_wtf : [0,782,system_server,-1,DisplayDeviceConfig,requesting nits when no mapping exists.]
03-14 04:55:01.825 782 872 I am_wtf : [0,782,system_server,-1,DisplayDeviceConfig,requesting nits when no mapping exists.]
03-14 04:55:01.842 782 1952 E DisplayDeviceConfig: requesting nits when no mapping exists.
03-14 04:55:01.842 782 872 I am_wtf : [0,782,system_server,-1,DisplayDeviceConfig,requesting nits when no mapping exists.]
03-14 04:55:01.842 782 1952 E DisplayDeviceConfig: requesting nits when no mapping exists.
03-14 04:55:01.842 782 872 I am_wtf : [0,782,system_server,-1,DisplayDeviceConfig,requesting nits when no mapping exists.]
03-14 04:55:01.859 782 1952 E DisplayDeviceConfig: requesting nits when no mapping exists.
03-14 04:55:01.859 782 1952 E DisplayDeviceConfig: requesting nits when no mapping exists.
03-14 04:55:01.859 782 872 I am_wtf : [0,782,system_server,-1,DisplayDeviceConfig,requesting nits when no mapping exists.]
03-14 04:55:01.859 782 872 I am_wtf : [0,782,system_server,-1,DisplayDeviceConfig,requesting nits when no mapping exists.]
01-01 09:04:37.031 0 0 E DTC_ETH,link_delay_work_func: 3003, SQI=0, link=0
01-01 09:04:42.151 0 0 E DTC_ETH,link_delay_work_func: 3003, SQI=0, link=0
03-14 04:55:09.002 782 1699 I GameModeConfig: isGameModeOn = false
01-01 09:04:47.271 0 0 E DTC_ETH,link_delay_work_func: 3003, SQI=0, link=0
01-01 09:04:52.391 0 0 E DTC_ETH,link_delay_work_func: 3003, SQI=0, link=0
01-01 09:04:57.511 0 0 E DTC_ETH,link_delay_work_func: 3003, SQI=0, link=0
01-01 09:05:02.631 0 0 E DTC_ETH,link_delay_work_func: 3003, SQI=0, link=0
01-01 09:05:07.751 0 0 E DTC_ETH,link_delay_work_func: 3003, SQI=0, link=0
01-01 09:05:12.871 0 0 E DTC_ETH,link_delay_work_func: 3003, SQI=0, link=0
01-01 09:05:17.991 0 0 E DTC_ETH,link_delay_work_func: 3003, SQI=0, link=0
01-01 09:05:23.111 0 0 E DTC_ETH,link_delay_work_func: 3003, SQI=0, link=0
01-01 09:05:28.231 0 0 E DTC_ETH,link_delay_work_func: 3003, SQI=0, link=0
03-14 04:55:58.759 782 872 I am_uid_idle: 10086
01-01 09:05:33.351 0 0 E DTC_ETH,link_delay_work_func: 3003, SQI=0, link=0
01-01 09:05:38.471 0 0 E DTC_ETH,link_delay_work_func: 3003, SQI=0, link=0
03-14 04:56:06.917 782 872 I am_uid_idle: 10063
01-01 09:05:43.591 0 0 E DTC_ETH,link_delay_work_func: 3003, SQI=0, link=0
01-01 09:05:48.711 0 0 E DTC_ETH,link_delay_work_func: 3003, SQI=0, link=0
01-01 09:05:53.831 0 0 E DTC_ETH,link_delay_work_func: 3003, SQI=0, link=0
01-01 09:05:58.951 0 0 E DTC_ETH,link_delay_work_func: 3003, SQI=0, link=0
01-01 09:06:04.071 0 0 E DTC_ETH,link_delay_work_func: 3003, SQI=0, link=0
01-01 09:06:09.191 0 0 E DTC_ETH,link_delay_work_func: 3003, SQI=0, link=0
01-01 09:06:14.311 0 0 E DTC_ETH,link_delay_work_func: 3003, SQI=0, link=0
01-01 09:06:19.431 0 0 E DTC_ETH,link_delay_work_func: 3003, SQI=0, link=0
01-01 09:06:24.551 0 0 E DTC_ETH,link_delay_work_func: 3003, SQI=0, link=0
01-01 09:06:29.671 0 0 E DTC_ETH,link_delay_work_func: 3003, SQI=0, link=0
01-01 09:06:34.791 0 0 E DTC_ETH,link_delay_work_func: 3003, SQI=0, link=0
01-01 09:06:39.911 0 0 E DTC_ETH,link_delay_work_func: 3003, SQI=0, link=0
01-01 09:06:45.031 0 0 E DTC_ETH,link_delay_work_func: 3003, SQI=0, link=0
01-01 09:06:50.151 0 0 E DTC_ETH,link_delay_work_func: 3003, SQI=0, link=0
01-01 09:06:52.829 0 0 I binder : 782:1340 ioctl 400c620e 70a125d5d8 returned -22
03-14 04:57:19.434 782 1340 D ActivityManager: freezing 8064 com.qualcomm.qti.qccauthmgr
03-14 04:57:19.435 782 1340 E ActivityManager: Unable to freeze binder for 8064 com.qualcomm.qti.qccauthmgr
01-01 09:06:52.831 0 0 I binder : 782:1340 ioctl c00c620f 70a125d5b8 returned -22
03-14 04:57:19.436 782 1340 D ActivityManager: froze 8064 com.qualcomm.qti.qccauthmgr
03-14 04:57:19.436 782 1340 I am_freeze: [8064,com.qualcomm.qti.qccauthmgr]
03-14 04:57:19.436 782 1340 E ActivityManager: Unable to freeze binder for 8064 com.qualcomm.qti.qccauthmgr
03-14 04:57:19.438 782 1340 I ActivityManager: Killing 8064:com.qualcomm.qti.qccauthmgr/u0a81 (adj 935): Unable to freeze binder interface
03-14 04:57:19.438 782 1340 I am_kill : [0,8064,com.qualcomm.qti.qccauthmgr,935,Unable to freeze binder interface]
03-14 04:57:19.471 782 6955 I am_proc_died: [0,8064,com.qualcomm.qti.qccauthmgr,935,19]
03-14 04:57:19.472 782 6955 I am_uid_stopped: 10081
03-14 04:57:19.482 782 830 I am_pss : [6960,10050,com.thundercomm.screensaver,48481280,42381312,0,162533376,0,2,7]
03-14 04:57:19.494 782 830 I am_pss : [9060,10074,com.android.launcher3,85432320,76814336,0,211433472,0,6,12]
03-14 04:57:19.500 782 830 I am_pss : [9426,10086,com.android.music,11749376,8478720,0,107765760,0,19,5]
01-01 09:06:55.271 0 0 E DTC_ETH,link_delay_work_func: 3003, SQI=0, link=0
01-01 09:07:00.391 0 0 E DTC_ETH,link_delay_work_func: 3003, SQI=0, link=0
01-01 09:07:05.511 0 0 E DTC_ETH,link_delay_work_func: 3003, SQI=0, link=0
01-01 09:07:10.631 0 0 E DTC_ETH,link_delay_work_func: 3003, SQI=0, link=0
01-01 09:07:15.751 0 0 E DTC_ETH,link_delay_work_func: 3003, SQI=0, link=0
01-01 09:07:20.871 0 0 E DTC_ETH,link_delay_work_func: 3003, SQI=0, link=0
01-01 09:07:25.991 0 0 E DTC_ETH,link_delay_work_func: 3003, SQI=0, link=0
01-01 09:07:31.111 0 0 E DTC_ETH,link_delay_work_func: 3003, SQI=0, link=0
01-01 09:07:36.231 0 0 E DTC_ETH,link_delay_work_func: 3003, SQI=0, link=0
01-01 09:07:40.073 0 0 I binder : 782:1340 ioctl 400c620e 70a125d5d8 returned -22
01-01 09:07:40.074 0 0 I binder : 782:1340 ioctl c00c620f 70a125d5b8 returned -22
03-14 04:58:06.678 782 1340 D ActivityManager: freezing 7571 android.process.media
03-14 04:58:06.678 782 1340 E ActivityManager: Unable to freeze binder for 7571 android.process.media
03-14 04:58:06.679 782 1340 D ActivityManager: froze 7571 android.process.media
03-14 04:58:06.679 782 1340 I am_freeze: [7571,android.process.media]
03-14 04:58:06.679 782 1340 E ActivityManager: Unable to freeze binder for 7571 android.process.media
03-14 04:58:06.681 782 1340 I ActivityManager: Killing 7571:android.process.media/u0a17 (adj 965): Unable to freeze binder interface
03-14 04:58:06.681 782 1340 I am_kill : [0,7571,android.process.media,965,Unable to freeze binder interface]
03-14 04:58:06.713 782 6955 I am_proc_died: [0,7571,android.process.media,965,19]
03-14 04:58:06.713 782 6955 I am_uid_stopped: 10017
03-14 04:58:06.727 782 830 I am_pss : [9060,10074,com.android.launcher3,85507072,76814336,0,211433472,0,6,11]
03-14 04:58:06.733 782 830 I am_pss : [9426,10086,com.android.music,11799552,8478720,0,107765760,0,19,5]
01-01 09:07:41.351 0 0 E DTC_ETH,link_delay_work_func: 3003, SQI=0, link=0
03-14 04:58:12.010 782 1605 I input_interaction: Interaction with: 897e5dc com.thundercomm.screensaver/android.service.dreams.DreamActivity (server), edge-swipe (server), swipe-up (server), PointerEventDispatcher0 (server),
03-14 04:58:12.012 782 3182 I wm_finish_activity: [0,255889072,221,com.thundercomm.screensaver/android.service.dreams.DreamActivity,finish-activity]
03-14 04:58:12.013 782 3182 I wm_task_moved: [1,1,5]
03-14 04:58:12.013 782 3182 I wm_task_moved: [102,1,2147483647]
03-14 04:58:12.013 782 3182 I wm_task_to_front: [0,102]
03-14 04:58:12.014 782 3182 I wm_focused_root_task: [0,0,1,221,finish-top adjustFocusToNextFocusableTask]
03-14 04:58:12.014 782 3182 I wm_set_resumed_activity: [0,com.android.launcher3/.uioverrides.QuickstepLauncher,finish-top adjustFocusToNextFocusableTask]
03-14 04:58:12.015 782 3182 I wm_pause_activity: [0,255889072,com.thundercomm.screensaver/android.service.dreams.DreamActivity,userLeaving=false,finish]
03-14 04:58:12.020 782 3182 I DreamManagerService: Gently waking up from dream.
03-14 04:58:12.021 782 822 I DreamManagerService: Performing gentle wake from dream.
03-14 04:58:12.022 6960 6960 I wm_on_top_resumed_lost_called: [255889072,android.service.dreams.DreamActivity,topStateChangedWhenResumed]
03-14 04:58:12.022 6960 6960 I wm_on_paused_called: [255889072,android.service.dreams.DreamActivity,performPause]
03-14 04:58:12.022 782 825 I sysui_multi_action: [757,803,799,window_time_0,802,191]
03-14 04:58:12.023 782 6955 I wm_add_to_stopping: [0,255889072,com.thundercomm.screensaver/android.service.dreams.DreamActivity,completeFinishing]
03-14 04:58:12.024 782 6955 I ActivityTaskManager: FOREGROUND_APPLICATION_CHANGED to com.android.launcher3.uioverrides.QuickstepLauncher
03-14 04:58:12.026 782 6955 I wm_set_resumed_activity: [0,com.android.launcher3/.uioverrides.QuickstepLauncher,resumeTopActivityInnerLocked]
03-14 04:58:12.028 782 6955 I wm_resume_activity: [0,174418215,102,com.android.launcher3/.uioverrides.QuickstepLauncher]
03-14 04:58:12.032 782 825 I sysui_multi_action: [757,803,799,window_time_0,802,0]
03-14 04:58:12.040 782 6955 I am_uid_active: 10063
03-14 04:58:12.044 782 830 I am_pss : [7570,10028,com.android.externalstorage,6580224,4370432,0,96026624,0,19,5]
03-14 04:58:12.053 6960 6960 I view_enqueue_input_event: [Motion - Cancel,com.thundercomm.screensaver/android.service.dreams.DreamActivity]
03-14 04:58:12.053 782 1605 I input_focus: [Focus leaving 897e5dc com.thundercomm.screensaver/android.service.dreams.DreamActivity (server),reason=NO_WINDOW]
03-14 04:58:12.055 9060 9060 I wm_on_restart_called: [174418215,com.android.launcher3.uioverrides.QuickstepLauncher,performRestartActivity]
03-14 04:58:12.055 9060 9060 I wm_on_start_called: [174418215,com.android.launcher3.uioverrides.QuickstepLauncher,handleStartActivity]
03-14 04:58:12.055 9060 9060 I wm_on_resume_called: [174418215,com.android.launcher3.uioverrides.QuickstepLauncher,RESUME_ACTIVITY]
03-14 04:58:12.056 9060 9060 I wm_on_top_resumed_gained_called: [174418215,com.android.launcher3.uioverrides.QuickstepLauncher,topWhenResuming]
03-14 04:58:12.060 782 1605 I input_interaction: Interaction with: edge-swipe (server), swipe-up (server), PointerEventDispatcher0 (server),
03-14 04:58:12.073 782 826 I input_focus: [Focus request f6966bb com.android.launcher3/com.android.launcher3.uioverrides.QuickstepLauncher,reason=UpdateInputWindows]
03-14 04:58:12.087 782 1605 I input_focus: [Focus entering f6966bb com.android.launcher3/com.android.launcher3.uioverrides.QuickstepLauncher (server),reason=setFocusedWindow]
03-14 04:58:12.088 782 1000 I PowerManagerService: Powering on display group fromDreaming (groupId=0, uid=1000, reason=WAKE_REASON_UNKNOWN, details=android.server.power:DREAM_FINISHED)...
03-14 04:58:12.088 782 1000 I PowerManagerService: Waking up from Dreaming (uid=1000, reason=WAKE_REASON_UNKNOWN, details=android.server.power:DREAM_FINISHED)...
03-14 04:58:12.129 782 5547 W FreeFormWindowHelper: Current Display FreeFormTask is null
03-14 04:58:12.323 782 825 I wm_destroy_activity: [0,255889072,221,com.thundercomm.screensaver/android.service.dreams.DreamActivity,finish-imm:idle]
03-14 04:58:12.342 6960 6960 I wm_on_stop_called: [255889072,android.service.dreams.DreamActivity,LIFECYCLER_STOP_ACTIVITY]
03-14 04:58:12.343 6960 6960 I wm_on_destroy_called: [255889072,android.service.dreams.DreamActivity,performDestroy]
03-14 04:58:12.344 782 5547 I DreamManagerService: Leaving dreamland.
03-14 04:58:12.345 782 822 I DreamManagerService: Performing gentle wake from dream.
03-14 04:58:12.345 782 822 I DreamController: Stopping dream: name=ComponentInfo{com.thundercomm.screensaver/com.thundercomm.screensaver.service.SystemDream}, isTest=false, canDoze=false, userId=0, reason='finished self'(from 'finished self')
03-14 04:58:12.345 782 822 I sysui_multi_action: [757,222,758,2]
03-14 04:58:12.345 782 822 I sysui_multi_action: [757,804,799,dreaming_minutes,801,3,802,1]
03-14 04:58:12.350 782 3182 I wm_task_removed: [221,removeChild:removeChild last r=ActivityRecord{f408eb0 u0 com.thundercomm.screensaver/android.service.dreams.DreamActivity t-1 f}} in t=Task{a0b7386 #221 type=dream A=10050:android:com.thundercomm.screensaver/dream U=0 visible=false mode=fullscreen translucent=true sz=0}]
03-14 04:58:12.350 782 3182 I wm_task_removed: [221,removeChild]
03-14 04:58:12.352 782 826 W ActivityTaskManager: Can't find TaskDisplayArea to determine support for multi window. Task id=221 attached=false
01-01 09:07:46.471 0 0 E DTC_ETH,link_delay_work_func: 3003, SQI=0, link=0
03-14 04:58:13.342 782 1605 I input_interaction: Interaction with: f6966bb com.android.launcher3/com.android.launcher3.uioverrides.QuickstepLauncher (server), d04e39a com.android.systemui.ImageWallpaper (server), edge-swipe (server), swipe-up (server), PointerEventDispatcher0 (server),
03-14 04:58:17.108 782 5547 I thunderperf: PlatormCompat.setOverrides: Uid1=10074 Pid1=9060 Uid2=10074 Pid2=9060
03-14 04:58:17.108 782 5547 I thunderperf: PlatormCompat.setOverrides: needCheck:false
03-14 04:58:17.108 782 5547 I thunderperf: CompatConfig.addOverrideUnsafe: bef-state=0
03-14 04:58:17.108 782 5547 I thunderperf: CompatConfig.addOverrideUnsafe: aft-state=0
03-14 04:58:17.109 782 5547 I thunderperf: CompatConfig.addOverrideUnsafe: bef-state=0
03-14 04:58:17.109 782 5547 I thunderperf: CompatConfig.addOverrideUnsafe: aft-state=0
03-14 04:58:17.110 782 5547 I thunderperf: CompatConfig.addOverrideUnsafe: bef-state=0
03-14 04:58:17.110 782 5547 I thunderperf: CompatConfig.addOverrideUnsafe: aft-state=0
03-14 04:58:17.111 782 5547 I thunderperf: CompatConfig.addOverrideUnsafe: bef-state=0
03-14 04:58:17.111 782 5547 I thunderperf: CompatConfig.addOverrideUnsafe: aft-state=0
03-14 04:58:17.111 782 5547 I thunderperf: CompatConfig.addOverrideUnsafe: bef-state=0
03-14 04:58:17.111 782 5547 I thunderperf: CompatConfig.addOverrideUnsafe: aft-state=0
03-14 04:58:17.112 782 5547 I thunderperf: CompatConfig.addOverrideUnsafe: bef-state=0
03-14 04:58:17.112 782 5547 I thunderperf: CompatConfig.addOverrideUnsafe: aft-state=0
03-14 04:58:17.113 782 5547 I thunderperf: CompatConfig.addOverrideUnsafe: bef-state=0
