03-14 04:37:22.144 782 5556 I wm_destroy_activity: [0,32425028,176,android/com.android.internal.app.ResolverActivity,finish-imm:completePausedLocked]
03-14 04:37:22.147 7636 7636 I wm_on_stop_called: [32425028,com.android.internal.app.ResolverActivity,LIFECYCLER_STOP_ACTIVITY]
03-14 04:37:22.149 782 2190 I wm_set_resumed_activity: [0,com.android.documentsui/.files.FilesActivity,resumeTopActivityInnerLocked]
03-14 04:37:22.151 782 2190 I wm_resume_activity: [0,174418215,102,com.android.launcher3/.uioverrides.QuickstepLauncher]
03-14 04:37:22.151 782 2190 I wm_resume_activity: [0,224280784,176,com.android.documentsui/.files.FilesActivity]
03-14 04:37:22.154 7517 7517 I wm_on_resume_called: [224280784,com.android.documentsui.files.FilesActivity,RESUME_ACTIVITY]
03-14 04:37:22.155 7517 7517 I wm_on_top_resumed_gained_called: [224280784,com.android.documentsui.files.FilesActivity,topWhenResuming]
03-14 04:37:22.157 782 826 I input_focus: [Focus request b98170b com.android.documentsui/com.android.documentsui.files.FilesActivity,reason=UpdateInputWindows]
03-14 04:37:22.158 7636 7636 I wm_on_destroy_called: [32425028,com.android.internal.app.ResolverActivity,performDestroy]
03-14 04:37:22.161 782 825 I sysui_multi_action: [757,803,799,window_time_0,802,0]
03-14 04:37:22.163 782 825 I sysui_multi_action: [757,803,799,window_time_2,802,0]
03-14 04:37:22.173 4407 4407 I wm_on_resume_called: [174418215,com.android.launcher3.uioverrides.QuickstepLauncher,RESUME_ACTIVITY]
03-14 04:37:22.177 782 1605 I input_focus: [Focus entering b98170b com.android.documentsui/com.android.documentsui.files.FilesActivity (server),reason=setFocusedWindow]
03-14 04:37:22.185 782 2190 I wm_destroy_activity: [0,248818289,178,com.android.documentsui/.LauncherActivity,finish-idle]
03-14 04:37:22.202 7517 7517 I wm_on_destroy_called: [248818289,com.android.documentsui.LauncherActivity,performDestroy]
03-14 04:37:22.202 782 2190 I wm_task_removed: [178,removeChild:removeChild last r=ActivityRecord{ed4aa71 u0 com.android.documentsui/.LauncherActivity t-1 f}} in t=Task{1014b73 #178 type=standard A=10024:com.android.documentsui U=0 visible=false mode=fullscreen translucent=true sz=0}]
03-14 04:37:22.202 782 2190 I wm_task_removed: [178,removeChild]
03-14 04:37:22.780 782 2679 I wm_task_created: [179,-1]
03-14 04:37:22.782 782 2679 I wm_task_moved: [179,1,8]
03-14 04:37:22.782 782 2679 I wm_task_to_front: [0,179]
03-14 04:37:22.782 782 2679 I wm_create_task: [0,179]
03-14 04:37:22.782 782 2679 I wm_create_activity: [0,193286378,179,com.android.documentsui/.LauncherActivity,android.intent.action.MAIN,NULL,NULL,270532608]
03-14 04:37:22.782 782 2679 I wm_task_moved: [179,1,8]
03-14 04:37:22.782 7517 7517 I wm_on_top_resumed_lost_called: [224280784,com.android.documentsui.files.FilesActivity,topStateChangedWhenResumed]
03-14 04:37:22.783 782 2679 I wm_pause_activity: [0,174418215,com.android.launcher3/.uioverrides.QuickstepLauncher,userLeaving=true,pauseBackTasks]
03-14 04:37:22.785 4407 4407 I wm_on_paused_called: [174418215,com.android.launcher3.uioverrides.QuickstepLauncher,performPause]
03-14 04:37:22.786 782 2679 I wm_restart_activity: [0,193286378,179,com.android.documentsui/.LauncherActivity]
03-14 04:37:22.787 782 2679 I wm_set_resumed_activity: [0,com.android.documentsui/.LauncherActivity,minimalResumeActivityLocked]
03-14 04:37:22.790 782 825 I sysui_multi_action: [757,803,799,window_time_2,802,0]
03-14 04:37:22.795 782 6955 I wm_task_moved: [176,1,8]
03-14 04:37:22.795 782 6955 I wm_task_to_front: [0,176]
03-14 04:37:22.796 782 6955 I wm_set_resumed_activity: [0,com.android.documentsui/.files.FilesActivity,positionChildAt]
03-14 04:37:22.796 782 6955 I wm_focused_root_task: [0,0,176,179,bringingFoundTaskToFront]
03-14 04:37:22.796 782 6955 I wm_set_resumed_activity: [0,com.android.documentsui/.files.FilesActivity,bringingFoundTaskToFront]
03-14 04:37:22.796 782 6955 I wm_new_intent: [0,224280784,176,com.android.documentsui/.files.FilesActivity,NULL,NULL,//com.android.documentsui.launchControl,271056896]
03-14 04:37:22.796 782 6955 I wm_task_moved: [176,1,8]
03-14 04:37:22.796 782 6955 I wm_set_resumed_activity: [0,com.android.documentsui/.files.FilesActivity,positionChildAt]
03-14 04:37:22.798 782 6955 I wm_finish_activity: [0,193286378,179,com.android.documentsui/.LauncherActivity,app-request]
03-14 04:37:22.798 782 6955 I wm_pause_activity: [0,193286378,com.android.documentsui/.LauncherActivity,userLeaving=false,finish]
03-14 04:37:22.799 7517 7517 I wm_on_create_called: [193286378,com.android.documentsui.LauncherActivity,performCreate]
03-14 04:37:22.799 782 826 I input_focus: [Focus request b98170b com.android.documentsui/com.android.documentsui.files.FilesActivity,reason=UpdateInputWindows]
03-14 04:37:22.801 7517 7517 I wm_on_paused_called: [224280784,com.android.documentsui.files.FilesActivity,performPause]
03-14 04:37:22.801 7517 7517 I wm_on_resume_called: [224280784,com.android.documentsui.files.FilesActivity,LIFECYCLER_RESUME_ACTIVITY]
03-14 04:37:22.804 782 2190 I wm_resume_activity: [0,174418215,102,com.android.launcher3/.uioverrides.QuickstepLauncher]
03-14 04:37:22.804 4407 4407 I wm_on_resume_called: [174418215,com.android.launcher3.uioverrides.QuickstepLauncher,RESUME_ACTIVITY]
03-14 04:37:22.807 7517 7517 I wm_on_top_resumed_gained_called: [224280784,com.android.documentsui.files.FilesActivity,topStateChangedWhenResumed]
03-14 04:37:22.807 782 825 I sysui_multi_action: [757,803,799,window_time_0,802,0]
03-14 04:37:22.808 782 2679 I wm_destroy_activity: [0,193286378,179,com.android.documentsui/.LauncherActivity,finish-idle]
03-14 04:37:22.822 7517 7517 I wm_on_destroy_called: [193286378,com.android.documentsui.LauncherActivity,performDestroy]
03-14 04:37:22.823 782 2679 I wm_task_removed: [179,removeChild:removeChild last r=ActivityRecord{b8550ea u0 com.android.documentsui/.LauncherActivity t-1 f}} in t=Task{c625624 #179 type=standard A=10024:com.android.documentsui U=0 visible=false mode=fullscreen translucent=true sz=0}]
03-14 04:37:22.823 782 2679 I wm_task_removed: [179,removeChild]
01-01 08:46:57.191 0 0 E DTC_ETH,link_delay_work_func: 3003, SQI=0, link=0
03-14 04:37:23.966 782 1605 I input_interaction: Interaction with: b98170b com.android.documentsui/com.android.documentsui.files.FilesActivity (server), edge-swipe (server), swipe-up (server), PointerEventDispatcher0 (server),
03-14 04:37:24.036 782 4680 I wm_task_moved: [176,1,7]
03-14 04:37:24.036 782 4680 I wm_set_resumed_activity: [0,com.android.documentsui/.files.FilesActivity,positionChildAt]
03-14 04:37:24.036 782 4680 I wm_create_activity: [0,32980361,176,android/com.android.internal.app.ResolverActivity,android.intent.action.VIEW,image/png,content://com.android.providers.media.documents/document/image:30,545259521]
03-14 04:37:24.036 782 4680 I wm_pause_activity: [0,224280784,com.android.documentsui/.files.FilesActivity,userLeaving=true,resumeTopActivityInnerLocked]
03-14 04:37:24.038 7517 7517 I wm_on_top_resumed_lost_called: [224280784,com.android.documentsui.files.FilesActivity,topStateChangedWhenResumed]
03-14 04:37:24.038 7517 7517 I wm_on_paused_called: [224280784,com.android.documentsui.files.FilesActivity,performPause]
03-14 04:37:24.039 782 4680 I wm_restart_activity: [0,32980361,176,android/com.android.internal.app.ResolverActivity]
03-14 04:37:24.040 782 4680 I wm_set_resumed_activity: [0,android/com.android.internal.app.ResolverActivity,minimalResumeActivityLocked]
03-14 04:37:24.041 782 825 I sysui_multi_action: [757,803,799,window_time_2,802,1]
03-14 04:37:24.053 7636 7636 I sysui_multi_action: [757,453,758,4,806,android.intent.action.VIEW:image/png:]
03-14 04:37:24.053 7636 7636 I wm_on_create_called: [32980361,com.android.internal.app.ResolverActivity,performCreate]
03-14 04:37:24.055 7636 7636 I wm_on_start_called: [32980361,com.android.internal.app.ResolverActivity,handleStartActivity]
03-14 04:37:24.055 7636 7636 I wm_on_resume_called: [32980361,com.android.internal.app.ResolverActivity,RESUME_ACTIVITY]
03-14 04:37:24.057 7636 7636 I wm_on_top_resumed_gained_called: [32980361,com.android.internal.app.ResolverActivity,topStateChangedWhenResumed]
03-14 04:37:24.066 782 826 I input_focus: [Focus request fd43bfd android/com.android.internal.app.ResolverActivity,reason=UpdateInputWindows]
03-14 04:37:24.074 782 822 I sysui_multi_action: [319,39,322,38,325,2814,757,761,758,8,759,2,806,android,871,com.android.internal.app.ResolverActivity,904,com.android.documentsui,905,0,1320,12,1321,1]
03-14 04:37:24.074 782 822 I wm_activity_launch_time: [0,32980361,android/com.android.internal.app.ResolverActivity,38]
03-14 04:37:24.081 782 1605 I input_focus: [Focus leaving b98170b com.android.documentsui/com.android.documentsui.files.FilesActivity (server),reason=setFocusedWindow]
03-14 04:37:24.081 782 1605 I input_focus: [Focus entering fd43bfd android/com.android.internal.app.ResolverActivity (server),reason=setFocusedWindow]
03-14 04:37:25.345 782 1605 I input_interaction: Interaction with: e892cf3 com.android.launcher3/com.android.launcher3.uioverrides.QuickstepLauncher (server), d04e39a com.android.systemui.ImageWallpaper (server), edge-swipe (server), swipe-up (server), PointerEventDispatcher0 (server),
03-14 04:37:25.453 782 2679 I wm_task_created: [180,-1]
03-14 04:37:25.456 782 2679 I wm_task_moved: [180,1,8]
03-14 04:37:25.456 782 2679 I wm_task_to_front: [0,180]
03-14 04:37:25.456 782 2679 I wm_create_task: [0,180]
03-14 04:37:25.456 782 2679 I wm_create_activity: [0,24203804,180,com.android.documentsui/.LauncherActivity,android.intent.action.MAIN,NULL,NULL,270532608]
03-14 04:37:25.456 782 2679 I wm_task_moved: [180,1,8]
03-14 04:37:25.457 7636 7636 I wm_on_top_resumed_lost_called: [32980361,com.android.internal.app.ResolverActivity,topStateChangedWhenResumed]
03-14 04:37:25.457 782 2679 I wm_pause_activity: [0,174418215,com.android.launcher3/.uioverrides.QuickstepLauncher,userLeaving=true,pauseBackTasks]
03-14 04:37:25.460 4407 4407 I wm_on_paused_called: [174418215,com.android.launcher3.uioverrides.QuickstepLauncher,performPause]
03-14 04:37:25.461 782 2679 I wm_restart_activity: [0,24203804,180,com.android.documentsui/.LauncherActivity]
03-14 04:37:25.462 782 2679 I wm_set_resumed_activity: [0,com.android.documentsui/.LauncherActivity,minimalResumeActivityLocked]
03-14 04:37:25.466 782 825 I sysui_multi_action: [757,803,799,window_time_2,802,2]
03-14 04:37:25.471 782 4680 I wm_task_moved: [176,1,8]
03-14 04:37:25.471 782 4680 I wm_task_to_front: [0,176]
03-14 04:37:25.472 782 4680 I wm_set_resumed_activity: [0,android/com.android.internal.app.ResolverActivity,positionChildAt]
03-14 04:37:25.472 782 4680 I wm_focused_root_task: [0,0,176,180,bringingFoundTaskToFront]
03-14 04:37:25.472 782 4680 I wm_set_resumed_activity: [0,android/com.android.internal.app.ResolverActivity,bringingFoundTaskToFront]
03-14 04:37:25.472 782 4680 I wm_finish_activity: [0,32980361,176,android/com.android.internal.app.ResolverActivity,clear-task-stack]
03-14 04:37:25.481 782 4680 I wm_pause_activity: [0,32980361,android/com.android.internal.app.ResolverActivity,userLeaving=false,finish]
03-14 04:37:25.481 7636 7636 I wm_on_paused_called: [32980361,com.android.internal.app.ResolverActivity,performPause]
03-14 04:37:25.481 782 4680 I wm_new_intent: [0,224280784,176,com.android.documentsui/.files.FilesActivity,NULL,NULL,//com.android.documentsui.launchControl,271056896]
03-14 04:37:25.481 782 4680 I wm_task_moved: [176,1,8]
03-14 04:37:25.483 782 4680 I wm_finish_activity: [0,24203804,180,com.android.documentsui/.LauncherActivity,app-request]
03-14 04:37:25.483 782 4680 I wm_pause_activity: [0,24203804,com.android.documentsui/.LauncherActivity,userLeaving=false,finish]
03-14 04:37:25.484 7517 7517 I wm_on_create_called: [24203804,com.android.documentsui.LauncherActivity,performCreate]
03-14 04:37:25.488 782 6955 I wm_destroy_activity: [0,24203804,180,com.android.documentsui/.LauncherActivity,finish-imm:completePausedLocked]
03-14 04:37:25.490 782 825 I sysui_multi_action: [757,803,799,window_time_0,802,0]
03-14 04:37:25.490 7517 7517 I wm_on_destroy_called: [24203804,com.android.documentsui.LauncherActivity,performDestroy]
03-14 04:37:25.490 782 2190 I wm_task_removed: [180,removeChild:removeChild last r=ActivityRecord{171521c u0 com.android.documentsui/.LauncherActivity t-1 f}} in t=Task{4f7dc6 #180 type=standard A=10024:com.android.documentsui U=0 visible=false mode=fullscreen translucent=true sz=0}]
03-14 04:37:25.490 782 2190 I wm_task_removed: [180,removeChild]
03-14 04:37:25.492 782 2679 I wm_set_resumed_activity: [0,com.android.documentsui/.files.FilesActivity,resumeTopActivityInnerLocked]
03-14 04:37:25.496 782 2679 I wm_resume_activity: [0,174418215,102,com.android.launcher3/.uioverrides.QuickstepLauncher]
03-14 04:37:25.496 782 2679 I wm_resume_activity: [0,224280784,176,com.android.documentsui/.files.FilesActivity]
03-14 04:37:25.496 7517 7517 I wm_on_resume_called: [224280784,com.android.documentsui.files.FilesActivity,RESUME_ACTIVITY]
03-14 04:37:25.497 7517 7517 I wm_on_top_resumed_gained_called: [224280784,com.android.documentsui.files.FilesActivity,topWhenResuming]
03-14 04:37:25.500 4407 4407 I wm_on_resume_called: [174418215,com.android.launcher3.uioverrides.QuickstepLauncher,RESUME_ACTIVITY]
03-14 04:37:25.501 782 1605 I input_focus: [Focus leaving fd43bfd android/com.android.internal.app.ResolverActivity (server),reason=NO_WINDOW]
03-14 04:37:25.506 782 826 I input_focus: [Focus request b98170b com.android.documentsui/com.android.documentsui.files.FilesActivity,reason=UpdateInputWindows]
03-14 04:37:25.509 782 2190 I wm_destroy_activity: [0,32980361,176,android/com.android.internal.app.ResolverActivity,finish-idle]
03-14 04:37:25.512 782 825 I sysui_multi_action: [757,803,799,window_time_2,802,0]
03-14 04:37:25.518 782 1605 I input_focus: [Focus entering b98170b com.android.documentsui/com.android.documentsui.files.FilesActivity (server),reason=setFocusedWindow]
03-14 04:37:25.524 7636 7636 I wm_on_stop_called: [32980361,com.android.internal.app.ResolverActivity,LIFECYCLER_STOP_ACTIVITY]
03-14 04:37:25.526 7636 7636 I wm_on_destroy_called: [32980361,com.android.internal.app.ResolverActivity,performDestroy]
03-14 04:37:27.325 782 1605 I input_interaction: Interaction with: b98170b com.android.documentsui/com.android.documentsui.files.FilesActivity (server), edge-swipe (server), swipe-up (server), PointerEventDispatcher0 (server),
03-14 04:37:27.408 782 5556 I wm_task_moved: [176,1,7]
03-14 04:37:27.408 782 5556 I wm_set_resumed_activity: [0,com.android.documentsui/.files.FilesActivity,positionChildAt]
03-14 04:37:27.408 782 5556 I wm_create_activity: [0,2190672,176,android/com.android.internal.app.ResolverActivity,android.intent.action.VIEW,image/png,content://com.android.providers.media.documents/document/image:30,545259521]
03-14 04:37:27.409 782 5556 I wm_pause_activity: [0,224280784,com.android.documentsui/.files.FilesActivity,userLeaving=true,resumeTopActivityInnerLocked]
03-14 04:37:27.410 7517 7517 I wm_on_top_resumed_lost_called: [224280784,com.android.documentsui.files.FilesActivity,topStateChangedWhenResumed]
03-14 04:37:27.411 7517 7517 I wm_on_paused_called: [224280784,com.android.documentsui.files.FilesActivity,performPause]
03-14 04:37:27.412 782 5556 I wm_restart_activity: [0,2190672,176,android/com.android.internal.app.ResolverActivity]
03-14 04:37:27.413 782 5556 I wm_set_resumed_activity: [0,android/com.android.internal.app.ResolverActivity,minimalResumeActivityLocked]
03-14 04:37:27.414 782 825 I sysui_multi_action: [757,803,799,window_time_2,802,2]
03-14 04:37:27.423 7636 7636 I sysui_multi_action: [757,453,758,4,806,android.intent.action.VIEW:image/png:]
03-14 04:37:27.423 7636 7636 I wm_on_create_called: [2190672,com.android.internal.app.ResolverActivity,performCreate]
03-14 04:37:27.425 7636 7636 I wm_on_start_called: [2190672,com.android.internal.app.ResolverActivity,handleStartActivity]
03-14 04:37:27.425 7636 7636 I wm_on_resume_called: [2190672,com.android.internal.app.ResolverActivity,RESUME_ACTIVITY]
03-14 04:37:27.427 7636 7636 I wm_on_top_resumed_gained_called: [2190672,com.android.internal.app.ResolverActivity,topStateChangedWhenResumed]
03-14 04:37:27.441 782 826 I input_focus: [Focus request b81b114 android/com.android.internal.app.ResolverActivity,reason=UpdateInputWindows]
03-14 04:37:27.448 782 822 I sysui_multi_action: [319,41,322,40,325,2818,757,761,758,8,759,2,806,android,871,com.android.internal.app.ResolverActivity,904,com.android.documentsui,905,0,1320,12,1321,1]
03-14 04:37:27.448 782 822 I wm_activity_launch_time: [0,2190672,android/com.android.internal.app.ResolverActivity,40]
03-14 04:37:27.456 782 1605 I input_focus: [Focus leaving b98170b com.android.documentsui/com.android.documentsui.files.FilesActivity (server),reason=setFocusedWindow]
03-14 04:37:27.456 782 1605 I input_focus: [Focus entering b81b114 android/com.android.internal.app.ResolverActivity (server),reason=setFocusedWindow]
03-14 04:37:27.513 782 830 I am_pss : [7517,10024,com.android.documentsui,89475072,80904192,0,220291072,0,2,10]
03-14 04:37:28.643 782 1605 I input_interaction: Interaction with: e892cf3 com.android.launcher3/com.android.launcher3.uioverrides.QuickstepLauncher (server), d04e39a com.android.systemui.ImageWallpaper (server), edge-swipe (server), swipe-up (server), PointerEventDispatcher0 (server),
03-14 04:37:28.763 782 4133 I wm_task_created: [181,-1]
03-14 04:37:28.765 782 4133 I wm_task_moved: [181,1,8]
03-14 04:37:28.765 782 4133 I wm_task_to_front: [0,181]
03-14 04:37:28.765 782 4133 I wm_create_task: [0,181]
03-14 04:37:28.765 782 4133 I wm_create_activity: [0,115536425,181,com.android.documentsui/.LauncherActivity,android.intent.action.MAIN,NULL,NULL,270532608]
03-14 04:37:28.765 782 4133 I wm_task_moved: [181,1,8]
03-14 04:37:28.765 7636 7636 I wm_on_top_resumed_lost_called: [2190672,com.android.internal.app.ResolverActivity,topStateChangedWhenResumed]
03-14 04:37:28.766 782 4133 I wm_pause_activity: [0,174418215,com.android.launcher3/.uioverrides.QuickstepLauncher,userLeaving=true,pauseBackTasks]
03-14 04:37:28.769 4407 4407 I wm_on_paused_called: [174418215,com.android.launcher3.uioverrides.QuickstepLauncher,performPause]
03-14 04:37:28.770 782 5556 I wm_restart_activity: [0,115536425,181,com.android.documentsui/.LauncherActivity]
03-14 04:37:28.771 782 5556 I wm_set_resumed_activity: [0,com.android.documentsui/.LauncherActivity,minimalResumeActivityLocked]
03-14 04:37:28.775 782 825 I sysui_multi_action: [757,803,799,window_time_2,802,1]
03-14 04:37:28.780 782 6955 I wm_task_moved: [176,1,8]
03-14 04:37:28.780 782 6955 I wm_task_to_front: [0,176]
03-14 04:37:28.781 782 6955 I wm_set_resumed_activity: [0,android/com.android.internal.app.ResolverActivity,positionChildAt]
03-14 04:37:28.781 782 6955 I wm_focused_root_task: [0,0,176,181,bringingFoundTaskToFront]
03-14 04:37:28.781 782 6955 I wm_set_resumed_activity: [0,android/com.android.internal.app.ResolverActivity,bringingFoundTaskToFront]
03-14 04:37:28.781 782 6955 I wm_finish_activity: [0,2190672,176,android/com.android.internal.app.ResolverActivity,clear-task-stack]
03-14 04:37:28.789 782 6955 I wm_pause_activity: [0,2190672,android/com.android.internal.app.ResolverActivity,userLeaving=false,finish]
03-14 04:37:28.789 7636 7636 I wm_on_paused_called: [2190672,com.android.internal.app.ResolverActivity,performPause]
03-14 04:37:28.789 782 6955 I wm_new_intent: [0,224280784,176,com.android.documentsui/.files.FilesActivity,NULL,NULL,//com.android.documentsui.launchControl,271056896]
03-14 04:37:28.789 782 6955 I wm_task_moved: [176,1,8]
03-14 04:37:28.792 782 4133 I wm_set_resumed_activity: [0,com.android.documentsui/.files.FilesActivity,resumeTopActivityInnerLocked]
03-14 04:37:28.793 782 4133 I service_manager_stats: [100,18,8038]
03-14 04:37:28.793 782 4133 I wm_resume_activity: [0,224280784,176,com.android.documentsui/.files.FilesActivity]
03-14 04:37:28.796 782 5556 I wm_finish_activity: [0,115536425,181,com.android.documentsui/.LauncherActivity,app-request]
03-14 04:37:28.796 782 5556 I wm_pause_activity: [0,115536425,com.android.documentsui/.LauncherActivity,userLeaving=false,finish]
03-14 04:37:28.797 7517 7517 I wm_on_create_called: [115536425,com.android.documentsui.LauncherActivity,performCreate]
03-14 04:37:28.798 782 826 I input_focus: [Focus request b98170b com.android.documentsui/com.android.documentsui.files.FilesActivity,reason=UpdateInputWindows]
03-14 04:37:28.798 782 825 I sysui_multi_action: [757,803,799,window_time_0,802,0]
03-14 04:37:28.798 7517 7517 I wm_on_resume_called: [224280784,com.android.documentsui.files.FilesActivity,RESUME_ACTIVITY]
03-14 04:37:28.801 782 6955 I wm_resume_activity: [0,174418215,102,com.android.launcher3/.uioverrides.QuickstepLauncher]
03-14 04:37:28.805 7517 7517 I wm_on_top_resumed_gained_called: [224280784,com.android.documentsui.files.FilesActivity,topStateChangedWhenResumed]
03-14 04:37:28.806 782 825 I sysui_multi_action: [757,803,799,window_time_2,802,0]
03-14 04:37:28.810 782 1605 I input_focus: [Focus leaving b81b114 android/com.android.internal.app.ResolverActivity (server),reason=NO_WINDOW]
03-14 04:37:28.810 782 1605 I input_focus: [Focus entering b98170b com.android.documentsui/com.android.documentsui.files.FilesActivity (server),reason=setFocusedWindow]
03-14 04:37:28.821 4407 4407 I wm_on_resume_called: [174418215,com.android.launcher3.uioverrides.QuickstepLauncher,RESUME_ACTIVITY]
03-14 04:37:28.823 782 4133 I wm_destroy_activity: [0,2190672,176,android/com.android.internal.app.ResolverActivity,finish-idle]
03-14 04:37:28.823 782 4133 I wm_destroy_activity: [0,115536425,181,com.android.documentsui/.LauncherActivity,finish-idle]
03-14 04:37:28.829 7636 7636 I wm_on_stop_called: [2190672,com.android.internal.app.ResolverActivity,LIFECYCLER_STOP_ACTIVITY]
03-14 04:37:28.830 7517 7517 I wm_on_destroy_called: [115536425,com.android.documentsui.LauncherActivity,performDestroy]
03-14 04:37:28.830 782 6955 I wm_task_removed: [181,removeChild:removeChild last r=ActivityRecord{6e2f229 u0 com.android.documentsui/.LauncherActivity t-1 f}} in t=Task{5b5bd61 #181 type=standard A=10024:com.android.documentsui U=0 visible=false mode=fullscreen translucent=true sz=0}]
03-14 04:37:28.830 782 6955 I wm_task_removed: [181,removeChild]
03-14 04:37:28.831 7636 7636 I wm_on_destroy_called: [2190672,com.android.internal.app.ResolverActivity,performDestroy]
01-01 08:47:02.311 0 0 E DTC_ETH,link_delay_work_func: 3003, SQI=0, link=0
01-01 08:47:07.431 0 0 E DTC_ETH,link_delay_work_func: 3003, SQI=0, link=0
01-01 08:47:12.551 0 0 E DTC_ETH,link_delay_work_func: 3003, SQI=0, link=0
01-01 08:47:17.671 0 0 E DTC_ETH,link_delay_work_func: 3003, SQI=0, link=0
01-01 08:47:22.791 0 0 E DTC_ETH,link_delay_work_func: 3003, SQI=0, link=0
03-14 04:37:52.490 782 1605 I input_interaction: Interaction with: b98170b com.android.documentsui/com.android.documentsui.files.FilesActivity (server), PointerEventDispatcher0 (server),
01-01 08:47:27.911 0 0 E DTC_ETH,link_delay_work_func: 3003, SQI=0, link=0
01-01 08:47:33.031 0 0 E DTC_ETH,link_delay_work_func: 3003, SQI=0, link=0
01-01 08:47:36.009 0 0 I msm_vidc: err : ffffffff: .....: DBLP Set: status 0
03-14 04:38:03.972 782 1605 I input_interaction: Interaction with: b98170b com.android.documentsui/com.android.documentsui.files.FilesActivity (server), edge-swipe (server), swipe-up (server), PointerEventDispatcher0 (server),
03-14 04:38:04.063 782 5554 I wm_task_moved: [176,1,7]
03-14 04:38:04.063 782 5554 I wm_set_resumed_activity: [0,com.android.documentsui/.files.FilesActivity,positionChildAt]
03-14 04:38:04.063 782 5554 I wm_create_activity: [0,254601744,176,android/com.android.internal.app.ResolverActivity,android.intent.action.VIEW,image/png,content://com.android.providers.media.documents/document/image:30,545259521]
03-14 04:38:04.064 782 5554 I wm_pause_activity: [0,224280784,com.android.documentsui/.files.FilesActivity,userLeaving=true,resumeTopActivityInnerLocked]
03-14 04:38:04.066 7517 7517 I wm_on_top_resumed_lost_called: [224280784,com.android.documentsui.files.FilesActivity,topStateChangedWhenResumed]
03-14 04:38:04.066 7517 7517 I wm_on_paused_called: [224280784,com.android.documentsui.files.FilesActivity,performPause]
03-14 04:38:04.068 782 5554 I wm_restart_activity: [0,254601744,176,android/com.android.internal.app.ResolverActivity]
03-14 04:38:04.069 782 5554 I wm_set_resumed_activity: [0,android/com.android.internal.app.ResolverActivity,minimalResumeActivityLocked]
03-14 04:38:04.071 782 825 I sysui_multi_action: [757,803,799,window_time_2,802,35]
03-14 04:38:04.081 7636 7636 I sysui_multi_action: [757,453,758,4,806,android.intent.action.VIEW:image/png:]
03-14 04:38:04.081 7636 7636 I wm_on_create_called: [254601744,com.android.internal.app.ResolverActivity,performCreate]
03-14 04:38:04.083 7636 7636 I wm_on_start_called: [254601744,com.android.internal.app.ResolverActivity,handleStartActivity]
03-14 04:38:04.083 7636 7636 I wm_on_resume_called: [254601744,com.android.internal.app.ResolverActivity,RESUME_ACTIVITY]
03-14 04:38:04.084 7636 7636 I wm_on_top_resumed_gained_called: [254601744,com.android.internal.app.ResolverActivity,topStateChangedWhenResumed]
03-14 04:38:04.097 782 826 I input_focus: [Focus request e5891d4 android/com.android.internal.app.ResolverActivity,reason=UpdateInputWindows]
03-14 04:38:04.104 782 822 I sysui_multi_action: [319,46,322,45,325,2854,757,761,758,8,759,2,806,android,871,com.android.internal.app.ResolverActivity,904,com.android.documentsui,905,0,1320,12,1321,1]
03-14 04:38:04.104 782 822 I wm_activity_launch_time: [0,254601744,android/com.android.internal.app.ResolverActivity,45]
03-14 04:38:04.111 7517 7517 I view_enqueue_input_event: [Key - Cancel,com.android.documentsui/com.android.documentsui.files.FilesActivity]
03-14 04:38:04.111 782 1605 I input_focus: [Focus leaving b98170b com.android.documentsui/com.android.documentsui.files.FilesActivity (server),reason=setFocusedWindow]
03-14 04:38:04.111 782 1605 I input_focus: [Focus entering e5891d4 android/com.android.internal.app.ResolverActivity (server),reason=setFocusedWindow]
03-14 04:38:04.155 782 830 I am_pss : [7303,10086,com.android.music,37526528,31424512,0,159944704,0,4,6]
03-14 04:38:04.162 782 830 I am_pss : [7570,10028,com.android.externalstorage,5935104,3985408,0,93585408,0,19,4]
03-14 04:38:04.168 782 830 I am_pss : [7571,10017,android.process.media,10169344,7958528,0,101376000,0,19,5]
01-01 08:47:38.151 0 0 E DTC_ETH,link_delay_work_func: 3003, SQI=0, link=0
03-14 04:38:06.068 782 1605 I input_interaction: Interaction with: e892cf3 com.android.launcher3/com.android.launcher3.uioverrides.QuickstepLauncher (server), d04e39a com.android.systemui.ImageWallpaper (server), edge-swipe (server), swipe-up (server), PointerEventDispatcher0 (server),
03-14 04:38:06.238 782 6955 I wm_task_created: [182,-1]
03-14 04:38:06.241 782 6955 I wm_task_moved: [182,1,8]
03-14 04:38:06.241 782 6955 I wm_task_to_front: [0,182]
03-14 04:38:06.241 782 6955 I wm_create_task: [0,182]
03-14 04:38:06.241 782 6955 I wm_create_activity: [0,191590377,182,com.android.documentsui/.LauncherActivity,android.intent.action.MAIN,NULL,NULL,270532608]
03-14 04:38:06.241 782 6955 I wm_task_moved: [182,1,8]
03-14 04:38:06.241 7636 7636 I wm_on_top_resumed_lost_called: [254601744,com.android.internal.app.ResolverActivity,topStateChangedWhenResumed]
03-14 04:38:06.242 782 6955 I wm_pause_activity: [0,174418215,com.android.launcher3/.uioverrides.QuickstepLauncher,userLeaving=true,pauseBackTasks]
03-14 04:38:06.244 4407 4407 I wm_on_paused_called: [174418215,com.android.launcher3.uioverrides.QuickstepLauncher,performPause]
03-14 04:38:06.246 782 5554 I wm_restart_activity: [0,191590377,182,com.android.documentsui/.LauncherActivity]
03-14 04:38:06.247 782 5554 I wm_set_resumed_activity: [0,com.android.documentsui/.LauncherActivity,minimalResumeActivityLocked]
03-14 04:38:06.250 782 825 I sysui_multi_action: [757,803,799,window_time_2,802,3]
03-14 04:38:06.255 782 2190 I wm_task_moved: [176,1,8]
03-14 04:38:06.255 782 2190 I wm_task_to_front: [0,176]
03-14 04:38:06.256 782 2190 I wm_set_resumed_activity: [0,android/com.android.internal.app.ResolverActivity,positionChildAt]
03-14 04:38:06.256 782 2190 I wm_focused_root_task: [0,0,176,182,bringingFoundTaskToFront]
03-14 04:38:06.256 782 2190 I wm_set_resumed_activity: [0,android/com.android.internal.app.ResolverActivity,bringingFoundTaskToFront]
03-14 04:38:06.256 782 2190 I wm_finish_activity: [0,254601744,176,android/com.android.internal.app.ResolverActivity,clear-task-stack]
03-14 04:38:06.262 782 2190 I wm_pause_activity: [0,254601744,android/com.android.internal.app.ResolverActivity,userLeaving=false,finish]
03-14 04:38:06.262 7636 7636 I wm_on_paused_called: [254601744,com.android.internal.app.ResolverActivity,performPause]
03-14 04:38:06.262 782 2190 I wm_new_intent: [0,224280784,176,com.android.documentsui/.files.FilesActivity,NULL,NULL,//com.android.documentsui.launchControl,271056896]
03-14 04:38:06.262 782 2190 I wm_task_moved: [176,1,8]
03-14 04:38:06.265 782 6955 I wm_set_resumed_activity: [0,com.android.documentsui/.files.FilesActivity,resumeTopActivityInnerLocked]
03-14 04:38:06.266 782 6955 I wm_resume_activity: [0,224280784,176,com.android.documentsui/.files.FilesActivity]
03-14 04:38:06.269 782 2190 I wm_finish_activity: [0,191590377,182,com.android.documentsui/.LauncherActivity,app-request]
03-14 04:38:06.269 782 2190 I wm_pause_activity: [0,191590377,com.android.documentsui/.LauncherActivity,userLeaving=false,finish]
03-14 04:38:06.270 7517 7517 I wm_on_create_called: [191590377,com.android.documentsui.LauncherActivity,performCreate]
03-14 04:38:06.270 782 826 I input_focus: [Focus request b98170b com.android.documentsui/com.android.documentsui.files.FilesActivity,reason=UpdateInputWindows]
03-14 04:38:06.271 7517 7517 I wm_on_resume_called: [224280784,com.android.documentsui.files.FilesActivity,RESUME_ACTIVITY]
03-14 04:38:06.272 782 825 I sysui_multi_action: [757,803,799,window_time_0,802,0]
03-14 04:38:06.275 782 2190 I wm_resume_activity: [0,174418215,102,com.android.launcher3/.uioverrides.QuickstepLauncher]
03-14 04:38:06.279 7517 7517 I wm_on_top_resumed_gained_called: [224280784,com.android.documentsui.files.FilesActivity,topStateChangedWhenResumed]
03-14 04:38:06.280 782 825 I sysui_multi_action: [757,803,799,window_time_2,802,0]
03-14 04:38:06.283 782 1605 I input_focus: [Focus leaving e5891d4 android/com.android.internal.app.ResolverActivity (server),reason=NO_WINDOW]
03-14 04:38:06.283 782 1605 I input_focus: [Focus entering b98170b com.android.documentsui/com.android.documentsui.files.FilesActivity (server),reason=setFocusedWindow]
03-14 04:38:06.288 4407 4407 I wm_on_resume_called: [174418215,com.android.launcher3.uioverrides.QuickstepLauncher,RESUME_ACTIVITY]
03-14 04:38:06.290 782 2190 I wm_destroy_activity: [0,254601744,176,android/com.android.internal.app.ResolverActivity,finish-idle]
03-14 04:38:06.290 782 2190 I wm_destroy_activity: [0,191590377,182,com.android.documentsui/.LauncherActivity,finish-idle]
03-14 04:38:06.301 7517 7517 I wm_on_destroy_called: [191590377,com.android.documentsui.LauncherActivity,performDestroy]
03-14 04:38:06.301 782 5554 I wm_task_removed: [182,removeChild:removeChild last r=ActivityRecord{b6b6fe9 u0 com.android.documentsui/.LauncherActivity t-1 f}} in t=Task{f983321 #182 type=standard A=10024:com.android.documentsui U=0 visible=false mode=fullscreen translucent=true sz=0}]
03-14 04:38:06.301 782 5554 I wm_task_removed: [182,removeChild]
03-14 04:38:06.304 7636 7636 I wm_on_stop_called: [254601744,com.android.internal.app.ResolverActivity,LIFECYCLER_STOP_ACTIVITY]
03-14 04:38:06.305 7636 7636 I wm_on_destroy_called: [254601744,com.android.internal.app.ResolverActivity,performDestroy]
03-14 04:38:08.109 782 1605 I input_interaction: Interaction with: b98170b com.android.documentsui/com.android.documentsui.files.FilesActivity (server), edge-swipe (server), swipe-up (server), PointerEventDispatcher0 (server),
03-14 04:38:08.233 782 2190 I wm_task_moved: [176,1,7]
03-14 04:38:08.233 782 2190 I wm_set_resumed_activity: [0,com.android.documentsui/.files.FilesActivity,positionChildAt]
03-14 04:38:08.233 782 2190 I wm_create_activity: [0,160731010,176,android/com.android.internal.app.ResolverActivity,android.intent.action.VIEW,image/png,content://com.android.providers.media.documents/document/image:30,545259521]
03-14 04:38:08.234 782 2190 I wm_pause_activity: [0,224280784,com.android.documentsui/.files.FilesActivity,userLeaving=true,resumeTopActivityInnerLocked]
03-14 04:38:08.236 7517 7517 I wm_on_top_resumed_lost_called: [224280784,com.android.documentsui.files.FilesActivity,topStateChangedWhenResumed]
03-14 04:38:08.236 7517 7517 I wm_on_paused_called: [224280784,com.android.documentsui.files.FilesActivity,performPause]
03-14 04:38:08.238 782 5554 I wm_restart_activity: [0,160731010,176,android/com.android.internal.app.ResolverActivity]
03-14 04:38:08.238 782 5554 I wm_set_resumed_activity: [0,android/com.android.internal.app.ResolverActivity,minimalResumeActivityLocked]
03-14 04:38:08.240 782 825 I sysui_multi_action: [757,803,799,window_time_2,802,2]
03-14 04:38:08.249 7636 7636 I sysui_multi_action: [757,453,758,4,806,android.intent.action.VIEW:image/png:]
03-14 04:38:08.250 7636 7636 I wm_on_create_called: [160731010,com.android.internal.app.ResolverActivity,performCreate]
03-14 04:38:08.252 7636 7636 I wm_on_start_called: [160731010,com.android.internal.app.ResolverActivity,handleStartActivity]
03-14 04:38:08.252 7636 7636 I wm_on_resume_called: [160731010,com.android.internal.app.ResolverActivity,RESUME_ACTIVITY]
03-14 04:38:08.253 7636 7636 I wm_on_top_resumed_gained_called: [160731010,com.android.internal.app.ResolverActivity,topStateChangedWhenResumed]
03-14 04:38:08.273 782 826 I input_focus: [Focus request ea9ca6 android/com.android.internal.app.ResolverActivity,reason=UpdateInputWindows]
03-14 04:38:08.279 782 822 I sysui_multi_action: [319,46,322,46,325,2859,757,761,758,8,759,2,806,android,871,com.android.internal.app.ResolverActivity,904,com.android.documentsui,905,0,1320,12,1321,1]
03-14 04:38:08.279 782 822 I wm_activity_launch_time: [0,160731010,android/com.android.internal.app.ResolverActivity,46]
03-14 04:38:08.288 782 1605 I input_focus: [Focus leaving b98170b com.android.documentsui/com.android.documentsui.files.FilesActivity (server),reason=setFocusedWindow]
03-14 04:38:08.288 782 1605 I input_focus: [Focus entering ea9ca6 android/com.android.internal.app.ResolverActivity (server),reason=setFocusedWindow]
03-14 04:38:09.627 782 1605 I input_interaction: Interaction with: e892cf3 com.android.launcher3/com.android.launcher3.uioverrides.QuickstepLauncher (server), d04e39a com.android.systemui.ImageWallpaper (server), edge-swipe (server), swipe-up (server), PointerEventDispatcher0 (server),
03-14 04:38:09.768 782 6955 I wm_task_created: [183,-1]
03-14 04:38:09.771 782 6955 I wm_task_moved: [183,1,8]
03-14 04:38:09.771 782 6955 I wm_task_to_front: [0,183]
03-14 04:38:09.771 782 6955 I wm_create_task: [0,183]
03-14 04:38:09.771 782 6955 I wm_create_activity: [0,160639603,183,com.android.documentsui/.LauncherActivity,android.intent.action.MAIN,NULL,NULL,270532608]
03-14 04:38:09.771 782 6955 I wm_task_moved: [183,1,8]
03-14 04:38:09.772 7636 7636 I wm_on_top_resumed_lost_called: [160731010,com.android.internal.app.ResolverActivity,topStateChangedWhenResumed]
03-14 04:38:09.772 782 6955 I wm_pause_activity: [0,174418215,com.android.launcher3/.uioverrides.QuickstepLauncher,userLeaving=true,pauseBackTasks]
03-14 04:38:09.775 4407 4407 I wm_on_paused_called: [174418215,com.android.launcher3.uioverrides.QuickstepLauncher,performPause]
03-14 04:38:09.777 782 6955 I wm_restart_activity: [0,160639603,183,com.android.documentsui/.LauncherActivity]
03-14 04:38:09.778 782 6955 I wm_set_resumed_activity: [0,com.android.documentsui/.LauncherActivity,minimalResumeActivityLocked]
03-14 04:38:09.782 782 825 I sysui_multi_action: [757,803,799,window_time_2,802,1]
03-14 04:38:09.788 782 2190 I wm_task_moved: [176,1,8]
03-14 04:38:09.788 782 2190 I wm_task_to_front: [0,176]
03-14 04:38:09.789 782 2190 I wm_set_resumed_activity: [0,android/com.android.internal.app.ResolverActivity,positionChildAt]
03-14 04:38:09.789 782 2190 I wm_focused_root_task: [0,0,176,183,bringingFoundTaskToFront]
03-14 04:38:09.789 782 2190 I wm_set_resumed_activity: [0,android/com.android.internal.app.ResolverActivity,bringingFoundTaskToFront]
03-14 04:38:09.789 782 2190 I wm_finish_activity: [0,160731010,176,android/com.android.internal.app.ResolverActivity,clear-task-stack]
03-14 04:38:09.791 782 2190 I wm_pause_activity: [0,160731010,android/com.android.internal.app.ResolverActivity,userLeaving=false,finish]
03-14 04:38:09.791 782 2190 I wm_new_intent: [0,224280784,176,com.android.documentsui/.files.FilesActivity,NULL,NULL,//com.android.documentsui.launchControl,271056896]
03-14 04:38:09.791 7636 7636 I wm_on_paused_called: [160731010,com.android.internal.app.ResolverActivity,performPause]
03-14 04:38:09.791 782 2190 I wm_task_moved: [176,1,8]
03-14 04:38:09.795 782 5554 I wm_set_resumed_activity: [0,com.android.documentsui/.files.FilesActivity,resumeTopActivityInnerLocked]
03-14 04:38:09.796 782 5554 I wm_resume_activity: [0,224280784,176,com.android.documentsui/.files.FilesActivity]
03-14 04:38:09.800 782 826 I input_focus: [Focus request b98170b com.android.documentsui/com.android.documentsui.files.FilesActivity,reason=UpdateInputWindows]
03-14 04:38:09.800 782 2190 I wm_finish_activity: [0,160639603,183,com.android.documentsui/.LauncherActivity,app-request]
03-14 04:38:09.800 782 2190 I wm_pause_activity: [0,160639603,com.android.documentsui/.LauncherActivity,userLeaving=false,finish]
03-14 04:38:09.801 7517 7517 I wm_on_create_called: [160639603,com.android.documentsui.LauncherActivity,performCreate]
03-14 04:38:09.801 782 825 I sysui_multi_action: [757,803,799,window_time_0,802,0]
03-14 04:38:09.803 7517 7517 I wm_on_resume_called: [224280784,com.android.documentsui.files.FilesActivity,RESUME_ACTIVITY]
03-14 04:38:09.806 782 2190 I wm_resume_activity: [0,174418215,102,com.android.launcher3/.uioverrides.QuickstepLauncher]
03-14 04:38:09.807 782 1605 I input_focus: [Focus leaving ea9ca6 android/com.android.internal.app.ResolverActivity (server),reason=NO_WINDOW]
03-14 04:38:09.808 782 1605 I input_focus: [Focus entering b98170b com.android.documentsui/com.android.documentsui.files.FilesActivity (server),reason=setFocusedWindow]
03-14 04:38:09.809 7517 7517 I wm_on_top_resumed_gained_called: [224280784,com.android.documentsui.files.FilesActivity,topStateChangedWhenResumed]
03-14 04:38:09.809 782 825 I sysui_multi_action: [757,803,799,window_time_2,802,0]
03-14 04:38:09.816 4407 4407 I wm_on_resume_called: [174418215,com.android.launcher3.uioverrides.QuickstepLauncher,RESUME_ACTIVITY]
03-14 04:38:09.818 782 6955 I wm_destroy_activity: [0,160731010,176,android/com.android.internal.app.ResolverActivity,finish-idle]
03-14 04:38:09.818 782 6955 I wm_destroy_activity: [0,160639603,183,com.android.documentsui/.LauncherActivity,finish-idle]
03-14 04:38:09.829 7636 7636 I wm_on_stop_called: [160731010,com.android.internal.app.ResolverActivity,LIFECYCLER_STOP_ACTIVITY]
03-14 04:38:09.830 7636 7636 I wm_on_destroy_called: [160731010,com.android.internal.app.ResolverActivity,performDestroy]
03-14 04:38:09.835 7517 7517 I wm_on_destroy_called: [160639603,com.android.documentsui.LauncherActivity,performDestroy]
03-14 04:38:09.836 782 2190 I wm_task_removed: [183,removeChild:removeChild last r=ActivityRecord{9932a73 u0 com.android.documentsui/.LauncherActivity t-1 f}} in t=Task{bc668e1 #183 type=standard A=10024:com.android.documentsui U=0 visible=false mode=fullscreen translucent=true sz=0}]
03-14 04:38:09.836 782 2190 I wm_task_removed: [183,removeChild]
01-01 08:47:43.271 0 0 E DTC_ETH,link_delay_work_func: 3003, SQI=0, link=0
03-14 04:38:12.924 782 872 I am_uid_idle: 10017
01-01 08:47:48.391 0 0 E DTC_ETH,link_delay_work_func: 3003, SQI=0, link=0
03-14 04:38:19.422 782 872 I am_uid_idle: 10065
01-01 08:47:53.511 0 0 E DTC_ETH,link_delay_work_func: 3003, SQI=0, link=0
03-14 04:38:23.123 782 872 I am_uid_idle: 10063
01-01 08:47:58.631 0 0 E DTC_ETH,link_delay_work_func: 3003, SQI=0, link=0
01-01 08:48:03.751 0 0 E DTC_ETH,link_delay_work_func: 3003, SQI=0, link=0
01-01 08:48:08.871 0 0 E DTC_ETH,link_delay_work_func: 3003, SQI=0, link=0
01-01 08:48:13.991 0 0 E DTC_ETH,link_delay_work_func: 3003, SQI=0, link=0
01-01 08:48:19.111 0 0 E DTC_ETH,link_delay_work_func: 3003, SQI=0, link=0
01-01 08:48:24.231 0 0 E DTC_ETH,link_delay_work_func: 3003, SQI=0, link=0
01-01 08:48:29.351 0 0 E DTC_ETH,link_delay_work_func: 3003, SQI=0, link=0
01-01 08:48:34.471 0 0 E DTC_ETH,link_delay_work_func: 3003, SQI=0, link=0
01-01 08:48:36.009 0 0 I msm_vidc: err : ffffffff: .....: DBLP Set: status 0
03-14 04:39:02.632 782 1000 I sysui_multi_action: [757,1696,758,6,759,2]
03-14 04:39:02.643 782 872 I am_wtf : [0,782,system_server,-1,DisplayDeviceConfig,requesting nits when no mapping exists.]
03-14 04:39:02.646 782 872 I am_wtf : [0,782,system_server,-1,DisplayDeviceConfig,requesting nits when no mapping exists.]
03-14 04:39:02.659 782 872 I am_wtf : [0,782,system_server,-1,DisplayDeviceConfig,requesting nits when no mapping exists.]
03-14 04:39:02.661 782 872 I am_wtf : [0,782,system_server,-1,DisplayDeviceConfig,requesting nits when no mapping exists.]
03-14 04:39:02.665 782 872 I am_wtf : [0,782,system_server,-1,DisplayDeviceConfig,requesting nits when no mapping exists.]
03-14 04:39:02.666 782 872 I am_wtf : [0,782,system_server,-1,DisplayDeviceConfig,requesting nits when no mapping exists.]
03-14 04:39:02.681 782 872 I am_wtf : [0,782,system_server,-1,DisplayDeviceConfig,requesting nits when no mapping exists.]
03-14 04:39:02.682 782 872 I am_wtf : [0,782,system_server,-1,DisplayDeviceConfig,requesting nits when no mapping exists.]
03-14 04:39:02.698 782 872 I am_wtf : [0,782,system_server,-1,DisplayDeviceConfig,requesting nits when no mapping exists.]
03-14 04:39:02.699 782 872 I am_wtf : [0,782,system_server,-1,DisplayDeviceConfig,requesting nits when no mapping exists.]
03-14 04:39:02.715 782 872 I am_wtf : [0,782,system_server,-1,DisplayDeviceConfig,requesting nits when no mapping exists.]
03-14 04:39:02.716 782 872 I am_wtf : [0,782,system_server,-1,DisplayDeviceConfig,requesting nits when no mapping exists.]
03-14 04:39:02.732 782 872 I am_wtf : [0,782,system_server,-1,DisplayDeviceConfig,requesting nits when no mapping exists.]
03-14 04:39:02.733 782 872 I am_wtf : [0,782,system_server,-1,DisplayDeviceConfig,requesting nits when no mapping exists.]
03-14 04:39:02.749 782 872 I am_wtf : [0,782,system_server,-1,DisplayDeviceConfig,requesting nits when no mapping exists.]
03-14 04:39:02.750 782 872 I am_wtf : [0,782,system_server,-1,DisplayDeviceConfig,requesting nits when no mapping exists.]
03-14 04:39:02.766 782 872 I am_wtf : [0,782,system_server,-1,DisplayDeviceConfig,requesting nits when no mapping exists.]
03-14 04:39:02.767 782 872 I am_wtf : [0,782,system_server,-1,DisplayDeviceConfig,requesting nits when no mapping exists.]
03-14 04:39:02.782 782 872 I am_wtf : [0,782,system_server,-1,DisplayDeviceConfig,requesting nits when no mapping exists.]
03-14 04:39:02.783 782 872 I am_wtf : [0,782,system_server,-1,DisplayDeviceConfig,requesting nits when no mapping exists.]
03-14 04:39:02.799 782 872 I am_wtf : [0,782,system_server,-1,DisplayDeviceConfig,requesting nits when no mapping exists.]
03-14 04:39:02.800 782 872 I am_wtf : [0,782,system_server,-1,DisplayDeviceConfig,requesting nits when no mapping exists.]
03-14 04:39:02.816 782 872 I am_wtf : [0,782,system_server,-1,DisplayDeviceConfig,requesting nits when no mapping exists.]
03-14 04:39:02.816 782 872 I am_wtf : [0,782,system_server,-1,DisplayDeviceConfig,requesting nits when no mapping exists.]
03-14 04:39:02.832 782 872 I am_wtf : [0,782,system_server,-1,DisplayDeviceConfig,requesting nits when no mapping exists.]
03-14 04:39:02.833 782 872 I am_wtf : [0,782,system_server,-1,DisplayDeviceConfig,requesting nits when no mapping exists.]
03-14 04:39:02.849 782 872 I am_wtf : [0,782,system_server,-1,DisplayDeviceConfig,requesting nits when no mapping exists.]
03-14 04:39:02.850 782 872 I am_wtf : [0,782,system_server,-1,DisplayDeviceConfig,requesting nits when no mapping exists.]
03-14 04:39:02.866 782 872 I am_wtf : [0,782,system_server,-1,DisplayDeviceConfig,requesting nits when no mapping exists.]
03-14 04:39:02.867 782 872 I am_wtf : [0,782,system_server,-1,DisplayDeviceConfig,requesting nits when no mapping exists.]
03-14 04:39:02.882 782 872 I am_wtf : [0,782,system_server,-1,DisplayDeviceConfig,requesting nits when no mapping exists.]
03-14 04:39:02.883 782 872 I am_wtf : [0,782,system_server,-1,DisplayDeviceConfig,requesting nits when no mapping exists.]
03-14 04:39:02.899 782 872 I am_wtf : [0,782,system_server,-1,DisplayDeviceConfig,requesting nits when no mapping exists.]
03-14 04:39:02.900 782 872 I am_wtf : [0,782,system_server,-1,DisplayDeviceConfig,requesting nits when no mapping exists.]
03-14 04:39:02.916 782 872 I am_wtf : [0,782,system_server,-1,DisplayDeviceConfig,requesting nits when no mapping exists.]
03-14 04:39:02.917 782 872 I am_wtf : [0,782,system_server,-1,DisplayDeviceConfig,requesting nits when no mapping exists.]
03-14 04:39:02.918 782 872 I service_manager_stats: [100,35,94125]
03-14 04:39:02.933 782 872 I am_wtf : [0,782,system_server,-1,DisplayDeviceConfig,requesting nits when no mapping exists.]
03-14 04:39:02.934 782 872 I am_wtf : [0,782,system_server,-1,DisplayDeviceConfig,requesting nits when no mapping exists.]
03-14 04:39:02.950 782 872 I am_wtf : [0,782,system_server,-1,DisplayDeviceConfig,requesting nits when no mapping exists.]
03-14 04:39:02.950 782 872 I am_wtf : [0,782,system_server,-1,DisplayDeviceConfig,requesting nits when no mapping exists.]
03-14 04:39:02.966 782 872 I am_wtf : [0,782,system_server,-1,DisplayDeviceConfig,requesting nits when no mapping exists.]
03-14 04:39:02.967 782 872 I am_wtf : [0,782,system_server,-1,DisplayDeviceConfig,requesting nits when no mapping exists.]
03-14 04:39:02.983 782 872 I am_wtf : [0,782,system_server,-1,DisplayDeviceConfig,requesting nits when no mapping exists.]
03-14 04:39:02.984 782 872 I am_wtf : [0,782,system_server,-1,DisplayDeviceConfig,requesting nits when no mapping exists.]
03-14 04:39:03.000 782 872 I am_wtf : [0,782,system_server,-1,DisplayDeviceConfig,requesting nits when no mapping exists.]
03-14 04:39:03.000 782 872 I am_wtf : [0,782,system_server,-1,DisplayDeviceConfig,requesting nits when no mapping exists.]
03-14 04:39:03.016 782 872 I am_wtf : [0,782,system_server,-1,DisplayDeviceConfig,requesting nits when no mapping exists.]
03-14 04:39:03.017 782 872 I am_wtf : [0,782,system_server,-1,DisplayDeviceConfig,requesting nits when no mapping exists.]
03-14 04:39:03.033 782 872 I am_wtf : [0,782,system_server,-1,DisplayDeviceConfig,requesting nits when no mapping exists.]
03-14 04:39:03.034 782 872 I am_wtf : [0,782,system_server,-1,DisplayDeviceConfig,requesting nits when no mapping exists.]
03-14 04:39:03.050 782 872 I am_wtf : [0,782,system_server,-1,DisplayDeviceConfig,requesting nits when no mapping exists.]
03-14 04:39:03.050 782 872 I am_wtf : [0,782,system_server,-1,DisplayDeviceConfig,requesting nits when no mapping exists.]
03-14 04:39:03.066 782 872 I am_wtf : [0,782,system_server,-1,DisplayDeviceConfig,requesting nits when no mapping exists.]
03-14 04:39:03.067 782 872 I am_wtf : [0,782,system_server,-1,DisplayDeviceConfig,requesting nits when no mapping exists.]
03-14 04:39:03.083 782 872 I am_wtf : [0,782,system_server,-1,DisplayDeviceConfig,requesting nits when no mapping exists.]
03-14 04:39:03.084 782 872 I am_wtf : [0,782,system_server,-1,DisplayDeviceConfig,requesting nits when no mapping exists.]
03-14 04:39:03.100 782 872 I am_wtf : [0,782,system_server,-1,DisplayDeviceConfig,requesting nits when no mapping exists.]
03-14 04:39:03.101 782 872 I am_wtf : [0,782,system_server,-1,DisplayDeviceConfig,requesting nits when no mapping exists.]
03-14 04:39:03.117 782 872 I am_wtf : [0,782,system_server,-1,DisplayDeviceConfig,requesting nits when no mapping exists.]
03-14 04:39:03.118 782 872 I am_wtf : [0,782,system_server,-1,DisplayDeviceConfig,requesting nits when no mapping exists.]
03-14 04:39:03.134 782 872 I am_wtf : [0,782,system_server,-1,DisplayDeviceConfig,requesting nits when no mapping exists.]
03-14 04:39:03.135 782 872 I am_wtf : [0,782,system_server,-1,DisplayDeviceConfig,requesting nits when no mapping exists.]
03-14 04:39:03.150 782 872 I am_wtf : [0,782,system_server,-1,DisplayDeviceConfig,requesting nits when no mapping exists.]
03-14 04:39:03.151 782 872 I am_wtf : [0,782,system_server,-1,DisplayDeviceConfig,requesting nits when no mapping exists.]
03-14 04:39:03.167 782 872 I am_wtf : [0,782,system_server,-1,DisplayDeviceConfig,requesting nits when no mapping exists.]
03-14 04:39:03.167 782 872 I am_wtf : [0,782,system_server,-1,DisplayDeviceConfig,requesting nits when no mapping exists.]
03-14 04:39:03.184 782 872 I am_wtf : [0,782,system_server,-1,DisplayDeviceConfig,requesting nits when no mapping exists.]
03-14 04:39:03.184 782 872 I am_wtf : [0,782,system_server,-1,DisplayDeviceConfig,requesting nits when no mapping exists.]
03-14 04:39:03.200 782 872 I am_wtf : [0,782,system_server,-1,DisplayDeviceConfig,requesting nits when no mapping exists.]
03-14 04:39:03.201 782 872 I am_wtf : [0,782,system_server,-1,DisplayDeviceConfig,requesting nits when no mapping exists.]
03-14 04:39:03.217 782 872 I am_wtf : [0,782,system_server,-1,DisplayDeviceConfig,requesting nits when no mapping exists.]
