03-14 04:53:56.262 782 9058 W FreeFormWindowHelper: Current Display FreeFormTask is Task{38a5625 #220 type=standard A=10086:android.task.music U=0 visible=true mode=freeform translucent=false sz=1}
03-14 04:53:56.262 782 9058 W FreeFormWindowHelper: Current Display FreeFormTask is Task{38a5625 #220 type=standard A=10086:android.task.music U=0 visible=true mode=freeform translucent=false sz=1}
03-14 04:53:56.262 782 2190 W FreeFormWindowHelper: Current Display FreeFormTask is Task{38a5625 #220 type=standard A=10086:android.task.music U=0 visible=true mode=freeform translucent=false sz=1}
03-14 04:53:56.262 782 9058 W FreeFormWindowHelper: Current Display FreeFormTask is Task{38a5625 #220 type=standard A=10086:android.task.music U=0 visible=true mode=freeform translucent=false sz=1}
03-14 04:53:56.263 782 2190 W FreeFormWindowHelper: Current Display FreeFormTask is Task{38a5625 #220 type=standard A=10086:android.task.music U=0 visible=true mode=freeform translucent=false sz=1}
03-14 04:53:56.263 782 9058 W ActivityTaskManager: getTaskSnapshot: taskId=-475 not found
03-14 04:53:56.263 782 2190 W FreeFormWindowHelper: Current Display FreeFormTask is Task{38a5625 #220 type=standard A=10086:android.task.music U=0 visible=true mode=freeform translucent=false sz=1}
03-14 04:53:56.264 782 9058 W ActivityTaskManager: getTaskSnapshot: taskId=-474 not found
03-14 04:53:56.265 782 9058 W ActivityTaskManager: getTaskSnapshot: taskId=-474 not found
03-14 04:53:56.265 782 9058 W ActivityTaskManager: getTaskSnapshot: taskId=-474 not found
03-14 04:53:56.268 782 9058 W FreeFormWindowHelper: Current Display FreeFormTask is Task{38a5625 #220 type=standard A=10086:android.task.music U=0 visible=true mode=freeform translucent=false sz=1}
03-14 04:53:56.269 782 9058 W FreeFormWindowHelper: Current Display FreeFormTask is Task{38a5625 #220 type=standard A=10086:android.task.music U=0 visible=true mode=freeform translucent=false sz=1}
03-14 04:53:56.285 782 9058 W FreeFormWindowHelper: Current Display FreeFormTask is Task{38a5625 #220 type=standard A=10086:android.task.music U=0 visible=true mode=freeform translucent=false sz=1}
03-14 04:53:56.285 782 9058 W FreeFormWindowHelper: Current Display FreeFormTask is Task{38a5625 #220 type=standard A=10086:android.task.music U=0 visible=true mode=freeform translucent=false sz=1}
03-14 04:53:56.454 782 1331 I commit_sys_config_file: [settings-1-0,1]
03-14 04:53:56.762 782 2969 E TaskPersister: File error accessing recents directory (directory doesn't exist?).
03-14 04:53:56.992 782 2190 W FreeFormWindowHelper: Current Display FreeFormTask is Task{38a5625 #220 type=standard A=10086:android.task.music U=0 visible=true mode=freeform translucent=false sz=1}
03-14 04:53:56.994 782 2190 W FreeFormWindowHelper: Current Display FreeFormTask is Task{38a5625 #220 type=standard A=10086:android.task.music U=0 visible=true mode=freeform translucent=false sz=1}
03-14 04:53:56.994 782 2190 W FreeFormWindowHelper: Current Display FreeFormTask is Task{38a5625 #220 type=standard A=10086:android.task.music U=0 visible=true mode=freeform translucent=false sz=1}
03-14 04:53:56.996 782 2190 W FreeFormWindowHelper: Current Display FreeFormTask is Task{38a5625 #220 type=standard A=10086:android.task.music U=0 visible=true mode=freeform translucent=false sz=1}
03-14 04:53:56.998 782 2190 W FreeFormWindowHelper: Current Display FreeFormTask is Task{38a5625 #220 type=standard A=10086:android.task.music U=0 visible=true mode=freeform translucent=false sz=1}
03-14 04:53:57.004 782 2190 W FreeFormWindowHelper: Current Display FreeFormTask is Task{38a5625 #220 type=standard A=10086:android.task.music U=0 visible=true mode=freeform translucent=false sz=1}
03-14 04:53:57.005 782 2190 W FreeFormWindowHelper: Current Display FreeFormTask is Task{38a5625 #220 type=standard A=10086:android.task.music U=0 visible=true mode=freeform translucent=false sz=1}
03-14 04:53:57.005 782 2190 W FreeFormWindowHelper: Current Display FreeFormTask is Task{38a5625 #220 type=standard A=10086:android.task.music U=0 visible=true mode=freeform translucent=false sz=1}
03-14 04:53:57.021 782 2190 W FreeFormWindowHelper: Current Display FreeFormTask is Task{38a5625 #220 type=standard A=10086:android.task.music U=0 visible=true mode=freeform translucent=false sz=1}
03-14 04:53:57.022 782 2190 W FreeFormWindowHelper: Current Display FreeFormTask is Task{38a5625 #220 type=standard A=10086:android.task.music U=0 visible=true mode=freeform translucent=false sz=1}
03-14 04:53:57.022 782 2190 W FreeFormWindowHelper: Current Display FreeFormTask is Task{38a5625 #220 type=standard A=10086:android.task.music U=0 visible=true mode=freeform translucent=false sz=1}
03-14 04:53:57.038 782 2190 W FreeFormWindowHelper: Current Display FreeFormTask is Task{38a5625 #220 type=standard A=10086:android.task.music U=0 visible=true mode=freeform translucent=false sz=1}
03-14 04:53:57.039 782 2190 W FreeFormWindowHelper: Current Display FreeFormTask is Task{38a5625 #220 type=standard A=10086:android.task.music U=0 visible=true mode=freeform translucent=false sz=1}
03-14 04:53:57.039 782 2190 W FreeFormWindowHelper: Current Display FreeFormTask is Task{38a5625 #220 type=standard A=10086:android.task.music U=0 visible=true mode=freeform translucent=false sz=1}
03-14 04:53:57.055 782 2190 W FreeFormWindowHelper: Current Display FreeFormTask is Task{38a5625 #220 type=standard A=10086:android.task.music U=0 visible=true mode=freeform translucent=false sz=1}
03-14 04:53:57.056 782 2190 W FreeFormWindowHelper: Current Display FreeFormTask is Task{38a5625 #220 type=standard A=10086:android.task.music U=0 visible=true mode=freeform translucent=false sz=1}
03-14 04:53:57.056 782 2190 W FreeFormWindowHelper: Current Display FreeFormTask is Task{38a5625 #220 type=standard A=10086:android.task.music U=0 visible=true mode=freeform translucent=false sz=1}
03-14 04:53:57.072 782 2190 W FreeFormWindowHelper: Current Display FreeFormTask is Task{38a5625 #220 type=standard A=10086:android.task.music U=0 visible=true mode=freeform translucent=false sz=1}
03-14 04:53:57.072 782 2190 W FreeFormWindowHelper: Current Display FreeFormTask is Task{38a5625 #220 type=standard A=10086:android.task.music U=0 visible=true mode=freeform translucent=false sz=1}
03-14 04:53:57.072 782 2190 W FreeFormWindowHelper: Current Display FreeFormTask is Task{38a5625 #220 type=standard A=10086:android.task.music U=0 visible=true mode=freeform translucent=false sz=1}
01-01 09:03:30.471 0 0 E DTC_ETH,link_delay_work_func: 3003, SQI=0, link=0
03-14 04:53:57.089 782 2190 W FreeFormWindowHelper: Current Display FreeFormTask is Task{38a5625 #220 type=standard A=10086:android.task.music U=0 visible=true mode=freeform translucent=false sz=1}
03-14 04:53:57.089 782 2190 W FreeFormWindowHelper: Current Display FreeFormTask is Task{38a5625 #220 type=standard A=10086:android.task.music U=0 visible=true mode=freeform translucent=false sz=1}
03-14 04:53:57.089 782 2190 W FreeFormWindowHelper: Current Display FreeFormTask is Task{38a5625 #220 type=standard A=10086:android.task.music U=0 visible=true mode=freeform translucent=false sz=1}
03-14 04:53:57.105 782 2190 W FreeFormWindowHelper: Current Display FreeFormTask is Task{38a5625 #220 type=standard A=10086:android.task.music U=0 visible=true mode=freeform translucent=false sz=1}
03-14 04:53:57.106 782 2190 W FreeFormWindowHelper: Current Display FreeFormTask is Task{38a5625 #220 type=standard A=10086:android.task.music U=0 visible=true mode=freeform translucent=false sz=1}
03-14 04:53:57.106 782 2190 W FreeFormWindowHelper: Current Display FreeFormTask is Task{38a5625 #220 type=standard A=10086:android.task.music U=0 visible=true mode=freeform translucent=false sz=1}
03-14 04:53:57.122 782 2190 W FreeFormWindowHelper: Current Display FreeFormTask is Task{38a5625 #220 type=standard A=10086:android.task.music U=0 visible=true mode=freeform translucent=false sz=1}
03-14 04:53:57.122 782 2190 W FreeFormWindowHelper: Current Display FreeFormTask is Task{38a5625 #220 type=standard A=10086:android.task.music U=0 visible=true mode=freeform translucent=false sz=1}
03-14 04:53:57.122 782 2190 W FreeFormWindowHelper: Current Display FreeFormTask is Task{38a5625 #220 type=standard A=10086:android.task.music U=0 visible=true mode=freeform translucent=false sz=1}
03-14 04:53:57.139 782 9058 W FreeFormWindowHelper: Current Display FreeFormTask is Task{38a5625 #220 type=standard A=10086:android.task.music U=0 visible=true mode=freeform translucent=false sz=1}
03-14 04:53:57.139 782 9058 W FreeFormWindowHelper: Current Display FreeFormTask is Task{38a5625 #220 type=standard A=10086:android.task.music U=0 visible=true mode=freeform translucent=false sz=1}
03-14 04:53:57.139 782 9058 W FreeFormWindowHelper: Current Display FreeFormTask is Task{38a5625 #220 type=standard A=10086:android.task.music U=0 visible=true mode=freeform translucent=false sz=1}
03-14 04:53:57.155 782 9058 W FreeFormWindowHelper: Current Display FreeFormTask is Task{38a5625 #220 type=standard A=10086:android.task.music U=0 visible=true mode=freeform translucent=false sz=1}
03-14 04:53:57.156 782 9058 W FreeFormWindowHelper: Current Display FreeFormTask is Task{38a5625 #220 type=standard A=10086:android.task.music U=0 visible=true mode=freeform translucent=false sz=1}
03-14 04:53:57.156 782 9058 W FreeFormWindowHelper: Current Display FreeFormTask is Task{38a5625 #220 type=standard A=10086:android.task.music U=0 visible=true mode=freeform translucent=false sz=1}
03-14 04:53:57.172 782 9058 W FreeFormWindowHelper: Current Display FreeFormTask is Task{38a5625 #220 type=standard A=10086:android.task.music U=0 visible=true mode=freeform translucent=false sz=1}
03-14 04:53:57.172 782 9058 W FreeFormWindowHelper: Current Display FreeFormTask is Task{38a5625 #220 type=standard A=10086:android.task.music U=0 visible=true mode=freeform translucent=false sz=1}
03-14 04:53:57.172 782 9058 W FreeFormWindowHelper: Current Display FreeFormTask is Task{38a5625 #220 type=standard A=10086:android.task.music U=0 visible=true mode=freeform translucent=false sz=1}
03-14 04:53:57.189 782 2190 W FreeFormWindowHelper: Current Display FreeFormTask is Task{38a5625 #220 type=standard A=10086:android.task.music U=0 visible=true mode=freeform translucent=false sz=1}
03-14 04:53:57.189 782 2190 W FreeFormWindowHelper: Current Display FreeFormTask is Task{38a5625 #220 type=standard A=10086:android.task.music U=0 visible=true mode=freeform translucent=false sz=1}
03-14 04:53:57.190 782 2190 W FreeFormWindowHelper: Current Display FreeFormTask is Task{38a5625 #220 type=standard A=10086:android.task.music U=0 visible=true mode=freeform translucent=false sz=1}
03-14 04:53:57.193 782 1331 I commit_sys_config_file: [settings-1-0,1]
03-14 04:53:57.206 782 9058 W FreeFormWindowHelper: Current Display FreeFormTask is Task{38a5625 #220 type=standard A=10086:android.task.music U=0 visible=true mode=freeform translucent=false sz=1}
03-14 04:53:57.206 782 9058 W FreeFormWindowHelper: Current Display FreeFormTask is Task{38a5625 #220 type=standard A=10086:android.task.music U=0 visible=true mode=freeform translucent=false sz=1}
03-14 04:53:57.206 782 9058 W FreeFormWindowHelper: Current Display FreeFormTask is Task{38a5625 #220 type=standard A=10086:android.task.music U=0 visible=true mode=freeform translucent=false sz=1}
03-14 04:53:57.222 782 2190 W FreeFormWindowHelper: Current Display FreeFormTask is Task{38a5625 #220 type=standard A=10086:android.task.music U=0 visible=true mode=freeform translucent=false sz=1}
03-14 04:53:57.223 782 2190 W FreeFormWindowHelper: Current Display FreeFormTask is Task{38a5625 #220 type=standard A=10086:android.task.music U=0 visible=true mode=freeform translucent=false sz=1}
03-14 04:53:57.223 782 2190 W FreeFormWindowHelper: Current Display FreeFormTask is Task{38a5625 #220 type=standard A=10086:android.task.music U=0 visible=true mode=freeform translucent=false sz=1}
03-14 04:53:57.239 782 9058 W FreeFormWindowHelper: Current Display FreeFormTask is Task{38a5625 #220 type=standard A=10086:android.task.music U=0 visible=true mode=freeform translucent=false sz=1}
03-14 04:53:57.240 782 9058 W FreeFormWindowHelper: Current Display FreeFormTask is Task{38a5625 #220 type=standard A=10086:android.task.music U=0 visible=true mode=freeform translucent=false sz=1}
03-14 04:53:57.240 782 9058 W FreeFormWindowHelper: Current Display FreeFormTask is Task{38a5625 #220 type=standard A=10086:android.task.music U=0 visible=true mode=freeform translucent=false sz=1}
03-14 04:53:57.256 782 2190 W FreeFormWindowHelper: Current Display FreeFormTask is Task{38a5625 #220 type=standard A=10086:android.task.music U=0 visible=true mode=freeform translucent=false sz=1}
03-14 04:53:57.256 782 2190 W FreeFormWindowHelper: Current Display FreeFormTask is Task{38a5625 #220 type=standard A=10086:android.task.music U=0 visible=true mode=freeform translucent=false sz=1}
03-14 04:53:57.256 782 2190 W FreeFormWindowHelper: Current Display FreeFormTask is Task{38a5625 #220 type=standard A=10086:android.task.music U=0 visible=true mode=freeform translucent=false sz=1}
03-14 04:53:57.273 782 2190 W FreeFormWindowHelper: Current Display FreeFormTask is Task{38a5625 #220 type=standard A=10086:android.task.music U=0 visible=true mode=freeform translucent=false sz=1}
03-14 04:53:57.273 782 2190 W FreeFormWindowHelper: Current Display FreeFormTask is Task{38a5625 #220 type=standard A=10086:android.task.music U=0 visible=true mode=freeform translucent=false sz=1}
03-14 04:53:57.273 782 2190 W FreeFormWindowHelper: Current Display FreeFormTask is Task{38a5625 #220 type=standard A=10086:android.task.music U=0 visible=true mode=freeform translucent=false sz=1}
03-14 04:53:57.289 782 9058 W FreeFormWindowHelper: Current Display FreeFormTask is Task{38a5625 #220 type=standard A=10086:android.task.music U=0 visible=true mode=freeform translucent=false sz=1}
03-14 04:53:57.290 782 9058 W FreeFormWindowHelper: Current Display FreeFormTask is Task{38a5625 #220 type=standard A=10086:android.task.music U=0 visible=true mode=freeform translucent=false sz=1}
03-14 04:53:57.290 782 9058 W FreeFormWindowHelper: Current Display FreeFormTask is Task{38a5625 #220 type=standard A=10086:android.task.music U=0 visible=true mode=freeform translucent=false sz=1}
03-14 04:53:57.306 782 9058 W FreeFormWindowHelper: Current Display FreeFormTask is Task{38a5625 #220 type=standard A=10086:android.task.music U=0 visible=true mode=freeform translucent=false sz=1}
03-14 04:53:57.307 782 9058 I wm_finish_activity: [0,230958074,220,com.android.music/.MusicBrowserActivity,app-request]
03-14 04:53:57.307 782 9058 I wm_task_moved: [1,1,6]
03-14 04:53:57.308 782 9058 I wm_set_resumed_activity: [0,com.android.launcher3/.uioverrides.QuickstepLauncher,positionChildAt]
03-14 04:53:57.308 8810 8810 I wm_on_top_resumed_lost_called: [230958074,com.android.music.MusicBrowserActivity,topStateChangedWhenResumed]
03-14 04:53:57.308 782 9058 I wm_task_moved: [102,1,2147483647]
03-14 04:53:57.308 782 9058 I wm_task_to_front: [0,102]
03-14 04:53:57.308 782 9058 I wm_focused_root_task: [0,0,1,-1,finish-top adjustFocusToNextFocusableTask]
03-14 04:53:57.308 782 9058 I wm_set_resumed_activity: [0,com.android.launcher3/.uioverrides.QuickstepLauncher,finish-top]
03-14 04:53:57.318 782 9058 I wm_pause_activity: [0,230958074,com.android.music/.MusicBrowserActivity,userLeaving=false,finish]
03-14 04:53:57.319 782 826 I input_focus: [Focus request f6966bb com.android.launcher3/com.android.launcher3.uioverrides.QuickstepLauncher,reason=UpdateInputWindows]
03-14 04:53:57.320 782 9058 W FreeFormWindowHelper: Current Display FreeFormTask is Task{38a5625 #220 type=standard A=10086:android.task.music U=0 visible=false mode=freeform translucent=true sz=1}
03-14 04:53:57.320 8810 8810 I wm_on_paused_called: [230958074,com.android.music.MusicBrowserActivity,performPause]
03-14 04:53:57.320 782 9058 W FreeFormWindowHelper: Current Display FreeFormTask is Task{38a5625 #220 type=standard A=10086:android.task.music U=0 visible=false mode=freeform translucent=true sz=1}
03-14 04:53:57.320 782 2170 I ActivityTaskManager: FOREGROUND_APPLICATION_CHANGED to com.android.launcher3.uioverrides.QuickstepLauncher
03-14 04:53:57.320 782 2170 I wm_destroy_activity: [0,230958074,220,com.android.music/.MusicBrowserActivity,finish-imm:completePausedLocked]
03-14 04:53:57.320 782 2190 W FreeFormWindowHelper: Current Display FreeFormTask is Task{38a5625 #220 type=standard A=10086:android.task.music U=0 visible=false mode=freeform translucent=true sz=1}
03-14 04:53:57.326 782 1605 I input_focus: [Focus leaving 9b14349 com.android.music/com.android.music.MusicBrowserActivity (server),reason=NO_WINDOW]
03-14 04:53:57.326 782 1605 I input_focus: [Focus entering f6966bb com.android.launcher3/com.android.launcher3.uioverrides.QuickstepLauncher (server),reason=setFocusedWindow]
03-14 04:53:57.327 782 825 I sysui_multi_action: [757,803,799,window_time_0,802,3]
03-14 04:53:57.332 782 2190 W FreeFormWindowHelper: Current Display FreeFormTask is Task{38a5625 #220 type=standard A=10086:android.task.music U=0 visible=false mode=freeform translucent=true sz=1}
03-14 04:53:57.334 782 9058 W FreeFormWindowHelper: Current Display FreeFormTask is Task{38a5625 #220 type=standard A=10086:android.task.music U=0 visible=false mode=freeform translucent=true sz=1}
03-14 04:53:57.336 782 9058 W FreeFormWindowHelper: Current Display FreeFormTask is Task{38a5625 #220 type=standard A=10086:android.task.music U=0 visible=false mode=freeform translucent=true sz=1}
03-14 04:53:57.336 782 9058 W FreeFormWindowHelper: Current Display FreeFormTask is Task{38a5625 #220 type=standard A=10086:android.task.music U=0 visible=false mode=freeform translucent=true sz=1}
03-14 04:53:57.338 9060 9060 I wm_on_top_resumed_gained_called: [174418215,com.android.launcher3.uioverrides.QuickstepLauncher,topStateChangedWhenResumed]
03-14 04:53:57.340 782 8809 W ActivityManager: Receiver with filter android.content.IntentFilter@a49df3b already registered for pid 8810, callerPackage is com.android.music
03-14 04:53:57.342 8810 8810 I wm_on_stop_called: [230958074,com.android.music.MusicBrowserActivity,LIFECYCLER_STOP_ACTIVITY]
03-14 04:53:57.345 8810 8810 I wm_on_destroy_called: [230958074,com.android.music.MusicBrowserActivity,performDestroy]
03-14 04:53:57.422 782 6955 W FreeFormWindowHelper: Current Display FreeFormTask is Task{38a5625 #220 type=standard A=10086:android.task.music U=0 visible=false mode=freeform translucent=true sz=1}
03-14 04:53:57.607 782 826 I wm_task_removed: [220,removeChild:removeChild last r=ActivityRecord{dc423fa u0 com.android.music/.MusicBrowserActivity t-1 f}} in t=Task{38a5625 #220 type=standard A=10086:android.task.music U=0 visible=false mode=freeform translucent=true sz=0}]
03-14 04:53:57.607 782 826 I wm_task_removed: [220,removeChild]
03-14 04:53:57.607 782 826 D FreeFormWindowHelper: Remove freefrom task=Task{38a5625 #220 type=standard A=10086:android.task.music U=0 visible=false mode=freeform translucent=true sz=0}
03-14 04:53:57.674 782 1605 I input_interaction: Interaction with: f6966bb com.android.launcher3/com.android.launcher3.uioverrides.QuickstepLauncher (server), d04e39a com.android.systemui.ImageWallpaper (server), edge-swipe (server), swipe-up (server), PointerEventDispatcher0 (server),
03-14 04:53:57.676 782 782 I service_manager_stats: [100,29,15090]
03-14 04:53:58.362 782 6955 W FreeFormWindowHelper: Current Display FreeFormTask is null
03-14 04:53:58.364 782 2190 W FreeFormWindowHelper: Current Display FreeFormTask is null
03-14 04:53:58.364 782 6955 W FreeFormWindowHelper: Current Display FreeFormTask is null
03-14 04:53:58.462 782 825 I ActivityManager: Killing 8810:com.android.music/u0a86 (adj 50): remove task
03-14 04:53:58.463 782 825 I am_kill : [0,8810,com.android.music,50,remove task]
03-14 04:53:58.465 782 825 I sysui_multi_action: [757,803,799,window_time_0,802,1]
03-14 04:53:58.466 782 2969 E TaskPersister: File error accessing recents directory (directory doesn't exist?).
03-14 04:53:58.523 782 2190 I am_proc_died: [0,8810,com.android.music,50,4]
03-14 04:53:58.525 782 2190 W ActivityManager: Scheduling restart of crashed service com.android.music/.MediaPlaybackService in 1000ms for start-requested
03-14 04:53:58.525 782 2190 I am_schedule_service_restart: [0,com.android.music/.MediaPlaybackService,1000]
03-14 04:53:58.525 782 2190 I am_uid_stopped: 10086
03-14 04:53:58.526 782 782 I sysui_multi_action: [757,128,758,5,759,8,793,115521,794,0,795,2822,796,1,806,com.android.music,857,Channel-music,858,2,947,0,1500,2822,1641,transport,1688,1,1745,1043716538]
03-14 04:53:58.526 782 782 I notification_canceled: [0|com.android.music|1|null|10086,8,115521,2822,0,-1,-1,NULL]
03-14 04:53:58.526 782 825 W ActivityManager: setHasOverlayUi called on unknown pid: 8810
03-14 04:53:58.528 782 825 I am_uid_running: 10086
03-14 04:53:58.529 782 825 D CompatibilityChangeReporter: Compat change id reported: 135634846; UID 10086; state: DISABLED
03-14 04:53:58.529 782 825 D CompatibilityChangeReporter: Compat change id reported: 177438394; UID 10086; state: DISABLED
03-14 04:53:58.529 782 825 D CompatibilityChangeReporter: Compat change id reported: 135772972; UID 10086; state: DISABLED
03-14 04:53:58.529 782 825 D CompatibilityChangeReporter: Compat change id reported: 135754954; UID 10086; state: ENABLED
03-14 04:53:58.529 782 873 D CompatibilityChangeReporter: Compat change id reported: 143937733; UID 10086; state: ENABLED
03-14 04:53:58.536 782 873 I am_proc_start: [0,9426,10086,com.android.music,NULL,]
03-14 04:53:58.536 782 873 I ActivityManager: Start proc 9426:com.android.music/u0a86 for null
03-14 04:53:58.543 782 1699 I GameModeConfig: isGameModeOn = false
03-14 04:53:58.543 782 1699 I GameModeConfig: isGameModeOn = false
03-14 04:53:58.544 782 1699 I GameModeConfig: isGameModeOn = false
03-14 04:53:58.544 782 1699 I GameModeConfig: isGameModeOn = false
03-14 04:53:58.544 782 1699 I GameModeConfig: isGameModeOn = false
03-14 04:53:58.544 782 782 I notification_enqueue: [10078,2006,com.android.systemui,1,empty_media,0,Notification(channel=empty_media_style_id shortcut=null contentView=null vibrate=null sound=null defaults=0x0 flags=0x20 color=0x00000000 category=transport groupKey=empty_media actions=4 vis=PRIVATE),0]
03-14 04:53:58.551 782 5547 I am_proc_bound: [0,9426,com.android.music]
01-01 09:03:31.944 0 0 I binder : 9426:9426 ioctl 40046210 7fc8a60c34 returned -22
03-14 04:53:58.553 782 872 I am_uid_active: 10086
03-14 04:53:58.556 782 782 I notification_enqueue: [10086,9426,com.android.music,1,NULL,0,Notification(channel=Channel-music shortcut=null contentView=null vibrate=null sound=null defaults=0x0 flags=0x62 color=0x00000000 category=transport actions=4 vis=PRIVATE),0]
03-14 04:53:58.562 782 2190 W FreeFormWindowHelper: Current Display FreeFormTask is null
03-14 04:53:58.568 782 782 I sysui_multi_action: [757,128,758,5,759,8,793,13,794,0,795,13,796,1,806,com.android.music,857,Channel-music,858,2,947,0,1500,13,1641,transport,1688,1,1745,1043716538]
03-14 04:53:58.568 782 782 I notification_canceled: [0|com.android.music|1|null|10086,8,13,13,0,-1,-1,NULL]
03-14 04:53:58.638 782 872 D CompatibilityChangeReporter: Compat change id reported: 168419799; UID 10032; state: DISABLED
03-14 04:53:58.676 782 4680 W FreeFormWindowHelper: Current Display FreeFormTask is null
03-14 04:53:58.700 782 1699 I GameModeConfig: isGameModeOn = false
03-14 04:53:58.700 782 1699 I GameModeConfig: isGameModeOn = false
03-14 04:53:58.700 782 1699 I GameModeConfig: isGameModeOn = false
03-14 04:53:58.700 782 1699 I GameModeConfig: isGameModeOn = false
03-14 04:53:58.700 782 1699 I GameModeConfig: isGameModeOn = false
03-14 04:53:58.746 782 782 I sysui_multi_action: [757,1501,758,1,793,202,794,0,795,202,796,1,797,empty_media,806,com.android.systemui,857,empty_media_style_id,858,4,946,empty_media,947,0,1500,0,1641,transport,1688,1,1745,1043716538]
03-14 04:53:58.746 782 782 I sysui_multi_action: [757,804,799,note_interruptive,801,0,802,1]
03-14 04:53:58.746 782 782 I GameModeConfig: isGameModeOn = false
03-14 04:53:58.752 782 782 W NotificationHistory: Attempted to add notif for locked/gone/disabled user 0
03-14 04:53:58.754 782 782 I notification_enqueue: [10086,9426,com.android.music,1,NULL,0,Notification(channel=Channel-music shortcut=null contentView=null vibrate=null sound=null defaults=0x0 flags=0x0 color=0x00000000 category=transport actions=4 vis=PRIVATE),0]
03-14 04:53:58.754 782 3182 W ActivityManager: Foreground service started from background can not have location/camera/microphone access: service com.android.music/.MediaPlaybackService
03-14 04:53:58.755 782 3182 I ActivityManager: Background started FGS: Allowed [callingPackage: com.android.music; callingUid: 10086; uidState: SVC ; intent: Intent { cmp=com.android.music/.MediaPlaybackService }; code:SYSTEM_ALERT_WINDOW_PERMISSION; tempAllowListReason:<,reasonCode:SYSTEM_ALLOW_LISTED,duration:9223372036854775807,callingUid:-1>; targetSdkVersion:31; callerTargetSdkVersion:31; startForegroundCount:3; bindFromPackage:null]
03-14 04:53:58.755 782 872 I am_wtf : [0,782,system_server,-1,ActivityManager,Background started FGS: Allowed [callingPackage: com.android.music; callingUid: 10086; uidState: SVC ; intent: Intent { cmp=com.android.music/.MediaPlaybackService }; code:SYSTEM_ALERT_WINDOW_PERMISSION; tempAllowListReason:<,reasonCode:SYSTEM_ALLOW_LISTED,duration:9223372036854775807,callingUid:-1>; targetSdkVersion:31; callerTargetSdkVersion:31; startForegroundCount:3; bindFromPackage:null]]
03-14 04:53:58.757 782 872 I DropBoxManagerService: add tag=system_server_wtf isTagEnabled=true flags=0x2
03-14 04:53:58.757 782 782 I sysui_multi_action: [757,1501,758,1,793,10,794,0,795,10,796,1,806,com.android.music,857,Channel-music,858,2,947,0,1500,0,1641,transport,1688,1,1745,1043716538]
03-14 04:53:58.758 782 782 I sysui_multi_action: [757,804,799,note_interruptive,801,0,802,1]
03-14 04:53:58.758 782 782 I GameModeConfig: isGameModeOn = false
03-14 04:53:58.759 782 782 W NotificationHistory: Attempted to add notif for locked/gone/disabled user 0
03-14 04:53:58.761 782 782 I sysui_multi_action: [757,128,758,5,759,8,793,14,794,0,795,14,796,1,806,com.android.music,857,Channel-music,858,2,947,0,1500,4,1641,transport,1688,1,1745,1043716538]
03-14 04:53:58.761 782 782 I notification_canceled: [0|com.android.music|1|null|10086,8,14,14,0,-1,-1,NULL]
03-14 04:53:58.762 782 782 I notification_enqueue: [10086,9426,com.android.music,1,NULL,0,Notification(channel=Channel-music shortcut=null contentView=null vibrate=null sound=null defaults=0x0 flags=0x40 color=0x00000000 category=transport actions=4 vis=PRIVATE),0]
03-14 04:53:58.955 782 782 I sysui_multi_action: [757,1501,758,1,793,196,794,0,795,196,796,1,806,com.android.music,857,Channel-music,858,2,947,0,1500,0,1641,transport,1688,1,1745,1043716538]
03-14 04:53:58.955 782 782 I sysui_multi_action: [757,804,799,note_interruptive,801,0,802,1]
03-14 04:53:58.955 782 782 I GameModeConfig: isGameModeOn = false
03-14 04:53:58.956 782 782 W NotificationHistory: Attempted to add notif for locked/gone/disabled user 0
03-14 04:53:58.962 782 782 I NotificationService: Cannot find enqueued record for key: 0|com.android.music|1|null|10086
03-14 04:53:58.969 782 782 I sysui_multi_action: [757,128,758,5,759,8,793,424,794,0,795,424,796,1,797,empty_media,806,com.android.systemui,857,empty_media_style_id,858,4,946,empty_media,947,0,1500,222,1641,transport,1688,1,1745,1043716538]
03-14 04:53:58.969 782 782 I notification_canceled: [0|com.android.systemui|1|empty_media|10078,8,424,424,0,-1,-1,NULL]
03-14 04:54:00.950 782 5547 W FreeFormWindowHelper: exitRecentTasks type=2
01-01 09:03:35.591 0 0 E DTC_ETH,link_delay_work_func: 3003, SQI=0, link=0
01-01 09:03:37.321 0 0 I msm_vidc: err : ffffffff: .....: DBLP Set: status 0
01-01 09:03:40.711 0 0 E DTC_ETH,link_delay_work_func: 3003, SQI=0, link=0
03-14 04:54:07.325 782 825 W ActivityTaskManager: Launch timeout has expired, giving up wake lock!
01-01 09:03:45.831 0 0 E DTC_ETH,link_delay_work_func: 3003, SQI=0, link=0
01-01 09:03:50.951 0 0 E DTC_ETH,link_delay_work_func: 3003, SQI=0, link=0
01-01 09:03:56.071 0 0 E DTC_ETH,link_delay_work_func: 3003, SQI=0, link=0
01-01 09:04:01.191 0 0 E DTC_ETH,link_delay_work_func: 3003, SQI=0, link=0
01-01 09:04:06.311 0 0 E DTC_ETH,link_delay_work_func: 3003, SQI=0, link=0
01-01 09:04:11.431 0 0 E DTC_ETH,link_delay_work_func: 3003, SQI=0, link=0
03-14 04:54:42.695 782 872 I am_uid_idle: 10050
01-01 09:04:16.551 0 0 E DTC_ETH,link_delay_work_func: 3003, SQI=0, link=0
01-01 09:04:21.671 0 0 E DTC_ETH,link_delay_work_func: 3003, SQI=0, link=0
03-14 04:54:48.640 782 872 I am_uid_idle: 10063
01-01 09:04:23.861 0 0 I [schedu][0x11458502cd][04:54:50.466569] wlan: [3522:I:OSIF] scan start scan id 40981
01-01 09:04:25.026 0 0 I [schedu][0x1146da35d1][04:54:51.631195] wlan: [3522:I:OSIF] vdev 0, scan id 40981 type COMPLETED(1) reason COMPLETED(1) scan found 15 bss
01-01 09:04:26.791 0 0 E DTC_ETH,link_delay_work_func: 3003, SQI=0, link=0
03-14 04:54:53.842 782 1000 V DisplayPowerController[0]: Brightness [0.05] reason changing to: 'manual [ dim ]', previous reason: 'manual'.
03-14 04:54:53.842 782 1000 I sysui_multi_action: [757,1696,758,6,759,2]
03-14 04:54:53.842 782 1000 W PowerManagerService: Screen on took 71158 ms
03-14 04:54:53.848 782 1952 E DisplayDeviceConfig: requesting nits when no mapping exists.
03-14 04:54:53.849 782 1952 E DisplayDeviceConfig: requesting nits when no mapping exists.
03-14 04:54:53.849 782 872 I am_wtf : [0,782,system_server,-1,DisplayDeviceConfig,requesting nits when no mapping exists.]
03-14 04:54:53.851 782 872 I DropBoxManagerService: add tag=system_server_wtf isTagEnabled=true flags=0x2
03-14 04:54:53.853 782 872 I am_wtf : [0,782,system_server,-1,DisplayDeviceConfig,requesting nits when no mapping exists.]
03-14 04:54:53.854 782 872 I DropBoxManagerService: add tag=system_server_wtf isTagEnabled=true flags=0x2
03-14 04:54:53.864 782 1952 E DisplayDeviceConfig: requesting nits when no mapping exists.
03-14 04:54:53.865 782 1952 E DisplayDeviceConfig: requesting nits when no mapping exists.
03-14 04:54:53.865 782 872 I am_wtf : [0,782,system_server,-1,DisplayDeviceConfig,requesting nits when no mapping exists.]
03-14 04:54:53.866 782 872 I DropBoxManagerService: add tag=system_server_wtf isTagEnabled=true flags=0x2
03-14 04:54:53.866 782 872 I am_wtf : [0,782,system_server,-1,DisplayDeviceConfig,requesting nits when no mapping exists.]
03-14 04:54:53.867 782 872 I DropBoxManagerService: add tag=system_server_wtf isTagEnabled=true flags=0x2
03-14 04:54:53.881 782 1952 E DisplayDeviceConfig: requesting nits when no mapping exists.
03-14 04:54:53.881 782 1952 E DisplayDeviceConfig: requesting nits when no mapping exists.
03-14 04:54:53.881 782 872 I am_wtf : [0,782,system_server,-1,DisplayDeviceConfig,requesting nits when no mapping exists.]
03-14 04:54:53.882 782 872 I DropBoxManagerService: add tag=system_server_wtf isTagEnabled=true flags=0x2
03-14 04:54:53.884 782 872 I am_wtf : [0,782,system_server,-1,DisplayDeviceConfig,requesting nits when no mapping exists.]
03-14 04:54:53.890 782 1952 E DisplayDeviceConfig: requesting nits when no mapping exists.
03-14 04:54:53.891 782 872 I am_wtf : [0,782,system_server,-1,DisplayDeviceConfig,requesting nits when no mapping exists.]
03-14 04:54:53.891 782 1952 E DisplayDeviceConfig: requesting nits when no mapping exists.
03-14 04:54:53.892 782 872 I am_wtf : [0,782,system_server,-1,DisplayDeviceConfig,requesting nits when no mapping exists.]
03-14 04:54:53.907 782 1952 E DisplayDeviceConfig: requesting nits when no mapping exists.
03-14 04:54:53.907 782 872 I am_wtf : [0,782,system_server,-1,DisplayDeviceConfig,requesting nits when no mapping exists.]
03-14 04:54:53.907 782 1952 E DisplayDeviceConfig: requesting nits when no mapping exists.
03-14 04:54:53.908 782 872 I am_wtf : [0,782,system_server,-1,DisplayDeviceConfig,requesting nits when no mapping exists.]
03-14 04:54:53.924 782 1952 E DisplayDeviceConfig: requesting nits when no mapping exists.
03-14 04:54:53.924 782 1952 E DisplayDeviceConfig: requesting nits when no mapping exists.
03-14 04:54:53.925 782 872 I am_wtf : [0,782,system_server,-1,DisplayDeviceConfig,requesting nits when no mapping exists.]
03-14 04:54:53.926 782 872 I am_wtf : [0,782,system_server,-1,DisplayDeviceConfig,requesting nits when no mapping exists.]
03-14 04:54:53.940 782 1952 E DisplayDeviceConfig: requesting nits when no mapping exists.
03-14 04:54:53.941 782 1952 E DisplayDeviceConfig: requesting nits when no mapping exists.
03-14 04:54:53.941 782 872 I am_wtf : [0,782,system_server,-1,DisplayDeviceConfig,requesting nits when no mapping exists.]
03-14 04:54:53.942 782 872 I am_wtf : [0,782,system_server,-1,DisplayDeviceConfig,requesting nits when no mapping exists.]
03-14 04:54:53.957 782 1952 E DisplayDeviceConfig: requesting nits when no mapping exists.
03-14 04:54:53.957 782 872 I am_wtf : [0,782,system_server,-1,DisplayDeviceConfig,requesting nits when no mapping exists.]
03-14 04:54:53.957 782 1952 E DisplayDeviceConfig: requesting nits when no mapping exists.
03-14 04:54:53.958 782 872 I am_wtf : [0,782,system_server,-1,DisplayDeviceConfig,requesting nits when no mapping exists.]
03-14 04:54:53.974 782 1952 E DisplayDeviceConfig: requesting nits when no mapping exists.
03-14 04:54:53.974 782 872 I am_wtf : [0,782,system_server,-1,DisplayDeviceConfig,requesting nits when no mapping exists.]
03-14 04:54:53.974 782 1952 E DisplayDeviceConfig: requesting nits when no mapping exists.
03-14 04:54:53.975 782 872 I am_wtf : [0,782,system_server,-1,DisplayDeviceConfig,requesting nits when no mapping exists.]
03-14 04:54:53.991 782 1952 E DisplayDeviceConfig: requesting nits when no mapping exists.
03-14 04:54:53.991 782 872 I am_wtf : [0,782,system_server,-1,DisplayDeviceConfig,requesting nits when no mapping exists.]
03-14 04:54:53.991 782 1952 E DisplayDeviceConfig: requesting nits when no mapping exists.
03-14 04:54:53.992 782 872 I am_wtf : [0,782,system_server,-1,DisplayDeviceConfig,requesting nits when no mapping exists.]
03-14 04:54:54.007 782 1952 E DisplayDeviceConfig: requesting nits when no mapping exists.
03-14 04:54:54.008 782 872 I am_wtf : [0,782,system_server,-1,DisplayDeviceConfig,requesting nits when no mapping exists.]
03-14 04:54:54.008 782 1952 E DisplayDeviceConfig: requesting nits when no mapping exists.
03-14 04:54:54.009 782 872 I am_wtf : [0,782,system_server,-1,DisplayDeviceConfig,requesting nits when no mapping exists.]
03-14 04:54:54.024 782 1952 E DisplayDeviceConfig: requesting nits when no mapping exists.
03-14 04:54:54.025 782 1952 E DisplayDeviceConfig: requesting nits when no mapping exists.
03-14 04:54:54.025 782 872 I am_wtf : [0,782,system_server,-1,DisplayDeviceConfig,requesting nits when no mapping exists.]
03-14 04:54:54.026 782 872 I am_wtf : [0,782,system_server,-1,DisplayDeviceConfig,requesting nits when no mapping exists.]
03-14 04:54:54.041 782 1952 E DisplayDeviceConfig: requesting nits when no mapping exists.
03-14 04:54:54.041 782 872 I am_wtf : [0,782,system_server,-1,DisplayDeviceConfig,requesting nits when no mapping exists.]
03-14 04:54:54.041 782 1952 E DisplayDeviceConfig: requesting nits when no mapping exists.
03-14 04:54:54.042 782 872 I am_wtf : [0,782,system_server,-1,DisplayDeviceConfig,requesting nits when no mapping exists.]
03-14 04:54:54.057 782 1952 E DisplayDeviceConfig: requesting nits when no mapping exists.
03-14 04:54:54.058 782 872 I am_wtf : [0,782,system_server,-1,DisplayDeviceConfig,requesting nits when no mapping exists.]
03-14 04:54:54.058 782 1952 E DisplayDeviceConfig: requesting nits when no mapping exists.
03-14 04:54:54.059 782 872 I am_wtf : [0,782,system_server,-1,DisplayDeviceConfig,requesting nits when no mapping exists.]
03-14 04:54:54.074 782 1952 E DisplayDeviceConfig: requesting nits when no mapping exists.
03-14 04:54:54.075 782 1952 E DisplayDeviceConfig: requesting nits when no mapping exists.
03-14 04:54:54.075 782 872 I am_wtf : [0,782,system_server,-1,DisplayDeviceConfig,requesting nits when no mapping exists.]
03-14 04:54:54.076 782 872 I am_wtf : [0,782,system_server,-1,DisplayDeviceConfig,requesting nits when no mapping exists.]
03-14 04:54:54.091 782 1952 E DisplayDeviceConfig: requesting nits when no mapping exists.
03-14 04:54:54.091 782 872 I am_wtf : [0,782,system_server,-1,DisplayDeviceConfig,requesting nits when no mapping exists.]
03-14 04:54:54.091 782 1952 E DisplayDeviceConfig: requesting nits when no mapping exists.
03-14 04:54:54.092 782 872 I am_wtf : [0,782,system_server,-1,DisplayDeviceConfig,requesting nits when no mapping exists.]
03-14 04:54:54.107 782 1952 E DisplayDeviceConfig: requesting nits when no mapping exists.
03-14 04:54:54.108 782 872 I am_wtf : [0,782,system_server,-1,DisplayDeviceConfig,requesting nits when no mapping exists.]
03-14 04:54:54.108 782 1952 E DisplayDeviceConfig: requesting nits when no mapping exists.
03-14 04:54:54.109 782 872 I am_wtf : [0,782,system_server,-1,DisplayDeviceConfig,requesting nits when no mapping exists.]
03-14 04:54:54.124 782 1952 E DisplayDeviceConfig: requesting nits when no mapping exists.
03-14 04:54:54.125 782 1952 E DisplayDeviceConfig: requesting nits when no mapping exists.
03-14 04:54:54.125 782 872 I am_wtf : [0,782,system_server,-1,DisplayDeviceConfig,requesting nits when no mapping exists.]
03-14 04:54:54.126 782 872 I am_wtf : [0,782,system_server,-1,DisplayDeviceConfig,requesting nits when no mapping exists.]
03-14 04:54:54.141 782 1952 E DisplayDeviceConfig: requesting nits when no mapping exists.
03-14 04:54:54.141 782 1952 E DisplayDeviceConfig: requesting nits when no mapping exists.
03-14 04:54:54.141 782 872 I am_wtf : [0,782,system_server,-1,DisplayDeviceConfig,requesting nits when no mapping exists.]
03-14 04:54:54.142 782 872 I am_wtf : [0,782,system_server,-1,DisplayDeviceConfig,requesting nits when no mapping exists.]
03-14 04:54:54.157 782 1952 E DisplayDeviceConfig: requesting nits when no mapping exists.
03-14 04:54:54.158 782 872 I am_wtf : [0,782,system_server,-1,DisplayDeviceConfig,requesting nits when no mapping exists.]
03-14 04:54:54.158 782 1952 E DisplayDeviceConfig: requesting nits when no mapping exists.
03-14 04:54:54.159 782 872 I am_wtf : [0,782,system_server,-1,DisplayDeviceConfig,requesting nits when no mapping exists.]
03-14 04:54:54.174 782 1952 E DisplayDeviceConfig: requesting nits when no mapping exists.
03-14 04:54:54.175 782 1952 E DisplayDeviceConfig: requesting nits when no mapping exists.
03-14 04:54:54.175 782 872 I am_wtf : [0,782,system_server,-1,DisplayDeviceConfig,requesting nits when no mapping exists.]
03-14 04:54:54.175 782 872 I am_wtf : [0,782,system_server,-1,DisplayDeviceConfig,requesting nits when no mapping exists.]
03-14 04:54:54.191 782 1952 E DisplayDeviceConfig: requesting nits when no mapping exists.
03-14 04:54:54.191 782 1952 E DisplayDeviceConfig: requesting nits when no mapping exists.
03-14 04:54:54.191 782 872 I am_wtf : [0,782,system_server,-1,DisplayDeviceConfig,requesting nits when no mapping exists.]
03-14 04:54:54.192 782 872 I am_wtf : [0,782,system_server,-1,DisplayDeviceConfig,requesting nits when no mapping exists.]
03-14 04:54:54.208 782 1952 E DisplayDeviceConfig: requesting nits when no mapping exists.
03-14 04:54:54.209 782 872 I am_wtf : [0,782,system_server,-1,DisplayDeviceConfig,requesting nits when no mapping exists.]
03-14 04:54:54.209 782 1952 E DisplayDeviceConfig: requesting nits when no mapping exists.
03-14 04:54:54.209 782 872 I am_wtf : [0,782,system_server,-1,DisplayDeviceConfig,requesting nits when no mapping exists.]
03-14 04:54:54.224 782 1952 E DisplayDeviceConfig: requesting nits when no mapping exists.
03-14 04:54:54.225 782 1952 E DisplayDeviceConfig: requesting nits when no mapping exists.
03-14 04:54:54.226 782 872 I am_wtf : [0,782,system_server,-1,DisplayDeviceConfig,requesting nits when no mapping exists.]
03-14 04:54:54.227 782 872 I am_wtf : [0,782,system_server,-1,DisplayDeviceConfig,requesting nits when no mapping exists.]
03-14 04:54:54.241 782 1952 E DisplayDeviceConfig: requesting nits when no mapping exists.
03-14 04:54:54.242 782 872 I am_wtf : [0,782,system_server,-1,DisplayDeviceConfig,requesting nits when no mapping exists.]
03-14 04:54:54.242 782 1952 E DisplayDeviceConfig: requesting nits when no mapping exists.
03-14 04:54:54.243 782 872 I am_wtf : [0,782,system_server,-1,DisplayDeviceConfig,requesting nits when no mapping exists.]
03-14 04:54:54.258 782 1952 E DisplayDeviceConfig: requesting nits when no mapping exists.
03-14 04:54:54.258 782 1952 E DisplayDeviceConfig: requesting nits when no mapping exists.
03-14 04:54:54.258 782 872 I am_wtf : [0,782,system_server,-1,DisplayDeviceConfig,requesting nits when no mapping exists.]
03-14 04:54:54.259 782 872 I am_wtf : [0,782,system_server,-1,DisplayDeviceConfig,requesting nits when no mapping exists.]
03-14 04:54:54.275 782 1952 E DisplayDeviceConfig: requesting nits when no mapping exists.
03-14 04:54:54.275 782 1952 E DisplayDeviceConfig: requesting nits when no mapping exists.
03-14 04:54:54.275 782 872 I am_wtf : [0,782,system_server,-1,DisplayDeviceConfig,requesting nits when no mapping exists.]
03-14 04:54:54.276 782 872 I am_wtf : [0,782,system_server,-1,DisplayDeviceConfig,requesting nits when no mapping exists.]
03-14 04:54:54.291 782 1952 E DisplayDeviceConfig: requesting nits when no mapping exists.
03-14 04:54:54.292 782 1952 E DisplayDeviceConfig: requesting nits when no mapping exists.
03-14 04:54:54.292 782 872 I am_wtf : [0,782,system_server,-1,DisplayDeviceConfig,requesting nits when no mapping exists.]
03-14 04:54:54.292 782 872 I am_wtf : [0,782,system_server,-1,DisplayDeviceConfig,requesting nits when no mapping exists.]
03-14 04:54:54.308 782 1952 E DisplayDeviceConfig: requesting nits when no mapping exists.
03-14 04:54:54.309 782 872 I am_wtf : [0,782,system_server,-1,DisplayDeviceConfig,requesting nits when no mapping exists.]
03-14 04:54:54.309 782 1952 E DisplayDeviceConfig: requesting nits when no mapping exists.
03-14 04:54:54.309 782 872 I am_wtf : [0,782,system_server,-1,DisplayDeviceConfig,requesting nits when no mapping exists.]
03-14 04:54:54.324 782 1952 E DisplayDeviceConfig: requesting nits when no mapping exists.
03-14 04:54:54.325 782 1952 E DisplayDeviceConfig: requesting nits when no mapping exists.
03-14 04:54:54.325 782 872 I am_wtf : [0,782,system_server,-1,DisplayDeviceConfig,requesting nits when no mapping exists.]
03-14 04:54:54.326 782 872 I am_wtf : [0,782,system_server,-1,DisplayDeviceConfig,requesting nits when no mapping exists.]
03-14 04:54:54.341 782 1952 E DisplayDeviceConfig: requesting nits when no mapping exists.
03-14 04:54:54.342 782 1952 E DisplayDeviceConfig: requesting nits when no mapping exists.
03-14 04:54:54.342 782 872 I am_wtf : [0,782,system_server,-1,DisplayDeviceConfig,requesting nits when no mapping exists.]
03-14 04:54:54.342 782 872 I am_wtf : [0,782,system_server,-1,DisplayDeviceConfig,requesting nits when no mapping exists.]
03-14 04:54:54.358 782 1952 E DisplayDeviceConfig: requesting nits when no mapping exists.
03-14 04:54:54.358 782 872 I am_wtf : [0,782,system_server,-1,DisplayDeviceConfig,requesting nits when no mapping exists.]
03-14 04:54:54.358 782 1952 E DisplayDeviceConfig: requesting nits when no mapping exists.
03-14 04:54:54.359 782 872 I am_wtf : [0,782,system_server,-1,DisplayDeviceConfig,requesting nits when no mapping exists.]
03-14 04:54:54.375 782 1952 E DisplayDeviceConfig: requesting nits when no mapping exists.
03-14 04:54:54.375 782 1952 E DisplayDeviceConfig: requesting nits when no mapping exists.
03-14 04:54:54.375 782 872 I am_wtf : [0,782,system_server,-1,DisplayDeviceConfig,requesting nits when no mapping exists.]
03-14 04:54:54.376 782 872 I am_wtf : [0,782,system_server,-1,DisplayDeviceConfig,requesting nits when no mapping exists.]
03-14 04:54:54.391 782 1952 E DisplayDeviceConfig: requesting nits when no mapping exists.
03-14 04:54:54.392 782 1952 E DisplayDeviceConfig: requesting nits when no mapping exists.
03-14 04:54:54.392 782 872 I am_wtf : [0,782,system_server,-1,DisplayDeviceConfig,requesting nits when no mapping exists.]
03-14 04:54:54.393 782 872 I am_wtf : [0,782,system_server,-1,DisplayDeviceConfig,requesting nits when no mapping exists.]
03-14 04:54:54.408 782 1952 E DisplayDeviceConfig: requesting nits when no mapping exists.
03-14 04:54:54.409 782 1952 E DisplayDeviceConfig: requesting nits when no mapping exists.
03-14 04:54:54.409 782 872 I am_wtf : [0,782,system_server,-1,DisplayDeviceConfig,requesting nits when no mapping exists.]
03-14 04:54:54.410 782 872 I am_wtf : [0,782,system_server,-1,DisplayDeviceConfig,requesting nits when no mapping exists.]
03-14 04:54:54.425 782 1952 E DisplayDeviceConfig: requesting nits when no mapping exists.
03-14 04:54:54.425 782 1952 E DisplayDeviceConfig: requesting nits when no mapping exists.
03-14 04:54:54.425 782 872 I am_wtf : [0,782,system_server,-1,DisplayDeviceConfig,requesting nits when no mapping exists.]
03-14 04:54:54.426 782 872 I am_wtf : [0,782,system_server,-1,DisplayDeviceConfig,requesting nits when no mapping exists.]
03-14 04:54:54.442 782 1952 E DisplayDeviceConfig: requesting nits when no mapping exists.
03-14 04:54:54.442 782 1952 E DisplayDeviceConfig: requesting nits when no mapping exists.
03-14 04:54:54.442 782 872 I am_wtf : [0,782,system_server,-1,DisplayDeviceConfig,requesting nits when no mapping exists.]
03-14 04:54:54.443 782 872 I am_wtf : [0,782,system_server,-1,DisplayDeviceConfig,requesting nits when no mapping exists.]
03-14 04:54:54.458 782 1952 E DisplayDeviceConfig: requesting nits when no mapping exists.
03-14 04:54:54.459 782 872 I am_wtf : [0,782,system_server,-1,DisplayDeviceConfig,requesting nits when no mapping exists.]
03-14 04:54:54.459 782 1952 E DisplayDeviceConfig: requesting nits when no mapping exists.
03-14 04:54:54.459 782 872 I am_wtf : [0,782,system_server,-1,DisplayDeviceConfig,requesting nits when no mapping exists.]
03-14 04:54:54.475 782 1952 E DisplayDeviceConfig: requesting nits when no mapping exists.
03-14 04:54:54.475 782 1952 E DisplayDeviceConfig: requesting nits when no mapping exists.
03-14 04:54:54.475 782 872 I am_wtf : [0,782,system_server,-1,DisplayDeviceConfig,requesting nits when no mapping exists.]
03-14 04:54:54.476 782 872 I am_wtf : [0,782,system_server,-1,DisplayDeviceConfig,requesting nits when no mapping exists.]
03-14 04:54:54.492 782 1952 E DisplayDeviceConfig: requesting nits when no mapping exists.
03-14 04:54:54.492 782 872 I am_wtf : [0,782,system_server,-1,DisplayDeviceConfig,requesting nits when no mapping exists.]
03-14 04:54:54.492 782 1952 E DisplayDeviceConfig: requesting nits when no mapping exists.
03-14 04:54:54.493 782 872 I am_wtf : [0,782,system_server,-1,DisplayDeviceConfig,requesting nits when no mapping exists.]
03-14 04:54:54.508 782 1952 E DisplayDeviceConfig: requesting nits when no mapping exists.
03-14 04:54:54.509 782 1952 E DisplayDeviceConfig: requesting nits when no mapping exists.
03-14 04:54:54.509 782 872 I am_wtf : [0,782,system_server,-1,DisplayDeviceConfig,requesting nits when no mapping exists.]
03-14 04:54:54.510 782 872 I am_wtf : [0,782,system_server,-1,DisplayDeviceConfig,requesting nits when no mapping exists.]
03-14 04:54:54.525 782 1952 E DisplayDeviceConfig: requesting nits when no mapping exists.
03-14 04:54:54.525 782 872 I am_wtf : [0,782,system_server,-1,DisplayDeviceConfig,requesting nits when no mapping exists.]
03-14 04:54:54.525 782 1952 E DisplayDeviceConfig: requesting nits when no mapping exists.
03-14 04:54:54.526 782 872 I am_wtf : [0,782,system_server,-1,DisplayDeviceConfig,requesting nits when no mapping exists.]
03-14 04:54:54.542 782 1952 E DisplayDeviceConfig: requesting nits when no mapping exists.
03-14 04:54:54.542 782 1952 E DisplayDeviceConfig: requesting nits when no mapping exists.
03-14 04:54:54.542 782 872 I am_wtf : [0,782,system_server,-1,DisplayDeviceConfig,requesting nits when no mapping exists.]
03-14 04:54:54.543 782 872 I am_wtf : [0,782,system_server,-1,DisplayDeviceConfig,requesting nits when no mapping exists.]
03-14 04:54:54.559 782 1952 E DisplayDeviceConfig: requesting nits when no mapping exists.
03-14 04:54:54.559 782 1952 E DisplayDeviceConfig: requesting nits when no mapping exists.
03-14 04:54:54.559 782 872 I am_wtf : [0,782,system_server,-1,DisplayDeviceConfig,requesting nits when no mapping exists.]
03-14 04:54:54.560 782 872 I am_wtf : [0,782,system_server,-1,DisplayDeviceConfig,requesting nits when no mapping exists.]
03-14 04:54:54.575 782 1952 E DisplayDeviceConfig: requesting nits when no mapping exists.
03-14 04:54:54.576 782 872 I am_wtf : [0,782,system_server,-1,DisplayDeviceConfig,requesting nits when no mapping exists.]
03-14 04:54:54.576 782 1952 E DisplayDeviceConfig: requesting nits when no mapping exists.
03-14 04:54:54.577 782 872 I am_wtf : [0,782,system_server,-1,DisplayDeviceConfig,requesting nits when no mapping exists.]
03-14 04:54:54.592 782 1952 E DisplayDeviceConfig: requesting nits when no mapping exists.
03-14 04:54:54.593 782 872 I am_wtf : [0,782,system_server,-1,DisplayDeviceConfig,requesting nits when no mapping exists.]
03-14 04:54:54.593 782 1952 E DisplayDeviceConfig: requesting nits when no mapping exists.
03-14 04:54:54.594 782 872 I am_wtf : [0,782,system_server,-1,DisplayDeviceConfig,requesting nits when no mapping exists.]
03-14 04:54:54.609 782 1952 E DisplayDeviceConfig: requesting nits when no mapping exists.
03-14 04:54:54.610 782 1952 E DisplayDeviceConfig: requesting nits when no mapping exists.
03-14 04:54:54.610 782 872 I am_wtf : [0,782,system_server,-1,DisplayDeviceConfig,requesting nits when no mapping exists.]
