03-14 04:50:25.429 4407 4407 I wm_on_start_called: [174418215,com.android.launcher3.uioverrides.QuickstepLauncher,handleStartActivity]
03-14 04:50:25.430 4407 4407 I wm_on_resume_called: [174418215,com.android.launcher3.uioverrides.QuickstepLauncher,RESUME_ACTIVITY]
03-14 04:50:25.430 5555 5555 I wm_on_start_called: [148491259,com.android.gallery3d.app.MovieActivity,handleStartActivity]
03-14 04:50:25.430 5555 5555 I wm_on_resume_called: [148491259,com.android.gallery3d.app.MovieActivity,RESUME_ACTIVITY]
03-14 04:50:25.430 5555 5555 I wm_on_top_resumed_gained_called: [148491259,com.android.gallery3d.app.MovieActivity,topWhenResuming]
03-14 04:50:25.432 7303 7303 I wm_on_restart_called: [110211796,com.android.music.VideoBrowserActivity,performRestartActivity]
03-14 04:50:25.433 7303 7303 I wm_on_start_called: [110211796,com.android.music.VideoBrowserActivity,handleStartActivity]
03-14 04:50:25.433 782 1000 I sysui_multi_action: [757,1696,758,6,759,3]
03-14 04:50:25.439 782 782 I power_screen_broadcast_done: [1,56,1]
01-01 08:59:58.826 0 0 D cnss : Received QMI WLFW respond get info indication
01-01 08:59:58.826 0 0 D cnss : Extract message with event length: 812, type: 0, is last: 0, seq no: 0
01-01 08:59:58.827 0 0 D cnss : Received QMI WLFW respond get info indication
01-01 08:59:58.827 0 0 D cnss : Extract message with event length: 576, type: 0, is last: 0, seq no: 0
01-01 08:59:58.827 0 0 D cnss : Received QMI WLFW respond get info indication
01-01 08:59:58.827 0 0 D cnss : Extract message with event length: 748, type: 0, is last: 0, seq no: 0
01-01 08:59:58.830 0 0 D cnss : Received QMI WLFW respond get info indication
01-01 08:59:58.830 0 0 D cnss : Extract message with event length: 812, type: 0, is last: 0, seq no: 0
01-01 08:59:58.833 0 0 I : [MAX975X:max96755x_drm_notifier_callback] *INFO* receives EARLY_BLANK:UNBLANK
01-01 08:59:58.833 0 0 I cyttsp7_i2c_adapter 0-0024: FB event:2,blank:0
01-01 08:59:58.833 0 0 I cyttsp7_i2c_adapter 0-0024: suspend: event = 2, blank = 0, not care
01-01 08:59:58.833 0 0 I [drm:dsi_display_set_mode] [msm-dsi-info]: mdp_transfer_time_us=0 us
01-01 08:59:58.833 0 0 I [drm:dsi_display_set_mode] [msm-dsi-info]: hactive= 2380,vactive= 1020,fps=60
01-01 08:59:58.833 0 0 I [drm:dsi_ctrl_isr_configure] [msm-dsi-info]: dsi-ctrl-0: IRQ 403 registered
01-01 08:59:58.842 0 0 W ALERT : changing window size from 20000000 to 16000000 at 3596340028261
03-14 04:50:25.447 782 826 I input_focus: [Focus request d7bbe30 com.android.gallery3d/com.android.gallery3d.app.MovieActivity,reason=UpdateInputWindows]
03-14 04:50:25.456 782 1605 I input_interaction: Interaction with: edge-swipe (server), swipe-up (server), PointerEventDispatcher0 (server),
01-01 08:59:58.853 0 0 D cnss : Received QMI WLFW respond get info indication
01-01 08:59:58.853 0 0 D cnss : Extract message with event length: 748, type: 0, is last: 0, seq no: 0
01-01 08:59:58.884 0 0 I [schedu][0x10164726a8][04:50:25.489980] wlan: [3522:I:OSIF] scan start scan id 40977
01-01 08:59:58.886 0 0 I : [MAX975X:max96755x_drm_notifier_callback] *INFO* receives BLANK:UNBLANK
01-01 08:59:58.886 0 0 I cyttsp7_i2c_adapter 0-0024: FB event:1,blank:0
01-01 08:59:58.886 0 0 I cyttsp7_i2c_adapter 0-0024: drm_notifier_callback: UNBLANK! Resume by drm notifier.
03-14 04:50:25.494 782 872 I am_wtf : [0,782,system_server,-1,DisplayDeviceConfig,requesting nits when no mapping exists.]
03-14 04:50:25.494 782 782 I sysui_multi_action: [757,198,758,1,759,1,1359,118,1694,1]
03-14 04:50:25.494 782 782 I power_screen_state: [1,0,0,0,118]
03-14 04:50:25.497 782 872 I am_wtf : [0,782,system_server,-1,DisplayDeviceConfig,requesting nits when no mapping exists.]
03-14 04:50:25.499 782 1605 I input_focus: [Focus entering d7bbe30 com.android.gallery3d/com.android.gallery3d.app.MovieActivity (server),reason=setFocusedWindow]
03-14 04:50:25.509 782 3162 I snet_event_log: [172655291,-1,]
01-01 08:59:58.947 0 0 I msm_vidc: high: 00000002: ....d: Opening video instance: 0000000000000000, 1
01-01 08:59:58.947 0 0 I msm_vidc: err : 00000002: ....d: Failed to create debugfs for msm_vidc
01-01 08:59:59.035 0 0 I btfm_slim_hw_init: PGD Enum Addr: 00:01:20:02:17: 02
01-01 08:59:59.035 0 0 I btfm_slim_hw_init: IFD Enum Addr: 00:00:20:02:17: 02
01-01 08:59:59.035 0 0 I btfm_slim_hw_init: chipset soc version:400a0200
01-01 08:59:59.035 0 0 I btfm_slim_hw_init: chipset is hastings 2.0, overwriting EA
01-01 08:59:59.035 0 0 I btfm_slim_hw_init: PGD Enum Addr: 00:01:20:02:17: 02
01-01 08:59:59.035 0 0 I btfm_slim_hw_init: IFD Enum Addr: 00:00:20:02:17: 02
01-01 08:59:59.035 0 0 I btfm_slim_alloc_port: chipset soc version:400a0200
01-01 08:59:59.043 0 0 I btfm_slim_enable_ch: chipset soc version:400a0200
01-01 08:59:59.043 0 0 I btfm_slim_enable_ch: channel define - prot:2, dataf:0, auxf:0
01-01 08:59:59.043 0 0 I btfm_slim_enable_ch: channel define - rates:44100, baser:2, ratem:4
01-01 08:59:59.043 0 0 I btfm_slim_enable_ch: slim_connect_sink(port: 16, ch: 157)
01-01 08:59:59.043 0 0 I btfm_slim_enable_ch: port: 16, ch: 157, grp: 0, ch->grph: 0x0, ch_hdl: 0x1d
01-01 08:59:59.044 0 0 I __afe_port_start: port id: 0x400e
01-01 08:59:59.044 0 0 I afe_find_cal_topo_id_by_port: port id: 0x400e, dev_acdb_id: 20
01-01 08:59:59.044 0 0 I afe_find_cal_topo_id_by_port: top_id:112fc acdb_id:20 afe_port_id:0x400e
01-01 08:59:59.044 0 0 I afe_get_cal_topology_id: port_id = 0x400e acdb_id = 20 topology_id = 0x112fc cal_type_index=8 ret=0
01-01 08:59:59.045 0 0 I afe_send_port_topology_id: AFE set topology id 0x112fc enable for port 0x400e ret 0
01-01 08:59:59.045 0 0 I send_afe_cal_type: cal_index is 0
01-01 08:59:59.045 0 0 I send_afe_cal_type: dev_acdb_id[119] is 20
01-01 08:59:59.045 0 0 I afe_find_cal: cal_index 0 port_id 0x400e port_index 119
01-01 08:59:59.045 0 0 I afe_find_cal: acdb_id 20 dev_acdb_id 20 sample_rate 48000 afe_sample_rates 44100
01-01 08:59:59.045 0 0 I afe_find_cal: no matching cal_block found
01-01 08:59:59.045 0 0 E : send_afe_cal_type cal_block not found!!
01-01 08:59:59.050 0 0 I afe_send_hw_delay: port_id 0x400e rate 44100 delay_usec 0 status 0
01-01 08:59:59.854 0 0 I [schedu][0x10176325ff][04:50:26.459358] wlan: [3522:I:OSIF] vdev 0, scan id 40977 type COMPLETED(1) reason COMPLETED(1) scan found 5 bss
03-14 04:50:26.510 782 782 I sysui_multi_action: [757,128,758,5,759,8,793,2468617,794,7152,795,2468617,796,17303299,797,com.android.wifi,806,android,857,NETWORK_AVAILABLE,858,2,947,0,1500,2468414,1688,1]
03-14 04:50:26.510 782 782 I notification_canceled: [0|android|17303299|com.android.wifi|1000,8,2468617,2468617,7152,-1,-1,NULL]
01-01 09:00:00.558 0 0 E DTC_ETH,link_delay_work_func: 3003, SQI=0, link=0
03-14 04:50:29.179 599 599 I auditd : type=1400 audit(0.0:2828): avc: denied { read } for comm="Binder:599_2" name="wakeup58" dev="sysfs" ino=71284 scontext=u:r:system_suspend:s0 tcontext=u:object_r:sysfs:s0 tclass=dir permissive=1
03-14 04:50:29.179 599 599 I auditd : type=1400 audit(0.0:2829): avc: denied { open } for comm="Binder:599_2" path="/sys/devices/virtual/misc/msm_g711alaw/wakeup58" dev="sysfs" ino=71284 scontext=u:r:system_suspend:s0 tcontext=u:object_r:sysfs:s0 tclass=dir permissive=1
03-14 04:50:29.179 599 599 I auditd : type=1400 audit(0.0:2830): avc: denied { read } for comm="Binder:599_2" name="event_count" dev="sysfs" ino=71291 scontext=u:r:system_suspend:s0 tcontext=u:object_r:sysfs:s0 tclass=file permissive=1
03-14 04:50:29.179 599 599 I auditd : type=1400 audit(0.0:2831): avc: denied { open } for comm="Binder:599_2" path="/sys/devices/virtual/misc/msm_g711alaw/wakeup58/event_count" dev="sysfs" ino=71291 scontext=u:r:system_suspend:s0 tcontext=u:object_r:sysfs:s0 tclass=file permissive=1
03-14 04:50:29.179 599 599 I auditd : type=1400 audit(0.0:2832): avc: denied { getattr } for comm="Binder:599_2" path="/sys/devices/virtual/misc/msm_g711alaw/wakeup58/event_count" dev="sysfs" ino=71291 scontext=u:r:system_suspend:s0 tcontext=u:object_r:sysfs:s0 tclass=file permissive=1
03-14 04:50:29.236 782 830 I commit_sys_config_file: [batterystats,5]
03-14 04:50:29.237 782 830 I commit_sys_config_file: [batterystats,1]
01-01 09:00:05.671 0 0 E DTC_ETH,link_delay_work_func: 3003, SQI=0, link=0
03-14 04:50:33.692 782 1605 I input_interaction: Interaction with: d7bbe30 com.android.gallery3d/com.android.gallery3d.app.MovieActivity (server), edge-swipe (server), swipe-up (server), PointerEventDispatcher0 (server),
03-14 04:50:35.639 5555 5555 I view_enqueue_input_event: [Motion - Cancel,com.android.gallery3d/com.android.gallery3d.app.MovieActivity]
03-14 04:50:35.641 782 1605 I input_interaction: Interaction with: WindowManager (server), edge-swipe (server), swipe-up (server), PointerEventDispatcher0 (server),
03-14 04:50:36.840 782 1605 I input_interaction: Interaction with: 56090c2 StatusBar (server), edge-swipe (server), swipe-up (server), PointerEventDispatcher0 (server),
03-14 04:50:36.846 2006 2006 I sysui_multi_action: [757,803,799,panel_open,802,1]
03-14 04:50:36.848 2006 2006 I sysui_multi_action: [757,1328,758,4,1326,82,1327,2,1329,0]
03-14 04:50:36.889 782 4680 I sysui_multi_action: [757,127,758,1]
03-14 04:50:36.889 782 4680 I sysui_multi_action: [757,804,799,note_load,801,3,802,1]
03-14 04:50:36.889 782 4680 I notification_panel_revealed: 3
03-14 04:50:36.900 782 826 I input_focus: [Focus request 3d200d1 NotificationShade,reason=UpdateInputWindows]
03-14 04:50:36.912 782 4680 I sysui_multi_action: [757,128,758,1,793,3568760,794,0,795,3568760,796,26,798,0,806,android,857,DEVELOPER_IMPORTANT,858,4,947,0,1395,3,1500,3568410,1688,1]
03-14 04:50:36.912 782 4680 I sysui_multi_action: [757,804,799,note_freshness,801,3568760,802,1]
03-14 04:50:36.912 782 4680 I notification_visibility: [-1|android|26|null|1000,1,3568760,3568760,0,0]
03-14 04:50:36.912 782 4680 I sysui_multi_action: [757,128,758,1,793,3568727,794,0,795,3568727,796,55,798,1,806,android,857,DEVELOPER,858,2,947,0,1395,3,1500,3568406,1688,1]
03-14 04:50:36.912 782 4680 I sysui_multi_action: [757,804,799,note_freshness,801,3568727,802,1]
03-14 04:50:36.913 782 4680 I notification_visibility: [-1|android|55|null|1000,1,3568727,3568727,0,1]
03-14 04:50:36.913 782 4680 I sysui_multi_action: [757,128,758,1,793,3569668,794,0,795,3569668,796,32,798,2,806,android,857,USB,858,1,947,0,1395,3,1500,3569595,1688,1]
03-14 04:50:36.913 782 4680 I sysui_multi_action: [757,804,799,note_freshness,801,3569668,802,1]
03-14 04:50:36.913 782 4680 I notification_visibility: [-1|android|32|null|1000,1,3569668,3569668,0,2]
03-14 04:50:36.927 782 1605 I input_focus: [Focus leaving d7bbe30 com.android.gallery3d/com.android.gallery3d.app.MovieActivity (server),reason=setFocusedWindow]
03-14 04:50:36.927 782 1605 I input_focus: [Focus entering 3d200d1 NotificationShade (server),reason=setFocusedWindow]
03-14 04:50:36.981 2006 2006 I sysui_multi_action: [757,111,758,1]
03-14 04:50:36.981 2006 2006 I sysui_multi_action: [757,126,758,1,759,126,927,0,928,1,1593,1]
03-14 04:50:36.981 2006 2006 I sysui_multi_action: [757,113,758,1,759,113,927,1,928,1,1593,1]
03-14 04:50:36.981 2006 2006 I sysui_multi_action: [757,0,758,1,759,0,927,2,928,0,1593,1]
03-14 04:50:36.982 2006 2006 I sysui_multi_action: [757,0,758,1,759,0,927,3,928,0,1593,1]
03-14 04:50:36.982 2006 2006 I sysui_multi_action: [757,491,758,1,759,491,927,4,928,0,1311,-1,1593,0]
03-14 04:50:36.982 2006 2006 I sysui_multi_action: [757,0,758,1,759,0,927,5,928,0,1593,0]
03-14 04:50:36.982 2006 2006 I sysui_multi_action: [757,0,758,1,759,0,927,6,1593,0]
03-14 04:50:36.982 2006 2006 I sysui_multi_action: [757,111,758,1]
03-14 04:50:36.983 2006 2006 I sysui_multi_action: [757,126,758,1,759,126,927,0,928,1,1593,1]
03-14 04:50:36.983 2006 2006 I sysui_multi_action: [757,113,758,1,759,113,927,1,928,1,1593,1]
03-14 04:50:36.983 2006 2006 I sysui_multi_action: [757,0,758,1,759,0,927,2,928,0,1593,1]
03-14 04:50:36.983 2006 2006 I sysui_multi_action: [757,0,758,1,759,0,927,3,928,0,1593,1]
01-01 09:00:10.791 0 0 E DTC_ETH,link_delay_work_func: 3003, SQI=0, link=0
03-14 04:50:37.893 782 1605 I input_interaction: Interaction with: 3d200d1 NotificationShade (server), edge-swipe (server), swipe-up (server), PointerEventDispatcher0 (server),
03-14 04:50:38.343 782 782 I notification_enqueue: [10078,2006,com.android.systemui,2048,NULL,0,Notification(channel=updateNotification shortcut=null contentView=null vibrate=null sound=null defaults=0x0 flags=0x0 color=0x00000000 vis=PRIVATE),1]
03-14 04:50:38.345 2006 2006 I sysui_multi_action: [757,111,758,2]
03-14 04:50:38.346 2006 2006 I sysui_multi_action: [757,111,758,2]
03-14 04:50:38.572 782 826 I input_focus: [Focus request d7bbe30 com.android.gallery3d/com.android.gallery3d.app.MovieActivity,reason=UpdateInputWindows]
03-14 04:50:38.579 782 1605 I input_focus: [Focus leaving 3d200d1 NotificationShade (server),reason=NOT_FOCUSABLE]
03-14 04:50:38.579 782 1605 I input_focus: [Focus entering d7bbe30 com.android.gallery3d/com.android.gallery3d.app.MovieActivity (server),reason=setFocusedWindow]
03-14 04:50:38.600 782 4680 I sysui_multi_action: [757,128,758,2,793,3570448,794,1688,795,3570448,796,26,798,0,806,android,857,DEVELOPER_IMPORTANT,858,4,947,0,1395,3,1500,3570098,1688,1]
03-14 04:50:38.601 782 4680 I notification_visibility: [-1|android|26|null|1000,0,3570448,3570448,0,0]
03-14 04:50:38.602 782 4680 I sysui_multi_action: [757,128,758,2,793,3570417,794,1690,795,3570417,796,55,798,1,806,android,857,DEVELOPER,858,2,947,0,1395,3,1500,3570096,1688,1]
03-14 04:50:38.602 782 4680 I notification_visibility: [-1|android|55|null|1000,0,3570417,3570417,0,1]
03-14 04:50:38.603 782 4680 I sysui_multi_action: [757,128,758,2,793,3571358,794,1690,795,3571358,796,32,798,2,806,android,857,USB,858,1,947,0,1395,3,1500,3571285,1688,1]
03-14 04:50:38.604 782 4680 I notification_visibility: [-1|android|32|null|1000,0,3571358,3571358,0,2]
03-14 04:50:38.605 782 3162 I sysui_multi_action: [757,127,758,2]
03-14 04:50:38.606 782 3162 I notification_panel_hidden:
03-14 04:50:39.247 782 1605 I input_interaction: Interaction with: 56090c2 StatusBar (server), edge-swipe (server), swipe-up (server), PointerEventDispatcher0 (server),
03-14 04:50:39.252 2006 2006 I sysui_multi_action: [757,803,799,panel_open,802,1]
03-14 04:50:39.254 2006 2006 I sysui_multi_action: [757,1328,758,4,1326,81,1327,1,1329,0]
03-14 04:50:39.332 782 3162 I sysui_multi_action: [757,127,758,1]
03-14 04:50:39.332 782 3162 I sysui_multi_action: [757,804,799,note_load,801,3,802,1]
03-14 04:50:39.332 782 3162 I notification_panel_revealed: 3
03-14 04:50:39.343 782 826 I input_focus: [Focus request 3d200d1 NotificationShade,reason=UpdateInputWindows]
03-14 04:50:39.356 782 3162 I sysui_multi_action: [757,128,758,1,793,3571204,794,0,795,3571204,796,26,798,0,806,android,857,DEVELOPER_IMPORTANT,858,4,947,0,1395,3,1500,3570854,1688,1]
03-14 04:50:39.356 782 3162 I sysui_multi_action: [757,804,799,note_freshness,801,3571204,802,1]
03-14 04:50:39.356 782 3162 I notification_visibility: [-1|android|26|null|1000,1,3571204,3571204,0,0]
03-14 04:50:39.356 782 3162 I sysui_multi_action: [757,128,758,1,793,3571171,794,0,795,3571171,796,55,798,1,806,android,857,DEVELOPER,858,2,947,0,1395,3,1500,3570850,1688,1]
03-14 04:50:39.356 782 3162 I sysui_multi_action: [757,804,799,note_freshness,801,3571171,802,1]
03-14 04:50:39.356 782 3162 I notification_visibility: [-1|android|55|null|1000,1,3571171,3571171,0,1]
03-14 04:50:39.356 782 3162 I sysui_multi_action: [757,128,758,1,793,3572111,794,0,795,3572111,796,32,798,2,806,android,857,USB,858,1,947,0,1395,3,1500,3572038,1688,1]
03-14 04:50:39.356 782 3162 I sysui_multi_action: [757,804,799,note_freshness,801,3572111,802,1]
03-14 04:50:39.356 782 3162 I notification_visibility: [-1|android|32|null|1000,1,3572111,3572111,0,2]
03-14 04:50:39.366 782 1605 I input_focus: [Focus leaving d7bbe30 com.android.gallery3d/com.android.gallery3d.app.MovieActivity (server),reason=setFocusedWindow]
03-14 04:50:39.366 782 1605 I input_focus: [Focus entering 3d200d1 NotificationShade (server),reason=setFocusedWindow]
03-14 04:50:39.407 2006 2006 I sysui_multi_action: [757,111,758,1]
03-14 04:50:39.407 2006 2006 I sysui_multi_action: [757,126,758,1,759,126,927,0,928,1,1593,0]
03-14 04:50:39.408 2006 2006 I sysui_multi_action: [757,113,758,1,759,113,927,1,928,1,1593,0]
03-14 04:50:39.408 2006 2006 I sysui_multi_action: [757,0,758,1,759,0,927,2,928,0,1593,0]
03-14 04:50:39.408 2006 2006 I sysui_multi_action: [757,0,758,1,759,0,927,3,928,0,1593,0]
03-14 04:50:39.408 2006 2006 I sysui_multi_action: [757,491,758,1,759,491,927,4,928,0,1311,-1,1593,0]
03-14 04:50:39.409 2006 2006 I sysui_multi_action: [757,0,758,1,759,0,927,5,928,0,1593,0]
03-14 04:50:39.409 2006 2006 I sysui_multi_action: [757,0,758,1,759,0,927,6,1593,0]
03-14 04:50:39.409 2006 2006 I sysui_multi_action: [757,111,758,1]
03-14 04:50:39.410 2006 2006 I sysui_multi_action: [757,126,758,1,759,126,927,0,928,1,1593,0]
03-14 04:50:39.410 2006 2006 I sysui_multi_action: [757,113,758,1,759,113,927,1,928,1,1593,0]
03-14 04:50:39.410 2006 2006 I sysui_multi_action: [757,0,758,1,759,0,927,2,928,0,1593,0]
03-14 04:50:39.410 2006 2006 I sysui_multi_action: [757,0,758,1,759,0,927,3,928,0,1593,0]
03-14 04:50:40.145 782 1605 I input_interaction: Interaction with: 3d200d1 NotificationShade (server), edge-swipe (server), swipe-up (server), PointerEventDispatcher0 (server),
03-14 04:50:40.147 782 782 I service_manager_stats: [100,65,129843]
03-14 04:50:40.324 782 822 I sysui_multi_action: [757,222,758,1]
03-14 04:50:40.340 782 3162 I wm_task_created: [198,-1]
03-14 04:50:40.344 782 3162 I wm_task_moved: [198,1,10]
03-14 04:50:40.345 782 3162 I wm_task_to_front: [0,198]
03-14 04:50:40.345 782 3162 I wm_create_task: [0,198]
03-14 04:50:40.345 782 3162 I wm_create_activity: [0,219258092,198,com.thundercomm.screensaver/android.service.dreams.DreamActivity,NULL,NULL,NULL,276824064]
03-14 04:50:40.345 782 3162 I wm_task_moved: [198,1,10]
03-14 04:50:40.345 5555 5555 I wm_on_top_resumed_lost_called: [148491259,com.android.gallery3d.app.MovieActivity,topStateChangedWhenResumed]
03-14 04:50:40.346 782 3162 I wm_pause_activity: [0,174418215,com.android.launcher3/.uioverrides.QuickstepLauncher,userLeaving=true,pauseBackTasks]
03-14 04:50:40.346 4407 4407 I wm_on_paused_called: [174418215,com.android.launcher3.uioverrides.QuickstepLauncher,performPause]
03-14 04:50:40.349 782 2679 I wm_add_to_stopping: [0,174418215,com.android.launcher3/.uioverrides.QuickstepLauncher,makeInvisible]
03-14 04:50:40.350 782 2679 I wm_restart_activity: [0,219258092,198,com.thundercomm.screensaver/android.service.dreams.DreamActivity]
03-14 04:50:40.351 782 2679 I wm_set_resumed_activity: [0,com.thundercomm.screensaver/android.service.dreams.DreamActivity,minimalResumeActivityLocked]
03-14 04:50:40.357 6960 6960 I wm_on_create_called: [219258092,android.service.dreams.DreamActivity,performCreate]
03-14 04:50:40.357 6960 6960 I wm_on_start_called: [219258092,android.service.dreams.DreamActivity,handleStartActivity]
03-14 04:50:40.359 782 825 I sysui_multi_action: [757,803,799,window_time_2,802,20]
03-14 04:50:40.361 6960 6960 I wm_on_resume_called: [219258092,android.service.dreams.DreamActivity,RESUME_ACTIVITY]
03-14 04:50:40.363 782 1605 I input_focus: [Focus leaving 3d200d1 NotificationShade (server),reason=NOT_FOCUSABLE]
03-14 04:50:40.363 6960 6960 I wm_on_top_resumed_gained_called: [219258092,android.service.dreams.DreamActivity,topStateChangedWhenResumed]
03-14 04:50:40.384 782 826 I input_focus: [Focus request 4b619a2 com.thundercomm.screensaver/android.service.dreams.DreamActivity,reason=UpdateInputWindows]
03-14 04:50:40.391 782 822 I sysui_multi_action: [319,53,322,53,325,3611,757,761,758,8,759,2,806,com.thundercomm.screensaver,871,android.service.dreams.DreamActivity,904,com.thundercomm.screensaver,905,0,1320,4,1321,2]
03-14 04:50:40.391 782 822 I wm_activity_launch_time: [0,219258092,com.thundercomm.screensaver/android.service.dreams.DreamActivity,53]
03-14 04:50:40.404 782 782 I notification_enqueue: [10078,2006,com.android.systemui,2048,NULL,0,Notification(channel=updateNotification shortcut=null contentView=null vibrate=null sound=null defaults=0x0 flags=0x0 color=0x00000000 vis=PRIVATE),1]
03-14 04:50:40.404 2006 2006 I sysui_multi_action: [757,111,758,2]
03-14 04:50:40.404 2006 2006 I sysui_multi_action: [757,111,758,2]
03-14 04:50:40.415 2006 2006 I sysui_multi_action: [757,111,758,1]
03-14 04:50:40.415 2006 2006 I sysui_multi_action: [757,126,758,1,759,126,927,0,928,1,1593,1]
03-14 04:50:40.415 2006 2006 I sysui_multi_action: [757,113,758,1,759,113,927,1,928,1,1593,1]
03-14 04:50:40.415 2006 2006 I sysui_multi_action: [757,0,758,1,759,0,927,2,928,0,1593,1]
03-14 04:50:40.415 2006 2006 I sysui_multi_action: [757,0,758,1,759,0,927,3,928,0,1593,1]
03-14 04:50:40.415 2006 2006 I sysui_multi_action: [757,491,758,1,759,491,927,4,928,0,1311,-1,1593,0]
03-14 04:50:40.415 2006 2006 I sysui_multi_action: [757,0,758,1,759,0,927,5,928,0,1593,0]
03-14 04:50:40.415 2006 2006 I sysui_multi_action: [757,0,758,1,759,0,927,6,1593,0]
03-14 04:50:40.415 2006 2006 I sysui_multi_action: [757,111,758,1]
03-14 04:50:40.415 2006 2006 I sysui_multi_action: [757,126,758,1,759,126,927,0,928,1,1593,1]
03-14 04:50:40.416 2006 2006 I sysui_multi_action: [757,113,758,1,759,113,927,1,928,1,1593,1]
03-14 04:50:40.416 2006 2006 I sysui_multi_action: [757,0,758,1,759,0,927,2,928,0,1593,1]
03-14 04:50:40.416 2006 2006 I sysui_multi_action: [757,0,758,1,759,0,927,3,928,0,1593,1]
03-14 04:50:40.429 782 1605 I input_focus: [Focus entering 4b619a2 com.thundercomm.screensaver/android.service.dreams.DreamActivity (server),reason=Window became focusable. Previous reason: NOT_VISIBLE]
03-14 04:50:40.647 782 782 I notification_enqueue: [10078,2006,com.android.systemui,2048,NULL,0,Notification(channel=updateNotification shortcut=null contentView=null vibrate=null sound=null defaults=0x0 flags=0x0 color=0x00000000 vis=PRIVATE),1]
03-14 04:50:40.647 2006 2006 I sysui_multi_action: [757,111,758,2]
03-14 04:50:40.647 2006 2006 I sysui_multi_action: [757,111,758,2]
03-14 04:50:40.680 782 825 I wm_stop_activity: [0,174418215,com.android.launcher3/.uioverrides.QuickstepLauncher]
03-14 04:50:40.698 4407 4407 I wm_on_stop_called: [174418215,com.android.launcher3.uioverrides.QuickstepLauncher,STOP_ACTIVITY_ITEM]
03-14 04:50:40.851 782 3162 I sysui_multi_action: [757,128,758,2,793,3572699,794,1495,795,3572699,796,26,798,0,806,android,857,DEVELOPER_IMPORTANT,858,4,947,0,1395,3,1500,3572349,1688,1]
03-14 04:50:40.851 782 3162 I notification_visibility: [-1|android|26|null|1000,0,3572699,3572699,0,0]
03-14 04:50:40.851 782 3162 I sysui_multi_action: [757,128,758,2,793,3572666,794,1495,795,3572666,796,55,798,1,806,android,857,DEVELOPER,858,2,947,0,1395,3,1500,3572345,1688,1]
03-14 04:50:40.851 782 3162 I notification_visibility: [-1|android|55|null|1000,0,3572666,3572666,0,1]
03-14 04:50:40.851 782 3162 I sysui_multi_action: [757,128,758,2,793,3573606,794,1495,795,3573606,796,32,798,2,806,android,857,USB,858,1,947,0,1395,3,1500,3573533,1688,1]
03-14 04:50:40.851 782 3162 I notification_visibility: [-1|android|32|null|1000,0,3573606,3573606,0,2]
03-14 04:50:40.853 782 3162 I sysui_multi_action: [757,127,758,2]
03-14 04:50:40.853 782 3162 I notification_panel_hidden:
03-14 04:50:41.370 782 1605 I input_interaction: Interaction with: 4b619a2 com.thundercomm.screensaver/android.service.dreams.DreamActivity (server), edge-swipe (server), swipe-up (server), PointerEventDispatcher0 (server),
03-14 04:50:41.371 782 4406 I wm_finish_activity: [0,219258092,198,com.thundercomm.screensaver/android.service.dreams.DreamActivity,finish-activity]
03-14 04:50:41.371 782 4406 I wm_task_moved: [196,1,9]
03-14 04:50:41.371 782 4406 I wm_task_to_front: [0,196]
03-14 04:50:41.371 782 4406 I wm_set_resumed_activity: [0,com.android.gallery3d/.app.MovieActivity,positionChildAt]
03-14 04:50:41.371 782 4406 I wm_focused_root_task: [0,0,196,198,finish-top adjustFocusToNextFocusableTask]
03-14 04:50:41.371 782 4406 I wm_set_resumed_activity: [0,com.android.gallery3d/.app.MovieActivity,finish-top]
03-14 04:50:41.372 782 4406 I wm_pause_activity: [0,219258092,com.thundercomm.screensaver/android.service.dreams.DreamActivity,userLeaving=false,finish]
03-14 04:50:41.374 6960 6960 I wm_on_top_resumed_lost_called: [219258092,android.service.dreams.DreamActivity,topStateChangedWhenResumed]
03-14 04:50:41.374 5555 5555 I wm_on_top_resumed_gained_called: [148491259,com.android.gallery3d.app.MovieActivity,topStateChangedWhenResumed]
03-14 04:50:41.374 782 825 I sysui_multi_action: [757,803,799,window_time_0,802,1]
03-14 04:50:41.375 6960 6960 I wm_on_paused_called: [219258092,android.service.dreams.DreamActivity,performPause]
03-14 04:50:41.377 782 2679 I wm_resume_activity: [0,174418215,102,com.android.launcher3/.uioverrides.QuickstepLauncher]
03-14 04:50:41.381 782 825 I sysui_multi_action: [757,803,799,window_time_2,802,0]
03-14 04:50:41.382 4407 4407 I wm_on_restart_called: [174418215,com.android.launcher3.uioverrides.QuickstepLauncher,performRestartActivity]
03-14 04:50:41.382 4407 4407 I wm_on_start_called: [174418215,com.android.launcher3.uioverrides.QuickstepLauncher,handleStartActivity]
03-14 04:50:41.382 4407 4407 I wm_on_resume_called: [174418215,com.android.launcher3.uioverrides.QuickstepLauncher,RESUME_ACTIVITY]
03-14 04:50:41.383 782 826 I input_focus: [Focus request d7bbe30 com.android.gallery3d/com.android.gallery3d.app.MovieActivity,reason=UpdateInputWindows]
03-14 04:50:41.384 782 1605 I input_focus: [Focus leaving 4b619a2 com.thundercomm.screensaver/android.service.dreams.DreamActivity (server),reason=NO_WINDOW]
03-14 04:50:41.384 6960 6960 I view_enqueue_input_event: [Motion - Cancel,com.thundercomm.screensaver/android.service.dreams.DreamActivity]
03-14 04:50:41.395 782 1605 I input_interaction: Interaction with: edge-swipe (server), swipe-up (server), PointerEventDispatcher0 (server),
03-14 04:50:41.398 782 1605 I input_focus: [Focus entering d7bbe30 com.android.gallery3d/com.android.gallery3d.app.MovieActivity (server),reason=setFocusedWindow]
03-14 04:50:41.413 782 4406 I wm_destroy_activity: [0,219258092,198,com.thundercomm.screensaver/android.service.dreams.DreamActivity,finish-idle]
03-14 04:50:41.417 6960 6960 I wm_on_stop_called: [219258092,android.service.dreams.DreamActivity,LIFECYCLER_STOP_ACTIVITY]
03-14 04:50:41.418 6960 6960 I wm_on_destroy_called: [219258092,android.service.dreams.DreamActivity,performDestroy]
03-14 04:50:41.418 782 822 I sysui_multi_action: [757,222,758,2]
03-14 04:50:41.418 782 822 I sysui_multi_action: [757,804,799,dreaming_minutes,801,0,802,1]
03-14 04:50:41.664 782 826 I wm_task_removed: [198,removeChild:removeChild last r=ActivityRecord{d119cec u0 com.thundercomm.screensaver/android.service.dreams.DreamActivity t-1 f}} in t=Task{72c191c #198 type=dream A=10050:android:com.thundercomm.screensaver/dream U=0 visible=false mode=fullscreen translucent=true sz=0}]
03-14 04:50:41.664 782 826 I wm_task_removed: [198,removeChild]
01-01 09:00:15.911 0 0 E DTC_ETH,link_delay_work_func: 3003, SQI=0, link=0
03-14 04:50:42.728 782 1605 I input_interaction: Interaction with: 56090c2 StatusBar (server), edge-swipe (server), swipe-up (server), PointerEventDispatcher0 (server),
03-14 04:50:42.731 2006 2006 I sysui_multi_action: [757,803,799,panel_open,802,1]
03-14 04:50:42.732 2006 2006 I sysui_multi_action: [757,1328,758,4,1326,66,1327,2,1329,0]
03-14 04:50:42.774 782 2679 I sysui_multi_action: [757,127,758,1]
03-14 04:50:42.774 782 2679 I sysui_multi_action: [757,804,799,note_load,801,3,802,1]
03-14 04:50:42.774 782 2679 I notification_panel_revealed: 3
03-14 04:50:42.789 782 826 I input_focus: [Focus request 3d200d1 NotificationShade,reason=UpdateInputWindows]
03-14 04:50:42.802 782 2679 I sysui_multi_action: [757,128,758,1,793,3574649,794,0,795,3574649,796,26,798,0,806,android,857,DEVELOPER_IMPORTANT,858,4,947,0,1395,3,1500,3574299,1688,1]
03-14 04:50:42.802 782 2679 I sysui_multi_action: [757,804,799,note_freshness,801,3574649,802,1]
03-14 04:50:42.802 782 2679 I notification_visibility: [-1|android|26|null|1000,1,3574649,3574649,0,0]
03-14 04:50:42.802 782 2679 I sysui_multi_action: [757,128,758,1,793,3574617,794,0,795,3574617,796,55,798,1,806,android,857,DEVELOPER,858,2,947,0,1395,3,1500,3574296,1688,1]
03-14 04:50:42.802 782 2679 I sysui_multi_action: [757,804,799,note_freshness,801,3574617,802,1]
03-14 04:50:42.802 782 2679 I notification_visibility: [-1|android|55|null|1000,1,3574617,3574617,0,1]
03-14 04:50:42.802 782 2679 I sysui_multi_action: [757,128,758,1,793,3575557,794,0,795,3575557,796,32,798,2,806,android,857,USB,858,1,947,0,1395,3,1500,3575484,1688,1]
03-14 04:50:42.802 782 2679 I sysui_multi_action: [757,804,799,note_freshness,801,3575557,802,1]
03-14 04:50:42.802 782 2679 I notification_visibility: [-1|android|32|null|1000,1,3575557,3575557,0,2]
03-14 04:50:42.809 782 1605 I input_focus: [Focus leaving d7bbe30 com.android.gallery3d/com.android.gallery3d.app.MovieActivity (server),reason=setFocusedWindow]
03-14 04:50:42.809 782 1605 I input_focus: [Focus entering 3d200d1 NotificationShade (server),reason=setFocusedWindow]
03-14 04:50:42.832 2006 2006 I sysui_multi_action: [757,111,758,1]
03-14 04:50:42.832 2006 2006 I sysui_multi_action: [757,126,758,1,759,126,927,0,928,1,1593,0]
03-14 04:50:42.832 2006 2006 I sysui_multi_action: [757,113,758,1,759,113,927,1,928,1,1593,0]
03-14 04:50:42.832 2006 2006 I sysui_multi_action: [757,0,758,1,759,0,927,2,928,0,1593,0]
03-14 04:50:42.832 2006 2006 I sysui_multi_action: [757,0,758,1,759,0,927,3,928,0,1593,0]
03-14 04:50:42.832 2006 2006 I sysui_multi_action: [757,491,758,1,759,491,927,4,928,0,1311,-1,1593,0]
03-14 04:50:42.832 2006 2006 I sysui_multi_action: [757,0,758,1,759,0,927,5,928,0,1593,0]
03-14 04:50:42.832 2006 2006 I sysui_multi_action: [757,0,758,1,759,0,927,6,1593,0]
03-14 04:50:42.833 2006 2006 I sysui_multi_action: [757,111,758,1]
03-14 04:50:42.833 2006 2006 I sysui_multi_action: [757,126,758,1,759,126,927,0,928,1,1593,0]
03-14 04:50:42.833 2006 2006 I sysui_multi_action: [757,113,758,1,759,113,927,1,928,1,1593,0]
03-14 04:50:42.833 2006 2006 I sysui_multi_action: [757,0,758,1,759,0,927,2,928,0,1593,0]
03-14 04:50:42.833 2006 2006 I sysui_multi_action: [757,0,758,1,759,0,927,3,928,0,1593,0] --------- beginning of system
03-14 04:50:43.291 782 3162 W WindowManager: updateScale : 0.79357797
03-14 04:50:43.742 782 1605 I input_interaction: Interaction with: 3d200d1 NotificationShade (server), edge-swipe (server), swipe-up (server), PointerEventDispatcher0 (server),
03-14 04:50:43.899 782 2679 I intercept_power: [ACTION_DOWN,0,0]
03-14 04:50:43.961 782 2679 I intercept_power: [ACTION_UP,0,0]
03-14 04:50:43.962 782 782 D WindowManager: powerPress: eventTime=3614853 interactive=true count=0 beganFromNonInteractive=false mShortPressOnPowerBehavior=1
03-14 04:50:43.962 782 782 I PowerManagerService: Powering off display group due to power_button (groupId= 0, uid= 1000)...
03-14 04:50:43.962 782 782 I PowerManagerService: Going to sleep due to power_button (uid 1000)...
03-14 04:50:43.964 782 782 I power_sleep_requested: 2
03-14 04:50:43.966 782 1000 I PowerManagerService: Sleeping display group (groupId=0, uid=1000)...
03-14 04:50:43.966 782 1000 I PowerManagerService: Sleeping (uid 1000)...
03-14 04:50:44.005 782 1000 I sysui_multi_action: [757,1696,758,6,759,0]
03-14 04:50:44.070 782 1000 I DisplayPowerController[0]: Blocking screen off
03-14 04:50:44.070 782 1952 E DisplayDeviceConfig: requesting nits when no mapping exists.
03-14 04:50:44.070 782 1000 I DisplayPowerController[0]: Unblocked screen off after 0 ms
03-14 04:50:44.070 782 1952 E DisplayDeviceConfig: requesting nits when no mapping exists.
03-14 04:50:44.070 782 872 I am_wtf : [0,782,system_server,-1,DisplayDeviceConfig,requesting nits when no mapping exists.]
03-14 04:50:44.071 782 872 I DropBoxManagerService: add tag=system_server_wtf isTagEnabled=true flags=0x2
03-14 04:50:44.073 782 872 I am_wtf : [0,782,system_server,-1,DisplayDeviceConfig,requesting nits when no mapping exists.]
03-14 04:50:44.074 782 872 I DropBoxManagerService: add tag=system_server_wtf isTagEnabled=true flags=0x2
03-14 04:50:44.075 782 1000 D ActivityTaskManager: Top Process State changed to PROCESS_STATE_TOP_SLEEPING
03-14 04:50:44.082 5555 5555 I wm_on_top_resumed_lost_called: [148491259,com.android.gallery3d.app.MovieActivity,topStateChangedWhenResumed]
03-14 04:50:44.082 782 1000 I wm_pause_activity: [0,148491259,com.android.gallery3d/.app.MovieActivity,userLeaving=false,sleep]
03-14 04:50:44.082 782 915 E KernelCpuSpeedReader: Failed to read cpu-freq: /sys/devices/system/cpu/cpu4/cpufreq/stats/time_in_state: open failed: ENOENT (No such file or directory)
03-14 04:50:44.083 782 915 E KernelCpuSpeedReader: Failed to read cpu-freq: /sys/devices/system/cpu/cpu0/cpufreq/stats/time_in_state: open failed: ENOENT (No such file or directory)
03-14 04:50:44.088 782 1000 I wm_pause_activity: [0,174418215,com.android.launcher3/.uioverrides.QuickstepLauncher,userLeaving=false,sleep]
03-14 04:50:44.089 4407 4407 I wm_on_paused_called: [174418215,com.android.launcher3.uioverrides.QuickstepLauncher,performPause]
03-14 04:50:44.090 782 3162 I wm_add_to_stopping: [0,174418215,com.android.launcher3/.uioverrides.QuickstepLauncher,completePauseLocked]
03-14 04:50:44.096 782 3162 I wm_add_to_stopping: [0,148491259,com.android.gallery3d/.app.MovieActivity,makeInvisible]
03-14 04:50:44.100 782 3162 I wm_add_to_stopping: [0,110211796,com.android.music/.VideoBrowserActivity,makeInvisible]
03-14 04:50:44.111 782 825 I wm_stop_activity: [0,110211796,com.android.music/.VideoBrowserActivity]
03-14 04:50:44.111 782 825 I wm_stop_activity: [0,174418215,com.android.launcher3/.uioverrides.QuickstepLauncher]
03-14 04:50:44.111 782 825 I sysui_multi_action: [757,803,799,window_time_2,802,3]
03-14 04:50:44.112 782 1000 V DisplayPowerController[0]: Brightness [0.0] reason changing to: 'screen_off', previous reason: 'manual'.
03-14 04:50:44.113 782 825 I DisplayDeviceRepository: Display device changed state: "内置屏幕", OFF
03-14 04:50:44.114 782 1699 I GameModeConfig: isGameModeOn = false
03-14 04:50:44.114 782 1699 I GameModeConfig: isGameModeOn = false
03-14 04:50:44.114 782 1699 I GameModeConfig: isGameModeOn = false
03-14 04:50:44.114 782 1699 I GameModeConfig: isGameModeOn = false
03-14 04:50:44.114 782 1699 I GameModeConfig: isGameModeOn = false
03-14 04:50:44.114 2006 2006 I sysui_multi_action: [757,111,758,2]
03-14 04:50:44.115 2006 2006 I sysui_multi_action: [757,111,758,2]
03-14 04:50:44.115 782 782 I notification_enqueue: [10078,2006,com.android.systemui,2048,NULL,0,Notification(channel=updateNotification shortcut=null contentView=null vibrate=null sound=null defaults=0x0 flags=0x0 color=0x00000000 vis=PRIVATE),1]
03-14 04:50:44.120 7303 7303 I wm_on_stop_called: [110211796,com.android.music.VideoBrowserActivity,STOP_ACTIVITY_ITEM]
03-14 04:50:44.126 4407 4407 I wm_on_stop_called: [174418215,com.android.launcher3.uioverrides.QuickstepLauncher,STOP_ACTIVITY_ITEM]
03-14 04:50:44.133 782 3162 I sysui_multi_action: [757,128,758,2,793,3575981,794,1332,795,3575981,796,26,798,0,806,android,857,DEVELOPER_IMPORTANT,858,4,947,0,1395,3,1500,3575631,1688,1]
03-14 04:50:44.134 782 3162 I notification_visibility: [-1|android|26|null|1000,0,3575981,3575981,0,0]
03-14 04:50:44.134 782 3162 I sysui_multi_action: [757,128,758,2,793,3575949,794,1332,795,3575949,796,55,798,1,806,android,857,DEVELOPER,858,2,947,0,1395,3,1500,3575628,1688,1]
03-14 04:50:44.134 782 3162 I notification_visibility: [-1|android|55|null|1000,0,3575949,3575949,0,1]
03-14 04:50:44.134 782 3162 I sysui_multi_action: [757,128,758,2,793,3576889,794,1332,795,3576889,796,32,798,2,806,android,857,USB,858,1,947,0,1395,3,1500,3576816,1688,1]
03-14 04:50:44.134 782 3162 I notification_visibility: [-1|android|32|null|1000,0,3576889,3576889,0,2]
03-14 04:50:44.134 782 4680 I sysui_multi_action: [757,127,758,2]
03-14 04:50:44.134 782 4680 I notification_panel_hidden:
01-01 09:00:17.531 0 0 I : [MAX975X:max96755x_drm_notifier_callback] *INFO* receives EARLY_BLANK:POWERDOWN
01-01 09:00:17.531 0 0 I cyttsp7_i2c_adapter 0-0024: FB event:2,blank:1
01-01 09:00:17.531 0 0 I cyttsp7_i2c_adapter 0-0024: drm_notifier_callback: POWERDOWN! Suspend by drm notifier.
03-14 04:50:44.142 782 830 W UsageStatsService: Unexpected activity event reported! (com.android.music/com.android.music.VideoBrowserActivity event : 23 instanceId : 13958184)
01-01 09:00:17.548 0 0 I : [MAX975X:max96755x_drm_notifier_callback] *INFO* receives BLANK:POWERDOWN
01-01 09:00:17.548 0 0 I cyttsp7_i2c_adapter 0-0024: FB event:1,blank:1
01-01 09:00:17.548 0 0 I cyttsp7_i2c_adapter 0-0024: resume: event = 1 blank = 1, not care
03-14 04:50:44.156 782 782 I sysui_multi_action: [757,198,758,2,759,2,1359,195,1695,4]
03-14 04:50:44.156 782 782 I power_screen_state: [0,2,0,0,195]
03-14 04:50:44.156 782 782 I screen_toggled: 0
03-14 04:50:44.156 782 782 I sysui_multi_action: [757,804,799,screen_timeout,801,60,802,1]
03-14 04:50:44.158 782 782 I sysui_multi_action: [757,1594,758,4,759,-2147483648,1359,18664]
03-14 04:50:44.158 782 782 I power_screen_broadcast_send: 1
03-14 04:50:44.160 782 1605 I input_focus: [Focus leaving 3d200d1 NotificationShade (server),reason=NO_WINDOW]
03-14 04:50:44.165 782 782 I battery_saving_stats: [0,1,0,18757,0,0,3572313,0,0]
01-01 09:00:17.562 0 0 W ALERT : changing window size from 16000000 to 20000000 at 3615060042160
03-14 04:50:44.187 782 782 I power_screen_broadcast_done: [0,29,1]
03-14 04:50:44.201 782 5547 W FreeFormWindowHelper: Current Display FreeFormTask is Task{64fd027 #196 type=standard A=10086:android.task.video U=0 visible=true mode=freeform translucent=false sz=2}
01-01 09:00:17.603 0 0 I msm_vidc: high: 00000002: h264d: Closed video instance: 0000000000000000
03-14 04:50:44.280 5555 5555 I wm_on_paused_called: [148491259,com.android.gallery3d.app.MovieActivity,performPause]
03-14 04:50:44.282 782 825 I wm_stop_activity: [0,148491259,com.android.gallery3d/.app.MovieActivity]
01-01 09:00:17.666 0 0 I btfm_slim_enable_ch: chipset soc version:400a0200
01-01 09:00:17.666 0 0 I btfm_slim_enable_ch: channel define - prot:2, dataf:0, auxf:0
01-01 09:00:17.666 0 0 I btfm_slim_enable_ch: channel define - rates:44100, baser:2, ratem:4
01-01 09:00:17.666 0 0 E btfm_slim_enable_ch: slim_define_ch failed ret[-106]
01-01 09:00:17.672 0 0 E btfm_slim_dai_prepare: channel opened without closing, return success
03-14 04:50:44.305 5555 5555 I wm_on_stop_called: [148491259,com.android.gallery3d.app.MovieActivity,STOP_ACTIVITY_ITEM]
03-14 04:50:44.316 782 782 I GameModeConfig: isGameModeOn = false
03-14 04:50:45.186 782 1606 I intercept_power: [ACTION_DOWN,0,0]
03-14 04:50:45.188 782 1606 I PowerManagerService: Powering on display group fromAsleep (groupId=0, uid=1000, reason=WAKE_REASON_POWER_BUTTON, details=android.policy:POWER)...
03-14 04:50:45.188 782 1606 I PowerManagerService: Waking up from Asleep (uid=1000, reason=WAKE_REASON_POWER_BUTTON, details=android.policy:POWER)...
03-14 04:50:45.192 782 1000 I DisplayPowerController[0]: Blocking screen on until initial contents have been drawn.
03-14 04:50:45.192 782 1000 D ActivityTaskManager: Top Process State changed to PROCESS_STATE_TOP
03-14 04:50:45.197 782 1606 I intercept_power: [ACTION_UP,0,0]
03-14 04:50:45.197 782 782 I screen_toggled: 1
03-14 04:50:45.198 782 1000 I wm_set_resumed_activity: [0,com.android.gallery3d/.app.MovieActivity,resumeTopActivityInnerLocked]
03-14 04:50:45.205 782 915 E KernelCpuSpeedReader: Failed to read cpu-freq: /sys/devices/system/cpu/cpu4/cpufreq/stats/time_in_state: open failed: ENOENT (No such file or directory)
03-14 04:50:45.205 782 915 E KernelCpuSpeedReader: Failed to read cpu-freq: /sys/devices/system/cpu/cpu0/cpufreq/stats/time_in_state: open failed: ENOENT (No such file or directory)
03-14 04:50:45.208 782 1000 I ActivityTaskManager: FOREGROUND_APPLICATION_CHANGED to com.android.launcher3.uioverrides.QuickstepLauncher
03-14 04:50:45.208 782 1000 I wm_resume_activity: [0,174418215,102,com.android.launcher3/.uioverrides.QuickstepLauncher]
03-14 04:50:45.211 782 1000 I wm_resume_activity: [0,148491259,196,com.android.gallery3d/.app.MovieActivity]
03-14 04:50:45.212 782 782 I power_screen_broadcast_send: 1
03-14 04:50:45.215 782 782 I WindowManager: Suppressed redundant power key press while already in the process of turning the screen on.
03-14 04:50:45.216 782 1000 V DisplayPowerController[0]: Brightness [1.0] reason changing to: 'manual', previous reason: 'screen_off'.
03-14 04:50:45.216 782 1000 I sysui_multi_action: [757,1696,758,6,759,3]
01-01 09:00:18.615 0 0 I : [MAX975X:max96755x_drm_notifier_callback] *INFO* receives EARLY_BLANK:UNBLANK
01-01 09:00:18.615 0 0 I cyttsp7_i2c_adapter 0-0024: FB event:2,blank:0
01-01 09:00:18.615 0 0 I cyttsp7_i2c_adapter 0-0024: suspend: event = 2, blank = 0, not care
01-01 09:00:18.615 0 0 I [drm:dsi_display_set_mode] [msm-dsi-info]: mdp_transfer_time_us=0 us
01-01 09:00:18.615 0 0 I [drm:dsi_display_set_mode] [msm-dsi-info]: hactive= 2380,vactive= 1020,fps=60
01-01 09:00:18.616 0 0 I [drm:dsi_ctrl_isr_configure] [msm-dsi-info]: dsi-ctrl-0: IRQ 403 registered
01-01 09:00:18.622 0 0 W ALERT : changing window size from 20000000 to 16000000 at 3616120045493
03-14 04:50:45.223 782 825 I DisplayDeviceRepository: Display device changed state: "内置屏幕", ON
03-14 04:50:45.227 782 1000 I DisplayPowerController[0]: Unblocked screen on after 35 ms
03-14 04:50:45.229 782 5547 W WindowManager: updateScale : 0.79357797
03-14 04:50:45.230 782 872 W BroadcastQueue: Background execution not allowed: receiving Intent { act=android.intent.action.USER_PRESENT flg=0x24200010 } to com.microsoft.emmx/org.chromium.chrome.browser.sharing.click_to_call.ClickToCallMessageHandler$PhoneUnlockedReceiver
03-14 04:50:45.230 782 872 W BroadcastQueue: Background execution not allowed: receiving Intent { act=android.intent.action.USER_PRESENT flg=0x24200010 } to com.qiyi.video/com.iqiyi.hcim.service.BroadcastCenter
03-14 04:50:45.231 782 2149 W WindowManager: updateScale : 0.79357797
03-14 04:50:45.231 782 2149 W WindowManager: updateScale : 0.79357797
03-14 04:50:45.232 5555 5555 I wm_on_restart_called: [148491259,com.android.gallery3d.app.MovieActivity,performRestartActivity]
03-14 04:50:45.233 782 3162 W WindowManager: updateScale : 0.79357797
03-14 04:50:45.233 782 3162 W WindowManager: updateScale : 0.79357797
03-14 04:50:45.233 5555 5555 I wm_on_start_called: [148491259,com.android.gallery3d.app.MovieActivity,handleStartActivity]
03-14 04:50:45.234 5555 5555 I wm_on_resume_called: [148491259,com.android.gallery3d.app.MovieActivity,RESUME_ACTIVITY]
03-14 04:50:45.234 5555 5555 I wm_on_top_resumed_gained_called: [148491259,com.android.gallery3d.app.MovieActivity,topWhenResuming]
03-14 04:50:45.234 7303 7303 I wm_on_restart_called: [110211796,com.android.music.VideoBrowserActivity,performRestartActivity]
03-14 04:50:45.234 7303 7303 I wm_on_start_called: [110211796,com.android.music.VideoBrowserActivity,handleStartActivity]
03-14 04:50:45.237 4407 4407 I wm_on_restart_called: [174418215,com.android.launcher3.uioverrides.QuickstepLauncher,performRestartActivity]
03-14 04:50:45.237 4407 4407 I wm_on_start_called: [174418215,com.android.launcher3.uioverrides.QuickstepLauncher,handleStartActivity]
03-14 04:50:45.237 782 782 I battery_saving_stats: [0,0,0,1072,0,0,5679,0,0]
03-14 04:50:45.237 4407 4407 I wm_on_resume_called: [174418215,com.android.launcher3.uioverrides.QuickstepLauncher,RESUME_ACTIVITY]
03-14 04:50:45.238 782 1605 I input_interaction: Interaction with: edge-swipe (server), swipe-up (server), PointerEventDispatcher0 (server),
03-14 04:50:45.243 782 4406 W WindowManager: updateScale : 0.79357797
03-14 04:50:45.243 782 4406 W WindowManager: updateScale : 0.79357797
03-14 04:50:45.256 782 4406 W WindowManager: updateScale : 0.79357797
03-14 04:50:45.256 782 4406 W WindowManager: updateScale : 0.79357797
03-14 04:50:45.257 782 4406 W WindowManager: updateScale : 0.79357797
03-14 04:50:45.257 782 4406 W WindowManager: updateScale : 0.79357797
03-14 04:50:45.260 782 3162 W WindowManager: updateScale : 0.79357797
03-14 04:50:45.260 782 3162 W WindowManager: updateScale : 0.79357797
03-14 04:50:45.265 782 826 I input_focus: [Focus request d7bbe30 com.android.gallery3d/com.android.gallery3d.app.MovieActivity,reason=UpdateInputWindows]
03-14 04:50:45.276 782 3162 W WindowManager: updateScale : 0.79357797
03-14 04:50:45.276 782 3162 W WindowManager: updateScale : 0.79357797
01-01 09:00:18.672 0 0 I : [MAX975X:max96755x_drm_notifier_callback] *INFO* receives BLANK:UNBLANK
01-01 09:00:18.672 0 0 I cyttsp7_i2c_adapter 0-0024: FB event:1,blank:0
01-01 09:00:18.672 0 0 I cyttsp7_i2c_adapter 0-0024: drm_notifier_callback: UNBLANK! Resume by drm notifier.
03-14 04:50:45.280 782 1952 E DisplayDeviceConfig: requesting nits when no mapping exists.
03-14 04:50:45.280 782 782 I sysui_multi_action: [757,198,758,1,759,1,1359,95,1694,1]
03-14 04:50:45.280 782 782 I power_screen_state: [1,0,0,0,95]
03-14 04:50:45.280 782 1952 E DisplayDeviceConfig: requesting nits when no mapping exists.
03-14 04:50:45.280 782 872 I am_wtf : [0,782,system_server,-1,DisplayDeviceConfig,requesting nits when no mapping exists.]
03-14 04:50:45.281 782 872 I DropBoxManagerService: add tag=system_server_wtf isTagEnabled=true flags=0x2
03-14 04:50:45.282 782 826 W WindowManager: updateScale : 0.79357797
03-14 04:50:45.282 782 826 W WindowManager: updateScale : 0.79357797
03-14 04:50:45.283 782 826 W WindowManager: updateScale : 0.79357797
03-14 04:50:45.283 782 826 W WindowManager: updateScale : 0.79357797
03-14 04:50:45.286 782 782 I power_screen_broadcast_done: [1,75,1]
03-14 04:50:45.290 782 826 W WindowManager: updateScale : 0.79357797
03-14 04:50:45.290 782 826 W WindowManager: updateScale : 0.79357797
03-14 04:50:45.291 782 826 W WindowManager: updateScale : 0.79357797
03-14 04:50:45.291 782 826 W WindowManager: updateScale : 0.79357797
03-14 04:50:45.296 782 872 I am_wtf : [0,782,system_server,-1,DisplayDeviceConfig,requesting nits when no mapping exists.]
03-14 04:50:45.298 782 872 I DropBoxManagerService: add tag=system_server_wtf isTagEnabled=true flags=0x2
03-14 04:50:45.298 782 1605 I input_focus: [Focus entering d7bbe30 com.android.gallery3d/com.android.gallery3d.app.MovieActivity (server),reason=Window became focusable. Previous reason: NOT_VISIBLE]
03-14 04:50:45.299 782 826 W WindowManager: updateScale : 0.79357797
03-14 04:50:45.299 782 826 W WindowManager: updateScale : 0.79357797
03-14 04:50:45.300 782 826 W WindowManager: updateScale : 0.79357797
03-14 04:50:45.301 782 826 W WindowManager: updateScale : 0.79357797
03-14 04:50:45.301 782 826 W WindowManager: updateScale : 0.79357797
03-14 04:50:45.301 782 826 W WindowManager: updateScale : 0.79357797
03-14 04:50:45.303 782 3162 W ActivityManager: Unable to start service Intent { act=android.intent.action.START_LEBO_SERVICE pkg=com.hpplay.happyplay.aw } U=0: not found
03-14 04:50:45.335 782 3162 I snet_event_log: [172655291,-1,]
03-14 04:50:45.335 782 2679 W WindowManager: updateScale : 0.79357797
03-14 04:50:45.335 782 2679 W WindowManager: updateScale : 0.79357797
01-01 09:00:18.767 0 0 I msm_vidc: high: 00000002: ....d: Opening video instance: 0000000000000000, 1
01-01 09:00:18.767 0 0 I msm_vidc: err : 00000002: ....d: Failed to create debugfs for msm_vidc
01-01 09:00:18.844 0 0 I [schedu][0x102d1e9113][04:50:45.449159] wlan: [3522:I:OSIF] scan start scan id 40978
01-01 09:00:19.817 0 0 I [schedu][0x102e3bc008][04:50:46.422585] wlan: [3522:I:OSIF] vdev 0, scan id 40978 type COMPLETED(1) reason COMPLETED(1) scan found 6 bss
01-01 09:00:21.033 0 0 E DTC_ETH,link_delay_work_func: 3003, SQI=0, link=0
03-14 04:50:48.208 782 2969 E TaskPersister: File error accessing recents directory (directory doesn't exist?).
03-14 04:50:48.569 782 1699 I GameModeConfig: isGameModeOn = false
03-14 04:50:50.409 782 1699 I GameModeConfig: isGameModeOn = false
03-14 04:50:50.606 782 1699 I GameModeConfig: isGameModeOn = false
03-14 04:50:50.646 782 1699 I GameModeConfig: isGameModeOn = false
03-14 04:50:50.848 782 1699 I GameModeConfig: isGameModeOn = false
01-01 09:00:26.158 0 0 E DTC_ETH,link_delay_work_func: 3003, SQI=0, link=0
03-14 04:50:54.122 782 1699 I GameModeConfig: isGameModeOn = false
03-14 04:50:54.318 782 1699 I GameModeConfig: isGameModeOn = false
01-01 09:00:31.271 0 0 E DTC_ETH,link_delay_work_func: 3003, SQI=0, link=0
01-01 09:00:36.391 0 0 E DTC_ETH,link_delay_work_func: 3003, SQI=0, link=0
03-14 04:51:03.878 782 830 I UsageStatsService: User[0] Flushing usage stats to disk
03-14 04:51:05.339 782 1605 I input_interaction: Interaction with: e892cf3 com.android.launcher3/com.android.launcher3.uioverrides.QuickstepLauncher (server), d04e39a com.android.systemui.ImageWallpaper (server), edge-swipe (server), swipe-up (server), PointerEventDispatcher0 (server),
03-14 04:51:05.528 782 2679 W FreeFormWindowHelper: Current Display FreeFormTask is Task{64fd027 #196 type=standard A=10086:android.task.video U=0 visible=true mode=freeform translucent=false sz=2}
03-14 04:51:05.529 782 2679 W FreeFormWindowHelper: Current Display FreeFormTask is Task{64fd027 #196 type=standard A=10086:android.task.video U=0 visible=true mode=freeform translucent=false sz=2}
03-14 04:51:05.530 782 2679 W FreeFormWindowHelper: Current Display FreeFormTask is Task{64fd027 #196 type=standard A=10086:android.task.video U=0 visible=true mode=freeform translucent=false sz=2}
03-14 04:51:05.545 782 2679 W FreeFormWindowHelper: Current Display FreeFormTask is Task{64fd027 #196 type=standard A=10086:android.task.video U=0 visible=true mode=freeform translucent=false sz=2}
03-14 04:51:05.546 782 822 D AutofillManagerService: Close system dialogs
