03-14 04:52:00.874 782 3182 W FreeFormWindowHelper: Current Display FreeFormTask is Task{6fe5fa3 #206 type=standard A=10065:com.android.gallery3d U=0 visible=true mode=freeform translucent=false sz=1}
03-14 04:52:00.875 782 3182 W FreeFormWindowHelper: Current Display FreeFormTask is Task{6fe5fa3 #206 type=standard A=10065:com.android.gallery3d U=0 visible=true mode=freeform translucent=false sz=1}
03-14 04:52:00.875 782 3182 W FreeFormWindowHelper: Current Display FreeFormTask is Task{6fe5fa3 #206 type=standard A=10065:com.android.gallery3d U=0 visible=true mode=freeform translucent=false sz=1}
03-14 04:52:00.891 782 6331 W FreeFormWindowHelper: Current Display FreeFormTask is Task{6fe5fa3 #206 type=standard A=10065:com.android.gallery3d U=0 visible=true mode=freeform translucent=false sz=1}
03-14 04:52:00.891 782 6331 W FreeFormWindowHelper: Current Display FreeFormTask is Task{6fe5fa3 #206 type=standard A=10065:com.android.gallery3d U=0 visible=true mode=freeform translucent=false sz=1}
03-14 04:52:00.892 782 6331 W FreeFormWindowHelper: Current Display FreeFormTask is Task{6fe5fa3 #206 type=standard A=10065:com.android.gallery3d U=0 visible=true mode=freeform translucent=false sz=1}
03-14 04:52:00.908 782 3182 W FreeFormWindowHelper: Current Display FreeFormTask is Task{6fe5fa3 #206 type=standard A=10065:com.android.gallery3d U=0 visible=true mode=freeform translucent=false sz=1}
03-14 04:52:00.908 782 3182 W FreeFormWindowHelper: Current Display FreeFormTask is Task{6fe5fa3 #206 type=standard A=10065:com.android.gallery3d U=0 visible=true mode=freeform translucent=false sz=1}
03-14 04:52:00.908 782 3182 W FreeFormWindowHelper: Current Display FreeFormTask is Task{6fe5fa3 #206 type=standard A=10065:com.android.gallery3d U=0 visible=true mode=freeform translucent=false sz=1}
03-14 04:52:00.924 782 3162 W FreeFormWindowHelper: Current Display FreeFormTask is Task{6fe5fa3 #206 type=standard A=10065:com.android.gallery3d U=0 visible=true mode=freeform translucent=false sz=1}
03-14 04:52:00.925 782 3162 W FreeFormWindowHelper: Current Display FreeFormTask is Task{6fe5fa3 #206 type=standard A=10065:com.android.gallery3d U=0 visible=true mode=freeform translucent=false sz=1}
03-14 04:52:00.925 782 3162 W FreeFormWindowHelper: Current Display FreeFormTask is Task{6fe5fa3 #206 type=standard A=10065:com.android.gallery3d U=0 visible=true mode=freeform translucent=false sz=1}
03-14 04:52:00.941 782 3182 W FreeFormWindowHelper: Current Display FreeFormTask is Task{6fe5fa3 #206 type=standard A=10065:com.android.gallery3d U=0 visible=true mode=freeform translucent=false sz=1}
03-14 04:52:00.941 782 3182 W FreeFormWindowHelper: Current Display FreeFormTask is Task{6fe5fa3 #206 type=standard A=10065:com.android.gallery3d U=0 visible=true mode=freeform translucent=false sz=1}
03-14 04:52:00.942 782 3182 W FreeFormWindowHelper: Current Display FreeFormTask is Task{6fe5fa3 #206 type=standard A=10065:com.android.gallery3d U=0 visible=true mode=freeform translucent=false sz=1}
03-14 04:52:00.958 782 3182 W FreeFormWindowHelper: Current Display FreeFormTask is Task{6fe5fa3 #206 type=standard A=10065:com.android.gallery3d U=0 visible=true mode=freeform translucent=false sz=1}
03-14 04:52:00.958 782 3182 W FreeFormWindowHelper: Current Display FreeFormTask is Task{6fe5fa3 #206 type=standard A=10065:com.android.gallery3d U=0 visible=true mode=freeform translucent=false sz=1}
03-14 04:52:00.958 782 3182 W FreeFormWindowHelper: Current Display FreeFormTask is Task{6fe5fa3 #206 type=standard A=10065:com.android.gallery3d U=0 visible=true mode=freeform translucent=false sz=1}
03-14 04:52:00.974 782 1678 W FreeFormWindowHelper: Current Display FreeFormTask is Task{6fe5fa3 #206 type=standard A=10065:com.android.gallery3d U=0 visible=true mode=freeform translucent=false sz=1}
03-14 04:52:00.975 782 1678 W FreeFormWindowHelper: Current Display FreeFormTask is Task{6fe5fa3 #206 type=standard A=10065:com.android.gallery3d U=0 visible=true mode=freeform translucent=false sz=1}
03-14 04:52:00.975 782 1678 W FreeFormWindowHelper: Current Display FreeFormTask is Task{6fe5fa3 #206 type=standard A=10065:com.android.gallery3d U=0 visible=true mode=freeform translucent=false sz=1}
03-14 04:52:00.991 782 8854 W FreeFormWindowHelper: Current Display FreeFormTask is Task{6fe5fa3 #206 type=standard A=10065:com.android.gallery3d U=0 visible=true mode=freeform translucent=false sz=1}
03-14 04:52:00.992 782 8854 W FreeFormWindowHelper: Current Display FreeFormTask is Task{6fe5fa3 #206 type=standard A=10065:com.android.gallery3d U=0 visible=true mode=freeform translucent=false sz=1}
03-14 04:52:00.992 782 8854 W FreeFormWindowHelper: Current Display FreeFormTask is Task{6fe5fa3 #206 type=standard A=10065:com.android.gallery3d U=0 visible=true mode=freeform translucent=false sz=1}
03-14 04:52:00.995 782 1331 I commit_sys_config_file: [settings-1-0,1]
03-14 04:52:01.008 782 6331 W FreeFormWindowHelper: Current Display FreeFormTask is Task{6fe5fa3 #206 type=standard A=10065:com.android.gallery3d U=0 visible=true mode=freeform translucent=false sz=1}
03-14 04:52:01.008 782 6331 W FreeFormWindowHelper: Current Display FreeFormTask is Task{6fe5fa3 #206 type=standard A=10065:com.android.gallery3d U=0 visible=true mode=freeform translucent=false sz=1}
03-14 04:52:01.008 782 6331 W FreeFormWindowHelper: Current Display FreeFormTask is Task{6fe5fa3 #206 type=standard A=10065:com.android.gallery3d U=0 visible=true mode=freeform translucent=false sz=1}
03-14 04:52:01.025 782 3182 W FreeFormWindowHelper: Current Display FreeFormTask is Task{6fe5fa3 #206 type=standard A=10065:com.android.gallery3d U=0 visible=true mode=freeform translucent=false sz=1}
03-14 04:52:01.025 782 3182 W FreeFormWindowHelper: Current Display FreeFormTask is Task{6fe5fa3 #206 type=standard A=10065:com.android.gallery3d U=0 visible=true mode=freeform translucent=false sz=1}
03-14 04:52:01.025 782 3182 W FreeFormWindowHelper: Current Display FreeFormTask is Task{6fe5fa3 #206 type=standard A=10065:com.android.gallery3d U=0 visible=true mode=freeform translucent=false sz=1}
03-14 04:52:01.041 782 8854 W FreeFormWindowHelper: Current Display FreeFormTask is Task{6fe5fa3 #206 type=standard A=10065:com.android.gallery3d U=0 visible=true mode=freeform translucent=false sz=1}
03-14 04:52:01.042 782 8854 W FreeFormWindowHelper: Current Display FreeFormTask is Task{6fe5fa3 #206 type=standard A=10065:com.android.gallery3d U=0 visible=true mode=freeform translucent=false sz=1}
03-14 04:52:01.042 782 8854 W FreeFormWindowHelper: Current Display FreeFormTask is Task{6fe5fa3 #206 type=standard A=10065:com.android.gallery3d U=0 visible=true mode=freeform translucent=false sz=1}
03-14 04:52:01.058 782 3162 W FreeFormWindowHelper: Current Display FreeFormTask is Task{6fe5fa3 #206 type=standard A=10065:com.android.gallery3d U=0 visible=true mode=freeform translucent=false sz=1}
03-14 04:52:01.058 782 3162 W FreeFormWindowHelper: Current Display FreeFormTask is Task{6fe5fa3 #206 type=standard A=10065:com.android.gallery3d U=0 visible=true mode=freeform translucent=false sz=1}
03-14 04:52:01.059 782 3162 W FreeFormWindowHelper: Current Display FreeFormTask is Task{6fe5fa3 #206 type=standard A=10065:com.android.gallery3d U=0 visible=true mode=freeform translucent=false sz=1}
03-14 04:52:01.075 782 6331 W FreeFormWindowHelper: Current Display FreeFormTask is Task{6fe5fa3 #206 type=standard A=10065:com.android.gallery3d U=0 visible=true mode=freeform translucent=false sz=1}
03-14 04:52:01.075 782 6331 W FreeFormWindowHelper: Current Display FreeFormTask is Task{6fe5fa3 #206 type=standard A=10065:com.android.gallery3d U=0 visible=true mode=freeform translucent=false sz=1}
03-14 04:52:01.075 782 6331 W FreeFormWindowHelper: Current Display FreeFormTask is Task{6fe5fa3 #206 type=standard A=10065:com.android.gallery3d U=0 visible=true mode=freeform translucent=false sz=1}
03-14 04:52:01.091 782 1678 W FreeFormWindowHelper: Current Display FreeFormTask is Task{6fe5fa3 #206 type=standard A=10065:com.android.gallery3d U=0 visible=true mode=freeform translucent=false sz=1}
03-14 04:52:01.092 782 1678 W FreeFormWindowHelper: Current Display FreeFormTask is Task{6fe5fa3 #206 type=standard A=10065:com.android.gallery3d U=0 visible=true mode=freeform translucent=false sz=1}
03-14 04:52:01.092 782 1678 W FreeFormWindowHelper: Current Display FreeFormTask is Task{6fe5fa3 #206 type=standard A=10065:com.android.gallery3d U=0 visible=true mode=freeform translucent=false sz=1}
03-14 04:52:01.108 782 3182 W FreeFormWindowHelper: Current Display FreeFormTask is Task{6fe5fa3 #206 type=standard A=10065:com.android.gallery3d U=0 visible=true mode=freeform translucent=false sz=1}
03-14 04:52:01.109 782 3182 I wm_finish_activity: [0,109351584,206,com.android.gallery3d/.app.GalleryActivity,app-request]
03-14 04:52:01.109 782 3182 I wm_task_moved: [1,1,6]
03-14 04:52:01.110 782 3182 I wm_set_resumed_activity: [0,com.android.launcher3/.uioverrides.QuickstepLauncher,positionChildAt]
03-14 04:52:01.110 5555 5555 I wm_on_top_resumed_lost_called: [109351584,com.android.gallery3d.app.GalleryActivity,topStateChangedWhenResumed]
03-14 04:52:01.110 782 3182 I wm_task_moved: [102,1,2147483647]
03-14 04:52:01.110 782 3182 I wm_task_to_front: [0,102]
03-14 04:52:01.110 782 3182 I wm_focused_root_task: [0,0,1,-1,finish-top adjustFocusToNextFocusableTask]
03-14 04:52:01.110 782 3182 I wm_set_resumed_activity: [0,com.android.launcher3/.uioverrides.QuickstepLauncher,finish-top]
03-14 04:52:01.113 782 3182 I wm_pause_activity: [0,109351584,com.android.gallery3d/.app.GalleryActivity,userLeaving=false,finish]
03-14 04:52:01.114 782 826 I input_focus: [Focus request e892cf3 com.android.launcher3/com.android.launcher3.uioverrides.QuickstepLauncher,reason=UpdateInputWindows]
03-14 04:52:01.114 782 3182 W FreeFormWindowHelper: Current Display FreeFormTask is Task{6fe5fa3 #206 type=standard A=10065:com.android.gallery3d U=0 visible=false mode=freeform translucent=true sz=1}
03-14 04:52:01.114 782 8854 W FreeFormWindowHelper: Current Display FreeFormTask is Task{6fe5fa3 #206 type=standard A=10065:com.android.gallery3d U=0 visible=false mode=freeform translucent=true sz=1}
03-14 04:52:01.115 782 8854 W FreeFormWindowHelper: Current Display FreeFormTask is Task{6fe5fa3 #206 type=standard A=10065:com.android.gallery3d U=0 visible=false mode=freeform translucent=true sz=1}
03-14 04:52:01.116 5555 5555 I wm_on_paused_called: [109351584,com.android.gallery3d.app.GalleryActivity,performPause]
03-14 04:52:01.117 782 3162 I ActivityTaskManager: FOREGROUND_APPLICATION_CHANGED to com.android.launcher3.uioverrides.QuickstepLauncher
03-14 04:52:01.117 782 3162 I wm_destroy_activity: [0,109351584,206,com.android.gallery3d/.app.GalleryActivity,finish-imm:completePausedLocked]
03-14 04:52:01.121 782 825 I sysui_multi_action: [757,803,799,window_time_0,802,2]
03-14 04:52:01.123 782 3182 W FreeFormWindowHelper: Current Display FreeFormTask is Task{6fe5fa3 #206 type=standard A=10065:com.android.gallery3d U=0 visible=false mode=freeform translucent=true sz=1}
03-14 04:52:01.123 5555 5555 I wm_on_stop_called: [109351584,com.android.gallery3d.app.GalleryActivity,LIFECYCLER_STOP_ACTIVITY]
03-14 04:52:01.124 782 1678 W FreeFormWindowHelper: Current Display FreeFormTask is Task{6fe5fa3 #206 type=standard A=10065:com.android.gallery3d U=0 visible=false mode=freeform translucent=true sz=1}
03-14 04:52:01.125 782 1678 W FreeFormWindowHelper: Current Display FreeFormTask is Task{6fe5fa3 #206 type=standard A=10065:com.android.gallery3d U=0 visible=false mode=freeform translucent=true sz=1}
03-14 04:52:01.126 782 1678 W FreeFormWindowHelper: Current Display FreeFormTask is Task{6fe5fa3 #206 type=standard A=10065:com.android.gallery3d U=0 visible=false mode=freeform translucent=true sz=1}
03-14 04:52:01.126 5555 5555 I wm_on_destroy_called: [109351584,com.android.gallery3d.app.GalleryActivity,performDestroy]
03-14 04:52:01.128 4407 4407 I wm_on_top_resumed_gained_called: [174418215,com.android.launcher3.uioverrides.QuickstepLauncher,topStateChangedWhenResumed]
03-14 04:52:01.131 782 1605 I input_focus: [Focus entering e892cf3 com.android.launcher3/com.android.launcher3.uioverrides.QuickstepLauncher (server),reason=setFocusedWindow]
03-14 04:52:01.218 782 6331 W FreeFormWindowHelper: Current Display FreeFormTask is Task{6fe5fa3 #206 type=standard A=10065:com.android.gallery3d U=0 visible=false mode=freeform translucent=true sz=1}
03-14 04:52:01.411 782 826 I wm_task_removed: [206,removeChild:removeChild last r=ActivityRecord{68492a0 u0 com.android.gallery3d/.app.GalleryActivity t-1 f}} in t=Task{6fe5fa3 #206 type=standard A=10065:com.android.gallery3d U=0 visible=false mode=freeform translucent=true sz=0}]
03-14 04:52:01.411 782 826 I wm_task_removed: [206,removeChild]
03-14 04:52:01.411 782 826 D FreeFormWindowHelper: Remove freefrom task=Task{6fe5fa3 #206 type=standard A=10065:com.android.gallery3d U=0 visible=false mode=freeform translucent=true sz=0}
03-14 04:52:01.529 782 1605 I input_interaction: Interaction with: e892cf3 com.android.launcher3/com.android.launcher3.uioverrides.QuickstepLauncher (server), d04e39a com.android.systemui.ImageWallpaper (server), edge-swipe (server), swipe-up (server), PointerEventDispatcher0 (server),
03-14 04:52:02.417 782 2969 E TaskPersister: File error accessing recents directory (directory doesn't exist?).
03-14 04:52:02.486 4407 4407 I sysui_multi_action: [757,629,758,4,759,0]
03-14 04:52:02.912 782 6331 I thunderperf: PlatormCompat.setOverrides: Uid1=10074 Pid1=4407 Uid2=10074 Pid2=4407
03-14 04:52:02.912 782 6331 I thunderperf: PlatormCompat.setOverrides: needCheck:false
03-14 04:52:02.912 782 6331 I thunderperf: CompatConfig.addOverrideUnsafe: bef-state=0
03-14 04:52:02.912 782 6331 I thunderperf: CompatConfig.addOverrideUnsafe: aft-state=0
03-14 04:52:02.912 782 6331 I thunderperf: CompatConfig.addOverrideUnsafe: bef-state=0
03-14 04:52:02.912 782 6331 I thunderperf: CompatConfig.addOverrideUnsafe: aft-state=0
03-14 04:52:02.913 782 6331 I thunderperf: CompatConfig.addOverrideUnsafe: bef-state=0
03-14 04:52:02.913 782 6331 I thunderperf: CompatConfig.addOverrideUnsafe: aft-state=0
03-14 04:52:02.913 782 6331 I thunderperf: CompatConfig.addOverrideUnsafe: bef-state=0
03-14 04:52:02.913 782 6331 I thunderperf: CompatConfig.addOverrideUnsafe: aft-state=0
03-14 04:52:02.914 782 6331 I thunderperf: CompatConfig.addOverrideUnsafe: bef-state=0
03-14 04:52:02.914 782 6331 I thunderperf: CompatConfig.addOverrideUnsafe: aft-state=0
03-14 04:52:02.914 782 6331 I thunderperf: CompatConfig.addOverrideUnsafe: bef-state=0
03-14 04:52:02.914 782 6331 I thunderperf: CompatConfig.addOverrideUnsafe: aft-state=0
03-14 04:52:02.915 782 6331 I thunderperf: CompatConfig.addOverrideUnsafe: bef-state=0
03-14 04:52:02.915 782 6331 I thunderperf: CompatConfig.addOverrideUnsafe: aft-state=0
03-14 04:52:02.915 782 6331 I thunderperf: CompatConfig.addOverrideUnsafe: bef-state=0
03-14 04:52:02.915 782 6331 I thunderperf: CompatConfig.addOverrideUnsafe: aft-state=0
03-14 04:52:02.916 782 6331 I thunderperf: CompatConfig.addOverrideUnsafe: bef-state=0
03-14 04:52:02.916 782 6331 I thunderperf: CompatConfig.addOverrideUnsafe: aft-state=0
03-14 04:52:02.916 782 6331 I thunderperf: CompatConfig.addOverrideUnsafe: bef-state=0
03-14 04:52:02.916 782 6331 I thunderperf: CompatConfig.addOverrideUnsafe: aft-state=0
03-14 04:52:02.917 782 6331 I thunderperf: CompatConfig.addOverrideUnsafe: bef-state=0
03-14 04:52:02.917 782 6331 I thunderperf: CompatConfig.addOverrideUnsafe: aft-state=0
03-14 04:52:02.917 782 6331 I thunderperf: CompatConfig.addOverrideUnsafe: bef-state=0
03-14 04:52:02.917 782 6331 I thunderperf: CompatConfig.addOverrideUnsafe: aft-state=0
03-14 04:52:02.917 782 6331 I thunderperf: CompatConfig.addOverrideUnsafe: bef-state=0
03-14 04:52:02.918 782 6331 I thunderperf: CompatConfig.addOverrideUnsafe: aft-state=0
03-14 04:52:02.918 782 6331 I thunderperf: CompatConfig.addOverrideUnsafe: bef-state=0
03-14 04:52:02.918 782 6331 I thunderperf: CompatConfig.addOverrideUnsafe: aft-state=0
03-14 04:52:02.923 782 6331 I ActivityTaskManager: START u0 {act=android.intent.action.MAIN cat=[android.intent.category.LAUNCHER] flg=0x10200000 cmp=com.android.music/.MusicBrowserActivity bnds=[2128,310][2314,510]} from uid 10074
03-14 04:52:02.927 782 6331 I wm_task_created: [207,-1]
03-14 04:52:02.927 782 6331 W ActivityTaskManager: Can't find TaskDisplayArea to determine support for multi window. Task id=207 attached=false
03-14 04:52:02.928 782 6331 D CompatibilityChangeReporter: Compat change id reported: 174042980; UID 10086; state: DISABLED
03-14 04:52:02.929 782 6331 D CompatibilityChangeReporter: Compat change id reported: 184838306; UID 10086; state: DISABLED
03-14 04:52:02.929 782 6331 D CompatibilityChangeReporter: Compat change id reported: 185004937; UID 10086; state: DISABLED
03-14 04:52:02.929 782 6331 D CompatibilityChangeReporter: Compat change id reported: 181136395; UID 10086; state: DISABLED
03-14 04:52:02.929 782 6331 D CompatibilityChangeReporter: Compat change id reported: 174042936; UID 10086; state: DISABLED
03-14 04:52:02.929 782 6331 I wm_task_moved: [207,1,6]
03-14 04:52:02.929 782 6331 I wm_task_to_front: [0,207]
03-14 04:52:02.930 782 6331 I wm_create_task: [0,207]
03-14 04:52:02.930 782 6331 I wm_create_activity: [0,33262128,207,com.android.music/.MusicBrowserActivity,android.intent.action.MAIN,NULL,NULL,270532608]
03-14 04:52:02.930 782 6331 I wm_task_moved: [207,1,6]
03-14 04:52:02.930 782 6331 D CompatibilityChangeReporter: Compat change id reported: 168419799; UID 10086; state: DISABLED
03-14 04:52:02.931 782 6331 I wm_pause_activity: [0,174418215,com.android.launcher3/.uioverrides.QuickstepLauncher,userLeaving=true,pauseBackTasks]
03-14 04:52:02.931 2006 2256 D PhoneStartingWindowTypeAlgorithm: preferredStartingWindowType newTask:true taskSwitch:true processRunning:true allowTaskSnapshot:true activityCreated:false useEmptySplashScreen:false legacySplashScreen:false topIsHome:false
03-14 04:52:02.931 2006 2256 D StartingSurfaceDrawer: addSplashScreen com.android.music theme=7f110009 task=207 suggestType=1
03-14 04:52:02.932 782 1678 W FreeFormWindowHelper: Current Display FreeFormTask is TaskInfo{userId=0 taskId=206 displayId=0 isRunning=true baseIntent=Intent { act=android.intent.action.MAIN cat=[android.intent.category.LAUNCHER] flg=0x10200000 cmp=com.android.gallery3d/.app.GalleryActivity } baseActivity=ComponentInfo{com.android.gallery3d/com.android.gallery3d.app.GalleryActivity} topActivity=ComponentInfo{com.android.gallery3d/com.android.gallery3d.app.GalleryActivity} origActivity=null realActivity=ComponentInfo{com.android.gallery3d/com.android.gallery3d.app.GalleryActivity} numActivities=1 lastActiveTime=3691684 supportsSplitScreenMultiWindow=true supportsMultiWindow=true resizeMode=1 isResizeable=true token=WCT{RemoteToken{d54a6a9 Task{6fe5fa3 #206 type=standard A=10065:com.android.gallery3d U=0 visible=false mode=freeform translucent=true sz=0}}} topActivityType=1 pictureInPictureParams=PictureInPictureParams( aspectRatio=null sourceRectHint=null hasSetActions=false isAutoPipEnabled=false isSeamlessResizeEnabled=true) displayCutoutSafeInsets=null topActivityInfo=ActivityInfo{788a42e com.android.gallery3d.app.GalleryActivity} launchCookies=[] positionInParent=Point(22, 74) parentTaskId=-1 isFocused=true isVisible=true topActivityInSizeCompat=false locusId= null}
03-14 04:52:02.933 4407 4407 I wm_on_top_resumed_lost_called: [174418215,com.android.launcher3.uioverrides.QuickstepLauncher,topStateChangedWhenResumed]
03-14 04:52:02.933 4407 4407 I wm_on_paused_called: [174418215,com.android.launcher3.uioverrides.QuickstepLauncher,performPause]
03-14 04:52:02.933 782 3162 I ActivityTaskManager: FOREGROUND_APPLICATION_CHANGED to com.android.music.MusicBrowserActivity
03-14 04:52:02.933 782 3162 I ActivityTaskManager: The Process com.android.music Already Exists in BG. So sending its PID: 8810
03-14 04:52:02.934 782 3162 I wm_add_to_stopping: [0,174418215,com.android.launcher3/.uioverrides.QuickstepLauncher,makeInvisible]
03-14 04:52:02.934 782 3162 I wm_restart_activity: [0,33262128,207,com.android.music/.MusicBrowserActivity]
03-14 04:52:02.935 782 3162 I wm_set_resumed_activity: [0,com.android.music/.MusicBrowserActivity,minimalResumeActivityLocked]
03-14 04:52:02.937 2006 2260 D StartingSurfaceDrawer: window attributes color: 0 icon null duration 0 brandImage null
03-14 04:52:02.937 2006 2260 D StartingSurfaceDrawer: FgMainColor=ff151515 BgMainColor=0 IsBgComplex=false FromCache=true ThemeColor=fffafafa
03-14 04:52:02.937 2006 2260 D StartingSurfaceDrawer: isRgbSimilarInHsv a: fffafafa b 0 contrast ratio: 20.119467
03-14 04:52:02.937 2006 2260 D StartingSurfaceDrawer: hsvDiff 0 ah 0.0 bh 0.0 as 0.0 bs 0.0 av 0.98039216 bv 0.0 sqH 0.0 sqS 0.0 sqV 0.9611687835295903 root 0.5660296763508637
03-14 04:52:02.937 2006 2260 D StartingSurfaceDrawer: isRgbSimilarInHsv a: fffafafa b ff151515 contrast ratio: 17.495483
03-14 04:52:02.937 2006 2260 D StartingSurfaceDrawer: hsvDiff 0 ah 0.0 bh 0.0 as 0.0 bs 0.0 av 0.98039216 bv 0.08235294 sqH 0.0 sqS 0.0 sqV 0.8064744438257918 root 0.5184831864280627
03-14 04:52:02.937 2006 2260 D StartingSurfaceDrawer: makeSplashScreenContentView: choose fg icon
03-14 04:52:02.938 2006 2260 D StartingSurfaceDrawer: fillViewWithIcon surfaceWindowView android.window.SplashScreenView{7835d4b V.E...... ......ID 0,0-0,0}
03-14 04:52:02.939 782 825 I sysui_multi_action: [757,803,799,window_time_0,802,1]
03-14 04:52:02.942 782 6331 I am_uid_active: 10063
03-14 04:52:02.963 8810 8810 I wm_on_create_called: [33262128,com.android.music.MusicBrowserActivity,performCreate]
03-14 04:52:02.966 782 1605 I input_focus: [Focus leaving e892cf3 com.android.launcher3/com.android.launcher3.uioverrides.QuickstepLauncher (server),reason=NO_WINDOW]
03-14 04:52:02.969 8810 8810 I wm_on_start_called: [33262128,com.android.music.MusicBrowserActivity,handleStartActivity]
03-14 04:52:02.970 8810 8810 I wm_on_resume_called: [33262128,com.android.music.MusicBrowserActivity,RESUME_ACTIVITY]
03-14 04:52:02.973 8810 8810 I wm_on_top_resumed_gained_called: [33262128,com.android.music.MusicBrowserActivity,topStateChangedWhenResumed]
03-14 04:52:02.974 782 1699 I GameModeConfig: isGameModeOn = false
03-14 04:52:02.974 782 1699 I GameModeConfig: isGameModeOn = false
03-14 04:52:02.974 782 1699 I GameModeConfig: isGameModeOn = false
03-14 04:52:02.974 782 1699 I GameModeConfig: isGameModeOn = false
03-14 04:52:02.974 782 1699 I GameModeConfig: isGameModeOn = false
03-14 04:52:02.974 782 1699 I GameModeConfig: isGameModeOn = false
03-14 04:52:02.986 782 782 I notification_enqueue: [10086,8810,com.android.music,1,NULL,0,Notification(channel=Channel-music shortcut=null contentView=null vibrate=null sound=null defaults=0x0 flags=0x40 color=0x00000000 category=transport actions=4 vis=PRIVATE),0]
03-14 04:52:02.987 782 782 I notification_enqueue: [10086,8810,com.android.music,1,NULL,0,Notification(channel=Channel-music shortcut=null contentView=null vibrate=null sound=null defaults=0x0 flags=0x40 color=0x00000000 category=transport actions=4 vis=PRIVATE),0]
03-14 04:52:02.994 782 1699 I GameModeConfig: isGameModeOn = false
03-14 04:52:02.994 782 1699 I GameModeConfig: isGameModeOn = false
03-14 04:52:02.994 782 1699 I GameModeConfig: isGameModeOn = false
03-14 04:52:02.994 782 1699 I GameModeConfig: isGameModeOn = false
03-14 04:52:02.994 782 1699 I GameModeConfig: isGameModeOn = false
03-14 04:52:02.994 782 1699 I GameModeConfig: isGameModeOn = false
03-14 04:52:03.005 782 782 I notification_enqueue: [10086,8810,com.android.music,1,NULL,0,Notification(channel=Channel-music shortcut=null contentView=null vibrate=null sound=null defaults=0x0 flags=0x40 color=0x00000000 category=transport actions=4 vis=PRIVATE),0]
03-14 04:52:03.006 782 782 I notification_enqueue: [10086,8810,com.android.music,1,NULL,0,Notification(channel=Channel-music shortcut=null contentView=null vibrate=null sound=null defaults=0x0 flags=0x40 color=0x00000000 category=transport actions=4 vis=PRIVATE),0]
03-14 04:52:03.014 782 826 I input_focus: [Focus request cf8abfd com.android.music/com.android.music.MusicBrowserActivity,reason=UpdateInputWindows]
01-01 09:01:36.418 0 0 I binder : 8810:9008 ioctl 40046210 7144cfc1f4 returned -22
03-14 04:52:03.037 782 2190 W FreeFormWindowHelper: Current Display FreeFormTask is TaskInfo{userId=0 taskId=206 displayId=0 isRunning=true baseIntent=Intent { act=android.intent.action.MAIN cat=[android.intent.category.LAUNCHER] flg=0x10200000 cmp=com.android.gallery3d/.app.GalleryActivity } baseActivity=ComponentInfo{com.android.gallery3d/com.android.gallery3d.app.GalleryActivity} topActivity=ComponentInfo{com.android.gallery3d/com.android.gallery3d.app.GalleryActivity} origActivity=null realActivity=ComponentInfo{com.android.gallery3d/com.android.gallery3d.app.GalleryActivity} numActivities=1 lastActiveTime=3691684 supportsSplitScreenMultiWindow=true supportsMultiWindow=true resizeMode=1 isResizeable=true token=WCT{RemoteToken{d54a6a9 Task{6fe5fa3 #206 type=standard A=10065:com.android.gallery3d U=0 visible=false mode=freeform translucent=true sz=0}}} topActivityType=1 pictureInPictureParams=PictureInPictureParams( aspectRatio=null sourceRectHint=null hasSetActions=false isAutoPipEnabled=false isSeamlessResizeEnabled=true) displayCutoutSafeInsets=null topActivityInfo=ActivityInfo{788a42e com.android.gallery3d.app.GalleryActivity} launchCookies=[] positionInParent=Point(22, 74) parentTaskId=-1 isFocused=true isVisible=true topActivityInSizeCompat=false locusId= null}
03-14 04:52:03.039 782 822 I sysui_multi_action: [319,30,321,29,322,112,325,3693,757,761,758,8,759,1,806,com.android.music,871,com.android.music.MusicBrowserActivity,904,com.android.launcher3,905,0,1320,4,1321,1]
03-14 04:52:03.040 782 822 I wm_activity_launch_time: [0,33262128,com.android.music/.MusicBrowserActivity,112]
03-14 04:52:03.040 2006 2256 D StartingSurfaceDrawer: Task start finish, remove starting surface for task 207
03-14 04:52:03.040 2006 2256 V StartingSurfaceDrawer: Removing splash screen window for task: 207
03-14 04:52:03.050 782 1605 I input_focus: [Focus entering cf8abfd com.android.music/com.android.music.MusicBrowserActivity (server),reason=setFocusedWindow]
03-14 04:52:03.187 782 782 I sysui_multi_action: [757,1501,758,1,793,202,794,0,795,202,796,1,806,com.android.music,857,Channel-music,858,2,947,0,1500,0,1641,transport,1688,1,1745,1043716538]
03-14 04:52:03.187 782 782 I sysui_multi_action: [757,804,799,note_interruptive,801,0,802,1]
03-14 04:52:03.187 782 782 I GameModeConfig: isGameModeOn = false
03-14 04:52:03.188 782 782 W NotificationHistory: Attempted to add notif for locked/gone/disabled user 0
03-14 04:52:03.188 782 782 I GameModeConfig: isGameModeOn = false
03-14 04:52:03.203 782 782 I sysui_multi_action: [757,128,758,5,759,8,793,215439,794,0,795,215439,796,1,797,empty_media,806,com.android.systemui,857,empty_media_style_id,858,4,946,empty_media,947,0,1500,215236,1641,transport,1688,1,1745,1043716538]
03-14 04:52:03.203 782 782 I notification_canceled: [0|com.android.systemui|1|empty_media|10078,8,215439,215439,0,-1,-1,NULL]
03-14 04:52:03.203 782 782 D CompatibilityChangeReporter: Compat change id reported: 175319604; UID 1000; state: ENABLED
03-14 04:52:03.204 782 782 D CompatibilityChangeReporter: Compat change id reported: 175319604; UID 1000; state: DISABLED
03-14 04:52:03.206 782 782 I GameModeConfig: isGameModeOn = false
03-14 04:52:03.206 782 782 I GameModeConfig: isGameModeOn = false
03-14 04:52:03.484 782 6331 W FreeFormWindowHelper: Current Display FreeFormTask is TaskInfo{userId=0 taskId=206 displayId=0 isRunning=true baseIntent=Intent { act=android.intent.action.MAIN cat=[android.intent.category.LAUNCHER] flg=0x10200000 cmp=com.android.gallery3d/.app.GalleryActivity } baseActivity=ComponentInfo{com.android.gallery3d/com.android.gallery3d.app.GalleryActivity} topActivity=ComponentInfo{com.android.gallery3d/com.android.gallery3d.app.GalleryActivity} origActivity=null realActivity=ComponentInfo{com.android.gallery3d/com.android.gallery3d.app.GalleryActivity} numActivities=1 lastActiveTime=3691684 supportsSplitScreenMultiWindow=true supportsMultiWindow=true resizeMode=1 isResizeable=true token=WCT{RemoteToken{d54a6a9 Task{6fe5fa3 #206 type=standard A=10065:com.android.gallery3d U=0 visible=false mode=freeform translucent=true sz=0}}} topActivityType=1 pictureInPictureParams=PictureInPictureParams( aspectRatio=null sourceRectHint=null hasSetActions=false isAutoPipEnabled=false isSeamlessResizeEnabled=true) displayCutoutSafeInsets=null topActivityInfo=ActivityInfo{788a42e com.android.gallery3d.app.GalleryActivity} launchCookies=[] positionInParent=Point(22, 74) parentTaskId=-1 isFocused=true isVisible=true topActivityInSizeCompat=false locusId= null}
03-14 04:52:03.485 782 8854 W FreeFormWindowHelper: Current Display FreeFormTask is TaskInfo{userId=0 taskId=206 displayId=0 isRunning=true baseIntent=Intent { act=android.intent.action.MAIN cat=[android.intent.category.LAUNCHER] flg=0x10200000 cmp=com.android.gallery3d/.app.GalleryActivity } baseActivity=ComponentInfo{com.android.gallery3d/com.android.gallery3d.app.GalleryActivity} topActivity=ComponentInfo{com.android.gallery3d/com.android.gallery3d.app.GalleryActivity} origActivity=null realActivity=ComponentInfo{com.android.gallery3d/com.android.gallery3d.app.GalleryActivity} numActivities=1 lastActiveTime=3691684 supportsSplitScreenMultiWindow=true supportsMultiWindow=true resizeMode=1 isResizeable=true token=WCT{RemoteToken{d54a6a9 Task{6fe5fa3 #206 type=standard A=10065:com.android.gallery3d U=0 visible=false mode=freeform translucent=true sz=0}}} topActivityType=1 pictureInPictureParams=PictureInPictureParams( aspectRatio=null sourceRectHint=null hasSetActions=false isAutoPipEnabled=false isSeamlessResizeEnabled=true) displayCutoutSafeInsets=null topActivityInfo=ActivityInfo{788a42e com.android.gallery3d.app.GalleryActivity} launchCookies=[] positionInParent=Point(22, 74) parentTaskId=-1 isFocused=true isVisible=true topActivityInSizeCompat=false locusId= null}
03-14 04:52:03.485 782 2190 W FreeFormWindowHelper: Current Display FreeFormTask is TaskInfo{userId=0 taskId=206 displayId=0 isRunning=true baseIntent=Intent { act=android.intent.action.MAIN cat=[android.intent.category.LAUNCHER] flg=0x10200000 cmp=com.android.gallery3d/.app.GalleryActivity } baseActivity=ComponentInfo{com.android.gallery3d/com.android.gallery3d.app.GalleryActivity} topActivity=ComponentInfo{com.android.gallery3d/com.android.gallery3d.app.GalleryActivity} origActivity=null realActivity=ComponentInfo{com.android.gallery3d/com.android.gallery3d.app.GalleryActivity} numActivities=1 lastActiveTime=3691684 supportsSplitScreenMultiWindow=true supportsMultiWindow=true resizeMode=1 isResizeable=true token=WCT{RemoteToken{d54a6a9 Task{6fe5fa3 #206 type=standard A=10065:com.android.gallery3d U=0 visible=false mode=freeform translucent=true sz=0}}} topActivityType=1 pictureInPictureParams=PictureInPictureParams( aspectRatio=null sourceRectHint=null hasSetActions=false isAutoPipEnabled=false isSeamlessResizeEnabled=true) displayCutoutSafeInsets=null topActivityInfo=ActivityInfo{788a42e com.android.gallery3d.app.GalleryActivity} launchCookies=[] positionInParent=Point(22, 74) parentTaskId=-1 isFocused=true isVisible=true topActivityInSizeCompat=false locusId= null}
03-14 04:52:03.485 782 6331 W FreeFormWindowHelper: Current Display FreeFormTask is TaskInfo{userId=0 taskId=206 displayId=0 isRunning=true baseIntent=Intent { act=android.intent.action.MAIN cat=[android.intent.category.LAUNCHER] flg=0x10200000 cmp=com.android.gallery3d/.app.GalleryActivity } baseActivity=ComponentInfo{com.android.gallery3d/com.android.gallery3d.app.GalleryActivity} topActivity=ComponentInfo{com.android.gallery3d/com.android.gallery3d.app.GalleryActivity} origActivity=null realActivity=ComponentInfo{com.android.gallery3d/com.android.gallery3d.app.GalleryActivity} numActivities=1 lastActiveTime=3691684 supportsSplitScreenMultiWindow=true supportsMultiWindow=true resizeMode=1 isResizeable=true token=WCT{RemoteToken{d54a6a9 Task{6fe5fa3 #206 type=standard A=10065:com.android.gallery3d U=0 visible=false mode=freeform translucent=true sz=0}}} topActivityType=1 pictureInPictureParams=PictureInPictureParams( aspectRatio=null sourceRectHint=null hasSetActions=false isAutoPipEnabled=false isSeamlessResizeEnabled=true) displayCutoutSafeInsets=null topActivityInfo=ActivityInfo{788a42e com.android.gallery3d.app.GalleryActivity} launchCookies=[] positionInParent=Point(22, 74) parentTaskId=-1 isFocused=true isVisible=true topActivityInSizeCompat=false locusId= null}
03-14 04:52:03.486 782 825 I wm_stop_activity: [0,174418215,com.android.launcher3/.uioverrides.QuickstepLauncher]
03-14 04:52:03.502 782 2190 W FreeFormWindowHelper: exitRecentTasks type=0
03-14 04:52:03.502 782 2190 W ContextImpl: Calling a method in the system process without a qualified user: android.app.ContextImpl.startActivity:1067 com.android.server.wm.FreeFormWindowHelper.exitRecentTasks:435 com.android.server.wm.ActivityTaskManagerService.exitRecentTasks:3821 android.app.IActivityTaskManager$Stub.onTransact:2307 com.android.server.wm.ActivityTaskManagerService.onTransact:5072
03-14 04:52:03.503 782 2190 I thunderperf: PlatormCompat.setOverrides: Uid1=1000 Pid1=782 Uid2=1000 Pid2=782
03-14 04:52:03.503 782 2190 I thunderperf: PlatormCompat.setOverrides: needCheck:false
03-14 04:52:03.503 782 2190 I thunderperf: CompatConfig.addOverrideUnsafe: bef-state=0
03-14 04:52:03.503 782 2190 I thunderperf: CompatConfig.addOverrideUnsafe: aft-state=0
03-14 04:52:03.503 782 2190 I thunderperf: CompatConfig.addOverrideUnsafe: bef-state=0
03-14 04:52:03.503 782 2190 I thunderperf: CompatConfig.addOverrideUnsafe: aft-state=0
03-14 04:52:03.503 782 2190 I thunderperf: CompatConfig.addOverrideUnsafe: bef-state=0
03-14 04:52:03.503 782 2190 I thunderperf: CompatConfig.addOverrideUnsafe: aft-state=0
03-14 04:52:03.504 782 2190 I thunderperf: CompatConfig.addOverrideUnsafe: bef-state=0
03-14 04:52:03.504 782 2190 I thunderperf: CompatConfig.addOverrideUnsafe: aft-state=0
03-14 04:52:03.504 782 2190 I thunderperf: CompatConfig.addOverrideUnsafe: bef-state=0
03-14 04:52:03.504 782 2190 I thunderperf: CompatConfig.addOverrideUnsafe: aft-state=0
03-14 04:52:03.504 782 2190 I thunderperf: CompatConfig.addOverrideUnsafe: bef-state=0
03-14 04:52:03.504 782 2190 I thunderperf: CompatConfig.addOverrideUnsafe: aft-state=0
03-14 04:52:03.504 782 2190 I thunderperf: CompatConfig.addOverrideUnsafe: bef-state=0
03-14 04:52:03.504 782 2190 I thunderperf: CompatConfig.addOverrideUnsafe: aft-state=0
03-14 04:52:03.504 782 2190 I thunderperf: CompatConfig.addOverrideUnsafe: bef-state=0
03-14 04:52:03.504 782 2190 I thunderperf: CompatConfig.addOverrideUnsafe: aft-state=0
03-14 04:52:03.504 782 2190 I thunderperf: CompatConfig.addOverrideUnsafe: bef-state=0
03-14 04:52:03.504 782 2190 I thunderperf: CompatConfig.addOverrideUnsafe: aft-state=0
03-14 04:52:03.504 782 2190 I thunderperf: CompatConfig.addOverrideUnsafe: bef-state=0
03-14 04:52:03.504 782 2190 I thunderperf: CompatConfig.addOverrideUnsafe: aft-state=0
03-14 04:52:03.505 782 2190 I thunderperf: CompatConfig.addOverrideUnsafe: bef-state=0
03-14 04:52:03.505 782 2190 I thunderperf: CompatConfig.addOverrideUnsafe: aft-state=0
03-14 04:52:03.505 782 2190 I thunderperf: CompatConfig.addOverrideUnsafe: bef-state=0
03-14 04:52:03.505 782 2190 I thunderperf: CompatConfig.addOverrideUnsafe: aft-state=0
03-14 04:52:03.505 782 2190 I thunderperf: CompatConfig.addOverrideUnsafe: bef-state=0
03-14 04:52:03.505 782 2190 I thunderperf: CompatConfig.addOverrideUnsafe: aft-state=0
03-14 04:52:03.505 782 2190 I thunderperf: CompatConfig.addOverrideUnsafe: bef-state=0
03-14 04:52:03.505 782 2190 I thunderperf: CompatConfig.addOverrideUnsafe: aft-state=0
03-14 04:52:03.506 782 2190 I ActivityTaskManager: START u0 {act=android.intent.action.MAIN cat=[android.intent.category.LAUNCHER] flg=0x10200000 cmp=com.android.gallery3d/.app.GalleryActivity} from uid 1000
03-14 04:52:03.508 782 2190 I wm_task_created: [208,-1]
03-14 04:52:03.508 782 2190 W ActivityTaskManager: Can't find TaskDisplayArea to determine support for multi window. Task id=208 attached=false
03-14 04:52:03.508 782 2190 D FreeFormWindowHelper: Add freeform task=Task{282c77b #208 type=standard ?? U=0 visible=false mode=freeform translucent=true sz=0}
03-14 04:52:03.510 782 2190 I wm_task_moved: [208,1,7]
03-14 04:52:03.510 782 2190 I wm_task_to_front: [0,208]
03-14 04:52:03.510 782 2190 I wm_create_task: [0,208]
03-14 04:52:03.510 782 2190 I wm_create_activity: [0,244881816,208,com.android.gallery3d/.app.GalleryActivity,android.intent.action.MAIN,NULL,NULL,270532608]
03-14 04:52:03.510 782 2190 I wm_task_moved: [208,1,7]
03-14 04:52:03.510 8810 8810 I wm_on_top_resumed_lost_called: [33262128,com.android.music.MusicBrowserActivity,topStateChangedWhenResumed]
03-14 04:52:03.510 782 2190 V SplashScreenExceptionList: SplashScreen checking exception for package com.android.gallery3d (target sdk:29) -> false
03-14 04:52:03.511 782 2190 I ActivityTaskManager: FOREGROUND_APPLICATION_CHANGED to com.android.gallery3d.app.GalleryActivity
03-14 04:52:03.511 782 2190 I ActivityTaskManager: The Process com.android.gallery3d Already Exists in BG. So sending its PID: 5555
03-14 04:52:03.511 782 2190 W ActivityTaskManager: Tried to set launchTime (0) < mLastActivityLaunchTime (3690758)
03-14 04:52:03.511 782 2190 I wm_restart_activity: [0,244881816,208,com.android.gallery3d/.app.GalleryActivity]
03-14 04:52:03.512 782 2190 I wm_set_resumed_activity: [0,com.android.gallery3d/.app.GalleryActivity,minimalResumeActivityLocked]
03-14 04:52:03.516 4407 4407 I wm_on_stop_called: [174418215,com.android.launcher3.uioverrides.QuickstepLauncher,STOP_ACTIVITY_ITEM]
03-14 04:52:03.523 5555 5555 I wm_on_create_called: [244881816,com.android.gallery3d.app.GalleryActivity,performCreate]
03-14 04:52:03.523 5555 5555 I wm_on_start_called: [244881816,com.android.gallery3d.app.GalleryActivity,handleStartActivity]
03-14 04:52:03.525 5555 5555 I wm_on_resume_called: [244881816,com.android.gallery3d.app.GalleryActivity,RESUME_ACTIVITY]
03-14 04:52:03.526 5555 5555 I wm_on_top_resumed_gained_called: [244881816,com.android.gallery3d.app.GalleryActivity,topStateChangedWhenResumed]
03-14 04:52:03.533 782 3182 W WindowManager: updateScale : 0.79357797
03-14 04:52:03.535 782 826 I input_focus: [Focus request f9d034f com.android.gallery3d/com.android.gallery3d.app.GalleryActivity,reason=UpdateInputWindows]
03-14 04:52:03.567 782 826 W WindowManager: updateScale : 0.79357797
03-14 04:52:03.567 782 826 W WindowManager: updateScale : 0.79357797
03-14 04:52:03.568 782 1605 I input_focus: [Focus leaving cf8abfd com.android.music/com.android.music.MusicBrowserActivity (server),reason=Waiting for window because NOT_VISIBLE]
03-14 04:52:03.568 782 826 W WindowManager: updateScale : 0.79357797
03-14 04:52:03.570 782 826 W WindowManager: updateScale : 0.79357797
03-14 04:52:03.570 782 822 I sysui_multi_action: [319,63,322,63,325,3694,757,761,758,8,759,2,806,com.android.gallery3d,871,com.android.gallery3d.app.GalleryActivity,904,android,905,0,1320,4,1321,1]
03-14 04:52:03.570 782 826 W WindowManager: updateScale : 0.79357797
03-14 04:52:03.571 782 822 I wm_activity_launch_time: [0,244881816,com.android.gallery3d/.app.GalleryActivity,63]
03-14 04:52:03.584 782 1605 I input_focus: [Focus entering f9d034f com.android.gallery3d/com.android.gallery3d.app.GalleryActivity (server),reason=Window became focusable. Previous reason: NOT_VISIBLE]
03-14 04:52:04.068 782 826 W WindowManager: updateScale : 0.79357797
03-14 04:52:04.069 782 3182 W WindowManager: updateScale : 0.79357797
03-14 04:52:04.147 782 1605 I input_interaction: Interaction with: cf8abfd com.android.music/com.android.music.MusicBrowserActivity (server), edge-swipe (server), swipe-up (server), PointerEventDispatcher0 (server),
03-14 04:52:04.148 782 825 I wm_task_moved: [207,1,7]
03-14 04:52:04.148 782 825 I wm_task_to_front: [0,207]
03-14 04:52:04.148 782 825 W WindowManager: updateScale : 0.79357797
03-14 04:52:04.149 782 825 I wm_set_resumed_activity: [0,com.android.music/.MusicBrowserActivity,positionChildAt]
03-14 04:52:04.149 782 825 I wm_focused_root_task: [0,0,207,208,setFocusedTask]
03-14 04:52:04.149 782 825 I wm_set_resumed_activity: [0,com.android.music/.MusicBrowserActivity,setFocusedTask]
03-14 04:52:04.149 782 825 I ActivityTaskManager: FOREGROUND_APPLICATION_CHANGED to com.android.music.MusicBrowserActivity
03-14 04:52:04.149 5555 5555 I wm_on_top_resumed_lost_called: [244881816,com.android.gallery3d.app.GalleryActivity,topStateChangedWhenResumed]
03-14 04:52:04.150 782 826 I input_focus: [Focus request cf8abfd com.android.music/com.android.music.MusicBrowserActivity,reason=UpdateInputWindows]
03-14 04:52:04.150 8810 8810 I wm_on_top_resumed_gained_called: [33262128,com.android.music.MusicBrowserActivity,topStateChangedWhenResumed]
03-14 04:52:04.170 782 1605 I input_focus: [Focus leaving f9d034f com.android.gallery3d/com.android.gallery3d.app.GalleryActivity (server),reason=setFocusedWindow]
03-14 04:52:04.170 782 1605 I input_focus: [Focus entering cf8abfd com.android.music/com.android.music.MusicBrowserActivity (server),reason=setFocusedWindow]
01-01 09:01:37.831 0 0 E DTC_ETH,link_delay_work_func: 3003, SQI=0, link=0
03-14 04:52:04.839 782 3182 W FreeFormWindowHelper: Current Display FreeFormTask is Task{282c77b #208 type=standard A=10065:com.android.gallery3d U=0 visible=false mode=freeform translucent=false sz=1}
03-14 04:52:04.839 782 3182 W FreeFormWindowHelper: Current Display FreeFormTask is Task{282c77b #208 type=standard A=10065:com.android.gallery3d U=0 visible=false mode=freeform translucent=false sz=1}
03-14 04:52:04.839 782 3182 W FreeFormWindowHelper: Current Display FreeFormTask is Task{282c77b #208 type=standard A=10065:com.android.gallery3d U=0 visible=false mode=freeform translucent=false sz=1}
03-14 04:52:04.840 782 3182 W FreeFormWindowHelper: Current Display FreeFormTask is Task{282c77b #208 type=standard A=10065:com.android.gallery3d U=0 visible=false mode=freeform translucent=false sz=1}
03-14 04:52:04.840 782 6331 I wm_task_moved: [1,0,0]
03-14 04:52:04.840 782 6331 I wm_task_moved: [1,0,6]
03-14 04:52:04.841 782 3182 W FreeFormWindowHelper: Current Display FreeFormTask is Task{282c77b #208 type=standard A=10065:com.android.gallery3d U=0 visible=false mode=freeform translucent=false sz=1}
03-14 04:52:04.842 782 3182 W FreeFormWindowHelper: Current Display FreeFormTask is Task{282c77b #208 type=standard A=10065:com.android.gallery3d U=0 visible=false mode=freeform translucent=false sz=1}
03-14 04:52:04.842 782 2190 W FreeFormWindowHelper: Current Display FreeFormTask is Task{282c77b #208 type=standard A=10065:com.android.gallery3d U=0 visible=false mode=freeform translucent=false sz=1}
03-14 04:52:04.842 782 3182 W FreeFormWindowHelper: Current Display FreeFormTask is Task{282c77b #208 type=standard A=10065:com.android.gallery3d U=0 visible=false mode=freeform translucent=false sz=1}
03-14 04:52:04.843 782 3182 W FreeFormWindowHelper: Current Display FreeFormTask is Task{282c77b #208 type=standard A=10065:com.android.gallery3d U=0 visible=false mode=freeform translucent=false sz=1}
03-14 04:52:04.843 782 3182 W FreeFormWindowHelper: Current Display FreeFormTask is Task{282c77b #208 type=standard A=10065:com.android.gallery3d U=0 visible=false mode=freeform translucent=true sz=1}
03-14 04:52:04.843 782 6331 W WindowManager: updateScale : 0.79357797
03-14 04:52:04.850 4407 4407 I wm_on_restart_called: [174418215,com.android.launcher3.uioverrides.QuickstepLauncher,performRestartActivity]
03-14 04:52:04.851 782 6331 W FreeFormWindowHelper: Current Display FreeFormTask is Task{282c77b #208 type=standard A=10065:com.android.gallery3d U=0 visible=false mode=freeform translucent=true sz=1}
03-14 04:52:04.851 782 3182 W FreeFormWindowHelper: Current Display FreeFormTask is Task{282c77b #208 type=standard A=10065:com.android.gallery3d U=0 visible=false mode=freeform translucent=true sz=1}
03-14 04:52:04.851 782 3182 W FreeFormWindowHelper: Current Display FreeFormTask is Task{282c77b #208 type=standard A=10065:com.android.gallery3d U=0 visible=false mode=freeform translucent=true sz=1}
03-14 04:52:04.858 782 6331 W FreeFormWindowHelper: Current Display FreeFormTask is Task{282c77b #208 type=standard A=10065:com.android.gallery3d U=0 visible=false mode=freeform translucent=true sz=1}
03-14 04:52:04.859 4407 4407 I wm_on_start_called: [174418215,com.android.launcher3.uioverrides.QuickstepLauncher,handleStartActivity]
03-14 04:52:04.859 782 6331 W ActivityTaskManager: getTaskSnapshot: taskId=-894 not found
03-14 04:52:04.860 782 6331 W ActivityTaskManager: getTaskSnapshot: taskId=-894 not found
03-14 04:52:04.860 782 6331 W ActivityTaskManager: getTaskSnapshot: taskId=-894 not found
03-14 04:52:04.870 782 3182 W WindowManager: updateScale : 0.79357797
03-14 04:52:04.872 782 3182 W FreeFormWindowHelper: Current Display FreeFormTask is Task{282c77b #208 type=standard A=10065:com.android.gallery3d U=0 visible=false mode=freeform translucent=true sz=1}
03-14 04:52:04.873 782 3182 W FreeFormWindowHelper: Current Display FreeFormTask is Task{282c77b #208 type=standard A=10065:com.android.gallery3d U=0 visible=false mode=freeform translucent=true sz=1}
03-14 04:52:04.875 782 826 W WindowManager: updateScale : 0.79357797
03-14 04:52:04.876 782 826 W WindowManager: updateScale : 0.79357797
03-14 04:52:04.877 782 826 W WindowManager: updateScale : 0.79357797
03-14 04:52:04.878 782 822 I sysui_multi_action: [319,3,322,35,325,3695,757,761,758,9,759,5,806,com.android.launcher3,871,com.android.launcher3.uioverrides.QuickstepLauncher,905,0,1320,4,1321,1]
03-14 04:52:04.886 782 6331 W FreeFormWindowHelper: Current Display FreeFormTask is Task{282c77b #208 type=standard A=10065:com.android.gallery3d U=0 visible=false mode=freeform translucent=true sz=1}
03-14 04:52:04.886 782 6331 W FreeFormWindowHelper: Current Display FreeFormTask is Task{282c77b #208 type=standard A=10065:com.android.gallery3d U=0 visible=false mode=freeform translucent=true sz=1}
03-14 04:52:05.025 8810 8810 I view_enqueue_input_event: [Motion - Cancel,com.android.music/com.android.music.MusicBrowserActivity]
03-14 04:52:05.026 782 822 D AutofillManagerService: Close system dialogs
03-14 04:52:05.026 4407 4407 I sysui_latency: [1,37]
03-14 04:52:05.027 782 826 I input_focus: [Focus request recents_animation_input_consumer,reason=UpdateInputWindows]
03-14 04:52:05.037 782 3182 W FreeFormWindowHelper: Current Display FreeFormTask is Task{282c77b #208 type=standard A=10065:com.android.gallery3d U=0 visible=false mode=freeform translucent=true sz=1}
03-14 04:52:05.038 782 3182 W FreeFormWindowHelper: Current Display FreeFormTask is Task{282c77b #208 type=standard A=10065:com.android.gallery3d U=0 visible=false mode=freeform translucent=true sz=1}
03-14 04:52:05.038 782 3182 W FreeFormWindowHelper: Current Display FreeFormTask is Task{282c77b #208 type=standard A=10065:com.android.gallery3d U=0 visible=false mode=freeform translucent=true sz=1}
03-14 04:52:05.038 782 6331 W FreeFormWindowHelper: Current Display FreeFormTask is Task{282c77b #208 type=standard A=10065:com.android.gallery3d U=0 visible=false mode=freeform translucent=true sz=1}
03-14 04:52:05.039 782 3182 W FreeFormWindowHelper: Current Display FreeFormTask is Task{282c77b #208 type=standard A=10065:com.android.gallery3d U=0 visible=false mode=freeform translucent=true sz=1}
03-14 04:52:05.039 782 6331 W FreeFormWindowHelper: Current Display FreeFormTask is Task{282c77b #208 type=standard A=10065:com.android.gallery3d U=0 visible=false mode=freeform translucent=true sz=1}
03-14 04:52:05.039 782 1605 I input_interaction: Interaction with: edge-swipe (server), swipe-up (server), PointerEventDispatcher0 (server),
03-14 04:52:05.039 782 6331 W FreeFormWindowHelper: Current Display FreeFormTask is Task{282c77b #208 type=standard A=10065:com.android.gallery3d U=0 visible=false mode=freeform translucent=true sz=1}
03-14 04:52:05.039 782 3182 W ActivityTaskManager: getTaskSnapshot: taskId=-698 not found
03-14 04:52:05.040 782 3182 W ActivityTaskManager: getTaskSnapshot: taskId=-698 not found
03-14 04:52:05.041 782 3182 W ActivityTaskManager: getTaskSnapshot: taskId=-697 not found
03-14 04:52:05.053 782 3182 W FreeFormWindowHelper: Current Display FreeFormTask is Task{282c77b #208 type=standard A=10065:com.android.gallery3d U=0 visible=false mode=freeform translucent=true sz=1}
03-14 04:52:05.054 782 3182 W FreeFormWindowHelper: Current Display FreeFormTask is Task{282c77b #208 type=standard A=10065:com.android.gallery3d U=0 visible=false mode=freeform translucent=true sz=1}
03-14 04:52:05.054 782 1605 I input_focus: [Focus leaving cf8abfd com.android.music/com.android.music.MusicBrowserActivity (server),reason=NOT_FOCUSABLE]
03-14 04:52:05.054 782 1605 I input_focus: [Focus entering recents_animation_input_consumer (server),reason=setFocusedWindow]
03-14 04:52:05.060 782 1331 I commit_sys_config_file: [settings-1-0,2]
03-14 04:52:05.070 782 3182 W FreeFormWindowHelper: Current Display FreeFormTask is Task{282c77b #208 type=standard A=10065:com.android.gallery3d U=0 visible=false mode=freeform translucent=true sz=1}
03-14 04:52:05.070 782 3182 W FreeFormWindowHelper: Current Display FreeFormTask is Task{282c77b #208 type=standard A=10065:com.android.gallery3d U=0 visible=false mode=freeform translucent=true sz=1}
03-14 04:52:05.139 782 2190 W FreeFormWindowHelper: exitRecentTasks type=0
