03-14 04:41:17.521 782 872 I am_wtf : [0,782,system_server,-1,DisplayDeviceConfig,requesting nits when no mapping exists.]
03-14 04:41:17.522 782 872 I am_wtf : [0,782,system_server,-1,DisplayDeviceConfig,requesting nits when no mapping exists.]
03-14 04:41:17.538 782 872 I am_wtf : [0,782,system_server,-1,DisplayDeviceConfig,requesting nits when no mapping exists.]
03-14 04:41:17.538 782 872 I am_wtf : [0,782,system_server,-1,DisplayDeviceConfig,requesting nits when no mapping exists.]
03-14 04:41:17.555 782 872 I am_wtf : [0,782,system_server,-1,DisplayDeviceConfig,requesting nits when no mapping exists.]
03-14 04:41:17.555 782 872 I am_wtf : [0,782,system_server,-1,DisplayDeviceConfig,requesting nits when no mapping exists.]
03-14 04:41:17.572 782 872 I am_wtf : [0,782,system_server,-1,DisplayDeviceConfig,requesting nits when no mapping exists.]
03-14 04:41:17.572 782 872 I am_wtf : [0,782,system_server,-1,DisplayDeviceConfig,requesting nits when no mapping exists.]
03-14 04:41:17.572 782 872 I service_manager_stats: [100,20,7098]
03-14 04:41:17.588 782 872 I am_wtf : [0,782,system_server,-1,DisplayDeviceConfig,requesting nits when no mapping exists.]
03-14 04:41:17.589 782 872 I am_wtf : [0,782,system_server,-1,DisplayDeviceConfig,requesting nits when no mapping exists.]
03-14 04:41:17.605 782 872 I am_wtf : [0,782,system_server,-1,DisplayDeviceConfig,requesting nits when no mapping exists.]
03-14 04:41:17.606 782 872 I am_wtf : [0,782,system_server,-1,DisplayDeviceConfig,requesting nits when no mapping exists.]
03-14 04:41:17.622 782 872 I am_wtf : [0,782,system_server,-1,DisplayDeviceConfig,requesting nits when no mapping exists.]
03-14 04:41:17.622 782 872 I am_wtf : [0,782,system_server,-1,DisplayDeviceConfig,requesting nits when no mapping exists.]
03-14 04:41:17.638 782 872 I am_wtf : [0,782,system_server,-1,DisplayDeviceConfig,requesting nits when no mapping exists.]
03-14 04:41:17.639 782 872 I am_wtf : [0,782,system_server,-1,DisplayDeviceConfig,requesting nits when no mapping exists.]
03-14 04:41:17.655 782 872 I am_wtf : [0,782,system_server,-1,DisplayDeviceConfig,requesting nits when no mapping exists.]
03-14 04:41:17.655 782 872 I am_wtf : [0,782,system_server,-1,DisplayDeviceConfig,requesting nits when no mapping exists.]
03-14 04:41:17.672 782 872 I am_wtf : [0,782,system_server,-1,DisplayDeviceConfig,requesting nits when no mapping exists.]
03-14 04:41:17.672 782 872 I am_wtf : [0,782,system_server,-1,DisplayDeviceConfig,requesting nits when no mapping exists.]
03-14 04:41:17.689 782 872 I am_wtf : [0,782,system_server,-1,DisplayDeviceConfig,requesting nits when no mapping exists.]
03-14 04:41:17.689 782 872 I am_wtf : [0,782,system_server,-1,DisplayDeviceConfig,requesting nits when no mapping exists.]
03-14 04:41:17.705 782 872 I am_wtf : [0,782,system_server,-1,DisplayDeviceConfig,requesting nits when no mapping exists.]
03-14 04:41:17.705 782 872 I am_wtf : [0,782,system_server,-1,DisplayDeviceConfig,requesting nits when no mapping exists.]
03-14 04:41:17.722 782 872 I am_wtf : [0,782,system_server,-1,DisplayDeviceConfig,requesting nits when no mapping exists.]
03-14 04:41:17.722 782 872 I am_wtf : [0,782,system_server,-1,DisplayDeviceConfig,requesting nits when no mapping exists.]
03-14 04:41:17.739 782 872 I am_wtf : [0,782,system_server,-1,DisplayDeviceConfig,requesting nits when no mapping exists.]
03-14 04:41:17.739 782 872 I am_wtf : [0,782,system_server,-1,DisplayDeviceConfig,requesting nits when no mapping exists.]
03-14 04:41:17.755 782 872 I am_wtf : [0,782,system_server,-1,DisplayDeviceConfig,requesting nits when no mapping exists.]
03-14 04:41:17.756 782 872 I am_wtf : [0,782,system_server,-1,DisplayDeviceConfig,requesting nits when no mapping exists.]
03-14 04:41:17.772 782 872 I am_wtf : [0,782,system_server,-1,DisplayDeviceConfig,requesting nits when no mapping exists.]
03-14 04:41:17.772 782 872 I am_wtf : [0,782,system_server,-1,DisplayDeviceConfig,requesting nits when no mapping exists.]
03-14 04:41:17.789 782 872 I am_wtf : [0,782,system_server,-1,DisplayDeviceConfig,requesting nits when no mapping exists.]
03-14 04:41:17.789 782 872 I am_wtf : [0,782,system_server,-1,DisplayDeviceConfig,requesting nits when no mapping exists.]
03-14 04:41:17.806 782 872 I am_wtf : [0,782,system_server,-1,DisplayDeviceConfig,requesting nits when no mapping exists.]
03-14 04:41:17.806 782 872 I am_wtf : [0,782,system_server,-1,DisplayDeviceConfig,requesting nits when no mapping exists.]
03-14 04:41:17.822 782 872 I am_wtf : [0,782,system_server,-1,DisplayDeviceConfig,requesting nits when no mapping exists.]
03-14 04:41:17.822 782 872 I am_wtf : [0,782,system_server,-1,DisplayDeviceConfig,requesting nits when no mapping exists.]
03-14 04:41:17.839 782 872 I am_wtf : [0,782,system_server,-1,DisplayDeviceConfig,requesting nits when no mapping exists.]
03-14 04:41:17.839 782 872 I am_wtf : [0,782,system_server,-1,DisplayDeviceConfig,requesting nits when no mapping exists.]
03-14 04:41:17.856 782 872 I am_wtf : [0,782,system_server,-1,DisplayDeviceConfig,requesting nits when no mapping exists.]
03-14 04:41:17.856 782 872 I am_wtf : [0,782,system_server,-1,DisplayDeviceConfig,requesting nits when no mapping exists.]
03-14 04:41:17.872 782 872 I am_wtf : [0,782,system_server,-1,DisplayDeviceConfig,requesting nits when no mapping exists.]
03-14 04:41:17.873 782 872 I am_wtf : [0,782,system_server,-1,DisplayDeviceConfig,requesting nits when no mapping exists.]
01-01 08:50:52.711 0 0 E DTC_ETH,link_delay_work_func: 3003, SQI=0, link=0
01-01 08:50:57.831 0 0 E DTC_ETH,link_delay_work_func: 3003, SQI=0, link=0
01-01 08:51:02.951 0 0 E DTC_ETH,link_delay_work_func: 3003, SQI=0, link=0
01-01 08:51:08.071 0 0 E DTC_ETH,link_delay_work_func: 3003, SQI=0, link=0
01-01 08:51:13.191 0 0 E DTC_ETH,link_delay_work_func: 3003, SQI=0, link=0
01-01 08:51:18.311 0 0 E DTC_ETH,link_delay_work_func: 3003, SQI=0, link=0
01-01 08:51:23.431 0 0 E DTC_ETH,link_delay_work_func: 3003, SQI=0, link=0
01-01 08:51:28.551 0 0 E DTC_ETH,link_delay_work_func: 3003, SQI=0, link=0
01-01 08:51:30.091 0 0 I [schedu][0xdd0029376][04:41:56.696551] wlan: [3522:I:OSIF] scan start scan id 40975
01-01 08:51:31.253 0 0 I [schedu][0xdd156fba5][04:41:57.858473] wlan: [3522:I:OSIF] vdev 0, scan id 40975 type COMPLETED(1) reason COMPLETED(1) scan found 18 bss
01-01 08:51:33.671 0 0 E DTC_ETH,link_delay_work_func: 3003, SQI=0, link=0
01-01 08:51:38.791 0 0 E DTC_ETH,link_delay_work_func: 3003, SQI=0, link=0
01-01 08:51:43.911 0 0 E DTC_ETH,link_delay_work_func: 3003, SQI=0, link=0
01-01 08:51:49.031 0 0 E DTC_ETH,link_delay_work_func: 3003, SQI=0, link=0
01-01 08:51:54.151 0 0 E DTC_ETH,link_delay_work_func: 3003, SQI=0, link=0
03-14 04:42:22.935 782 872 I am_uid_idle: 10063
01-01 08:51:59.271 0 0 E DTC_ETH,link_delay_work_func: 3003, SQI=0, link=0
01-01 08:52:04.391 0 0 E DTC_ETH,link_delay_work_func: 3003, SQI=0, link=0
01-01 08:52:09.511 0 0 E DTC_ETH,link_delay_work_func: 3003, SQI=0, link=0
01-01 08:52:14.631 0 0 E DTC_ETH,link_delay_work_func: 3003, SQI=0, link=0
03-14 04:42:41.931 782 1605 I input_interaction: Interaction with: c393a6d com.thundercomm.screensaver/android.service.dreams.DreamActivity (server), edge-swipe (server), swipe-up (server), PointerEventDispatcher0 (server),
03-14 04:42:41.933 782 5554 I wm_finish_activity: [0,9505841,186,com.thundercomm.screensaver/android.service.dreams.DreamActivity,finish-activity]
03-14 04:42:41.933 782 5554 I wm_task_moved: [1,1,6]
03-14 04:42:41.934 782 5554 I wm_task_moved: [102,1,2147483647]
03-14 04:42:41.934 782 5554 I wm_task_to_front: [0,102]
03-14 04:42:41.934 782 5554 I wm_focused_root_task: [0,0,1,186,finish-top adjustFocusToNextFocusableTask]
03-14 04:42:41.935 782 5554 I wm_set_resumed_activity: [0,com.android.launcher3/.uioverrides.QuickstepLauncher,finish-top adjustFocusToNextFocusableTask]
03-14 04:42:41.936 782 5554 I wm_pause_activity: [0,9505841,com.thundercomm.screensaver/android.service.dreams.DreamActivity,userLeaving=false,finish]
03-14 04:42:41.942 6960 6960 I wm_on_top_resumed_lost_called: [9505841,android.service.dreams.DreamActivity,topStateChangedWhenResumed]
03-14 04:42:41.943 6960 6960 I wm_on_paused_called: [9505841,android.service.dreams.DreamActivity,performPause]
03-14 04:42:41.943 782 825 I sysui_multi_action: [757,803,799,window_time_0,802,85]
03-14 04:42:41.944 782 5554 I wm_add_to_stopping: [0,9505841,com.thundercomm.screensaver/android.service.dreams.DreamActivity,completeFinishing]
03-14 04:42:41.946 782 5554 I wm_set_resumed_activity: [0,com.android.launcher3/.uioverrides.QuickstepLauncher,resumeTopActivityInnerLocked]
03-14 04:42:41.948 782 5554 I wm_resume_activity: [0,174418215,102,com.android.launcher3/.uioverrides.QuickstepLauncher]
03-14 04:42:41.951 4407 4407 I wm_on_restart_called: [174418215,com.android.launcher3.uioverrides.QuickstepLauncher,performRestartActivity]
03-14 04:42:41.951 4407 4407 I wm_on_start_called: [174418215,com.android.launcher3.uioverrides.QuickstepLauncher,handleStartActivity]
03-14 04:42:41.952 4407 4407 I wm_on_resume_called: [174418215,com.android.launcher3.uioverrides.QuickstepLauncher,RESUME_ACTIVITY]
03-14 04:42:41.952 4407 4407 I wm_on_top_resumed_gained_called: [174418215,com.android.launcher3.uioverrides.QuickstepLauncher,topWhenResuming]
03-14 04:42:41.952 782 825 I sysui_multi_action: [757,803,799,window_time_0,802,0]
03-14 04:42:41.961 6960 6960 I view_enqueue_input_event: [Motion - Cancel,com.thundercomm.screensaver/android.service.dreams.DreamActivity]
03-14 04:42:41.961 782 1605 I input_focus: [Focus leaving c393a6d com.thundercomm.screensaver/android.service.dreams.DreamActivity (server),reason=NO_WINDOW]
03-14 04:42:41.964 782 826 I input_focus: [Focus request e892cf3 com.android.launcher3/com.android.launcher3.uioverrides.QuickstepLauncher,reason=UpdateInputWindows]
03-14 04:42:41.965 782 6955 I am_uid_active: 10063
03-14 04:42:41.968 782 1605 I input_interaction: Interaction with: edge-swipe (server), swipe-up (server), PointerEventDispatcher0 (server),
03-14 04:42:41.972 782 830 I am_pss : [7907,1000,com.android.settings,35624960,33624064,0,123797504,0,19,6]
03-14 04:42:41.979 782 1605 I input_focus: [Focus entering e892cf3 com.android.launcher3/com.android.launcher3.uioverrides.QuickstepLauncher (server),reason=setFocusedWindow]
03-14 04:42:42.215 782 825 I wm_destroy_activity: [0,9505841,186,com.thundercomm.screensaver/android.service.dreams.DreamActivity,finish-imm:idle]
03-14 04:42:42.235 6960 6960 I wm_on_stop_called: [9505841,android.service.dreams.DreamActivity,LIFECYCLER_STOP_ACTIVITY]
03-14 04:42:42.236 6960 6960 I wm_on_destroy_called: [9505841,android.service.dreams.DreamActivity,performDestroy]
03-14 04:42:42.239 782 822 I sysui_multi_action: [757,222,758,2]
03-14 04:42:42.239 782 822 I sysui_multi_action: [757,804,799,dreaming_minutes,801,1,802,1]
03-14 04:42:42.246 782 6955 I wm_task_removed: [186,removeChild:removeChild last r=ActivityRecord{910c31 u0 com.thundercomm.screensaver/android.service.dreams.DreamActivity t-1 f}} in t=Task{54ffb8f #186 type=dream A=10050:android:com.thundercomm.screensaver/dream U=0 visible=false mode=fullscreen translucent=true sz=0}]
03-14 04:42:42.246 782 6955 I wm_task_removed: [186,removeChild]
03-14 04:42:43.797 782 1605 I input_interaction: Interaction with: e892cf3 com.android.launcher3/com.android.launcher3.uioverrides.QuickstepLauncher (server), d04e39a com.android.systemui.ImageWallpaper (server), edge-swipe (server), swipe-up (server), PointerEventDispatcher0 (server),
03-14 04:42:44.861 782 6955 I wm_task_moved: [177,1,6]
03-14 04:42:44.861 782 6955 I wm_task_to_front: [0,177]
03-14 04:42:44.862 782 6955 I wm_focused_root_task: [0,0,177,1,bringingFoundTaskToFront]
03-14 04:42:44.862 782 6955 I wm_set_resumed_activity: [0,com.android.gallery3d/.app.GalleryActivity,bringingFoundTaskToFront]
03-14 04:42:44.868 782 6955 I wm_set_resumed_activity: [0,com.android.gallery3d/.app.GalleryActivity,resumeTopActivityInnerLocked]
03-14 04:42:44.869 782 6955 I wm_resume_activity: [0,55170498,177,com.android.gallery3d/.app.GalleryActivity]
03-14 04:42:44.876 4407 4407 I wm_on_top_resumed_lost_called: [174418215,com.android.launcher3.uioverrides.QuickstepLauncher,topStateChangedWhenResumed]
03-14 04:42:44.880 782 825 I am_uid_active: 10065
03-14 04:42:44.891 5555 5555 I wm_on_restart_called: [55170498,com.android.gallery3d.app.GalleryActivity,performRestartActivity]
03-14 04:42:44.892 5555 5555 I wm_on_start_called: [55170498,com.android.gallery3d.app.GalleryActivity,handleStartActivity]
03-14 04:42:44.895 5555 5555 I wm_on_resume_called: [55170498,com.android.gallery3d.app.GalleryActivity,RESUME_ACTIVITY]
03-14 04:42:44.896 5555 5555 I wm_on_top_resumed_gained_called: [55170498,com.android.gallery3d.app.GalleryActivity,topStateChangedWhenResumed]
03-14 04:42:44.911 782 826 I input_focus: [Focus request 958ed4 com.android.gallery3d/com.android.gallery3d.app.GalleryActivity,reason=UpdateInputWindows]
03-14 04:42:44.937 782 1605 I input_focus: [Focus leaving e892cf3 com.android.launcher3/com.android.launcher3.uioverrides.QuickstepLauncher (server),reason=setFocusedWindow]
03-14 04:42:44.937 782 822 I sysui_multi_action: [319,73,322,73,325,3135,757,761,758,9,759,2,806,com.android.gallery3d,871,com.android.gallery3d.app.GalleryActivity,904,com.android.launcher3,905,0,1320,4,1321,1]
03-14 04:42:44.937 782 1605 I input_focus: [Focus entering 958ed4 com.android.gallery3d/com.android.gallery3d.app.GalleryActivity (server),reason=setFocusedWindow]
01-01 08:52:19.751 0 0 E DTC_ETH,link_delay_work_func: 3003, SQI=0, link=0
01-01 08:52:21.193 0 0 I msm_vidc: err : ffffffff: .....: DBLP Set: status 0
01-01 08:52:24.871 0 0 E DTC_ETH,link_delay_work_func: 3003, SQI=0, link=0
01-01 08:52:29.991 0 0 E DTC_ETH,link_delay_work_func: 3003, SQI=0, link=0
01-01 08:52:35.111 0 0 E DTC_ETH,link_delay_work_func: 3003, SQI=0, link=0
01-01 08:52:35.977 0 0 I msm_vidc: err : ffffffff: .....: DBLP Set: status 0
01-01 08:52:40.231 0 0 E DTC_ETH,link_delay_work_func: 3003, SQI=0, link=0
01-01 08:52:45.351 0 0 E DTC_ETH,link_delay_work_func: 3003, SQI=0, link=0
01-01 08:52:50.471 0 0 E DTC_ETH,link_delay_work_func: 3003, SQI=0, link=0
01-01 08:52:55.591 0 0 E DTC_ETH,link_delay_work_func: 3003, SQI=0, link=0
01-01 08:53:00.711 0 0 E DTC_ETH,link_delay_work_func: 3003, SQI=0, link=0
03-14 04:43:31.257 782 1605 I input_interaction: Interaction with: 958ed4 com.android.gallery3d/com.android.gallery3d.app.GalleryActivity (server), edge-swipe (server), swipe-up (server), PointerEventDispatcher0 (server),
03-14 04:43:31.653 782 1605 I input_focus: [Focus leaving 958ed4 com.android.gallery3d/com.android.gallery3d.app.GalleryActivity (server),reason=NOT_VISIBLE]
03-14 04:43:31.653 782 6955 I wm_finish_activity: [0,55170498,177,com.android.gallery3d/.app.GalleryActivity,finish-activity]
03-14 04:43:31.653 782 6955 I wm_task_moved: [1,1,6]
03-14 04:43:31.654 782 6955 I wm_set_resumed_activity: [0,com.android.launcher3/.uioverrides.QuickstepLauncher,positionChildAt]
03-14 04:43:31.654 782 6955 I wm_task_moved: [102,1,2147483647]
03-14 04:43:31.654 782 6955 I wm_task_to_front: [0,102]
03-14 04:43:31.655 782 6955 I wm_focused_root_task: [0,0,1,-1,finish-top adjustFocusToNextFocusableTask]
03-14 04:43:31.655 782 6955 I wm_set_resumed_activity: [0,com.android.launcher3/.uioverrides.QuickstepLauncher,finish-top]
03-14 04:43:31.656 782 6955 I wm_pause_activity: [0,55170498,com.android.gallery3d/.app.GalleryActivity,userLeaving=false,finish]
03-14 04:43:31.661 782 826 I input_focus: [Focus request e892cf3 com.android.launcher3/com.android.launcher3.uioverrides.QuickstepLauncher,reason=UpdateInputWindows]
03-14 04:43:31.662 5555 5555 I wm_on_top_resumed_lost_called: [55170498,com.android.gallery3d.app.GalleryActivity,topStateChangedWhenResumed]
03-14 04:43:31.669 782 825 I sysui_multi_action: [757,803,799,window_time_0,802,50]
03-14 04:43:31.673 782 1605 I input_focus: [Focus entering e892cf3 com.android.launcher3/com.android.launcher3.uioverrides.QuickstepLauncher (server),reason=setFocusedWindow]
03-14 04:43:31.675 4407 4407 I wm_on_top_resumed_gained_called: [174418215,com.android.launcher3.uioverrides.QuickstepLauncher,topStateChangedWhenResumed]
03-14 04:43:31.686 5555 5555 I wm_on_paused_called: [55170498,com.android.gallery3d.app.GalleryActivity,performPause]
03-14 04:43:31.688 782 2679 I wm_destroy_activity: [0,55170498,177,com.android.gallery3d/.app.GalleryActivity,finish-imm:completePausedLocked]
03-14 04:43:31.701 782 825 I sysui_multi_action: [757,803,799,window_time_0,802,0]
03-14 04:43:31.709 5555 5555 I wm_on_stop_called: [55170498,com.android.gallery3d.app.GalleryActivity,LIFECYCLER_STOP_ACTIVITY]
03-14 04:43:31.712 5555 5555 I wm_on_destroy_called: [55170498,com.android.gallery3d.app.GalleryActivity,performDestroy]
03-14 04:43:31.718 782 6955 I wm_task_removed: [177,removeChild:removeChild last r=ActivityRecord{349d5c2 u0 com.android.gallery3d/.app.GalleryActivity t-1 f}} in t=Task{b14e64b #177 type=standard A=10065:com.android.gallery3d U=0 visible=false mode=freeform translucent=true sz=0}]
03-14 04:43:31.718 782 6955 I wm_task_removed: [177,removeChild]
01-01 08:53:05.831 0 0 E DTC_ETH,link_delay_work_func: 3003, SQI=0, link=0
03-14 04:43:32.795 782 1605 I input_interaction: Interaction with: e892cf3 com.android.launcher3/com.android.launcher3.uioverrides.QuickstepLauncher (server), d04e39a com.android.systemui.ImageWallpaper (server), edge-swipe (server), swipe-up (server), PointerEventDispatcher0 (server),
03-14 04:43:33.929 782 2679 I wm_task_created: [187,-1]
03-14 04:43:33.933 782 2679 I wm_task_moved: [187,1,6]
03-14 04:43:33.933 782 2679 I wm_task_to_front: [0,187]
03-14 04:43:33.933 782 2679 I wm_create_task: [0,187]
03-14 04:43:33.933 782 2679 I wm_create_activity: [0,120049804,187,com.android.gallery3d/.app.GalleryActivity,android.intent.action.MAIN,NULL,NULL,270532608]
03-14 04:43:33.933 782 2679 I wm_task_moved: [187,1,6]
03-14 04:43:33.935 782 2679 I wm_restart_activity: [0,120049804,187,com.android.gallery3d/.app.GalleryActivity]
03-14 04:43:33.935 782 2679 I wm_set_resumed_activity: [0,com.android.gallery3d/.app.GalleryActivity,minimalResumeActivityLocked]
03-14 04:43:33.940 4407 4407 I wm_on_top_resumed_lost_called: [174418215,com.android.launcher3.uioverrides.QuickstepLauncher,topStateChangedWhenResumed]
03-14 04:43:33.948 5555 5555 I wm_on_create_called: [120049804,com.android.gallery3d.app.GalleryActivity,performCreate]
03-14 04:43:33.948 5555 5555 I wm_on_start_called: [120049804,com.android.gallery3d.app.GalleryActivity,handleStartActivity]
03-14 04:43:33.949 5555 5555 I wm_on_resume_called: [120049804,com.android.gallery3d.app.GalleryActivity,RESUME_ACTIVITY]
03-14 04:43:33.951 5555 5555 I wm_on_top_resumed_gained_called: [120049804,com.android.gallery3d.app.GalleryActivity,topStateChangedWhenResumed]
03-14 04:43:33.954 782 826 I input_focus: [Focus request c0888b6 com.android.gallery3d/com.android.gallery3d.app.GalleryActivity,reason=UpdateInputWindows]
03-14 04:43:33.987 782 1605 I input_focus: [Focus leaving e892cf3 com.android.launcher3/com.android.launcher3.uioverrides.QuickstepLauncher (server),reason=Waiting for window because NOT_VISIBLE]
03-14 04:43:33.989 782 822 I sysui_multi_action: [319,63,322,63,325,3184,757,761,758,8,759,2,806,com.android.gallery3d,871,com.android.gallery3d.app.GalleryActivity,904,com.android.launcher3,905,0,1320,4,1321,1]
03-14 04:43:33.989 782 822 I wm_activity_launch_time: [0,120049804,com.android.gallery3d/.app.GalleryActivity,63]
03-14 04:43:34.004 782 1605 I input_focus: [Focus entering c0888b6 com.android.gallery3d/com.android.gallery3d.app.GalleryActivity (server),reason=Window became focusable. Previous reason: NOT_VISIBLE]
03-14 04:43:34.054 782 830 I am_pss : [7303,10086,com.android.music,37518336,31424512,0,159944704,0,4,7]
03-14 04:43:34.059 782 830 I am_pss : [7907,1000,com.android.settings,35624960,33624064,0,123797504,0,19,4]
03-14 04:43:34.067 782 830 I am_pss : [5580,10093,com.qiyi.video,101721088,84623360,0,172564480,0,19,8]
01-01 08:53:10.951 0 0 E DTC_ETH,link_delay_work_func: 3003, SQI=0, link=0
03-14 04:43:42.248 782 872 I am_uid_idle: 10050
01-01 08:53:16.071 0 0 E DTC_ETH,link_delay_work_func: 3003, SQI=0, link=0
01-01 08:53:21.191 0 0 E DTC_ETH,link_delay_work_func: 3003, SQI=0, link=0
03-14 04:43:47.993 782 872 I am_uid_idle: 10063
01-01 08:53:26.311 0 0 E DTC_ETH,link_delay_work_func: 3003, SQI=0, link=0
01-01 08:53:31.431 0 0 E DTC_ETH,link_delay_work_func: 3003, SQI=0, link=0
01-01 08:53:35.977 0 0 I msm_vidc: err : ffffffff: .....: DBLP Set: status 0
01-01 08:53:36.551 0 0 E DTC_ETH,link_delay_work_func: 3003, SQI=0, link=0
01-01 08:53:41.671 0 0 E DTC_ETH,link_delay_work_func: 3003, SQI=0, link=0
01-01 08:53:46.791 0 0 E DTC_ETH,link_delay_work_func: 3003, SQI=0, link=0
01-01 08:53:51.911 0 0 E DTC_ETH,link_delay_work_func: 3003, SQI=0, link=0
01-01 08:53:57.031 0 0 E DTC_ETH,link_delay_work_func: 3003, SQI=0, link=0
03-14 04:44:26.919 782 1000 I sysui_multi_action: [757,1696,758,6,759,2]
03-14 04:44:26.931 782 872 I am_wtf : [0,782,system_server,-1,DisplayDeviceConfig,requesting nits when no mapping exists.]
03-14 04:44:26.935 782 872 I am_wtf : [0,782,system_server,-1,DisplayDeviceConfig,requesting nits when no mapping exists.]
03-14 04:44:26.947 782 872 I am_wtf : [0,782,system_server,-1,DisplayDeviceConfig,requesting nits when no mapping exists.]
03-14 04:44:26.949 782 872 I am_wtf : [0,782,system_server,-1,DisplayDeviceConfig,requesting nits when no mapping exists.]
03-14 04:44:26.963 782 872 I am_wtf : [0,782,system_server,-1,DisplayDeviceConfig,requesting nits when no mapping exists.]
03-14 04:44:26.964 782 872 I am_wtf : [0,782,system_server,-1,DisplayDeviceConfig,requesting nits when no mapping exists.]
03-14 04:44:26.978 782 872 I am_wtf : [0,782,system_server,-1,DisplayDeviceConfig,requesting nits when no mapping exists.]
03-14 04:44:26.979 782 872 I am_wtf : [0,782,system_server,-1,DisplayDeviceConfig,requesting nits when no mapping exists.]
03-14 04:44:26.995 782 872 I am_wtf : [0,782,system_server,-1,DisplayDeviceConfig,requesting nits when no mapping exists.]
03-14 04:44:26.995 782 872 I am_wtf : [0,782,system_server,-1,DisplayDeviceConfig,requesting nits when no mapping exists.]
03-14 04:44:27.012 782 872 I am_wtf : [0,782,system_server,-1,DisplayDeviceConfig,requesting nits when no mapping exists.]
03-14 04:44:27.013 782 872 I am_wtf : [0,782,system_server,-1,DisplayDeviceConfig,requesting nits when no mapping exists.]
03-14 04:44:27.028 782 872 I am_wtf : [0,782,system_server,-1,DisplayDeviceConfig,requesting nits when no mapping exists.]
03-14 04:44:27.029 782 872 I am_wtf : [0,782,system_server,-1,DisplayDeviceConfig,requesting nits when no mapping exists.]
03-14 04:44:27.046 782 872 I am_wtf : [0,782,system_server,-1,DisplayDeviceConfig,requesting nits when no mapping exists.]
03-14 04:44:27.046 782 872 I am_wtf : [0,782,system_server,-1,DisplayDeviceConfig,requesting nits when no mapping exists.]
03-14 04:44:27.062 782 872 I am_wtf : [0,782,system_server,-1,DisplayDeviceConfig,requesting nits when no mapping exists.]
03-14 04:44:27.062 782 872 I am_wtf : [0,782,system_server,-1,DisplayDeviceConfig,requesting nits when no mapping exists.]
03-14 04:44:27.079 782 872 I am_wtf : [0,782,system_server,-1,DisplayDeviceConfig,requesting nits when no mapping exists.]
03-14 04:44:27.080 782 872 I am_wtf : [0,782,system_server,-1,DisplayDeviceConfig,requesting nits when no mapping exists.]
03-14 04:44:27.095 782 872 I am_wtf : [0,782,system_server,-1,DisplayDeviceConfig,requesting nits when no mapping exists.]
03-14 04:44:27.097 782 872 I am_wtf : [0,782,system_server,-1,DisplayDeviceConfig,requesting nits when no mapping exists.]
03-14 04:44:27.097 782 872 I service_manager_stats: [100,36,189525]
03-14 04:44:27.112 782 872 I am_wtf : [0,782,system_server,-1,DisplayDeviceConfig,requesting nits when no mapping exists.]
03-14 04:44:27.113 782 872 I am_wtf : [0,782,system_server,-1,DisplayDeviceConfig,requesting nits when no mapping exists.]
03-14 04:44:27.129 782 872 I am_wtf : [0,782,system_server,-1,DisplayDeviceConfig,requesting nits when no mapping exists.]
03-14 04:44:27.129 782 872 I am_wtf : [0,782,system_server,-1,DisplayDeviceConfig,requesting nits when no mapping exists.]
03-14 04:44:27.145 782 872 I am_wtf : [0,782,system_server,-1,DisplayDeviceConfig,requesting nits when no mapping exists.]
03-14 04:44:27.146 782 872 I am_wtf : [0,782,system_server,-1,DisplayDeviceConfig,requesting nits when no mapping exists.]
03-14 04:44:27.162 782 872 I am_wtf : [0,782,system_server,-1,DisplayDeviceConfig,requesting nits when no mapping exists.]
03-14 04:44:27.162 782 872 I am_wtf : [0,782,system_server,-1,DisplayDeviceConfig,requesting nits when no mapping exists.]
03-14 04:44:27.178 782 872 I am_wtf : [0,782,system_server,-1,DisplayDeviceConfig,requesting nits when no mapping exists.]
03-14 04:44:27.179 782 872 I am_wtf : [0,782,system_server,-1,DisplayDeviceConfig,requesting nits when no mapping exists.]
03-14 04:44:27.196 782 872 I am_wtf : [0,782,system_server,-1,DisplayDeviceConfig,requesting nits when no mapping exists.]
03-14 04:44:27.197 782 872 I am_wtf : [0,782,system_server,-1,DisplayDeviceConfig,requesting nits when no mapping exists.]
03-14 04:44:27.213 782 872 I am_wtf : [0,782,system_server,-1,DisplayDeviceConfig,requesting nits when no mapping exists.]
03-14 04:44:27.213 782 872 I am_wtf : [0,782,system_server,-1,DisplayDeviceConfig,requesting nits when no mapping exists.]
03-14 04:44:27.229 782 872 I am_wtf : [0,782,system_server,-1,DisplayDeviceConfig,requesting nits when no mapping exists.]
03-14 04:44:27.229 782 872 I am_wtf : [0,782,system_server,-1,DisplayDeviceConfig,requesting nits when no mapping exists.]
03-14 04:44:27.246 782 872 I am_wtf : [0,782,system_server,-1,DisplayDeviceConfig,requesting nits when no mapping exists.]
03-14 04:44:27.247 782 872 I am_wtf : [0,782,system_server,-1,DisplayDeviceConfig,requesting nits when no mapping exists.]
03-14 04:44:27.262 782 872 I am_wtf : [0,782,system_server,-1,DisplayDeviceConfig,requesting nits when no mapping exists.]
03-14 04:44:27.263 782 872 I am_wtf : [0,782,system_server,-1,DisplayDeviceConfig,requesting nits when no mapping exists.]
03-14 04:44:27.280 782 872 I am_wtf : [0,782,system_server,-1,DisplayDeviceConfig,requesting nits when no mapping exists.]
03-14 04:44:27.281 782 872 I am_wtf : [0,782,system_server,-1,DisplayDeviceConfig,requesting nits when no mapping exists.]
03-14 04:44:27.295 782 872 I am_wtf : [0,782,system_server,-1,DisplayDeviceConfig,requesting nits when no mapping exists.]
03-14 04:44:27.296 782 872 I am_wtf : [0,782,system_server,-1,DisplayDeviceConfig,requesting nits when no mapping exists.]
03-14 04:44:27.312 782 872 I am_wtf : [0,782,system_server,-1,DisplayDeviceConfig,requesting nits when no mapping exists.]
03-14 04:44:27.313 782 872 I am_wtf : [0,782,system_server,-1,DisplayDeviceConfig,requesting nits when no mapping exists.]
03-14 04:44:27.329 782 872 I am_wtf : [0,782,system_server,-1,DisplayDeviceConfig,requesting nits when no mapping exists.]
03-14 04:44:27.330 782 872 I am_wtf : [0,782,system_server,-1,DisplayDeviceConfig,requesting nits when no mapping exists.]
03-14 04:44:27.346 782 872 I am_wtf : [0,782,system_server,-1,DisplayDeviceConfig,requesting nits when no mapping exists.]
03-14 04:44:27.346 782 872 I am_wtf : [0,782,system_server,-1,DisplayDeviceConfig,requesting nits when no mapping exists.]
03-14 04:44:27.362 782 872 I am_wtf : [0,782,system_server,-1,DisplayDeviceConfig,requesting nits when no mapping exists.]
03-14 04:44:27.363 782 872 I am_wtf : [0,782,system_server,-1,DisplayDeviceConfig,requesting nits when no mapping exists.]
03-14 04:44:27.379 782 872 I am_wtf : [0,782,system_server,-1,DisplayDeviceConfig,requesting nits when no mapping exists.]
03-14 04:44:27.380 782 872 I am_wtf : [0,782,system_server,-1,DisplayDeviceConfig,requesting nits when no mapping exists.]
03-14 04:44:27.396 782 872 I am_wtf : [0,782,system_server,-1,DisplayDeviceConfig,requesting nits when no mapping exists.]
03-14 04:44:27.397 782 872 I am_wtf : [0,782,system_server,-1,DisplayDeviceConfig,requesting nits when no mapping exists.]
03-14 04:44:27.412 782 872 I am_wtf : [0,782,system_server,-1,DisplayDeviceConfig,requesting nits when no mapping exists.]
03-14 04:44:27.413 782 872 I am_wtf : [0,782,system_server,-1,DisplayDeviceConfig,requesting nits when no mapping exists.]
03-14 04:44:27.429 782 872 I am_wtf : [0,782,system_server,-1,DisplayDeviceConfig,requesting nits when no mapping exists.]
03-14 04:44:27.430 782 872 I am_wtf : [0,782,system_server,-1,DisplayDeviceConfig,requesting nits when no mapping exists.]
03-14 04:44:27.446 782 872 I am_wtf : [0,782,system_server,-1,DisplayDeviceConfig,requesting nits when no mapping exists.]
03-14 04:44:27.447 782 872 I am_wtf : [0,782,system_server,-1,DisplayDeviceConfig,requesting nits when no mapping exists.]
03-14 04:44:27.463 782 872 I am_wtf : [0,782,system_server,-1,DisplayDeviceConfig,requesting nits when no mapping exists.]
03-14 04:44:27.464 782 872 I am_wtf : [0,782,system_server,-1,DisplayDeviceConfig,requesting nits when no mapping exists.]
03-14 04:44:27.480 782 872 I am_wtf : [0,782,system_server,-1,DisplayDeviceConfig,requesting nits when no mapping exists.]
03-14 04:44:27.480 782 872 I am_wtf : [0,782,system_server,-1,DisplayDeviceConfig,requesting nits when no mapping exists.]
03-14 04:44:27.496 782 872 I am_wtf : [0,782,system_server,-1,DisplayDeviceConfig,requesting nits when no mapping exists.]
03-14 04:44:27.497 782 872 I am_wtf : [0,782,system_server,-1,DisplayDeviceConfig,requesting nits when no mapping exists.]
03-14 04:44:27.513 782 872 I am_wtf : [0,782,system_server,-1,DisplayDeviceConfig,requesting nits when no mapping exists.]
03-14 04:44:27.514 782 872 I am_wtf : [0,782,system_server,-1,DisplayDeviceConfig,requesting nits when no mapping exists.]
03-14 04:44:27.530 782 872 I am_wtf : [0,782,system_server,-1,DisplayDeviceConfig,requesting nits when no mapping exists.]
03-14 04:44:27.530 782 872 I am_wtf : [0,782,system_server,-1,DisplayDeviceConfig,requesting nits when no mapping exists.]
03-14 04:44:27.546 782 872 I am_wtf : [0,782,system_server,-1,DisplayDeviceConfig,requesting nits when no mapping exists.]
03-14 04:44:27.547 782 872 I am_wtf : [0,782,system_server,-1,DisplayDeviceConfig,requesting nits when no mapping exists.]
03-14 04:44:27.563 782 872 I am_wtf : [0,782,system_server,-1,DisplayDeviceConfig,requesting nits when no mapping exists.]
03-14 04:44:27.564 782 872 I am_wtf : [0,782,system_server,-1,DisplayDeviceConfig,requesting nits when no mapping exists.]
03-14 04:44:27.580 782 872 I am_wtf : [0,782,system_server,-1,DisplayDeviceConfig,requesting nits when no mapping exists.]
03-14 04:44:27.581 782 872 I am_wtf : [0,782,system_server,-1,DisplayDeviceConfig,requesting nits when no mapping exists.]
03-14 04:44:27.597 782 872 I am_wtf : [0,782,system_server,-1,DisplayDeviceConfig,requesting nits when no mapping exists.]
03-14 04:44:27.598 782 872 I am_wtf : [0,782,system_server,-1,DisplayDeviceConfig,requesting nits when no mapping exists.]
03-14 04:44:27.613 782 872 I am_wtf : [0,782,system_server,-1,DisplayDeviceConfig,requesting nits when no mapping exists.]
03-14 04:44:27.614 782 872 I am_wtf : [0,782,system_server,-1,DisplayDeviceConfig,requesting nits when no mapping exists.]
03-14 04:44:27.630 782 872 I am_wtf : [0,782,system_server,-1,DisplayDeviceConfig,requesting nits when no mapping exists.]
03-14 04:44:27.630 782 872 I am_wtf : [0,782,system_server,-1,DisplayDeviceConfig,requesting nits when no mapping exists.]
03-14 04:44:27.646 782 872 I am_wtf : [0,782,system_server,-1,DisplayDeviceConfig,requesting nits when no mapping exists.]
03-14 04:44:27.647 782 872 I am_wtf : [0,782,system_server,-1,DisplayDeviceConfig,requesting nits when no mapping exists.]
03-14 04:44:27.663 782 872 I am_wtf : [0,782,system_server,-1,DisplayDeviceConfig,requesting nits when no mapping exists.]
03-14 04:44:27.664 782 872 I am_wtf : [0,782,system_server,-1,DisplayDeviceConfig,requesting nits when no mapping exists.]
03-14 04:44:27.680 782 872 I am_wtf : [0,782,system_server,-1,DisplayDeviceConfig,requesting nits when no mapping exists.]
03-14 04:44:27.681 782 872 I am_wtf : [0,782,system_server,-1,DisplayDeviceConfig,requesting nits when no mapping exists.]
03-14 04:44:27.697 782 872 I am_wtf : [0,782,system_server,-1,DisplayDeviceConfig,requesting nits when no mapping exists.]
03-14 04:44:27.697 782 872 I am_wtf : [0,782,system_server,-1,DisplayDeviceConfig,requesting nits when no mapping exists.]
03-14 04:44:27.713 782 872 I am_wtf : [0,782,system_server,-1,DisplayDeviceConfig,requesting nits when no mapping exists.]
03-14 04:44:27.714 782 872 I am_wtf : [0,782,system_server,-1,DisplayDeviceConfig,requesting nits when no mapping exists.]
03-14 04:44:27.730 782 872 I am_wtf : [0,782,system_server,-1,DisplayDeviceConfig,requesting nits when no mapping exists.]
03-14 04:44:27.731 782 872 I am_wtf : [0,782,system_server,-1,DisplayDeviceConfig,requesting nits when no mapping exists.]
03-14 04:44:27.746 782 872 I am_wtf : [0,782,system_server,-1,DisplayDeviceConfig,requesting nits when no mapping exists.]
03-14 04:44:27.747 782 872 I am_wtf : [0,782,system_server,-1,DisplayDeviceConfig,requesting nits when no mapping exists.]
03-14 04:44:27.763 782 872 I am_wtf : [0,782,system_server,-1,DisplayDeviceConfig,requesting nits when no mapping exists.]
03-14 04:44:27.765 782 872 I am_wtf : [0,782,system_server,-1,DisplayDeviceConfig,requesting nits when no mapping exists.]
03-14 04:44:27.781 782 872 I am_wtf : [0,782,system_server,-1,DisplayDeviceConfig,requesting nits when no mapping exists.]
03-14 04:44:27.781 782 872 I am_wtf : [0,782,system_server,-1,DisplayDeviceConfig,requesting nits when no mapping exists.]
03-14 04:44:27.797 782 872 I am_wtf : [0,782,system_server,-1,DisplayDeviceConfig,requesting nits when no mapping exists.]
03-14 04:44:27.798 782 872 I am_wtf : [0,782,system_server,-1,DisplayDeviceConfig,requesting nits when no mapping exists.]
03-14 04:44:27.814 782 872 I am_wtf : [0,782,system_server,-1,DisplayDeviceConfig,requesting nits when no mapping exists.]
03-14 04:44:27.814 782 872 I am_wtf : [0,782,system_server,-1,DisplayDeviceConfig,requesting nits when no mapping exists.]
03-14 04:44:27.830 782 872 I am_wtf : [0,782,system_server,-1,DisplayDeviceConfig,requesting nits when no mapping exists.]
03-14 04:44:27.831 782 872 I am_wtf : [0,782,system_server,-1,DisplayDeviceConfig,requesting nits when no mapping exists.]
03-14 04:44:27.847 782 872 I am_wtf : [0,782,system_server,-1,DisplayDeviceConfig,requesting nits when no mapping exists.]
03-14 04:44:27.848 782 872 I am_wtf : [0,782,system_server,-1,DisplayDeviceConfig,requesting nits when no mapping exists.]
03-14 04:44:27.864 782 872 I am_wtf : [0,782,system_server,-1,DisplayDeviceConfig,requesting nits when no mapping exists.]
03-14 04:44:27.864 782 872 I am_wtf : [0,782,system_server,-1,DisplayDeviceConfig,requesting nits when no mapping exists.]
03-14 04:44:27.880 782 872 I am_wtf : [0,782,system_server,-1,DisplayDeviceConfig,requesting nits when no mapping exists.]
03-14 04:44:27.881 782 872 I am_wtf : [0,782,system_server,-1,DisplayDeviceConfig,requesting nits when no mapping exists.]
01-01 08:54:02.151 0 0 E DTC_ETH,link_delay_work_func: 3003, SQI=0, link=0
01-01 08:54:07.271 0 0 E DTC_ETH,link_delay_work_func: 3003, SQI=0, link=0
03-14 04:44:33.904 782 822 I sysui_multi_action: [757,222,758,1]
03-14 04:44:33.910 782 822 I am_uid_active: 10050
03-14 04:44:33.922 782 2679 I service_manager_stats: [100,42,6825]
03-14 04:44:33.923 782 2679 I wm_task_created: [188,-1]
03-14 04:44:33.928 782 2679 I wm_task_moved: [188,1,7]
03-14 04:44:33.928 782 2679 I wm_task_to_front: [0,188]
03-14 04:44:33.928 782 2679 I wm_create_task: [0,188]
03-14 04:44:33.928 782 2679 I wm_create_activity: [0,262813292,188,com.thundercomm.screensaver/android.service.dreams.DreamActivity,NULL,NULL,NULL,276824064]
03-14 04:44:33.928 782 2679 I wm_task_moved: [188,1,7]
03-14 04:44:33.928 5555 5555 I wm_on_top_resumed_lost_called: [120049804,com.android.gallery3d.app.GalleryActivity,topStateChangedWhenResumed]
03-14 04:44:33.929 782 2679 I wm_pause_activity: [0,174418215,com.android.launcher3/.uioverrides.QuickstepLauncher,userLeaving=true,pauseBackTasks]
03-14 04:44:33.930 4407 4407 I wm_on_paused_called: [174418215,com.android.launcher3.uioverrides.QuickstepLauncher,performPause]
03-14 04:44:33.933 782 4680 I wm_add_to_stopping: [0,174418215,com.android.launcher3/.uioverrides.QuickstepLauncher,makeInvisible]
03-14 04:44:33.933 782 4680 I wm_restart_activity: [0,262813292,188,com.thundercomm.screensaver/android.service.dreams.DreamActivity]
03-14 04:44:33.934 782 4680 I wm_set_resumed_activity: [0,com.thundercomm.screensaver/android.service.dreams.DreamActivity,minimalResumeActivityLocked]
03-14 04:44:33.938 782 825 I sysui_multi_action: [757,803,799,window_time_0,802,62]
03-14 04:44:33.939 6960 6960 I wm_on_create_called: [262813292,android.service.dreams.DreamActivity,performCreate]
03-14 04:44:33.939 6960 6960 I wm_on_start_called: [262813292,android.service.dreams.DreamActivity,handleStartActivity]
03-14 04:44:33.939 6960 6960 I wm_on_resume_called: [262813292,android.service.dreams.DreamActivity,RESUME_ACTIVITY]
03-14 04:44:33.940 782 4680 I am_uid_active: 10063
03-14 04:44:33.941 6960 6960 I wm_on_top_resumed_gained_called: [262813292,android.service.dreams.DreamActivity,topStateChangedWhenResumed]
03-14 04:44:33.945 782 830 I am_pss : [5555,10065,com.android.gallery3d,53429248,47484928,0,172785664,0,2,6]
03-14 04:44:33.952 782 826 I input_focus: [Focus request ffcbf96 com.thundercomm.screensaver/android.service.dreams.DreamActivity,reason=UpdateInputWindows]
03-14 04:44:33.958 782 822 I sysui_multi_action: [319,39,322,38,325,3244,757,761,758,8,759,2,806,com.thundercomm.screensaver,871,android.service.dreams.DreamActivity,904,com.thundercomm.screensaver,905,0,1320,4,1321,2]
03-14 04:44:33.958 782 822 I wm_activity_launch_time: [0,262813292,com.thundercomm.screensaver/android.service.dreams.DreamActivity,38]
03-14 04:44:33.960 782 1000 I sysui_multi_action: [757,1696,758,6,759,3]
03-14 04:44:33.963 782 872 I am_wtf : [0,782,system_server,-1,DisplayDeviceConfig,requesting nits when no mapping exists.]
03-14 04:44:33.964 782 872 I am_wtf : [0,782,system_server,-1,DisplayDeviceConfig,requesting nits when no mapping exists.]
03-14 04:44:33.965 782 1605 I input_focus: [Focus leaving c0888b6 com.android.gallery3d/com.android.gallery3d.app.GalleryActivity (server),reason=Waiting for window because NOT_VISIBLE]
03-14 04:44:33.980 782 872 I am_wtf : [0,782,system_server,-1,DisplayDeviceConfig,requesting nits when no mapping exists.]
03-14 04:44:33.980 782 1605 I input_focus: [Focus entering ffcbf96 com.thundercomm.screensaver/android.service.dreams.DreamActivity (server),reason=Window became focusable. Previous reason: NOT_VISIBLE]
03-14 04:44:33.980 782 872 I am_wtf : [0,782,system_server,-1,DisplayDeviceConfig,requesting nits when no mapping exists.]
03-14 04:44:33.996 782 872 I am_wtf : [0,782,system_server,-1,DisplayDeviceConfig,requesting nits when no mapping exists.]
03-14 04:44:33.996 782 872 I am_wtf : [0,782,system_server,-1,DisplayDeviceConfig,requesting nits when no mapping exists.]
03-14 04:44:34.014 782 872 I am_wtf : [0,782,system_server,-1,DisplayDeviceConfig,requesting nits when no mapping exists.]
03-14 04:44:34.014 782 872 I am_wtf : [0,782,system_server,-1,DisplayDeviceConfig,requesting nits when no mapping exists.]
03-14 04:44:34.030 782 872 I am_wtf : [0,782,system_server,-1,DisplayDeviceConfig,requesting nits when no mapping exists.]
03-14 04:44:34.030 782 872 I am_wtf : [0,782,system_server,-1,DisplayDeviceConfig,requesting nits when no mapping exists.]
03-14 04:44:34.046 782 872 I am_wtf : [0,782,system_server,-1,DisplayDeviceConfig,requesting nits when no mapping exists.]
03-14 04:44:34.047 782 872 I am_wtf : [0,782,system_server,-1,DisplayDeviceConfig,requesting nits when no mapping exists.]
03-14 04:44:34.063 782 872 I am_wtf : [0,782,system_server,-1,DisplayDeviceConfig,requesting nits when no mapping exists.]
03-14 04:44:34.063 782 872 I am_wtf : [0,782,system_server,-1,DisplayDeviceConfig,requesting nits when no mapping exists.]
03-14 04:44:34.081 782 872 I am_wtf : [0,782,system_server,-1,DisplayDeviceConfig,requesting nits when no mapping exists.]
03-14 04:44:34.081 782 872 I am_wtf : [0,782,system_server,-1,DisplayDeviceConfig,requesting nits when no mapping exists.]
03-14 04:44:34.097 782 872 I am_wtf : [0,782,system_server,-1,DisplayDeviceConfig,requesting nits when no mapping exists.]
03-14 04:44:34.098 782 872 I am_wtf : [0,782,system_server,-1,DisplayDeviceConfig,requesting nits when no mapping exists.]
03-14 04:44:34.114 782 872 I am_wtf : [0,782,system_server,-1,DisplayDeviceConfig,requesting nits when no mapping exists.]
03-14 04:44:34.114 782 872 I am_wtf : [0,782,system_server,-1,DisplayDeviceConfig,requesting nits when no mapping exists.]
03-14 04:44:34.131 782 872 I am_wtf : [0,782,system_server,-1,DisplayDeviceConfig,requesting nits when no mapping exists.]
03-14 04:44:34.131 782 872 I am_wtf : [0,782,system_server,-1,DisplayDeviceConfig,requesting nits when no mapping exists.]
03-14 04:44:34.147 782 872 I am_wtf : [0,782,system_server,-1,DisplayDeviceConfig,requesting nits when no mapping exists.]
03-14 04:44:34.148 782 872 I am_wtf : [0,782,system_server,-1,DisplayDeviceConfig,requesting nits when no mapping exists.]
03-14 04:44:34.163 782 872 I am_wtf : [0,782,system_server,-1,DisplayDeviceConfig,requesting nits when no mapping exists.]
03-14 04:44:34.164 782 872 I am_wtf : [0,782,system_server,-1,DisplayDeviceConfig,requesting nits when no mapping exists.]
03-14 04:44:34.180 782 872 I am_wtf : [0,782,system_server,-1,DisplayDeviceConfig,requesting nits when no mapping exists.]
03-14 04:44:34.180 782 872 I am_wtf : [0,782,system_server,-1,DisplayDeviceConfig,requesting nits when no mapping exists.]
03-14 04:44:34.197 782 872 I am_wtf : [0,782,system_server,-1,DisplayDeviceConfig,requesting nits when no mapping exists.]
03-14 04:44:34.197 782 872 I am_wtf : [0,782,system_server,-1,DisplayDeviceConfig,requesting nits when no mapping exists.]
03-14 04:44:34.213 782 872 I am_wtf : [0,782,system_server,-1,DisplayDeviceConfig,requesting nits when no mapping exists.]
03-14 04:44:34.214 782 872 I am_wtf : [0,782,system_server,-1,DisplayDeviceConfig,requesting nits when no mapping exists.]
03-14 04:44:34.230 782 872 I am_wtf : [0,782,system_server,-1,DisplayDeviceConfig,requesting nits when no mapping exists.]
03-14 04:44:34.230 782 872 I am_wtf : [0,782,system_server,-1,DisplayDeviceConfig,requesting nits when no mapping exists.]
03-14 04:44:34.248 782 872 I am_wtf : [0,782,system_server,-1,DisplayDeviceConfig,requesting nits when no mapping exists.]
03-14 04:44:34.248 782 872 I am_wtf : [0,782,system_server,-1,DisplayDeviceConfig,requesting nits when no mapping exists.]
03-14 04:44:34.248 782 825 I wm_stop_activity: [0,174418215,com.android.launcher3/.uioverrides.QuickstepLauncher]
03-14 04:44:34.264 782 872 I am_wtf : [0,782,system_server,-1,DisplayDeviceConfig,requesting nits when no mapping exists.]
03-14 04:44:34.264 782 872 I am_wtf : [0,782,system_server,-1,DisplayDeviceConfig,requesting nits when no mapping exists.]
03-14 04:44:34.266 4407 4407 I wm_on_stop_called: [174418215,com.android.launcher3.uioverrides.QuickstepLauncher,STOP_ACTIVITY_ITEM]
03-14 04:44:34.281 782 872 I am_wtf : [0,782,system_server,-1,DisplayDeviceConfig,requesting nits when no mapping exists.]
03-14 04:44:34.281 782 872 I am_wtf : [0,782,system_server,-1,DisplayDeviceConfig,requesting nits when no mapping exists.]
03-14 04:44:34.297 782 872 I am_wtf : [0,782,system_server,-1,DisplayDeviceConfig,requesting nits when no mapping exists.]
03-14 04:44:34.297 782 872 I am_wtf : [0,782,system_server,-1,DisplayDeviceConfig,requesting nits when no mapping exists.]
03-14 04:44:34.312 782 872 I am_wtf : [0,782,system_server,-1,DisplayDeviceConfig,requesting nits when no mapping exists.]
03-14 04:44:34.312 782 872 I am_wtf : [0,782,system_server,-1,DisplayDeviceConfig,requesting nits when no mapping exists.]
03-14 04:44:34.328 782 872 I am_wtf : [0,782,system_server,-1,DisplayDeviceConfig,requesting nits when no mapping exists.]
03-14 04:44:34.328 782 872 I am_wtf : [0,782,system_server,-1,DisplayDeviceConfig,requesting nits when no mapping exists.]
03-14 04:44:34.345 782 872 I am_wtf : [0,782,system_server,-1,DisplayDeviceConfig,requesting nits when no mapping exists.]
03-14 04:44:34.345 782 872 I am_wtf : [0,782,system_server,-1,DisplayDeviceConfig,requesting nits when no mapping exists.]
03-14 04:44:34.361 782 872 I am_wtf : [0,782,system_server,-1,DisplayDeviceConfig,requesting nits when no mapping exists.]
03-14 04:44:34.362 782 872 I am_wtf : [0,782,system_server,-1,DisplayDeviceConfig,requesting nits when no mapping exists.]
03-14 04:44:34.378 782 872 I am_wtf : [0,782,system_server,-1,DisplayDeviceConfig,requesting nits when no mapping exists.]
03-14 04:44:34.378 782 872 I am_wtf : [0,782,system_server,-1,DisplayDeviceConfig,requesting nits when no mapping exists.]
03-14 04:44:34.395 782 872 I am_wtf : [0,782,system_server,-1,DisplayDeviceConfig,requesting nits when no mapping exists.]
03-14 04:44:34.395 782 872 I am_wtf : [0,782,system_server,-1,DisplayDeviceConfig,requesting nits when no mapping exists.]
03-14 04:44:34.412 782 872 I am_wtf : [0,782,system_server,-1,DisplayDeviceConfig,requesting nits when no mapping exists.]
03-14 04:44:34.412 782 872 I am_wtf : [0,782,system_server,-1,DisplayDeviceConfig,requesting nits when no mapping exists.]
03-14 04:44:34.428 782 872 I am_wtf : [0,782,system_server,-1,DisplayDeviceConfig,requesting nits when no mapping exists.]
03-14 04:44:34.428 782 872 I am_wtf : [0,782,system_server,-1,DisplayDeviceConfig,requesting nits when no mapping exists.]
03-14 04:44:34.445 782 872 I am_wtf : [0,782,system_server,-1,DisplayDeviceConfig,requesting nits when no mapping exists.]
03-14 04:44:34.445 782 872 I am_wtf : [0,782,system_server,-1,DisplayDeviceConfig,requesting nits when no mapping exists.]
03-14 04:44:34.462 782 872 I am_wtf : [0,782,system_server,-1,DisplayDeviceConfig,requesting nits when no mapping exists.]
03-14 04:44:34.462 782 872 I am_wtf : [0,782,system_server,-1,DisplayDeviceConfig,requesting nits when no mapping exists.]
03-14 04:44:34.478 782 872 I am_wtf : [0,782,system_server,-1,DisplayDeviceConfig,requesting nits when no mapping exists.]
03-14 04:44:34.478 782 872 I am_wtf : [0,782,system_server,-1,DisplayDeviceConfig,requesting nits when no mapping exists.]
03-14 04:44:34.495 782 872 I am_wtf : [0,782,system_server,-1,DisplayDeviceConfig,requesting nits when no mapping exists.]
03-14 04:44:34.495 782 872 I am_wtf : [0,782,system_server,-1,DisplayDeviceConfig,requesting nits when no mapping exists.]
03-14 04:44:34.512 782 872 I am_wtf : [0,782,system_server,-1,DisplayDeviceConfig,requesting nits when no mapping exists.]
03-14 04:44:34.512 782 872 I am_wtf : [0,782,system_server,-1,DisplayDeviceConfig,requesting nits when no mapping exists.]
03-14 04:44:34.528 782 872 I am_wtf : [0,782,system_server,-1,DisplayDeviceConfig,requesting nits when no mapping exists.]
03-14 04:44:34.529 782 872 I am_wtf : [0,782,system_server,-1,DisplayDeviceConfig,requesting nits when no mapping exists.]
03-14 04:44:34.545 782 872 I am_wtf : [0,782,system_server,-1,DisplayDeviceConfig,requesting nits when no mapping exists.]
03-14 04:44:34.545 782 872 I am_wtf : [0,782,system_server,-1,DisplayDeviceConfig,requesting nits when no mapping exists.]
03-14 04:44:34.562 782 872 I am_wtf : [0,782,system_server,-1,DisplayDeviceConfig,requesting nits when no mapping exists.]
03-14 04:44:34.562 782 872 I am_wtf : [0,782,system_server,-1,DisplayDeviceConfig,requesting nits when no mapping exists.]
03-14 04:44:34.579 782 872 I am_wtf : [0,782,system_server,-1,DisplayDeviceConfig,requesting nits when no mapping exists.]
03-14 04:44:34.579 782 872 I am_wtf : [0,782,system_server,-1,DisplayDeviceConfig,requesting nits when no mapping exists.]
03-14 04:44:34.595 782 872 I am_wtf : [0,782,system_server,-1,DisplayDeviceConfig,requesting nits when no mapping exists.]
03-14 04:44:34.595 782 872 I am_wtf : [0,782,system_server,-1,DisplayDeviceConfig,requesting nits when no mapping exists.]
03-14 04:44:34.612 782 872 I am_wtf : [0,782,system_server,-1,DisplayDeviceConfig,requesting nits when no mapping exists.]
03-14 04:44:34.612 782 872 I am_wtf : [0,782,system_server,-1,DisplayDeviceConfig,requesting nits when no mapping exists.]
03-14 04:44:34.629 782 872 I am_wtf : [0,782,system_server,-1,DisplayDeviceConfig,requesting nits when no mapping exists.]
03-14 04:44:34.629 782 872 I am_wtf : [0,782,system_server,-1,DisplayDeviceConfig,requesting nits when no mapping exists.]
03-14 04:44:34.645 782 872 I am_wtf : [0,782,system_server,-1,DisplayDeviceConfig,requesting nits when no mapping exists.]
03-14 04:44:34.645 782 872 I am_wtf : [0,782,system_server,-1,DisplayDeviceConfig,requesting nits when no mapping exists.]
03-14 04:44:34.662 782 872 I am_wtf : [0,782,system_server,-1,DisplayDeviceConfig,requesting nits when no mapping exists.]
03-14 04:44:34.662 782 872 I am_wtf : [0,782,system_server,-1,DisplayDeviceConfig,requesting nits when no mapping exists.]
03-14 04:44:34.679 782 872 I am_wtf : [0,782,system_server,-1,DisplayDeviceConfig,requesting nits when no mapping exists.]
03-14 04:44:34.679 782 872 I am_wtf : [0,782,system_server,-1,DisplayDeviceConfig,requesting nits when no mapping exists.]
03-14 04:44:34.695 782 872 I am_wtf : [0,782,system_server,-1,DisplayDeviceConfig,requesting nits when no mapping exists.]
