03-14 04:46:42.706 2006 2006 I sysui_multi_action: [757,111,758,1]
03-14 04:46:42.706 2006 2006 I sysui_multi_action: [757,126,758,1,759,126,927,0,928,1,1593,0]
03-14 04:46:42.706 2006 2006 I sysui_multi_action: [757,113,758,1,759,113,927,1,928,1,1593,0]
03-14 04:46:42.706 2006 2006 I sysui_multi_action: [757,0,758,1,759,0,927,2,928,0,1593,0]
03-14 04:46:42.706 2006 2006 I sysui_multi_action: [757,0,758,1,759,0,927,3,928,0,1593,0]
03-14 04:46:43.850 782 1605 I input_interaction: Interaction with: 3d200d1 NotificationShade (server), edge-swipe (server), swipe-up (server), PointerEventDispatcher0 (server),
03-14 04:46:44.256 2006 2006 I sysui_multi_action: [757,366,758,4,759,113,927,1,928,1,1592,0,1593,1]
03-14 04:46:44.286 782 6955 I wm_task_created: [190,-1]
03-14 04:46:44.289 782 6955 I wm_task_moved: [190,1,7]
03-14 04:46:44.289 782 6955 I wm_task_to_front: [0,190]
03-14 04:46:44.289 782 6955 I wm_create_task: [0,190]
03-14 04:46:44.289 782 6955 I wm_create_activity: [0,130182404,190,com.android.settings/.homepage.SettingsHomepageActivity,android.settings.BLUETOOTH_SETTINGS,NULL,NULL,335544320]
03-14 04:46:44.289 782 6955 I wm_task_moved: [190,1,7]
03-14 04:46:44.289 5555 5555 I wm_on_top_resumed_lost_called: [120049804,com.android.gallery3d.app.GalleryActivity,topStateChangedWhenResumed]
03-14 04:46:44.290 782 6955 I wm_pause_activity: [0,174418215,com.android.launcher3/.uioverrides.QuickstepLauncher,userLeaving=true,pauseBackTasks]
03-14 04:46:44.290 4407 4407 I wm_on_paused_called: [174418215,com.android.launcher3.uioverrides.QuickstepLauncher,performPause]
03-14 04:46:44.293 782 2679 I wm_add_to_stopping: [0,174418215,com.android.launcher3/.uioverrides.QuickstepLauncher,makeInvisible]
03-14 04:46:44.294 782 2679 I wm_restart_activity: [0,130182404,190,com.android.settings/.homepage.SettingsHomepageActivity]
03-14 04:46:44.294 782 2679 I wm_set_resumed_activity: [0,com.android.settings/.homepage.SettingsHomepageActivity,minimalResumeActivityLocked]
03-14 04:46:44.299 782 825 I sysui_multi_action: [757,803,799,window_time_2,802,4]
03-14 04:46:44.419 782 5556 I am_uid_running: 10081
03-14 04:46:44.424 7907 7907 I wm_on_create_called: [130182404,com.android.settings.homepage.SettingsHomepageActivity,performCreate]
03-14 04:46:44.425 782 873 I am_proc_start: [0,8064,10081,com.qualcomm.qti.qccauthmgr,content provider,{com.qualcomm.qti.qccauthmgr/com.qualcomm.qti.qccauthmgr.providers.SMQContentProvider}]
01-01 08:56:17.834 0 0 I binder : 8064:8064 ioctl 40046210 7fc8a60c34 returned -22
03-14 04:46:44.441 782 5547 I am_proc_bound: [0,8064,com.qualcomm.qti.qccauthmgr]
03-14 04:46:44.442 782 5547 I am_uid_active: 10081
03-14 04:46:44.464 7907 7907 I wm_on_start_called: [130182404,com.android.settings.homepage.SettingsHomepageActivity,handleStartActivity]
03-14 04:46:44.465 7907 7907 I snet_event_log: [120484087,-1,]
03-14 04:46:44.465 7907 7907 I wm_on_resume_called: [130182404,com.android.settings.homepage.SettingsHomepageActivity,RESUME_ACTIVITY]
03-14 04:46:44.467 7907 7907 I sysui_multi_action: [757,35,758,1,833,0,1089,40]
03-14 04:46:44.475 7907 7907 I sysui_multi_action: [757,1729,758,4,854,isParalleledControllers:false,1089,49]
03-14 04:46:44.486 7907 7907 I wm_on_top_resumed_gained_called: [130182404,com.android.settings.homepage.SettingsHomepageActivity,topStateChangedWhenResumed]
03-14 04:46:44.487 599 599 I auditd : type=1400 audit(0.0:2819): avc: denied { read } for comm="Binder:599_2" name="wakeup58" dev="sysfs" ino=71284 scontext=u:r:system_suspend:s0 tcontext=u:object_r:sysfs:s0 tclass=dir permissive=1
03-14 04:46:44.487 599 599 I auditd : type=1400 audit(0.0:2820): avc: denied { open } for comm="Binder:599_2" path="/sys/devices/virtual/misc/msm_g711alaw/wakeup58" dev="sysfs" ino=71284 scontext=u:r:system_suspend:s0 tcontext=u:object_r:sysfs:s0 tclass=dir permissive=1
03-14 04:46:44.487 599 599 I auditd : type=1400 audit(0.0:2821): avc: denied { read } for comm="Binder:599_2" name="event_count" dev="sysfs" ino=71291 scontext=u:r:system_suspend:s0 tcontext=u:object_r:sysfs:s0 tclass=file permissive=1
03-14 04:46:44.487 599 599 I auditd : type=1400 audit(0.0:2822): avc: denied { open } for comm="Binder:599_2" path="/sys/devices/virtual/misc/msm_g711alaw/wakeup58/event_count" dev="sysfs" ino=71291 scontext=u:r:system_suspend:s0 tcontext=u:object_r:sysfs:s0 tclass=file permissive=1
03-14 04:46:44.487 599 599 I auditd : type=1400 audit(0.0:2823): avc: denied { getattr } for comm="Binder:599_2" path="/sys/devices/virtual/misc/msm_g711alaw/wakeup58/event_count" dev="sysfs" ino=71291 scontext=u:r:system_suspend:s0 tcontext=u:object_r:sysfs:s0 tclass=file permissive=1
03-14 04:46:44.519 599 599 I auditd : type=1400 audit(0.0:2824): avc: denied { read } for comm="Binder:599_2" name="event_count" dev="sysfs" ino=53578 scontext=u:r:system_suspend:s0 tcontext=u:object_r:sysfs:s0 tclass=file permissive=1
01-01 08:56:17.922 0 0 W audit : audit_lost=3538 audit_rate_limit=5 audit_backlog_limit=64
01-01 08:56:17.922 0 0 E audit : rate limit exceeded
03-14 04:46:44.519 599 599 I auditd : type=1400 audit(0.0:2825): avc: denied { open } for comm="Binder:599_2" path="/sys/devices/virtual/diag/diag/wakeup32/event_count" dev="sysfs" ino=53578 scontext=u:r:system_suspend:s0 tcontext=u:object_r:sysfs:s0 tclass=file permissive=1
01-01 08:56:17.933 0 0 I binder : 7907:8057 ioctl 40046210 7144d221f4 returned -22
03-14 04:46:44.567 782 826 I sysui_multi_action: [324,1,757,1090,758,12,806,com.android.settings,871,com.android.settings.homepage.SettingsHomepageActivity,1091,292]
03-14 04:46:44.569 782 822 I sysui_multi_action: [319,41,321,39,322,292,325,3375,757,761,758,8,759,1,806,com.android.settings,871,com.android.settings.homepage.SettingsHomepageActivity,904,com.android.systemui,905,0,1320,4,1321,1]
03-14 04:46:44.570 782 822 I wm_activity_launch_time: [0,130182404,com.android.settings/.homepage.SettingsHomepageActivity,292]
03-14 04:46:44.721 7907 7907 I sysui_multi_action: [757,747,758,1,833,0,1089,38]
03-14 04:46:44.723 7907 7907 I sysui_multi_action: [757,1729,758,4,854,isParalleledControllers:false,1089,40]
03-14 04:46:44.830 782 825 I wm_stop_activity: [0,174418215,com.android.launcher3/.uioverrides.QuickstepLauncher]
03-14 04:46:44.831 782 782 I notification_enqueue: [10078,2006,com.android.systemui,2048,NULL,0,Notification(channel=updateNotification shortcut=null contentView=null vibrate=null sound=null defaults=0x0 flags=0x0 color=0x00000000 vis=PRIVATE),1]
03-14 04:46:44.831 2006 2006 I sysui_multi_action: [757,111,758,2]
03-14 04:46:44.832 2006 2006 I sysui_multi_action: [757,111,758,2]
03-14 04:46:44.838 782 826 I input_focus: [Focus request 9e454fc com.android.settings/com.android.settings.homepage.SettingsHomepageActivity,reason=UpdateInputWindows]
03-14 04:46:44.846 782 2190 I sysui_multi_action: [757,128,758,2,793,3336694,794,2210,795,3336694,796,26,798,0,806,android,857,DEVELOPER_IMPORTANT,858,4,947,0,1395,4,1500,3336344,1688,1]
03-14 04:46:44.846 782 2190 I notification_visibility: [-1|android|26|null|1000,0,3336694,3336694,0,0]
03-14 04:46:44.847 782 2190 I sysui_multi_action: [757,128,758,2,793,2246953,794,2209,795,2246953,796,17303299,797,com.android.wifi,798,1,806,android,857,NETWORK_AVAILABLE,858,2,947,0,1395,4,1500,2246750,1688,1]
03-14 04:46:44.847 782 2190 I notification_visibility: [0|android|17303299|com.android.wifi|1000,0,2246953,2246953,0,1]
03-14 04:46:44.847 782 2190 I sysui_multi_action: [757,128,758,2,793,3336662,794,2209,795,3336662,796,55,798,2,806,android,857,DEVELOPER,858,2,947,0,1395,4,1500,3336341,1688,1]
03-14 04:46:44.847 782 2190 I notification_visibility: [-1|android|55|null|1000,0,3336662,3336662,0,2]
03-14 04:46:44.847 782 2190 I sysui_multi_action: [757,128,758,2,793,3337602,794,2209,795,3337602,796,32,798,3,806,android,857,USB,858,1,947,0,1395,4,1500,3337529,1688,1]
03-14 04:46:44.847 782 2190 I notification_visibility: [-1|android|32|null|1000,0,3337602,3337602,0,3]
03-14 04:46:44.847 782 1605 I input_focus: [Focus leaving 3d200d1 NotificationShade (server),reason=NOT_FOCUSABLE]
03-14 04:46:44.847 782 1605 I input_focus: [Focus entering 9e454fc com.android.settings/com.android.settings.homepage.SettingsHomepageActivity (server),reason=setFocusedWindow]
03-14 04:46:44.848 782 6955 I sysui_multi_action: [757,127,758,2]
03-14 04:46:44.848 782 6955 I notification_panel_hidden:
03-14 04:46:44.853 4407 4407 I wm_on_stop_called: [174418215,com.android.launcher3.uioverrides.QuickstepLauncher,STOP_ACTIVITY_ITEM]
03-14 04:46:44.863 2006 2006 I view_enqueue_input_event: [Motion - Cancel,NotificationShade]
03-14 04:46:45.071 782 1605 I input_interaction: Interaction with: edge-swipe (server), swipe-up (server), PointerEventDispatcher0 (server),
03-14 04:46:45.673 782 1340 I am_freeze: [7116,com.android.musicfx]
03-14 04:46:45.674 782 1340 I am_kill : [0,7116,com.android.musicfx,945,Unable to freeze binder interface]
01-01 08:56:19.067 0 0 I binder : 782:1340 ioctl 400c620e 70a125d5d8 returned -22
01-01 08:56:19.068 0 0 I binder : 782:1340 ioctl c00c620f 70a125d5b8 returned -22
03-14 04:46:45.689 782 6955 I am_proc_died: [0,7116,com.android.musicfx,945,19]
03-14 04:46:45.689 782 6955 I am_uid_stopped: 10032
03-14 04:46:45.928 782 1605 I input_interaction: Interaction with: 9e454fc com.android.settings/com.android.settings.homepage.SettingsHomepageActivity (server), edge-swipe (server), swipe-up (server), PointerEventDispatcher0 (server),
03-14 04:46:46.046 7907 7907 I sysui_multi_action: [757,830,758,4,833,0,854,add_bt_devices,1089,0]
03-14 04:46:46.177 7907 7907 I sysui_multi_action: [757,1018,758,1,833,0,1089,14]
03-14 04:46:46.178 7907 7907 I sysui_multi_action: [757,1729,758,4,854,isParalleledControllers:false,1089,15]
01-01 08:56:20.391 0 0 E DTC_ETH,link_delay_work_func: 3003, SQI=0, link=0
01-01 08:56:24.491 0 0 I qcom_rpmh DRV: apps_rsc TCS Busy, retrying RPMH message send: addr=0x40d00
01-01 08:56:25.511 0 0 E DTC_ETH,link_delay_work_func: 3003, SQI=0, link=0
03-14 04:46:54.079 782 1605 I input_interaction: Interaction with: c0888b6 com.android.gallery3d/com.android.gallery3d.app.GalleryActivity (server), edge-swipe (server), swipe-up (server), PointerEventDispatcher0 (server),
03-14 04:46:54.080 782 825 I wm_task_moved: [187,1,7]
03-14 04:46:54.080 782 825 I wm_task_to_front: [0,187]
03-14 04:46:54.085 782 825 I wm_set_resumed_activity: [0,com.android.gallery3d/.app.GalleryActivity,positionChildAt]
03-14 04:46:54.085 782 825 I wm_focused_root_task: [0,0,187,190,setFocusedTask]
03-14 04:46:54.085 782 825 I wm_set_resumed_activity: [0,com.android.gallery3d/.app.GalleryActivity,setFocusedTask]
03-14 04:46:54.085 7907 7907 I wm_on_top_resumed_lost_called: [130182404,com.android.settings.homepage.SettingsHomepageActivity,topStateChangedWhenResumed]
03-14 04:46:54.088 782 826 I input_focus: [Focus request c0888b6 com.android.gallery3d/com.android.gallery3d.app.GalleryActivity,reason=UpdateInputWindows]
03-14 04:46:54.091 5555 5555 I wm_on_top_resumed_gained_called: [120049804,com.android.gallery3d.app.GalleryActivity,topStateChangedWhenResumed]
03-14 04:46:54.105 782 1605 I input_focus: [Focus leaving 9e454fc com.android.settings/com.android.settings.homepage.SettingsHomepageActivity (server),reason=setFocusedWindow]
03-14 04:46:54.105 782 1605 I input_focus: [Focus entering c0888b6 com.android.gallery3d/com.android.gallery3d.app.GalleryActivity (server),reason=setFocusedWindow]
03-14 04:46:55.262 782 2679 I wm_finish_activity: [0,120049804,187,com.android.gallery3d/.app.GalleryActivity,finish-activity]
03-14 04:46:55.262 782 2679 I wm_task_moved: [190,1,7]
03-14 04:46:55.262 782 2679 I wm_task_to_front: [0,190]
03-14 04:46:55.263 782 2679 I wm_set_resumed_activity: [0,com.android.settings/.homepage.SettingsHomepageActivity,positionChildAt]
03-14 04:46:55.263 782 2679 I wm_focused_root_task: [0,0,190,187,finish-top adjustFocusToNextFocusableTask]
03-14 04:46:55.263 782 2679 I wm_set_resumed_activity: [0,com.android.settings/.homepage.SettingsHomepageActivity,finish-top]
03-14 04:46:55.264 782 2679 I wm_pause_activity: [0,120049804,com.android.gallery3d/.app.GalleryActivity,userLeaving=false,finish]
03-14 04:46:55.267 782 826 I input_focus: [Focus request 9e454fc com.android.settings/com.android.settings.homepage.SettingsHomepageActivity,reason=UpdateInputWindows]
03-14 04:46:55.268 5555 5555 I wm_on_top_resumed_lost_called: [120049804,com.android.gallery3d.app.GalleryActivity,topStateChangedWhenResumed]
03-14 04:46:55.271 782 825 I sysui_multi_action: [757,803,799,window_time_0,802,11]
03-14 04:46:55.272 7907 7907 I wm_on_top_resumed_gained_called: [130182404,com.android.settings.homepage.SettingsHomepageActivity,topStateChangedWhenResumed]
03-14 04:46:55.273 782 1605 I input_focus: [Focus leaving c0888b6 com.android.gallery3d/com.android.gallery3d.app.GalleryActivity (server),reason=NOT_VISIBLE]
03-14 04:46:55.280 5555 5555 I wm_on_paused_called: [120049804,com.android.gallery3d.app.GalleryActivity,performPause]
03-14 04:46:55.282 782 2190 I wm_destroy_activity: [0,120049804,187,com.android.gallery3d/.app.GalleryActivity,finish-imm:completePausedLocked]
03-14 04:46:55.293 782 1605 I input_focus: [Focus entering 9e454fc com.android.settings/com.android.settings.homepage.SettingsHomepageActivity (server),reason=setFocusedWindow]
03-14 04:46:55.298 782 825 I sysui_multi_action: [757,803,799,window_time_0,802,0]
03-14 04:46:55.311 5555 5555 I wm_on_stop_called: [120049804,com.android.gallery3d.app.GalleryActivity,LIFECYCLER_STOP_ACTIVITY]
03-14 04:46:55.314 5555 5555 I wm_on_destroy_called: [120049804,com.android.gallery3d.app.GalleryActivity,performDestroy]
03-14 04:46:55.319 782 5554 I wm_task_removed: [187,removeChild:removeChild last r=ActivityRecord{727d08c u0 com.android.gallery3d/.app.GalleryActivity t-1 f}} in t=Task{8c971bf #187 type=standard A=10065:com.android.gallery3d U=0 visible=false mode=freeform translucent=true sz=0}]
03-14 04:46:55.319 782 5554 I wm_task_removed: [187,removeChild]
03-14 04:46:56.968 782 1605 I input_interaction: Interaction with: 9e454fc com.android.settings/com.android.settings.homepage.SettingsHomepageActivity (server), edge-swipe (server), swipe-up (server), PointerEventDispatcher0 (server),
03-14 04:46:57.070 7907 7907 I sysui_multi_action: [757,1018,758,2,1089,10892]
03-14 04:46:57.088 7907 7907 I sysui_multi_action: [757,1729,758,4,854,isParalleledControllers:false,1089,12405]
01-01 08:56:30.632 0 0 E DTC_ETH,link_delay_work_func: 3003, SQI=0, link=0
03-14 04:46:57.926 782 782 I service_manager_stats: [100,37,19934]
03-14 04:46:58.046 7907 7907 I sysui_multi_action: [757,830,758,4,833,0,854,add_bt_devices,1089,0]
03-14 04:46:58.210 7907 7907 I sysui_multi_action: [757,1018,758,1,833,0,1089,53]
03-14 04:46:58.212 7907 7907 I sysui_multi_action: [757,1729,758,4,854,isParalleledControllers:false,1089,55]
03-14 04:46:59.740 7907 7907 I sysui_multi_action: [757,866,758,4]
03-14 04:46:59.768 782 830 I am_pss : [7907,1000,com.android.settings,162820096,148131840,0,308121600,0,2,10]
03-14 04:46:59.777 782 830 I am_pss : [7303,10086,com.android.music,37185536,31375360,0,159944704,0,4,7]
03-14 04:47:00.812 782 5554 I wm_task_created: [191,-1]
03-14 04:47:00.813 782 5554 I wm_task_moved: [191,1,7]
03-14 04:47:00.813 782 5554 I wm_task_to_front: [0,191]
03-14 04:47:00.814 782 5554 I wm_create_task: [0,191]
03-14 04:47:00.814 782 5554 I wm_create_activity: [0,42687237,191,com.android.settings/.bluetooth.BluetoothPairingDialog,android.bluetooth.device.action.PAIRING_REQUEST,NULL,NULL,276824064]
03-14 04:47:00.814 782 5554 I wm_task_moved: [191,1,7]
03-14 04:47:00.815 782 5554 I wm_pause_activity: [0,130182404,com.android.settings/.homepage.SettingsHomepageActivity,userLeaving=true,pauseBackTasks]
03-14 04:47:00.816 7907 7907 I wm_on_top_resumed_lost_called: [130182404,com.android.settings.homepage.SettingsHomepageActivity,topStateChangedWhenResumed]
03-14 04:47:00.817 7907 7907 I sysui_multi_action: [757,35,758,2,1089,16351]
03-14 04:47:00.818 7907 7907 I sysui_multi_action: [757,747,758,2,1089,16097]
03-14 04:47:00.818 7907 7907 I sysui_multi_action: [757,1018,758,2,1089,2608]
03-14 04:47:00.818 7907 7907 I wm_on_paused_called: [130182404,com.android.settings.homepage.SettingsHomepageActivity,performPause]
03-14 04:47:00.820 782 6955 I wm_restart_activity: [0,42687237,191,com.android.settings/.bluetooth.BluetoothPairingDialog]
03-14 04:47:00.821 782 6955 I wm_set_resumed_activity: [0,com.android.settings/.bluetooth.BluetoothPairingDialog,minimalResumeActivityLocked]
03-14 04:47:00.823 782 825 I sysui_multi_action: [757,803,799,window_time_0,802,5]
03-14 04:47:00.827 7907 7907 I wm_on_create_called: [42687237,com.android.settings.bluetooth.BluetoothPairingDialog,performCreate]
03-14 04:47:00.845 7907 7907 I wm_on_start_called: [42687237,com.android.settings.bluetooth.BluetoothPairingDialog,handleStartActivity]
03-14 04:47:00.846 7907 7907 I wm_on_resume_called: [42687237,com.android.settings.bluetooth.BluetoothPairingDialog,RESUME_ACTIVITY]
03-14 04:47:00.846 7907 7907 I sysui_multi_action: [757,613,758,1,833,0,1089,17]
03-14 04:47:00.847 7907 7907 I wm_on_top_resumed_gained_called: [42687237,com.android.settings.bluetooth.BluetoothPairingDialog,topStateChangedWhenResumed]
03-14 04:47:00.857 782 826 I input_focus: [Focus request 8f1c914 com.android.settings/com.android.settings.bluetooth.BluetoothPairingDialog,reason=UpdateInputWindows]
03-14 04:47:00.873 782 822 I wm_activity_launch_time: [0,42687237,com.android.settings/.bluetooth.BluetoothPairingDialog,66]
03-14 04:47:00.884 782 1605 I input_focus: [Focus leaving 9e454fc com.android.settings/com.android.settings.homepage.SettingsHomepageActivity (server),reason=setFocusedWindow]
03-14 04:47:00.885 782 1605 I input_focus: [Focus entering 8f1c914 com.android.settings/com.android.settings.bluetooth.BluetoothPairingDialog (server),reason=setFocusedWindow]
01-01 08:56:35.751 0 0 E DTC_ETH,link_delay_work_func: 3003, SQI=0, link=0
03-14 04:47:03.077 782 1605 I input_interaction: Interaction with: 8f1c914 com.android.settings/com.android.settings.bluetooth.BluetoothPairingDialog (server), edge-swipe (server), swipe-up (server), PointerEventDispatcher0 (server),
03-14 04:47:03.218 782 6955 I wm_finish_activity: [0,42687237,191,com.android.settings/.bluetooth.BluetoothPairingDialog,app-request]
03-14 04:47:03.218 782 6955 I wm_task_moved: [190,1,7]
03-14 04:47:03.218 782 6955 I wm_task_to_front: [0,190]
03-14 04:47:03.223 782 6955 I wm_focused_root_task: [0,0,190,191,finish-top adjustFocusToNextFocusableTask]
03-14 04:47:03.257 782 6955 I wm_pause_activity: [0,42687237,com.android.settings/.bluetooth.BluetoothPairingDialog,userLeaving=false,finish]
03-14 04:47:03.267 782 826 I input_focus: [Focus request 9e454fc com.android.settings/com.android.settings.homepage.SettingsHomepageActivity,reason=UpdateInputWindows]
03-14 04:47:03.268 7907 7907 I wm_on_top_resumed_lost_called: [42687237,com.android.settings.bluetooth.BluetoothPairingDialog,topStateChangedWhenResumed]
03-14 04:47:03.275 7907 7907 I sysui_multi_action: [757,613,758,2,1089,2428]
03-14 04:47:03.277 7907 7907 I wm_on_paused_called: [42687237,com.android.settings.bluetooth.BluetoothPairingDialog,performPause]
03-14 04:47:03.279 782 6955 I wm_set_resumed_activity: [0,com.android.settings/.homepage.SettingsHomepageActivity,resumeTopActivityInnerLocked]
03-14 04:47:03.280 782 6955 I wm_resume_activity: [0,130182404,190,com.android.settings/.homepage.SettingsHomepageActivity]
03-14 04:47:03.289 782 825 I sysui_multi_action: [757,803,799,window_time_0,802,3]
03-14 04:47:03.290 7907 7907 I wm_on_resume_called: [130182404,com.android.settings.homepage.SettingsHomepageActivity,RESUME_ACTIVITY]
03-14 04:47:03.290 782 1605 I input_focus: [Focus leaving 8f1c914 com.android.settings/com.android.settings.bluetooth.BluetoothPairingDialog (server),reason=NO_WINDOW]
03-14 04:47:03.290 782 1605 I input_focus: [Focus entering 9e454fc com.android.settings/com.android.settings.homepage.SettingsHomepageActivity (server),reason=setFocusedWindow]
03-14 04:47:03.291 7907 7907 I sysui_multi_action: [757,35,758,1,833,0,1089,0]
03-14 04:47:03.295 7907 7907 I sysui_multi_action: [757,747,758,1,833,0,1089,0]
03-14 04:47:03.299 7907 7907 I sysui_multi_action: [757,1018,758,1,833,0,1089,0]
03-14 04:47:03.303 7907 7907 I wm_on_top_resumed_gained_called: [130182404,com.android.settings.homepage.SettingsHomepageActivity,topWhenResuming]
03-14 04:47:03.341 782 5547 I wm_destroy_activity: [0,42687237,191,com.android.settings/.bluetooth.BluetoothPairingDialog,finish-idle]
03-14 04:47:03.343 7907 7907 I wm_on_stop_called: [42687237,com.android.settings.bluetooth.BluetoothPairingDialog,LIFECYCLER_STOP_ACTIVITY]
03-14 04:47:03.348 7907 7907 I wm_on_destroy_called: [42687237,com.android.settings.bluetooth.BluetoothPairingDialog,performDestroy]
03-14 04:47:03.539 782 826 I wm_task_removed: [191,removeChild:removeChild last r=ActivityRecord{28b5b05 u0 com.android.settings/.bluetooth.BluetoothPairingDialog t-1 f}} in t=Task{7f20f75 #191 type=standard A=1000:.bluetooth.BluetoothPairingDialog U=0 visible=false mode=fullscreen translucent=true sz=0}]
03-14 04:47:03.539 782 826 I wm_task_removed: [191,removeChild]
03-14 04:47:03.687 7907 7907 I sysui_multi_action: [757,1018,758,2,1089,389]
03-14 04:47:03.938 782 1973 I volume_changed: [6,7,15,15,com.android.bluetooth]
01-01 08:56:37.579 0 0 I afe_close: port_id = 0x9000
01-01 08:56:37.632 0 0 I btfm_slim_hw_init: PGD Enum Addr: 00:01:20:02:17: 02
01-01 08:56:37.632 0 0 I btfm_slim_hw_init: IFD Enum Addr: 00:00:20:02:17: 02
01-01 08:56:37.632 0 0 I btfm_slim_hw_init: chipset soc version:400a0200
01-01 08:56:37.632 0 0 I btfm_slim_hw_init: chipset is hastings 2.0, overwriting EA
01-01 08:56:37.632 0 0 I btfm_slim_hw_init: PGD Enum Addr: 00:01:20:02:17: 02
01-01 08:56:37.632 0 0 I btfm_slim_hw_init: IFD Enum Addr: 00:00:20:02:17: 02
01-01 08:56:37.638 0 0 I slimbus : 1 laddr:0xcf, EAPC:0x1:0x20
01-01 08:56:37.638 0 0 I slimbus : 1 laddr:0xce, EAPC:0x0:0x20
01-01 08:56:37.638 0 0 I btfm_slim_alloc_port: chipset soc version:400a0200
01-01 08:56:37.648 0 0 I btfm_slim_enable_ch: chipset soc version:400a0200
01-01 08:56:37.648 0 0 I btfm_slim_enable_ch: channel define - prot:2, dataf:0, auxf:0
01-01 08:56:37.648 0 0 I btfm_slim_enable_ch: channel define - rates:44100, baser:2, ratem:4
01-01 08:56:37.648 0 0 I btfm_slim_enable_ch: slim_connect_sink(port: 16, ch: 157)
01-01 08:56:37.648 0 0 I btfm_slim_enable_ch: port: 16, ch: 157, grp: 0, ch->grph: 0x0, ch_hdl: 0x1d
01-01 08:56:37.649 0 0 I __afe_port_start: port id: 0x400e
01-01 08:56:37.649 0 0 I afe_find_cal_topo_id_by_port: port id: 0x400e, dev_acdb_id: 20
01-01 08:56:37.649 0 0 I afe_find_cal_topo_id_by_port: top_id:112fc acdb_id:20 afe_port_id:0x400e
01-01 08:56:37.649 0 0 I afe_get_cal_topology_id: port_id = 0x400e acdb_id = 20 topology_id = 0x112fc cal_type_index=8 ret=0
01-01 08:56:37.649 0 0 I afe_send_port_topology_id: AFE set topology id 0x112fc enable for port 0x400e ret 0
01-01 08:56:37.650 0 0 I send_afe_cal_type: cal_index is 0
01-01 08:56:37.650 0 0 I send_afe_cal_type: dev_acdb_id[119] is 20
01-01 08:56:37.650 0 0 I afe_find_cal: cal_index 0 port_id 0x400e port_index 119
01-01 08:56:37.650 0 0 I afe_find_cal: acdb_id 20 dev_acdb_id 20 sample_rate 48000 afe_sample_rates 44100
01-01 08:56:37.650 0 0 I afe_find_cal: no matching cal_block found
01-01 08:56:37.650 0 0 E : send_afe_cal_type cal_block not found!!
01-01 08:56:37.655 0 0 I afe_send_hw_delay: port_id 0x400e rate 44100 delay_usec 0 status 0
03-14 04:47:04.313 782 1842 I volume_changed: [3,13,19,39,onSetA2dpSinkConnectionState]
03-14 04:47:04.314 782 5554 I stream_devices_changed: [3,2,128]
03-14 04:47:04.362 782 1842 I stream_devices_changed: [6,1,128]
03-14 04:47:04.898 782 1605 I input_interaction: Interaction with: 9e454fc com.android.settings/com.android.settings.homepage.SettingsHomepageActivity (server), edge-swipe (server), swipe-up (server), PointerEventDispatcher0 (server),
03-14 04:47:04.919 782 2679 I wm_task_moved: [1,0,0]
03-14 04:47:04.919 782 2679 I wm_task_moved: [1,0,5]
03-14 04:47:04.939 7907 7907 I view_enqueue_input_event: [Motion - Cancel,com.android.settings/com.android.settings.homepage.SettingsHomepageActivity]
03-14 04:47:04.940 782 826 I input_focus: [Focus request recents_animation_input_consumer,reason=UpdateInputWindows]
03-14 04:47:04.945 4407 4407 I wm_on_restart_called: [174418215,com.android.launcher3.uioverrides.QuickstepLauncher,performRestartActivity]
03-14 04:47:04.953 782 1605 I input_interaction: Interaction with: edge-swipe (server), swipe-up (server), PointerEventDispatcher0 (server),
03-14 04:47:04.960 782 1605 I input_focus: [Focus leaving 9e454fc com.android.settings/com.android.settings.homepage.SettingsHomepageActivity (server),reason=NOT_FOCUSABLE]
03-14 04:47:04.960 782 1605 I input_focus: [Focus entering recents_animation_input_consumer (server),reason=setFocusedWindow]
03-14 04:47:04.968 4407 4407 I wm_on_start_called: [174418215,com.android.launcher3.uioverrides.QuickstepLauncher,handleStartActivity]
03-14 04:47:04.976 4407 4407 I sysui_latency: [1,77]
03-14 04:47:04.989 782 1331 I commit_sys_config_file: [settings-1-0,3]
03-14 04:47:04.992 782 822 I sysui_multi_action: [319,7,322,63,325,3395,757,761,758,9,759,5,806,com.android.launcher3,871,com.android.launcher3.uioverrides.QuickstepLauncher,905,0,1320,4,1321,1]
03-14 04:47:05.284 782 830 I sysui_latency: [8,77]
03-14 04:47:05.307 782 1331 I commit_sys_config_file: [settings-1-0,12]
03-14 04:47:05.492 782 1973 I wm_task_moved: [1,1,6]
03-14 04:47:05.492 782 1973 I wm_task_moved: [102,1,2147483647]
03-14 04:47:05.492 782 1973 I wm_task_to_front: [0,102]
03-14 04:47:05.493 782 1973 I wm_focused_root_task: [0,0,1,190,RecentsAnimation.onAnimationFinished()]
03-14 04:47:05.493 782 1973 I wm_set_resumed_activity: [0,com.android.launcher3/.uioverrides.QuickstepLauncher,RecentsAnimation.onAnimationFinished()]
03-14 04:47:05.494 782 1973 I wm_pause_activity: [0,130182404,com.android.settings/.homepage.SettingsHomepageActivity,userLeaving=true,pauseBackTasks]
03-14 04:47:05.495 782 1973 I wm_add_to_stopping: [0,130182404,com.android.settings/.homepage.SettingsHomepageActivity,makeInvisible]
03-14 04:47:05.496 782 1973 I wm_set_resumed_activity: [0,com.android.launcher3/.uioverrides.QuickstepLauncher,resumeTopActivityInnerLocked]
03-14 04:47:05.499 7907 7907 I wm_on_top_resumed_lost_called: [130182404,com.android.settings.homepage.SettingsHomepageActivity,topStateChangedWhenResumed]
03-14 04:47:05.501 782 1973 I wm_resume_activity: [0,174418215,102,com.android.launcher3/.uioverrides.QuickstepLauncher]
03-14 04:47:05.502 4407 4407 I wm_on_resume_called: [174418215,com.android.launcher3.uioverrides.QuickstepLauncher,RESUME_ACTIVITY]
03-14 04:47:05.505 782 826 I input_focus: [Focus request e892cf3 com.android.launcher3/com.android.launcher3.uioverrides.QuickstepLauncher,reason=UpdateInputWindows]
03-14 04:47:05.513 782 825 I wm_stop_activity: [0,130182404,com.android.settings/.homepage.SettingsHomepageActivity]
03-14 04:47:05.515 7907 7907 I sysui_multi_action: [757,35,758,2,1089,2224]
03-14 04:47:05.515 782 825 I sysui_multi_action: [757,803,799,window_time_0,802,2]
03-14 04:47:05.516 7907 7907 I sysui_multi_action: [757,747,758,2,1089,2221]
03-14 04:47:05.516 7907 7907 I wm_on_paused_called: [130182404,com.android.settings.homepage.SettingsHomepageActivity,performPause]
03-14 04:47:05.517 782 1605 I input_focus: [Focus leaving recents_animation_input_consumer (server),reason=NOT_VISIBLE]
03-14 04:47:05.517 782 1605 I input_focus: [Focus entering e892cf3 com.android.launcher3/com.android.launcher3.uioverrides.QuickstepLauncher (server),reason=setFocusedWindow]
03-14 04:47:05.519 782 825 I sysui_multi_action: [757,803,799,window_time_0,802,0]
03-14 04:47:05.523 4407 4407 I wm_on_top_resumed_gained_called: [174418215,com.android.launcher3.uioverrides.QuickstepLauncher,topStateChangedWhenResumed]
03-14 04:47:05.548 7907 7907 I wm_on_stop_called: [130182404,com.android.settings.homepage.SettingsHomepageActivity,STOP_ACTIVITY_ITEM]
03-14 04:47:05.752 782 1605 I input_interaction: Interaction with: 56090c2 StatusBar (server), edge-swipe (server), swipe-up (server), PointerEventDispatcher0 (server),
03-14 04:47:05.757 2006 2006 I sysui_multi_action: [757,803,799,panel_open,802,1]
03-14 04:47:05.760 2006 2006 I sysui_multi_action: [757,1328,758,4,1326,77,1327,1,1329,0]
03-14 04:47:05.797 782 5547 I sysui_multi_action: [757,127,758,1]
03-14 04:47:05.797 782 5547 I sysui_multi_action: [757,804,799,note_load,801,4,802,1]
03-14 04:47:05.798 782 5547 I notification_panel_revealed: 4
03-14 04:47:05.809 782 826 I input_focus: [Focus request 3d200d1 NotificationShade,reason=UpdateInputWindows]
03-14 04:47:05.822 782 5547 I sysui_multi_action: [757,128,758,1,793,3357670,794,0,795,3357670,796,26,798,0,806,android,857,DEVELOPER_IMPORTANT,858,4,947,0,1395,4,1500,3357320,1688,1]
03-14 04:47:05.822 782 5547 I sysui_multi_action: [757,804,799,note_freshness,801,3357670,802,1]
03-14 04:47:05.822 782 5547 I notification_visibility: [-1|android|26|null|1000,1,3357670,3357670,0,0]
03-14 04:47:05.822 782 5547 I sysui_multi_action: [757,128,758,1,793,2267929,794,0,795,2267929,796,17303299,797,com.android.wifi,798,1,806,android,857,NETWORK_AVAILABLE,858,2,947,0,1395,4,1500,2267726,1688,1]
03-14 04:47:05.822 782 5547 I sysui_multi_action: [757,804,799,note_freshness,801,2267929,802,1]
03-14 04:47:05.822 782 5547 I notification_visibility: [0|android|17303299|com.android.wifi|1000,1,2267929,2267929,0,1]
03-14 04:47:05.823 782 5547 I sysui_multi_action: [757,128,758,1,793,3357638,794,0,795,3357638,796,55,798,2,806,android,857,DEVELOPER,858,2,947,0,1395,4,1500,3357317,1688,1]
03-14 04:47:05.823 782 5547 I sysui_multi_action: [757,804,799,note_freshness,801,3357638,802,1]
03-14 04:47:05.823 782 5547 I notification_visibility: [-1|android|55|null|1000,1,3357638,3357638,0,2]
03-14 04:47:05.823 782 5547 I sysui_multi_action: [757,128,758,1,793,3358578,794,0,795,3358578,796,32,798,3,806,android,857,USB,858,1,947,0,1395,4,1500,3358505,1688,1]
03-14 04:47:05.823 782 5547 I sysui_multi_action: [757,804,799,note_freshness,801,3358578,802,1]
03-14 04:47:05.823 782 5547 I notification_visibility: [-1|android|32|null|1000,1,3358578,3358578,0,3]
03-14 04:47:05.833 782 1605 I input_focus: [Focus leaving e892cf3 com.android.launcher3/com.android.launcher3.uioverrides.QuickstepLauncher (server),reason=setFocusedWindow]
03-14 04:47:05.833 782 1605 I input_focus: [Focus entering 3d200d1 NotificationShade (server),reason=setFocusedWindow]
03-14 04:47:05.870 2006 2006 I sysui_multi_action: [757,111,758,1]
03-14 04:47:05.870 2006 2006 I sysui_multi_action: [757,126,758,1,759,126,927,0,928,1,1593,1]
03-14 04:47:05.870 2006 2006 I sysui_multi_action: [757,113,758,1,759,113,927,1,928,1,1593,1]
03-14 04:47:05.870 2006 2006 I sysui_multi_action: [757,0,758,1,759,0,927,2,928,0,1593,1]
03-14 04:47:05.871 2006 2006 I sysui_multi_action: [757,0,758,1,759,0,927,3,928,0,1593,1]
03-14 04:47:05.871 2006 2006 I sysui_multi_action: [757,491,758,1,759,491,927,4,928,0,1311,-1,1593,0]
03-14 04:47:05.871 2006 2006 I sysui_multi_action: [757,0,758,1,759,0,927,5,928,0,1593,0]
03-14 04:47:05.871 2006 2006 I sysui_multi_action: [757,0,758,1,759,0,927,6,1593,0]
03-14 04:47:05.872 2006 2006 I sysui_multi_action: [757,111,758,1]
03-14 04:47:05.872 2006 2006 I sysui_multi_action: [757,126,758,1,759,126,927,0,928,1,1593,1]
03-14 04:47:05.872 2006 2006 I sysui_multi_action: [757,113,758,1,759,113,927,1,928,1,1593,1]
03-14 04:47:05.872 2006 2006 I sysui_multi_action: [757,0,758,1,759,0,927,2,928,0,1593,1]
03-14 04:47:05.872 2006 2006 I sysui_multi_action: [757,0,758,1,759,0,927,3,928,0,1593,1]
03-14 04:47:06.522 782 1605 I input_interaction: Interaction with: 3d200d1 NotificationShade (server), edge-swipe (server), swipe-up (server), PointerEventDispatcher0 (server),
03-14 04:47:06.737 782 5547 I volume_changed: [3,19,29,39,com.android.systemui]
03-14 04:47:07.458 782 1331 I commit_sys_config_file: [settings-1-0,6]
01-01 08:56:40.871 0 0 E DTC_ETH,link_delay_work_func: 3003, SQI=0, link=0
03-14 04:47:07.703 782 782 I notification_enqueue: [10078,2006,com.android.systemui,2048,NULL,0,Notification(channel=updateNotification shortcut=null contentView=null vibrate=null sound=null defaults=0x0 flags=0x0 color=0x00000000 vis=PRIVATE),1]
03-14 04:47:07.704 2006 2006 I sysui_multi_action: [757,111,758,2]
03-14 04:47:07.705 2006 2006 I sysui_multi_action: [757,111,758,2]
03-14 04:47:07.850 782 826 I input_focus: [Focus request e892cf3 com.android.launcher3/com.android.launcher3.uioverrides.QuickstepLauncher,reason=UpdateInputWindows]
03-14 04:47:07.856 782 6955 I sysui_multi_action: [757,128,758,2,793,3359703,794,2033,795,3359703,796,26,798,0,806,android,857,DEVELOPER_IMPORTANT,858,4,947,0,1395,4,1500,3359353,1688,1]
03-14 04:47:07.856 782 6955 I notification_visibility: [-1|android|26|null|1000,0,3359703,3359703,0,0]
03-14 04:47:07.857 782 6955 I sysui_multi_action: [757,128,758,2,793,2269964,794,2035,795,2269964,796,17303299,797,com.android.wifi,798,1,806,android,857,NETWORK_AVAILABLE,858,2,947,0,1395,4,1500,2269761,1688,1]
03-14 04:47:07.857 782 6955 I notification_visibility: [0|android|17303299|com.android.wifi|1000,0,2269964,2269964,0,1]
03-14 04:47:07.857 782 6955 I sysui_multi_action: [757,128,758,2,793,3359672,794,2034,795,3359672,796,55,798,2,806,android,857,DEVELOPER,858,2,947,0,1395,4,1500,3359351,1688,1]
03-14 04:47:07.857 782 6955 I notification_visibility: [-1|android|55|null|1000,0,3359672,3359672,0,2]
03-14 04:47:07.858 782 6955 I sysui_multi_action: [757,128,758,2,793,3360613,794,2035,795,3360613,796,32,798,3,806,android,857,USB,858,1,947,0,1395,4,1500,3360540,1688,1]
03-14 04:47:07.858 782 6955 I notification_visibility: [-1|android|32|null|1000,0,3360613,3360613,0,3]
03-14 04:47:07.859 782 1973 I sysui_multi_action: [757,127,758,2]
03-14 04:47:07.860 782 1973 I notification_panel_hidden:
03-14 04:47:07.871 782 1605 I input_focus: [Focus leaving 3d200d1 NotificationShade (server),reason=NO_WINDOW]
03-14 04:47:07.871 782 1605 I input_focus: [Focus entering e892cf3 com.android.launcher3/com.android.launcher3.uioverrides.QuickstepLauncher (server),reason=setFocusedWindow]
01-01 08:56:44.201 0 0 I msm_vidc: err : ffffffff: .....: DBLP Set: status 0
01-01 08:56:45.991 0 0 E DTC_ETH,link_delay_work_func: 3003, SQI=0, link=0
01-01 08:56:51.111 0 0 E DTC_ETH,link_delay_work_func: 3003, SQI=0, link=0
03-14 04:47:19.241 782 1605 I input_interaction: Interaction with: e892cf3 com.android.launcher3/com.android.launcher3.uioverrides.QuickstepLauncher (server), d04e39a com.android.systemui.ImageWallpaper (server), edge-swipe (server), swipe-up (server), PointerEventDispatcher0 (server),
03-14 04:47:19.410 782 6955 I wm_task_created: [192,-1]
03-14 04:47:19.412 782 6955 I wm_task_moved: [192,1,7]
03-14 04:47:19.412 782 6955 I wm_task_to_front: [0,192]
03-14 04:47:19.412 782 6955 I wm_create_task: [0,192]
03-14 04:47:19.412 782 6955 I wm_create_activity: [0,2703317,192,com.android.gallery3d/.app.GalleryActivity,android.intent.action.MAIN,NULL,NULL,270532608]
03-14 04:47:19.412 782 6955 I wm_task_moved: [192,1,7]
03-14 04:47:19.413 782 6955 I wm_pause_activity: [0,174418215,com.android.launcher3/.uioverrides.QuickstepLauncher,userLeaving=true,pauseBackTasks]
03-14 04:47:19.416 4407 4407 I wm_on_top_resumed_lost_called: [174418215,com.android.launcher3.uioverrides.QuickstepLauncher,topStateChangedWhenResumed]
03-14 04:47:19.416 4407 4407 I wm_on_paused_called: [174418215,com.android.launcher3.uioverrides.QuickstepLauncher,performPause]
03-14 04:47:19.417 782 6955 I wm_add_to_stopping: [0,174418215,com.android.launcher3/.uioverrides.QuickstepLauncher,makeInvisible]
03-14 04:47:19.418 782 6955 I wm_restart_activity: [0,2703317,192,com.android.gallery3d/.app.GalleryActivity]
03-14 04:47:19.418 782 6955 I wm_set_resumed_activity: [0,com.android.gallery3d/.app.GalleryActivity,minimalResumeActivityLocked]
03-14 04:47:19.422 782 825 I sysui_multi_action: [757,803,799,window_time_0,802,14]
03-14 04:47:19.428 782 830 I am_pss : [8064,10081,com.qualcomm.qti.qccauthmgr,6437888,4362240,0,95703040,0,19,4]
03-14 04:47:19.429 5555 5555 I wm_on_create_called: [2703317,com.android.gallery3d.app.GalleryActivity,performCreate]
03-14 04:47:19.430 5555 5555 I wm_on_start_called: [2703317,com.android.gallery3d.app.GalleryActivity,handleStartActivity]
03-14 04:47:19.432 5555 5555 I wm_on_resume_called: [2703317,com.android.gallery3d.app.GalleryActivity,RESUME_ACTIVITY]
03-14 04:47:19.433 5555 5555 I wm_on_top_resumed_gained_called: [2703317,com.android.gallery3d.app.GalleryActivity,topStateChangedWhenResumed]
03-14 04:47:19.447 782 1605 I input_focus: [Focus leaving e892cf3 com.android.launcher3/com.android.launcher3.uioverrides.QuickstepLauncher (server),reason=NO_WINDOW]
03-14 04:47:19.447 782 826 I input_focus: [Focus request 2a9d653 com.android.gallery3d/com.android.gallery3d.app.GalleryActivity,reason=UpdateInputWindows]
03-14 04:47:19.465 782 822 I sysui_multi_action: [319,31,321,29,322,59,325,3410,757,761,758,8,759,1,806,com.android.gallery3d,871,com.android.gallery3d.app.GalleryActivity,904,com.android.launcher3,905,0,1320,4,1321,1]
03-14 04:47:19.465 782 822 I wm_activity_launch_time: [0,2703317,com.android.gallery3d/.app.GalleryActivity,59]
03-14 04:47:19.479 782 1605 I input_focus: [Focus entering 2a9d653 com.android.gallery3d/com.android.gallery3d.app.GalleryActivity (server),reason=setFocusedWindow]
03-14 04:47:19.965 782 825 I wm_stop_activity: [0,174418215,com.android.launcher3/.uioverrides.QuickstepLauncher]
03-14 04:47:19.981 4407 4407 I wm_on_stop_called: [174418215,com.android.launcher3.uioverrides.QuickstepLauncher,STOP_ACTIVITY_ITEM]
03-14 04:47:20.628 782 1605 I input_interaction: Interaction with: 2a9d653 com.android.gallery3d/com.android.gallery3d.app.GalleryActivity (server), edge-swipe (server), swipe-up (server), PointerEventDispatcher0 (server),
03-14 04:47:20.632 782 6955 I wm_task_moved: [1,0,0]
03-14 04:47:20.632 782 6955 I wm_task_moved: [1,0,6]
03-14 04:47:20.644 4407 4407 I wm_on_restart_called: [174418215,com.android.launcher3.uioverrides.QuickstepLauncher,performRestartActivity]
03-14 04:47:20.661 4407 4407 I wm_on_start_called: [174418215,com.android.launcher3.uioverrides.QuickstepLauncher,handleStartActivity]
03-14 04:47:20.672 782 822 I sysui_multi_action: [319,2,322,38,325,3411,757,761,758,9,759,5,806,com.android.launcher3,871,com.android.launcher3.uioverrides.QuickstepLauncher,905,0,1320,4,1321,1]
03-14 04:47:20.778 5555 5555 I view_enqueue_input_event: [Motion - Cancel,com.android.gallery3d/com.android.gallery3d.app.GalleryActivity]
03-14 04:47:20.779 4407 4407 I sysui_latency: [1,40]
03-14 04:47:20.779 782 826 I input_focus: [Focus request recents_animation_input_consumer,reason=UpdateInputWindows]
03-14 04:47:20.791 782 1605 I input_interaction: Interaction with: edge-swipe (server), swipe-up (server), PointerEventDispatcher0 (server),
03-14 04:47:20.798 782 1605 I input_focus: [Focus leaving 2a9d653 com.android.gallery3d/com.android.gallery3d.app.GalleryActivity (server),reason=NOT_FOCUSABLE]
03-14 04:47:20.800 782 1605 I input_focus: [Focus entering recents_animation_input_consumer (server),reason=setFocusedWindow]
03-14 04:47:20.861 782 1331 I commit_sys_config_file: [settings-1-0,1]
03-14 04:47:20.971 782 830 I sysui_latency: [8,41]
03-14 04:47:21.136 782 1331 I commit_sys_config_file: [settings-1-0,2]
03-14 04:47:21.587 782 2679 I wm_task_moved: [1,1,7]
03-14 04:47:21.589 782 2679 I wm_task_moved: [102,1,2147483647]
03-14 04:47:21.589 782 2679 I wm_task_to_front: [0,102]
03-14 04:47:21.589 782 2679 I wm_focused_root_task: [0,0,1,192,RecentsAnimation.onAnimationFinished()]
03-14 04:47:21.589 5555 5555 I wm_on_top_resumed_lost_called: [2703317,com.android.gallery3d.app.GalleryActivity,topStateChangedWhenResumed]
03-14 04:47:21.590 782 2679 I wm_set_resumed_activity: [0,com.android.launcher3/.uioverrides.QuickstepLauncher,RecentsAnimation.onAnimationFinished()]
03-14 04:47:21.591 782 2679 I wm_pause_activity: [0,2703317,com.android.gallery3d/.app.GalleryActivity,userLeaving=true,pauseBackTasks]
03-14 04:47:21.592 782 2679 I wm_add_to_stopping: [0,2703317,com.android.gallery3d/.app.GalleryActivity,makeInvisible]
03-14 04:47:21.593 782 2679 I wm_set_resumed_activity: [0,com.android.launcher3/.uioverrides.QuickstepLauncher,resumeTopActivityInnerLocked]
03-14 04:47:21.596 782 2679 I wm_resume_activity: [0,174418215,102,com.android.launcher3/.uioverrides.QuickstepLauncher]
03-14 04:47:21.596 4407 4407 I wm_on_resume_called: [174418215,com.android.launcher3.uioverrides.QuickstepLauncher,RESUME_ACTIVITY]
03-14 04:47:21.602 782 826 I input_focus: [Focus request e892cf3 com.android.launcher3/com.android.launcher3.uioverrides.QuickstepLauncher,reason=UpdateInputWindows]
03-14 04:47:21.609 782 1973 I wm_stop_activity: [0,2703317,com.android.gallery3d/.app.GalleryActivity]
03-14 04:47:21.612 5555 5555 I wm_on_paused_called: [2703317,com.android.gallery3d.app.GalleryActivity,performPause]
03-14 04:47:21.619 4407 4407 I wm_on_top_resumed_gained_called: [174418215,com.android.launcher3.uioverrides.QuickstepLauncher,topStateChangedWhenResumed]
03-14 04:47:21.622 782 825 I sysui_multi_action: [757,803,799,window_time_0,802,2]
03-14 04:47:21.624 782 1605 I input_focus: [Focus leaving recents_animation_input_consumer (server),reason=NOT_VISIBLE]
03-14 04:47:21.625 782 1605 I input_focus: [Focus entering e892cf3 com.android.launcher3/com.android.launcher3.uioverrides.QuickstepLauncher (server),reason=setFocusedWindow]
03-14 04:47:21.626 782 825 I sysui_multi_action: [757,803,799,window_time_0,802,0]
03-14 04:47:21.629 5555 5555 I wm_on_stop_called: [2703317,com.android.gallery3d.app.GalleryActivity,STOP_ACTIVITY_ITEM]
01-01 08:56:56.231 0 0 E DTC_ETH,link_delay_work_func: 3003, SQI=0, link=0
01-01 08:56:58.089 0 0 I msm_vidc: err : ffffffff: .....: DBLP Set: status 0
01-01 08:57:01.351 0 0 E DTC_ETH,link_delay_work_func: 3003, SQI=0, link=0
03-14 04:47:29.853 782 1605 I input_interaction: Interaction with: 56090c2 StatusBar (server), edge-swipe (server), swipe-up (server), PointerEventDispatcher0 (server),
03-14 04:47:29.858 2006 2006 I sysui_multi_action: [757,803,799,panel_open,802,1]
03-14 04:47:29.860 2006 2006 I sysui_multi_action: [757,1328,758,4,1326,63,1327,1,1329,0]
03-14 04:47:29.906 782 2679 I sysui_multi_action: [757,127,758,1]
03-14 04:47:29.906 782 2679 I sysui_multi_action: [757,804,799,note_load,801,4,802,1]
03-14 04:47:29.906 782 2679 I notification_panel_revealed: 4
03-14 04:47:29.916 782 826 I input_focus: [Focus request 3d200d1 NotificationShade,reason=UpdateInputWindows]
03-14 04:47:29.933 782 2679 I sysui_multi_action: [757,128,758,1,793,3381780,794,0,795,3381780,796,26,798,0,806,android,857,DEVELOPER_IMPORTANT,858,4,947,0,1395,4,1500,3381430,1688,1]
03-14 04:47:29.933 782 2679 I sysui_multi_action: [757,804,799,note_freshness,801,3381780,802,1]
03-14 04:47:29.933 782 2679 I notification_visibility: [-1|android|26|null|1000,1,3381780,3381780,0,0]
03-14 04:47:29.933 782 2679 I sysui_multi_action: [757,128,758,1,793,2292040,794,0,795,2292040,796,17303299,797,com.android.wifi,798,1,806,android,857,NETWORK_AVAILABLE,858,2,947,0,1395,4,1500,2291837,1688,1]
03-14 04:47:29.933 782 2679 I sysui_multi_action: [757,804,799,note_freshness,801,2292040,802,1]
03-14 04:47:29.933 782 2679 I notification_visibility: [0|android|17303299|com.android.wifi|1000,1,2292040,2292040,0,1]
03-14 04:47:29.933 782 2679 I sysui_multi_action: [757,128,758,1,793,3381748,794,0,795,3381748,796,55,798,2,806,android,857,DEVELOPER,858,2,947,0,1395,4,1500,3381427,1688,1]
03-14 04:47:29.933 782 2679 I sysui_multi_action: [757,804,799,note_freshness,801,3381748,802,1]
03-14 04:47:29.933 782 2679 I notification_visibility: [-1|android|55|null|1000,1,3381748,3381748,0,2]
03-14 04:47:29.933 782 2679 I sysui_multi_action: [757,128,758,1,793,3382688,794,0,795,3382688,796,32,798,3,806,android,857,USB,858,1,947,0,1395,4,1500,3382615,1688,1]
03-14 04:47:29.933 782 2679 I sysui_multi_action: [757,804,799,note_freshness,801,3382688,802,1]
03-14 04:47:29.933 782 2679 I notification_visibility: [-1|android|32|null|1000,1,3382688,3382688,0,3]
03-14 04:47:29.940 782 1605 I input_focus: [Focus leaving e892cf3 com.android.launcher3/com.android.launcher3.uioverrides.QuickstepLauncher (server),reason=setFocusedWindow]
03-14 04:47:29.940 782 1605 I input_focus: [Focus entering 3d200d1 NotificationShade (server),reason=setFocusedWindow]
03-14 04:47:29.951 2006 2006 I sysui_multi_action: [757,111,758,1]
03-14 04:47:29.951 2006 2006 I sysui_multi_action: [757,126,758,1,759,126,927,0,928,1,1593,0]
03-14 04:47:29.951 2006 2006 I sysui_multi_action: [757,113,758,1,759,113,927,1,928,1,1593,0]
03-14 04:47:29.951 2006 2006 I sysui_multi_action: [757,0,758,1,759,0,927,2,928,0,1593,0]
03-14 04:47:29.951 2006 2006 I sysui_multi_action: [757,0,758,1,759,0,927,3,928,0,1593,0]
03-14 04:47:29.951 2006 2006 I sysui_multi_action: [757,491,758,1,759,491,927,4,928,0,1311,-1,1593,0]
03-14 04:47:29.951 2006 2006 I sysui_multi_action: [757,0,758,1,759,0,927,5,928,0,1593,0]
03-14 04:47:29.951 2006 2006 I sysui_multi_action: [757,0,758,1,759,0,927,6,1593,0]
03-14 04:47:29.952 2006 2006 I sysui_multi_action: [757,111,758,1]
03-14 04:47:29.952 2006 2006 I sysui_multi_action: [757,126,758,1,759,126,927,0,928,1,1593,0]
03-14 04:47:29.952 2006 2006 I sysui_multi_action: [757,113,758,1,759,113,927,1,928,1,1593,0]
03-14 04:47:29.952 2006 2006 I sysui_multi_action: [757,0,758,1,759,0,927,2,928,0,1593,0]
03-14 04:47:29.952 2006 2006 I sysui_multi_action: [757,0,758,1,759,0,927,3,928,0,1593,0]
03-14 04:47:32.600 782 1605 I input_interaction: Interaction with: 3d200d1 NotificationShade (server), edge-swipe (server), swipe-up (server), PointerEventDispatcher0 (server),
01-01 08:57:06.471 0 0 E DTC_ETH,link_delay_work_func: 3003, SQI=0, link=0
03-14 04:47:34.751 782 782 I notification_enqueue: [10078,2006,com.android.systemui,2048,NULL,0,Notification(channel=updateNotification shortcut=null contentView=null vibrate=null sound=null defaults=0x0 flags=0x0 color=0x00000000 vis=PRIVATE),1]
03-14 04:47:34.752 2006 2006 I sysui_multi_action: [757,111,758,2]
03-14 04:47:34.753 2006 2006 I sysui_multi_action: [757,111,758,2]
03-14 04:47:34.879 782 1605 I input_interaction: Interaction with: 3d200d1 NotificationShade (server), d04e39a com.android.systemui.ImageWallpaper (server), edge-swipe (server), swipe-up (server), PointerEventDispatcher0 (server),
03-14 04:47:34.926 782 826 I input_focus: [Focus request e892cf3 com.android.launcher3/com.android.launcher3.uioverrides.QuickstepLauncher,reason=UpdateInputWindows]
03-14 04:47:34.952 782 1605 I input_focus: [Focus leaving 3d200d1 NotificationShade (server),reason=NOT_FOCUSABLE]
03-14 04:47:34.952 782 1605 I input_focus: [Focus entering e892cf3 com.android.launcher3/com.android.launcher3.uioverrides.QuickstepLauncher (server),reason=setFocusedWindow]
03-14 04:47:34.957 2006 2006 I view_enqueue_input_event: [Motion - Cancel,NotificationShade]
03-14 04:47:34.964 782 1605 I input_interaction: Interaction with: edge-swipe (server), swipe-up (server), PointerEventDispatcher0 (server),
03-14 04:47:34.987 782 826 I input_focus: [Focus request 3d200d1 NotificationShade,reason=UpdateInputWindows]
03-14 04:47:35.019 782 1605 I input_focus: [Focus leaving e892cf3 com.android.launcher3/com.android.launcher3.uioverrides.QuickstepLauncher (server),reason=setFocusedWindow]
03-14 04:47:35.019 782 1605 I input_focus: [Focus entering 3d200d1 NotificationShade (server),reason=setFocusedWindow]
03-14 04:47:35.047 2006 2006 I sysui_multi_action: [757,111,758,1]
03-14 04:47:35.047 2006 2006 I sysui_multi_action: [757,126,758,1,759,126,927,0,928,1,1593,1]
03-14 04:47:35.047 2006 2006 I sysui_multi_action: [757,113,758,1,759,113,927,1,928,1,1593,1]
03-14 04:47:35.047 2006 2006 I sysui_multi_action: [757,0,758,1,759,0,927,2,928,0,1593,1]
03-14 04:47:35.047 2006 2006 I sysui_multi_action: [757,0,758,1,759,0,927,3,928,0,1593,1]
03-14 04:47:35.048 2006 2006 I sysui_multi_action: [757,491,758,1,759,491,927,4,928,0,1311,-1,1593,0]
03-14 04:47:35.048 2006 2006 I sysui_multi_action: [757,0,758,1,759,0,927,5,928,0,1593,0]
03-14 04:47:35.048 2006 2006 I sysui_multi_action: [757,0,758,1,759,0,927,6,1593,0]
03-14 04:47:35.048 2006 2006 I sysui_multi_action: [757,111,758,1]
03-14 04:47:35.048 2006 2006 I sysui_multi_action: [757,126,758,1,759,126,927,0,928,1,1593,1]
03-14 04:47:35.048 2006 2006 I sysui_multi_action: [757,113,758,1,759,113,927,1,928,1,1593,1]
03-14 04:47:35.048 2006 2006 I sysui_multi_action: [757,0,758,1,759,0,927,2,928,0,1593,1]
03-14 04:47:35.049 2006 2006 I sysui_multi_action: [757,0,758,1,759,0,927,3,928,0,1593,1]
03-14 04:47:35.143 782 1331 I commit_sys_config_file: [settings-1-0,11]
03-14 04:47:35.501 782 1331 I commit_sys_config_file: [settings-1-0,6]
03-14 04:47:35.993 782 1605 I input_interaction: Interaction with: 3d200d1 NotificationShade (server), edge-swipe (server), swipe-up (server), PointerEventDispatcher0 (server),
03-14 04:47:36.454 782 782 I notification_enqueue: [10078,2006,com.android.systemui,2048,NULL,0,Notification(channel=updateNotification shortcut=null contentView=null vibrate=null sound=null defaults=0x0 flags=0x0 color=0x00000000 vis=PRIVATE),1]
03-14 04:47:36.456 2006 2006 I sysui_multi_action: [757,111,758,2]
03-14 04:47:36.457 2006 2006 I sysui_multi_action: [757,111,758,2]
03-14 04:47:36.620 782 826 I input_focus: [Focus request e892cf3 com.android.launcher3/com.android.launcher3.uioverrides.QuickstepLauncher,reason=UpdateInputWindows]
03-14 04:47:36.624 782 2679 I sysui_multi_action: [757,128,758,2,793,3388472,794,6692,795,3388472,796,26,798,0,806,android,857,DEVELOPER_IMPORTANT,858,4,947,0,1395,4,1500,3388122,1688,1]
