03-14 04:52:15.555 2006 2260 D StartingSurfaceDrawer: window attributes color: 0 icon null duration 0 brandImage null
03-14 04:52:15.555 782 9058 W FreeFormWindowHelper: Current Display FreeFormTask is null
03-14 04:52:15.556 2006 2260 D StartingSurfaceDrawer: FgMainColor=ff151515 BgMainColor=0 IsBgComplex=false FromCache=true ThemeColor=fffafafa
03-14 04:52:15.556 2006 2260 D StartingSurfaceDrawer: isRgbSimilarInHsv a: fffafafa b 0 contrast ratio: 20.119467
03-14 04:52:15.556 2006 2260 D StartingSurfaceDrawer: hsvDiff 0 ah 0.0 bh 0.0 as 0.0 bs 0.0 av 0.98039216 bv 0.0 sqH 0.0 sqS 0.0 sqV 0.9611687835295903 root 0.5660296763508637
03-14 04:52:15.556 2006 2260 D StartingSurfaceDrawer: isRgbSimilarInHsv a: fffafafa b ff151515 contrast ratio: 17.495483
03-14 04:52:15.556 2006 2260 D StartingSurfaceDrawer: hsvDiff 0 ah 0.0 bh 0.0 as 0.0 bs 0.0 av 0.98039216 bv 0.08235294 sqH 0.0 sqS 0.0 sqV 0.8064744438257918 root 0.5184831864280627
03-14 04:52:15.556 2006 2260 D StartingSurfaceDrawer: makeSplashScreenContentView: choose fg icon
03-14 04:52:15.556 9060 9060 I wm_on_top_resumed_lost_called: [174418215,com.android.launcher3.uioverrides.QuickstepLauncher,topStateChangedWhenResumed]
03-14 04:52:15.556 9060 9060 I wm_on_paused_called: [174418215,com.android.launcher3.uioverrides.QuickstepLauncher,performPause]
03-14 04:52:15.556 2006 2260 D StartingSurfaceDrawer: fillViewWithIcon surfaceWindowView android.window.SplashScreenView{a23d498 V.E...... ......ID 0,0-0,0}
03-14 04:52:15.556 782 9058 I ActivityTaskManager: FOREGROUND_APPLICATION_CHANGED to com.android.music.MusicBrowserActivity
03-14 04:52:15.557 782 9058 I ActivityTaskManager: The Process com.android.music Already Exists in BG. So sending its PID: 8810
03-14 04:52:15.557 782 9058 W ActivityTaskManager: Tried to set launchTime (0) < mLastActivityLaunchTime (3693826)
03-14 04:52:15.557 782 9058 I wm_add_to_stopping: [0,174418215,com.android.launcher3/.uioverrides.QuickstepLauncher,makeInvisible]
03-14 04:52:15.557 782 9058 I wm_restart_activity: [0,16759057,211,com.android.music/.MusicBrowserActivity]
03-14 04:52:15.558 782 9058 I wm_set_resumed_activity: [0,com.android.music/.MusicBrowserActivity,minimalResumeActivityLocked]
03-14 04:52:15.564 782 825 I sysui_multi_action: [757,803,799,window_time_0,802,1]
03-14 04:52:15.565 782 1605 I input_focus: [Focus leaving f6966bb com.android.launcher3/com.android.launcher3.uioverrides.QuickstepLauncher (server),reason=NO_WINDOW]
03-14 04:52:15.570 8810 8810 I wm_on_create_called: [16759057,com.android.music.MusicBrowserActivity,performCreate]
03-14 04:52:15.577 8810 8810 I wm_on_start_called: [16759057,com.android.music.MusicBrowserActivity,handleStartActivity]
03-14 04:52:15.577 8810 8810 I wm_on_resume_called: [16759057,com.android.music.MusicBrowserActivity,RESUME_ACTIVITY]
03-14 04:52:15.580 8810 8810 I wm_on_top_resumed_gained_called: [16759057,com.android.music.MusicBrowserActivity,topStateChangedWhenResumed]
03-14 04:52:15.580 782 1699 I GameModeConfig: isGameModeOn = false
03-14 04:52:15.580 782 1699 I GameModeConfig: isGameModeOn = false
03-14 04:52:15.581 782 1699 I GameModeConfig: isGameModeOn = false
03-14 04:52:15.581 782 1699 I GameModeConfig: isGameModeOn = false
03-14 04:52:15.581 782 1699 I GameModeConfig: isGameModeOn = false
03-14 04:52:15.581 782 1699 I GameModeConfig: isGameModeOn = false
03-14 04:52:15.592 782 782 I notification_enqueue: [10086,8810,com.android.music,1,NULL,0,Notification(channel=Channel-music shortcut=null contentView=null vibrate=null sound=null defaults=0x0 flags=0x40 color=0x00000000 category=transport actions=4 vis=PRIVATE),1]
03-14 04:52:15.594 782 782 I notification_enqueue: [10086,8810,com.android.music,1,NULL,0,Notification(channel=Channel-music shortcut=null contentView=null vibrate=null sound=null defaults=0x0 flags=0x40 color=0x00000000 category=transport actions=4 vis=PRIVATE),1]
03-14 04:52:15.600 782 1699 I GameModeConfig: isGameModeOn = false
03-14 04:52:15.600 782 1699 I GameModeConfig: isGameModeOn = false
03-14 04:52:15.600 782 1699 I GameModeConfig: isGameModeOn = false
03-14 04:52:15.600 782 1699 I GameModeConfig: isGameModeOn = false
03-14 04:52:15.600 782 1699 I GameModeConfig: isGameModeOn = false
03-14 04:52:15.600 782 1699 I GameModeConfig: isGameModeOn = false
03-14 04:52:15.611 782 782 I notification_enqueue: [10086,8810,com.android.music,1,NULL,0,Notification(channel=Channel-music shortcut=null contentView=null vibrate=null sound=null defaults=0x0 flags=0x40 color=0x00000000 category=transport actions=4 vis=PRIVATE),1]
03-14 04:52:15.611 782 782 I notification_enqueue: [10086,8810,com.android.music,1,NULL,0,Notification(channel=Channel-music shortcut=null contentView=null vibrate=null sound=null defaults=0x0 flags=0x40 color=0x00000000 category=transport actions=4 vis=PRIVATE),1]
03-14 04:52:15.626 782 826 I input_focus: [Focus request f2bfe2d com.android.music/com.android.music.MusicBrowserActivity,reason=UpdateInputWindows]
03-14 04:52:15.633 782 822 I sysui_multi_action: [319,26,321,24,322,86,325,3706,757,761,758,8,759,1,806,com.android.music,871,com.android.music.MusicBrowserActivity,904,com.android.launcher3,905,0,1320,4,1321,1]
03-14 04:52:15.633 782 822 I wm_activity_launch_time: [0,16759057,com.android.music/.MusicBrowserActivity,86]
03-14 04:52:15.634 2006 2256 D StartingSurfaceDrawer: Task start finish, remove starting surface for task 211
03-14 04:52:15.634 2006 2256 V StartingSurfaceDrawer: Removing splash screen window for task: 211
03-14 04:52:15.635 782 9058 W ActivityManager: Receiver with filter android.content.IntentFilter@f629e41 already registered for pid 8810, callerPackage is com.android.music
03-14 04:52:15.646 782 1605 I input_focus: [Focus entering f2bfe2d com.android.music/com.android.music.MusicBrowserActivity (server),reason=setFocusedWindow]
03-14 04:52:15.659 782 2170 W FreeFormWindowHelper: Current Display FreeFormTask is null
03-14 04:52:15.792 782 782 I GameModeConfig: isGameModeOn = false
03-14 04:52:15.794 782 782 I GameModeConfig: isGameModeOn = false
03-14 04:52:15.811 782 782 I GameModeConfig: isGameModeOn = false
03-14 04:52:15.811 782 782 I GameModeConfig: isGameModeOn = false
03-14 04:52:15.897 782 1605 I input_interaction: Interaction with: edge-swipe (server), swipe-up (server), PointerEventDispatcher0 (server),
03-14 04:52:15.901 782 8809 W FreeFormWindowHelper: Current Display FreeFormTask is null
03-14 04:52:15.902 782 8809 W FreeFormWindowHelper: Current Display FreeFormTask is null
03-14 04:52:15.902 782 8809 W FreeFormWindowHelper: Current Display FreeFormTask is null
03-14 04:52:15.903 782 8809 I wm_task_moved: [1,0,0]
03-14 04:52:15.904 782 8809 I wm_task_moved: [1,0,5]
03-14 04:52:15.913 782 8809 W FreeFormWindowHelper: Current Display FreeFormTask is null
03-14 04:52:15.913 782 8809 W FreeFormWindowHelper: Current Display FreeFormTask is null
03-14 04:52:15.914 782 8809 W FreeFormWindowHelper: Current Display FreeFormTask is null
03-14 04:52:15.915 782 9058 W FreeFormWindowHelper: Current Display FreeFormTask is null
03-14 04:52:15.917 782 8809 W ActivityTaskManager: getTaskSnapshot: taskId=-821 not found
03-14 04:52:15.918 782 8809 W ActivityTaskManager: getTaskSnapshot: taskId=-820 not found
03-14 04:52:15.918 782 8809 W ActivityTaskManager: getTaskSnapshot: taskId=-820 not found
03-14 04:52:15.919 782 8809 W ActivityTaskManager: getTaskSnapshot: taskId=-820 not found
03-14 04:52:15.919 782 8809 W ActivityTaskManager: getTaskSnapshot: taskId=-820 not found
03-14 04:52:15.929 782 8809 W FreeFormWindowHelper: Current Display FreeFormTask is null
03-14 04:52:15.930 782 8809 W FreeFormWindowHelper: Current Display FreeFormTask is null
03-14 04:52:15.937 782 822 D AutofillManagerService: Close system dialogs
03-14 04:52:15.944 782 9058 W FreeFormWindowHelper: Current Display FreeFormTask is null
03-14 04:52:15.944 782 9058 W FreeFormWindowHelper: Current Display FreeFormTask is null
03-14 04:52:15.944 782 8809 W FreeFormWindowHelper: Current Display FreeFormTask is null
03-14 04:52:15.956 9060 9060 I sysui_latency: [1,3]
03-14 04:52:15.957 782 826 I input_focus: [Focus request recents_animation_input_consumer,reason=UpdateInputWindows]
03-14 04:52:15.958 782 8809 W FreeFormWindowHelper: Current Display FreeFormTask is null
03-14 04:52:15.958 782 8809 W FreeFormWindowHelper: Current Display FreeFormTask is null
03-14 04:52:15.960 782 8809 W FreeFormWindowHelper: Current Display FreeFormTask is null
03-14 04:52:15.961 782 8809 W FreeFormWindowHelper: Current Display FreeFormTask is null
03-14 04:52:15.962 782 8809 W ActivityTaskManager: getTaskSnapshot: taskId=-775 not found
03-14 04:52:15.963 782 8809 W FreeFormWindowHelper: Current Display FreeFormTask is null
03-14 04:52:15.963 782 8809 W FreeFormWindowHelper: Current Display FreeFormTask is null
03-14 04:52:15.964 782 9058 W ActivityTaskManager: getTaskSnapshot: taskId=-775 not found
03-14 04:52:15.964 782 9058 W ActivityTaskManager: getTaskSnapshot: taskId=-775 not found
03-14 04:52:15.964 782 9058 W ActivityTaskManager: getTaskSnapshot: taskId=-775 not found
03-14 04:52:15.964 782 9058 W ActivityTaskManager: getTaskSnapshot: taskId=-774 not found
03-14 04:52:15.979 782 8809 W FreeFormWindowHelper: Current Display FreeFormTask is null
03-14 04:52:15.980 782 8809 W FreeFormWindowHelper: Current Display FreeFormTask is null
03-14 04:52:15.980 782 1605 I input_focus: [Focus leaving f2bfe2d com.android.music/com.android.music.MusicBrowserActivity (server),reason=NOT_FOCUSABLE]
03-14 04:52:15.980 782 1605 I input_focus: [Focus entering recents_animation_input_consumer (server),reason=setFocusedWindow]
03-14 04:52:15.996 782 2170 W FreeFormWindowHelper: Current Display FreeFormTask is null
03-14 04:52:15.996 782 2170 W FreeFormWindowHelper: Current Display FreeFormTask is null
03-14 04:52:16.009 782 2170 W FreeFormWindowHelper: exitRecentTasks type=2
03-14 04:52:16.013 782 8809 W FreeFormWindowHelper: Current Display FreeFormTask is null
03-14 04:52:16.014 782 8809 W FreeFormWindowHelper: Current Display FreeFormTask is null
03-14 04:52:16.151 782 1331 I commit_sys_config_file: [settings-1-0,1]
03-14 04:52:16.627 782 1605 I input_interaction: Interaction with: recents_animation_input_consumer (server), edge-swipe (server), swipe-up (server), PointerEventDispatcher0 (server),
03-14 04:52:16.648 782 2190 W FreeFormWindowHelper: Current Display FreeFormTask is null
03-14 04:52:16.648 782 2190 W FreeFormWindowHelper: Current Display FreeFormTask is null
03-14 04:52:16.652 782 2190 I wm_task_moved: [1,1,6]
03-14 04:52:16.652 782 2190 I wm_task_moved: [102,1,2147483647]
03-14 04:52:16.652 782 2190 I wm_task_to_front: [0,102]
03-14 04:52:16.652 782 2190 I wm_focused_root_task: [0,0,1,211,RecentsAnimation.onAnimationFinished()]
03-14 04:52:16.652 8810 8810 I wm_on_top_resumed_lost_called: [16759057,com.android.music.MusicBrowserActivity,topStateChangedWhenResumed]
03-14 04:52:16.652 782 2190 I wm_set_resumed_activity: [0,com.android.launcher3/.uioverrides.QuickstepLauncher,RecentsAnimation.onAnimationFinished()]
03-14 04:52:16.653 782 2190 I wm_pause_activity: [0,16759057,com.android.music/.MusicBrowserActivity,userLeaving=true,pauseBackTasks]
03-14 04:52:16.653 782 2190 I wm_add_to_stopping: [0,16759057,com.android.music/.MusicBrowserActivity,makeInvisible]
03-14 04:52:16.653 782 2190 I ActivityTaskManager: FOREGROUND_APPLICATION_CHANGED to com.android.launcher3.uioverrides.QuickstepLauncher
03-14 04:52:16.653 782 2190 I wm_set_resumed_activity: [0,com.android.launcher3/.uioverrides.QuickstepLauncher,resumeTopActivityInnerLocked]
03-14 04:52:16.655 782 2190 I wm_resume_activity: [0,174418215,102,com.android.launcher3/.uioverrides.QuickstepLauncher]
03-14 04:52:16.655 9060 9060 I wm_on_resume_called: [174418215,com.android.launcher3.uioverrides.QuickstepLauncher,RESUME_ACTIVITY]
03-14 04:52:16.658 782 826 I input_focus: [Focus request f6966bb com.android.launcher3/com.android.launcher3.uioverrides.QuickstepLauncher,reason=UpdateInputWindows]
03-14 04:52:16.658 9060 9060 I wm_on_top_resumed_gained_called: [174418215,com.android.launcher3.uioverrides.QuickstepLauncher,topStateChangedWhenResumed]
03-14 04:52:16.659 8810 8810 I wm_on_paused_called: [16759057,com.android.music.MusicBrowserActivity,performPause]
03-14 04:52:16.660 782 2170 I wm_stop_activity: [0,16759057,com.android.music/.MusicBrowserActivity]
03-14 04:52:16.660 782 825 I sysui_multi_action: [757,803,799,window_time_0,802,1]
03-14 04:52:16.661 782 825 I sysui_multi_action: [757,803,799,window_time_0,802,0]
03-14 04:52:16.666 782 1605 I input_focus: [Focus leaving recents_animation_input_consumer (server),reason=NOT_VISIBLE]
03-14 04:52:16.670 8810 8810 I wm_on_stop_called: [16759057,com.android.music.MusicBrowserActivity,STOP_ACTIVITY_ITEM]
03-14 04:52:16.682 782 1605 I input_focus: [Focus entering f6966bb com.android.launcher3/com.android.launcher3.uioverrides.QuickstepLauncher (server),reason=setFocusedWindow]
03-14 04:52:16.760 782 2170 W FreeFormWindowHelper: Current Display FreeFormTask is null
03-14 04:52:17.563 782 1605 I input_interaction: Interaction with: f6966bb com.android.launcher3/com.android.launcher3.uioverrides.QuickstepLauncher (server), d04e39a com.android.systemui.ImageWallpaper (server), edge-swipe (server), swipe-up (server), PointerEventDispatcher0 (server),
03-14 04:52:17.666 782 2170 I thunderperf: PlatormCompat.setOverrides: Uid1=10074 Pid1=9060 Uid2=10074 Pid2=9060
03-14 04:52:17.666 782 2170 I thunderperf: PlatormCompat.setOverrides: needCheck:false
03-14 04:52:17.666 782 2170 I thunderperf: CompatConfig.addOverrideUnsafe: bef-state=0
03-14 04:52:17.666 782 2170 I thunderperf: CompatConfig.addOverrideUnsafe: aft-state=0
03-14 04:52:17.667 782 2170 I thunderperf: CompatConfig.addOverrideUnsafe: bef-state=0
03-14 04:52:17.667 782 2170 I thunderperf: CompatConfig.addOverrideUnsafe: aft-state=0
03-14 04:52:17.667 782 2170 I thunderperf: CompatConfig.addOverrideUnsafe: bef-state=0
03-14 04:52:17.667 782 2170 I thunderperf: CompatConfig.addOverrideUnsafe: aft-state=0
03-14 04:52:17.668 782 2170 I thunderperf: CompatConfig.addOverrideUnsafe: bef-state=0
03-14 04:52:17.668 782 2170 I thunderperf: CompatConfig.addOverrideUnsafe: aft-state=0
03-14 04:52:17.668 782 2170 I thunderperf: CompatConfig.addOverrideUnsafe: bef-state=0
03-14 04:52:17.668 782 2170 I thunderperf: CompatConfig.addOverrideUnsafe: aft-state=0
03-14 04:52:17.669 782 2170 I thunderperf: CompatConfig.addOverrideUnsafe: bef-state=0
03-14 04:52:17.669 782 2170 I thunderperf: CompatConfig.addOverrideUnsafe: aft-state=0
03-14 04:52:17.669 782 2170 I thunderperf: CompatConfig.addOverrideUnsafe: bef-state=0
03-14 04:52:17.669 782 2170 I thunderperf: CompatConfig.addOverrideUnsafe: aft-state=0
03-14 04:52:17.670 782 2170 I thunderperf: CompatConfig.addOverrideUnsafe: bef-state=0
03-14 04:52:17.670 782 2170 I thunderperf: CompatConfig.addOverrideUnsafe: aft-state=0
03-14 04:52:17.670 782 2170 I thunderperf: CompatConfig.addOverrideUnsafe: bef-state=0
03-14 04:52:17.670 782 2170 I thunderperf: CompatConfig.addOverrideUnsafe: aft-state=0
03-14 04:52:17.670 782 2170 I thunderperf: CompatConfig.addOverrideUnsafe: bef-state=0
03-14 04:52:17.670 782 2170 I thunderperf: CompatConfig.addOverrideUnsafe: aft-state=0
03-14 04:52:17.671 782 2170 I thunderperf: CompatConfig.addOverrideUnsafe: bef-state=0
03-14 04:52:17.671 782 2170 I thunderperf: CompatConfig.addOverrideUnsafe: aft-state=0
03-14 04:52:17.671 782 2170 I thunderperf: CompatConfig.addOverrideUnsafe: bef-state=0
03-14 04:52:17.671 782 2170 I thunderperf: CompatConfig.addOverrideUnsafe: aft-state=0
03-14 04:52:17.672 782 2170 I thunderperf: CompatConfig.addOverrideUnsafe: bef-state=0
03-14 04:52:17.672 782 2170 I thunderperf: CompatConfig.addOverrideUnsafe: aft-state=0
03-14 04:52:17.672 782 2170 I thunderperf: CompatConfig.addOverrideUnsafe: bef-state=0
03-14 04:52:17.672 782 2170 I thunderperf: CompatConfig.addOverrideUnsafe: aft-state=0
03-14 04:52:17.678 782 2969 E TaskPersister: File error accessing recents directory (directory doesn't exist?).
03-14 04:52:17.678 782 2170 I ActivityTaskManager: START u0 {act=android.intent.action.MAIN cat=[android.intent.category.LAUNCHER] flg=0x10200000 cmp=com.android.music/.MusicBrowserActivity} from uid 10074
03-14 04:52:17.680 782 2170 I wm_task_moved: [211,1,6]
03-14 04:52:17.680 782 2170 I wm_task_to_front: [0,211]
03-14 04:52:17.681 782 2170 I wm_focused_root_task: [0,0,211,1,bringingFoundTaskToFront]
03-14 04:52:17.681 782 2170 I wm_set_resumed_activity: [0,com.android.music/.MusicBrowserActivity,bringingFoundTaskToFront]
03-14 04:52:17.685 782 2170 D FreeFormWindowHelper: Add freeform task=Task{4c7e38b #211 type=standard A=10086:android.task.music U=0 visible=true mode=freeform translucent=true sz=1}
03-14 04:52:17.685 782 2170 I ActivityTaskManager: clear resize flag in freeform mode
03-14 04:52:17.686 782 2170 I ActivityTaskManager: FOREGROUND_APPLICATION_CHANGED to com.android.music.MusicBrowserActivity
03-14 04:52:17.686 782 2170 I wm_set_resumed_activity: [0,com.android.music/.MusicBrowserActivity,resumeTopActivityInnerLocked]
03-14 04:52:17.687 782 2190 W ActivityManager: Receiver with filter android.content.IntentFilter@92d207e already registered for pid 8810, callerPackage is com.android.music
03-14 04:52:17.688 782 2170 I wm_resume_activity: [0,16759057,211,com.android.music/.MusicBrowserActivity]
03-14 04:52:17.690 782 2170 I wm_new_intent: [0,16759057,211,com.android.music/.MusicBrowserActivity,android.intent.action.MAIN,NULL,NULL,270532608]
03-14 04:52:17.695 9060 9060 I wm_on_top_resumed_lost_called: [174418215,com.android.launcher3.uioverrides.QuickstepLauncher,topStateChangedWhenResumed]
03-14 04:52:17.712 8810 8810 I wm_on_restart_called: [16759057,com.android.music.MusicBrowserActivity,performRestartActivity]
03-14 04:52:17.716 8810 8810 I wm_on_start_called: [16759057,com.android.music.MusicBrowserActivity,handleStartActivity]
03-14 04:52:17.717 8810 8810 I wm_on_resume_called: [16759057,com.android.music.MusicBrowserActivity,RESUME_ACTIVITY]
03-14 04:52:17.723 8810 8810 I wm_on_paused_called: [16759057,com.android.music.MusicBrowserActivity,performPause]
03-14 04:52:17.726 8810 8810 I wm_on_resume_called: [16759057,com.android.music.MusicBrowserActivity,LIFECYCLER_RESUME_ACTIVITY]
03-14 04:52:17.729 782 830 I am_pss : [9060,10074,com.android.launcher3,114547712,106762240,0,240480256,0,2,10]
03-14 04:52:17.730 8810 8810 I wm_on_top_resumed_gained_called: [16759057,com.android.music.MusicBrowserActivity,topStateChangedWhenResumed]
03-14 04:52:17.731 782 2170 W WindowManager: updateScale : 0.79357797
03-14 04:52:17.734 782 826 I input_focus: [Focus request f2bfe2d com.android.music/com.android.music.MusicBrowserActivity,reason=UpdateInputWindows]
03-14 04:52:17.743 782 826 W WindowManager: updateScale : 0.79357797
03-14 04:52:17.743 782 1699 I GameModeConfig: isGameModeOn = false
03-14 04:52:17.743 782 1699 I GameModeConfig: isGameModeOn = false
03-14 04:52:17.744 782 1699 I GameModeConfig: isGameModeOn = false
03-14 04:52:17.744 782 1699 I GameModeConfig: isGameModeOn = false
03-14 04:52:17.744 782 1699 I GameModeConfig: isGameModeOn = false
03-14 04:52:17.744 782 1699 I GameModeConfig: isGameModeOn = false
03-14 04:52:17.746 782 826 W WindowManager: updateScale : 0.79357797
03-14 04:52:17.747 782 826 W WindowManager: updateScale : 0.79357797
03-14 04:52:17.748 782 822 I sysui_multi_action: [319,68,322,67,325,3708,757,761,758,9,759,2,806,com.android.music,871,com.android.music.MusicBrowserActivity,904,com.android.launcher3,905,0,1320,4,1321,1]
03-14 04:52:17.753 782 1605 I input_focus: [Focus leaving f6966bb com.android.launcher3/com.android.launcher3.uioverrides.QuickstepLauncher (server),reason=setFocusedWindow]
03-14 04:52:17.753 782 1605 I input_focus: [Focus entering f2bfe2d com.android.music/com.android.music.MusicBrowserActivity (server),reason=setFocusedWindow]
03-14 04:52:17.760 782 782 I notification_enqueue: [10086,8810,com.android.music,1,NULL,0,Notification(channel=Channel-music shortcut=null contentView=null vibrate=null sound=null defaults=0x0 flags=0x40 color=0x00000000 category=transport actions=4 vis=PRIVATE),1]
03-14 04:52:17.762 782 782 I notification_enqueue: [10086,8810,com.android.music,1,NULL,0,Notification(channel=Channel-music shortcut=null contentView=null vibrate=null sound=null defaults=0x0 flags=0x40 color=0x00000000 category=transport actions=4 vis=PRIVATE),1]
03-14 04:52:17.796 782 2190 W ActivityManager: Receiver with filter android.content.IntentFilter@cffaaa8 already registered for pid 8810, callerPackage is com.android.music
03-14 04:52:17.961 782 782 I GameModeConfig: isGameModeOn = false
03-14 04:52:17.964 782 782 I GameModeConfig: isGameModeOn = false
03-14 04:52:18.019 782 826 W WindowManager: updateScale : 0.79357797
03-14 04:52:18.307 782 2190 W FreeFormWindowHelper: Current Display FreeFormTask is Task{4c7e38b #211 type=standard A=10086:android.task.music U=0 visible=true mode=freeform translucent=false sz=1}
03-14 04:52:18.308 782 2190 W FreeFormWindowHelper: Current Display FreeFormTask is Task{4c7e38b #211 type=standard A=10086:android.task.music U=0 visible=true mode=freeform translucent=false sz=1}
03-14 04:52:18.330 782 1605 I input_interaction: Interaction with: edge-swipe (server), swipe-up (server), PointerEventDispatcher0 (server),
03-14 04:52:18.331 782 2170 W FreeFormWindowHelper: Current Display FreeFormTask is Task{4c7e38b #211 type=standard A=10086:android.task.music U=0 visible=true mode=freeform translucent=false sz=1}
03-14 04:52:18.331 782 2170 W FreeFormWindowHelper: Current Display FreeFormTask is Task{4c7e38b #211 type=standard A=10086:android.task.music U=0 visible=true mode=freeform translucent=false sz=1}
03-14 04:52:18.332 782 822 D AutofillManagerService: Close system dialogs
03-14 04:52:18.332 9060 9060 I view_enqueue_input_event: [Motion - Cancel,com.android.launcher3/com.android.launcher3.uioverrides.QuickstepLauncher]
03-14 04:52:18.333 782 2190 W FreeFormWindowHelper: Current Display FreeFormTask is Task{4c7e38b #211 type=standard A=10086:android.task.music U=0 visible=true mode=freeform translucent=false sz=1}
03-14 04:52:18.334 782 2190 W FreeFormWindowHelper: Current Display FreeFormTask is Task{4c7e38b #211 type=standard A=10086:android.task.music U=0 visible=true mode=freeform translucent=false sz=1}
03-14 04:52:18.335 782 2190 W FreeFormWindowHelper: Current Display FreeFormTask is Task{4c7e38b #211 type=standard A=10086:android.task.music U=0 visible=true mode=freeform translucent=false sz=1}
03-14 04:52:18.335 782 2190 W FreeFormWindowHelper: Current Display FreeFormTask is Task{4c7e38b #211 type=standard A=10086:android.task.music U=0 visible=true mode=freeform translucent=false sz=1}
03-14 04:52:18.335 782 2190 W FreeFormWindowHelper: Current Display FreeFormTask is Task{4c7e38b #211 type=standard A=10086:android.task.music U=0 visible=true mode=freeform translucent=false sz=1}
03-14 04:52:18.336 782 2170 W FreeFormWindowHelper: Current Display FreeFormTask is Task{4c7e38b #211 type=standard A=10086:android.task.music U=0 visible=true mode=freeform translucent=false sz=1}
03-14 04:52:18.336 782 2190 W ActivityTaskManager: getTaskSnapshot: taskId=-401 not found
03-14 04:52:18.337 782 2170 W FreeFormWindowHelper: Current Display FreeFormTask is Task{4c7e38b #211 type=standard A=10086:android.task.music U=0 visible=true mode=freeform translucent=false sz=1}
03-14 04:52:18.338 782 2170 W FreeFormWindowHelper: Current Display FreeFormTask is Task{4c7e38b #211 type=standard A=10086:android.task.music U=0 visible=true mode=freeform translucent=false sz=1}
03-14 04:52:18.341 782 2190 W ActivityTaskManager: getTaskSnapshot: taskId=-401 not found
03-14 04:52:18.342 782 2190 W ActivityTaskManager: getTaskSnapshot: taskId=-400 not found
03-14 04:52:18.346 782 2170 W ActivityTaskManager: getTaskSnapshot: taskId=-400 not found
03-14 04:52:18.351 782 2170 W FreeFormWindowHelper: Current Display FreeFormTask is Task{4c7e38b #211 type=standard A=10086:android.task.music U=0 visible=true mode=freeform translucent=false sz=1}
03-14 04:52:18.351 782 2170 W FreeFormWindowHelper: Current Display FreeFormTask is Task{4c7e38b #211 type=standard A=10086:android.task.music U=0 visible=true mode=freeform translucent=false sz=1}
03-14 04:52:18.367 782 2170 W FreeFormWindowHelper: Current Display FreeFormTask is Task{4c7e38b #211 type=standard A=10086:android.task.music U=0 visible=true mode=freeform translucent=false sz=1}
03-14 04:52:18.368 782 2170 W FreeFormWindowHelper: Current Display FreeFormTask is Task{4c7e38b #211 type=standard A=10086:android.task.music U=0 visible=true mode=freeform translucent=false sz=1}
03-14 04:52:18.510 782 1331 I commit_sys_config_file: [settings-1-0,5]
03-14 04:52:18.672 782 797 W FreeFormWindowHelper: Current Display FreeFormTask is Task{4c7e38b #211 type=standard A=10086:android.task.music U=0 visible=true mode=freeform translucent=false sz=1}
03-14 04:52:18.676 782 797 W FreeFormWindowHelper: Current Display FreeFormTask is Task{4c7e38b #211 type=standard A=10086:android.task.music U=0 visible=true mode=freeform translucent=false sz=1}
03-14 04:52:18.679 782 2190 W FreeFormWindowHelper: Current Display FreeFormTask is Task{4c7e38b #211 type=standard A=10086:android.task.music U=0 visible=true mode=freeform translucent=false sz=1}
03-14 04:52:18.681 782 797 W FreeFormWindowHelper: Current Display FreeFormTask is Task{4c7e38b #211 type=standard A=10086:android.task.music U=0 visible=true mode=freeform translucent=false sz=1}
03-14 04:52:18.682 782 2190 W FreeFormWindowHelper: Current Display FreeFormTask is Task{4c7e38b #211 type=standard A=10086:android.task.music U=0 visible=true mode=freeform translucent=false sz=1}
03-14 04:52:18.682 782 2190 W FreeFormWindowHelper: Current Display FreeFormTask is Task{4c7e38b #211 type=standard A=10086:android.task.music U=0 visible=true mode=freeform translucent=false sz=1}
03-14 04:52:18.686 782 2190 W FreeFormWindowHelper: Current Display FreeFormTask is Task{4c7e38b #211 type=standard A=10086:android.task.music U=0 visible=true mode=freeform translucent=false sz=1}
03-14 04:52:18.687 782 797 W FreeFormWindowHelper: Current Display FreeFormTask is Task{4c7e38b #211 type=standard A=10086:android.task.music U=0 visible=true mode=freeform translucent=false sz=1}
03-14 04:52:18.687 782 797 W FreeFormWindowHelper: Current Display FreeFormTask is Task{4c7e38b #211 type=standard A=10086:android.task.music U=0 visible=true mode=freeform translucent=false sz=1}
03-14 04:52:18.704 782 797 W FreeFormWindowHelper: Current Display FreeFormTask is Task{4c7e38b #211 type=standard A=10086:android.task.music U=0 visible=true mode=freeform translucent=false sz=1}
03-14 04:52:18.705 782 2190 W FreeFormWindowHelper: Current Display FreeFormTask is Task{4c7e38b #211 type=standard A=10086:android.task.music U=0 visible=true mode=freeform translucent=false sz=1}
03-14 04:52:18.705 782 2190 W FreeFormWindowHelper: Current Display FreeFormTask is Task{4c7e38b #211 type=standard A=10086:android.task.music U=0 visible=true mode=freeform translucent=false sz=1}
03-14 04:52:18.721 782 797 W FreeFormWindowHelper: Current Display FreeFormTask is Task{4c7e38b #211 type=standard A=10086:android.task.music U=0 visible=true mode=freeform translucent=false sz=1}
03-14 04:52:18.721 782 797 W FreeFormWindowHelper: Current Display FreeFormTask is Task{4c7e38b #211 type=standard A=10086:android.task.music U=0 visible=true mode=freeform translucent=false sz=1}
03-14 04:52:18.722 782 797 W FreeFormWindowHelper: Current Display FreeFormTask is Task{4c7e38b #211 type=standard A=10086:android.task.music U=0 visible=true mode=freeform translucent=false sz=1}
03-14 04:52:18.740 782 797 W FreeFormWindowHelper: Current Display FreeFormTask is Task{4c7e38b #211 type=standard A=10086:android.task.music U=0 visible=true mode=freeform translucent=false sz=1}
03-14 04:52:18.741 782 797 W FreeFormWindowHelper: Current Display FreeFormTask is Task{4c7e38b #211 type=standard A=10086:android.task.music U=0 visible=true mode=freeform translucent=false sz=1}
03-14 04:52:18.741 782 797 W FreeFormWindowHelper: Current Display FreeFormTask is Task{4c7e38b #211 type=standard A=10086:android.task.music U=0 visible=true mode=freeform translucent=false sz=1}
03-14 04:52:18.758 782 797 W FreeFormWindowHelper: Current Display FreeFormTask is Task{4c7e38b #211 type=standard A=10086:android.task.music U=0 visible=true mode=freeform translucent=false sz=1}
03-14 04:52:18.759 782 797 W FreeFormWindowHelper: Current Display FreeFormTask is Task{4c7e38b #211 type=standard A=10086:android.task.music U=0 visible=true mode=freeform translucent=false sz=1}
03-14 04:52:18.759 782 797 W FreeFormWindowHelper: Current Display FreeFormTask is Task{4c7e38b #211 type=standard A=10086:android.task.music U=0 visible=true mode=freeform translucent=false sz=1}
03-14 04:52:18.777 782 2190 W FreeFormWindowHelper: Current Display FreeFormTask is Task{4c7e38b #211 type=standard A=10086:android.task.music U=0 visible=true mode=freeform translucent=false sz=1}
03-14 04:52:18.780 782 2190 W FreeFormWindowHelper: Current Display FreeFormTask is Task{4c7e38b #211 type=standard A=10086:android.task.music U=0 visible=true mode=freeform translucent=false sz=1}
03-14 04:52:18.780 782 2190 W FreeFormWindowHelper: Current Display FreeFormTask is Task{4c7e38b #211 type=standard A=10086:android.task.music U=0 visible=true mode=freeform translucent=false sz=1}
03-14 04:52:18.793 782 2190 W FreeFormWindowHelper: Current Display FreeFormTask is Task{4c7e38b #211 type=standard A=10086:android.task.music U=0 visible=true mode=freeform translucent=false sz=1}
03-14 04:52:18.794 782 797 W FreeFormWindowHelper: Current Display FreeFormTask is Task{4c7e38b #211 type=standard A=10086:android.task.music U=0 visible=true mode=freeform translucent=false sz=1}
03-14 04:52:18.795 782 797 W FreeFormWindowHelper: Current Display FreeFormTask is Task{4c7e38b #211 type=standard A=10086:android.task.music U=0 visible=true mode=freeform translucent=false sz=1}
03-14 04:52:18.809 782 797 W FreeFormWindowHelper: Current Display FreeFormTask is Task{4c7e38b #211 type=standard A=10086:android.task.music U=0 visible=true mode=freeform translucent=false sz=1}
03-14 04:52:18.811 782 2190 W FreeFormWindowHelper: Current Display FreeFormTask is Task{4c7e38b #211 type=standard A=10086:android.task.music U=0 visible=true mode=freeform translucent=false sz=1}
03-14 04:52:18.812 782 2190 W FreeFormWindowHelper: Current Display FreeFormTask is Task{4c7e38b #211 type=standard A=10086:android.task.music U=0 visible=true mode=freeform translucent=false sz=1}
03-14 04:52:18.827 782 797 W FreeFormWindowHelper: Current Display FreeFormTask is Task{4c7e38b #211 type=standard A=10086:android.task.music U=0 visible=true mode=freeform translucent=false sz=1}
03-14 04:52:18.829 782 797 W FreeFormWindowHelper: Current Display FreeFormTask is Task{4c7e38b #211 type=standard A=10086:android.task.music U=0 visible=true mode=freeform translucent=false sz=1}
03-14 04:52:18.829 782 797 W FreeFormWindowHelper: Current Display FreeFormTask is Task{4c7e38b #211 type=standard A=10086:android.task.music U=0 visible=true mode=freeform translucent=false sz=1}
03-14 04:52:18.844 782 2190 W FreeFormWindowHelper: Current Display FreeFormTask is Task{4c7e38b #211 type=standard A=10086:android.task.music U=0 visible=true mode=freeform translucent=false sz=1}
03-14 04:52:18.845 782 2190 W FreeFormWindowHelper: Current Display FreeFormTask is Task{4c7e38b #211 type=standard A=10086:android.task.music U=0 visible=true mode=freeform translucent=false sz=1}
03-14 04:52:18.846 782 2190 W FreeFormWindowHelper: Current Display FreeFormTask is Task{4c7e38b #211 type=standard A=10086:android.task.music U=0 visible=true mode=freeform translucent=false sz=1}
03-14 04:52:18.861 782 797 W FreeFormWindowHelper: Current Display FreeFormTask is Task{4c7e38b #211 type=standard A=10086:android.task.music U=0 visible=true mode=freeform translucent=false sz=1}
03-14 04:52:18.863 782 797 W FreeFormWindowHelper: Current Display FreeFormTask is Task{4c7e38b #211 type=standard A=10086:android.task.music U=0 visible=true mode=freeform translucent=false sz=1}
03-14 04:52:18.864 782 797 W FreeFormWindowHelper: Current Display FreeFormTask is Task{4c7e38b #211 type=standard A=10086:android.task.music U=0 visible=true mode=freeform translucent=false sz=1}
03-14 04:52:18.868 782 1331 I commit_sys_config_file: [settings-1-0,2]
03-14 04:52:18.880 782 797 W FreeFormWindowHelper: Current Display FreeFormTask is Task{4c7e38b #211 type=standard A=10086:android.task.music U=0 visible=true mode=freeform translucent=false sz=1}
03-14 04:52:18.883 782 797 W FreeFormWindowHelper: Current Display FreeFormTask is Task{4c7e38b #211 type=standard A=10086:android.task.music U=0 visible=true mode=freeform translucent=false sz=1}
03-14 04:52:18.883 782 797 W FreeFormWindowHelper: Current Display FreeFormTask is Task{4c7e38b #211 type=standard A=10086:android.task.music U=0 visible=true mode=freeform translucent=false sz=1}
03-14 04:52:18.899 782 2190 W FreeFormWindowHelper: Current Display FreeFormTask is Task{4c7e38b #211 type=standard A=10086:android.task.music U=0 visible=true mode=freeform translucent=false sz=1}
03-14 04:52:18.901 782 2190 W FreeFormWindowHelper: Current Display FreeFormTask is Task{4c7e38b #211 type=standard A=10086:android.task.music U=0 visible=true mode=freeform translucent=false sz=1}
03-14 04:52:18.901 782 2190 W FreeFormWindowHelper: Current Display FreeFormTask is Task{4c7e38b #211 type=standard A=10086:android.task.music U=0 visible=true mode=freeform translucent=false sz=1}
03-14 04:52:18.912 782 797 W FreeFormWindowHelper: Current Display FreeFormTask is Task{4c7e38b #211 type=standard A=10086:android.task.music U=0 visible=true mode=freeform translucent=false sz=1}
03-14 04:52:18.913 782 797 W FreeFormWindowHelper: Current Display FreeFormTask is Task{4c7e38b #211 type=standard A=10086:android.task.music U=0 visible=true mode=freeform translucent=false sz=1}
03-14 04:52:18.914 782 797 W FreeFormWindowHelper: Current Display FreeFormTask is Task{4c7e38b #211 type=standard A=10086:android.task.music U=0 visible=true mode=freeform translucent=false sz=1}
03-14 04:52:18.925 782 797 W FreeFormWindowHelper: Current Display FreeFormTask is Task{4c7e38b #211 type=standard A=10086:android.task.music U=0 visible=true mode=freeform translucent=false sz=1}
03-14 04:52:18.926 782 797 W FreeFormWindowHelper: Current Display FreeFormTask is Task{4c7e38b #211 type=standard A=10086:android.task.music U=0 visible=true mode=freeform translucent=false sz=1}
03-14 04:52:18.926 782 797 W FreeFormWindowHelper: Current Display FreeFormTask is Task{4c7e38b #211 type=standard A=10086:android.task.music U=0 visible=true mode=freeform translucent=false sz=1}
03-14 04:52:18.944 782 797 W FreeFormWindowHelper: Current Display FreeFormTask is Task{4c7e38b #211 type=standard A=10086:android.task.music U=0 visible=true mode=freeform translucent=false sz=1}
03-14 04:52:18.945 782 797 W FreeFormWindowHelper: Current Display FreeFormTask is Task{4c7e38b #211 type=standard A=10086:android.task.music U=0 visible=true mode=freeform translucent=false sz=1}
03-14 04:52:18.946 782 797 W FreeFormWindowHelper: Current Display FreeFormTask is Task{4c7e38b #211 type=standard A=10086:android.task.music U=0 visible=true mode=freeform translucent=false sz=1}
03-14 04:52:18.962 782 797 W FreeFormWindowHelper: Current Display FreeFormTask is Task{4c7e38b #211 type=standard A=10086:android.task.music U=0 visible=true mode=freeform translucent=false sz=1}
03-14 04:52:18.964 782 797 W FreeFormWindowHelper: Current Display FreeFormTask is Task{4c7e38b #211 type=standard A=10086:android.task.music U=0 visible=true mode=freeform translucent=false sz=1}
03-14 04:52:18.964 782 797 W FreeFormWindowHelper: Current Display FreeFormTask is Task{4c7e38b #211 type=standard A=10086:android.task.music U=0 visible=true mode=freeform translucent=false sz=1}
03-14 04:52:18.977 782 797 W FreeFormWindowHelper: Current Display FreeFormTask is Task{4c7e38b #211 type=standard A=10086:android.task.music U=0 visible=true mode=freeform translucent=false sz=1}
03-14 04:52:18.979 782 2190 I wm_finish_activity: [0,16759057,211,com.android.music/.MusicBrowserActivity,app-request]
03-14 04:52:18.979 782 2190 I wm_task_moved: [1,1,6]
03-14 04:52:18.981 782 2190 I wm_set_resumed_activity: [0,com.android.launcher3/.uioverrides.QuickstepLauncher,positionChildAt]
03-14 04:52:18.981 782 2190 I wm_task_moved: [102,1,2147483647]
03-14 04:52:18.981 8810 8810 I wm_on_top_resumed_lost_called: [16759057,com.android.music.MusicBrowserActivity,topStateChangedWhenResumed]
03-14 04:52:18.981 782 2190 I wm_task_to_front: [0,102]
03-14 04:52:18.982 782 2190 I wm_focused_root_task: [0,0,1,-1,finish-top adjustFocusToNextFocusableTask]
03-14 04:52:18.982 782 2190 I wm_set_resumed_activity: [0,com.android.launcher3/.uioverrides.QuickstepLauncher,finish-top]
03-14 04:52:18.985 782 2190 I wm_pause_activity: [0,16759057,com.android.music/.MusicBrowserActivity,userLeaving=false,finish]
03-14 04:52:18.988 782 826 I input_focus: [Focus request f6966bb com.android.launcher3/com.android.launcher3.uioverrides.QuickstepLauncher,reason=UpdateInputWindows]
03-14 04:52:18.989 782 2190 W FreeFormWindowHelper: Current Display FreeFormTask is Task{4c7e38b #211 type=standard A=10086:android.task.music U=0 visible=false mode=freeform translucent=true sz=1}
03-14 04:52:18.989 782 797 W FreeFormWindowHelper: Current Display FreeFormTask is Task{4c7e38b #211 type=standard A=10086:android.task.music U=0 visible=false mode=freeform translucent=true sz=1}
03-14 04:52:18.989 8810 8810 I wm_on_paused_called: [16759057,com.android.music.MusicBrowserActivity,performPause]
03-14 04:52:18.991 782 8809 W FreeFormWindowHelper: Current Display FreeFormTask is Task{4c7e38b #211 type=standard A=10086:android.task.music U=0 visible=false mode=freeform translucent=true sz=1}
03-14 04:52:18.996 782 797 I ActivityTaskManager: FOREGROUND_APPLICATION_CHANGED to com.android.launcher3.uioverrides.QuickstepLauncher
03-14 04:52:18.996 782 797 I wm_destroy_activity: [0,16759057,211,com.android.music/.MusicBrowserActivity,finish-imm:completePausedLocked]
03-14 04:52:19.007 782 1605 I input_focus: [Focus leaving f2bfe2d com.android.music/com.android.music.MusicBrowserActivity (server),reason=NO_WINDOW]
03-14 04:52:19.007 782 1605 I input_focus: [Focus entering f6966bb com.android.launcher3/com.android.launcher3.uioverrides.QuickstepLauncher (server),reason=setFocusedWindow]
03-14 04:52:19.009 782 825 I sysui_multi_action: [757,803,799,window_time_0,802,2]
03-14 04:52:19.009 782 8809 W ActivityManager: Receiver with filter android.content.IntentFilter@bc5b033 already registered for pid 8810, callerPackage is com.android.music
03-14 04:52:19.015 8810 8810 I wm_on_stop_called: [16759057,com.android.music.MusicBrowserActivity,LIFECYCLER_STOP_ACTIVITY]
03-14 04:52:19.016 782 2190 W FreeFormWindowHelper: Current Display FreeFormTask is Task{4c7e38b #211 type=standard A=10086:android.task.music U=0 visible=false mode=freeform translucent=true sz=1}
03-14 04:52:19.021 8810 8810 I wm_on_destroy_called: [16759057,com.android.music.MusicBrowserActivity,performDestroy]
03-14 04:52:19.022 782 8809 W FreeFormWindowHelper: Current Display FreeFormTask is Task{4c7e38b #211 type=standard A=10086:android.task.music U=0 visible=false mode=freeform translucent=true sz=1}
03-14 04:52:19.024 782 2190 W FreeFormWindowHelper: Current Display FreeFormTask is Task{4c7e38b #211 type=standard A=10086:android.task.music U=0 visible=false mode=freeform translucent=true sz=1}
03-14 04:52:19.025 782 2190 W FreeFormWindowHelper: Current Display FreeFormTask is Task{4c7e38b #211 type=standard A=10086:android.task.music U=0 visible=false mode=freeform translucent=true sz=1}
03-14 04:52:19.028 9060 9060 I wm_on_top_resumed_gained_called: [174418215,com.android.launcher3.uioverrides.QuickstepLauncher,topStateChangedWhenResumed]
03-14 04:52:19.101 782 2190 W FreeFormWindowHelper: Current Display FreeFormTask is Task{4c7e38b #211 type=standard A=10086:android.task.music U=0 visible=false mode=freeform translucent=true sz=1}
03-14 04:52:19.287 782 826 I wm_task_removed: [211,removeChild:removeChild last r=ActivityRecord{ffb911 u0 com.android.music/.MusicBrowserActivity t-1 f}} in t=Task{4c7e38b #211 type=standard A=10086:android.task.music U=0 visible=false mode=freeform translucent=true sz=0}]
03-14 04:52:19.287 782 826 I wm_task_removed: [211,removeChild]
03-14 04:52:19.288 782 826 D FreeFormWindowHelper: Remove freefrom task=Task{4c7e38b #211 type=standard A=10086:android.task.music U=0 visible=false mode=freeform translucent=true sz=0}
01-01 09:01:53.191 0 0 E DTC_ETH,link_delay_work_func: 3003, SQI=0, link=0
03-14 04:52:20.155 782 1605 I input_interaction: Interaction with: f6966bb com.android.launcher3/com.android.launcher3.uioverrides.QuickstepLauncher (server), d04e39a com.android.systemui.ImageWallpaper (server), edge-swipe (server), swipe-up (server), PointerEventDispatcher0 (server),
03-14 04:52:20.173 9060 9060 I view_enqueue_input_event: [Motion - Cancel,com.android.launcher3/com.android.launcher3.uioverrides.QuickstepLauncher]
03-14 04:52:20.175 782 822 D AutofillManagerService: Close system dialogs
03-14 04:52:20.179 782 1605 I input_interaction: Interaction with: edge-swipe (server), swipe-up (server), PointerEventDispatcher0 (server),
03-14 04:52:20.272 782 8809 W FreeFormWindowHelper: exitRecentTasks type=0
03-14 04:52:20.272 782 8809 W ContextImpl: Calling a method in the system process without a qualified user: android.app.ContextImpl.startActivity:1067 com.android.server.wm.FreeFormWindowHelper.exitRecentTasks:435 com.android.server.wm.ActivityTaskManagerService.exitRecentTasks:3821 android.app.IActivityTaskManager$Stub.onTransact:2307 com.android.server.wm.ActivityTaskManagerService.onTransact:5072
03-14 04:52:20.274 782 8809 I thunderperf: PlatormCompat.setOverrides: Uid1=1000 Pid1=782 Uid2=1000 Pid2=782
03-14 04:52:20.274 782 8809 I thunderperf: PlatormCompat.setOverrides: needCheck:false
03-14 04:52:20.274 782 8809 I thunderperf: CompatConfig.addOverrideUnsafe: bef-state=0
03-14 04:52:20.274 782 8809 I thunderperf: CompatConfig.addOverrideUnsafe: aft-state=0
03-14 04:52:20.275 782 8809 I thunderperf: CompatConfig.addOverrideUnsafe: bef-state=0
03-14 04:52:20.275 782 8809 I thunderperf: CompatConfig.addOverrideUnsafe: aft-state=0
03-14 04:52:20.276 782 8809 I thunderperf: CompatConfig.addOverrideUnsafe: bef-state=0
03-14 04:52:20.276 782 8809 I thunderperf: CompatConfig.addOverrideUnsafe: aft-state=0
03-14 04:52:20.276 782 8809 I thunderperf: CompatConfig.addOverrideUnsafe: bef-state=0
03-14 04:52:20.276 782 8809 I thunderperf: CompatConfig.addOverrideUnsafe: aft-state=0
03-14 04:52:20.277 782 8809 I thunderperf: CompatConfig.addOverrideUnsafe: bef-state=0
03-14 04:52:20.277 782 8809 I thunderperf: CompatConfig.addOverrideUnsafe: aft-state=0
03-14 04:52:20.277 782 8809 I thunderperf: CompatConfig.addOverrideUnsafe: bef-state=0
03-14 04:52:20.277 782 8809 I thunderperf: CompatConfig.addOverrideUnsafe: aft-state=0
03-14 04:52:20.278 782 8809 I thunderperf: CompatConfig.addOverrideUnsafe: bef-state=0
03-14 04:52:20.278 782 8809 I thunderperf: CompatConfig.addOverrideUnsafe: aft-state=0
03-14 04:52:20.278 782 8809 I thunderperf: CompatConfig.addOverrideUnsafe: bef-state=0
03-14 04:52:20.278 782 8809 I thunderperf: CompatConfig.addOverrideUnsafe: aft-state=0
03-14 04:52:20.279 782 8809 I thunderperf: CompatConfig.addOverrideUnsafe: bef-state=0
03-14 04:52:20.279 782 8809 I thunderperf: CompatConfig.addOverrideUnsafe: aft-state=0
03-14 04:52:20.279 782 8809 I thunderperf: CompatConfig.addOverrideUnsafe: bef-state=0
03-14 04:52:20.279 782 8809 I thunderperf: CompatConfig.addOverrideUnsafe: aft-state=0
03-14 04:52:20.280 782 8809 I thunderperf: CompatConfig.addOverrideUnsafe: bef-state=0
03-14 04:52:20.280 782 8809 I thunderperf: CompatConfig.addOverrideUnsafe: aft-state=0
03-14 04:52:20.280 782 8809 I thunderperf: CompatConfig.addOverrideUnsafe: bef-state=0
03-14 04:52:20.280 782 8809 I thunderperf: CompatConfig.addOverrideUnsafe: aft-state=0
03-14 04:52:20.281 782 8809 I thunderperf: CompatConfig.addOverrideUnsafe: bef-state=0
03-14 04:52:20.281 782 8809 I thunderperf: CompatConfig.addOverrideUnsafe: aft-state=0
03-14 04:52:20.281 782 8809 I thunderperf: CompatConfig.addOverrideUnsafe: bef-state=0
03-14 04:52:20.281 782 8809 I thunderperf: CompatConfig.addOverrideUnsafe: aft-state=0
03-14 04:52:20.285 782 8809 I ActivityTaskManager: START u0 {act=android.intent.action.MAIN cat=[android.intent.category.LAUNCHER] flg=0x10200000 cmp=com.android.music/.MusicBrowserActivity} from uid 1000
03-14 04:52:20.288 782 8809 I wm_task_created: [212,-1]
03-14 04:52:20.288 782 8809 W ActivityTaskManager: Can't find TaskDisplayArea to determine support for multi window. Task id=212 attached=false
03-14 04:52:20.288 782 8809 D FreeFormWindowHelper: Add freeform task=Task{db60e87 #212 type=standard ?? U=0 visible=false mode=freeform translucent=true sz=0}
03-14 04:52:20.290 782 8809 I wm_task_moved: [212,1,6]
03-14 04:52:20.290 782 8809 I wm_task_to_front: [0,212]
03-14 04:52:20.290 782 8809 I wm_create_task: [0,212]
03-14 04:52:20.290 782 8809 I wm_create_activity: [0,39551412,212,com.android.music/.MusicBrowserActivity,android.intent.action.MAIN,NULL,NULL,270532608]
03-14 04:52:20.290 782 8809 I wm_task_moved: [212,1,6]
03-14 04:52:20.291 782 8809 I ActivityTaskManager: FOREGROUND_APPLICATION_CHANGED to com.android.music.MusicBrowserActivity
03-14 04:52:20.291 782 8809 I ActivityTaskManager: The Process com.android.music Already Exists in BG. So sending its PID: 8810
03-14 04:52:20.291 782 8809 W ActivityTaskManager: Tried to set launchTime (0) < mLastActivityLaunchTime (3706449)
03-14 04:52:20.292 782 8809 I wm_restart_activity: [0,39551412,212,com.android.music/.MusicBrowserActivity]
03-14 04:52:20.292 782 8809 I wm_set_resumed_activity: [0,com.android.music/.MusicBrowserActivity,minimalResumeActivityLocked]
03-14 04:52:20.293 782 2190 W ActivityManager: Receiver with filter android.content.IntentFilter@7b341dd already registered for pid 8810, callerPackage is com.android.music
03-14 04:52:20.296 9060 9060 I wm_on_top_resumed_lost_called: [174418215,com.android.launcher3.uioverrides.QuickstepLauncher,topStateChangedWhenResumed]
03-14 04:52:20.298 782 822 D AutofillManagerService: Close system dialogs
03-14 04:52:20.312 8810 8810 I wm_on_create_called: [39551412,com.android.music.MusicBrowserActivity,performCreate]
03-14 04:52:20.316 8810 8810 I wm_on_start_called: [39551412,com.android.music.MusicBrowserActivity,handleStartActivity]
03-14 04:52:20.316 8810 8810 I wm_on_resume_called: [39551412,com.android.music.MusicBrowserActivity,RESUME_ACTIVITY]
03-14 04:52:20.318 8810 8810 I wm_on_top_resumed_gained_called: [39551412,com.android.music.MusicBrowserActivity,topStateChangedWhenResumed]
03-14 04:52:20.319 782 1699 I GameModeConfig: isGameModeOn = false
03-14 04:52:20.319 782 1699 I GameModeConfig: isGameModeOn = false
03-14 04:52:20.319 782 1699 I GameModeConfig: isGameModeOn = false
03-14 04:52:20.319 782 1699 I GameModeConfig: isGameModeOn = false
03-14 04:52:20.319 782 1699 I GameModeConfig: isGameModeOn = false
03-14 04:52:20.319 782 1699 I GameModeConfig: isGameModeOn = false
03-14 04:52:20.330 782 782 I notification_enqueue: [10086,8810,com.android.music,1,NULL,0,Notification(channel=Channel-music shortcut=null contentView=null vibrate=null sound=null defaults=0x0 flags=0x40 color=0x00000000 category=transport actions=4 vis=PRIVATE),1]
03-14 04:52:20.332 782 782 I notification_enqueue: [10086,8810,com.android.music,1,NULL,0,Notification(channel=Channel-music shortcut=null contentView=null vibrate=null sound=null defaults=0x0 flags=0x40 color=0x00000000 category=transport actions=4 vis=PRIVATE),1]
03-14 04:52:20.335 782 1699 I GameModeConfig: isGameModeOn = false
03-14 04:52:20.335 782 1699 I GameModeConfig: isGameModeOn = false
03-14 04:52:20.335 782 1699 I GameModeConfig: isGameModeOn = false
03-14 04:52:20.335 782 1699 I GameModeConfig: isGameModeOn = false
03-14 04:52:20.335 782 1699 I GameModeConfig: isGameModeOn = false
03-14 04:52:20.335 782 1699 I GameModeConfig: isGameModeOn = false
03-14 04:52:20.346 782 782 I notification_enqueue: [10086,8810,com.android.music,1,NULL,0,Notification(channel=Channel-music shortcut=null contentView=null vibrate=null sound=null defaults=0x0 flags=0x40 color=0x00000000 category=transport actions=4 vis=PRIVATE),1]
03-14 04:52:20.347 782 782 I notification_enqueue: [10086,8810,com.android.music,1,NULL,0,Notification(channel=Channel-music shortcut=null contentView=null vibrate=null sound=null defaults=0x0 flags=0x40 color=0x00000000 category=transport actions=4 vis=PRIVATE),1]
03-14 04:52:20.358 782 9058 W WindowManager: updateScale : 0.79357797
03-14 04:52:20.359 782 826 I input_focus: [Focus request 871228b com.android.music/com.android.music.MusicBrowserActivity,reason=UpdateInputWindows]
03-14 04:52:20.365 782 826 W WindowManager: updateScale : 0.79357797
03-14 04:52:20.367 782 826 W WindowManager: updateScale : 0.79357797
03-14 04:52:20.368 782 822 I sysui_multi_action: [319,81,322,81,325,3711,757,761,758,8,759,2,806,com.android.music,871,com.android.music.MusicBrowserActivity,904,android,905,0,1320,4,1321,1]
03-14 04:52:20.368 782 822 I wm_activity_launch_time: [0,39551412,com.android.music/.MusicBrowserActivity,81]
03-14 04:52:20.368 782 826 W WindowManager: updateScale : 0.79357797
03-14 04:52:20.370 782 2190 W ActivityManager: Receiver with filter android.content.IntentFilter@9d51c5b already registered for pid 8810, callerPackage is com.android.music
