03-14 03:57:35.115 8328 8328 I auditd : type=1400 audit(0.0:1811): avc: granted { nlmsg_readpriv } for comm="pool-14-thread-" scontext=u:r:untrusted_app_27:s0:c512,c768 tcontext=u:r:untrusted_app_27:s0:c512,c768 tclass=netlink_route_socket app=com.tencent.android.qqdownloader
03-14 03:57:35.655 0 0 I auditd : type=1400 audit(0.0:1812): avc: denied { kill } for comm="swapper/3" capability=5 scontext=u:r:kernel:s0 tcontext=u:r:kernel:s0 tclass=capability permissive=0
03-14 03:57:35.787 8328 8328 I auditd : type=1400 audit(0.0:1813): avc: denied { read } for comm="pool-18-thread-" name="version" dev="proc" ino=4026532247 scontext=u:r:untrusted_app_27:s0:c512,c768 tcontext=u:object_r:proc_version:s0 tclass=file permissive=0 app=com.tencent.android.qqdownloader
03-14 03:57:35.847 1523 1661 I am_pss : [8328,10093,com.tencent.android.qqdownloader,156893184,129748992,142336,268230656,0,2,15]
03-14 03:57:35.877 1523 1523 I notification_enqueue: [10093,8290,com.tencent.android.qqdownloader,112,NULL,0,Notification(channel=channel_id_default_silent shortcut=null contentView=null vibrate=null sound=null tick defaults=0x0 flags=0x212 color=0x00000000 groupKey=com.tencent.android.qqdownloader vis=PRIVATE),1]
03-14 03:57:35.879 1523 1523 W NotificationService: Removed summary didn't match old notification: old=0|com.tencent.android.qqdownloader|112|null|10093, removed=0|com.tencent.android.qqdownloader|112|null|10093
03-14 03:57:35.879 1523 1523 I notification_enqueue: [10093,8290,com.tencent.android.qqdownloader,112,NULL,0,Notification(channel=channel_id_default_silent shortcut=null contentView=null vibrate=null sound=null tick defaults=0x0 flags=0x212 color=0x00000000 groupKey=com.tencent.android.qqdownloader vis=PRIVATE),1]
03-14 03:57:35.965 1523 2295 I netstats_mobile_sample: [0,0,0,0,0,0,0,0,0,0,0,0,1678737455965]
03-14 03:57:35.965 1523 2295 I netstats_wifi_sample: [128613644,97619,3220433,39013,128613644,97619,3220433,39013,129215791,101554,2945625,38223,1678737455965]
03-14 03:57:36.078 1523 1523 I GameModeConfig: isGameModeOn = false
03-14 03:57:36.079 1523 1523 I GameModeConfig: isGameModeOn = false
03-14 03:57:36.247 8290 8290 I auditd : type=1400 audit(0.0:1814): avc: granted { execute } for comm="tbs_preinit" path="/data/user/0/com.tencent.android.qqdownloader/app_tbs/core_share/libwebp_base.so" dev="dm-10" ino=5312 scontext=u:r:untrusted_app_27:s0:c512,c768 tcontext=u:object_r:app_data_file:s0:c512,c768 tclass=file app=com.tencent.android.qqdownloader
03-14 03:57:36.271 8290 8290 I auditd : type=1400 audit(0.0:1815): avc: granted { execute } for comm="logging-thread" path="/data/user/0/com.tencent.android.qqdownloader/app_tbs/core_share/libx5log.so" dev="dm-10" ino=5314 scontext=u:r:untrusted_app_27:s0:c512,c768 tcontext=u:object_r:app_data_file:s0:c512,c768 tclass=file app=com.tencent.android.qqdownloader
03-14 03:57:36.291 8290 8290 I auditd : type=1400 audit(0.0:1816): avc: granted { execute } for comm="TP-IoBound-3" path="/data/user/0/com.tencent.android.qqdownloader/app_tbs/core_share/libqb_keystore.so" dev="dm-10" ino=5305 scontext=u:r:untrusted_app_27:s0:c512,c768 tcontext=u:object_r:app_data_file:s0:c512,c768 tclass=file app=com.tencent.android.qqdownloader
03-14 03:57:36.351 8290 8290 I auditd : type=1400 audit(0.0:1817): avc: granted { execute } for comm="tbs_preinit" path="/data/user/0/com.tencent.android.qqdownloader/app_tbs/core_share/libmttwebview.so" dev="dm-10" ino=5259 scontext=u:r:untrusted_app_27:s0:c512,c768 tcontext=u:object_r:app_data_file:s0:c512,c768 tclass=file app=com.tencent.android.qqdownloader
03-14 03:57:36.371 9165 9165 I auditd : type=1400 audit(0.0:1818): avc: granted { execute } for comm="X5MemoryMonitor" name="libcmdsh.so" dev="dm-10" ino=5257 scontext=u:r:untrusted_app_27:s0:c512,c768 tcontext=u:object_r:app_data_file:s0:c512,c768 tclass=file app=com.tencent.android.qqdownloader
01-01 12:39:45.337 0 0 W audit : audit_lost=1310 audit_rate_limit=5 audit_backlog_limit=64
01-01 12:39:45.337 0 0 E audit : rate limit exceeded
03-14 03:57:36.502 8290 8290 E ActivityThread: Failed to find provider info for com.android.badge
03-14 03:57:36.523 8290 8290 E ActivityThread: Failed to find provider info for com.android.badge
03-14 03:57:37.164 1523 2295 I netstats_mobile_sample: [0,0,0,0,0,0,0,0,0,0,0,0,1678737457163]
03-14 03:57:37.164 1523 2295 I netstats_wifi_sample: [137873530,104736,3647796,41531,137873530,104736,3647796,41531,138414645,108730,3371630,40719,1678737457163]
03-14 03:57:37.771 8328 8328 I auditd : type=1400 audit(0.0:1822): avc: denied { read } for comm="Shark-Looper-Ma" name="version" dev="proc" ino=4026532247 scontext=u:r:untrusted_app_27:s0:c512,c768 tcontext=u:object_r:proc_version:s0 tclass=file permissive=0 app=com.tencent.android.qqdownloader
03-14 03:57:37.779 8328 8328 I auditd : type=1400 audit(0.0:1823): avc: denied { read } for comm="Shark-Looper-Ma" name="version" dev="proc" ino=4026532247 scontext=u:r:untrusted_app_27:s0:c512,c768 tcontext=u:object_r:proc_version:s0 tclass=file permissive=0 app=com.tencent.android.qqdownloader
03-14 03:57:38.023 8290 8290 I auditd : type=1400 audit(0.0:1824): avc: granted { execute } for comm="beacon-thread-1" path="/data/user/0/com.tencent.android.qqdownloader/app_tbs/core_share/libtbsbeaconid.so" dev="dm-10" ino=5308 scontext=u:r:untrusted_app_27:s0:c512,c768 tcontext=u:object_r:app_data_file:s0:c512,c768 tclass=file app=com.tencent.android.qqdownloader
03-14 03:57:38.203 8290 8290 I auditd : type=1400 audit(0.0:1825): avc: denied { read } for comm="TuringFdCore_66" name="tcp" dev="proc" ino=4026532265 scontext=u:r:untrusted_app_27:s0:c512,c768 tcontext=u:object_r:proc_net_tcp_udp:s0 tclass=file permissive=0 app=com.tencent.android.qqdownloader
03-14 03:57:38.203 8290 8290 I auditd : type=1400 audit(0.0:1826): avc: denied { read } for comm="TuringFdCore_66" name="tcp6" dev="proc" ino=4026533096 scontext=u:r:untrusted_app_27:s0:c512,c768 tcontext=u:object_r:proc_net_tcp_udp:s0 tclass=file permissive=0 app=com.tencent.android.qqdownloader
01-01 12:39:47.375 0 0 W audit : audit_lost=1313 audit_rate_limit=5 audit_backlog_limit=64
01-01 12:39:47.375 0 0 E audit : rate limit exceeded
03-14 03:57:38.445 1523 2295 I netstats_mobile_sample: [0,0,0,0,0,0,0,0,0,0,0,0,1678737458445]
03-14 03:57:38.446 1523 2295 I netstats_wifi_sample: [148478874,113148,4329163,44386,148460490,113130,4328963,44381,149048596,117186,4026361,43545,1678737458445]
03-14 03:57:38.553 1523 1523 I notification_enqueue: [10093,8290,com.tencent.android.qqdownloader,127,NULL,0,Notification(channel=channel_id_default_silent shortcut=null contentView=com.tencent.android.qqdownloader/0x7f0a01c2 vibrate=null sound=null defaults=0x0 flags=0x2a0 color=0x00000000 groupKey=com.tencent.android.qqdownloader vis=PRIVATE),0]
03-14 03:57:38.554 1523 1523 I sysui_multi_action: [757,128,758,5,759,8,793,2,794,0,795,2,796,127,806,com.tencent.android.qqdownloader,857,channel_id_default_silent,858,3,946,com.tencent.android.qqdownloader,947,1,1500,2]
03-14 03:57:38.554 1523 1523 I notification_canceled: [0|com.tencent.android.qqdownloader|127|null|10093,8,2,2,0,-1,-1,NULL]
03-14 03:57:38.754 1523 1523 I NotificationService: Cannot find enqueued record for key: 0|com.tencent.android.qqdownloader|127|null|10093
03-14 03:57:38.891 8290 8290 I auditd : type=1400 audit(0.0:1918): avc: denied { read } for comm="TuringFdCore_66" name="version" dev="proc" ino=4026532247 scontext=u:r:untrusted_app_27:s0:c512,c768 tcontext=u:object_r:proc_version:s0 tclass=file permissive=0 app=com.tencent.android.qqdownloader
03-14 03:57:38.899 9272 9272 I auditd : type=1400 audit(0.0:1919): avc: denied { search } for comm="df" name="vendor" dev="tmpfs" ino=12314 scontext=u:r:untrusted_app_27:s0:c512,c768 tcontext=u:object_r:mnt_vendor_file:s0 tclass=dir permissive=0 app=com.tencent.android.qqdownloader
03-14 03:57:38.899 9272 9272 I auditd : type=1400 audit(0.0:1920): avc: denied { search } for comm="df" name="vendor" dev="tmpfs" ino=12314 scontext=u:r:untrusted_app_27:s0:c512,c768 tcontext=u:object_r:mnt_vendor_file:s0 tclass=dir permissive=0 app=com.tencent.android.qqdownloader
03-14 03:57:38.899 9272 9272 I auditd : type=1400 audit(0.0:1921): avc: denied { getattr } for comm="df" path="/metadata" dev="sda11" ino=2 scontext=u:r:untrusted_app_27:s0:c512,c768 tcontext=u:object_r:metadata_file:s0 tclass=dir permissive=0 app=com.tencent.android.qqdownloader
03-14 03:57:38.899 9272 9272 I auditd : type=1400 audit(0.0:1922): avc: denied { getattr } for comm="df" path="/vendor/firmware_mnt" dev="sde4" ino=1 scontext=u:r:untrusted_app_27:s0:c512,c768 tcontext=u:object_r:firmware_file:s0 tclass=dir permissive=0 app=com.tencent.android.qqdownloader
03-14 03:57:39.563 1523 1523 I notification_enqueue: [10093,8290,com.tencent.android.qqdownloader,127,NULL,0,Notification(channel=channel_id_default_silent shortcut=null contentView=com.tencent.android.qqdownloader/0x7f0a01c2 vibrate=null sound=null defaults=0x0 flags=0x2a0 color=0x00000000 groupKey=com.tencent.android.qqdownloader vis=PRIVATE),0]
03-14 03:57:39.607 1523 2295 I netstats_mobile_sample: [0,0,0,0,0,0,0,0,0,0,0,0,1678737459607]
03-14 03:57:39.607 1523 2295 I netstats_wifi_sample: [165232963,126125,5108642,49423,165215395,126113,5108470,49419,165825847,130215,4821130,48587,1678737459607]
01-01 12:39:48.622 0 0 W audit : audit_lost=1442 audit_rate_limit=5 audit_backlog_limit=64
01-01 12:39:48.622 0 0 E audit : rate limit exceeded
03-14 03:57:39.765 1523 1523 I GameModeConfig: isGameModeOn = false
03-14 03:57:40.734 1523 2295 I netstats_mobile_sample: [0,0,0,0,0,0,0,0,0,0,0,0,1678737460734]
03-14 03:57:40.735 1523 2295 I netstats_wifi_sample: [182169421,139176,5505156,54435,182160229,139167,5505036,54432,182749259,143287,5211606,53575,1678737460734]
03-14 03:57:41.655 0 0 I auditd : type=1400 audit(0.0:1962): avc: denied { kill } for comm="swapper/3" capability=5 scontext=u:r:kernel:s0 tcontext=u:r:kernel:s0 tclass=capability permissive=0
03-14 03:57:41.860 1523 2295 I netstats_mobile_sample: [0,0,0,0,0,0,0,0,0,0,0,0,1678737461859]
03-14 03:57:41.860 1523 2295 I netstats_wifi_sample: [200774189,153323,5708430,58917,200774189,153323,5708430,58917,201369503,157571,5414318,58058,1678737461859]
03-14 03:57:42.655 0 0 I auditd : type=1400 audit(0.0:1963): avc: denied { kill } for comm="swapper/3" capability=5 scontext=u:r:kernel:s0 tcontext=u:r:kernel:s0 tclass=capability permissive=0
03-14 03:57:42.961 1523 2295 I service_manager_stats: [100,54,62430]
03-14 03:57:42.976 1523 2295 I netstats_mobile_sample: [0,0,0,0,0,0,0,0,0,0,0,0,1678737462976]
03-14 03:57:42.977 1523 2295 I netstats_wifi_sample: [221875572,169316,5938169,63964,221875572,169316,5938169,63964,222394271,173526,5643089,63092,1678737462976]
03-14 03:57:43.003 1523 1523 I notification_enqueue: [10093,8328,com.tencent.android.qqdownloader,101,NULL,0,Notification(channel=channel_id_default_silent shortcut=null contentView=null vibrate=null sound=null tick defaults=0x0 flags=0x240 color=0x00000000 groupKey=com.tencent.android.qqdownloader vis=PRIVATE),0]
03-14 03:57:43.205 1523 1523 I GameModeConfig: isGameModeOn = false
03-14 03:57:43.655 0 0 I auditd : type=1400 audit(0.0:1964): avc: denied { kill } for comm="swapper/3" capability=5 scontext=u:r:kernel:s0 tcontext=u:r:kernel:s0 tclass=capability permissive=0
03-14 03:57:44.119 1523 2295 I netstats_mobile_sample: [0,0,0,0,0,0,0,0,0,0,0,0,1678737464119]
03-14 03:57:44.120 1523 2295 I netstats_wifi_sample: [243148082,185482,6181405,69119,243148082,185482,6181405,69119,243620617,189660,5881353,68241,1678737464119]
03-14 03:57:45.243 1523 2295 I netstats_mobile_sample: [0,0,0,0,0,0,0,0,0,0,0,0,1678737465243]
03-14 03:57:45.244 1523 2295 I netstats_wifi_sample: [262731754,200132,6414296,73772,262731754,200132,6414256,73771,263281605,204420,6102492,72857,1678737465243]
03-14 03:57:45.655 0 0 I auditd : type=1400 audit(0.0:1965): avc: denied { kill } for comm="swapper/0" capability=5 scontext=u:r:kernel:s0 tcontext=u:r:kernel:s0 tclass=capability permissive=0
03-14 03:57:46.391 1523 2295 I netstats_mobile_sample: [0,0,0,0,0,0,0,0,0,0,0,0,1678737466391]
03-14 03:57:46.391 1523 2295 I netstats_wifi_sample: [284371775,216528,6668298,79006,284371775,216528,6668298,79006,284900726,220905,6355790,78080,1678737466391]
03-14 03:57:46.655 0 0 I auditd : type=1400 audit(0.0:1966): avc: denied { kill } for comm="swapper/3" capability=5 scontext=u:r:kernel:s0 tcontext=u:r:kernel:s0 tclass=capability permissive=0
03-14 03:57:47.535 1523 2295 I netstats_mobile_sample: [0,0,0,0,0,0,0,0,0,0,0,0,1678737467534]
03-14 03:57:47.535 1523 2295 I netstats_wifi_sample: [305333386,232289,6898354,84045,305329018,232286,6898262,84043,305916181,236789,6584634,83104,1678737467534]
03-14 03:57:47.655 0 0 I auditd : type=1400 audit(0.0:1967): avc: denied { kill } for comm="swapper/3" capability=5 scontext=u:r:kernel:s0 tcontext=u:r:kernel:s0 tclass=capability permissive=0
03-14 03:57:48.641 1523 2295 I netstats_mobile_sample: [0,0,0,0,0,0,0,0,0,0,0,0,1678737468641]
03-14 03:57:48.642 1523 2295 I netstats_wifi_sample: [327823366,249061,7155712,89521,327823366,249061,7155712,89521,328529463,253669,6838322,88609,1678737468641]
03-14 03:57:48.655 0 0 I auditd : type=1400 audit(0.0:1968): avc: denied { kill } for comm="swapper/3" capability=5 scontext=u:r:kernel:s0 tcontext=u:r:kernel:s0 tclass=capability permissive=0
03-14 03:57:49.797 1523 2295 I netstats_mobile_sample: [0,0,0,0,0,0,0,0,0,0,0,0,1678737469797]
03-14 03:57:49.797 1523 2295 I netstats_wifi_sample: [349314646,265393,7380651,94313,349314646,265393,7380651,94313,349999929,270010,7057495,93384,1678737469797]
03-14 03:57:50.655 0 0 I auditd : type=1400 audit(0.0:1969): avc: denied { kill } for comm="swapper/3" capability=5 scontext=u:r:kernel:s0 tcontext=u:r:kernel:s0 tclass=capability permissive=0
03-14 03:57:50.946 1523 2295 I netstats_mobile_sample: [0,0,0,0,0,0,0,0,0,0,0,0,1678737470946]
03-14 03:57:50.946 1523 2295 I netstats_wifi_sample: [371874574,282380,7646427,99602,371874574,282380,7646427,99602,372526009,287020,7317209,98651,1678737470946]
03-14 03:57:52.052 1523 2295 I netstats_mobile_sample: [0,0,0,0,0,0,0,0,0,0,0,0,1678737472052]
03-14 03:57:52.052 1523 2295 I netstats_wifi_sample: [391805785,297526,7842783,103957,391785281,297512,7842611,103953,392397169,302230,7511407,102967,1678737472052]
03-14 03:57:52.655 0 0 I auditd : type=1400 audit(0.0:1970): avc: denied { kill } for comm="swapper/1" capability=5 scontext=u:r:kernel:s0 tcontext=u:r:kernel:s0 tclass=capability permissive=0
03-14 03:57:53.174 1523 2295 I netstats_mobile_sample: [0,0,0,0,0,0,0,0,0,0,0,0,1678737473173]
03-14 03:57:53.174 1523 2295 I netstats_wifi_sample: [407249117,309032,8019593,107696,407249117,309032,8019593,107696,408010543,313932,7684237,106733,1678737473173]
03-14 03:57:54.344 1523 2295 I netstats_mobile_sample: [0,0,0,0,0,0,0,0,0,0,0,0,1678737474344]
03-14 03:57:54.344 1523 2295 I netstats_wifi_sample: [422910467,320375,8201368,111677,422910467,320375,8201368,111677,423674756,325294,7863231,110708,1678737474344]
03-14 03:57:54.655 0 0 I auditd : type=1400 audit(0.0:1971): avc: denied { kill } for comm="swapper/1" capability=5 scontext=u:r:kernel:s0 tcontext=u:r:kernel:s0 tclass=capability permissive=0
01-01 12:40:04.165 0 0 I perf : interrupt took too long (2501 > 2500), lowering kernel.perf_event_max_sample_rate to 79750
03-14 03:57:55.491 1523 2295 I netstats_mobile_sample: [0,0,0,0,0,0,0,0,0,0,0,0,1678737475491]
03-14 03:57:55.492 1523 2295 I netstats_wifi_sample: [437006243,330765,8391563,115615,437006243,330765,8391563,115615,437713126,335685,8043273,114587,1678737475491]
03-14 03:57:55.655 0 0 I auditd : type=1400 audit(0.0:1972): avc: denied { kill } for comm="swapper/1" capability=5 scontext=u:r:kernel:s0 tcontext=u:r:kernel:s0 tclass=capability permissive=0
03-14 03:57:56.676 1523 2295 I netstats_mobile_sample: [0,0,0,0,0,0,0,0,0,0,0,0,1678737476676]
03-14 03:57:56.676 1523 2295 I netstats_wifi_sample: [448420626,339182,8517089,118422,448420626,339182,8517089,118422,449223374,344283,8169631,117422,1678737476676]
03-14 03:57:57.937 1523 2295 I netstats_mobile_sample: [0,0,0,0,0,0,0,0,0,0,0,0,1678737477937]
03-14 03:57:57.937 1523 2295 I netstats_wifi_sample: [462999633,350108,8679346,122065,462999633,350108,8679346,122065,463712792,355170,8330238,121030,1678737477937]
03-14 03:57:58.655 0 0 I auditd : type=1400 audit(0.0:1973): avc: denied { kill } for comm="swapper/2" capability=5 scontext=u:r:kernel:s0 tcontext=u:r:kernel:s0 tclass=capability permissive=0
03-14 03:57:59.167 1523 2295 I netstats_mobile_sample: [0,0,0,0,0,0,0,0,0,0,0,0,1678737479166]
03-14 03:57:59.167 1523 2295 I netstats_wifi_sample: [480630854,363328,8909997,126647,480630854,363328,8909997,126647,481351247,368433,8555611,125608,1678737479166]
03-14 03:57:59.655 0 0 I auditd : type=1400 audit(0.0:1974): avc: denied { kill } for comm="swapper/2" capability=5 scontext=u:r:kernel:s0 tcontext=u:r:kernel:s0 tclass=capability permissive=0
03-14 03:58:00.418 1523 2295 I netstats_mobile_sample: [0,0,0,0,0,0,0,0,0,0,0,0,1678737480418]
03-14 03:58:00.419 1523 2295 I netstats_wifi_sample: [492514334,372659,9085285,130118,492514334,372659,9085285,130118,493262709,377804,8719279,129044,1678737480418]
03-14 03:58:01.608 1523 2295 I netstats_mobile_sample: [0,0,0,0,0,0,0,0,0,0,0,0,1678737481608]
03-14 03:58:01.609 1523 2295 I netstats_wifi_sample: [505839353,383577,9210142,132905,505839353,383577,9210142,132905,506676825,388908,8844590,131850,1678737481608]
03-14 03:58:01.655 0 0 I auditd : type=1400 audit(0.0:1975): avc: denied { kill } for comm="swapper/1" capability=5 scontext=u:r:kernel:s0 tcontext=u:r:kernel:s0 tclass=capability permissive=0
03-14 03:58:02.020 1523 1523 I sysui_multi_action: [757,128,758,5,759,8,793,28007,794,0,795,26142,796,112,806,com.tencent.android.qqdownloader,857,channel_id_default_silent,858,3,946,com.tencent.android.qqdownloader,947,1,1500,26142,1688,1]
03-14 03:58:02.021 1523 1523 I notification_canceled: [0|com.tencent.android.qqdownloader|112|null|10093,8,28007,26142,0,-1,-1,NULL]
03-14 03:58:02.064 1523 1661 I am_pss : [8328,10093,com.tencent.android.qqdownloader,154917888,128380928,155648,265515008,0,2,12]
03-14 03:58:02.075 1523 1523 I notification_enqueue: [10093,8328,com.tencent.android.qqdownloader,101,NULL,0,Notification(channel=channel_id_default_silent shortcut=null contentView=null vibrate=null sound=null tick defaults=0x0 flags=0x240 color=0x00000000 groupKey=com.tencent.android.qqdownloader vis=PRIVATE),1]
03-14 03:58:02.078 1523 1661 I am_pss : [8290,10093,com.tencent.android.qqdownloader:daemon,171980800,147025920,155648,283308032,0,3,13]
03-14 03:58:02.084 1523 1661 I am_pss : [8702,10093,com.tencent.android.qqdownloader:cloud,23626752,10821632,160768,99590144,0,3,5]
03-14 03:58:02.095 8328 8964 W PackageParsing: Unknown element under : meta-data at /storage/emulated/0/Android/data/com.tencent.android.qqdownloader/files/tassistant/apk/com.tencent.mtt_13710500.apk Binary XML file line #141
03-14 03:58:02.101 8328 8391 W PackageParsing: Unknown element under : meta-data at /storage/emulated/0/Android/data/com.tencent.android.qqdownloader/files/tassistant/apk/com.tencent.mtt_13710500.apk Binary XML file line #141
03-14 03:58:02.102 8290 9491 W PackageParsing: Unknown element under : meta-data at /storage/emulated/0/Android/data/com.tencent.android.qqdownloader/files/tassistant/apk/com.tencent.mtt_13710500.apk Binary XML file line #141
03-14 03:58:02.135 8290 9491 W PackageParsing: Unknown element under : meta-data at /storage/emulated/0/Android/data/com.tencent.android.qqdownloader/files/tassistant/apk/com.tencent.mtt_13710500.apk Binary XML file line #141
03-14 03:58:02.146 8328 9497 W PackageParsing: Unknown element under : meta-data at /storage/emulated/0/Android/data/com.tencent.android.qqdownloader/files/tassistant/apk/com.tencent.mtt_13710500.apk Binary XML file line #141
03-14 03:58:02.276 1523 1523 I GameModeConfig: isGameModeOn = false
03-14 03:58:02.430 1523 2426 I thunderperf: PlatormCompat.setOverrides: Uid1=10093 Pid1=8328 Uid2=10093 Pid2=8328
03-14 03:58:02.430 1523 2426 I thunderperf: PlatormCompat.setOverrides: needCheck:false
03-14 03:58:02.430 1523 2426 W PackageManager: MATCH_ANY_USER flag requires INTERACT_ACROSS_USERS permission: UID 10093 requires android.permission.INTERACT_ACROSS_USERS_FULL or android.permission.INTERACT_ACROSS_USERS to access user 0.
03-14 03:58:02.431 1523 2426 I ActivityTaskManager: START u0 {flg=0x10000000 cmp=com.tencent.android.qqdownloader/com.tencent.pangu.activity.InstallerListenerActivity (has extras)} from uid 10093
03-14 03:58:02.436 1523 2426 I wm_task_moved: [19,1,7]
03-14 03:58:02.437 1523 2426 I wm_set_resumed_activity: [0,com.tencent.android.qqdownloader/com.tencent.pangu.activity.DownloadActivity,positionChildAt]
03-14 03:58:02.437 1523 2426 I wm_create_activity: [0,31544979,19,com.tencent.android.qqdownloader/com.tencent.pangu.activity.InstallerListenerActivity,NULL,NULL,NULL,268435456]
03-14 03:58:02.438 1523 2426 I wm_pause_activity: [0,233904099,com.tencent.android.qqdownloader/com.tencent.pangu.activity.DownloadActivity,userLeaving=true,resumeTopActivityInnerLocked]
03-14 03:58:02.438 8328 8328 I wm_on_top_resumed_lost_called: [233904099,com.tencent.pangu.activity.DownloadActivity,topStateChangedWhenResumed]
03-14 03:58:02.441 8328 8328 I wm_on_paused_called: [233904099,com.tencent.pangu.activity.DownloadActivity,performPause]
03-14 03:58:02.442 1523 2426 I ActivityTaskManager: FOREGROUND_APPLICATION_CHANGED to com.tencent.pangu.activity.InstallerListenerActivity
03-14 03:58:02.443 1523 2426 I ActivityTaskManager: The Process com.tencent.android.qqdownloader Already Exists in BG. So sending its PID: 8328
03-14 03:58:02.443 1523 2426 W ActivityTaskManager: Tried to set launchTime (0) < mLastActivityLaunchTime (403135)
03-14 03:58:02.444 1523 2426 I wm_restart_activity: [0,31544979,19,com.tencent.android.qqdownloader/com.tencent.pangu.activity.InstallerListenerActivity]
03-14 03:58:02.444 1523 2426 I wm_set_resumed_activity: [0,com.tencent.android.qqdownloader/com.tencent.pangu.activity.InstallerListenerActivity,minimalResumeActivityLocked]
03-14 03:58:02.456 1523 1653 I sysui_multi_action: [757,803,799,window_time_0,802,29]
03-14 03:58:02.463 1523 2426 I ActivityTaskManager: START u0 {act=android.intent.action.VIEW dat=content://com.tencent.pangu.fileprovider/external_path/Android/data/com.tencent.android.qqdownloader/files/tassistant/apk/com.tencent.mtt_13710500.apk typ=application/vnd.android.package-archive flg=0x10000003 cmp=com.android.packageinstaller/.InstallStart} from uid 10093
03-14 03:58:02.464 1523 2426 W ActivityTaskManager: Activity is launching as a new task, so cancelling activity result.
03-14 03:58:02.465 1523 2426 I wm_task_created: [20,-1]
03-14 03:58:02.465 1523 2426 W ActivityTaskManager: Can't find TaskDisplayArea to determine support for multi window. Task id=20 attached=false
03-14 03:58:02.466 1523 2426 D CompatibilityChangeReporter: Compat change id reported: 174042980; UID 10031; state: DISABLED
03-14 03:58:02.466 1523 2426 D CompatibilityChangeReporter: Compat change id reported: 184838306; UID 10031; state: DISABLED
03-14 03:58:02.466 1523 2426 D CompatibilityChangeReporter: Compat change id reported: 185004937; UID 10031; state: DISABLED
03-14 03:58:02.467 1523 2426 D CompatibilityChangeReporter: Compat change id reported: 181136395; UID 10031; state: DISABLED
03-14 03:58:02.467 1523 2426 D CompatibilityChangeReporter: Compat change id reported: 174042936; UID 10031; state: DISABLED
03-14 03:58:02.467 1523 2426 I wm_task_moved: [20,1,8]
03-14 03:58:02.467 1523 2426 I wm_task_to_front: [0,20]
03-14 03:58:02.467 1523 2426 I wm_create_task: [0,20]
03-14 03:58:02.467 1523 2426 I wm_create_activity: [0,223536871,20,com.android.packageinstaller/.InstallStart,android.intent.action.VIEW,application/vnd.android.package-archive,content://com.tencent.pangu.fileprovider/external_path/Android/data/com.tencent.android.qqdownloader/files/tassistant/apk/com.tencent.mtt_13710500.apk,276824067]
03-14 03:58:02.468 1523 2426 I wm_task_moved: [20,1,8]
03-14 03:58:02.468 1523 2426 I wm_pause_activity: [0,31544979,com.tencent.android.qqdownloader/com.tencent.pangu.activity.InstallerListenerActivity,userLeaving=true,pauseBackTasks]
03-14 03:58:02.469 8328 8328 I wm_on_create_called: [31544979,com.tencent.pangu.activity.InstallerListenerActivity,performCreate]
03-14 03:58:02.472 8328 8328 I wm_on_start_called: [31544979,com.tencent.pangu.activity.InstallerListenerActivity,handleStartActivity]
03-14 03:58:02.473 8328 8328 I wm_on_resume_called: [31544979,com.tencent.pangu.activity.InstallerListenerActivity,RESUME_ACTIVITY]
03-14 03:58:02.474 8328 8328 I wm_on_top_resumed_gained_called: [31544979,com.tencent.pangu.activity.InstallerListenerActivity,topStateChangedWhenResumed]
03-14 03:58:02.477 1523 1654 I input_focus: [Focus request 7be3439 com.tencent.android.qqdownloader/com.tencent.pangu.activity.InstallerListenerActivity,reason=UpdateInputWindows]
03-14 03:58:02.484 8328 8328 I wm_on_paused_called: [31544979,com.tencent.pangu.activity.InstallerListenerActivity,performPause]
03-14 03:58:02.486 8328 8328 I wm_on_activity_result_called: [31544979,com.tencent.pangu.activity.InstallerListenerActivity,ACTIVITY_RESULT]
03-14 03:58:02.486 8328 8328 I wm_on_resume_called: [31544979,com.tencent.pangu.activity.InstallerListenerActivity,ACTIVITY_RESULT]
03-14 03:58:02.486 8328 8328 I wm_on_top_resumed_lost_called: [31544979,com.tencent.pangu.activity.InstallerListenerActivity,topStateChangedWhenResumed]
03-14 03:58:02.487 8328 8328 I wm_on_paused_called: [31544979,com.tencent.pangu.activity.InstallerListenerActivity,performPause]
03-14 03:58:02.487 1523 1618 I ActivityTaskManager: FOREGROUND_APPLICATION_CHANGED to com.android.packageinstaller.InstallStart
03-14 03:58:02.488 1523 1618 I ActivityTaskManager: The Process com.android.packageinstaller Already Exists in BG. So sending its PID: 4122
03-14 03:58:02.489 1523 1618 I wm_restart_activity: [0,223536871,20,com.android.packageinstaller/.InstallStart]
03-14 03:58:02.490 1523 1618 I wm_set_resumed_activity: [0,com.android.packageinstaller/.InstallStart,minimalResumeActivityLocked]
03-14 03:58:02.493 1523 1653 I am_uid_active: 10031
03-14 03:58:02.496 1523 1996 I input_focus: [Focus leaving 5ad30f8 com.tencent.android.qqdownloader/com.tencent.pangu.activity.DownloadActivity (server),reason=NOT_FOCUSABLE]
03-14 03:58:02.497 1523 1653 I sysui_multi_action: [757,803,799,window_time_0,802,0]
03-14 03:58:02.503 1523 1661 I am_pss : [7190,10066,com.android.webview:webview_apk,33218560,16023552,9191424,82653184,0,19,5]
03-14 03:58:02.505 1523 3624 I thunderperf: PlatormCompat.setOverrides: Uid1=10031 Pid1=4122 Uid2=10031 Pid2=4122
03-14 03:58:02.505 1523 3624 I thunderperf: PlatormCompat.setOverrides: needCheck:false
03-14 03:58:02.505 1523 3624 I thunderperf: CompatConfig.addOverrideUnsafe: bef-state=1
03-14 03:58:02.505 1523 3624 E thunderperf: CompatConfig.addOverrideUnsafe: exception:java.lang.SecurityException: Cannot override a change on a non-debuggable app and user build.
03-14 03:58:02.505 1523 3624 I thunderperf: CompatConfig.addOverrideUnsafe: aft-state=1
03-14 03:58:02.505 1523 3624 I thunderperf: CompatConfig.addOverrideUnsafe: bef-state=1
03-14 03:58:02.505 1523 3624 E thunderperf: CompatConfig.addOverrideUnsafe: exception:java.lang.SecurityException: Cannot override a change on a non-debuggable app and user build.
03-14 03:58:02.505 1523 3624 I thunderperf: CompatConfig.addOverrideUnsafe: aft-state=1
03-14 03:58:02.505 1523 3624 I thunderperf: CompatConfig.addOverrideUnsafe: bef-state=1
03-14 03:58:02.506 1523 3624 E thunderperf: CompatConfig.addOverrideUnsafe: exception:java.lang.SecurityException: Cannot override a change on a non-debuggable app and user build.
03-14 03:58:02.506 1523 3624 I thunderperf: CompatConfig.addOverrideUnsafe: aft-state=1
03-14 03:58:02.506 1523 3624 I thunderperf: CompatConfig.addOverrideUnsafe: bef-state=1
03-14 03:58:02.506 1523 3624 E thunderperf: CompatConfig.addOverrideUnsafe: exception:java.lang.SecurityException: Cannot override a change on a non-debuggable app and user build.
03-14 03:58:02.506 1523 3624 I thunderperf: CompatConfig.addOverrideUnsafe: aft-state=1
03-14 03:58:02.506 1523 3624 I thunderperf: CompatConfig.addOverrideUnsafe: bef-state=1
03-14 03:58:02.506 1523 3624 E thunderperf: CompatConfig.addOverrideUnsafe: exception:java.lang.SecurityException: Cannot override a change on a non-debuggable app and user build.
03-14 03:58:02.506 1523 3624 I thunderperf: CompatConfig.addOverrideUnsafe: aft-state=1
03-14 03:58:02.506 1523 3624 I thunderperf: CompatConfig.addOverrideUnsafe: bef-state=1
03-14 03:58:02.506 1523 3624 E thunderperf: CompatConfig.addOverrideUnsafe: exception:java.lang.SecurityException: Cannot override a change on a non-debuggable app and user build.
03-14 03:58:02.506 1523 3624 I thunderperf: CompatConfig.addOverrideUnsafe: aft-state=1
03-14 03:58:02.507 1523 3624 I thunderperf: CompatConfig.addOverrideUnsafe: bef-state=1
03-14 03:58:02.507 1523 3624 E thunderperf: CompatConfig.addOverrideUnsafe: exception:java.lang.SecurityException: Cannot override a change on a non-debuggable app and user build.
03-14 03:58:02.507 1523 3624 I thunderperf: CompatConfig.addOverrideUnsafe: aft-state=1
03-14 03:58:02.507 1523 3624 I thunderperf: CompatConfig.addOverrideUnsafe: bef-state=1
03-14 03:58:02.507 1523 3624 E thunderperf: CompatConfig.addOverrideUnsafe: exception:java.lang.SecurityException: Cannot override a change on a non-debuggable app and user build.
03-14 03:58:02.507 1523 3624 I thunderperf: CompatConfig.addOverrideUnsafe: aft-state=1
03-14 03:58:02.507 1523 3624 I thunderperf: CompatConfig.addOverrideUnsafe: bef-state=1
03-14 03:58:02.507 1523 3624 E thunderperf: CompatConfig.addOverrideUnsafe: exception:java.lang.SecurityException: Cannot override a change on a non-debuggable app and user build.
03-14 03:58:02.507 1523 3624 I thunderperf: CompatConfig.addOverrideUnsafe: aft-state=1
03-14 03:58:02.508 1523 3624 I thunderperf: CompatConfig.addOverrideUnsafe: bef-state=1
03-14 03:58:02.508 1523 3624 E thunderperf: CompatConfig.addOverrideUnsafe: exception:java.lang.SecurityException: Cannot override a change on a non-debuggable app and user build.
03-14 03:58:02.508 1523 3624 I thunderperf: CompatConfig.addOverrideUnsafe: aft-state=1
03-14 03:58:02.508 1523 1661 I am_pss : [6834,10066,com.android.webview:webview_service,17836032,3428352,9037824,61992960,0,19,4]
03-14 03:58:02.508 1523 3624 I thunderperf: CompatConfig.addOverrideUnsafe: bef-state=1
03-14 03:58:02.508 1523 3624 E thunderperf: CompatConfig.addOverrideUnsafe: exception:java.lang.SecurityException: Cannot override a change on a non-debuggable app and user build.
03-14 03:58:02.508 1523 3624 I thunderperf: CompatConfig.addOverrideUnsafe: aft-state=1
03-14 03:58:02.509 1523 3624 I thunderperf: CompatConfig.addOverrideUnsafe: bef-state=1
03-14 03:58:02.509 1523 3624 E thunderperf: CompatConfig.addOverrideUnsafe: exception:java.lang.SecurityException: Cannot override a change on a non-debuggable app and user build.
03-14 03:58:02.509 1523 3624 I thunderperf: CompatConfig.addOverrideUnsafe: aft-state=1
03-14 03:58:02.509 1523 3624 I thunderperf: CompatConfig.addOverrideUnsafe: bef-state=1
03-14 03:58:02.509 1523 3624 E thunderperf: CompatConfig.addOverrideUnsafe: exception:java.lang.SecurityException: Cannot override a change on a non-debuggable app and user build.
03-14 03:58:02.509 1523 3624 I thunderperf: CompatConfig.addOverrideUnsafe: aft-state=1
03-14 03:58:02.509 1523 3624 I thunderperf: CompatConfig.addOverrideUnsafe: bef-state=1
03-14 03:58:02.510 1523 3624 E thunderperf: CompatConfig.addOverrideUnsafe: exception:java.lang.SecurityException: Cannot override a change on a non-debuggable app and user build.
03-14 03:58:02.510 1523 3624 I thunderperf: CompatConfig.addOverrideUnsafe: aft-state=1
03-14 03:58:02.511 1523 3624 I ActivityTaskManager: START u0 {act=android.intent.action.VIEW dat=content://com.tencent.pangu.fileprovider/external_path/Android/data/com.tencent.android.qqdownloader/files/tassistant/apk/com.tencent.mtt_13710500.apk typ=application/vnd.android.package-archive flg=0x2000001 cmp=com.android.packageinstaller/.InstallStaging (has extras)} from uid 10031
03-14 03:58:02.514 1523 3624 I wm_task_moved: [20,1,8]
03-14 03:58:02.514 1523 3624 I wm_set_resumed_activity: [0,com.android.packageinstaller/.InstallStart,positionChildAt]
03-14 03:58:02.514 1523 3624 I wm_create_activity: [0,15585070,20,com.android.packageinstaller/.InstallStaging,android.intent.action.VIEW,application/vnd.android.package-archive,content://com.tencent.pangu.fileprovider/external_path/Android/data/com.tencent.android.qqdownloader/files/tassistant/apk/com.tencent.mtt_13710500.apk,33554433]
03-14 03:58:02.515 1523 3624 I wm_pause_activity: [0,223536871,com.android.packageinstaller/.InstallStart,userLeaving=true,resumeTopActivityInnerLocked]
03-14 03:58:02.517 1523 3624 I wm_finish_activity: [0,223536871,20,com.android.packageinstaller/.InstallStart,app-request]
03-14 03:58:02.517 4122 4122 I wm_on_create_called: [223536871,com.android.packageinstaller.InstallStart,performCreate]
03-14 03:58:02.520 1523 8272 I wm_add_to_stopping: [0,223536871,com.android.packageinstaller/.InstallStart,completeFinishing]
03-14 03:58:02.521 1523 8272 I ActivityTaskManager: FOREGROUND_APPLICATION_CHANGED to com.android.packageinstaller.InstallStaging
03-14 03:58:02.521 1523 8272 I ActivityTaskManager: The Process com.android.packageinstaller Already Exists in BG. So sending its PID: 4122
03-14 03:58:02.521 1523 8272 W ActivityTaskManager: Tried to set launchTime (0) < mLastActivityLaunchTime (432435)
03-14 03:58:02.521 1523 8272 I wm_restart_activity: [0,15585070,20,com.android.packageinstaller/.InstallStaging]
03-14 03:58:02.522 1523 8272 I wm_set_resumed_activity: [0,com.android.packageinstaller/.InstallStaging,minimalResumeActivityLocked]
03-14 03:58:02.522 1523 8272 D CompatibilityChangeReporter: Compat change id reported: 181136395; UID 10093; state: DISABLED
03-14 03:58:02.522 1523 8272 D CompatibilityChangeReporter: Compat change id reported: 174042936; UID 10093; state: DISABLED
03-14 03:58:02.523 1523 1653 I sysui_multi_action: [757,803,799,window_time_0,802,0]
03-14 03:58:02.530 4122 4122 I wm_on_create_called: [15585070,com.android.packageinstaller.InstallStaging,performCreate]
03-14 03:58:02.530 4122 4122 I wm_on_start_called: [15585070,com.android.packageinstaller.InstallStaging,handleStartActivity]
03-14 03:58:02.531 4122 4122 I wm_on_resume_called: [15585070,com.android.packageinstaller.InstallStaging,RESUME_ACTIVITY]
03-14 03:58:02.535 8290 8290 E ActivityThread: Failed to find provider info for com.android.badge
03-14 03:58:02.538 4122 4122 I wm_on_top_resumed_gained_called: [15585070,com.android.packageinstaller.InstallStaging,topStateChangedWhenResumed]
03-14 03:58:02.539 8290 8290 E ActivityThread: Failed to find provider info for com.android.badge
03-14 03:58:02.657 1523 1654 I input_focus: [Focus request f7de4c7 com.android.packageinstaller/com.android.packageinstaller.InstallStaging,reason=UpdateInputWindows]
03-14 03:58:02.655 0 0 I auditd : type=1400 audit(0.0:1976): avc: denied { kill } for comm="swapper/1" capability=5 scontext=u:r:kernel:s0 tcontext=u:r:kernel:s0 tclass=capability permissive=0
03-14 03:58:02.685 1523 1523 I notification_enqueue: [10093,8328,com.tencent.android.qqdownloader,101,NULL,0,Notification(channel=channel_id_default_silent shortcut=null contentView=null vibrate=null sound=null tick defaults=0x0 flags=0x240 color=0x00000000 groupKey=com.tencent.android.qqdownloader vis=PRIVATE),1]
01-01 12:40:11.652 0 0 I binder : 4122:9516 ioctl 40046210 767e3141f4 returned -22
03-14 03:58:02.724 1523 1650 I wm_activity_launch_time: [0,15585070,com.android.packageinstaller/.InstallStaging,292]
03-14 03:58:02.725 1523 1618 I thunderperf: PlatormCompat.setOverrides: Uid1=10031 Pid1=4122 Uid2=10031 Pid2=4122
03-14 03:58:02.725 1523 1618 I thunderperf: PlatormCompat.setOverrides: needCheck:false
03-14 03:58:02.725 1523 1618 I thunderperf: CompatConfig.addOverrideUnsafe: bef-state=1
03-14 03:58:02.726 1523 1618 E thunderperf: CompatConfig.addOverrideUnsafe: exception:java.lang.SecurityException: Cannot override a change on a non-debuggable app and user build.
03-14 03:58:02.726 1523 1618 I thunderperf: CompatConfig.addOverrideUnsafe: aft-state=1
03-14 03:58:02.726 1523 1653 I wm_destroy_activity: [0,223536871,20,com.android.packageinstaller/.InstallStart,finish-imm:transit]
03-14 03:58:02.726 1523 1618 I thunderperf: CompatConfig.addOverrideUnsafe: bef-state=1
03-14 03:58:02.726 1523 1618 E thunderperf: CompatConfig.addOverrideUnsafe: exception:java.lang.SecurityException: Cannot override a change on a non-debuggable app and user build.
03-14 03:58:02.726 1523 1618 I thunderperf: CompatConfig.addOverrideUnsafe: aft-state=1
03-14 03:58:02.727 1523 1618 I thunderperf: CompatConfig.addOverrideUnsafe: bef-state=1
03-14 03:58:02.727 1523 1618 E thunderperf: CompatConfig.addOverrideUnsafe: exception:java.lang.SecurityException: Cannot override a change on a non-debuggable app and user build.
03-14 03:58:02.727 1523 1618 I thunderperf: CompatConfig.addOverrideUnsafe: aft-state=1
03-14 03:58:02.727 1523 1618 I thunderperf: CompatConfig.addOverrideUnsafe: bef-state=1
03-14 03:58:02.727 1523 1618 E thunderperf: CompatConfig.addOverrideUnsafe: exception:java.lang.SecurityException: Cannot override a change on a non-debuggable app and user build.
03-14 03:58:02.727 1523 1618 I thunderperf: CompatConfig.addOverrideUnsafe: aft-state=1
03-14 03:58:02.727 1523 1618 I thunderperf: CompatConfig.addOverrideUnsafe: bef-state=1
03-14 03:58:02.727 1523 1618 E thunderperf: CompatConfig.addOverrideUnsafe: exception:java.lang.SecurityException: Cannot override a change on a non-debuggable app and user build.
03-14 03:58:02.727 1523 1618 I thunderperf: CompatConfig.addOverrideUnsafe: aft-state=1
03-14 03:58:02.727 1523 1618 I thunderperf: CompatConfig.addOverrideUnsafe: bef-state=1
03-14 03:58:02.727 1523 1618 E thunderperf: CompatConfig.addOverrideUnsafe: exception:java.lang.SecurityException: Cannot override a change on a non-debuggable app and user build.
03-14 03:58:02.728 1523 1618 I thunderperf: CompatConfig.addOverrideUnsafe: aft-state=1
03-14 03:58:02.728 1523 1618 I thunderperf: CompatConfig.addOverrideUnsafe: bef-state=1
03-14 03:58:02.728 1523 1618 E thunderperf: CompatConfig.addOverrideUnsafe: exception:java.lang.SecurityException: Cannot override a change on a non-debuggable app and user build.
03-14 03:58:02.728 1523 1618 I thunderperf: CompatConfig.addOverrideUnsafe: aft-state=1
03-14 03:58:02.728 1523 1618 I thunderperf: CompatConfig.addOverrideUnsafe: bef-state=1
03-14 03:58:02.728 1523 1618 E thunderperf: CompatConfig.addOverrideUnsafe: exception:java.lang.SecurityException: Cannot override a change on a non-debuggable app and user build.
03-14 03:58:02.728 1523 1618 I thunderperf: CompatConfig.addOverrideUnsafe: aft-state=1
03-14 03:58:02.728 1523 1618 I thunderperf: CompatConfig.addOverrideUnsafe: bef-state=1
03-14 03:58:02.728 1523 1618 E thunderperf: CompatConfig.addOverrideUnsafe: exception:java.lang.SecurityException: Cannot override a change on a non-debuggable app and user build.
03-14 03:58:02.728 1523 1618 I thunderperf: CompatConfig.addOverrideUnsafe: aft-state=1
03-14 03:58:02.729 1523 1618 I thunderperf: CompatConfig.addOverrideUnsafe: bef-state=1
03-14 03:58:02.729 1523 1618 E thunderperf: CompatConfig.addOverrideUnsafe: exception:java.lang.SecurityException: Cannot override a change on a non-debuggable app and user build.
03-14 03:58:02.729 1523 1618 I thunderperf: CompatConfig.addOverrideUnsafe: aft-state=1
03-14 03:58:02.729 1523 1618 I thunderperf: CompatConfig.addOverrideUnsafe: bef-state=1
03-14 03:58:02.729 1523 1996 I input_focus: [Focus entering f7de4c7 com.android.packageinstaller/com.android.packageinstaller.InstallStaging (server),reason=Window became focusable. Previous reason: NOT_VISIBLE]
03-14 03:58:02.729 1523 1618 E thunderperf: CompatConfig.addOverrideUnsafe: exception:java.lang.SecurityException: Cannot override a change on a non-debuggable app and user build.
03-14 03:58:02.729 1523 1618 I thunderperf: CompatConfig.addOverrideUnsafe: aft-state=1
03-14 03:58:02.729 1523 1618 I thunderperf: CompatConfig.addOverrideUnsafe: bef-state=1
03-14 03:58:02.729 1523 1618 E thunderperf: CompatConfig.addOverrideUnsafe: exception:java.lang.SecurityException: Cannot override a change on a non-debuggable app and user build.
03-14 03:58:02.729 1523 1618 I thunderperf: CompatConfig.addOverrideUnsafe: aft-state=1
03-14 03:58:02.730 1523 1618 I thunderperf: CompatConfig.addOverrideUnsafe: bef-state=1
03-14 03:58:02.730 1523 1618 E thunderperf: CompatConfig.addOverrideUnsafe: exception:java.lang.SecurityException: Cannot override a change on a non-debuggable app and user build.
03-14 03:58:02.730 1523 1618 I thunderperf: CompatConfig.addOverrideUnsafe: aft-state=1
03-14 03:58:02.730 1523 1618 I thunderperf: CompatConfig.addOverrideUnsafe: bef-state=1
03-14 03:58:02.730 1523 1618 E thunderperf: CompatConfig.addOverrideUnsafe: exception:java.lang.SecurityException: Cannot override a change on a non-debuggable app and user build.
03-14 03:58:02.730 1523 1618 I thunderperf: CompatConfig.addOverrideUnsafe: aft-state=1
03-14 03:58:02.815 1523 1618 I ActivityTaskManager: START u0 {act=android.intent.action.VIEW dat=file:///data/user_de/0/com.android.packageinstaller/no_backup/package1268379419114899090.apk flg=0x2010001 cmp=com.android.packageinstaller/.DeleteStagedFileOnResult (has extras)} from uid 10031
03-14 03:58:02.820 1523 1618 I wm_task_moved: [20,1,8]
03-14 03:58:02.820 1523 1618 I wm_set_resumed_activity: [0,com.android.packageinstaller/.InstallStaging,positionChildAt]
03-14 03:58:02.820 1523 1618 I wm_create_activity: [0,185896118,20,com.android.packageinstaller/.DeleteStagedFileOnResult,android.intent.action.VIEW,NULL,file:///data/user_de/0/com.android.packageinstaller/no_backup/package1268379419114899090.apk,33619969]
03-14 03:58:02.821 1523 1618 I wm_pause_activity: [0,15585070,com.android.packageinstaller/.InstallStaging,userLeaving=true,resumeTopActivityInnerLocked]
03-14 03:58:02.825 1523 1618 I wm_finish_activity: [0,15585070,20,com.android.packageinstaller/.InstallStaging,app-request]
03-14 03:58:02.826 4122 4122 I wm_on_destroy_called: [223536871,com.android.packageinstaller.InstallStart,performDestroy]
03-14 03:58:02.831 1523 1523 W NotificationService: Removed summary didn't match old notification: old=0|com.tencent.android.qqdownloader|101|null|10093, removed=0|com.tencent.android.qqdownloader|101|null|10093
03-14 03:58:02.831 1523 1523 I notification_enqueue: [10093,8328,com.tencent.android.qqdownloader,101,NULL,0,Notification(channel=channel_id_default_silent shortcut=null contentView=null vibrate=null sound=null tick defaults=0x0 flags=0x240 color=0x00000000 groupKey=com.tencent.android.qqdownloader vis=PRIVATE),1]
03-14 03:58:02.843 4122 4122 I wm_on_top_resumed_lost_called: [15585070,com.android.packageinstaller.InstallStaging,topStateChangedWhenResumed]
03-14 03:58:02.843 4122 4122 I wm_on_paused_called: [15585070,com.android.packageinstaller.InstallStaging,performPause]
03-14 03:58:02.844 1523 2426 I wm_add_to_stopping: [0,15585070,com.android.packageinstaller/.InstallStaging,completeFinishing]
03-14 03:58:02.844 1523 2426 I ActivityTaskManager: FOREGROUND_APPLICATION_CHANGED to com.android.packageinstaller.DeleteStagedFileOnResult
03-14 03:58:02.844 1523 2426 I ActivityTaskManager: The Process com.android.packageinstaller Already Exists in BG. So sending its PID: 4122
03-14 03:58:02.845 1523 2426 W ActivityTaskManager: Tried to set launchTime (0) < mLastActivityLaunchTime (432467)
03-14 03:58:02.845 1523 2426 I wm_restart_activity: [0,185896118,20,com.android.packageinstaller/.DeleteStagedFileOnResult]
03-14 03:58:02.847 1523 2426 I wm_set_resumed_activity: [0,com.android.packageinstaller/.DeleteStagedFileOnResult,minimalResumeActivityLocked]
03-14 03:58:02.853 1523 1653 I sysui_multi_action: [757,803,799,window_time_0,802,0]
03-14 03:58:02.853 8290 9491 W PackageParsing: Ignoring duplicate uses-permissions/uses-permissions-sdk-m: com.android.launcher2.permission.READ_SETTINGS in package: com.tencent.mobileqq at: Binary XML file line #109
03-14 03:58:02.855 8290 9491 W PackageParsing: Ignoring duplicate uses-permissions/uses-permissions-sdk-m: android.permission.WRITE_CONTACTS in package: com.tencent.mobileqq at: Binary XML file line #157
03-14 03:58:02.855 8328 8964 W PackageParsing: Ignoring duplicate uses-permissions/uses-permissions-sdk-m: com.android.launcher2.permission.READ_SETTINGS in package: com.tencent.mobileqq at: Binary XML file line #109
03-14 03:58:02.855 8328 8964 W PackageParsing: Ignoring duplicate uses-permissions/uses-permissions-sdk-m: android.permission.WRITE_CONTACTS in package: com.tencent.mobileqq at: Binary XML file line #157
03-14 03:58:02.855 8328 8964 W PackageParsing: Ignoring duplicate uses-permissions/uses-permissions-sdk-m: com.tencent.msf.permission.account.sync in package: com.tencent.mobileqq at: Binary XML file line #217
03-14 03:58:02.856 8328 8964 W PackageParsing: Ignoring duplicate uses-permissions/uses-permissions-sdk-m: android.permission.CHANGE_WIFI_STATE in package: com.tencent.mobileqq at: Binary XML file line #223
03-14 03:58:02.856 8328 8964 W PackageParsing: Ignoring duplicate uses-permissions/uses-permissions-sdk-m: android.permission.INTERNET in package: com.tencent.mobileqq at: Binary XML file line #225
03-14 03:58:02.856 8328 8964 W PackageParsing: Ignoring duplicate uses-permissions/uses-permissions-sdk-m: android.permission.ACCESS_WIFI_STATE in package: com.tencent.mobileqq at: Binary XML file line #227
03-14 03:58:02.856 8328 8964 W PackageParsing: Ignoring duplicate uses-permissions/uses-permissions-sdk-m: android.permission.ACCESS_NETWORK_STATE in package: com.tencent.mobileqq at: Binary XML file line #229
03-14 03:58:02.856 8328 8964 W PackageParsing: Ignoring duplicate uses-permissions/uses-permissions-sdk-m: android.permission.CAMERA in package: com.tencent.mobileqq at: Binary XML file line #237
03-14 03:58:02.856 8328 8964 W PackageParsing: Ignoring duplicate uses-permissions/uses-permissions-sdk-m: android.permission.WAKE_LOCK in package: com.tencent.mobileqq at: Binary XML file line #239
03-14 03:58:02.856 8328 8964 W PackageParsing: Ignoring duplicate uses-permissions/uses-permissions-sdk-m: com.android.launcher.permission.INSTALL_SHORTCUT in package: com.tencent.mobileqq at: Binary XML file line #241
03-14 03:58:02.856 8328 8964 W PackageParsing: Ignoring duplicate uses-permissions/uses-permissions-sdk-m: android.permission.RECEIVE_BOOT_COMPLETED in package: com.tencent.mobileqq at: Binary XML file line #243
03-14 03:58:02.856 8328 8964 W PackageParsing: Ignoring duplicate uses-permissions/uses-permissions-sdk-m: com.tencent.msf.permission.account.sync in package: com.tencent.mobileqq at: Binary XML file line #247
03-14 03:58:02.856 8290 9491 W PackageParsing: Ignoring duplicate uses-permissions/uses-permissions-sdk-m: com.tencent.msf.permission.account.sync in package: com.tencent.mobileqq at: Binary XML file line #217
03-14 03:58:02.856 8290 9491 W PackageParsing: Ignoring duplicate uses-permissions/uses-permissions-sdk-m: android.permission.CHANGE_WIFI_STATE in package: com.tencent.mobileqq at: Binary XML file line #223
03-14 03:58:02.856 8290 9491 W PackageParsing: Ignoring duplicate uses-permissions/uses-permissions-sdk-m: android.permission.INTERNET in package: com.tencent.mobileqq at: Binary XML file line #225
03-14 03:58:02.856 8328 8964 W PackageParsing: Ignoring duplicate uses-permissions/uses-permissions-sdk-m: android.permission.BROADCAST_STICKY in package: com.tencent.mobileqq at: Binary XML file line #295
03-14 03:58:02.856 8290 9491 W PackageParsing: Ignoring duplicate uses-permissions/uses-permissions-sdk-m: android.permission.ACCESS_WIFI_STATE in package: com.tencent.mobileqq at: Binary XML file line #227
03-14 03:58:02.856 8290 9491 W PackageParsing: Ignoring duplicate uses-permissions/uses-permissions-sdk-m: android.permission.ACCESS_NETWORK_STATE in package: com.tencent.mobileqq at: Binary XML file line #229
03-14 03:58:02.856 8290 9491 W PackageParsing: Ignoring duplicate uses-permissions/uses-permissions-sdk-m: android.permission.CAMERA in package: com.tencent.mobileqq at: Binary XML file line #237
03-14 03:58:02.856 8290 9491 W PackageParsing: Ignoring duplicate uses-permissions/uses-permissions-sdk-m: android.permission.WAKE_LOCK in package: com.tencent.mobileqq at: Binary XML file line #239
03-14 03:58:02.856 8290 9491 W PackageParsing: Ignoring duplicate uses-permissions/uses-permissions-sdk-m: com.android.launcher.permission.INSTALL_SHORTCUT in package: com.tencent.mobileqq at: Binary XML file line #241
03-14 03:58:02.856 8290 9491 W PackageParsing: Ignoring duplicate uses-permissions/uses-permissions-sdk-m: android.permission.RECEIVE_BOOT_COMPLETED in package: com.tencent.mobileqq at: Binary XML file line #243
03-14 03:58:02.856 8290 9491 W PackageParsing: Ignoring duplicate uses-permissions/uses-permissions-sdk-m: com.tencent.msf.permission.account.sync in package: com.tencent.mobileqq at: Binary XML file line #247
03-14 03:58:02.857 8290 9491 W PackageParsing: Ignoring duplicate uses-permissions/uses-permissions-sdk-m: android.permission.BROADCAST_STICKY in package: com.tencent.mobileqq at: Binary XML file line #295
03-14 03:58:02.857 1523 2426 I thunderperf: PlatormCompat.setOverrides: Uid1=10031 Pid1=4122 Uid2=10031 Pid2=4122
03-14 03:58:02.857 1523 2426 I thunderperf: PlatormCompat.setOverrides: needCheck:false
