03-14 04:14:24.754 12834 12834 I wm_on_top_resumed_gained_called: [7254057,com.tencent.mobileqq.activity.QPublicFragmentActivity,topWhenResuming]
03-14 04:14:24.791 1523 1996 I input_focus: [Focus entering 25e765a com.tencent.mobileqq/com.tencent.mobileqq.activity.QPublicFragmentActivity (server),reason=Window became focusable. Previous reason: NOT_VISIBLE]
03-14 04:14:24.833 1523 12575 W FreeFormWindowHelper: Current Display FreeFormTask is null
03-14 04:14:24.979 1523 1653 I wm_destroy_activity: [0,120245827,26,com.tencent.mobileqq/.activity.QQBrowserActivity,finish-imm:idle]
03-14 04:14:25.027 13251 13251 I wm_on_stop_called: [120245827,com.tencent.mobileqq.activity.QQBrowserActivity,LIFECYCLER_STOP_ACTIVITY]
03-14 04:14:25.049 13251 13251 I wm_on_destroy_called: [120245827,com.tencent.mobileqq.activity.QQBrowserActivity,performDestroy]
03-14 04:14:25.655 0 0 I auditd : type=1400 audit(0.0:3645): avc: denied { kill } for comm="swapper/2" capability=5 scontext=u:r:kernel:s0 tcontext=u:r:kernel:s0 tclass=capability permissive=0
03-14 04:14:27.612 1523 2311 I GameModeConfig: isGameModeOn = false
03-14 04:14:27.655 0 0 I auditd : type=1400 audit(0.0:3646): avc: denied { kill } for comm="swapper/2" capability=5 scontext=u:r:kernel:s0 tcontext=u:r:kernel:s0 tclass=capability permissive=0
03-14 04:14:28.655 0 0 I auditd : type=1400 audit(0.0:3647): avc: denied { kill } for comm="swapper/2" capability=5 scontext=u:r:kernel:s0 tcontext=u:r:kernel:s0 tclass=capability permissive=0
01-01 12:56:37.815 0 0 I [dp_rx_][0x66c555e9e][04:14:28.852905] wlan: [1971:I:QDF] DHCP-D RX: SA:86:0b:1f:7b:f1:f9 DA:ff:ff:ff:ff:ff:ff
03-14 04:14:29.655 0 0 I auditd : type=1400 audit(0.0:3648): avc: denied { kill } for comm="swapper/2" capability=5 scontext=u:r:kernel:s0 tcontext=u:r:kernel:s0 tclass=capability permissive=0
01-01 12:56:39.454 0 0 I [dp_rx_][0x66e35718c][04:14:30.491557] wlan: [1971:I:QDF] DHCP-R RX: SA:86:0b:1f:7b:f1:f9 DA:ff:ff:ff:ff:ff:ff
03-14 04:14:31.655 0 0 I auditd : type=1400 audit(0.0:3649): avc: denied { kill } for comm="swapper/2" capability=5 scontext=u:r:kernel:s0 tcontext=u:r:kernel:s0 tclass=capability permissive=0
03-14 04:14:32.655 0 0 I auditd : type=1400 audit(0.0:3650): avc: denied { kill } for comm="swapper/2" capability=5 scontext=u:r:kernel:s0 tcontext=u:r:kernel:s0 tclass=capability permissive=0
03-14 04:14:33.655 0 0 I auditd : type=1400 audit(0.0:3651): avc: denied { kill } for comm="swapper/2" capability=5 scontext=u:r:kernel:s0 tcontext=u:r:kernel:s0 tclass=capability permissive=0
03-14 04:14:34.655 0 0 I auditd : type=1400 audit(0.0:3652): avc: denied { kill } for comm="swapper/2" capability=5 scontext=u:r:kernel:s0 tcontext=u:r:kernel:s0 tclass=capability permissive=0
03-14 04:14:35.655 0 0 I auditd : type=1400 audit(0.0:3653): avc: denied { kill } for comm="swapper/2" capability=5 scontext=u:r:kernel:s0 tcontext=u:r:kernel:s0 tclass=capability permissive=0
03-14 04:14:35.813 1523 1662 I am_uid_idle: 10066
03-14 04:14:36.655 0 0 I auditd : type=1400 audit(0.0:3654): avc: denied { kill } for comm="swapper/2" capability=5 scontext=u:r:kernel:s0 tcontext=u:r:kernel:s0 tclass=capability permissive=0
03-14 04:14:37.655 0 0 I auditd : type=1400 audit(0.0:3655): avc: denied { kill } for comm="swapper/2" capability=5 scontext=u:r:kernel:s0 tcontext=u:r:kernel:s0 tclass=capability permissive=0
03-14 04:14:40.655 0 0 I auditd : type=1400 audit(0.0:3656): avc: denied { kill } for comm="swapper/1" capability=5 scontext=u:r:kernel:s0 tcontext=u:r:kernel:s0 tclass=capability permissive=0
03-14 04:14:42.655 0 0 I auditd : type=1400 audit(0.0:3657): avc: denied { kill } for comm="swapper/1" capability=5 scontext=u:r:kernel:s0 tcontext=u:r:kernel:s0 tclass=capability permissive=0
03-14 04:14:43.655 0 0 I auditd : type=1400 audit(0.0:3658): avc: denied { kill } for comm="swapper/1" capability=5 scontext=u:r:kernel:s0 tcontext=u:r:kernel:s0 tclass=capability permissive=0
03-14 04:14:45.655 0 0 I auditd : type=1400 audit(0.0:3659): avc: denied { kill } for comm="swapper/1" capability=5 scontext=u:r:kernel:s0 tcontext=u:r:kernel:s0 tclass=capability permissive=0
03-14 04:14:46.655 0 0 I auditd : type=1400 audit(0.0:3660): avc: denied { kill } for comm="swapper/1" capability=5 scontext=u:r:kernel:s0 tcontext=u:r:kernel:s0 tclass=capability permissive=0
03-14 04:14:47.655 0 0 I auditd : type=1400 audit(0.0:3661): avc: denied { kill } for comm="swapper/1" capability=5 scontext=u:r:kernel:s0 tcontext=u:r:kernel:s0 tclass=capability permissive=0
03-14 04:14:48.410 1523 1996 I input_interaction: Interaction with: a04c16f StatusBar (server), edge-swipe (server), swipe-up (server), PointerEventDispatcher0 (server),
03-14 04:14:48.416 2371 2371 I sysui_multi_action: [757,803,799,panel_open,802,1]
03-14 04:14:48.419 2371 2371 I sysui_multi_action: [757,1328,758,4,1326,56,1327,2,1329,0]
03-14 04:14:48.504 1523 3575 I sysui_multi_action: [757,127,758,1]
03-14 04:14:48.504 1523 3575 I sysui_multi_action: [757,804,799,note_load,801,2,802,1]
03-14 04:14:48.504 1523 3575 I notification_panel_revealed: 2
03-14 04:14:48.517 1523 1654 I input_focus: [Focus request ff5a202 NotificationShade,reason=UpdateInputWindows]
03-14 04:14:48.529 1523 3575 I sysui_multi_action: [757,128,758,1,793,1357593,794,0,795,1357593,796,26,798,0,806,android,857,DEVELOPER_IMPORTANT,858,4,947,0,1395,2,1500,1357390,1688,1]
03-14 04:14:48.529 1523 3575 I sysui_multi_action: [757,804,799,note_freshness,801,1357593,802,1]
03-14 04:14:48.529 1523 3575 I notification_visibility: [-1|android|26|null|1000,1,1357593,1357593,0,0]
03-14 04:14:48.530 1523 3575 I sysui_multi_action: [757,128,758,1,793,1412348,794,0,795,1412348,796,32,798,1,806,android,857,USB,858,1,947,0,1395,2,1500,1412304,1688,1]
03-14 04:14:48.530 1523 3575 I sysui_multi_action: [757,804,799,note_freshness,801,1412348,802,1]
03-14 04:14:48.530 1523 3575 I notification_visibility: [-1|android|32|null|1000,1,1412348,1412348,0,1]
03-14 04:14:48.534 1523 1996 I input_focus: [Focus leaving 25e765a com.tencent.mobileqq/com.tencent.mobileqq.activity.QPublicFragmentActivity (server),reason=Waiting for window because NOT_VISIBLE]
03-14 04:14:48.544 2371 2371 I sysui_multi_action: [757,111,758,1]
03-14 04:14:48.544 2371 2371 I sysui_multi_action: [757,126,758,1,759,126,927,0,928,1,1593,0]
03-14 04:14:48.544 2371 2371 I sysui_multi_action: [757,113,758,1,759,113,927,1,928,1,1593,0]
03-14 04:14:48.544 2371 2371 I sysui_multi_action: [757,0,758,1,759,0,927,2,928,0,1593,0]
03-14 04:14:48.544 2371 2371 I sysui_multi_action: [757,0,758,1,759,0,927,3,928,0,1593,0]
03-14 04:14:48.545 2371 2371 I sysui_multi_action: [757,491,758,1,759,491,927,4,928,0,1311,-1,1593,0]
03-14 04:14:48.545 2371 2371 I sysui_multi_action: [757,0,758,1,759,0,927,5,928,0,1593,0]
03-14 04:14:48.545 2371 2371 I sysui_multi_action: [757,111,758,1]
03-14 04:14:48.545 2371 2371 I sysui_multi_action: [757,126,758,1,759,126,927,0,928,1,1593,0]
03-14 04:14:48.545 2371 2371 I sysui_multi_action: [757,113,758,1,759,113,927,1,928,1,1593,0]
03-14 04:14:48.545 2371 2371 I sysui_multi_action: [757,0,758,1,759,0,927,2,928,0,1593,0]
03-14 04:14:48.545 2371 2371 I sysui_multi_action: [757,0,758,1,759,0,927,3,928,0,1593,0]
03-14 04:14:48.550 1523 1996 I input_focus: [Focus entering ff5a202 NotificationShade (server),reason=Window became focusable. Previous reason: NOT_VISIBLE]
03-14 04:14:48.655 0 0 I auditd : type=1400 audit(0.0:3662): avc: denied { kill } for comm="swapper/1" capability=5 scontext=u:r:kernel:s0 tcontext=u:r:kernel:s0 tclass=capability permissive=0
03-14 04:14:49.655 0 0 I auditd : type=1400 audit(0.0:3663): avc: denied { kill } for comm="swapper/1" capability=5 scontext=u:r:kernel:s0 tcontext=u:r:kernel:s0 tclass=capability permissive=0
03-14 04:14:50.161 1523 1996 I input_interaction: Interaction with: ff5a202 NotificationShade (server), edge-swipe (server), swipe-up (server), PointerEventDispatcher0 (server),
03-14 04:14:50.312 2371 2371 I sysui_multi_action: [757,925,758,4,759,126,927,0,928,1,1592,0,1593,1]
03-14 04:14:50.351 1523 3328 D TelephonyRegistry: listen oscl: mHasNotifySubscriptionInfoChangedOccurred==false no callback
03-14 04:14:50.351 2371 2371 W CarrierConfigManager: Error getting config for subId -1 ICarrierConfigLoader is null
03-14 04:14:50.378 1523 1654 I input_focus: [Focus request b4f5c09 InternetDialog,reason=UpdateInputWindows]
03-14 04:14:50.406 1523 1996 I input_focus: [Focus leaving ff5a202 NotificationShade (server),reason=setFocusedWindow]
03-14 04:14:50.406 1523 1996 I input_focus: [Focus entering b4f5c09 InternetDialog (server),reason=setFocusedWindow]
01-01 12:56:59.475 0 0 I [schedu][0x6851f28eb][04:14:50.513201] wlan: [1969:I:OSIF] scan start scan id 40971
03-14 04:14:51.655 0 0 I auditd : type=1400 audit(0.0:3664): avc: denied { kill } for comm="swapper/1" capability=5 scontext=u:r:kernel:s0 tcontext=u:r:kernel:s0 tclass=capability permissive=0
01-01 12:57:01.464 0 0 I [schedu][0x68765c229][04:14:52.501805] wlan: [1969:I:OSIF] vdev 0, scan id 40971 type COMPLETED(1) reason COMPLETED(1) scan found 68 bss
03-14 04:14:53.655 0 0 I auditd : type=1400 audit(0.0:3665): avc: denied { kill } for comm="swapper/3" capability=5 scontext=u:r:kernel:s0 tcontext=u:r:kernel:s0 tclass=capability permissive=0
03-14 04:14:56.655 0 0 I auditd : type=1400 audit(0.0:3666): avc: denied { kill } for comm="swapper/3" capability=5 scontext=u:r:kernel:s0 tcontext=u:r:kernel:s0 tclass=capability permissive=0
03-14 04:14:57.655 0 0 I auditd : type=1400 audit(0.0:3667): avc: denied { kill } for comm="swapper/3" capability=5 scontext=u:r:kernel:s0 tcontext=u:r:kernel:s0 tclass=capability permissive=0
03-14 04:14:58.282 1523 1996 I input_interaction: Interaction with: b4f5c09 InternetDialog (server), edge-swipe (server), swipe-up (server), PointerEventDispatcher0 (server),
03-14 04:14:58.444 1523 1654 I input_focus: [Focus request ff5a202 NotificationShade,reason=UpdateInputWindows]
03-14 04:14:58.474 1523 1996 I input_focus: [Focus entering ff5a202 NotificationShade (server),reason=setFocusedWindow]
03-14 04:14:59.356 1523 1996 I input_interaction: Interaction with: ff5a202 NotificationShade (server), edge-swipe (server), swipe-up (server), PointerEventDispatcher0 (server),
03-14 04:14:59.447 2371 2371 I sysui_multi_action: [757,925,758,4,759,126,927,0,928,1,1592,0,1593,1]
03-14 04:14:59.478 1523 12575 D TelephonyRegistry: listen oscl: mHasNotifySubscriptionInfoChangedOccurred==false no callback
03-14 04:14:59.484 2371 2371 W CarrierConfigManager: Error getting config for subId -1 ICarrierConfigLoader is null
03-14 04:14:59.517 1523 1654 I input_focus: [Focus request a5ac17e InternetDialog,reason=UpdateInputWindows]
03-14 04:14:59.545 1523 1996 I input_focus: [Focus leaving ff5a202 NotificationShade (server),reason=setFocusedWindow]
03-14 04:14:59.545 1523 1996 I input_focus: [Focus entering a5ac17e InternetDialog (server),reason=setFocusedWindow]
01-01 12:57:08.657 0 0 I [schedu][0x68fa13297][04:14:59.695197] wlan: [1969:I:OSIF] scan start scan id 40972
03-14 04:15:00.655 0 0 I auditd : type=1400 audit(0.0:3668): avc: denied { kill } for comm="swapper/3" capability=5 scontext=u:r:kernel:s0 tcontext=u:r:kernel:s0 tclass=capability permissive=0
03-14 04:15:01.655 0 0 I auditd : type=1400 audit(0.0:3669): avc: denied { kill } for comm="swapper/3" capability=5 scontext=u:r:kernel:s0 tcontext=u:r:kernel:s0 tclass=capability permissive=0
03-14 04:15:01.710 1523 1996 I input_interaction: Interaction with: a5ac17e InternetDialog (server), PointerEventDispatcher0 (server),
01-01 12:57:10.814 0 0 I [schedu][0x692191ef7][04:15:01.852162] wlan: [1969:I:OSIF] vdev 0, scan id 40972 type COMPLETED(1) reason COMPLETED(1) scan found 86 bss
03-14 04:15:01.863 1354 7518 I liblog : 44
03-14 04:15:02.655 0 0 I auditd : type=1400 audit(0.0:3670): avc: denied { kill } for comm="swapper/3" capability=5 scontext=u:r:kernel:s0 tcontext=u:r:kernel:s0 tclass=capability permissive=0
03-14 04:15:02.792 1523 1996 I input_interaction: Interaction with: a5ac17e InternetDialog (server), edge-swipe (server), swipe-up (server), PointerEventDispatcher0 (server),
03-14 04:15:02.908 1523 3575 I ActivityTaskManager: START u0 {act=com.android.settings.WIFI_DIALOG flg=0x14000000 cmp=com.android.settings/.wifi.WifiDialogActivity (has extras)} from uid 10078
03-14 04:15:02.917 1523 3575 I wm_task_created: [27,-1]
03-14 04:15:02.918 1523 3575 W ActivityTaskManager: Can't find TaskDisplayArea to determine support for multi window. Task id=27 attached=false
03-14 04:15:02.922 1523 3575 I wm_task_moved: [27,1,7]
03-14 04:15:02.922 1523 3575 I wm_task_to_front: [0,27]
03-14 04:15:02.923 1523 3575 I wm_create_task: [0,27]
03-14 04:15:02.923 1523 3575 I wm_create_activity: [0,11363613,27,com.android.settings/.wifi.WifiDialogActivity,com.android.settings.WIFI_DIALOG,NULL,NULL,478674944]
03-14 04:15:02.923 1523 3575 I wm_task_moved: [27,1,7]
03-14 04:15:02.923 12834 12834 I wm_on_top_resumed_lost_called: [7254057,com.tencent.mobileqq.activity.QPublicFragmentActivity,topStateChangedWhenResumed]
03-14 04:15:02.924 1523 3575 I wm_pause_activity: [0,7254057,com.tencent.mobileqq/.activity.QPublicFragmentActivity,userLeaving=true,pauseBackTasks]
03-14 04:15:02.927 12834 12834 I wm_on_paused_called: [7254057,com.tencent.mobileqq.activity.QPublicFragmentActivity,performPause]
03-14 04:15:02.927 1523 1653 D CompatibilityChangeReporter: Compat change id reported: 135634846; UID 1000; state: DISABLED
03-14 04:15:02.927 1523 1653 D CompatibilityChangeReporter: Compat change id reported: 177438394; UID 1000; state: DISABLED
03-14 04:15:02.927 1523 1653 D CompatibilityChangeReporter: Compat change id reported: 135772972; UID 1000; state: DISABLED
03-14 04:15:02.927 1523 1653 D CompatibilityChangeReporter: Compat change id reported: 135754954; UID 1000; state: ENABLED
03-14 04:15:02.928 1523 12575 I ActivityTaskManager: FOREGROUND_APPLICATION_CHANGED to com.android.settings.wifi.WifiDialogActivity
03-14 04:15:02.932 1523 1653 I sysui_multi_action: [757,803,799,window_time_0,802,38]
03-14 04:15:02.934 1523 1663 I am_proc_start: [0,13785,1000,com.android.settings,pre-top-activity,{com.android.settings/com.android.settings.wifi.WifiDialogActivity}]
03-14 04:15:02.935 1523 1663 I ActivityManager: Start proc 13785:com.android.settings/1000 for pre-top-activity {com.android.settings/com.android.settings.wifi.WifiDialogActivity}
03-14 04:15:02.935 1523 13787 W ContextImpl: Calling a method in the system process without a qualified user: android.app.ContextImpl.sendBroadcast:1173 com.qualcomm.qti.Performance$SendGameLaunchBroadcast.run:217 java.lang.Thread.run:920
03-14 04:15:02.945 1523 12575 I am_proc_bound: [0,13785,com.android.settings]
01-01 12:57:11.906 0 0 W perfetto: enabled ftrace
01-01 12:57:11.906 0 0 I binder : 13785:13785 ioctl 40046210 7fd88fc494 returned -22
03-14 04:15:02.948 1523 12575 D CompatibilityChangeReporter: Compat change id reported: 181136395; UID 1000; state: DISABLED
03-14 04:15:02.948 1523 12575 D CompatibilityChangeReporter: Compat change id reported: 174042936; UID 1000; state: DISABLED
03-14 04:15:02.948 1523 12575 I wm_restart_activity: [0,11363613,27,com.android.settings/.wifi.WifiDialogActivity]
03-14 04:15:02.949 1523 12575 I wm_set_resumed_activity: [0,com.android.settings/.wifi.WifiDialogActivity,minimalResumeActivityLocked]
03-14 04:15:02.955 1523 3328 I am_uid_active: 10062
03-14 04:15:02.995 13785 13785 I wm_on_create_called: [11363613,com.android.settings.wifi.WifiDialogActivity,performCreate]
03-14 04:15:03.031 1523 7582 W FreeFormWindowHelper: Current Display FreeFormTask is null
03-14 04:15:03.052 13785 13785 I wm_on_start_called: [11363613,com.android.settings.wifi.WifiDialogActivity,handleStartActivity]
03-14 04:15:03.055 13785 13785 I wm_on_resume_called: [11363613,com.android.settings.wifi.WifiDialogActivity,RESUME_ACTIVITY]
03-14 04:15:03.057 13785 13785 I wm_on_top_resumed_gained_called: [11363613,com.android.settings.wifi.WifiDialogActivity,topStateChangedWhenResumed]
03-14 04:15:03.071 1523 1654 I input_focus: [Focus request 3e97290 1,reason=UpdateInputWindows]
01-01 12:57:12.051 0 0 I binder : 13785:13807 ioctl 40046210 7616e841f4 returned -22
03-14 04:15:03.099 1523 1996 I input_focus: [Focus leaving a5ac17e InternetDialog (server),reason=Waiting for window because NOT_VISIBLE]
03-14 04:15:03.106 1523 1650 I sysui_multi_action: [319,195,322,195,325,1452,757,761,758,7,759,2,806,com.android.settings,871,com.android.settings.wifi.WifiDialogActivity,904,com.android.systemui,905,0,945,38,1320,4,1321,1]
03-14 04:15:03.106 1523 1650 I wm_activity_launch_time: [0,11363613,com.android.settings/.wifi.WifiDialogActivity,195]
03-14 04:15:03.115 1523 1661 I am_pss : [13379,99001,com.android.webview:sandboxed_process0:org.chromium.content.app.SandboxedProcessService0:0,74690560,62140416,188416,142852096,0,19,7]
03-14 04:15:03.116 1523 1996 I input_focus: [Focus entering 3e97290 1 (server),reason=Window became focusable. Previous reason: NOT_VISIBLE]
01-01 12:57:12.082 0 0 I [schedu][0x6938c7713][04:15:03.119683] wlan: [1969:I:OSIF] scan start scan id 40973
03-14 04:15:03.140 1523 1661 I am_pss : [13251,10098,com.tencent.mobileqq:tool,192652288,125046784,61440,413736960,0,19,21]
03-14 04:15:03.655 0 0 I auditd : type=1400 audit(0.0:3671): avc: denied { kill } for comm="swapper/3" capability=5 scontext=u:r:kernel:s0 tcontext=u:r:kernel:s0 tclass=capability permissive=0
03-14 04:15:04.239 1523 1996 I input_interaction: Interaction with: 17e825 PopupWindow:bf65b43 (server), edge-swipe (server), swipe-up (server), PointerEventDispatcher0 (server),
03-14 04:15:04.655 0 0 I auditd : type=1400 audit(0.0:3672): avc: denied { kill } for comm="swapper/3" capability=5 scontext=u:r:kernel:s0 tcontext=u:r:kernel:s0 tclass=capability permissive=0
01-01 12:57:14.222 0 0 I [schedu][0x695ff582d][04:15:05.259432] wlan: [1969:I:OSIF] vdev 0, scan id 40973 type COMPLETED(1) reason COMPLETED(1) scan found 87 bss
03-14 04:15:05.655 0 0 I auditd : type=1400 audit(0.0:3673): avc: denied { kill } for comm="swapper/3" capability=5 scontext=u:r:kernel:s0 tcontext=u:r:kernel:s0 tclass=capability permissive=0
03-14 04:15:06.655 0 0 I auditd : type=1400 audit(0.0:3674): avc: denied { kill } for comm="swapper/3" capability=5 scontext=u:r:kernel:s0 tcontext=u:r:kernel:s0 tclass=capability permissive=0
03-14 04:15:07.655 0 0 I auditd : type=1400 audit(0.0:3675): avc: denied { kill } for comm="swapper/3" capability=5 scontext=u:r:kernel:s0 tcontext=u:r:kernel:s0 tclass=capability permissive=0
01-01 12:57:16.908 0 0 W perfetto: disabled ftrace
03-14 04:15:07.960 1156 13786 I iorapd : Perfetto TraceBuffer saved to file: /data/misc/iorapd/com.android.settings/31/com.android.settings.wifi.WifiDialogActivity/raw_traces/1678738507959026480.perfetto_trace.pb
03-14 04:15:08.655 0 0 I auditd : type=1400 audit(0.0:3676): avc: denied { kill } for comm="swapper/3" capability=5 scontext=u:r:kernel:s0 tcontext=u:r:kernel:s0 tclass=capability permissive=0
03-14 04:15:09.655 0 0 I auditd : type=1400 audit(0.0:3677): avc: denied { kill } for comm="swapper/3" capability=5 scontext=u:r:kernel:s0 tcontext=u:r:kernel:s0 tclass=capability permissive=0
01-01 12:57:18.672 0 0 I [schedu][0x69b17122f][04:15:09.709485] wlan: [1969:I:OSIF] scan start scan id 40974
03-14 04:15:10.231 1523 1523 I notification_enqueue: [10093,12305,com.tencent.android.qqdownloader,127,NULL,0,Notification(channel=channel_id_default_silent shortcut=null contentView=com.tencent.android.qqdownloader/0x7f0a01c2 vibrate=null sound=null defaults=0x0 flags=0x2a0 color=0x00000000 groupKey=com.tencent.android.qqdownloader vis=PRIVATE),1]
03-14 04:15:10.433 1523 1523 I GameModeConfig: isGameModeOn = false
03-14 04:15:11.655 0 0 I auditd : type=1400 audit(0.0:3678): avc: denied { kill } for comm="swapper/3" capability=5 scontext=u:r:kernel:s0 tcontext=u:r:kernel:s0 tclass=capability permissive=0
01-01 12:57:20.708 0 0 I [schedu][0x69d6ba3c2][04:15:11.745773] wlan: [1969:I:OSIF] vdev 0, scan id 40974 type COMPLETED(1) reason COMPLETED(1) scan found 87 bss
03-14 04:15:12.655 0 0 I auditd : type=1400 audit(0.0:3679): avc: denied { kill } for comm="swapper/3" capability=5 scontext=u:r:kernel:s0 tcontext=u:r:kernel:s0 tclass=capability permissive=0
01-01 12:57:22.108 0 0 I [schedu][0x69f05e7c1][04:15:13.146146] wlan: [1969:I:OSIF] scan start scan id 40975
03-14 04:15:13.655 0 0 I auditd : type=1400 audit(0.0:3680): avc: denied { kill } for comm="swapper/3" capability=5 scontext=u:r:kernel:s0 tcontext=u:r:kernel:s0 tclass=capability permissive=0
03-14 04:15:14.655 0 0 I auditd : type=1400 audit(0.0:3681): avc: denied { kill } for comm="swapper/3" capability=5 scontext=u:r:kernel:s0 tcontext=u:r:kernel:s0 tclass=capability permissive=0
01-01 12:57:24.191 0 0 I [schedu][0x6a167e7d3][04:15:15.228280] wlan: [1969:I:OSIF] vdev 0, scan id 40975 type COMPLETED(1) reason COMPLETED(1) scan found 83 bss
03-14 04:15:15.454 1523 2295 I netstats_mobile_sample: [0,0,0,0,0,0,0,0,0,0,0,0,1678738515454]
03-14 04:15:15.454 1523 2295 I netstats_wifi_sample: [1084107079,848426,23389925,250958,1084107079,848426,23389925,250958,1092468130,892871,20930479,244801,1678738515454]
03-14 04:15:15.655 0 0 I auditd : type=1400 audit(0.0:3682): avc: denied { kill } for comm="swapper/3" capability=5 scontext=u:r:kernel:s0 tcontext=u:r:kernel:s0 tclass=capability permissive=0
03-14 04:15:16.655 0 0 I auditd : type=1400 audit(0.0:3683): avc: denied { kill } for comm="swapper/3" capability=5 scontext=u:r:kernel:s0 tcontext=u:r:kernel:s0 tclass=capability permissive=0
03-14 04:15:17.321 1523 1996 I input_interaction: Interaction with: 3e97290 1 (server), edge-swipe (server), swipe-up (server), PointerEventDispatcher0 (server),
03-14 04:15:17.465 1523 2953 I wm_finish_activity: [0,11363613,27,com.android.settings/.wifi.WifiDialogActivity,app-request]
03-14 04:15:17.466 1523 2953 I wm_task_moved: [26,1,7]
03-14 04:15:17.466 1523 2953 I wm_task_to_front: [0,26]
03-14 04:15:17.466 1523 2953 I wm_focused_root_task: [0,0,26,27,finish-top adjustFocusToNextFocusableTask]
03-14 04:15:17.484 1523 2953 I wm_pause_activity: [0,11363613,com.android.settings/.wifi.WifiDialogActivity,userLeaving=false,finish]
03-14 04:15:17.500 13785 13785 I wm_on_top_resumed_lost_called: [11363613,com.android.settings.wifi.WifiDialogActivity,topStateChangedWhenResumed]
03-14 04:15:17.509 1523 1654 I input_focus: [Focus request a5ac17e InternetDialog,reason=UpdateInputWindows]
03-14 04:15:17.511 13785 13785 I wm_on_paused_called: [11363613,com.android.settings.wifi.WifiDialogActivity,performPause]
03-14 04:15:17.512 1523 11805 I ActivityTaskManager: FOREGROUND_APPLICATION_CHANGED to com.tencent.mobileqq.activity.QPublicFragmentActivity
03-14 04:15:17.513 1523 11805 I wm_set_resumed_activity: [0,com.tencent.mobileqq/.activity.QPublicFragmentActivity,resumeTopActivityInnerLocked]
03-14 04:15:17.514 1523 11805 I wm_resume_activity: [0,7254057,26,com.tencent.mobileqq/.activity.QPublicFragmentActivity]
03-14 04:15:17.517 1523 1996 I input_focus: [Focus entering a5ac17e InternetDialog (server),reason=setFocusedWindow]
03-14 04:15:17.520 12834 12834 I wm_on_resume_called: [7254057,com.tencent.mobileqq.activity.QPublicFragmentActivity,RESUME_ACTIVITY]
03-14 04:15:17.521 12834 12834 I wm_on_top_resumed_gained_called: [7254057,com.tencent.mobileqq.activity.QPublicFragmentActivity,topWhenResuming]
03-14 04:15:17.526 1523 1653 I sysui_multi_action: [757,803,799,window_time_0,802,15]
03-14 04:15:17.530 1523 2299 W ContextImpl: Calling a method in the system process without a qualified user: android.app.ContextImpl.sendBroadcastMultiplePermissions:1206 android.content.Context.sendBroadcastWithMultiplePermissions:2262 com.android.server.wifi.WifiServiceImpl.broadcastWifiCredentialChanged:4925 com.android.server.wifi.WifiServiceImpl.lambda$connect$106:4975 com.android.server.wifi.WifiServiceImpl.$r8$lambda$k_VbQ0XctrStvVsieclZczsvs-g:0
03-14 04:15:17.540 1523 11805 W ActivityTaskManager: Finishing task with all activities already finished
03-14 04:15:17.540 1523 11805 W ActivityTaskManager: Duplicate finish request for r=ActivityRecord{ad651d u0 com.android.settings/.wifi.WifiDialogActivity t27 f}}
01-01 12:57:26.511 0 0 E [wifi@1][0x6a40fbc10][04:15:17.548763] wlan: [825:E:QDF] Cannot malloc 0 bytes @ csr_get_cfg_max_tx_power:14199
01-01 12:57:26.511 0 0 E [wifi@1][0x6a40fc8d5][04:15:17.548934] wlan: [825:E:QDF] Cannot malloc 0 bytes @ csr_get_cfg_max_tx_power:14199
01-01 12:57:26.512 0 0 I [schedu][0x6a40ff818][04:15:17.549564] wlan: [1969:I:WMI] LFR3:OKC enabled
01-01 12:57:26.512 0 0 I [schedu][0x6a40ff899][04:15:17.549570] wlan: [1969:I:WMI] LFR3:PMKSA caching enabled
01-01 12:57:26.512 0 0 I [schedu][0x6a4100d4d][04:15:17.549846] wlan: [1969:I:WMI] LFR3:OKC enabled
01-01 12:57:26.512 0 0 I [schedu][0x6a4100dbf][04:15:17.549852] wlan: [1969:I:WMI] LFR3:PMKSA caching enabled
03-14 04:15:17.553 1523 2953 I wm_destroy_activity: [0,11363613,27,com.android.settings/.wifi.WifiDialogActivity,finish-idle]
03-14 04:15:17.566 13785 13785 I wm_on_stop_called: [11363613,com.android.settings.wifi.WifiDialogActivity,LIFECYCLER_STOP_ACTIVITY]
03-14 04:15:17.571 13785 13785 I wm_on_destroy_called: [11363613,com.android.settings.wifi.WifiDialogActivity,performDestroy]
01-01 12:57:26.539 0 0 I [wpa_su][0x6a417ca2a][04:15:17.576258] wlan: [2945:I:HDD] wlan0(vdevid-0): Received Disconnect reason:3 WLAN_REASON_DEAUTH_LEAVING
01-01 12:57:26.539 0 0 I [schedu][0x6a417ec74][04:15:17.576715] wlan: [1969:I:PE] Deauth TX: vdev 0 seq_num 2067 reason 3 waitForAck 1 to 38:a9:1c:35:03:09 from 56:84:09:be:c4:85
01-01 12:57:26.567 0 0 I [schedu][0x6a420257f][04:15:17.604782] wlan: [1969:I:HDD] wlan0(vdevid-0): disconnected
01-01 12:57:26.567 0 0 I [schedu][0x6a4202716][04:15:17.604804] wlan: [1969:I:DP] dp_tx_flow_pool_unmap_handler: flow_id 0 flow_type 0 flow_pool_id 0
01-01 12:57:26.569 0 0 I [wpa_su][0x6a420bd15][04:15:17.606804] wlan: [2945:I:HDD] Disconnect reason: 3 WLAN_REASON_DEAUTH_LEAVING vendor: 0 LG: 1
03-14 04:15:17.616 1523 2953 W FreeFormWindowHelper: Current Display FreeFormTask is null
01-01 12:57:26.605 0 0 I [schedu][0x6a42b5ef2][04:15:17.643095] wlan: [1969:I:HIF] Deinitializing Runtime PM wakelock &vdev->vdev_set_key_runtime_wakelock
01-01 12:57:26.611 0 0 I [schedu][0x6a42d0423][04:15:17.648711] wlan: [1969:I:HIF] Initializing Runtime PM wakelock &vdev->vdev_set_key_runtime_wakelock
01-01 12:57:26.627 0 0 I [wifi@1][0x6a431d886][04:15:17.665196] wlan: [825:I:DP] dp_vdev_attach_wifi3: wlan_cfg_ap_bridge_enabled 0
03-14 04:15:17.664 825 825 D android.hardware.wifi@1.0-service: Successfully SetMacAddress.
01-01 12:57:26.632 0 0 I IPv6 : ADDRCONF(NETDEV_UP): wlan0: link is not ready
01-01 12:57:26.634 0 0 W cnss-daemon: Invalid mac address
01-01 12:57:26.634 0 0 W cnss-daemon: failed to update gateway
03-14 04:15:17.675 1215 1215 W wificond: Scan is not started. Ignore abort request
01-01 12:57:26.658 0 0 E [wifi@1][0x6a43aa7bd][04:15:17.695266] wlan: [2929:E:wifipos] wifi_pos_process_app_reg_req: 608: Received App Req Req pid(1237320505), len(16)
01-01 12:57:26.658 0 0 I [wifi@1][0x6a43acbaa][04:15:17.695745] wlan: [2929:I:wifipos] wifi_pos_get_ch_info: 461: num channels: 26
01-01 12:57:26.658 0 0 I [wifi@1][0x6a43ae818][04:15:17.696124] wlan: [2929:I:wifipos] wifi_pos_get_ch_info: 461: num channels: 26
03-14 04:15:17.749 1523 1654 I wm_task_removed: [27,removeChild:removeChild last r=ActivityRecord{ad651d u0 com.android.settings/.wifi.WifiDialogActivity t-1 f}} in t=Task{939ed43 #27 type=standard A=1000:com.android.settings U=0 visible=false mode=fullscreen translucent=true sz=0}]
03-14 04:15:17.750 1523 1654 I wm_task_removed: [27,removeChild]
03-14 04:15:17.752 1523 1654 W ActivityTaskManager: Can't find TaskDisplayArea to determine support for multi window. Task id=27 attached=false
03-14 04:15:17.752 1523 1654 W ActivityTaskManager: Can't find TaskDisplayArea to determine support for multi window. Task id=27 attached=false
01-01 12:57:26.796 0 0 I [wpa_su][0x6a4633be8][04:15:17.833775] wlan: [2945:I:SME] vdev-0: Connecting to 1 52:d9:0e:32:9e:05 rssi: -17 freq: 2462 akm 3 cipher: uc 6 mc 6, CC:
01-01 12:57:26.796 0 0 E [wpa_su][0x6a463448f][04:15:17.833890] wlan: [2945:E:QDF] Cannot malloc 0 bytes @ csr_get_cfg_max_tx_power:14199
01-01 12:57:26.797 0 0 I [schedu][0x6a4638d98][04:15:17.834864] wlan: [1969:I:WMI] send_vdev_start_cmd_tlv: 1062: send_vdev_start_cmd_tlv: vdev_id 0 freq 2462 chanmode 11 ch_info: 0xb is_dfs 0 beacon interval 100 dtim 0 center_chan 2462 center_freq2 0 reg_info_1: 0x140000 reg_info_2: 0x1400, req->max_txpow: 0x14 Tx SS 1, Rx SS 1, ldpc_rx: 0, cac 0, regd 4, HE ops: 0req->dis_hw_ack: 0
03-14 04:15:17.852 1523 2306 I netstats_mobile_sample: [0,0,0,0,0,0,0,0,0,0,0,0,1678738517852]
03-14 04:15:17.852 1523 2306 I netstats_wifi_sample: [1084156383,848547,23391720,250969,1084156383,848547,23391720,250969,1092545795,893158,20932146,244808,1678738517852]
01-01 12:57:26.821 0 0 I [soft_i][0x6a46aaf8b][04:15:17.859210] wlan: [0:I:TXRX] HTT_T2H_MSG_TYPE_PEER_MAP msg for peer id 14 vdev id 0 n
01-01 12:57:26.822 0 0 E [soft_i][0x6a46ab370][04:15:17.859262] wlan: [0:E:DP] dp_peer_find_add_id: peer 0000000000000000 ID 14 vid 0 mac 52:d9:0e:32:9e:05
01-01 12:57:26.822 0 0 I [soft_i][0x6a46ab49b][04:15:17.859277] wlan: [0:I:DP] dp_peer_find_add_id: ref_cnt: 2
01-01 12:57:26.822 0 0 E [soft_i][0x6a46ab571][04:15:17.859288] wlan: [0:E:DP] dp_peer_map_ast: peer 0000000000000000 ID 3 vid 0 mac 52:d9:0e:32:9e:05
03-14 04:15:17.865 1523 2306 W ContextImpl: Calling a method in the system process without a qualified user: android.app.ContextImpl.sendStickyBroadcast:1559 com.android.server.ConnectivityService.sendStickyBroadcast:2811 com.android.server.ConnectivityService.sendLegacyNetworkBroadcast:8732 com.android.server.ConnectivityService$LegacyTypeTracker.remove:1007 com.android.server.ConnectivityService$LegacyTypeTracker.remove:1024
03-14 04:15:17.868 1523 1662 W BroadcastQueue: Target SDK mismatch: receiver ActivityInfo{cda3286 com.tencent.mobileqq.msf.core.NetConnInfoCenter} targets 26 but delivery restricted to [0, 23] broadcasting Intent { act=android.net.conn.CONNECTIVITY_CHANGE flg=0x4200010 (has extras) } from android (pid=1523, uid=1000) to com.tencent.mobileqq/.msf.core.NetConnInfoCenter
01-01 12:57:27.001 0 0 I [schedu][0x6a49f56ea][04:15:18.038935] wlan: [1969:I:PE] Auth TX: success
01-01 12:57:27.021 0 0 I [schedu][0x6a4a50290][04:15:18.058290] wlan: [1969:I:PE] Auth RX: vdev 0 sys role 3 lim_state 29 from 52:d9:0e:32:9e:05 rssi -18 auth_alg 3 seq 2831
01-01 12:57:27.021 0 0 I [schedu][0x6a4a503d5][04:15:18.058307] wlan: [1969:I:PE] SAE Auth RX type 0 subtype 11 from 52:d9:0e:32:9e:05
01-01 12:57:27.031 0 0 E [schedu][0x6a4a80f11][04:15:18.068697] wlan: [1969:E:PE] lim_process_mlm_auth_cnf: 558: Auth Failure occurred
01-01 12:57:27.050 0 0 W [schedu][0x6a4adc45f][04:15:18.088181] wlan: [1969:W:SME] csr_roam_join_rsp_processor: 9876: SmeJoinReq failed with status_code= 0x00000201 [513] reason:1
01-01 12:57:27.051 0 0 W [schedu][0x6a4addace][04:15:18.088480] wlan: [1969:W:HDD] hdd_get_rssi_snr_by_bssid: 17749: sme_get_rssi_snr_by_bssid failed
01-01 12:57:27.051 0 0 E [schedu][0x6a4ade072][04:15:18.088555] wlan: [1969:E:HDD] hdd_association_completion_handler: 3712: wlan0(vdevid-0): connection failed with 52:d9:0e:32:9e:05 result: 3 and Status: 7
01-01 12:57:27.051 0 0 W [schedu][0x6a4adf096][04:15:18.088770] wlan: [1969:W:HDD] hdd_get_rssi_snr_by_bssid: 17749: sme_get_rssi_snr_by_bssid failed
01-01 12:57:27.051 0 0 E [schedu][0x6a4adf205][04:15:18.088789] wlan: [1969:E:HDD] hdd_association_completion_handler: 3712: wlan0(vdevid-0): connection failed with 52:d9:0e:32:9e:05 result: 1 and Status: 9
01-01 12:57:27.051 0 0 E [schedu][0x6a4adf54c][04:15:18.088833] wlan: [1969:E:HDD] hdd_association_completion_handler: 3784: send connect failure to nl80211: for bssid 52:d9:0e:32:9e:05 result: 1 and Status: 9 reasoncode: 1
03-14 04:15:18.101 1523 1523 D CompatibilityChangeReporter: Compat change id reported: 171306433; UID 1000; state: ENABLED
03-14 04:15:18.102 1523 1523 I notification_enqueue: [1000,1523,android,42,com.android.wifi,0,Notification(channel=NETWORK_ALERTS shortcut=null contentView=null vibrate=null sound=null defaults=0x0 flags=0x10 color=0x00000000 vis=PRIVATE),0]
03-14 04:15:18.115 1523 2299 I service_manager_stats: [100,87,95061]
01-01 12:57:27.092 0 0 I logd : logdr: UID=1000 GID=1000 PID=13855 n tail=127 logMask=19 pid=0 start=0ns deadline=0ns
01-01 12:57:27.163 0 0 I [schedu][0x6a4ceb991][04:15:18.200677] wlan: [1969:I:HIF] Deinitializing Runtime PM wakelock &vdev->vdev_set_key_runtime_wakelock
01-01 12:57:27.164 0 0 I [schedu][0x6a4cf0e49][04:15:18.201807] wlan: [1969:I:HIF] Initializing Runtime PM wakelock &vdev->vdev_set_key_runtime_wakelock
03-14 04:15:18.214 825 825 D android.hardware.wifi@1.0-service: Successfully SetMacAddress.
01-01 12:57:27.177 0 0 I [wifi@1][0x6a4d2d909][04:15:18.214750] wlan: [825:I:DP] dp_vdev_attach_wifi3: wlan_cfg_ap_bridge_enabled 0
01-01 12:57:27.189 0 0 E [wifi@1][0x6a4d65009][04:15:18.226576] wlan: [2929:E:wifipos] wifi_pos_process_app_reg_req: 608: Received App Req Req pid(1237320505), len(16)
01-01 12:57:27.189 0 0 I [wifi@1][0x6a4d67c12][04:15:18.227163] wlan: [2929:I:wifipos] wifi_pos_get_ch_info: 461: num channels: 26
01-01 12:57:27.190 0 0 I [wifi@1][0x6a4d6996b][04:15:18.227555] wlan: [2929:I:wifipos] wifi_pos_get_ch_info: 461: num channels: 26
01-01 12:57:27.216 0 0 I logd : logdr: UID=1000 GID=1000 PID=13861 n tail=127 logMask=80 pid=0 start=0ns deadline=0ns
03-14 04:15:18.304 1523 1523 I sysui_multi_action: [757,1501,758,1,793,204,794,0,795,204,796,42,797,com.android.wifi,806,android,857,NETWORK_ALERTS,858,4,947,0,1500,0,1688,1]
03-14 04:15:18.304 1523 1523 I sysui_multi_action: [757,804,799,note_interruptive,801,0,802,1]
03-14 04:15:18.304 1523 1523 I GameModeConfig: isGameModeOn = false
03-14 04:15:18.308 1523 1523 W NotificationHistory: Attempted to add notif for locked/gone/disabled user 0
03-14 04:15:18.347 825 825 I auditd : type=1400 audit(0.0:3684): avc: denied { search } for comm="wifi@1.0-servic" name="tombstones" dev="dm-10" ino=36 scontext=u:r:hal_wifi_default:s0 tcontext=u:object_r:vendor_tombstone_data_file:s0 tclass=dir permissive=0
03-14 04:15:18.352 825 825 E android.hardware.wifi@1.0-service: Failed to open directory: Permission denied
03-14 04:15:18.352 825 825 E android.hardware.wifi@1.0-service: Error occurred while deleting old tombstone files
03-14 04:15:18.352 825 825 E android.hardware.wifi@1.0-service: Error writing files to flash
03-14 04:15:18.400 2371 2371 I sysui_heads_up_status: [0|android|42|com.android.wifi|1000,1]
01-01 12:57:27.424 0 0 I [schedu][0x6a51b1c09][04:15:18.461403] wlan: [1969:I:OSIF] scan start scan id 40976
03-14 04:15:18.757 1523 2953 I sysui_multi_action: [757,128,758,1,793,657,794,0,795,657,796,42,797,com.android.wifi,798,0,806,android,857,NETWORK_ALERTS,858,4,947,0,1395,3,1500,453,1688,1]
03-14 04:15:18.757 1523 2953 I sysui_multi_action: [757,804,799,note_freshness,801,657,802,1]
03-14 04:15:18.757 1523 2953 I notification_visibility: [0|android|42|com.android.wifi|1000,1,657,657,0,0]
03-14 04:15:18.910 1523 1996 I input_interaction: Interaction with: a5ac17e InternetDialog (server), edge-swipe (server), swipe-up (server), PointerEventDispatcher0 (server),
03-14 04:15:19.085 1523 1654 I input_focus: [Focus request ff5a202 NotificationShade,reason=UpdateInputWindows]
03-14 04:15:19.104 1523 2953 I ActivityTaskManager: START u0 {act=android.settings.WIFI_DETAILS_SETTINGS flg=0x14000000 cmp=com.android.settings/.Settings$WifiDetailsSettingsActivity (has extras)} from uid 10078
03-14 04:15:19.109 1523 1996 I input_focus: [Focus entering ff5a202 NotificationShade (server),reason=setFocusedWindow]
03-14 04:15:19.110 1523 2953 I wm_task_created: [28,-1]
03-14 04:15:19.110 1523 2953 W ActivityTaskManager: Can't find TaskDisplayArea to determine support for multi window. Task id=28 attached=false
03-14 04:15:19.112 1523 2953 I wm_task_moved: [28,1,7]
03-14 04:15:19.112 1523 2953 I wm_task_to_front: [0,28]
03-14 04:15:19.112 1523 2953 I wm_create_task: [0,28]
03-14 04:15:19.112 1523 2953 I wm_create_activity: [0,80502898,28,com.android.settings/.Settings$WifiDetailsSettingsActivity,android.settings.WIFI_DETAILS_SETTINGS,NULL,NULL,335544320]
03-14 04:15:19.112 1523 2953 I wm_task_moved: [28,1,7]
03-14 04:15:19.112 12834 12834 I wm_on_top_resumed_lost_called: [7254057,com.tencent.mobileqq.activity.QPublicFragmentActivity,topStateChangedWhenResumed]
03-14 04:15:19.113 1523 2953 I wm_pause_activity: [0,7254057,com.tencent.mobileqq/.activity.QPublicFragmentActivity,userLeaving=true,pauseBackTasks]
03-14 04:15:19.116 1523 1654 I input_focus: [Focus request 706935d com.tencent.mobileqq/com.tencent.mobileqq.activity.QPublicFragmentActivity,reason=UpdateInputWindows]
03-14 04:15:19.117 12834 12834 I wm_on_paused_called: [7254057,com.tencent.mobileqq.activity.QPublicFragmentActivity,performPause]
03-14 04:15:19.117 1523 11805 I ActivityTaskManager: FOREGROUND_APPLICATION_CHANGED to com.android.settings.Settings$WifiDetailsSettingsActivity
03-14 04:15:19.118 1523 11805 I ActivityTaskManager: The Process com.android.settings Already Exists in BG. So sending its PID: 13785
03-14 04:15:19.118 1523 11805 W ActivityTaskManager: Tried to set launchTime (0) < mLastActivityLaunchTime (1452894)
03-14 04:15:19.118 1523 11805 I wm_add_to_stopping: [0,7254057,com.tencent.mobileqq/.activity.QPublicFragmentActivity,makeInvisible]
03-14 04:15:19.118 1523 11805 I wm_restart_activity: [0,80502898,28,com.android.settings/.Settings$WifiDetailsSettingsActivity]
03-14 04:15:19.119 1523 11805 I wm_set_resumed_activity: [0,com.android.settings/.Settings$WifiDetailsSettingsActivity,minimalResumeActivityLocked]
03-14 04:15:19.123 1523 1996 I input_focus: [Focus leaving ff5a202 NotificationShade (server),reason=NOT_FOCUSABLE]
03-14 04:15:19.123 1523 1996 I input_focus: [Focus entering 706935d com.tencent.mobileqq/com.tencent.mobileqq.activity.QPublicFragmentActivity (server),reason=setFocusedWindow]
03-14 04:15:19.125 1523 1653 I sysui_multi_action: [757,803,799,window_time_0,802,2]
03-14 04:15:19.137 1523 1996 I input_focus: [Focus leaving 706935d com.tencent.mobileqq/com.tencent.mobileqq.activity.QPublicFragmentActivity (server),reason=NO_WINDOW]
03-14 04:15:19.221 1523 10130 W FreeFormWindowHelper: Current Display FreeFormTask is null
03-14 04:15:19.234 1523 11805 I am_uid_active: 10083
03-14 04:15:19.241 1523 11805 I thunderperf: PlatormCompat.setOverrides: Uid1=1000 Pid1=13785 Uid2=1000 Pid2=13785
03-14 04:15:19.241 1523 11805 I thunderperf: PlatormCompat.setOverrides: needCheck:false
03-14 04:15:19.241 1523 11805 I thunderperf: CompatConfig.addOverrideUnsafe: bef-state=0
03-14 04:15:19.241 1523 11805 I thunderperf: CompatConfig.addOverrideUnsafe: aft-state=0
03-14 04:15:19.241 1523 11805 I thunderperf: CompatConfig.addOverrideUnsafe: bef-state=0
03-14 04:15:19.241 1523 11805 I thunderperf: CompatConfig.addOverrideUnsafe: aft-state=0
03-14 04:15:19.241 1523 11805 I thunderperf: CompatConfig.addOverrideUnsafe: bef-state=0
03-14 04:15:19.241 1523 11805 I thunderperf: CompatConfig.addOverrideUnsafe: aft-state=0
03-14 04:15:19.241 1523 11805 I thunderperf: CompatConfig.addOverrideUnsafe: bef-state=0
03-14 04:15:19.241 1523 11805 I thunderperf: CompatConfig.addOverrideUnsafe: aft-state=0
03-14 04:15:19.242 1523 11805 I thunderperf: CompatConfig.addOverrideUnsafe: bef-state=0
03-14 04:15:19.242 1523 11805 I thunderperf: CompatConfig.addOverrideUnsafe: aft-state=0
03-14 04:15:19.242 1523 11805 I thunderperf: CompatConfig.addOverrideUnsafe: bef-state=0
03-14 04:15:19.242 1523 11805 I thunderperf: CompatConfig.addOverrideUnsafe: aft-state=0
03-14 04:15:19.242 1523 11805 I thunderperf: CompatConfig.addOverrideUnsafe: bef-state=0
03-14 04:15:19.242 1523 11805 I thunderperf: CompatConfig.addOverrideUnsafe: aft-state=0
03-14 04:15:19.242 1523 11805 I thunderperf: CompatConfig.addOverrideUnsafe: bef-state=0
03-14 04:15:19.242 1523 11805 I thunderperf: CompatConfig.addOverrideUnsafe: aft-state=0
03-14 04:15:19.242 1523 11805 I thunderperf: CompatConfig.addOverrideUnsafe: bef-state=0
03-14 04:15:19.242 1523 11805 I thunderperf: CompatConfig.addOverrideUnsafe: aft-state=0
03-14 04:15:19.243 1523 11805 I thunderperf: CompatConfig.addOverrideUnsafe: bef-state=0
03-14 04:15:19.243 1523 11805 I thunderperf: CompatConfig.addOverrideUnsafe: aft-state=0
03-14 04:15:19.243 1523 11805 I thunderperf: CompatConfig.addOverrideUnsafe: bef-state=0
03-14 04:15:19.243 1523 11805 I thunderperf: CompatConfig.addOverrideUnsafe: aft-state=0
03-14 04:15:19.243 1523 11805 I thunderperf: CompatConfig.addOverrideUnsafe: bef-state=0
03-14 04:15:19.243 1523 11805 I thunderperf: CompatConfig.addOverrideUnsafe: aft-state=0
03-14 04:15:19.243 1523 11805 I thunderperf: CompatConfig.addOverrideUnsafe: bef-state=0
03-14 04:15:19.243 1523 11805 I thunderperf: CompatConfig.addOverrideUnsafe: aft-state=0
03-14 04:15:19.243 1523 11805 I thunderperf: CompatConfig.addOverrideUnsafe: bef-state=0
03-14 04:15:19.243 1523 11805 I thunderperf: CompatConfig.addOverrideUnsafe: aft-state=0
03-14 04:15:19.244 1523 11805 I ActivityTaskManager: START u0 {act=android.settings.WIFI_DETAILS_SETTINGS flg=0x14000000 cmp=com.android.settings/.homepage.SettingsHomepageActivity (has extras)} from uid 1000
03-14 04:15:19.246 1523 11805 I wm_task_created: [29,-1]
03-14 04:15:19.246 1523 11805 W ActivityTaskManager: Can't find TaskDisplayArea to determine support for multi window. Task id=29 attached=false
03-14 04:15:19.247 1523 11805 D CompatibilityChangeReporter: Compat change id reported: 174042980; UID 1000; state: DISABLED
03-14 04:15:19.247 1523 11805 I wm_task_moved: [29,1,8]
03-14 04:15:19.247 1523 11805 I wm_task_to_front: [0,29]
03-14 04:15:19.248 1523 11805 I wm_create_task: [0,29]
03-14 04:15:19.248 1523 11805 I wm_create_activity: [0,137840414,29,com.android.settings/.homepage.SettingsHomepageActivity,android.settings.WIFI_DETAILS_SETTINGS,NULL,NULL,335544320]
03-14 04:15:19.248 1523 11805 I wm_task_moved: [29,1,8]
03-14 04:15:19.248 1523 11805 D CompatibilityChangeReporter: Compat change id reported: 168419799; UID 1000; state: DISABLED
03-14 04:15:19.249 1523 11805 I wm_pause_activity: [0,80502898,com.android.settings/.Settings$WifiDetailsSettingsActivity,userLeaving=true,pauseBackTasks]
03-14 04:15:19.251 1523 11805 I wm_finish_activity: [0,80502898,28,com.android.settings/.Settings$WifiDetailsSettingsActivity,app-request]
03-14 04:15:19.251 13785 13785 I wm_on_create_called: [80502898,com.android.settings.Settings$WifiDetailsSettingsActivity,performCreate]
03-14 04:15:19.252 1523 2953 I wm_add_to_stopping: [0,80502898,com.android.settings/.Settings$WifiDetailsSettingsActivity,completeFinishing]
03-14 04:15:19.252 1523 2953 I ActivityTaskManager: FOREGROUND_APPLICATION_CHANGED to com.android.settings.homepage.SettingsHomepageActivity
03-14 04:15:19.253 1523 2953 I ActivityTaskManager: The Process com.android.settings Already Exists in BG. So sending its PID: 13785
03-14 04:15:19.253 1523 2953 W ActivityTaskManager: Tried to set launchTime (0) < mLastActivityLaunchTime (1469064)
03-14 04:15:19.254 1523 2953 I wm_restart_activity: [0,137840414,29,com.android.settings/.homepage.SettingsHomepageActivity]
03-14 04:15:19.254 1523 2953 I wm_set_resumed_activity: [0,com.android.settings/.homepage.SettingsHomepageActivity,minimalResumeActivityLocked]
03-14 04:15:19.257 1523 1653 I sysui_multi_action: [757,803,799,window_time_0,802,0]
03-14 04:15:19.271 13785 13785 I wm_on_create_called: [137840414,com.android.settings.homepage.SettingsHomepageActivity,performCreate]
03-14 04:15:19.281 1523 10130 E UserRestrictionsUtils: Unknown restriction queried by uid 1000 (com.thundercomm.microsettings et al): null
03-14 04:15:19.281 1523 10130 E UserRestrictionsUtils: Unknown restriction queried by uid 1000 (com.thundercomm.microsettings et al): null
03-14 04:15:19.281 1523 10130 E UserRestrictionsUtils: Unknown restriction queried by uid 1000 (com.thundercomm.microsettings et al): null
03-14 04:15:19.281 1523 10130 E UserRestrictionsUtils: Unknown restriction queried by uid 1000 (com.thundercomm.microsettings et al): null
03-14 04:15:19.281 1523 10130 E UserRestrictionsUtils: Unknown restriction queried by uid 1000 (com.thundercomm.microsettings et al): null
03-14 04:15:19.282 1523 2953 E UserRestrictionsUtils: Unknown restriction queried by uid 1000 (com.thundercomm.microsettings et al): null
03-14 04:15:19.282 1523 2953 E UserRestrictionsUtils: Unknown restriction queried by uid 1000 (com.thundercomm.microsettings et al): null
03-14 04:15:19.282 1523 10130 E UserRestrictionsUtils: Unknown restriction queried by uid 1000 (com.thundercomm.microsettings et al): null
03-14 04:15:19.282 1523 2953 E UserRestrictionsUtils: Unknown restriction queried by uid 1000 (com.thundercomm.microsettings et al): null
03-14 04:15:19.282 1523 3575 E UserRestrictionsUtils: Unknown restriction queried by uid 1000 (com.thundercomm.microsettings et al): null
03-14 04:15:19.283 1523 11805 E UserRestrictionsUtils: Unknown restriction queried by uid 1000 (com.thundercomm.microsettings et al): null
03-14 04:15:19.283 1523 11805 E UserRestrictionsUtils: Unknown restriction queried by uid 1000 (com.thundercomm.microsettings et al): null
03-14 04:15:19.283 1523 11805 E UserRestrictionsUtils: Unknown restriction queried by uid 1000 (com.thundercomm.microsettings et al): null
03-14 04:15:19.283 1523 3575 E UserRestrictionsUtils: Unknown restriction queried by uid 1000 (com.thundercomm.microsettings et al): null
03-14 04:15:19.283 1523 2953 E UserRestrictionsUtils: Unknown restriction queried by uid 1000 (com.thundercomm.microsettings et al): null
03-14 04:15:19.284 1523 11805 E UserRestrictionsUtils: Unknown restriction queried by uid 1000 (com.thundercomm.microsettings et al): null
03-14 04:15:19.284 1523 11805 E UserRestrictionsUtils: Unknown restriction queried by uid 1000 (com.thundercomm.microsettings et al): null
03-14 04:15:19.284 1523 2953 E UserRestrictionsUtils: Unknown restriction queried by uid 1000 (com.thundercomm.microsettings et al): null
03-14 04:15:19.309 13785 13785 I wm_on_start_called: [137840414,com.android.settings.homepage.SettingsHomepageActivity,handleStartActivity]
03-14 04:15:19.310 13785 13785 I snet_event_log: [120484087,-1,]
03-14 04:15:19.311 13785 13785 I wm_on_resume_called: [137840414,com.android.settings.homepage.SettingsHomepageActivity,RESUME_ACTIVITY]
03-14 04:15:19.313 13785 13785 I sysui_multi_action: [757,35,758,1,833,0,1089,39]
03-14 04:15:19.320 13785 13785 I sysui_multi_action: [757,1729,758,4,854,isParalleledControllers:false,1089,46]
03-14 04:15:19.324 13785 13785 I wm_on_top_resumed_gained_called: [137840414,com.android.settings.homepage.SettingsHomepageActivity,topStateChangedWhenResumed]
03-14 04:15:19.355 1523 11805 W FreeFormWindowHelper: Current Display FreeFormTask is null
03-14 04:15:19.364 1523 1654 I input_focus: [Focus request d6f128a com.android.settings/com.android.settings.homepage.SettingsHomepageActivity,reason=UpdateInputWindows]
03-14 04:15:19.396 1523 1654 I sysui_multi_action: [324,1,757,1090,758,12,806,com.android.settings,871,com.android.settings.homepage.SettingsHomepageActivity,1091,291]
03-14 04:15:19.398 1523 1650 I sysui_multi_action: [319,63,321,47,322,291,325,1469,757,761,758,8,759,1,806,com.android.settings,871,com.android.settings.homepage.SettingsHomepageActivity,904,com.android.settings,905,0,1320,4,1321,1]
03-14 04:15:19.398 1523 1650 I wm_activity_launch_time: [0,137840414,com.android.settings/.homepage.SettingsHomepageActivity,291]
03-14 04:15:19.405 1523 1996 I input_focus: [Focus entering d6f128a com.android.settings/com.android.settings.homepage.SettingsHomepageActivity (server),reason=Window became focusable. Previous reason: NOT_VISIBLE]
03-14 04:15:19.437 1523 10130 W ActivityTaskManager: Request to remove task ignored for non-existent task 27
03-14 04:15:19.536 13785 13785 I sysui_multi_action: [757,849,758,1,833,0,1089,30]
03-14 04:15:19.539 13785 13785 I sysui_multi_action: [757,1729,758,4,854,isParalleledControllers:false,1089,34]
03-14 04:15:19.555 1523 2311 I GameModeConfig: isGameModeOn = false
03-14 04:15:19.555 1523 2311 I GameModeConfig: isGameModeOn = false
03-14 04:15:19.555 1523 2311 I GameModeConfig: isGameModeOn = false
03-14 04:15:19.555 1523 2311 I GameModeConfig: isGameModeOn = false
03-14 04:15:19.555 1523 2311 I GameModeConfig: isGameModeOn = false
03-14 04:15:19.556 1523 2311 I GameModeConfig: isGameModeOn = false
03-14 04:15:19.556 1523 2311 I GameModeConfig: isGameModeOn = false
03-14 04:15:19.556 1523 2311 I GameModeConfig: isGameModeOn = false
03-14 04:15:19.556 1523 2311 I GameModeConfig: isGameModeOn = false
03-14 04:15:19.556 1523 2311 I GameModeConfig: isGameModeOn = false
03-14 04:15:19.556 1523 1523 I notification_enqueue: [10078,2371,com.android.systemui,2048,NULL,0,Notification(channel=updateNotification shortcut=null contentView=null vibrate=null sound=null defaults=0x0 flags=0x0 color=0x00000000 vis=PRIVATE),1]
03-14 04:15:19.556 2371 2371 I sysui_multi_action: [757,111,758,2]
03-14 04:15:19.557 2371 2371 I sysui_multi_action: [757,111,758,2]
03-14 04:15:19.628 1354 13859 I liblog : 1
03-14 04:15:19.628 1354 13859 I liblog : 1
03-14 04:15:19.628 1354 13859 I liblog : 1
03-14 04:15:19.628 1354 13859 I liblog : 1
03-14 04:15:19.628 1354 13859 I liblog : 1
03-14 04:15:19.628 1354 13859 I liblog : 2
03-14 04:15:19.628 1354 13859 I liblog : 1
03-14 04:15:19.628 1354 13859 I liblog : 1
03-14 04:15:19.628 1354 13859 I liblog : 1
03-14 04:15:19.628 1354 13859 I liblog : 1
03-14 04:15:19.628 1354 13859 I liblog : 2
03-14 04:15:19.628 1354 13859 I liblog : 1
03-14 04:15:19.628 1354 13859 I liblog : 1
03-14 04:15:19.628 1354 13859 I liblog : 2
