03-14 03:51:14.249 1523 1523 I SystemServerTiming: OnBootPhase_520_com.android.server.midi.MidiService$Lifecycle
03-14 03:51:14.249 1523 1523 I SystemServerTiming: OnBootPhase_520_com.android.server.adb.AdbService$Lifecycle
03-14 03:51:14.249 1523 1523 I SystemServerTiming: OnBootPhase_520_com.android.server.usb.UsbService$Lifecycle
03-14 03:51:14.249 1523 1523 I SystemServerTiming: OnBootPhase_520_com.android.server.twilight.TwilightService
03-14 03:51:14.249 1523 1523 I SystemServerTiming: OnBootPhase_520_com.android.server.display.color.ColorDisplayService
03-14 03:51:14.249 1523 1523 I SystemServerTiming: OnBootPhase_520_com.android.server.job.JobSchedulerService
03-14 03:51:14.249 1523 1523 I SystemServerTiming: OnBootPhase_520_com.android.server.soundtrigger.SoundTriggerService
03-14 03:51:14.249 1523 1523 D SoundTriggerService: onBootPhase: 520 : false
03-14 03:51:14.249 1523 1523 I SystemServerTiming: OnBootPhase_520_com.android.server.trust.TrustManagerService
03-14 03:51:14.249 1523 1523 I SystemServerTiming: OnBootPhase_520_com.android.server.backup.BackupManagerService$Lifecycle
03-14 03:51:14.249 1523 1523 I SystemServerTiming: OnBootPhase_520_com.android.server.appwidget.AppWidgetService
03-14 03:51:14.249 1523 1523 I SystemServerTiming: OnBootPhase_520_com.android.server.voiceinteraction.VoiceInteractionManagerService
03-14 03:51:14.249 1523 1523 I SystemServerTiming: OnBootPhase_520_com.android.server.apphibernation.AppHibernationService
03-14 03:51:14.249 1523 1523 I SystemServerTiming: OnBootPhase_520_com.android.server.SensorNotificationService
03-14 03:51:14.249 1523 1523 I SystemServerTiming: OnBootPhase_520_com.android.server.emergency.EmergencyAffordanceService
03-14 03:51:14.249 1523 1523 I SystemServerTiming: OnBootPhase_520_com.android.server.blob.BlobStoreManagerService
03-14 03:51:14.249 1523 1523 I SystemServerTiming: OnBootPhase_520_com.android.server.dreams.DreamManagerService
03-14 03:51:14.249 1523 1523 I SystemServerTiming: OnBootPhase_520_com.android.server.companion.CompanionDeviceManagerService
03-14 03:51:14.249 1523 1523 I SystemServerTiming: OnBootPhase_520_com.android.server.restrictions.RestrictionsManagerService
03-14 03:51:14.249 1523 1523 I SystemServerTiming: OnBootPhase_520_com.android.server.media.MediaSessionService
03-14 03:51:14.249 1523 1523 I SystemServerTiming: OnBootPhase_520_com.android.server.media.MediaResourceMonitorService
03-14 03:51:14.249 1523 1523 I SystemServerTiming: OnBootPhase_520_com.android.server.biometrics.sensors.fingerprint.FingerprintService
03-14 03:51:14.249 1523 1523 I SystemServerTiming: OnBootPhase_520_com.android.server.biometrics.BiometricService
03-14 03:51:14.249 1523 1523 I SystemServerTiming: OnBootPhase_520_com.android.server.biometrics.AuthService
03-14 03:51:14.249 1523 1523 I SystemServerTiming: OnBootPhase_520_com.android.server.pm.ShortcutService$Lifecycle
03-14 03:51:14.249 1523 1523 I SystemServerTiming: OnBootPhase_520_com.android.server.pm.LauncherAppsService
03-14 03:51:14.249 1523 1523 I SystemServerTiming: OnBootPhase_520_com.android.server.pm.CrossProfileAppsService
03-14 03:51:14.249 1523 1523 I SystemServerTiming: OnBootPhase_520_com.android.server.people.PeopleService
03-14 03:51:14.249 1523 1523 I SystemServerTiming: OnBootPhase_520_com.android.server.media.metrics.MediaMetricsManagerService
03-14 03:51:14.249 1523 1523 I SystemServerTiming: OnBootPhase_520_com.android.server.media.projection.MediaProjectionManagerService
03-14 03:51:14.249 1523 1523 I SystemServerTiming: OnBootPhase_520_com.android.server.slice.SliceManagerService$Lifecycle
03-14 03:51:14.249 1523 1523 I SystemServerTiming: OnBootPhase_520_com.android.server.stats.StatsCompanion$Lifecycle
03-14 03:51:14.249 1523 1523 I SystemServerTiming: OnBootPhase_520_com.android.server.scheduling.RebootReadinessManagerService$Lifecycle
03-14 03:51:14.249 1523 1523 I SystemServerTiming: OnBootPhase_520_com.android.server.stats.pull.StatsPullAtomService
03-14 03:51:14.249 1523 1523 I SystemServerTiming: OnBootPhase_520_com.android.server.incident.IncidentCompanionService
03-14 03:51:14.249 1523 1523 I SystemServerTiming: OnBootPhase_520_com.android.server.MmsServiceBroker
03-14 03:51:14.249 1523 1523 I SystemServerTiming: OnBootPhase_520_com.android.server.autofill.AutofillManagerService
03-14 03:51:14.249 1523 1523 I SystemServerTiming: OnBootPhase_520_com.android.server.clipboard.ClipboardService
03-14 03:51:14.249 1523 1523 I SystemServerTiming: OnBootPhase_520_com.android.server.appbinding.AppBindingService$Lifecycle
03-14 03:51:14.249 1523 1523 I SystemServerTiming: OnBootPhase_520_com.android.server.tracing.TracingServiceProxy
03-14 03:51:14.249 1523 1523 I SystemServerTiming: OnBootPhase_520_com.android.server.policy.PermissionPolicyService
03-14 03:51:14.249 1523 1523 I SystemServerTiming: OnBootPhase_520_com.android.server.pm.StagingManager$Lifecycle
03-14 03:51:14.249 1523 1523 I SystemServerTiming: OnBootPhase_520_com.android.server.app.GameManagerService$Lifecycle
03-14 03:51:14.249 1523 1523 I SystemServerTiming: AppSearchManagerService
03-14 03:51:14.250 1523 1523 I SystemServiceManager: Starting com.android.server.appsearch.AppSearchManagerService
03-14 03:51:14.252 1523 1523 I SystemServerTiming: StartMediaCommunicationService
03-14 03:51:14.253 1523 1523 I SystemServiceManager: Starting com.android.server.media.MediaCommunicationService
03-14 03:51:14.254 1523 1523 I SystemServerTiming: PhaseActivityManagerReady
03-14 03:51:14.254 1523 1523 I SystemServerTiming: controllersReady
03-14 03:51:14.254 1523 1729 I SystemServerTimingAsync: InitThreadPoolExec:Update app-ops uidState in case package android changed
03-14 03:51:14.255 1523 1523 I SystemServerTiming: killProcesses
03-14 03:51:14.255 1523 1523 I ActivityManager: System now ready
03-14 03:51:14.255 1523 1523 I SystemServerTiming: updateTopComponentForFactoryTest
03-14 03:51:14.255 1523 1523 I SystemServerTiming: registerActivityLaunchObserver
03-14 03:51:14.255 1523 1523 I SystemServerTiming: watchDeviceProvisioning
03-14 03:51:14.255 1523 1523 I SystemServerTiming: retrieveSettings
03-14 03:51:14.256 1523 1523 I ActivityTaskManager: Config changes=10000000 {1.0 ?mcc?mnc [zh_CN] ldltr sw680dp w1586dp h612dp 240dpi lrg long land finger -keyb/v/h -nav/h winConfig={ mBounds=Rect(0, 0 - 2380, 1020) mAppBounds=Rect(0, 0 - 2380, 954) mMaxBounds=Rect(0, 0 - 2380, 1020) mWindowingMode=fullscreen mDisplayWindowingMode=fullscreen mActivityType=undefined mAlwaysOnTop=undefined mRotation=ROTATION_0} s.8 fontWeightAdjustment=0}
03-14 03:51:14.256 1523 1523 I WindowManager: Override config changes=10000000 {1.0 ?mcc?mnc [zh_CN] ldltr sw680dp w1586dp h612dp 240dpi lrg long land finger -keyb/v/h -nav/h winConfig={ mBounds=Rect(0, 0 - 2380, 1020) mAppBounds=Rect(0, 0 - 2380, 954) mMaxBounds=Rect(0, 0 - 2380, 1020) mWindowingMode=fullscreen mDisplayWindowingMode=fullscreen mActivityType=undefined mAlwaysOnTop=undefined mRotation=ROTATION_0} s.8 fontWeightAdjustment=0} for displayId=0
03-14 03:51:14.257 1523 1523 I SystemServerTiming: Ugm.onSystemReady
03-14 03:51:14.257 1523 1523 I SystemServerTiming: updateForceBackgroundCheck
03-14 03:51:14.257 1523 1523 I SystemServer: Making services ready
03-14 03:51:14.257 1523 1523 I SystemServerTiming: StartActivityManagerReadyPhase
03-14 03:51:14.257 1523 1523 I SystemServiceManager: Starting phase 550
03-14 03:51:14.257 1523 1523 I SystemServerTiming: OnBootPhase_550
03-14 03:51:14.257 1523 1523 I SystemServerTiming: OnBootPhase_550_com.android.server.security.FileIntegrityService
03-14 03:51:14.257 1523 1523 I SystemServerTiming: OnBootPhase_550_com.android.server.pm.Installer
03-14 03:51:14.257 1523 1523 I SystemServerTiming: OnBootPhase_550_com.android.server.os.DeviceIdentifiersPolicyService
03-14 03:51:14.257 1523 1523 I SystemServerTiming: OnBootPhase_550_com.android.server.uri.UriGrantsManagerService$Lifecycle
03-14 03:51:14.257 1523 1523 I SystemServerTiming: OnBootPhase_550_com.android.server.powerstats.PowerStatsService
03-14 03:51:14.257 1523 1523 I SystemServerTiming: OnBootPhase_550_com.android.server.wm.ActivityTaskManagerService$Lifecycle
03-14 03:51:14.257 1523 1523 I SystemServerTiming: OnBootPhase_550_com.android.server.am.ActivityManagerService$Lifecycle
03-14 03:51:14.257 1523 1523 I SystemServerTiming: OnBootPhase_550_com.android.server.pm.DataLoaderManagerService
03-14 03:51:14.257 1523 1523 I SystemServerTiming: OnBootPhase_550_com.android.server.power.PowerManagerService
03-14 03:51:14.257 1523 1523 I SystemServerTiming: OnBootPhase_550_com.android.server.power.ThermalManagerService
03-14 03:51:14.258 1523 1523 I ThermalHalWrapper: Thermal HAL 2.0 service connected.
03-14 03:51:14.258 1523 1523 E ThermalHalWrapper: Couldn't get temperatures because of HAL error: ThermalHAL not initialized properly.
03-14 03:51:14.258 1523 1523 W ThermalManagerService: Thermal HAL reported invalid data, abort connection
03-14 03:51:14.258 1523 1523 E ThermalHalWrapper: Couldn't get temperature thresholds because of HAL error: ThermalHAL not initialized properly.
03-14 03:51:14.258 1523 1523 I SystemServerTiming: OnBootPhase_550_com.android.server.power.hint.HintManagerService
03-14 03:51:14.258 1523 1523 I SystemServerTiming: OnBootPhase_550_com.android.server.recoverysystem.RecoverySystemService$Lifecycle
03-14 03:51:14.258 1523 1523 I SystemServerTiming: OnBootPhase_550_com.android.server.lights.LightsService
03-14 03:51:14.258 1523 1523 I SystemServerTiming: OnBootPhase_550_com.android.server.display.DisplayManagerService
03-14 03:51:14.258 1523 1523 I SystemServerTiming: OnBootPhase_550_com.android.server.pm.verify.domain.DomainVerificationService
03-14 03:51:14.258 1523 1523 I SystemServerTiming: OnBootPhase_550_com.android.server.pm.PackageInstallerService$Lifecycle
03-14 03:51:14.258 1523 1523 I SystemServerTiming: OnBootPhase_550_com.android.server.pm.UserManagerService$LifeCycle
03-14 03:51:14.258 1523 1523 I SystemServerTiming: OnBootPhase_550_com.android.server.om.OverlayManagerService
03-14 03:51:14.258 1523 1523 I SystemServerTiming: OnBootPhase_550_com.android.server.SensorPrivacyService
03-14 03:51:14.258 1523 1523 I SystemServerTiming: OnBootPhase_550_com.android.server.thunderperf.ThunderBoostPerfService
03-14 03:51:14.258 1523 1523 I SystemServerTiming: OnBootPhase_550_com.android.server.sensors.SensorService
03-14 03:51:14.258 1523 1523 I SystemServerTiming: OnBootPhase_550_com.android.server.SystemConfigService
03-14 03:51:14.258 1523 1523 I SystemServerTiming: OnBootPhase_550_com.android.server.BatteryService
03-14 03:51:14.258 1523 1523 I SystemServerTiming: OnBootPhase_550_com.android.server.usage.UsageStatsService
03-14 03:51:14.259 1523 1523 I SystemServerTiming: OnBootPhase_550_com.android.server.webkit.WebViewUpdateService
03-14 03:51:14.259 1523 1523 I SystemServerTiming: OnBootPhase_550_com.android.server.CachedDeviceStateService
03-14 03:51:14.259 1523 1523 I SystemServerTiming: OnBootPhase_550_com.android.server.BinderCallsStatsService$LifeCycle
03-14 03:51:14.259 1523 1523 I SystemServerTiming: OnBootPhase_550_com.android.server.LooperStatsService$Lifecycle
03-14 03:51:14.259 1523 1523 I SystemServerTiming: OnBootPhase_550_com.android.server.rollback.RollbackManagerService
03-14 03:51:14.259 1523 1523 I SystemServerTiming: OnBootPhase_550_com.android.server.os.NativeTombstoneManagerService
03-14 03:51:14.259 1523 1523 I SystemServerTiming: OnBootPhase_550_com.android.server.os.BugreportManagerService
03-14 03:51:14.259 1523 1523 I SystemServerTiming: OnBootPhase_550_com.android.server.gpu.GpuService
03-14 03:51:14.259 1523 1523 I SystemServerTiming: OnBootPhase_550_com.android.server.security.KeyChainSystemService
03-14 03:51:14.259 1523 1523 I SystemServerTiming: OnBootPhase_550_com.android.server.telecom.TelecomLoaderService
03-14 03:51:14.259 1523 1523 W ActivityManager: Too early to start/bind service in system_server: Phase=550 ComponentInfo{com.android.server.telecom/com.android.server.telecom.components.TelecomService}
03-14 03:51:14.260 1523 1523 D CompatibilityChangeReporter: Compat change id reported: 168419799; UID 1000; state: DISABLED
03-14 03:51:14.260 1523 1523 W ActivityManager: Too early to start/bind service in system_server: Phase=550 ComponentInfo{com.android.server.telecom/com.android.server.telecom.components.TelecomService}
03-14 03:51:14.260 1523 1523 I SystemServerTiming: OnBootPhase_550_com.android.server.accounts.AccountManagerService$Lifecycle
03-14 03:51:14.260 1523 1523 I SystemServerTiming: OnBootPhase_550_com.android.server.content.ContentService$Lifecycle
03-14 03:51:14.260 1523 1523 I SystemServerTiming: OnBootPhase_550_com.android.server.DropBoxManagerService
03-14 03:51:14.260 1523 1523 I SystemServerTiming: OnBootPhase_550_com.android.role.RoleService
03-14 03:51:14.260 1523 1523 I SystemServerTiming: OnBootPhase_550_com.android.server.vibrator.VibratorManagerService$Lifecycle
03-14 03:51:14.260 1523 1523 I SystemServerTiming: OnBootPhase_550_com.android.server.alarm.AlarmManagerService
03-14 03:51:14.260 1523 1523 I SystemServerTiming: OnBootPhase_550_com.android.server.devicestate.DeviceStateManagerService
03-14 03:51:14.260 1523 1523 I SystemServerTiming: OnBootPhase_550_com.android.server.camera.CameraServiceProxy
03-14 03:51:14.260 1523 1523 I SystemServerTiming: OnBootPhase_550_com.android.server.BluetoothService
03-14 03:51:14.260 1523 1523 D BluetoothManagerService: Bluetooth boot completed
03-14 03:51:14.260 1523 1523 D BluetoothManagerService: Auto-enabling Bluetooth.
03-14 03:51:14.260 1523 1652 D BluetoothManagerService: MESSAGE_ENABLE(0): mBluetooth = null
03-14 03:51:14.260 1523 1652 D BluetoothManagerService: MESSAGE_ENABLE: handleEnable
03-14 03:51:14.260 1523 1652 D BluetoothManagerService: binding Bluetooth service
03-14 03:51:14.262 1523 1652 D CompatibilityChangeReporter: Compat change id reported: 135634846; UID 1002; state: DISABLED
03-14 03:51:14.262 1523 1652 D CompatibilityChangeReporter: Compat change id reported: 177438394; UID 1002; state: DISABLED
03-14 03:51:14.262 1523 1652 D CompatibilityChangeReporter: Compat change id reported: 135772972; UID 1002; state: DISABLED
03-14 03:51:14.262 1523 1652 D CompatibilityChangeReporter: Compat change id reported: 135754954; UID 1002; state: ENABLED
03-14 03:51:14.262 1523 1663 W ActivityManager: com.android.bluetooth inode == 0 (b/152760674)
03-14 03:51:14.262 1523 1652 D BluetoothManagerService: Binding BT service. Current user: 0
03-14 03:51:14.263 1523 1523 I SystemServerTiming: OnBootPhase_550_com.android.server.connectivity.IpConnectivityMetrics
03-14 03:51:14.263 1523 1523 I SystemServerTiming: OnBootPhase_550_com.android.server.net.watchlist.NetworkWatchlistService$Lifecycle
03-14 03:51:14.263 1523 1523 I SystemServerTiming: OnBootPhase_550_com.android.server.PinnerService
03-14 03:51:14.263 1523 1523 I SystemServerTiming: OnBootPhase_550_com.google.android.startop.iorap.IorapForwardingService
03-14 03:51:14.263 1523 1523 I SystemServerTiming: OnBootPhase_550_com.android.server.ActivityTriggerService
03-14 03:51:14.263 1523 1523 I SystemServerTiming: OnBootPhase_550_com.android.server.integrity.AppIntegrityManagerService
03-14 03:51:14.263 1523 1523 I SystemServerTiming: OnBootPhase_550_com.android.server.inputmethod.InputMethodManagerService$Lifecycle
03-14 03:51:14.265 1523 1523 W InputMethodManagerService: Default IME is uninstalled. Choose new default IME.
03-14 03:51:14.267 1523 1663 I ActivityManager: Start proc 2355:com.android.bluetooth/1002 for service {com.android.bluetooth/com.android.bluetooth.btservice.AdapterService}
03-14 03:51:14.274 1523 1523 W InputMethodManagerService: Illegal subtype state: old subtype = null, new subtype = android.view.inputmethod.InputMethodSubtype@c9194f98
03-14 03:51:14.274 1523 1523 I SystemServerTiming: OnBootPhase_550_com.android.server.accessibility.AccessibilityManagerService$Lifecycle
03-14 03:51:14.274 1523 1523 I SystemServerTiming: OnBootPhase_550_com.android.server.StorageManagerService$Lifecycle
03-14 03:51:14.274 1523 1523 I SystemServerTiming: OnBootPhase_550_com.android.server.usage.StorageStatsService$Lifecycle
03-14 03:51:14.274 1523 1523 I SystemServerTiming: OnBootPhase_550_com.android.server.UiModeManagerService
03-14 03:51:14.274 1523 1523 I SystemServerTiming: OnBootPhase_550_com.android.server.locksettings.LockSettingsService$Lifecycle
01-01 12:33:23.240 0 0 I binder : 2355:2355 ioctl 40046210 7fd88fc494 returned -22
03-14 03:51:14.277 1523 1523 I LockSettingsService: Migrated migrated_frp.
03-14 03:51:14.277 1523 1523 I RebootEscrowManager: No reboot escrow data found for users, skipping loading escrow data
03-14 03:51:14.278 1523 1523 I SystemServerTiming: OnBootPhase_550_com.android.server.PersistentDataBlockService
03-14 03:51:14.278 1523 1523 I SystemServerTiming: OnBootPhase_550_com.android.server.testharness.TestHarnessModeService
03-14 03:51:14.278 1523 1523 I SystemServerTiming: OnBootPhase_550_com.android.server.oemlock.OemLockService
03-14 03:51:14.278 1523 1523 I SystemServerTiming: OnBootPhase_550_com.android.server.DeviceIdleController
03-14 03:51:14.278 1523 1523 I SystemServerTiming: OnBootPhase_550_com.android.server.devicepolicy.DevicePolicyManagerService$Lifecycle
03-14 03:51:14.278 1523 1523 I SystemServerTiming: OnBootPhase_550_com.android.server.texttospeech.TextToSpeechManagerService
03-14 03:51:14.278 1523 1523 I SystemServerTiming: OnBootPhase_550_com.android.server.speech.SpeechRecognitionManagerService
03-14 03:51:14.278 1523 1523 I SystemServerTiming: OnBootPhase_550_com.android.server.searchui.SearchUiManagerService
03-14 03:51:14.278 1523 1523 I SystemServerTiming: OnBootPhase_550_com.android.server.smartspace.SmartspaceManagerService
03-14 03:51:14.278 1523 1523 I SystemServerTiming: OnBootPhase_550_com.android.server.graphics.fonts.FontManagerService$Lifecycle
03-14 03:51:14.278 1523 1523 I SystemServerTiming: OnBootPhase_550_com.android.server.textservices.TextServicesManagerService$Lifecycle
03-14 03:51:14.278 1523 1523 I SystemServerTiming: OnBootPhase_550_com.android.server.textclassifier.TextClassificationManagerService$Lifecycle
03-14 03:51:14.278 1523 1523 I SystemServerTiming: OnBootPhase_550_com.android.server.NetworkScoreService$Lifecycle
03-14 03:51:14.278 1523 1523 I SystemServerTiming: OnBootPhase_550_com.android.server.wifi.WifiService
03-14 03:51:14.278 1523 1523 I SystemServerTiming: OnBootPhase_550_com.android.server.wifi.scanner.WifiScanningService
03-14 03:51:14.278 1523 1523 I SystemServerTiming: OnBootPhase_550_com.android.server.wifi.rtt.RttService
03-14 03:51:14.278 1523 1523 I SystemServerTiming: OnBootPhase_550_com.android.server.wifi.aware.WifiAwareService
03-14 03:51:14.278 1523 1523 I SystemServerTiming: OnBootPhase_550_com.android.server.wifi.p2p.WifiP2pService
03-14 03:51:14.278 1523 1523 I SystemServerTiming: OnBootPhase_550_com.android.server.ethernet.EthernetService
03-14 03:51:14.278 1523 1523 I SystemServerTiming: OnBootPhase_550_com.android.server.ConnectivityServiceInitializer
03-14 03:51:14.278 1523 1523 I SystemServerTiming: OnBootPhase_550_com.android.server.notification.NotificationManagerService
03-14 03:51:14.278 1523 1523 I SystemServerTiming: OnBootPhase_550_com.android.server.storage.DeviceStorageMonitorService
03-14 03:51:14.278 1523 1523 I SystemServerTiming: OnBootPhase_550_com.android.server.location.LocationManagerService$Lifecycle
03-14 03:51:14.278 1523 1523 I SystemServerTiming: OnBootPhase_550_com.android.server.timedetector.TimeDetectorService$Lifecycle
03-14 03:51:14.278 1523 1523 I SystemServerTiming: OnBootPhase_550_com.android.server.timezonedetector.TimeZoneDetectorService$Lifecycle
03-14 03:51:14.278 1523 1523 I SystemServerTiming: OnBootPhase_550_com.android.server.timezonedetector.location.LocationTimeZoneManagerService$Lifecycle
03-14 03:51:14.278 1523 1523 I SystemServerTiming: OnBootPhase_550_com.android.server.search.SearchManagerService$Lifecycle
03-14 03:51:14.278 1523 1523 I SystemServerTiming: OnBootPhase_550_com.android.server.wallpaper.WallpaperManagerService$Lifecycle
03-14 03:51:14.278 1523 1523 I WallpaperManagerService: No static wallpaper imagery; defaults will be shown
03-14 03:51:14.278 1523 1523 V WallpaperManagerService: bindWallpaperComponentLocked: componentName=ComponentInfo{com.android.systemui/com.android.systemui.ImageWallpaper}
03-14 03:51:14.279 1523 1617 D CompatibilityChangeReporter: Compat change id reported: 168419799; UID 1002; state: DISABLED
03-14 03:51:14.283 1523 1523 D CompatibilityChangeReporter: Compat change id reported: 135634846; UID 10078; state: DISABLED
03-14 03:51:14.283 1523 1523 D CompatibilityChangeReporter: Compat change id reported: 177438394; UID 10078; state: DISABLED
03-14 03:51:14.283 1523 1523 D CompatibilityChangeReporter: Compat change id reported: 135772972; UID 10078; state: DISABLED
03-14 03:51:14.283 1523 1523 D CompatibilityChangeReporter: Compat change id reported: 135754954; UID 10078; state: ENABLED
03-14 03:51:14.283 1523 1663 D CompatibilityChangeReporter: Compat change id reported: 143937733; UID 10078; state: ENABLED
03-14 03:51:14.283 1523 1663 W ActivityManager: com.android.systemui inode == 0 (b/152760674)
03-14 03:51:14.284 1523 1523 W WallpaperManagerService: no current wallpaper -- first boot?
03-14 03:51:14.284 1523 1523 I SystemServerTiming: OnBootPhase_550_com.android.server.audio.AudioService$Lifecycle
03-14 03:51:14.284 1523 1523 I SystemServerTiming: OnBootPhase_550_com.android.server.soundtrigger_middleware.SoundTriggerMiddlewareService$Lifecycle
03-14 03:51:14.284 1523 1523 I SystemServerTiming: OnBootPhase_550_com.android.server.DockObserver
03-14 03:51:14.284 1523 1523 I SystemServerTiming: OnBootPhase_550_com.android.server.midi.MidiService$Lifecycle
03-14 03:51:14.284 1523 1523 I SystemServerTiming: OnBootPhase_550_com.android.server.adb.AdbService$Lifecycle
03-14 03:51:14.284 1523 2315 W BluetoothManagerService: bindBluetoothProfileService:Trying to bind to profile: 1, while Bluetooth is disabled
03-14 03:51:14.284 1523 1523 I SystemServerTiming: OnBootPhase_550_com.android.server.usb.UsbService$Lifecycle
03-14 03:51:14.284 1523 1523 I SystemServerTiming: OnBootPhase_550_com.android.server.twilight.TwilightService
03-14 03:51:14.284 1523 1523 I SystemServerTiming: OnBootPhase_550_com.android.server.display.color.ColorDisplayService
03-14 03:51:14.284 1523 1523 I SystemServerTiming: OnBootPhase_550_com.android.server.job.JobSchedulerService
03-14 03:51:14.284 1523 1523 I SystemServerTiming: OnBootPhase_550_com.android.server.soundtrigger.SoundTriggerService
03-14 03:51:14.284 1523 1523 D SoundTriggerService: onBootPhase: 550 : false
03-14 03:51:14.284 1523 1523 I SystemServerTiming: OnBootPhase_550_com.android.server.trust.TrustManagerService
03-14 03:51:14.284 1523 1523 I SystemServerTiming: OnBootPhase_550_com.android.server.backup.BackupManagerService$Lifecycle
03-14 03:51:14.284 1523 1746 I SystemServerTimingAsync: InitThreadPoolExec:UsbService$Lifecycle#onBootPhase
03-14 03:51:14.284 1523 1523 I SystemServerTiming: OnBootPhase_550_com.android.server.appwidget.AppWidgetService
03-14 03:51:14.284 1523 1523 I SystemServerTiming: OnBootPhase_550_com.android.server.voiceinteraction.VoiceInteractionManagerService
03-14 03:51:14.284 1523 1523 I SystemServerTiming: OnBootPhase_550_com.android.server.apphibernation.AppHibernationService
03-14 03:51:14.284 1523 1523 I SystemServerTiming: OnBootPhase_550_com.android.server.SensorNotificationService
03-14 03:51:14.284 1523 1523 I SystemServerTiming: OnBootPhase_550_com.android.server.emergency.EmergencyAffordanceService
03-14 03:51:14.284 1523 1523 I SystemServerTiming: OnBootPhase_550_com.android.server.blob.BlobStoreManagerService
03-14 03:51:14.284 1523 1523 I SystemServerTiming: OnBootPhase_550_com.android.server.dreams.DreamManagerService
03-14 03:51:14.284 1523 1523 I SystemServerTiming: OnBootPhase_550_com.android.server.companion.CompanionDeviceManagerService
03-14 03:51:14.284 1523 1523 I SystemServerTiming: OnBootPhase_550_com.android.server.restrictions.RestrictionsManagerService
03-14 03:51:14.284 1523 1523 I SystemServerTiming: OnBootPhase_550_com.android.server.media.MediaSessionService
03-14 03:51:14.285 1523 1523 I SystemServerTiming: OnBootPhase_550_com.android.server.media.MediaResourceMonitorService
03-14 03:51:14.285 1523 1523 I SystemServerTiming: OnBootPhase_550_com.android.server.biometrics.sensors.fingerprint.FingerprintService
03-14 03:51:14.285 1523 1523 I SystemServerTiming: OnBootPhase_550_com.android.server.biometrics.BiometricService
03-14 03:51:14.285 1523 1523 I SystemServerTiming: OnBootPhase_550_com.android.server.biometrics.AuthService
03-14 03:51:14.285 1523 1523 I SystemServerTiming: OnBootPhase_550_com.android.server.pm.ShortcutService$Lifecycle
03-14 03:51:14.285 1523 1523 I SystemServerTiming: OnBootPhase_550_com.android.server.pm.LauncherAppsService
03-14 03:51:14.285 1523 1523 I SystemServerTiming: OnBootPhase_550_com.android.server.pm.CrossProfileAppsService
03-14 03:51:14.285 1523 1523 I SystemServerTiming: OnBootPhase_550_com.android.server.people.PeopleService
03-14 03:51:14.285 1523 1523 I SystemServerTiming: OnBootPhase_550_com.android.server.media.metrics.MediaMetricsManagerService
03-14 03:51:14.285 1523 1523 I SystemServerTiming: OnBootPhase_550_com.android.server.media.projection.MediaProjectionManagerService
03-14 03:51:14.285 1523 1523 I SystemServerTiming: OnBootPhase_550_com.android.server.slice.SliceManagerService$Lifecycle
03-14 03:51:14.285 1523 1523 I SystemServerTiming: OnBootPhase_550_com.android.server.stats.StatsCompanion$Lifecycle
03-14 03:51:14.285 1523 1523 I SystemServerTiming: OnBootPhase_550_com.android.server.scheduling.RebootReadinessManagerService$Lifecycle
03-14 03:51:14.285 1523 1523 I SystemServerTiming: OnBootPhase_550_com.android.server.stats.pull.StatsPullAtomService
03-14 03:51:14.285 1523 1523 I SystemServerTiming: OnBootPhase_550_com.android.server.incident.IncidentCompanionService
03-14 03:51:14.285 1523 1523 I SystemServerTiming: OnBootPhase_550_com.android.server.MmsServiceBroker
03-14 03:51:14.285 1523 1523 I SystemServerTiming: OnBootPhase_550_com.android.server.autofill.AutofillManagerService
03-14 03:51:14.285 1523 1523 I SystemServerTiming: OnBootPhase_550_com.android.server.clipboard.ClipboardService
03-14 03:51:14.285 1523 1523 I SystemServerTiming: OnBootPhase_550_com.android.server.appbinding.AppBindingService$Lifecycle
03-14 03:51:14.285 1523 1523 I AppBindingService: Updating constants with: null
03-14 03:51:14.285 1523 1523 I SystemServerTiming: OnBootPhase_550_com.android.server.tracing.TracingServiceProxy
03-14 03:51:14.285 1523 1523 I SystemServerTiming: OnBootPhase_550_com.android.server.policy.PermissionPolicyService
03-14 03:51:14.286 1523 1650 D CompatibilityChangeReporter: Compat change id reported: 135634846; UID 10090; state: DISABLED
03-14 03:51:14.286 1523 1650 D CompatibilityChangeReporter: Compat change id reported: 177438394; UID 10090; state: DISABLED
03-14 03:51:14.286 1523 1650 D CompatibilityChangeReporter: Compat change id reported: 135772972; UID 10090; state: DISABLED
03-14 03:51:14.286 1523 1650 D CompatibilityChangeReporter: Compat change id reported: 135754954; UID 10090; state: DISABLED
03-14 03:51:14.288 1523 1999 I UsbPortManager: ClientCallback V1_2:
03-14 03:51:14.288 1523 1663 I ActivityManager: Start proc 2371:com.android.systemui/u0a78 for service {com.android.systemui/com.android.systemui.ImageWallpaper}
03-14 03:51:14.288 1523 1663 D CompatibilityChangeReporter: Compat change id reported: 143937733; UID 10090; state: DISABLED
03-14 03:51:14.288 1523 1650 I UsbPortManager: USB port added: port=UsbPort{id=, supportedModes=nonesupportedContaminantProtectionModes=0supportsEnableContaminantPresenceProtection=falsesupportsEnableContaminantPresenceDetection=false, status=UsbPortStatus{connected=false, currentMode=none, currentPowerRole=no-power, currentDataRole=no-data, supportedRoleCombinations=[no-power:no-data], contaminantDetectionStatus=0, contaminantProtectionStatus=0}, canChangeMode=false, canChangePowerRole=false, canChangeDataRole=false, connectedAtMillis=0, lastConnectDurationMillis=0
03-14 03:51:14.288 1523 1663 W ActivityManager: com.android.permissioncontroller inode == 0 (b/152760674)
03-14 03:51:14.293 1523 1663 I ActivityManager: Start proc 2376:com.android.permissioncontroller/u0a90 for service {com.android.permissioncontroller/com.android.permissioncontroller.permission.service.PermissionControllerServiceImpl}
01-01 12:33:23.263 0 0 I binder : 2371:2371 ioctl 40046210 7fd88fc494 returned -22
01-01 12:33:23.264 0 0 I binder : 2376:2376 ioctl 40046210 7fd88fc494 returned -22
03-14 03:51:14.303 1523 1617 D CompatibilityChangeReporter: Compat change id reported: 168419799; UID 10078; state: DISABLED
03-14 03:51:14.306 1523 2369 D CompatibilityChangeReporter: Compat change id reported: 168419799; UID 10090; state: DISABLED
03-14 03:51:14.327 1523 1617 W StorageManagerService: No primary storage defined yet; hacking together a stub
01-01 12:33:23.297 0 0 I binder : 1216:1256 ioctl 40046210 78cf9befc4 returned -22
01-01 12:33:23.300 0 0 E init : Control message: Could not find 'vendor.qti.hardware.iop@2.0::IIop/default' for ctl.interface_start from pid: 507 (/system/bin/hwservicemanager)
01-01 12:33:23.327 0 0 E init : Control message: Could not find 'vendor.qti.hardware.iop@2.0::IIop/default' for ctl.interface_start from pid: 507 (/system/bin/hwservicemanager)
03-14 03:51:14.401 1523 1617 D CompatibilityChangeReporter: Compat change id reported: 171306433; UID 1000; state: ENABLED
03-14 03:51:14.412 2371 2371 W OneHandedController: Device doesn't support OneHanded feature
03-14 03:51:14.452 1523 1930 D TelephonyRegistry: listen oscl: mHasNotifySubscriptionInfoChangedOccurred==false no callback
03-14 03:51:14.462 1523 2426 D CompatibilityChangeReporter: Compat change id reported: 157233955; UID 10078; state: ENABLED
03-14 03:51:14.463 1523 1523 V StorageManagerService: Package null has legacy storage
03-14 03:51:14.463 1523 1523 V StorageManagerService: Package null has legacy storage
03-14 03:51:14.464 1523 1523 V StorageManagerService: Package null does not have legacy storage
03-14 03:51:14.464 1523 1523 V StorageManagerService: Package null does not have legacy storage
03-14 03:51:14.464 1523 1523 V StorageManagerService: Package null does not have legacy storage
03-14 03:51:14.465 1523 1523 V StorageManagerService: Package null does not have legacy storage
03-14 03:51:14.465 1523 1523 V StorageManagerService: Package null does not have legacy storage
03-14 03:51:14.465 1523 1523 V StorageManagerService: Package null does not have legacy storage
03-14 03:51:14.465 1523 1523 V StorageManagerService: Package null does not have legacy storage
03-14 03:51:14.465 1523 1523 V StorageManagerService: Package null does not have legacy storage
03-14 03:51:14.466 1523 1523 V StorageManagerService: Package null does not have legacy storage
03-14 03:51:14.466 1523 1523 V StorageManagerService: Package null does not have legacy storage
03-14 03:51:14.466 1523 1523 V StorageManagerService: Package null does not have legacy storage
03-14 03:51:14.466 1523 1523 V StorageManagerService: Package null does not have legacy storage
03-14 03:51:14.466 1523 1523 V StorageManagerService: Package null does not have legacy storage
03-14 03:51:14.467 1523 1523 V StorageManagerService: Package null does not have legacy storage
03-14 03:51:14.467 1523 1523 V StorageManagerService: Package null does not have legacy storage
03-14 03:51:14.467 1523 1523 V StorageManagerService: Package null does not have legacy storage
03-14 03:51:14.467 1523 1523 V StorageManagerService: Package null does not have legacy storage
03-14 03:51:14.467 1523 1523 V StorageManagerService: Package null does not have legacy storage
03-14 03:51:14.467 1523 1523 V StorageManagerService: Package null does not have legacy storage
03-14 03:51:14.467 1523 1523 V StorageManagerService: Package null does not have legacy storage
03-14 03:51:14.467 1523 1523 I PackageManager: Permission ownership changed. Updating all permissions.
03-14 03:51:14.478 1523 1523 W SystemServiceManager: Service com.android.server.policy.PermissionPolicyService took 193 ms in onBootPhase
03-14 03:51:14.478 1523 1523 I SystemServerTiming: OnBootPhase_550_com.android.server.pm.StagingManager$Lifecycle
03-14 03:51:14.478 1523 1523 I SystemServerTiming: OnBootPhase_550_com.android.server.app.GameManagerService$Lifecycle
03-14 03:51:14.478 1523 1523 I SystemServerTiming: OnBootPhase_550_com.android.server.appsearch.AppSearchManagerService
03-14 03:51:14.478 1523 1523 I SystemServerTiming: OnBootPhase_550_com.android.server.media.MediaCommunicationService
03-14 03:51:14.478 1523 1523 I SystemServerTiming: StartObservingNativeCrashes
03-14 03:51:14.478 1523 1523 I SystemServerTiming: RegisterAppOpsPolicy
03-14 03:51:14.479 1523 1523 I SystemServerTiming: MakeNetworkManagementServiceReady
03-14 03:51:14.479 1523 1736 I SystemServerTimingAsync: InitThreadPoolExec:WebViewFactoryPreparation
03-14 03:51:14.479 1523 1736 I SystemServer: WebViewFactoryPreparation
03-14 03:51:14.479 1523 1736 I SystemServerTimingAsync: WebViewFactoryPreparation
03-14 03:51:14.480 1523 1736 D CompatibilityChangeReporter: Compat change id reported: 135634846; UID 1000; state: DISABLED
03-14 03:51:14.480 1523 1736 D CompatibilityChangeReporter: Compat change id reported: 177438394; UID 1000; state: DISABLED
03-14 03:51:14.480 1523 1736 D CompatibilityChangeReporter: Compat change id reported: 135772972; UID 1000; state: DISABLED
03-14 03:51:14.480 1523 1736 D CompatibilityChangeReporter: Compat change id reported: 178038272; UID 1000; state: DISABLED
03-14 03:51:14.481 1523 1663 W ActivityManager: com.thundercomm.microsettings inode == 0 (b/152760674)
03-14 03:51:14.482 1523 1523 I SystemServerTiming: MakeIpSecServiceReady
03-14 03:51:14.483 1523 1523 D IpSecService: IpSecService is ready
03-14 03:51:14.483 1523 1523 I SystemServerTiming: MakeNetworkStatsServiceReady
03-14 03:51:14.483 1523 2296 W NetworkPolicy: setRestrictBackgroundUL: already false
03-14 03:51:14.483 1523 1671 W BatteryExternalStatsWorker: error reading modem stats:ERROR_PHONE_NOT_AVAILABLE
03-14 03:51:14.488 1523 2296 D TelephonyRegistry: listen oscl: mHasNotifySubscriptionInfoChangedOccurred==false no callback
03-14 03:51:14.494 1523 2295 D TelephonyRegistry: listen oscl: mHasNotifySubscriptionInfoChangedOccurred==false no callback
03-14 03:51:14.495 1523 1523 I SystemServerTiming: MakeConnectivityServiceReady
03-14 03:51:14.501 1523 1523 I SystemServerTiming: MakeVpnManagerServiceReady
03-14 03:51:14.503 1523 1523 I SystemServerTiming: MakeVcnManagementServiceReady
03-14 03:51:14.504 1523 1523 D TelephonyRegistry: listen oscl: mHasNotifySubscriptionInfoChangedOccurred==false no callback
03-14 03:51:14.505 1523 1523 I SystemServerTiming: MakeNetworkPolicyServiceReady
03-14 03:51:14.505 1523 1523 I SystemServerTiming: PhaseThirdPartyAppsCanStart
03-14 03:51:14.505 1523 1523 I SystemServiceManager: Starting phase 600
03-14 03:51:14.505 1523 1523 I SystemServerTiming: OnBootPhase_600
03-14 03:51:14.505 1523 1523 I SystemServerTiming: OnBootPhase_600_com.android.server.security.FileIntegrityService
03-14 03:51:14.505 1523 1523 I SystemServerTiming: OnBootPhase_600_com.android.server.pm.Installer
03-14 03:51:14.505 1523 1523 I SystemServerTiming: OnBootPhase_600_com.android.server.os.DeviceIdentifiersPolicyService
03-14 03:51:14.505 1523 1523 I SystemServerTiming: OnBootPhase_600_com.android.server.uri.UriGrantsManagerService$Lifecycle
03-14 03:51:14.505 1523 1523 I SystemServerTiming: OnBootPhase_600_com.android.server.powerstats.PowerStatsService
03-14 03:51:14.505 1523 1523 I SystemServerTiming: OnBootPhase_600_com.android.server.wm.ActivityTaskManagerService$Lifecycle
03-14 03:51:14.505 1523 1523 I SystemServerTiming: OnBootPhase_600_com.android.server.am.ActivityManagerService$Lifecycle
03-14 03:51:14.506 1523 1523 I ExplicitHealthCheckController: Explicit health checks enabled.
03-14 03:51:14.506 1523 1523 I PackageWatchdog: Syncing state, reason: health check state enabled
03-14 03:51:14.506 1523 1523 I PackageWatchdog: Not pruning observers, elapsed time: 0ms
03-14 03:51:14.506 1523 1523 I PackageWatchdog: Cancelling state sync, nothing to sync
03-14 03:51:14.506 1523 1523 I SystemServerTiming: OnBootPhase_600_com.android.server.pm.DataLoaderManagerService
03-14 03:51:14.506 1523 1523 I SystemServerTiming: OnBootPhase_600_com.android.server.power.PowerManagerService
03-14 03:51:14.506 1523 1661 I PackageWatchdog: Saving observer state to file
03-14 03:51:14.506 1523 1523 I SystemServerTiming: OnBootPhase_600_com.android.server.power.ThermalManagerService
03-14 03:51:14.506 1523 1523 I SystemServerTiming: OnBootPhase_600_com.android.server.power.hint.HintManagerService
03-14 03:51:14.506 1523 1523 I SystemServerTiming: OnBootPhase_600_com.android.server.recoverysystem.RecoverySystemService$Lifecycle
03-14 03:51:14.506 1523 1523 I SystemServerTiming: OnBootPhase_600_com.android.server.lights.LightsService
03-14 03:51:14.506 1523 1523 I SystemServerTiming: OnBootPhase_600_com.android.server.display.DisplayManagerService
03-14 03:51:14.506 1523 1523 I SystemServerTiming: OnBootPhase_600_com.android.server.pm.verify.domain.DomainVerificationService
03-14 03:51:14.506 1523 1523 I SystemServerTiming: OnBootPhase_600_com.android.server.pm.PackageInstallerService$Lifecycle
03-14 03:51:14.506 1523 1523 I SystemServerTiming: OnBootPhase_600_com.android.server.pm.UserManagerService$LifeCycle
03-14 03:51:14.506 1523 1523 I SystemServerTiming: OnBootPhase_600_com.android.server.om.OverlayManagerService
03-14 03:51:14.506 1523 1523 I SystemServerTiming: OnBootPhase_600_com.android.server.SensorPrivacyService
03-14 03:51:14.506 1523 1523 I SystemServerTiming: OnBootPhase_600_com.android.server.thunderperf.ThunderBoostPerfService
03-14 03:51:14.506 1523 1523 I SystemServerTiming: OnBootPhase_600_com.android.server.sensors.SensorService
03-14 03:51:14.506 1523 1523 I SystemServerTiming: OnBootPhase_600_com.android.server.SystemConfigService
03-14 03:51:14.506 1523 1523 I SystemServerTiming: OnBootPhase_600_com.android.server.BatteryService
03-14 03:51:14.506 1523 1523 I SystemServerTiming: OnBootPhase_600_com.android.server.usage.UsageStatsService
03-14 03:51:14.506 1523 1523 I SystemServerTiming: OnBootPhase_600_com.android.server.webkit.WebViewUpdateService
03-14 03:51:14.506 1523 1523 I SystemServerTiming: OnBootPhase_600_com.android.server.CachedDeviceStateService
03-14 03:51:14.506 1523 1523 I SystemServerTiming: OnBootPhase_600_com.android.server.BinderCallsStatsService$LifeCycle
03-14 03:51:14.506 1523 1523 I SystemServerTiming: OnBootPhase_600_com.android.server.LooperStatsService$Lifecycle
03-14 03:51:14.506 1523 1523 I SystemServerTiming: OnBootPhase_600_com.android.server.rollback.RollbackManagerService
03-14 03:51:14.506 1523 1523 I SystemServerTiming: OnBootPhase_600_com.android.server.os.NativeTombstoneManagerService
03-14 03:51:14.506 1523 1523 I SystemServerTiming: OnBootPhase_600_com.android.server.os.BugreportManagerService
03-14 03:51:14.506 1523 1523 I SystemServerTiming: OnBootPhase_600_com.android.server.gpu.GpuService
03-14 03:51:14.506 1523 1523 I SystemServerTiming: OnBootPhase_600_com.android.server.security.KeyChainSystemService
03-14 03:51:14.506 1523 1523 I SystemServerTiming: OnBootPhase_600_com.android.server.telecom.TelecomLoaderService
03-14 03:51:14.506 1523 1523 I SystemServerTiming: OnBootPhase_600_com.android.server.accounts.AccountManagerService$Lifecycle
03-14 03:51:14.506 1523 1523 I SystemServerTiming: OnBootPhase_600_com.android.server.content.ContentService$Lifecycle
03-14 03:51:14.506 1523 1523 I SystemServerTiming: OnBootPhase_600_com.android.server.DropBoxManagerService
03-14 03:51:14.506 1523 1523 I SystemServerTiming: OnBootPhase_600_com.android.role.RoleService
03-14 03:51:14.506 1523 1523 I SystemServerTiming: OnBootPhase_600_com.android.server.vibrator.VibratorManagerService$Lifecycle
03-14 03:51:14.506 1523 1523 I SystemServerTiming: OnBootPhase_600_com.android.server.alarm.AlarmManagerService
03-14 03:51:14.506 1523 1523 I SystemServerTiming: OnBootPhase_600_com.android.server.devicestate.DeviceStateManagerService
03-14 03:51:14.506 1523 1523 I SystemServerTiming: OnBootPhase_600_com.android.server.camera.CameraServiceProxy
03-14 03:51:14.506 1523 1523 I SystemServerTiming: OnBootPhase_600_com.android.server.BluetoothService
03-14 03:51:14.506 1523 1523 I SystemServerTiming: OnBootPhase_600_com.android.server.connectivity.IpConnectivityMetrics
03-14 03:51:14.506 1523 1523 I SystemServerTiming: OnBootPhase_600_com.android.server.net.watchlist.NetworkWatchlistService$Lifecycle
03-14 03:51:14.506 1523 1523 I SystemServerTiming: OnBootPhase_600_com.android.server.PinnerService
03-14 03:51:14.506 1523 1523 I SystemServerTiming: OnBootPhase_600_com.google.android.startop.iorap.IorapForwardingService
03-14 03:51:14.506 1523 1523 I SystemServerTiming: OnBootPhase_600_com.android.server.ActivityTriggerService
03-14 03:51:14.506 1523 1523 I SystemServerTiming: OnBootPhase_600_com.android.server.integrity.AppIntegrityManagerService
03-14 03:51:14.506 1523 1523 I SystemServerTiming: OnBootPhase_600_com.android.server.inputmethod.InputMethodManagerService$Lifecycle
03-14 03:51:14.506 1523 1523 I SystemServerTiming: OnBootPhase_600_com.android.server.accessibility.AccessibilityManagerService$Lifecycle
03-14 03:51:14.506 1523 1523 I SystemServerTiming: OnBootPhase_600_com.android.server.StorageManagerService$Lifecycle
03-14 03:51:14.506 1523 1523 I SystemServerTiming: OnBootPhase_600_com.android.server.usage.StorageStatsService$Lifecycle
03-14 03:51:14.506 1523 1523 I SystemServerTiming: OnBootPhase_600_com.android.server.UiModeManagerService
03-14 03:51:14.506 1523 1523 I SystemServerTiming: OnBootPhase_600_com.android.server.locksettings.LockSettingsService$Lifecycle
03-14 03:51:14.506 1523 1523 I SystemServerTiming: OnBootPhase_600_com.android.server.PersistentDataBlockService
03-14 03:51:14.506 1523 1523 I SystemServerTiming: OnBootPhase_600_com.android.server.testharness.TestHarnessModeService
03-14 03:51:14.506 1523 1523 I SystemServerTiming: OnBootPhase_600_com.android.server.oemlock.OemLockService
03-14 03:51:14.506 1523 1523 I SystemServerTiming: OnBootPhase_600_com.android.server.DeviceIdleController
03-14 03:51:14.506 1523 1523 I SystemServerTiming: OnBootPhase_600_com.android.server.devicepolicy.DevicePolicyManagerService$Lifecycle
03-14 03:51:14.506 1523 1523 I SystemServerTiming: OnBootPhase_600_com.android.server.texttospeech.TextToSpeechManagerService
03-14 03:51:14.506 1523 1523 I SystemServerTiming: OnBootPhase_600_com.android.server.speech.SpeechRecognitionManagerService
03-14 03:51:14.506 1523 1523 I SystemServerTiming: OnBootPhase_600_com.android.server.searchui.SearchUiManagerService
03-14 03:51:14.507 1523 1523 I SystemServerTiming: OnBootPhase_600_com.android.server.smartspace.SmartspaceManagerService
03-14 03:51:14.507 1523 1523 I SystemServerTiming: OnBootPhase_600_com.android.server.graphics.fonts.FontManagerService$Lifecycle
03-14 03:51:14.507 1523 1523 I SystemServerTiming: OnBootPhase_600_com.android.server.textservices.TextServicesManagerService$Lifecycle
03-14 03:51:14.507 1523 1523 I SystemServerTiming: OnBootPhase_600_com.android.server.textclassifier.TextClassificationManagerService$Lifecycle
03-14 03:51:14.507 1523 1523 I SystemServerTiming: OnBootPhase_600_com.android.server.NetworkScoreService$Lifecycle
03-14 03:51:14.507 1523 1523 I SystemServerTiming: OnBootPhase_600_com.android.server.wifi.WifiService
03-14 03:51:14.507 1523 1523 I SystemServerTiming: OnBootPhase_600_com.android.server.wifi.scanner.WifiScanningService
03-14 03:51:14.507 1523 1523 I SystemServerTiming: OnBootPhase_600_com.android.server.wifi.rtt.RttService
03-14 03:51:14.507 1523 1523 I SystemServerTiming: OnBootPhase_600_com.android.server.wifi.aware.WifiAwareService
03-14 03:51:14.507 1523 1523 I SystemServerTiming: OnBootPhase_600_com.android.server.wifi.p2p.WifiP2pService
03-14 03:51:14.507 1523 1523 I SystemServerTiming: OnBootPhase_600_com.android.server.ethernet.EthernetService
03-14 03:51:14.507 1523 1523 I SystemServerTiming: OnBootPhase_600_com.android.server.ConnectivityServiceInitializer
03-14 03:51:14.507 1523 1523 I SystemServerTiming: OnBootPhase_600_com.android.server.notification.NotificationManagerService
03-14 03:51:14.508 1523 1523 I SystemServerTiming: OnBootPhase_600_com.android.server.storage.DeviceStorageMonitorService
03-14 03:51:14.508 1523 1523 I SystemServerTiming: OnBootPhase_600_com.android.server.location.LocationManagerService$Lifecycle
03-14 03:51:14.524 1523 1523 D TelephonyRegistry: listen oscl: mHasNotifySubscriptionInfoChangedOccurred==false no callback
01-01 12:33:23.495 0 0 I binder : 2355:2355 ioctl 40046210 7fd88fbb04 returned -22
03-14 03:51:14.535 1523 1523 I SystemServerTiming: OnBootPhase_600_com.android.server.timedetector.TimeDetectorService$Lifecycle
03-14 03:51:14.535 1523 1523 I SystemServerTiming: OnBootPhase_600_com.android.server.timezonedetector.TimeZoneDetectorService$Lifecycle
03-14 03:51:14.535 1523 1523 I SystemServerTiming: OnBootPhase_600_com.android.server.timezonedetector.location.LocationTimeZoneManagerService$Lifecycle
03-14 03:51:14.535 1523 1523 I SystemServerTiming: OnBootPhase_600_com.android.server.search.SearchManagerService$Lifecycle
03-14 03:51:14.535 1523 1523 I SystemServerTiming: OnBootPhase_600_com.android.server.wallpaper.WallpaperManagerService$Lifecycle
03-14 03:51:14.535 1523 1523 I WallpaperManagerService: switch-user-0
03-14 03:51:14.535 1523 1523 V WallpaperManagerService: bindWallpaperComponentLocked: componentName=null
03-14 03:51:14.535 1523 1523 V WallpaperManagerService: No default component; using image wallpaper
03-14 03:51:14.536 1523 1523 I SystemServerTiming: OnBootPhase_600_com.android.server.audio.AudioService$Lifecycle
03-14 03:51:14.536 1523 1523 I SystemServerTiming: OnBootPhase_600_com.android.server.soundtrigger_middleware.SoundTriggerMiddlewareService$Lifecycle
03-14 03:51:14.536 1523 1523 I SystemServerTiming: OnBootPhase_600_com.android.server.DockObserver
03-14 03:51:14.536 1523 1523 I SystemServerTiming: OnBootPhase_600_com.android.server.midi.MidiService$Lifecycle
03-14 03:51:14.536 1523 1523 I SystemServerTiming: OnBootPhase_600_com.android.server.adb.AdbService$Lifecycle
03-14 03:51:14.536 1523 1523 I SystemServerTiming: OnBootPhase_600_com.android.server.usb.UsbService$Lifecycle
03-14 03:51:14.536 1523 1523 I SystemServerTiming: OnBootPhase_600_com.android.server.twilight.TwilightService
03-14 03:51:14.536 1523 1523 I SystemServerTiming: OnBootPhase_600_com.android.server.display.color.ColorDisplayService
03-14 03:51:14.536 1523 1523 I SystemServerTiming: OnBootPhase_600_com.android.server.job.JobSchedulerService
03-14 03:51:14.537 1523 1523 I SystemServerTiming: OnBootPhase_600_com.android.server.soundtrigger.SoundTriggerService
03-14 03:51:14.537 1523 1523 D SoundTriggerService: onBootPhase: 600 : false
03-14 03:51:14.537 1523 1523 I SystemServerTiming: OnBootPhase_600_com.android.server.trust.TrustManagerService
03-14 03:51:14.537 1523 1523 D BiometricService: Sensor ID(0), oemStrength: 15, updatedStrength: 15, modality 2, state: 0, cookie: 0, props: ID: 0, Strength: 2, Type: 1, sensorId 0, hasEnrollments: false cannot participate in Keystore operations
03-14 03:51:14.538 1523 1523 I SystemServerTiming: OnBootPhase_600_com.android.server.backup.BackupManagerService$Lifecycle
03-14 03:51:14.538 1523 1523 I SystemServerTiming: OnBootPhase_600_com.android.server.appwidget.AppWidgetService
03-14 03:51:14.538 1523 1523 I SystemServerTiming: OnBootPhase_600_com.android.server.voiceinteraction.VoiceInteractionManagerService
03-14 03:51:14.540 1523 1523 I SystemServerTiming: OnBootPhase_600_com.android.server.apphibernation.AppHibernationService
03-14 03:51:14.540 1523 1523 I SystemServerTiming: OnBootPhase_600_com.android.server.SensorNotificationService
03-14 03:51:14.540 1523 1523 I SystemServerTiming: OnBootPhase_600_com.android.server.emergency.EmergencyAffordanceService
03-14 03:51:14.540 1523 1523 I SystemServerTiming: OnBootPhase_600_com.android.server.blob.BlobStoreManagerService
03-14 03:51:14.541 1523 1523 I SystemServerTiming: OnBootPhase_600_com.android.server.dreams.DreamManagerService
03-14 03:51:14.543 1523 1523 I SystemServerTiming: OnBootPhase_600_com.android.server.companion.CompanionDeviceManagerService
03-14 03:51:14.543 1523 1523 I SystemServerTiming: OnBootPhase_600_com.android.server.restrictions.RestrictionsManagerService
03-14 03:51:14.543 1523 1523 I SystemServerTiming: OnBootPhase_600_com.android.server.media.MediaSessionService
03-14 03:51:14.543 1523 1523 I SystemServerTiming: OnBootPhase_600_com.android.server.media.MediaResourceMonitorService
03-14 03:51:14.543 1523 1523 I SystemServerTiming: OnBootPhase_600_com.android.server.biometrics.sensors.fingerprint.FingerprintService
03-14 03:51:14.543 1523 1523 I SystemServerTiming: OnBootPhase_600_com.android.server.biometrics.BiometricService
03-14 03:51:14.543 1523 1523 I SystemServerTiming: OnBootPhase_600_com.android.server.biometrics.AuthService
03-14 03:51:14.543 1523 1523 I SystemServerTiming: OnBootPhase_600_com.android.server.pm.ShortcutService$Lifecycle
03-14 03:51:14.543 1523 1523 I SystemServerTiming: OnBootPhase_600_com.android.server.pm.LauncherAppsService
03-14 03:51:14.543 1523 1523 I SystemServerTiming: OnBootPhase_600_com.android.server.pm.CrossProfileAppsService
03-14 03:51:14.543 1523 1523 I SystemServerTiming: OnBootPhase_600_com.android.server.people.PeopleService
03-14 03:51:14.543 1523 1523 I SystemServerTiming: OnBootPhase_600_com.android.server.media.metrics.MediaMetricsManagerService
