03-14 03:51:16.855 1523 1662 I SystemServerTimingAsync: ssm.onUnlockedUser-0_com.android.server.DropBoxManagerService
03-14 03:51:16.855 1523 1662 I SystemServerTimingAsync: ssm.onUnlockedUser-0_com.android.role.RoleService
03-14 03:51:16.855 1523 1662 I SystemServerTimingAsync: ssm.onUnlockedUser-0_com.android.server.vibrator.VibratorManagerService$Lifecycle
03-14 03:51:16.855 1523 1662 I SystemServerTimingAsync: ssm.onUnlockedUser-0_com.android.server.alarm.AlarmManagerService
03-14 03:51:16.855 1523 1662 I SystemServerTimingAsync: ssm.onUnlockedUser-0_com.android.server.devicestate.DeviceStateManagerService
03-14 03:51:16.855 1523 1662 I SystemServerTimingAsync: ssm.onUnlockedUser-0_com.android.server.camera.CameraServiceProxy
03-14 03:51:16.855 1523 1662 I SystemServerTimingAsync: ssm.onUnlockedUser-0_com.android.server.BluetoothService
03-14 03:51:16.855 1523 1662 I SystemServerTimingAsync: ssm.onUnlockedUser-0_com.android.server.connectivity.IpConnectivityMetrics
03-14 03:51:16.855 1523 1662 I SystemServerTimingAsync: ssm.onUnlockedUser-0_com.android.server.net.watchlist.NetworkWatchlistService$Lifecycle
03-14 03:51:16.855 1523 1662 I SystemServerTimingAsync: ssm.onUnlockedUser-0_com.android.server.PinnerService
03-14 03:51:16.855 1523 1662 I SystemServerTimingAsync: ssm.onUnlockedUser-0_com.google.android.startop.iorap.IorapForwardingService
03-14 03:51:16.855 1523 1662 I SystemServerTimingAsync: ssm.onUnlockedUser-0_com.android.server.ActivityTriggerService
03-14 03:51:16.855 1523 1662 I SystemServerTimingAsync: ssm.onUnlockedUser-0_com.android.server.integrity.AppIntegrityManagerService
03-14 03:51:16.855 1523 1662 I SystemServerTimingAsync: ssm.onUnlockedUser-0_com.android.server.inputmethod.InputMethodManagerService$Lifecycle
03-14 03:51:16.855 1523 1662 I SystemServerTimingAsync: ssm.onUnlockedUser-0_com.android.server.accessibility.AccessibilityManagerService$Lifecycle
03-14 03:51:16.855 1523 1662 I SystemServerTimingAsync: ssm.onUnlockedUser-0_com.android.server.StorageManagerService$Lifecycle
03-14 03:51:16.855 1523 1662 I SystemServerTimingAsync: ssm.onUnlockedUser-0_com.android.server.usage.StorageStatsService$Lifecycle
03-14 03:51:16.855 1523 1662 I SystemServerTimingAsync: ssm.onUnlockedUser-0_com.android.server.UiModeManagerService
03-14 03:51:16.855 1523 1662 I SystemServerTimingAsync: ssm.onUnlockedUser-0_com.android.server.locksettings.LockSettingsService$Lifecycle
03-14 03:51:16.855 1523 1662 I SystemServerTimingAsync: ssm.onUnlockedUser-0_com.android.server.PersistentDataBlockService
03-14 03:51:16.855 1523 1662 I SystemServerTimingAsync: ssm.onUnlockedUser-0_com.android.server.testharness.TestHarnessModeService
03-14 03:51:16.855 1523 1662 I SystemServerTimingAsync: ssm.onUnlockedUser-0_com.android.server.oemlock.OemLockService
03-14 03:51:16.855 1523 1662 I SystemServerTimingAsync: ssm.onUnlockedUser-0_com.android.server.DeviceIdleController
03-14 03:51:16.855 1523 1662 I SystemServerTimingAsync: ssm.onUnlockedUser-0_com.android.server.devicepolicy.DevicePolicyManagerService$Lifecycle
03-14 03:51:16.855 1523 1662 I SystemServerTimingAsync: ssm.onUnlockedUser-0_com.android.server.texttospeech.TextToSpeechManagerService
03-14 03:51:16.855 1523 1662 I SystemServerTimingAsync: ssm.onUnlockedUser-0_com.android.server.speech.SpeechRecognitionManagerService
03-14 03:51:16.855 1523 1662 I SystemServerTimingAsync: ssm.onUnlockedUser-0_com.android.server.searchui.SearchUiManagerService
03-14 03:51:16.855 1523 1662 I SystemServerTimingAsync: ssm.onUnlockedUser-0_com.android.server.smartspace.SmartspaceManagerService
03-14 03:51:16.855 1523 1662 I SystemServerTimingAsync: ssm.onUnlockedUser-0_com.android.server.graphics.fonts.FontManagerService$Lifecycle
03-14 03:51:16.855 1523 1662 I SystemServerTimingAsync: ssm.onUnlockedUser-0_com.android.server.textservices.TextServicesManagerService$Lifecycle
03-14 03:51:16.855 1523 1662 I SystemServerTimingAsync: ssm.onUnlockedUser-0_com.android.server.textclassifier.TextClassificationManagerService$Lifecycle
03-14 03:51:16.855 1523 1662 I SystemServerTimingAsync: ssm.onUnlockedUser-0_com.android.server.NetworkScoreService$Lifecycle
03-14 03:51:16.856 1523 1662 I SystemServerTimingAsync: ssm.onUnlockedUser-0_com.android.server.wifi.WifiService
03-14 03:51:16.856 1523 1662 I SystemServerTimingAsync: ssm.onUnlockedUser-0_com.android.server.wifi.scanner.WifiScanningService
03-14 03:51:16.856 1523 1662 I SystemServerTimingAsync: ssm.onUnlockedUser-0_com.android.server.wifi.rtt.RttService
03-14 03:51:16.856 1523 1662 I SystemServerTimingAsync: ssm.onUnlockedUser-0_com.android.server.wifi.aware.WifiAwareService
03-14 03:51:16.856 1523 1662 I SystemServerTimingAsync: ssm.onUnlockedUser-0_com.android.server.wifi.p2p.WifiP2pService
03-14 03:51:16.856 1523 1662 I SystemServerTimingAsync: ssm.onUnlockedUser-0_com.android.server.ethernet.EthernetService
03-14 03:51:16.856 1523 1662 I SystemServerTimingAsync: ssm.onUnlockedUser-0_com.android.server.ConnectivityServiceInitializer
03-14 03:51:16.856 1523 1662 I SystemServerTimingAsync: ssm.onUnlockedUser-0_com.android.server.notification.NotificationManagerService
03-14 03:51:16.856 1523 1662 I SystemServerTimingAsync: ssm.onUnlockedUser-0_com.android.server.storage.DeviceStorageMonitorService
03-14 03:51:16.856 1523 1662 I SystemServerTimingAsync: ssm.onUnlockedUser-0_com.android.server.location.LocationManagerService$Lifecycle
03-14 03:51:16.856 1523 1662 I SystemServerTimingAsync: ssm.onUnlockedUser-0_com.android.server.timedetector.TimeDetectorService$Lifecycle
03-14 03:51:16.856 1523 1662 I SystemServerTimingAsync: ssm.onUnlockedUser-0_com.android.server.timezonedetector.TimeZoneDetectorService$Lifecycle
03-14 03:51:16.856 1523 1662 I SystemServerTimingAsync: ssm.onUnlockedUser-0_com.android.server.timezonedetector.location.LocationTimeZoneManagerService$Lifecycle
03-14 03:51:16.856 1523 1662 I SystemServerTimingAsync: ssm.onUnlockedUser-0_com.android.server.search.SearchManagerService$Lifecycle
03-14 03:51:16.856 1523 1662 I SystemServerTimingAsync: ssm.onUnlockedUser-0_com.android.server.wallpaper.WallpaperManagerService$Lifecycle
03-14 03:51:16.856 1523 1662 I SystemServerTimingAsync: ssm.onUnlockedUser-0_com.android.server.audio.AudioService$Lifecycle
03-14 03:51:16.856 1523 1662 I SystemServerTimingAsync: ssm.onUnlockedUser-0_com.android.server.soundtrigger_middleware.SoundTriggerMiddlewareService$Lifecycle
03-14 03:51:16.856 1523 1662 I SystemServerTimingAsync: ssm.onUnlockedUser-0_com.android.server.DockObserver
03-14 03:51:16.856 1523 1662 I SystemServerTimingAsync: ssm.onUnlockedUser-0_com.android.server.midi.MidiService$Lifecycle
03-14 03:51:16.856 1523 1662 I SystemServerTimingAsync: ssm.onUnlockedUser-0_com.android.server.adb.AdbService$Lifecycle
03-14 03:51:16.856 1523 1662 I SystemServerTimingAsync: ssm.onUnlockedUser-0_com.android.server.usb.UsbService$Lifecycle
03-14 03:51:16.856 1523 1662 I SystemServerTimingAsync: ssm.onUnlockedUser-0_com.android.server.twilight.TwilightService
03-14 03:51:16.856 1523 1662 I SystemServerTimingAsync: ssm.onUnlockedUser-0_com.android.server.display.color.ColorDisplayService
03-14 03:51:16.856 1523 1662 I SystemServerTimingAsync: ssm.onUnlockedUser-0_com.android.server.job.JobSchedulerService
03-14 03:51:16.856 1523 1662 I SystemServerTimingAsync: ssm.onUnlockedUser-0_com.android.server.soundtrigger.SoundTriggerService
03-14 03:51:16.856 1523 1662 I SystemServerTimingAsync: ssm.onUnlockedUser-0_com.android.server.trust.TrustManagerService
03-14 03:51:16.856 1523 1662 I SystemServerTimingAsync: ssm.onUnlockedUser-0_com.android.server.backup.BackupManagerService$Lifecycle
03-14 03:51:16.856 1523 1662 I SystemServerTimingAsync: ssm.onUnlockedUser-0_com.android.server.appwidget.AppWidgetService
03-14 03:51:16.856 1523 1662 I SystemServerTimingAsync: ssm.onUnlockedUser-0_com.android.server.voiceinteraction.VoiceInteractionManagerService
03-14 03:51:16.856 1523 1662 I SystemServerTimingAsync: ssm.onUnlockedUser-0_com.android.server.apphibernation.AppHibernationService
03-14 03:51:16.856 1523 1662 I SystemServerTimingAsync: ssm.onUnlockedUser-0_com.android.server.SensorNotificationService
03-14 03:51:16.856 1523 1662 I SystemServerTimingAsync: ssm.onUnlockedUser-0_com.android.server.emergency.EmergencyAffordanceService
03-14 03:51:16.856 1523 1662 I SystemServerTimingAsync: ssm.onUnlockedUser-0_com.android.server.blob.BlobStoreManagerService
03-14 03:51:16.856 1523 1662 I SystemServerTimingAsync: ssm.onUnlockedUser-0_com.android.server.dreams.DreamManagerService
03-14 03:51:16.856 1523 1662 I SystemServerTimingAsync: ssm.onUnlockedUser-0_com.android.server.companion.CompanionDeviceManagerService
03-14 03:51:16.856 1523 1662 I SystemServerTimingAsync: ssm.onUnlockedUser-0_com.android.server.restrictions.RestrictionsManagerService
03-14 03:51:16.856 1523 1662 I SystemServerTimingAsync: ssm.onUnlockedUser-0_com.android.server.media.MediaSessionService
03-14 03:51:16.856 1523 1662 I SystemServerTimingAsync: ssm.onUnlockedUser-0_com.android.server.media.MediaResourceMonitorService
03-14 03:51:16.856 1523 1662 I SystemServerTimingAsync: ssm.onUnlockedUser-0_com.android.server.biometrics.sensors.fingerprint.FingerprintService
03-14 03:51:16.856 1523 1662 I SystemServerTimingAsync: ssm.onUnlockedUser-0_com.android.server.biometrics.BiometricService
03-14 03:51:16.856 1523 1662 I SystemServerTimingAsync: ssm.onUnlockedUser-0_com.android.server.biometrics.AuthService
03-14 03:51:16.856 1523 1662 I SystemServerTimingAsync: ssm.onUnlockedUser-0_com.android.server.pm.ShortcutService$Lifecycle
03-14 03:51:16.856 1523 1662 I SystemServerTimingAsync: ssm.onUnlockedUser-0_com.android.server.pm.LauncherAppsService
03-14 03:51:16.856 1523 1662 I SystemServerTimingAsync: ssm.onUnlockedUser-0_com.android.server.pm.CrossProfileAppsService
03-14 03:51:16.856 1523 1662 I SystemServerTimingAsync: ssm.onUnlockedUser-0_com.android.server.people.PeopleService
03-14 03:51:16.856 1523 3839 E TaskPersister: File error accessing recents directory (directory doesn't exist?).
03-14 03:51:16.856 1523 3839 E TaskPersister: File error accessing recents directory (directory doesn't exist?).
03-14 03:51:16.857 1523 1662 I SystemServerTimingAsync: ssm.onUnlockedUser-0_com.android.server.media.metrics.MediaMetricsManagerService
03-14 03:51:16.857 1523 1662 I SystemServerTimingAsync: ssm.onUnlockedUser-0_com.android.server.media.projection.MediaProjectionManagerService
03-14 03:51:16.857 1523 1662 I SystemServerTimingAsync: ssm.onUnlockedUser-0_com.android.server.slice.SliceManagerService$Lifecycle
03-14 03:51:16.857 1523 1662 I SystemServerTimingAsync: ssm.onUnlockedUser-0_com.android.server.stats.StatsCompanion$Lifecycle
03-14 03:51:16.857 1523 1662 I SystemServerTimingAsync: ssm.onUnlockedUser-0_com.android.server.scheduling.RebootReadinessManagerService$Lifecycle
03-14 03:51:16.857 1523 1662 I SystemServerTimingAsync: ssm.onUnlockedUser-0_com.android.server.stats.pull.StatsPullAtomService
03-14 03:51:16.857 1523 1662 I SystemServerTimingAsync: ssm.onUnlockedUser-0_com.android.server.incident.IncidentCompanionService
03-14 03:51:16.857 1523 1662 I SystemServerTimingAsync: ssm.onUnlockedUser-0_com.android.server.MmsServiceBroker
03-14 03:51:16.857 1523 1662 I SystemServerTimingAsync: ssm.onUnlockedUser-0_com.android.server.autofill.AutofillManagerService
03-14 03:51:16.857 1523 1662 I SystemServerTimingAsync: ssm.onUnlockedUser-0_com.android.server.clipboard.ClipboardService
03-14 03:51:16.857 1523 1662 I SystemServerTimingAsync: ssm.onUnlockedUser-0_com.android.server.appbinding.AppBindingService$Lifecycle
03-14 03:51:16.857 1523 1523 D CompatibilityChangeReporter: Compat change id reported: 175319604; UID 10078; state: ENABLED
03-14 03:51:16.857 1523 1662 I SystemServerTimingAsync: ssm.onUnlockedUser-0_com.android.server.tracing.TracingServiceProxy
03-14 03:51:16.857 1523 1662 I SystemServerTimingAsync: ssm.onUnlockedUser-0_com.android.server.policy.PermissionPolicyService
03-14 03:51:16.857 1523 1662 I SystemServerTimingAsync: ssm.onUnlockedUser-0_com.android.server.pm.StagingManager$Lifecycle
03-14 03:51:16.857 1523 1662 I SystemServerTimingAsync: ssm.onUnlockedUser-0_com.android.server.app.GameManagerService$Lifecycle
03-14 03:51:16.857 1523 1662 I SystemServerTimingAsync: ssm.onUnlockedUser-0_com.android.server.appsearch.AppSearchManagerService
03-14 03:51:16.857 1523 1662 I SystemServerTimingAsync: ssm.onUnlockedUser-0_com.android.server.media.MediaCommunicationService
03-14 03:51:16.857 1523 1662 W ActivityManager: UserLifecycleEvent 6 received without an active userJourneySession.
03-14 03:51:16.858 1523 1662 D CompatibilityChangeReporter: Compat change id reported: 135634846; UID 10021; state: DISABLED
03-14 03:51:16.858 1523 1662 D CompatibilityChangeReporter: Compat change id reported: 177438394; UID 10021; state: DISABLED
03-14 03:51:16.858 1523 1662 D CompatibilityChangeReporter: Compat change id reported: 135772972; UID 10021; state: DISABLED
03-14 03:51:16.858 1523 1662 D CompatibilityChangeReporter: Compat change id reported: 135754954; UID 10021; state: ENABLED
03-14 03:51:16.858 1523 1663 D CompatibilityChangeReporter: Compat change id reported: 143937733; UID 10021; state: ENABLED
03-14 03:51:16.859 1523 1523 D CompatibilityChangeReporter: Compat change id reported: 175319604; UID 10092; state: DISABLED
03-14 03:51:16.863 1523 1663 I ActivityManager: Start proc 3842:com.android.traceur/u0a21 for broadcast {com.android.traceur/com.android.traceur.Receiver}
01-01 12:33:25.838 0 0 I binder : 3842:3842 ioctl 40046210 7fd88fc494 returned -22
03-14 03:51:16.877 1523 2438 D CompatibilityChangeReporter: Compat change id reported: 168419799; UID 10021; state: DISABLED
03-14 03:51:16.919 1523 1523 I NotificationService: Cannot find enqueued record for key: 0|android|13|PreBootBroadcaster|1000
03-14 03:51:16.941 1523 2438 D CompatibilityChangeReporter: Compat change id reported: 168419799; UID 10061; state: DISABLED
03-14 03:51:16.945 2798 2798 E AndroidRuntime: FATAL EXCEPTION: main
03-14 03:51:16.945 2798 2798 E AndroidRuntime: Process: com.qualcomm.qti.devicestatisticsservice, PID: 2798
03-14 03:51:16.945 2798 2798 E AndroidRuntime: java.lang.NoClassDefFoundError: Failed resolution of: Landroid/hidl/manager/V1_0/IServiceNotification$Stub;
03-14 03:51:16.945 2798 2798 E AndroidRuntime: at com.qualcomm.qti.devicestatisticsservice.DeviceStatisticsService.onStartCommand(DeviceStatisticsService.java:83)
03-14 03:51:16.945 2798 2798 E AndroidRuntime: at android.app.ActivityThread.handleServiceArgs(ActivityThread.java:4640)
03-14 03:51:16.945 2798 2798 E AndroidRuntime: at android.app.ActivityThread.access$2000(ActivityThread.java:248)
03-14 03:51:16.945 2798 2798 E AndroidRuntime: at android.app.ActivityThread$H.handleMessage(ActivityThread.java:2092)
03-14 03:51:16.945 2798 2798 E AndroidRuntime: at android.os.Handler.dispatchMessage(Handler.java:106)
03-14 03:51:16.945 2798 2798 E AndroidRuntime: at android.os.Looper.loopOnce(Looper.java:201)
03-14 03:51:16.945 2798 2798 E AndroidRuntime: at android.os.Looper.loop(Looper.java:288)
03-14 03:51:16.945 2798 2798 E AndroidRuntime: at android.app.ActivityThread.main(ActivityThread.java:7880)
03-14 03:51:16.945 2798 2798 E AndroidRuntime: at java.lang.reflect.Method.invoke(Native Method)
03-14 03:51:16.945 2798 2798 E AndroidRuntime: at com.android.internal.os.RuntimeInit$MethodAndArgsCaller.run(RuntimeInit.java:548)
03-14 03:51:16.945 2798 2798 E AndroidRuntime: at com.android.internal.os.ZygoteInit.main(ZygoteInit.java:1009)
03-14 03:51:16.945 2798 2798 E AndroidRuntime: Caused by: java.lang.ClassNotFoundException: android.hidl.manager.V1_0.IServiceNotification$Stub
03-14 03:51:16.945 2798 2798 E AndroidRuntime: ... 11 more
03-14 03:51:16.950 1523 1523 E BootReceiver: Could not open /sys/kernel/tracing/instances/bootreceiver/trace_pipe
03-14 03:51:16.950 1523 1523 E BootReceiver: android.system.ErrnoException: open failed: ENOENT (No such file or directory)
03-14 03:51:16.950 1523 1523 E BootReceiver: at libcore.io.Linux.open(Native Method)
03-14 03:51:16.950 1523 1523 E BootReceiver: at libcore.io.ForwardingOs.open(ForwardingOs.java:567)
03-14 03:51:16.950 1523 1523 E BootReceiver: at libcore.io.BlockGuardOs.open(BlockGuardOs.java:273)
03-14 03:51:16.950 1523 1523 E BootReceiver: at android.system.Os.open(Os.java:501)
03-14 03:51:16.950 1523 1523 E BootReceiver: at com.android.server.BootReceiver.onReceive(BootReceiver.java:167)
03-14 03:51:16.950 1523 1523 E BootReceiver: at android.app.ActivityThread.handleReceiver(ActivityThread.java:4309)
03-14 03:51:16.950 1523 1523 E BootReceiver: at android.app.ActivityThread.access$1600(ActivityThread.java:248)
03-14 03:51:16.950 1523 1523 E BootReceiver: at android.app.ActivityThread$H.handleMessage(ActivityThread.java:2065)
03-14 03:51:16.950 1523 1523 E BootReceiver: at android.os.Handler.dispatchMessage(Handler.java:106)
03-14 03:51:16.950 1523 1523 E BootReceiver: at android.os.Looper.loopOnce(Looper.java:201)
03-14 03:51:16.950 1523 1523 E BootReceiver: at android.os.Looper.loop(Looper.java:288)
03-14 03:51:16.950 1523 1523 E BootReceiver: at com.android.server.SystemServer.run(SystemServer.java:909)
03-14 03:51:16.950 1523 1523 E BootReceiver: at com.android.server.SystemServer.main(SystemServer.java:616)
03-14 03:51:16.950 1523 1523 E BootReceiver: at java.lang.reflect.Method.invoke(Native Method)
03-14 03:51:16.950 1523 1523 E BootReceiver: at com.android.internal.os.RuntimeInit$MethodAndArgsCaller.run(RuntimeInit.java:548)
03-14 03:51:16.950 1523 1523 E BootReceiver: at com.android.internal.os.ZygoteInit.main(ZygoteInit.java:987)
03-14 03:51:16.950 1523 3867 I DropBoxManagerService: add tag=system_app_crash isTagEnabled=true flags=0x2
03-14 03:51:16.951 1523 1662 I DropBoxManagerService: add tag=system_server_wtf isTagEnabled=true flags=0x2
03-14 03:51:16.952 1523 3868 I BootReceiver: No existing last log timestamp file /data/system/log-files.xml; starting empty
03-14 03:51:16.953 1523 3868 I DropBoxManagerService: add tag=SYSTEM_BOOT isTagEnabled=true flags=0x2
03-14 03:51:16.960 1523 1618 I ActivityManager: Process com.qualcomm.qti.devicestatisticsservice (pid 2798) has died: pers PER
03-14 03:51:16.961 1523 3868 I BootReceiver: Copying audit failures to DropBox
03-14 03:51:16.962 1523 1618 W ActivityManager: Scheduling restart of crashed service com.qualcomm.qti.devicestatisticsservice/.DeviceStatisticsService in 0ms for persistent
03-14 03:51:16.963 1523 1618 W ActivityManager: Re-adding persistent process ProcessRecord{d799e12 2798:com.qualcomm.qti.devicestatisticsservice/u0a61}
03-14 03:51:16.964 1523 3868 I BootReceiver: Checking for fsck errors
03-14 03:51:16.964 1523 1618 D CompatibilityChangeReporter: Compat change id reported: 135634846; UID 10061; state: DISABLED
03-14 03:51:16.964 1523 1618 D CompatibilityChangeReporter: Compat change id reported: 177438394; UID 10061; state: DISABLED
03-14 03:51:16.965 1523 1618 D CompatibilityChangeReporter: Compat change id reported: 135772972; UID 10061; state: DISABLED
03-14 03:51:16.965 1523 1618 D CompatibilityChangeReporter: Compat change id reported: 135754954; UID 10061; state: ENABLED
01-01 12:33:25.925 0 0 I : read descriptors
01-01 12:33:25.925 0 0 I : read strings
03-14 03:51:16.966 1523 1663 D CompatibilityChangeReporter: Compat change id reported: 143937733; UID 10061; state: ENABLED
03-14 03:51:16.972 1523 3868 I BootReceiver: fs_stat, partition:dsp_a stat:0x3
03-14 03:51:16.972 1523 3868 I BootReceiver: fs_stat, partition:persist stat:0x40b
03-14 03:51:16.974 1523 1618 D CompatibilityChangeReporter: Compat change id reported: 168419799; UID 10069; state: DISABLED
03-14 03:51:16.975 1523 1663 I ActivityManager: Start proc 3872:com.qualcomm.qti.devicestatisticsservice/u0a61 for restart com.qualcomm.qti.devicestatisticsservice
03-14 03:51:16.977 1523 2953 D TelephonyRegistry: listen oscl: mHasNotifySubscriptionInfoChangedOccurred==false no callback
01-01 12:33:25.948 0 0 I binder : 3373:3877 ioctl 40046210 7615d51604 returned -22
03-14 03:51:16.985 1523 2953 D CompatibilityChangeReporter: Compat change id reported: 135634846; UID 1000; state: DISABLED
03-14 03:51:16.985 1523 2953 D CompatibilityChangeReporter: Compat change id reported: 177438394; UID 1000; state: DISABLED
03-14 03:51:16.985 1523 2953 D CompatibilityChangeReporter: Compat change id reported: 135772972; UID 1000; state: DISABLED
03-14 03:51:16.985 1523 2953 D CompatibilityChangeReporter: Compat change id reported: 135754954; UID 1000; state: ENABLED
03-14 03:51:16.993 1523 1663 I ActivityManager: Start proc 3886:com.qti.diagservices/1000 for broadcast {com.qti.diagservices/com.qti.diagservices.Diag_OnBoot}
01-01 12:33:25.960 0 0 I binder : 3872:3872 ioctl 40046210 7fd88fc494 returned -22
01-01 12:33:25.974 0 0 I binder : 3886:3886 ioctl 40046210 7fd88fc494 returned -22
01-01 12:33:25.977 0 0 I IRQ 5 : no longer affine to CPU7
03-14 03:51:17.034 1523 1523 I NotificationService: Cannot find enqueued record for key: 0|android|13|PreBootBroadcaster|1000
03-14 03:51:17.042 1523 1523 I GameModeConfig: isGameModeOn = false
03-14 03:51:17.043 1523 1523 W NotificationHistory: Attempted to add notif for locked/gone/disabled user 0
03-14 03:51:17.047 1523 1523 I NotificationService: Cannot find enqueued record for key: 0|android|13|PreBootBroadcaster|1000
03-14 03:51:17.048 3886 3886 W ContextImpl: Calling a method in the system process without a qualified user: android.app.ContextImpl.startService:1816 android.content.ContextWrapper.startService:774 android.content.ContextWrapper.startService:774 com.qti.diagservices.Diag_OnBoot.onReceive:40 android.app.ActivityThread.handleReceiver:4309
03-14 03:51:17.051 1523 1523 I NotificationService: Cannot find enqueued record for key: 0|android|13|PreBootBroadcaster|1000
03-14 03:51:17.059 1523 1523 I Telecom : DefaultDialerCache: Refreshing default dialer for user 0: now null: DDC.oR@AAw
03-14 03:51:17.059 1523 1523 I Telecom : MissedCallNotifierImpl: reloadAfterBootComplete: user=0: TSBCR.oR@AA0
03-14 03:51:17.060 1523 1523 I Telecom : MissedCallNotifierImpl: reloadAfterBootComplete: user=0: TSBCR.oR@AA0
03-14 03:51:17.062 1523 1523 D CompatibilityChangeReporter: Compat change id reported: 135634846; UID 1000; state: DISABLED
03-14 03:51:17.062 1523 1523 D CompatibilityChangeReporter: Compat change id reported: 177438394; UID 1000; state: DISABLED
03-14 03:51:17.062 1523 1523 D CompatibilityChangeReporter: Compat change id reported: 135772972; UID 1000; state: DISABLED
03-14 03:51:17.062 1523 1523 D CompatibilityChangeReporter: Compat change id reported: 135754954; UID 1000; state: ENABLED
03-14 03:51:17.069 1523 1663 I ActivityManager: Start proc 3916:com.android.dynsystem/1000 for broadcast {com.android.dynsystem/com.android.dynsystem.BootCompletedReceiver}
03-14 03:51:17.087 1523 1523 D MicroServiceManager: add linkToDeath
03-14 03:51:17.087 1523 1523 D MicroServiceManager: bindMicroService: called already get service
01-01 12:33:26.053 0 0 I binder : 3916:3916 ioctl 40046210 7fd88fc494 returned -22
03-14 03:51:17.099 1523 2745 D CompatibilityChangeReporter: Compat change id reported: 168419799; UID 1000; state: DISABLED
03-14 03:51:17.132 1523 2745 D CompatibilityChangeReporter: Compat change id reported: 135634846; UID 1000; state: DISABLED
03-14 03:51:17.132 1523 2745 D CompatibilityChangeReporter: Compat change id reported: 177438394; UID 1000; state: DISABLED
03-14 03:51:17.132 1523 2745 D CompatibilityChangeReporter: Compat change id reported: 135772972; UID 1000; state: DISABLED
03-14 03:51:17.132 1523 2745 D CompatibilityChangeReporter: Compat change id reported: 135754954; UID 1000; state: ENABLED
03-14 03:51:17.134 1523 2745 D CompatibilityChangeReporter: Compat change id reported: 135634846; UID 10065; state: DISABLED
03-14 03:51:17.134 1523 2745 D CompatibilityChangeReporter: Compat change id reported: 177438394; UID 10065; state: DISABLED
03-14 03:51:17.134 1523 2745 D CompatibilityChangeReporter: Compat change id reported: 135772972; UID 10065; state: DISABLED
03-14 03:51:17.135 1523 2745 D CompatibilityChangeReporter: Compat change id reported: 135754954; UID 10065; state: DISABLED
03-14 03:51:17.138 1523 1663 I ActivityManager: Start proc 3937:com.android.dynsystem:dynsystem/1000 for service {com.android.dynsystem/com.android.dynsystem.DynamicSystemInstallationService}
03-14 03:51:17.138 1523 1663 D CompatibilityChangeReporter: Compat change id reported: 143937733; UID 10065; state: DISABLED
03-14 03:51:17.145 1523 1663 I ActivityManager: Start proc 3938:com.android.gallery3d/u0a65 for broadcast {com.android.gallery3d/com.android.camera.DisableCameraReceiver}
01-01 12:33:26.114 0 0 I binder : 3937:3937 ioctl 40046210 7fd88fc494 returned -22
01-01 12:33:26.121 0 0 I binder : 3938:3938 ioctl 40046210 7fd88fc494 returned -22
03-14 03:51:17.162 1523 3624 D CompatibilityChangeReporter: Compat change id reported: 168419799; UID 10065; state: DISABLED
03-14 03:51:17.184 1523 3328 I MicroServiceManager: requestResult(requestAudioFocus) parameters is{"functionInfo":{"IDCM_AudioFocus":"AudioFocus_Media"}}.
03-14 03:51:17.195 1523 2745 I DynamicSystemService: isInstalled(): false
03-14 03:51:17.209 1523 2745 D CompatibilityChangeReporter: Compat change id reported: 135634846; UID 10067; state: DISABLED
03-14 03:51:17.209 1523 2745 D CompatibilityChangeReporter: Compat change id reported: 177438394; UID 10067; state: DISABLED
03-14 03:51:17.209 1523 2745 D CompatibilityChangeReporter: Compat change id reported: 135772972; UID 10067; state: DISABLED
03-14 03:51:17.209 1523 2745 D CompatibilityChangeReporter: Compat change id reported: 135754954; UID 10067; state: ENABLED
03-14 03:51:17.210 1523 1663 D CompatibilityChangeReporter: Compat change id reported: 143937733; UID 10067; state: ENABLED
03-14 03:51:17.220 1523 1663 I ActivityManager: Start proc 3974:com.android.inputmethod.latin/u0a67 for broadcast {com.android.inputmethod.latin/com.android.inputmethod.latin.SystemBroadcastReceiver}
01-01 12:33:26.205 0 0 I binder : 3974:3974 ioctl 40046210 7fd88fc494 returned -22
03-14 03:51:17.251 1523 2745 D CompatibilityChangeReporter: Compat change id reported: 168419799; UID 10067; state: DISABLED
03-14 03:51:17.314 1523 2426 I ActivityManager: Process com.android.inputmethod.latin (pid 3974) has died: fg RCVR
03-14 03:51:17.331 1523 2953 D CompatibilityChangeReporter: Compat change id reported: 135634846; UID 10086; state: DISABLED
03-14 03:51:17.332 1523 2953 D CompatibilityChangeReporter: Compat change id reported: 177438394; UID 10086; state: DISABLED
03-14 03:51:17.332 1523 2953 D CompatibilityChangeReporter: Compat change id reported: 135772972; UID 10086; state: DISABLED
03-14 03:51:17.332 1523 2953 D CompatibilityChangeReporter: Compat change id reported: 135754954; UID 10086; state: ENABLED
03-14 03:51:17.332 1523 1663 D CompatibilityChangeReporter: Compat change id reported: 143937733; UID 10086; state: ENABLED
03-14 03:51:17.343 1523 1663 I ActivityManager: Start proc 3997:com.android.music/u0a86 for broadcast {com.android.music/com.android.music.MediaPlaybackReceiver}
01-01 12:33:26.328 0 0 I binder : 3997:3997 ioctl 40046210 7fd88fc494 returned -22
03-14 03:51:17.373 1523 3624 D CompatibilityChangeReporter: Compat change id reported: 168419799; UID 10086; state: DISABLED
03-14 03:51:17.411 1523 2426 D CompatibilityChangeReporter: Compat change id reported: 135634846; UID 1027; state: DISABLED
03-14 03:51:17.422 1523 1663 I ActivityManager: Start proc 4018:com.android.nfc/1027 for broadcast {com.android.nfc/com.android.nfc.NfcBootCompletedReceiver}
03-14 03:51:17.441 521 521 I vold : Bind mounting /mnt/runtime/default/emulated/0/Android/data on /mnt/user/0/emulated/0/Android/data
01-01 12:33:26.404 0 0 I binder : 4018:4018 ioctl 40046210 7fd88fc494 returned -22
03-14 03:51:17.441 521 521 I vold : Bind mounted /mnt/runtime/default/emulated/0/Android/data on /mnt/user/0/emulated/0/Android/data
03-14 03:51:17.441 521 521 I vold : Bind mounting /mnt/runtime/default/emulated/0/Android/obb on /mnt/user/0/emulated/0/Android/obb
03-14 03:51:17.442 521 521 I vold : Bind mounted /mnt/runtime/default/emulated/0/Android/obb on /mnt/user/0/emulated/0/Android/obb
03-14 03:51:17.442 521 521 I vold : Bind mounting /mnt/runtime/write/emulated/0/Android/obb on /mnt/installer/0/emulated/0/Android/obb
03-14 03:51:17.442 521 521 I vold : Bind mounted /mnt/runtime/write/emulated/0/Android/obb on /mnt/installer/0/emulated/0/Android/obb
03-14 03:51:17.442 521 521 I vold : Configuring read_ahead of /mnt/user/0/emulated fuse filesystem to 256kb
03-14 03:51:17.442 521 521 I vold : Writing 256 to /sys/class/bdi/0:54/read_ahead_kb
03-14 03:51:17.442 521 521 I vold : Configuring max_ratio of /mnt/user/0/emulated fuse filesystem to 40
03-14 03:51:17.442 521 521 I vold : Writing 40 to /sys/class/bdi/0:54/max_ratio
03-14 03:51:17.442 1523 2009 I StorageManagerService: Mounted volume VolumeInfo{emulated;0}:
03-14 03:51:17.442 1523 2009 I StorageManagerService: type=EMULATED diskId=null partGuid= mountFlags=PRIMARY|VISIBLE
03-14 03:51:17.442 1523 2009 I StorageManagerService: mountUserId=0 state=MOUNTED
03-14 03:51:17.442 1523 2009 I StorageManagerService: fsType=null fsUuid=null fsLabel=null
03-14 03:51:17.442 1523 2009 I StorageManagerService: path=/storage/emulated internalPath=/data/media
03-14 03:51:17.446 1523 2009 I StorageSessionController: Notifying volume state changed for session with id: emulated;0
03-14 03:51:17.450 1523 3624 D CompatibilityChangeReporter: Compat change id reported: 168419799; UID 1027; state: DISABLED
03-14 03:51:17.475 1523 2009 I StorageSessionController: Notifying volume state changed for session with id: emulated;0
03-14 03:51:17.481 1523 2009 I StorageSessionController: Notifying volume state changed for session with id: emulated;0
03-14 03:51:17.494 1523 2009 D StorageManagerService: Volume emulated;0 broadcasting checking to UserHandle{0}
03-14 03:51:17.495 1523 2009 D StorageManagerService: Volume emulated;0 broadcasting mounted to UserHandle{0}
03-14 03:51:17.501 1523 1700 I ActivityManager: Killing 4018:com.android.nfc/1027 (adj 0): change com.android.nfc
03-14 03:51:17.506 1523 1650 D CompanionDeviceManagerService: onPackageModified(packageName = com.android.nfc)
03-14 03:51:17.511 1523 1662 D CompatibilityChangeReporter: Compat change id reported: 135634846; UID 10059; state: DISABLED
03-14 03:51:17.511 1523 1662 D CompatibilityChangeReporter: Compat change id reported: 177438394; UID 10059; state: DISABLED
03-14 03:51:17.511 1523 1662 D CompatibilityChangeReporter: Compat change id reported: 135772972; UID 10059; state: DISABLED
03-14 03:51:17.511 1523 1662 D CompatibilityChangeReporter: Compat change id reported: 135754954; UID 10059; state: ENABLED
03-14 03:51:17.512 1523 1663 D CompatibilityChangeReporter: Compat change id reported: 143937733; UID 10059; state: ENABLED
03-14 03:51:17.514 1523 1523 I Telecom : DefaultDialerCache: Refreshing default dialer for user 0: now null: DDC.oR@ABI
01-01 12:33:26.491 0 0 I binder : 4066:4066 ioctl 40046210 7fd88fc494 returned -22
03-14 03:51:17.525 1523 1663 I ActivityManager: Start proc 4066:com.android.onetimeinitializer/u0a59 for broadcast {com.android.onetimeinitializer/com.android.onetimeinitializer.OneTimeInitializerReceiver}
03-14 03:51:17.530 1523 3624 D CompatibilityChangeReporter: Compat change id reported: 168419799; UID 10059; state: DISABLED
03-14 03:51:17.539 1523 1661 W VoiceInteractionManager: no available voice recognition services found for user 0
03-14 03:51:17.550 1523 3624 D CompatibilityChangeReporter: Compat change id reported: 149924527; UID 10091; state: ENABLED
03-14 03:51:17.550 1523 1618 D CompatibilityChangeReporter: Compat change id reported: 132649864; UID 10091; state: DISABLED
03-14 03:51:17.551 1523 3737 D CompatibilityChangeReporter: Compat change id reported: 182734110; UID 10091; state: DISABLED
01-01 12:33:26.514 0 0 I binder : undelivered TRANSACTION_COMPLETE
01-01 12:33:26.514 0 0 I binder : undelivered transaction 51853, process died.
03-14 03:51:17.551 1523 2953 V ActivityManager: Got obituary of 4018:com.android.nfc
03-14 03:51:17.574 4066 4111 E ActivityThread: Failed to find provider info for com.android.launcher2.settings
03-14 03:51:17.588 1523 3624 I ActivityManager: com.android.packageinstaller is exempt from freezer
03-14 03:51:17.588 1523 3624 D CompatibilityChangeReporter: Compat change id reported: 135634846; UID 10031; state: DISABLED
03-14 03:51:17.588 1523 3624 D CompatibilityChangeReporter: Compat change id reported: 177438394; UID 10031; state: DISABLED
03-14 03:51:17.588 1523 3624 D CompatibilityChangeReporter: Compat change id reported: 135772972; UID 10031; state: DISABLED
03-14 03:51:17.589 1523 3624 D CompatibilityChangeReporter: Compat change id reported: 135754954; UID 10031; state: ENABLED
03-14 03:51:17.589 1523 1663 D CompatibilityChangeReporter: Compat change id reported: 143937733; UID 10031; state: ENABLED
03-14 03:51:17.595 1523 1663 I ActivityManager: Start proc 4122:com.android.packageinstaller/u0a31 for broadcast {com.android.packageinstaller/com.android.packageinstaller.TemporaryFileManager}
01-01 12:33:26.570 0 0 I binder : 4122:4122 ioctl 40046210 7fd88fc494 returned -22
03-14 03:51:17.610 1523 3624 D CompatibilityChangeReporter: Compat change id reported: 168419799; UID 10031; state: DISABLED
03-14 03:51:17.650 1523 2426 D CompatibilityChangeReporter: Compat change id reported: 168419799; UID 10090; state: DISABLED
01-01 12:33:26.632 0 0 I mv2112_setup_work_handler: Try to setup link again!
01-01 12:33:26.632 0 0 I : mv2112_setup_forced
03-14 03:51:17.688 1523 2426 D CompatibilityChangeReporter: Compat change id reported: 168419799; UID 10019; state: DISABLED
03-14 03:51:17.700 1523 3624 D CompatibilityChangeReporter: Compat change id reported: 168419799; UID 10023; state: DISABLED
03-14 03:51:17.701 1523 2426 D CompatibilityChangeReporter: Compat change id reported: 171306433; UID 10019; state: ENABLED
03-14 03:51:17.719 1523 1618 D CompatibilityChangeReporter: Compat change id reported: 168419799; UID 1000; state: DISABLED
03-14 03:51:17.740 1523 1618 D CompatibilityChangeReporter: Compat change id reported: 172100307; UID 10091; state: DISABLED
03-14 03:51:17.785 1523 3328 I MicroServiceManager: requestResult(abandonAudioFocus) parameters is{"functionInfo":{"IDCM_AudioFocus":"AudioFocus_Media"}}.
03-14 03:51:17.787 1523 1618 I ActivityManager: com.android.shell is exempt from freezer
03-14 03:51:17.788 1523 1618 D CompatibilityChangeReporter: Compat change id reported: 135634846; UID 2000; state: DISABLED
03-14 03:51:17.788 1523 1618 D CompatibilityChangeReporter: Compat change id reported: 177438394; UID 2000; state: DISABLED
03-14 03:51:17.788 1523 1618 D CompatibilityChangeReporter: Compat change id reported: 135772972; UID 2000; state: DISABLED
03-14 03:51:17.788 1523 1618 D CompatibilityChangeReporter: Compat change id reported: 135754954; UID 2000; state: ENABLED
03-14 03:51:17.796 1523 1663 I ActivityManager: Start proc 4160:com.android.shell/2000 for broadcast {com.android.shell/com.android.shell.HeapDumpReceiver}
01-01 12:33:26.772 0 0 I binder : 4160:4160 ioctl 40046210 7fd88fc494 returned -22
03-14 03:51:17.813 1523 2953 D CompatibilityChangeReporter: Compat change id reported: 168419799; UID 2000; state: DISABLED
03-14 03:51:17.903 1523 1618 W BroadcastQueue: Permission Denial: receiving Intent { act=android.intent.action.BOOT_COMPLETED flg=0x89000010 (has extras) } to com.baidu.input/.directboot.DirectBootReceiver requires android.permission.RECEIVE_BOOT_COMPLETED due to sender null (uid 1000)
03-14 03:51:17.903 1523 1662 W BroadcastQueue: Permission Denial: receiving Intent { act=android.intent.action.BOOT_COMPLETED flg=0x89000010 (has extras) } to com.baidu.input/.switchguide.InputMethodChangedReceiver requires android.permission.RECEIVE_BOOT_COMPLETED due to sender null (uid 1000)
03-14 03:51:17.905 1523 1662 D CompatibilityChangeReporter: Compat change id reported: 168419799; UID 10082; state: DISABLED
03-14 03:51:17.913 3339 3339 W ContextImpl: Calling a method in the system process without a qualified user: android.app.ContextImpl.startService:1816 android.content.ContextWrapper.startService:774 com.hryt.hiphishowfsecontrol.mce_app.broadcasts.FseReceiver.onReceive:49 android.app.ActivityThread.handleReceiver:4309 android.app.ActivityThread.access$1600:248
03-14 03:51:17.916 1523 1618 D CompatibilityChangeReporter: Compat change id reported: 135634846; UID 10075; state: DISABLED
03-14 03:51:17.916 1523 1618 D CompatibilityChangeReporter: Compat change id reported: 177438394; UID 10075; state: DISABLED
03-14 03:51:17.917 1523 1618 D CompatibilityChangeReporter: Compat change id reported: 135772972; UID 10075; state: DISABLED
03-14 03:51:17.917 1523 1618 D CompatibilityChangeReporter: Compat change id reported: 135754954; UID 10075; state: ENABLED
03-14 03:51:17.917 1523 1663 D CompatibilityChangeReporter: Compat change id reported: 143937733; UID 10075; state: ENABLED
03-14 03:51:17.924 1523 1663 I ActivityManager: Start proc 4180:com.qti.ltebc/u0a75 for broadcast {com.qti.ltebc/com.qualcomm.ltebc.LTEBroadcastBootReceiver}
03-14 03:51:17.924 1523 3624 D CompatibilityChangeReporter: Compat change id reported: 149924527; UID 10082; state: ENABLED
03-14 03:51:17.925 1523 3624 D CompatibilityChangeReporter: Compat change id reported: 132649864; UID 10082; state: DISABLED
01-01 12:33:26.902 0 0 I binder : 4180:4180 ioctl 40046210 7fd88fc494 returned -22
03-14 03:51:17.946 1523 3624 D CompatibilityChangeReporter: Compat change id reported: 168419799; UID 10075; state: DISABLED
01-01 12:33:26.953 0 0 E mv2112_update_link: link 0x4
01-01 12:33:26.953 0 0 I lan743x 0001: 01:00.0 eth0: Link is Up - 100Mbps/Full - flow control off
01-01 12:33:26.953 0 0 I IPv6 : ADDRCONF(NETDEV_CHANGE): eth0: link becomes ready
01-01 12:33:26.954 0 0 I IPv6 : ADDRCONF(NETDEV_CHANGE): vlan0: link becomes ready
01-01 12:33:26.954 0 0 I IPv6 : ADDRCONF(NETDEV_CHANGE): vlan1: link becomes ready
01-01 12:33:26.954 0 0 I IPv6 : ADDRCONF(NETDEV_CHANGE): vlan2: link becomes ready
01-01 12:33:26.954 0 0 I IPv6 : ADDRCONF(NETDEV_CHANGE): vlan4: link becomes ready
01-01 12:33:26.954 0 0 I IPv6 : ADDRCONF(NETDEV_CHANGE): vlan8: link becomes ready
01-01 12:33:26.954 0 0 I IPv6 : ADDRCONF(NETDEV_CHANGE): vlan11: link becomes ready
01-01 12:33:26.957 0 0 I : read descriptors
01-01 12:33:26.957 0 0 I : read strings
03-14 03:51:18.039 1523 3624 D CompatibilityChangeReporter: Compat change id reported: 171306433; UID 1073; state: ENABLED
03-14 03:51:18.114 3300 4208 E ActivityThread: Failed to find provider info for com.tcl.xian.StartandroidService.MyContentProvider
03-14 03:51:18.387 1523 3328 I MicroServiceManager: requestResult(abandonAudioFocus) parameters is{"functionInfo":{"IDCM_AudioFocus":"AudioFocus_Media"}}.
03-14 03:51:18.438 1523 2438 D CompatibilityChangeReporter: Compat change id reported: 171306433; UID 10075; state: ENABLED
01-01 12:33:27.401 0 0 I IRQ 5 : no longer affine to CPU6
03-14 03:51:18.439 1523 3624 D CompatibilityChangeReporter: Compat change id reported: 168419799; UID 10053; state: DISABLED
03-14 03:51:18.444 1523 2438 D CompatibilityChangeReporter: Compat change id reported: 168419799; UID 10080; state: DISABLED
03-14 03:51:18.446 1523 3624 D CompatibilityChangeReporter: Compat change id reported: 168419799; UID 10070; state: DISABLED
03-14 03:51:18.451 1523 2438 D CompatibilityChangeReporter: Compat change id reported: 168419799; UID 10071; state: DISABLED
03-14 03:51:18.454 1523 2438 D CompatibilityChangeReporter: Compat change id reported: 168419799; UID 10083; state: DISABLED
03-14 03:51:18.459 1523 2438 D CompatibilityChangeReporter: Compat change id reported: 168419799; UID 10081; state: DISABLED
03-14 03:51:18.464 1523 2438 D CompatibilityChangeReporter: Compat change id reported: 135634846; UID 10058; state: DISABLED
03-14 03:51:18.464 1523 1663 D CompatibilityChangeReporter: Compat change id reported: 143937733; UID 10058; state: DISABLED
03-14 03:51:18.475 1523 1663 I ActivityManager: Start proc 4234:com.qualcomm.qti.qms.service.connectionsecurity/u0a58 for broadcast {com.qualcomm.qti.qms.service.connectionsecurity/com.qualcomm.qti.qms.service.connectionsecurity.ConnSecBroadcastReceiver}
03-14 03:51:18.479 1523 2438 I ActivityManager: Process com.qti.ltebc (pid 4180) has died: cch+5 CEM
01-01 12:33:27.459 0 0 I binder : 4234:4234 ioctl 40046210 ffdfffb8 returned -22
03-14 03:51:18.504 1523 3624 D CompatibilityChangeReporter: Compat change id reported: 168419799; UID 10058; state: DISABLED
03-14 03:51:18.543 1523 3624 D CompatibilityChangeReporter: Compat change id reported: 168419799; UID 10079; state: DISABLED
01-01 12:33:27.507 0 0 I binder : 3413:3413 ioctl 40046210 7fd88fbb44 returned -22
03-14 03:51:18.549 1523 3624 D CompatibilityChangeReporter: Compat change id reported: 168419799; UID 10085; state: DISABLED
03-14 03:51:18.582 1523 3624 I ActivityManager: Finished processing BOOT_COMPLETED for u0
03-14 03:51:18.584 1523 3624 D CompatibilityChangeReporter: Compat change id reported: 168419799; UID 10028; state: DISABLED
03-14 03:51:18.587 2567 2567 W ContextImpl: Calling a method in the system process without a qualified user: android.app.ContextImpl.startService:1816 android.content.ContextWrapper.startService:774 com.thundercomm.gamemode.ingame.services.GameModeActionUtils.startGameModeService:118 com.thundercomm.gamemode.ingame.services.GameModeActionUtils.startGameModeEntry:29 com.thundercomm.gamemode.ingame.services.ActivityMonitoringService$1.onActivityLaunch:140
01-01 12:33:27.554 0 0 I binder : 2567:2567 ioctl 40046210 7fd88fafd4 returned -22
03-14 03:51:18.591 1523 1523 I GameModeConfig: Current uri is uri = content://com.thundercomm.gamemode.api/gamemode_settings/gamemode_isgaming
03-14 03:51:18.593 1523 1523 I GameModeConfig: isGameModeOn = false
03-14 03:51:18.593 1523 1523 I GameModeConfig: isGameModeOn = false
03-14 03:51:18.593 1523 1523 I GameModeConfig: isDisableVoice = true
03-14 03:51:18.594 1523 2311 I GameModeConfig: isGameModeOn = false
03-14 03:51:18.594 1523 2311 I GameModeConfig: isGameModeOn = false
03-14 03:51:18.594 1523 2311 I GameModeConfig: isGameModeOn = false
03-14 03:51:18.608 1523 2369 D CompatibilityChangeReporter: Compat change id reported: 135634846; UID 10075; state: DISABLED
03-14 03:51:18.608 1523 2369 D CompatibilityChangeReporter: Compat change id reported: 177438394; UID 10075; state: DISABLED
03-14 03:51:18.608 1523 2369 D CompatibilityChangeReporter: Compat change id reported: 135772972; UID 10075; state: DISABLED
03-14 03:51:18.608 1523 2369 D CompatibilityChangeReporter: Compat change id reported: 135754954; UID 10075; state: ENABLED
03-14 03:51:18.608 1523 1663 D CompatibilityChangeReporter: Compat change id reported: 143937733; UID 10075; state: ENABLED
03-14 03:51:18.615 1523 1663 I ActivityManager: Start proc 4262:com.qti.ltebc/u0a75 for broadcast {com.qti.ltebc/com.qualcomm.ltebc.LTEBroadcastReceiver}
01-01 12:33:27.588 0 0 I binder : 4262:4262 ioctl 40046210 7fd88fc494 returned -22
03-14 03:51:18.636 1523 3737 D CompatibilityChangeReporter: Compat change id reported: 168419799; UID 10075; state: DISABLED
03-14 03:51:18.963 1523 2438 I ActivityManager: Process com.qti.ltebc (pid 4262) has died: fg RCVR
03-14 03:51:18.968 1523 1662 D CompatibilityChangeReporter: Compat change id reported: 168419799; UID 10065; state: DISABLED
01-01 12:33:27.981 0 0 I : read descriptors
01-01 12:33:27.981 0 0 I : read strings
01-01 12:33:28.057 0 0 I IRQ 5 : no longer affine to CPU7
03-14 03:51:19.194 1523 3297 D CompatibilityChangeReporter: Compat change id reported: 135634846; UID 1000; state: DISABLED
03-14 03:51:19.194 1523 3297 D CompatibilityChangeReporter: Compat change id reported: 177438394; UID 1000; state: DISABLED
03-14 03:51:19.195 1523 3297 D CompatibilityChangeReporter: Compat change id reported: 135772972; UID 1000; state: DISABLED
03-14 03:51:19.195 1523 3297 D CompatibilityChangeReporter: Compat change id reported: 135754954; UID 1000; state: ENABLED
03-14 03:51:19.210 1523 1663 I ActivityManager: Start proc 4297:com.android.localtransport/1000 for service {com.android.localtransport/com.android.localtransport.LocalTransportService}
01-01 12:33:28.202 0 0 I binder : 4297:4297 ioctl 40046210 7fd88fc494 returned -22
03-14 03:51:19.266 1523 1523 I TransportClient: LocalTransportService#0: Notifying [TransportManager.registerTransport()] transport = IBackupTransport
03-14 03:51:19.268 1523 3297 D BackupTransportManager: Transport com.android.localtransport/.LocalTransportService registered
03-14 03:51:19.268 1523 3297 D BackupManagerService: [UserID:0] Transport com.android.localtransport/.LocalTransport registered 3083ms after first request (delay = 3000ms)
01-01 12:33:28.670 0 0 I logd : start watching /data/system/packages.list ...
01-01 12:33:28.671 0 0 I logd : ReadPackageList, total packages: 100
01-01 12:33:29.005 0 0 I : read descriptors
01-01 12:33:29.005 0 0 I : read strings
03-14 03:51:20.787 1523 3737 W ActivityManager: Unable to start service Intent { act=android.intent.action.START_LEBO_SERVICE pkg=com.hpplay.happyplay.aw } U=0: not found
01-01 12:33:30.021 0 0 I : read descriptors
01-01 12:33:30.021 0 0 I : read strings
01-01 12:33:30.116 0 0 W perfetto: disabled ftrace
01-01 12:33:31.037 0 0 I : read descriptors
01-01 12:33:31.037 0 0 I : read strings
01-01 12:33:32.065 0 0 I : read descriptors
01-01 12:33:32.065 0 0 I : read strings
03-14 03:51:23.441 1523 1662 D CompatibilityChangeReporter: Compat change id reported: 135634846; UID 10075; state: DISABLED
03-14 03:51:23.442 1523 1662 D CompatibilityChangeReporter: Compat change id reported: 177438394; UID 10075; state: DISABLED
03-14 03:51:23.443 1523 1662 D CompatibilityChangeReporter: Compat change id reported: 135772972; UID 10075; state: DISABLED
03-14 03:51:23.443 1523 1662 D CompatibilityChangeReporter: Compat change id reported: 135754954; UID 10075; state: ENABLED
03-14 03:51:23.444 1523 1663 D CompatibilityChangeReporter: Compat change id reported: 143937733; UID 10075; state: ENABLED
03-14 03:51:23.472 1523 1663 I ActivityManager: Start proc 4362:com.qti.ltebc/u0a75 for broadcast {com.qti.ltebc/com.qualcomm.ltebc.LTEBroadcastAlarmReceiver}
01-01 12:33:32.465 0 0 I binder : 4362:4362 ioctl 40046210 7fd88fc494 returned -22
01-01 12:33:32.541 0 0 I binder : 2659:4378 ioctl 40046210 767c9dfef4 returned -22
01-01 12:33:32.773 0 0 I init : Untracked pid 4389 exited with status 0
01-01 12:33:32.777 0 0 I display_panel_avdd: disabling
01-01 12:33:32.778 0 0 I vdd_tof : disabling
03-14 03:51:23.845 1523 3624 D CompatibilityChangeReporter: Compat change id reported: 135634846; UID 10055; state: DISABLED
03-14 03:51:23.845 1523 3624 D CompatibilityChangeReporter: Compat change id reported: 177438394; UID 10055; state: DISABLED
03-14 03:51:23.845 1523 3624 D CompatibilityChangeReporter: Compat change id reported: 135772972; UID 10055; state: DISABLED
03-14 03:51:23.845 1523 3624 D CompatibilityChangeReporter: Compat change id reported: 135754954; UID 10055; state: DISABLED
03-14 03:51:23.846 1523 1663 D CompatibilityChangeReporter: Compat change id reported: 143937733; UID 10055; state: DISABLED
03-14 03:51:23.864 1523 1663 I ActivityManager: Start proc 4396:com.qualcomm.qti.qms.service.trustzoneaccess/u0a55 for service {com.qualcomm.qti.qms.service.trustzoneaccess/com.qualcomm.qti.qms.service.trustzoneaccess.TZAccessService}
01-01 12:33:32.848 0 0 I binder : 4396:4396 ioctl 40046210 7fd88fc494 returned -22
03-14 03:51:23.894 1523 3624 D CompatibilityChangeReporter: Compat change id reported: 168419799; UID 10055; state: DISABLED
03-14 03:51:23.991 1523 3624 I ActivityManager: Process com.qti.ltebc (pid 4362) has died: cch+5 CEM
01-01 12:33:33.085 0 0 I : read descriptors
01-01 12:33:33.085 0 0 I : read strings
01-01 12:33:33.256 0 0 I logd : start watching /data/system/packages.list ...
01-01 12:33:33.258 0 0 I logd : ReadPackageList, total packages: 100
03-14 03:51:24.344 1523 1650 D CompanionDeviceManagerService: onPackageModified(packageName = com.android.gallery3d)
03-14 03:51:24.359 1523 1650 D CompanionDeviceManagerService: onPackageModified(packageName = com.android.inputmethod.latin)
03-14 03:51:24.361 1523 1650 D CompanionDeviceManagerService: onPackageModified(packageName = com.android.settings)
01-01 12:33:33.324 0 0 I init : starting service 'idmap2d'...
03-14 03:51:24.365 1523 1523 I Telecom : DefaultDialerCache: Refreshing default dialer for user 0: now null: DDC.oR@ABM
03-14 03:51:24.368 1523 1523 I Telecom : DefaultDialerCache: Refreshing default dialer for user 0: now null: DDC.oR@ABQ
03-14 03:51:24.369 1523 1523 I Telecom : DefaultDialerCache: Refreshing default dialer for user 0: now null: DDC.oR@ABU
01-01 12:33:33.335 0 0 I init : Control message: Processed ctl.start for 'idmap2d' from pid: 1523 (system_server)
03-14 03:51:24.373 1523 1650 D CompanionDeviceManagerService: onPackageModified(packageName = com.android.systemui)
03-14 03:51:24.375 1523 1523 I Telecom : DefaultDialerCache: Refreshing default dialer for user 0: now null: DDC.oR@ABY
03-14 03:51:24.379 1523 1661 W VoiceInteractionManager: no available voice recognition services found for user 0
03-14 03:51:24.384 1523 1650 D CompanionDeviceManagerService: onPackageModified(packageName = com.android.permissioncontroller)
01-01 12:33:33.347 0 0 I binder : 4428:4428 ioctl 40046210 7fed4e4314 returned -22
03-14 03:51:24.386 1523 1523 I Telecom : DefaultDialerCache: Refreshing default dialer for user 0: now null: DDC.oR@ABc
03-14 03:51:24.387 1523 1523 I Telecom : DefaultDialerCache: Refreshing default dialer for user 0: now null: DDC.oR@ABg
03-14 03:51:24.388 1523 1523 I Telecom : DefaultDialerCache: Refreshing default dialer for user 0: now null: DDC.oR@ABk
