03-14 04:11:00.954 1523 1663 I am_proc_start: [0,10281,1000,com.android.settings,pre-top-activity,{com.android.settings/com.android.settings.Settings$ManageAppExternalSourcesActivity}]
03-14 04:11:00.954 1523 1663 I ActivityManager: Start proc 10281:com.android.settings/1000 for pre-top-activity {com.android.settings/com.android.settings.Settings$ManageAppExternalSourcesActivity}
03-14 04:11:00.955 1523 10282 W ContextImpl: Calling a method in the system process without a qualified user: android.app.ContextImpl.sendBroadcast:1173 com.qualcomm.qti.Performance$SendGameLaunchBroadcast.run:217 java.lang.Thread.run:920
03-14 04:11:00.956 1523 1653 I sysui_multi_action: [757,803,799,window_time_0,802,10]
01-01 12:53:09.925 0 0 I binder : 10281:10281 ioctl 40046210 7fd88fc494 returned -22
03-14 04:11:00.964 1523 2438 I am_proc_bound: [0,10281,com.android.settings]
03-14 04:11:00.968 1523 2438 D CompatibilityChangeReporter: Compat change id reported: 181136395; UID 1000; state: DISABLED
03-14 04:11:00.968 1523 2438 D CompatibilityChangeReporter: Compat change id reported: 174042936; UID 1000; state: DISABLED
03-14 04:11:00.969 1523 2438 I wm_restart_activity: [0,97110639,20,com.android.settings/.Settings$ManageAppExternalSourcesActivity]
03-14 04:11:00.969 1523 2438 I wm_set_resumed_activity: [0,com.android.settings/.Settings$ManageAppExternalSourcesActivity,minimalResumeActivityLocked]
03-14 04:11:01.054 1523 2438 W FreeFormWindowHelper: Current Display FreeFormTask is null
03-14 04:11:01.129 1523 2438 I am_uid_running: 10083
03-14 04:11:01.129 1523 2438 D CompatibilityChangeReporter: Compat change id reported: 135634846; UID 10083; state: DISABLED
03-14 04:11:01.129 1523 2438 D CompatibilityChangeReporter: Compat change id reported: 177438394; UID 10083; state: DISABLED
03-14 04:11:01.129 1523 2438 D CompatibilityChangeReporter: Compat change id reported: 135772972; UID 10083; state: DISABLED
03-14 04:11:01.129 1523 2438 D CompatibilityChangeReporter: Compat change id reported: 135754954; UID 10083; state: ENABLED
03-14 04:11:01.129 1523 1663 D CompatibilityChangeReporter: Compat change id reported: 143937733; UID 10083; state: ENABLED
03-14 04:11:01.135 1523 1663 I am_proc_start: [0,10308,10083,com.qualcomm.qti.qccauthmgr,content provider,{com.qualcomm.qti.qccauthmgr/com.qualcomm.qti.qccauthmgr.providers.SMQContentProvider}]
03-14 04:11:01.135 1523 1663 I ActivityManager: Start proc 10308:com.qualcomm.qti.qccauthmgr/u0a83 for content provider {com.qualcomm.qti.qccauthmgr/com.qualcomm.qti.qccauthmgr.providers.SMQContentProvider}
03-14 04:11:01.136 1523 2438 I thunderperf: PlatormCompat.setOverrides: Uid1=1000 Pid1=10281 Uid2=1000 Pid2=10281
03-14 04:11:01.136 1523 2438 I thunderperf: PlatormCompat.setOverrides: needCheck:false
03-14 04:11:01.136 1523 2438 I thunderperf: CompatConfig.addOverrideUnsafe: bef-state=0
03-14 04:11:01.136 1523 2438 I thunderperf: CompatConfig.addOverrideUnsafe: aft-state=0
03-14 04:11:01.136 1523 2438 I thunderperf: CompatConfig.addOverrideUnsafe: bef-state=0
03-14 04:11:01.136 1523 2438 I thunderperf: CompatConfig.addOverrideUnsafe: aft-state=0
03-14 04:11:01.137 1523 2438 I thunderperf: CompatConfig.addOverrideUnsafe: bef-state=0
03-14 04:11:01.137 1523 2438 I thunderperf: CompatConfig.addOverrideUnsafe: aft-state=0
03-14 04:11:01.137 1523 2438 I thunderperf: CompatConfig.addOverrideUnsafe: bef-state=0
03-14 04:11:01.137 1523 2438 I thunderperf: CompatConfig.addOverrideUnsafe: aft-state=0
03-14 04:11:01.137 1523 2438 I thunderperf: CompatConfig.addOverrideUnsafe: bef-state=0
03-14 04:11:01.137 1523 2438 I thunderperf: CompatConfig.addOverrideUnsafe: aft-state=0
03-14 04:11:01.137 1523 2438 I thunderperf: CompatConfig.addOverrideUnsafe: bef-state=0
03-14 04:11:01.137 1523 2438 I thunderperf: CompatConfig.addOverrideUnsafe: aft-state=0
03-14 04:11:01.137 1523 2438 I thunderperf: CompatConfig.addOverrideUnsafe: bef-state=0
03-14 04:11:01.137 1523 2438 I thunderperf: CompatConfig.addOverrideUnsafe: aft-state=0
03-14 04:11:01.138 1523 2438 I thunderperf: CompatConfig.addOverrideUnsafe: bef-state=0
03-14 04:11:01.138 1523 2438 I thunderperf: CompatConfig.addOverrideUnsafe: aft-state=0
03-14 04:11:01.138 1523 2438 I thunderperf: CompatConfig.addOverrideUnsafe: bef-state=0
03-14 04:11:01.138 1523 2438 I thunderperf: CompatConfig.addOverrideUnsafe: aft-state=0
03-14 04:11:01.138 1523 2438 I thunderperf: CompatConfig.addOverrideUnsafe: bef-state=0
03-14 04:11:01.138 1523 2438 I thunderperf: CompatConfig.addOverrideUnsafe: aft-state=0
03-14 04:11:01.138 1523 2438 I thunderperf: CompatConfig.addOverrideUnsafe: bef-state=0
03-14 04:11:01.138 1523 2438 I thunderperf: CompatConfig.addOverrideUnsafe: aft-state=0
03-14 04:11:01.138 1523 2438 I thunderperf: CompatConfig.addOverrideUnsafe: bef-state=0
03-14 04:11:01.138 1523 2438 I thunderperf: CompatConfig.addOverrideUnsafe: aft-state=0
03-14 04:11:01.139 1523 2438 I thunderperf: CompatConfig.addOverrideUnsafe: bef-state=0
03-14 04:11:01.139 1523 2438 I thunderperf: CompatConfig.addOverrideUnsafe: aft-state=0
03-14 04:11:01.139 1523 2438 I thunderperf: CompatConfig.addOverrideUnsafe: bef-state=0
03-14 04:11:01.139 1523 2438 I thunderperf: CompatConfig.addOverrideUnsafe: aft-state=0
03-14 04:11:01.140 1523 2438 I ActivityTaskManager: START u0 {act=android.settings.MANAGE_UNKNOWN_APP_SOURCES dat=package:com.tencent.android.qqdownloader flg=0x40000000 cmp=com.android.settings/.homepage.SettingsHomepageActivity (has extras)} from uid 1000
03-14 04:11:01.141 1523 2438 I wm_task_moved: [11,1,8]
03-14 04:11:01.141 1523 2438 I wm_task_to_front: [0,11]
03-14 04:11:01.142 1523 2438 I wm_focused_root_task: [0,0,11,20,bringingFoundTaskToFront]
03-14 04:11:01.142 1523 2438 I wm_set_resumed_activity: [0,com.android.settings/.Settings,bringingFoundTaskToFront]
03-14 04:11:01.142 1523 2438 I wm_new_intent: [0,9597009,11,com.android.settings/.Settings,android.intent.action.MAIN,NULL,NULL,270532608]
03-14 04:11:01.142 1523 2438 D CompatibilityChangeReporter: Compat change id reported: 168419799; UID 1000; state: DISABLED
03-14 04:11:01.143 1523 2438 I wm_pause_activity: [0,97110639,com.android.settings/.Settings$ManageAppExternalSourcesActivity,userLeaving=true,pauseBackTasks]
03-14 04:11:01.144 1523 10131 I wm_finish_activity: [0,97110639,20,com.android.settings/.Settings$ManageAppExternalSourcesActivity,app-request]
03-14 04:11:01.144 10281 10281 I wm_on_create_called: [97110639,com.android.settings.Settings$ManageAppExternalSourcesActivity,performCreate]
03-14 04:11:01.146 1523 10131 I wm_add_to_stopping: [0,97110639,com.android.settings/.Settings$ManageAppExternalSourcesActivity,completeFinishing]
03-14 04:11:01.146 1523 10131 I ActivityTaskManager: FOREGROUND_APPLICATION_CHANGED to com.android.settings.homepage.SettingsHomepageActivity
03-14 04:11:01.147 1523 10131 I ActivityTaskManager: The Process com.android.settings Already Exists in BG. So sending its PID: 10281
03-14 04:11:01.147 1523 10131 W ActivityTaskManager: Tried to set launchTime (71698) < mLastActivityLaunchTime (1210915)
03-14 04:11:01.147 1523 10131 D CompatibilityChangeReporter: Compat change id reported: 174042980; UID 1000; state: DISABLED
03-14 04:11:01.148 1523 10131 I wm_restart_activity: [0,9597009,11,com.android.settings/.Settings]
03-14 04:11:01.148 1523 10131 I wm_set_resumed_activity: [0,com.android.settings/.Settings,minimalResumeActivityLocked]
03-14 04:11:01.149 1523 2438 I am_proc_bound: [0,10308,com.qualcomm.qti.qccauthmgr]
01-01 12:53:10.110 0 0 I binder : 10308:10308 ioctl 40046210 7fd88fc494 returned -22
03-14 04:11:01.154 1523 2438 I am_uid_active: 10083
03-14 04:11:01.156 1523 1653 I sysui_multi_action: [757,803,799,window_time_0,802,1]
03-14 04:11:01.169 1523 2953 E UserRestrictionsUtils: Unknown restriction queried by uid 1000 (com.thundercomm.microsettings et al): null
03-14 04:11:01.169 1523 2438 E UserRestrictionsUtils: Unknown restriction queried by uid 1000 (com.thundercomm.microsettings et al): null
03-14 04:11:01.170 1523 2438 E UserRestrictionsUtils: Unknown restriction queried by uid 1000 (com.thundercomm.microsettings et al): null
03-14 04:11:01.170 1523 2438 E UserRestrictionsUtils: Unknown restriction queried by uid 1000 (com.thundercomm.microsettings et al): null
03-14 04:11:01.170 1523 2438 E UserRestrictionsUtils: Unknown restriction queried by uid 1000 (com.thundercomm.microsettings et al): null
03-14 04:11:01.170 1523 2953 E UserRestrictionsUtils: Unknown restriction queried by uid 1000 (com.thundercomm.microsettings et al): null
03-14 04:11:01.170 1523 10131 E UserRestrictionsUtils: Unknown restriction queried by uid 1000 (com.thundercomm.microsettings et al): null
03-14 04:11:01.171 1523 2953 E UserRestrictionsUtils: Unknown restriction queried by uid 1000 (com.thundercomm.microsettings et al): null
03-14 04:11:01.171 1523 10131 E UserRestrictionsUtils: Unknown restriction queried by uid 1000 (com.thundercomm.microsettings et al): null
03-14 04:11:01.171 1523 10131 E UserRestrictionsUtils: Unknown restriction queried by uid 1000 (com.thundercomm.microsettings et al): null
03-14 04:11:01.171 1523 2438 E UserRestrictionsUtils: Unknown restriction queried by uid 1000 (com.thundercomm.microsettings et al): null
03-14 04:11:01.172 1523 2438 E UserRestrictionsUtils: Unknown restriction queried by uid 1000 (com.thundercomm.microsettings et al): null
03-14 04:11:01.172 1523 10131 E UserRestrictionsUtils: Unknown restriction queried by uid 1000 (com.thundercomm.microsettings et al): null
03-14 04:11:01.172 1523 2953 E UserRestrictionsUtils: Unknown restriction queried by uid 1000 (com.thundercomm.microsettings et al): null
03-14 04:11:01.172 1523 10131 E UserRestrictionsUtils: Unknown restriction queried by uid 1000 (com.thundercomm.microsettings et al): null
03-14 04:11:01.172 1523 2461 E UserRestrictionsUtils: Unknown restriction queried by uid 1000 (com.thundercomm.microsettings et al): null
03-14 04:11:01.173 1523 7582 E UserRestrictionsUtils: Unknown restriction queried by uid 1000 (com.thundercomm.microsettings et al): null
03-14 04:11:01.173 1523 2745 E UserRestrictionsUtils: Unknown restriction queried by uid 1000 (com.thundercomm.microsettings et al): null
03-14 04:11:01.191 1523 1930 E UserRestrictionsUtils: Unknown restriction queried by uid 1000 (com.thundercomm.microsettings et al): null
03-14 04:11:01.191 1523 1930 E UserRestrictionsUtils: Unknown restriction queried by uid 1000 (com.thundercomm.microsettings et al): null
03-14 04:11:01.192 1523 3737 E UserRestrictionsUtils: Unknown restriction queried by uid 1000 (com.thundercomm.microsettings et al): null
03-14 04:11:01.192 1523 3737 E UserRestrictionsUtils: Unknown restriction queried by uid 1000 (com.thundercomm.microsettings et al): null
03-14 04:11:01.192 1523 1930 E UserRestrictionsUtils: Unknown restriction queried by uid 1000 (com.thundercomm.microsettings et al): null
03-14 04:11:01.193 1523 8272 E UserRestrictionsUtils: Unknown restriction queried by uid 1000 (com.thundercomm.microsettings et al): null
03-14 04:11:01.211 10281 10281 I wm_on_create_called: [9597009,com.android.settings.Settings,performCreate]
03-14 04:11:01.227 1523 2438 E UserRestrictionsUtils: Unknown restriction queried by uid 1000 (com.thundercomm.microsettings et al): null
03-14 04:11:01.227 1523 2438 E UserRestrictionsUtils: Unknown restriction queried by uid 1000 (com.thundercomm.microsettings et al): null
03-14 04:11:01.227 1523 2438 E UserRestrictionsUtils: Unknown restriction queried by uid 1000 (com.thundercomm.microsettings et al): null
03-14 04:11:01.227 1523 7582 E UserRestrictionsUtils: Unknown restriction queried by uid 1000 (com.thundercomm.microsettings et al): null
03-14 04:11:01.227 1523 7582 E UserRestrictionsUtils: Unknown restriction queried by uid 1000 (com.thundercomm.microsettings et al): null
03-14 04:11:01.227 1523 2438 E UserRestrictionsUtils: Unknown restriction queried by uid 1000 (com.thundercomm.microsettings et al): null
03-14 04:11:01.228 1523 10131 E UserRestrictionsUtils: Unknown restriction queried by uid 1000 (com.thundercomm.microsettings et al): null
03-14 04:11:01.228 1523 3624 E UserRestrictionsUtils: Unknown restriction queried by uid 1000 (com.thundercomm.microsettings et al): null
03-14 04:11:01.228 1523 2461 E UserRestrictionsUtils: Unknown restriction queried by uid 1000 (com.thundercomm.microsettings et al): null
03-14 04:11:01.228 1523 2745 E UserRestrictionsUtils: Unknown restriction queried by uid 1000 (com.thundercomm.microsettings et al): null
03-14 04:11:01.228 1523 7582 E UserRestrictionsUtils: Unknown restriction queried by uid 1000 (com.thundercomm.microsettings et al): null
03-14 04:11:01.229 1523 2438 E UserRestrictionsUtils: Unknown restriction queried by uid 1000 (com.thundercomm.microsettings et al): null
03-14 04:11:01.229 1523 3624 E UserRestrictionsUtils: Unknown restriction queried by uid 1000 (com.thundercomm.microsettings et al): null
03-14 04:11:01.229 1523 3624 E UserRestrictionsUtils: Unknown restriction queried by uid 1000 (com.thundercomm.microsettings et al): null
03-14 04:11:01.229 1523 2438 E UserRestrictionsUtils: Unknown restriction queried by uid 1000 (com.thundercomm.microsettings et al): null
03-14 04:11:01.229 1523 3624 E UserRestrictionsUtils: Unknown restriction queried by uid 1000 (com.thundercomm.microsettings et al): null
03-14 04:11:01.229 1523 7582 E UserRestrictionsUtils: Unknown restriction queried by uid 1000 (com.thundercomm.microsettings et al): null
03-14 04:11:01.230 1523 2438 E UserRestrictionsUtils: Unknown restriction queried by uid 1000 (com.thundercomm.microsettings et al): null
03-14 04:11:01.242 10281 10281 I wm_on_start_called: [9597009,com.android.settings.Settings,handleStartActivity]
03-14 04:11:01.242 10281 10281 I snet_event_log: [120484087,-1,]
03-14 04:11:01.244 10281 10281 I wm_on_resume_called: [9597009,com.android.settings.Settings,RESUME_ACTIVITY]
03-14 04:11:01.245 10281 10281 I sysui_multi_action: [757,744,758,1,833,0,1089,56]
03-14 04:11:01.248 1523 2461 W FreeFormWindowHelper: Current Display FreeFormTask is null
03-14 04:11:01.250 10281 10281 I sysui_multi_action: [757,1729,758,4,854,isParalleledControllers:false,1089,61]
03-14 04:11:01.251 10281 10281 I sysui_multi_action: [757,35,758,1,833,0,1089,27]
03-14 04:11:01.252 10281 10281 I sysui_multi_action: [757,1729,758,4,854,isParalleledControllers:false,1089,28]
03-14 04:11:01.258 1523 1671 W BatteryExternalStatsWorker: error reading modem stats:ERROR_PHONE_NOT_AVAILABLE
03-14 04:11:01.258 10281 10281 I wm_on_top_resumed_gained_called: [9597009,com.android.settings.Settings,topStateChangedWhenResumed]
03-14 04:11:01.270 1523 1671 E KernelCpuSpeedReader: Failed to read cpu-freq: /sys/devices/system/cpu/cpu4/cpufreq/stats/time_in_state: open failed: ENOENT (No such file or directory)
03-14 04:11:01.270 1523 1671 E KernelCpuSpeedReader: Failed to read cpu-freq: /sys/devices/system/cpu/cpu0/cpufreq/stats/time_in_state: open failed: ENOENT (No such file or directory)
03-14 04:11:01.267 568 568 I auditd : type=1400 audit(0.0:2708): avc: denied { read } for comm="Binder:568_2" name="wakeup58" dev="sysfs" ino=71923 scontext=u:r:system_suspend:s0 tcontext=u:object_r:sysfs:s0 tclass=dir permissive=0
03-14 04:11:01.267 568 568 I auditd : type=1400 audit(0.0:2709): avc: denied { read } for comm="Binder:568_2" name="wakeup4" dev="sysfs" ino=47054 scontext=u:r:system_suspend:s0 tcontext=u:object_r:sysfs:s0 tclass=dir permissive=0
03-14 04:11:01.267 568 568 I auditd : type=1400 audit(0.0:2710): avc: denied { read } for comm="Binder:568_2" name="wakeup28" dev="sysfs" ino=53259 scontext=u:r:system_suspend:s0 tcontext=u:object_r:sysfs:s0 tclass=dir permissive=0
03-14 04:11:01.267 568 568 I auditd : type=1400 audit(0.0:2711): avc: denied { read } for comm="Binder:568_2" name="wakeup56" dev="sysfs" ino=71851 scontext=u:r:system_suspend:s0 tcontext=u:object_r:sysfs:s0 tclass=dir permissive=0
03-14 04:11:01.267 568 568 I auditd : type=1400 audit(0.0:2712): avc: denied { read } for comm="Binder:568_2" name="wakeup2" dev="sysfs" ino=46578 scontext=u:r:system_suspend:s0 tcontext=u:object_r:sysfs:s0 tclass=dir permissive=0
03-14 04:11:01.267 568 568 I auditd : type=1400 audit(0.0:2713): avc: denied { read } for comm="Binder:568_2" name="wakeup74" dev="sysfs" ino=76716 scontext=u:r:system_suspend:s0 tcontext=u:object_r:sysfs:s0 tclass=dir permissive=0
03-14 04:11:01.267 568 568 I auditd : type=1400 audit(0.0:2714): avc: denied { read } for comm="Binder:568_2" name="wakeup36" dev="sysfs" ino=62492 scontext=u:r:system_suspend:s0 tcontext=u:object_r:sysfs:s0 tclass=dir permissive=0
03-14 04:11:01.267 568 568 I auditd : type=1400 audit(0.0:2715): avc: denied { read } for comm="Binder:568_2" name="wakeup64" dev="sysfs" ino=72151 scontext=u:r:system_suspend:s0 tcontext=u:object_r:sysfs:s0 tclass=dir permissive=0
01-01 12:53:10.236 0 0 W audit : audit_lost=1457 audit_rate_limit=5 audit_backlog_limit=64
01-01 12:53:10.236 0 0 E audit : rate limit exceeded
03-14 04:11:01.290 1523 1671 D KernelCpuUidUserSysTimeReader: Removing uids 99000-99000
03-14 04:11:01.306 1523 1671 W BatteryExternalStatsWorker: error reading modem stats:ERROR_PHONE_NOT_AVAILABLE
03-14 04:11:01.308 1523 1671 E KernelCpuSpeedReader: Failed to read cpu-freq: /sys/devices/system/cpu/cpu4/cpufreq/stats/time_in_state: open failed: ENOENT (No such file or directory)
03-14 04:11:01.308 1523 1671 E KernelCpuSpeedReader: Failed to read cpu-freq: /sys/devices/system/cpu/cpu0/cpufreq/stats/time_in_state: open failed: ENOENT (No such file or directory)
03-14 04:11:01.316 1523 1654 I input_focus: [Focus request 7edef93 com.android.settings/com.android.settings.Settings,reason=UpdateInputWindows]
01-01 12:53:10.297 0 0 I binder : 10281:10299 ioctl 40046210 7617f821f4 returned -22
03-14 04:11:01.360 1523 1654 I sysui_multi_action: [324,1,757,1090,758,13,806,com.android.settings,871,com.android.settings.Settings,1091,718380]
03-14 04:11:01.362 1523 1650 I sysui_multi_action: [319,718011,321,717986,322,718380,325,492,757,761,758,8,759,1,806,com.android.settings,871,com.android.settings.Settings,904,com.android.launcher3,905,0,945,717987,1320,4,1321,1]
03-14 04:11:01.363 1523 1650 I wm_activity_launch_time: [0,9597009,com.android.settings/.Settings,718380]
03-14 04:11:01.369 1523 1996 I input_focus: [Focus entering 7edef93 com.android.settings/com.android.settings.Settings (server),reason=Window became focusable. Previous reason: NOT_VISIBLE]
03-14 04:11:01.402 1523 8272 I wm_stop_activity: [0,233904099,com.tencent.android.qqdownloader/com.tencent.pangu.activity.DownloadActivity]
03-14 04:11:01.402 1523 8272 I wm_stop_activity: [0,31544979,com.tencent.android.qqdownloader/com.tencent.pangu.activity.InstallerListenerActivity]
03-14 04:11:01.403 1523 8272 I wm_stop_activity: [0,204038234,com.tencent.android.qqdownloader/com.tencent.pangu.activity.InstallerListenerActivity]
03-14 04:11:01.403 1523 8272 I wm_stop_activity: [0,173550321,com.tencent.android.qqdownloader/com.tencent.pangu.activity.InstallerListenerActivity]
03-14 04:11:01.403 1523 8272 I wm_stop_activity: [0,259568225,com.tencent.android.qqdownloader/com.tencent.pangu.activity.InstallerListenerActivity]
03-14 04:11:01.403 1523 8272 I wm_stop_activity: [0,62681421,com.tencent.android.qqdownloader/com.tencent.pangu.activity.InstallerListenerActivity]
03-14 04:11:01.415 8328 8328 I wm_on_stop_called: [233904099,com.tencent.pangu.activity.DownloadActivity,STOP_ACTIVITY_ITEM]
03-14 04:11:01.416 8328 8328 I wm_on_stop_called: [31544979,com.tencent.pangu.activity.InstallerListenerActivity,STOP_ACTIVITY_ITEM]
03-14 04:11:01.417 8328 8328 I wm_on_stop_called: [204038234,com.tencent.pangu.activity.InstallerListenerActivity,STOP_ACTIVITY_ITEM]
03-14 04:11:01.421 8328 8328 I wm_on_stop_called: [173550321,com.tencent.pangu.activity.InstallerListenerActivity,STOP_ACTIVITY_ITEM]
03-14 04:11:01.422 8328 8328 I wm_on_stop_called: [259568225,com.tencent.pangu.activity.InstallerListenerActivity,STOP_ACTIVITY_ITEM]
03-14 04:11:01.423 8328 8328 I wm_on_stop_called: [62681421,com.tencent.pangu.activity.InstallerListenerActivity,STOP_ACTIVITY_ITEM]
03-14 04:11:01.426 1523 1661 W UsageStatsService: Unexpected activity event reported! (com.tencent.android.qqdownloader/com.tencent.pangu.activity.DownloadActivity event : 23 instanceId : 177107986)
03-14 04:11:01.426 1523 1661 W UsageStatsService: Unexpected activity event reported! (com.tencent.android.qqdownloader/com.tencent.pangu.activity.InstallerListenerActivity event : 23 instanceId : 258250852)
03-14 04:11:01.452 1523 8272 D CompatibilityChangeReporter: Compat change id reported: 157929241; UID 1000; state: LOGGED
03-14 04:11:01.477 10281 10281 I sysui_multi_action: [757,744,758,2,1089,232]
03-14 04:11:01.498 1523 3624 E UserRestrictionsUtils: Unknown restriction queried by uid 1000 (com.thundercomm.microsettings et al): null
03-14 04:11:01.507 10281 10281 I sysui_multi_action: [757,808,758,1,833,0,1089,27]
03-14 04:11:01.669 1523 1653 I wm_destroy_activity: [0,97110639,20,com.android.settings/.Settings$ManageAppExternalSourcesActivity,finish-imm:idle]
03-14 04:11:01.669 1523 1653 I wm_stop_activity: [0,185896118,com.android.packageinstaller/.DeleteStagedFileOnResult]
03-14 04:11:01.669 1523 1653 I wm_stop_activity: [0,123763887,com.android.packageinstaller/.PackageInstallerActivity]
03-14 04:11:01.669 4122 4122 I wm_on_stop_called: [185896118,com.android.packageinstaller.DeleteStagedFileOnResult,STOP_ACTIVITY_ITEM]
03-14 04:11:01.669 1523 1653 I wm_stop_activity: [0,102823060,com.android.packageinstaller/.DeleteStagedFileOnResult]
03-14 04:11:01.670 1523 1653 I wm_stop_activity: [0,204588163,com.android.packageinstaller/.PackageInstallerActivity]
03-14 04:11:01.670 1523 3624 W WindowManager: Failed looking up window session=Session{8e4cf45 2371:u0a10078} callers=com.android.server.wm.WindowManagerService.windowForClientLocked:5628 com.android.server.wm.WindowManagerService.relayoutWindow:2229 com.android.server.wm.Session.relayout:235
03-14 04:11:01.671 10281 10281 I wm_on_destroy_called: [97110639,com.android.settings.Settings$ManageAppExternalSourcesActivity,performDestroy]
03-14 04:11:01.671 1523 2461 W WindowManager: Failed looking up window session=Session{8e4cf45 2371:u0a10078} callers=com.android.server.wm.WindowManagerService.windowForClientLocked:5628 com.android.server.wm.WindowManagerService.removeWindow:2033 com.android.server.wm.Session.remove:218
03-14 04:11:01.685 4122 4122 I wm_on_stop_called: [123763887,com.android.packageinstaller.PackageInstallerActivity,STOP_ACTIVITY_ITEM]
03-14 04:11:01.686 4122 4122 I wm_on_stop_called: [102823060,com.android.packageinstaller.DeleteStagedFileOnResult,STOP_ACTIVITY_ITEM]
03-14 04:11:01.686 4122 4122 I wm_on_stop_called: [204588163,com.android.packageinstaller.PackageInstallerActivity,STOP_ACTIVITY_ITEM]
03-14 04:11:01.687 1523 1661 W UsageStatsService: Unexpected activity event reported! (com.android.packageinstaller/com.android.packageinstaller.DeleteStagedFileOnResult event : 23 instanceId : 205798481)
03-14 04:11:02.330 1523 1996 I input_interaction: Interaction with: 7edef93 com.android.settings/com.android.settings.Settings (server), edge-swipe (server), swipe-up (server), PointerEventDispatcher0 (server),
03-14 04:11:02.480 10281 10281 I sysui_multi_action: [757,830,758,4,833,0,854,external_sources_settings_switch,1089,0]
03-14 04:11:03.020 1523 2461 I thunderperf: PlatormCompat.setOverrides: Uid1=10031 Pid1=4122 Uid2=10031 Pid2=4122
03-14 04:11:03.020 1523 2461 I thunderperf: PlatormCompat.setOverrides: needCheck:false
03-14 04:11:03.020 1523 2461 I thunderperf: CompatConfig.addOverrideUnsafe: bef-state=1
03-14 04:11:03.020 1523 2461 E thunderperf: CompatConfig.addOverrideUnsafe: exception:java.lang.SecurityException: Cannot override a change on a non-debuggable app and user build.
03-14 04:11:03.020 1523 2461 I thunderperf: CompatConfig.addOverrideUnsafe: aft-state=1
03-14 04:11:03.021 1523 2461 I thunderperf: CompatConfig.addOverrideUnsafe: bef-state=1
03-14 04:11:03.021 1523 2461 E thunderperf: CompatConfig.addOverrideUnsafe: exception:java.lang.SecurityException: Cannot override a change on a non-debuggable app and user build.
03-14 04:11:03.021 1523 2461 I thunderperf: CompatConfig.addOverrideUnsafe: aft-state=1
03-14 04:11:03.021 1523 2461 I thunderperf: CompatConfig.addOverrideUnsafe: bef-state=1
03-14 04:11:03.021 1523 2461 E thunderperf: CompatConfig.addOverrideUnsafe: exception:java.lang.SecurityException: Cannot override a change on a non-debuggable app and user build.
03-14 04:11:03.021 1523 2461 I thunderperf: CompatConfig.addOverrideUnsafe: aft-state=1
03-14 04:11:03.021 1523 2461 I thunderperf: CompatConfig.addOverrideUnsafe: bef-state=1
03-14 04:11:03.021 1523 2461 E thunderperf: CompatConfig.addOverrideUnsafe: exception:java.lang.SecurityException: Cannot override a change on a non-debuggable app and user build.
03-14 04:11:03.021 1523 2461 I thunderperf: CompatConfig.addOverrideUnsafe: aft-state=1
03-14 04:11:03.021 1523 2461 I thunderperf: CompatConfig.addOverrideUnsafe: bef-state=1
03-14 04:11:03.022 1523 2461 E thunderperf: CompatConfig.addOverrideUnsafe: exception:java.lang.SecurityException: Cannot override a change on a non-debuggable app and user build.
03-14 04:11:03.022 1523 2461 I thunderperf: CompatConfig.addOverrideUnsafe: aft-state=1
03-14 04:11:03.022 1523 2461 I thunderperf: CompatConfig.addOverrideUnsafe: bef-state=1
03-14 04:11:03.022 1523 2461 E thunderperf: CompatConfig.addOverrideUnsafe: exception:java.lang.SecurityException: Cannot override a change on a non-debuggable app and user build.
03-14 04:11:03.022 1523 2461 I thunderperf: CompatConfig.addOverrideUnsafe: aft-state=1
03-14 04:11:03.022 1523 2461 I thunderperf: CompatConfig.addOverrideUnsafe: bef-state=1
03-14 04:11:03.022 1523 2461 E thunderperf: CompatConfig.addOverrideUnsafe: exception:java.lang.SecurityException: Cannot override a change on a non-debuggable app and user build.
03-14 04:11:03.022 1523 2461 I thunderperf: CompatConfig.addOverrideUnsafe: aft-state=1
03-14 04:11:03.022 1523 2461 I thunderperf: CompatConfig.addOverrideUnsafe: bef-state=1
03-14 04:11:03.022 1523 2461 E thunderperf: CompatConfig.addOverrideUnsafe: exception:java.lang.SecurityException: Cannot override a change on a non-debuggable app and user build.
03-14 04:11:03.022 1523 2461 I thunderperf: CompatConfig.addOverrideUnsafe: aft-state=1
03-14 04:11:03.023 1523 2461 I thunderperf: CompatConfig.addOverrideUnsafe: bef-state=1
03-14 04:11:03.023 1523 2461 E thunderperf: CompatConfig.addOverrideUnsafe: exception:java.lang.SecurityException: Cannot override a change on a non-debuggable app and user build.
03-14 04:11:03.023 1523 2461 I thunderperf: CompatConfig.addOverrideUnsafe: aft-state=1
03-14 04:11:03.023 1523 2461 I thunderperf: CompatConfig.addOverrideUnsafe: bef-state=1
03-14 04:11:03.023 1523 2461 E thunderperf: CompatConfig.addOverrideUnsafe: exception:java.lang.SecurityException: Cannot override a change on a non-debuggable app and user build.
03-14 04:11:03.023 1523 2461 I thunderperf: CompatConfig.addOverrideUnsafe: aft-state=1
03-14 04:11:03.023 1523 2461 I thunderperf: CompatConfig.addOverrideUnsafe: bef-state=1
03-14 04:11:03.023 1523 2461 E thunderperf: CompatConfig.addOverrideUnsafe: exception:java.lang.SecurityException: Cannot override a change on a non-debuggable app and user build.
03-14 04:11:03.023 1523 2461 I thunderperf: CompatConfig.addOverrideUnsafe: aft-state=1
03-14 04:11:03.023 1523 2461 I thunderperf: CompatConfig.addOverrideUnsafe: bef-state=1
03-14 04:11:03.023 1523 2461 E thunderperf: CompatConfig.addOverrideUnsafe: exception:java.lang.SecurityException: Cannot override a change on a non-debuggable app and user build.
03-14 04:11:03.023 1523 2461 I thunderperf: CompatConfig.addOverrideUnsafe: aft-state=1
03-14 04:11:03.024 1523 2461 I thunderperf: CompatConfig.addOverrideUnsafe: bef-state=1
03-14 04:11:03.024 1523 2461 E thunderperf: CompatConfig.addOverrideUnsafe: exception:java.lang.SecurityException: Cannot override a change on a non-debuggable app and user build.
03-14 04:11:03.024 1523 2461 I thunderperf: CompatConfig.addOverrideUnsafe: aft-state=1
03-14 04:11:03.024 1523 2461 I thunderperf: CompatConfig.addOverrideUnsafe: bef-state=1
03-14 04:11:03.024 1523 2461 E thunderperf: CompatConfig.addOverrideUnsafe: exception:java.lang.SecurityException: Cannot override a change on a non-debuggable app and user build.
03-14 04:11:03.024 1523 2461 I thunderperf: CompatConfig.addOverrideUnsafe: aft-state=1
03-14 04:11:03.025 1523 2461 I ActivityTaskManager: START u0 {act=android.intent.action.VIEW dat=file:///data/user_de/0/com.android.packageinstaller/no_backup/package4678142499875915968.apk flg=0x30000 cmp=com.android.packageinstaller/.PackageInstallerActivity (has extras)} from uid 10031
03-14 04:11:03.025 1523 2461 W ActivityTaskManager: Background activity start [callingPackage: com.android.packageinstaller; callingUid: 10031; appSwitchAllowed: true; isCallingUidForeground: false; callingUidHasAnyVisibleWindow: false; callingUidProcState: LAST_ACTIVITY; isCallingUidPersistentSystemProcess: false; realCallingUid: 10031; isRealCallingUidForeground: false; realCallingUidHasAnyVisibleWindow: false; realCallingUidProcState: LAST_ACTIVITY; isRealCallingUidPersistentSystemProcess: false; originatingPendingIntent: null; allowBackgroundActivityStart: false; intent: Intent { act=android.intent.action.VIEW dat=file:///data/user_de/0/com.android.packageinstaller/no_backup/package4678142499875915968.apk flg=0x30000 cmp=com.android.packageinstaller/.PackageInstallerActivity (has extras) }; callerApp: ProcessRecord{544f278 4122:com.android.packageinstaller/u0a31}; inVisibleTask: false]
03-14 04:11:03.025 1523 2461 I sysui_multi_action: [757,1513,758,4,805,1678738263025,1514,10031,1515,com.android.packageinstaller,1516,1014,1517,0,1518,10031,1519,1014,1520,0,1526,com.android.packageinstaller/.PackageInstallerActivity,1527,0,1528,android.intent.action.VIEW,1529,com.android.packageinstaller,1530,1014,1531,0,1532,0,1533,0,1534,0,1535,0,1536,0,1539,1355]
03-14 04:11:03.026 1523 2461 I wm_new_intent: [0,204588163,20,com.android.packageinstaller/.PackageInstallerActivity,android.intent.action.VIEW,NULL,file:///data/user_de/0/com.android.packageinstaller/no_backup/package4678142499875915968.apk,65536]
03-14 04:11:03.270 1523 2295 I netstats_mobile_sample: [0,0,0,0,0,0,0,0,0,0,0,0,1678738263269]
03-14 04:11:03.270 1523 2295 I netstats_wifi_sample: [965885474,751002,16675344,222942,965885474,751002,16675344,222942,972301078,786589,14703956,217946,1678738263269]
03-14 04:11:03.655 0 0 I auditd : type=1400 audit(0.0:2809): avc: denied { kill } for comm="swapper/5" capability=5 scontext=u:r:kernel:s0 tcontext=u:r:kernel:s0 tclass=capability permissive=0
03-14 04:11:03.846 10281 10281 I view_enqueue_input_event: [Motion - Cancel,com.android.settings/com.android.settings.Settings]
03-14 04:11:03.857 1523 1996 I input_interaction: Interaction with: edge-swipe (server), swipe-up (server), PointerEventDispatcher0 (server),
03-14 04:11:04.022 1523 10131 I sysui_multi_action: [757,803,799,key_back_press,802,1]
03-14 04:11:04.025 1523 1996 I input_interaction: Interaction with: 7edef93 com.android.settings/com.android.settings.Settings (server), PointerEventDispatcher0 (server),
03-14 04:11:04.034 1523 8272 I ActivityTaskManager: moveTaskToBack: Task{e172242 #11 type=standard A=1000:com.android.settings.root U=0 visible=true mode=fullscreen translucent=false sz=1}
03-14 04:11:04.034 1523 8272 I wm_task_moved: [11,0,0]
03-14 04:11:04.036 1523 8272 I wm_focused_root_task: [0,0,20,11,moveTaskToBackLocked]
03-14 04:11:04.036 1523 8272 I ActivityTaskManager: The Process com.android.packageinstaller Already Exists in BG. So sending its PID: 4122
03-14 04:11:04.037 1523 8272 W ActivityTaskManager: Tried to set launchTime (0) < mLastActivityLaunchTime (1194734)
03-14 04:11:04.040 1523 8272 I wm_restart_activity: [0,31862049,20,com.android.packageinstaller/.InstallStaging]
03-14 04:11:04.041 1523 8272 I ActivityTaskManager: The Process com.android.packageinstaller Already Exists in BG. So sending its PID: 4122
03-14 04:11:04.041 1523 8272 W ActivityTaskManager: Tried to set launchTime (0) < mLastActivityLaunchTime (1213986)
03-14 04:11:04.042 1523 8272 I wm_restart_activity: [0,60565993,20,com.android.packageinstaller/.InstallStart]
03-14 04:11:04.043 1523 8272 I ActivityTaskManager: The Process com.android.packageinstaller Already Exists in BG. So sending its PID: 4122
03-14 04:11:04.043 1523 8272 W ActivityTaskManager: Tried to set launchTime (0) < mLastActivityLaunchTime (1213988)
03-14 04:11:04.044 1523 8272 I wm_restart_activity: [0,75330993,20,com.android.packageinstaller/.InstallStart]
03-14 04:11:04.046 1523 8272 I wm_add_to_stopping: [0,9597009,com.android.settings/.Settings,makeInvisible]
03-14 04:11:04.048 1523 8272 I wm_pause_activity: [0,9597009,com.android.settings/.Settings,userLeaving=false,pauseBackTasks]
03-14 04:11:04.049 10281 10281 I wm_on_top_resumed_lost_called: [9597009,com.android.settings.Settings,topStateChangedWhenResumed]
03-14 04:11:04.052 10281 10281 I sysui_multi_action: [757,35,758,2,1089,2801]
03-14 04:11:04.054 10281 10281 I sysui_multi_action: [757,808,758,2,1089,2546]
03-14 04:11:04.054 10281 10281 I wm_on_paused_called: [9597009,com.android.settings.Settings,performPause]
03-14 04:11:04.055 1523 2461 I ActivityTaskManager: FOREGROUND_APPLICATION_CHANGED to com.android.packageinstaller.PackageInstallerActivity
03-14 04:11:04.057 1523 2461 I wm_set_resumed_activity: [0,com.android.packageinstaller/.PackageInstallerActivity,resumeTopActivityInnerLocked]
03-14 04:11:04.057 1523 1996 I input_focus: [Focus leaving 7edef93 com.android.settings/com.android.settings.Settings (server),reason=NO_WINDOW]
03-14 04:11:04.060 1523 2461 I wm_resume_activity: [0,204588163,20,com.android.packageinstaller/.PackageInstallerActivity]
03-14 04:11:04.067 1523 1653 I sysui_multi_action: [757,803,799,window_time_0,802,3]
03-14 04:11:04.070 8328 8328 I wm_on_restart_called: [62681421,com.tencent.pangu.activity.InstallerListenerActivity,performRestartActivity]
03-14 04:11:04.071 8328 8328 I wm_on_start_called: [62681421,com.tencent.pangu.activity.InstallerListenerActivity,handleStartActivity]
03-14 04:11:04.074 4122 4122 I wm_on_create_called: [31862049,com.android.packageinstaller.InstallStaging,performCreate]
03-14 04:11:04.074 4122 4122 I wm_on_start_called: [31862049,com.android.packageinstaller.InstallStaging,handleStartActivity]
03-14 04:11:04.075 4122 4122 I wm_on_resume_called: [31862049,com.android.packageinstaller.InstallStaging,LIFECYCLER_RESUME_ACTIVITY]
03-14 04:11:04.078 4122 4122 I wm_on_paused_called: [31862049,com.android.packageinstaller.InstallStaging,performPause]
03-14 04:11:04.080 8328 8328 I wm_on_restart_called: [259568225,com.tencent.pangu.activity.InstallerListenerActivity,performRestartActivity]
03-14 04:11:04.080 8328 8328 I wm_on_start_called: [259568225,com.tencent.pangu.activity.InstallerListenerActivity,handleStartActivity]
03-14 04:11:04.081 8328 8328 I wm_on_restart_called: [173550321,com.tencent.pangu.activity.InstallerListenerActivity,performRestartActivity]
03-14 04:11:04.081 8328 8328 I wm_on_start_called: [173550321,com.tencent.pangu.activity.InstallerListenerActivity,handleStartActivity]
03-14 04:11:04.082 8328 8328 I wm_on_restart_called: [204038234,com.tencent.pangu.activity.InstallerListenerActivity,performRestartActivity]
03-14 04:11:04.082 8328 8328 I wm_on_start_called: [204038234,com.tencent.pangu.activity.InstallerListenerActivity,handleStartActivity]
03-14 04:11:04.082 8328 8328 I wm_on_restart_called: [31544979,com.tencent.pangu.activity.InstallerListenerActivity,performRestartActivity]
03-14 04:11:04.082 1523 2953 I thunderperf: PlatormCompat.setOverrides: Uid1=10031 Pid1=4122 Uid2=10031 Pid2=4122
03-14 04:11:04.082 1523 2953 I thunderperf: PlatormCompat.setOverrides: needCheck:false
03-14 04:11:04.083 1523 2953 I thunderperf: CompatConfig.addOverrideUnsafe: bef-state=1
03-14 04:11:04.083 8328 8328 I wm_on_start_called: [31544979,com.tencent.pangu.activity.InstallerListenerActivity,handleStartActivity]
03-14 04:11:04.083 1523 2953 E thunderperf: CompatConfig.addOverrideUnsafe: exception:java.lang.SecurityException: Cannot override a change on a non-debuggable app and user build.
03-14 04:11:04.083 1523 2953 I thunderperf: CompatConfig.addOverrideUnsafe: aft-state=1
03-14 04:11:04.083 1523 2953 I thunderperf: CompatConfig.addOverrideUnsafe: bef-state=1
03-14 04:11:04.083 1523 2953 E thunderperf: CompatConfig.addOverrideUnsafe: exception:java.lang.SecurityException: Cannot override a change on a non-debuggable app and user build.
03-14 04:11:04.083 1523 2953 I thunderperf: CompatConfig.addOverrideUnsafe: aft-state=1
03-14 04:11:04.083 1523 2953 I thunderperf: CompatConfig.addOverrideUnsafe: bef-state=1
03-14 04:11:04.084 1523 2953 E thunderperf: CompatConfig.addOverrideUnsafe: exception:java.lang.SecurityException: Cannot override a change on a non-debuggable app and user build.
03-14 04:11:04.084 1523 2953 I thunderperf: CompatConfig.addOverrideUnsafe: aft-state=1
03-14 04:11:04.084 1523 2953 I thunderperf: CompatConfig.addOverrideUnsafe: bef-state=1
03-14 04:11:04.084 1523 2953 E thunderperf: CompatConfig.addOverrideUnsafe: exception:java.lang.SecurityException: Cannot override a change on a non-debuggable app and user build.
03-14 04:11:04.084 1523 2953 I thunderperf: CompatConfig.addOverrideUnsafe: aft-state=1
03-14 04:11:04.083 8328 8328 I wm_on_restart_called: [233904099,com.tencent.pangu.activity.DownloadActivity,performRestartActivity]
03-14 04:11:04.084 1523 2953 I thunderperf: CompatConfig.addOverrideUnsafe: bef-state=1
03-14 04:11:04.084 1523 2953 E thunderperf: CompatConfig.addOverrideUnsafe: exception:java.lang.SecurityException: Cannot override a change on a non-debuggable app and user build.
03-14 04:11:04.084 1523 2953 I thunderperf: CompatConfig.addOverrideUnsafe: aft-state=1
03-14 04:11:04.085 1523 2953 I thunderperf: CompatConfig.addOverrideUnsafe: bef-state=1
03-14 04:11:04.085 1523 2953 E thunderperf: CompatConfig.addOverrideUnsafe: exception:java.lang.SecurityException: Cannot override a change on a non-debuggable app and user build.
03-14 04:11:04.085 1523 2953 I thunderperf: CompatConfig.addOverrideUnsafe: aft-state=1
03-14 04:11:04.085 1523 2953 I thunderperf: CompatConfig.addOverrideUnsafe: bef-state=1
03-14 04:11:04.085 1523 2953 E thunderperf: CompatConfig.addOverrideUnsafe: exception:java.lang.SecurityException: Cannot override a change on a non-debuggable app and user build.
03-14 04:11:04.085 1523 2953 I thunderperf: CompatConfig.addOverrideUnsafe: aft-state=1
03-14 04:11:04.085 1523 2953 I thunderperf: CompatConfig.addOverrideUnsafe: bef-state=1
03-14 04:11:04.086 1523 2953 E thunderperf: CompatConfig.addOverrideUnsafe: exception:java.lang.SecurityException: Cannot override a change on a non-debuggable app and user build.
03-14 04:11:04.086 1523 2953 I thunderperf: CompatConfig.addOverrideUnsafe: aft-state=1
03-14 04:11:04.086 1523 2953 I thunderperf: CompatConfig.addOverrideUnsafe: bef-state=1
03-14 04:11:04.086 1523 2953 E thunderperf: CompatConfig.addOverrideUnsafe: exception:java.lang.SecurityException: Cannot override a change on a non-debuggable app and user build.
03-14 04:11:04.086 1523 2953 I thunderperf: CompatConfig.addOverrideUnsafe: aft-state=1
03-14 04:11:04.086 1523 2953 I thunderperf: CompatConfig.addOverrideUnsafe: bef-state=1
03-14 04:11:04.086 1523 2953 E thunderperf: CompatConfig.addOverrideUnsafe: exception:java.lang.SecurityException: Cannot override a change on a non-debuggable app and user build.
03-14 04:11:04.086 1523 2953 I thunderperf: CompatConfig.addOverrideUnsafe: aft-state=1
03-14 04:11:04.087 1523 2953 I thunderperf: CompatConfig.addOverrideUnsafe: bef-state=1
03-14 04:11:04.087 1523 2953 E thunderperf: CompatConfig.addOverrideUnsafe: exception:java.lang.SecurityException: Cannot override a change on a non-debuggable app and user build.
03-14 04:11:04.087 1523 2953 I thunderperf: CompatConfig.addOverrideUnsafe: aft-state=1
03-14 04:11:04.087 1523 2953 I thunderperf: CompatConfig.addOverrideUnsafe: bef-state=1
03-14 04:11:04.087 8328 8328 I wm_on_start_called: [233904099,com.tencent.pangu.activity.DownloadActivity,handleStartActivity]
03-14 04:11:04.087 1523 2953 E thunderperf: CompatConfig.addOverrideUnsafe: exception:java.lang.SecurityException: Cannot override a change on a non-debuggable app and user build.
03-14 04:11:04.087 1523 2953 I thunderperf: CompatConfig.addOverrideUnsafe: aft-state=1
03-14 04:11:04.087 1523 2953 I thunderperf: CompatConfig.addOverrideUnsafe: bef-state=1
03-14 04:11:04.088 1523 2953 E thunderperf: CompatConfig.addOverrideUnsafe: exception:java.lang.SecurityException: Cannot override a change on a non-debuggable app and user build.
03-14 04:11:04.088 1523 2953 I thunderperf: CompatConfig.addOverrideUnsafe: aft-state=1
03-14 04:11:04.088 1523 2953 I thunderperf: CompatConfig.addOverrideUnsafe: bef-state=1
03-14 04:11:04.088 1523 2953 E thunderperf: CompatConfig.addOverrideUnsafe: exception:java.lang.SecurityException: Cannot override a change on a non-debuggable app and user build.
03-14 04:11:04.088 1523 2953 I thunderperf: CompatConfig.addOverrideUnsafe: aft-state=1
03-14 04:11:04.093 1523 2953 I ActivityTaskManager: START u0 {act=android.intent.action.VIEW dat=content://com.tencent.pangu.fileprovider/external_path/Android/data/com.tencent.android.qqdownloader/files/tassistant/apk/com.tencent.qqlive_27133.apk typ=application/vnd.android.package-archive flg=0x2000001 cmp=com.android.packageinstaller/.InstallStaging (has extras)} from uid 10031
03-14 04:11:04.102 1523 2953 I wm_task_moved: [20,1,8]
03-14 04:11:04.102 1523 2953 I wm_task_to_front: [0,20]
03-14 04:11:04.103 1523 2953 I wm_set_resumed_activity: [0,com.android.packageinstaller/.PackageInstallerActivity,positionChildAt]
03-14 04:11:04.103 1523 2953 I wm_create_activity: [0,250516558,20,com.android.packageinstaller/.InstallStaging,android.intent.action.VIEW,application/vnd.android.package-archive,content://com.tencent.pangu.fileprovider/external_path/Android/data/com.tencent.android.qqdownloader/files/tassistant/apk/com.tencent.qqlive_27133.apk,33554433]
03-14 04:11:04.104 1523 2953 I wm_pause_activity: [0,204588163,com.android.packageinstaller/.PackageInstallerActivity,userLeaving=true,resumeTopActivityInnerLocked]
03-14 04:11:04.108 1523 2438 I wm_finish_activity: [0,60565993,20,com.android.packageinstaller/.InstallStart,app-request]
03-14 04:11:04.108 1523 2438 I wm_add_to_stopping: [0,60565993,com.android.packageinstaller/.InstallStart,completeFinishing]
03-14 04:11:04.112 4122 4122 I wm_on_create_called: [60565993,com.android.packageinstaller.InstallStart,performCreate]
03-14 04:11:04.118 1523 10131 I thunderperf: PlatormCompat.setOverrides: Uid1=10031 Pid1=4122 Uid2=10031 Pid2=4122
03-14 04:11:04.118 1523 10131 I thunderperf: PlatormCompat.setOverrides: needCheck:false
03-14 04:11:04.118 1523 10131 I thunderperf: CompatConfig.addOverrideUnsafe: bef-state=1
03-14 04:11:04.118 1523 10131 E thunderperf: CompatConfig.addOverrideUnsafe: exception:java.lang.SecurityException: Cannot override a change on a non-debuggable app and user build.
03-14 04:11:04.118 1523 10131 I thunderperf: CompatConfig.addOverrideUnsafe: aft-state=1
03-14 04:11:04.119 1523 10131 I thunderperf: CompatConfig.addOverrideUnsafe: bef-state=1
03-14 04:11:04.119 1523 10131 E thunderperf: CompatConfig.addOverrideUnsafe: exception:java.lang.SecurityException: Cannot override a change on a non-debuggable app and user build.
03-14 04:11:04.119 1523 10131 I thunderperf: CompatConfig.addOverrideUnsafe: aft-state=1
03-14 04:11:04.120 1523 10131 I thunderperf: CompatConfig.addOverrideUnsafe: bef-state=1
03-14 04:11:04.120 1523 10131 E thunderperf: CompatConfig.addOverrideUnsafe: exception:java.lang.SecurityException: Cannot override a change on a non-debuggable app and user build.
03-14 04:11:04.120 1523 10131 I thunderperf: CompatConfig.addOverrideUnsafe: aft-state=1
03-14 04:11:04.120 1523 10131 I thunderperf: CompatConfig.addOverrideUnsafe: bef-state=1
03-14 04:11:04.120 1523 10131 E thunderperf: CompatConfig.addOverrideUnsafe: exception:java.lang.SecurityException: Cannot override a change on a non-debuggable app and user build.
03-14 04:11:04.120 1523 10131 I thunderperf: CompatConfig.addOverrideUnsafe: aft-state=1
03-14 04:11:04.120 1523 10131 I thunderperf: CompatConfig.addOverrideUnsafe: bef-state=1
03-14 04:11:04.121 1523 10131 E thunderperf: CompatConfig.addOverrideUnsafe: exception:java.lang.SecurityException: Cannot override a change on a non-debuggable app and user build.
03-14 04:11:04.121 1523 10131 I thunderperf: CompatConfig.addOverrideUnsafe: aft-state=1
03-14 04:11:04.121 1523 10131 I thunderperf: CompatConfig.addOverrideUnsafe: bef-state=1
03-14 04:11:04.121 1523 10131 E thunderperf: CompatConfig.addOverrideUnsafe: exception:java.lang.SecurityException: Cannot override a change on a non-debuggable app and user build.
03-14 04:11:04.121 1523 10131 I thunderperf: CompatConfig.addOverrideUnsafe: aft-state=1
03-14 04:11:04.121 1523 10131 I thunderperf: CompatConfig.addOverrideUnsafe: bef-state=1
03-14 04:11:04.122 1523 10131 E thunderperf: CompatConfig.addOverrideUnsafe: exception:java.lang.SecurityException: Cannot override a change on a non-debuggable app and user build.
03-14 04:11:04.122 1523 10131 I thunderperf: CompatConfig.addOverrideUnsafe: aft-state=1
03-14 04:11:04.122 1523 10131 I thunderperf: CompatConfig.addOverrideUnsafe: bef-state=1
03-14 04:11:04.122 1523 10131 E thunderperf: CompatConfig.addOverrideUnsafe: exception:java.lang.SecurityException: Cannot override a change on a non-debuggable app and user build.
03-14 04:11:04.122 1523 10131 I thunderperf: CompatConfig.addOverrideUnsafe: aft-state=1
03-14 04:11:04.122 1523 10131 I thunderperf: CompatConfig.addOverrideUnsafe: bef-state=1
03-14 04:11:04.123 1523 10131 E thunderperf: CompatConfig.addOverrideUnsafe: exception:java.lang.SecurityException: Cannot override a change on a non-debuggable app and user build.
03-14 04:11:04.123 1523 10131 I thunderperf: CompatConfig.addOverrideUnsafe: aft-state=1
03-14 04:11:04.125 1523 10131 I thunderperf: CompatConfig.addOverrideUnsafe: bef-state=1
03-14 04:11:04.125 1523 10131 E thunderperf: CompatConfig.addOverrideUnsafe: exception:java.lang.SecurityException: Cannot override a change on a non-debuggable app and user build.
03-14 04:11:04.125 1523 10131 I thunderperf: CompatConfig.addOverrideUnsafe: aft-state=1
03-14 04:11:04.125 1523 10131 I thunderperf: CompatConfig.addOverrideUnsafe: bef-state=1
03-14 04:11:04.125 1523 10131 E thunderperf: CompatConfig.addOverrideUnsafe: exception:java.lang.SecurityException: Cannot override a change on a non-debuggable app and user build.
03-14 04:11:04.125 1523 10131 I thunderperf: CompatConfig.addOverrideUnsafe: aft-state=1
03-14 04:11:04.126 1523 10131 I thunderperf: CompatConfig.addOverrideUnsafe: bef-state=1
03-14 04:11:04.126 1523 10131 E thunderperf: CompatConfig.addOverrideUnsafe: exception:java.lang.SecurityException: Cannot override a change on a non-debuggable app and user build.
03-14 04:11:04.126 1523 10131 I thunderperf: CompatConfig.addOverrideUnsafe: aft-state=1
03-14 04:11:04.127 1523 10131 I thunderperf: CompatConfig.addOverrideUnsafe: bef-state=1
03-14 04:11:04.127 1523 10131 E thunderperf: CompatConfig.addOverrideUnsafe: exception:java.lang.SecurityException: Cannot override a change on a non-debuggable app and user build.
03-14 04:11:04.127 1523 10131 I thunderperf: CompatConfig.addOverrideUnsafe: aft-state=1
03-14 04:11:04.127 1523 10131 I thunderperf: CompatConfig.addOverrideUnsafe: bef-state=1
03-14 04:11:04.127 1523 10131 E thunderperf: CompatConfig.addOverrideUnsafe: exception:java.lang.SecurityException: Cannot override a change on a non-debuggable app and user build.
03-14 04:11:04.127 1523 10131 I thunderperf: CompatConfig.addOverrideUnsafe: aft-state=1
03-14 04:11:04.129 1523 10131 I ActivityTaskManager: START u0 {act=android.intent.action.VIEW dat=content://com.tencent.pangu.fileprovider/external_path/Android/data/com.tencent.android.qqdownloader/files/tassistant/apk/com.baidu.searchbox_116655488.apk typ=application/vnd.android.package-archive flg=0x2000001 cmp=com.android.packageinstaller/.InstallStaging (has extras)} from uid 10031
03-14 04:11:04.132 1523 10131 I wm_task_moved: [20,1,8]
03-14 04:11:04.132 1523 10131 I wm_create_activity: [0,228829018,20,com.android.packageinstaller/.InstallStaging,android.intent.action.VIEW,application/vnd.android.package-archive,content://com.tencent.pangu.fileprovider/external_path/Android/data/com.tencent.android.qqdownloader/files/tassistant/apk/com.baidu.searchbox_116655488.apk,33554433]
03-14 04:11:04.136 1523 10131 I wm_finish_activity: [0,75330993,20,com.android.packageinstaller/.InstallStart,app-request]
03-14 04:11:04.136 1523 10131 I wm_add_to_stopping: [0,75330993,com.android.packageinstaller/.InstallStart,completeFinishing]
03-14 04:11:04.138 4122 4122 I wm_on_create_called: [75330993,com.android.packageinstaller.InstallStart,performCreate]
03-14 04:11:04.139 4122 4122 I wm_on_restart_called: [102823060,com.android.packageinstaller.DeleteStagedFileOnResult,performRestartActivity]
03-14 04:11:04.139 4122 4122 I wm_on_start_called: [102823060,com.android.packageinstaller.DeleteStagedFileOnResult,handleStartActivity]
03-14 04:11:04.142 4122 4122 I wm_on_restart_called: [123763887,com.android.packageinstaller.PackageInstallerActivity,performRestartActivity]
03-14 04:11:04.142 4122 4122 I wm_on_start_called: [123763887,com.android.packageinstaller.PackageInstallerActivity,handleStartActivity]
03-14 04:11:04.143 4122 4122 I wm_on_restart_called: [185896118,com.android.packageinstaller.DeleteStagedFileOnResult,performRestartActivity]
