03-14 03:51:14.738 1523 1663 W ActivityManager: Slow operation: 54ms so far, now at startProcess: starting to update pids map
03-14 03:51:14.738 1523 1663 W ActivityManager: Slow operation: 54ms so far, now at startProcess: done updating pids map
03-14 03:51:14.738 1523 1663 W ActivityManager: Slow operation: 54ms so far, now at startProcess: asking zygote to start proc
03-14 03:51:14.738 1523 1663 W ActivityManager: com.thundercomm.microsettings inode == 0 (b/152760674)
03-14 03:51:14.738 1523 1523 W Looper : Slow delivery took 12820ms main h=android.app.PropertyInvalidatedCache$AutoCorker$1 c=null m=0
03-14 03:51:14.744 1523 1650 W QuotaTracker: Alarm not scheduled because boot isn't completed
03-14 03:51:14.744 1523 1523 D CompatibilityChangeReporter: Compat change id reported: 168419799; UID 1000; state: DISABLED
03-14 03:51:14.746 1523 1663 W ActivityManager: Slow operation: 62ms so far, now at startProcess: returned from zygote!
03-14 03:51:14.746 1523 1663 W ActivityManager: Slow operation: 62ms so far, now at startProcess: done updating battery stats
03-14 03:51:14.746 1523 1663 W ActivityManager: Slow operation: 62ms so far, now at startProcess: building log message
03-14 03:51:14.746 1523 1663 I ActivityManager: Start proc 2598:com.thundercomm.microsettings/1000 for added application com.thundercomm.microsettings
03-14 03:51:14.746 1523 1663 W ActivityManager: Slow operation: 62ms so far, now at startProcess: starting to update pids map
03-14 03:51:14.746 1523 1663 W ActivityManager: Slow operation: 62ms so far, now at startProcess: done updating pids map
03-14 03:51:14.746 1523 1663 W ActivityManager: Slow operation: 62ms so far, now at startProcess: asking zygote to start proc
03-14 03:51:14.746 1523 1663 W ActivityManager: com.qualcomm.qti.dynamicddsservice inode == 0 (b/152760674)
03-14 03:51:14.748 1523 1523 D ConditionProviders.SCP: onConnected
01-01 12:33:23.714 0 0 I binder : 1157:1157 ioctl 40046210 7fe4c52b04 returned -22
03-14 03:51:14.754 1523 1523 I GameModeConfig: isGameModeOn = false
03-14 03:51:14.754 1523 1523 D ConditionProviders: Subscribing to condition://android/event?userId=-10000&calendar=&reply=1 with ComponentInfo{android/com.android.server.notification.EventConditionProvider}
03-14 03:51:14.754 1523 1523 D ConditionProviders: Subscribing to condition://android/schedule?days=1.2.3.4.5.6.7&start=22.0&end=7.0&exitAtAlarm=true with ComponentInfo{android/com.android.server.notification.ScheduleConditionProvider}
03-14 03:51:14.759 1523 1663 W ActivityManager: Slow operation: 75ms so far, now at startProcess: returned from zygote!
03-14 03:51:14.759 1523 1663 W ActivityManager: Slow operation: 75ms so far, now at startProcess: done updating battery stats
03-14 03:51:14.759 1523 1663 W ActivityManager: Slow operation: 75ms so far, now at startProcess: building log message
03-14 03:51:14.759 1523 1663 I ActivityManager: Start proc 2609:.dataservices/1001 for added application .dataservices
03-14 03:51:14.759 1523 1663 W ActivityManager: Slow operation: 75ms so far, now at startProcess: starting to update pids map
03-14 03:51:14.759 1523 1663 W ActivityManager: Slow operation: 75ms so far, now at startProcess: done updating pids map
03-14 03:51:14.759 1523 1663 W ActivityManager: Slow operation: 74ms so far, now at startProcess: asking zygote to start proc
03-14 03:51:14.759 1523 1663 D CompatibilityChangeReporter: Compat change id reported: 143937733; UID 10057; state: DISABLED
03-14 03:51:14.759 1523 1663 W ActivityManager: vendor.qti.hardware.cacert.server inode == 0 (b/152760674)
01-01 12:33:23.723 0 0 I binder : 2598:2598 ioctl 40046210 7fd88fc494 returned -22
01-01 12:33:23.727 0 0 W perfetto: enabled ftrace
03-14 03:51:14.765 1523 1663 W ActivityManager: Slow operation: 80ms so far, now at startProcess: returned from zygote!
03-14 03:51:14.765 1523 1663 W ActivityManager: Slow operation: 80ms so far, now at startProcess: done updating battery stats
03-14 03:51:14.765 1523 1663 W ActivityManager: Slow operation: 80ms so far, now at startProcess: building log message
01-01 12:33:23.728 0 0 W F2FS-fs (dm-10): Unexpected flush for atomic writes: ino=1602, npages=3
03-14 03:51:14.765 1523 1663 I ActivityManager: Start proc 2626:.qtidataservices/u0a57 for added application .qtidataservices
03-14 03:51:14.765 1523 1663 W ActivityManager: Slow operation: 80ms so far, now at startProcess: starting to update pids map
03-14 03:51:14.766 1523 1663 W ActivityManager: Slow operation: 80ms so far, now at startProcess: done updating pids map
03-14 03:51:14.766 1523 1663 W ActivityManager: Slow operation: 81ms so far, now at startProcess: asking zygote to start proc
03-14 03:51:14.766 1523 1663 W ActivityManager: com.thundercomm.microsettings inode == 0 (b/152760674)
01-01 12:33:23.730 0 0 I binder : 2592:2592 ioctl 40046210 7fd88fc494 returned -22
03-14 03:51:14.771 1523 1618 D CompatibilityChangeReporter: Compat change id reported: 181136395; UID 1000; state: DISABLED
03-14 03:51:14.771 1523 1618 D CompatibilityChangeReporter: Compat change id reported: 174042936; UID 1000; state: DISABLED
03-14 03:51:14.775 1523 1930 D CompatibilityChangeReporter: Compat change id reported: 168419799; UID 1000; state: DISABLED
03-14 03:51:14.778 1523 2438 D CompatibilityChangeReporter: Compat change id reported: 135634846; UID 10074; state: DISABLED
03-14 03:51:14.778 1523 2438 D CompatibilityChangeReporter: Compat change id reported: 177438394; UID 10074; state: DISABLED
03-14 03:51:14.778 1523 2438 D CompatibilityChangeReporter: Compat change id reported: 135772972; UID 10074; state: DISABLED
03-14 03:51:14.779 1523 2438 D CompatibilityChangeReporter: Compat change id reported: 135754954; UID 10074; state: ENABLED
03-14 03:51:14.779 1523 1663 W ActivityManager: Slow operation: 94ms so far, now at startProcess: returned from zygote!
03-14 03:51:14.780 1523 2426 D CompatibilityChangeReporter: Compat change id reported: 135634846; UID 10062; state: DISABLED
03-14 03:51:14.780 1523 2426 D CompatibilityChangeReporter: Compat change id reported: 177438394; UID 10062; state: DISABLED
03-14 03:51:14.780 1523 2426 D CompatibilityChangeReporter: Compat change id reported: 135772972; UID 10062; state: DISABLED
03-14 03:51:14.780 1523 2426 D CompatibilityChangeReporter: Compat change id reported: 135754954; UID 10062; state: ENABLED
01-01 12:33:23.742 0 0 I binder : 2609:2609 ioctl 40046210 7fd88fc494 returned -22
03-14 03:51:14.783 1523 1663 W ActivityManager: Slow operation: 98ms so far, now at startProcess: done updating battery stats
03-14 03:51:14.783 1523 1663 W ActivityManager: Slow operation: 98ms so far, now at startProcess: building log message
03-14 03:51:14.783 1523 1663 I ActivityManager: Start proc 2640:com.thundercomm.tchttpserver/1000 for added application com.thundercomm.tchttpserver
03-14 03:51:14.783 1523 1663 W ActivityManager: Slow operation: 98ms so far, now at startProcess: starting to update pids map
03-14 03:51:14.783 1523 1663 W ActivityManager: Slow operation: 98ms so far, now at startProcess: done updating pids map
03-14 03:51:14.783 1523 1663 W ActivityManager: Slow operation: 97ms so far, now at startProcess: asking zygote to start proc
03-14 03:51:14.783 1523 1663 W ActivityManager: com.thundercomm.microsettings inode == 0 (b/152760674)
03-14 03:51:14.784 1523 2438 D CompatibilityChangeReporter: Compat change id reported: 168419799; UID 1001; state: DISABLED
03-14 03:51:14.788 1523 1663 W ActivityManager: Slow operation: 102ms so far, now at startProcess: returned from zygote!
03-14 03:51:14.789 1523 2438 D CompatibilityChangeReporter: Compat change id reported: 168419799; UID 1001; state: DISABLED
01-01 12:33:23.753 0 0 I binder : 2371:2652 ioctl 40046210 7604ea0124 returned -22
01-01 12:33:23.754 0 0 I binder : 2626:2626 ioctl 40046210 7fd88fc494 returned -22
03-14 03:51:14.790 1523 1663 W ActivityManager: Slow operation: 104ms so far, now at startProcess: done updating battery stats
03-14 03:51:14.790 1523 1663 W ActivityManager: Slow operation: 104ms so far, now at startProcess: building log message
03-14 03:51:14.790 1523 1663 I ActivityManager: Start proc 2659:com.tc.logclient/1000 for added application com.tc.logclient
03-14 03:51:14.790 1523 1663 W ActivityManager: Slow operation: 104ms so far, now at startProcess: starting to update pids map
03-14 03:51:14.791 1523 1663 W ActivityManager: Slow operation: 105ms so far, now at startProcess: done updating pids map
03-14 03:51:14.791 1523 1663 W ActivityManager: Slow operation: 105ms so far, now at startProcess: asking zygote to start proc
03-14 03:51:14.791 1523 1663 W ActivityManager: com.thundercomm.microsettings inode == 0 (b/152760674)
03-14 03:51:14.796 1523 2461 D CompatibilityChangeReporter: Compat change id reported: 168419799; UID 10057; state: DISABLED
03-14 03:51:14.804 1523 1663 W ActivityManager: Slow operation: 118ms so far, now at startProcess: returned from zygote!
03-14 03:51:14.804 1523 1663 W ActivityManager: Slow operation: 118ms so far, now at startProcess: done updating battery stats
03-14 03:51:14.804 1523 1663 W ActivityManager: Slow operation: 118ms so far, now at startProcess: building log message
03-14 03:51:14.804 1523 1663 I ActivityManager: Start proc 2678:com.thundercomm.tcsetupwizard/1000 for added application com.thundercomm.tcsetupwizard
03-14 03:51:14.804 1523 1663 W ActivityManager: Slow operation: 118ms so far, now at startProcess: starting to update pids map
03-14 03:51:14.804 1523 1663 W ActivityManager: Slow operation: 118ms so far, now at startProcess: done updating pids map
03-14 03:51:14.804 1523 1663 W ActivityManager: Slow operation: 118ms so far, now at startProcess: asking zygote to start proc
03-14 03:51:14.804 1523 1663 W ActivityManager: com.thundercomm.microsettings inode == 0 (b/152760674)
01-01 12:33:23.772 0 0 I binder : 2640:2640 ioctl 40046210 7fd88fc494 returned -22
03-14 03:51:14.812 1523 1663 W ActivityManager: Slow operation: 126ms so far, now at startProcess: returned from zygote!
03-14 03:51:14.813 1523 1663 W ActivityManager: Slow operation: 127ms so far, now at startProcess: done updating battery stats
03-14 03:51:14.813 1523 1663 W ActivityManager: Slow operation: 127ms so far, now at startProcess: building log message
03-14 03:51:14.813 1523 1663 I ActivityManager: Start proc 2693:vendor.qti.qesdk.sysservice/1000 for added application vendor.qti.qesdk.sysservice
03-14 03:51:14.813 1523 1663 W ActivityManager: Slow operation: 127ms so far, now at startProcess: starting to update pids map
03-14 03:51:14.813 1523 1663 W ActivityManager: Slow operation: 127ms so far, now at startProcess: done updating pids map
03-14 03:51:14.813 1523 1663 W ActivityManager: Slow operation: 126ms so far, now at startProcess: asking zygote to start proc
03-14 03:51:14.813 1523 1663 D CompatibilityChangeReporter: Compat change id reported: 143937733; UID 10080; state: DISABLED
03-14 03:51:14.813 1523 1663 W ActivityManager: com.qti.qualcomm.mstatssystemservice inode == 0 (b/152760674)
03-14 03:51:14.819 1523 2461 D CompatibilityChangeReporter: Compat change id reported: 168419799; UID 1000; state: DISABLED
03-14 03:51:14.821 2598 2598 W ContextImpl: Calling a method in the system process without a qualified user: android.app.ContextImpl.startService:1816 android.content.ContextWrapper.startService:774 com.thundercomm.microsettings.service.SettingsApplication.onCreate:30 android.app.Instrumentation.callApplicationOnCreate:1212 android.app.ActivityThread.handleBindApplication:6744
03-14 03:51:14.822 1523 2426 W ActivityManager: Unable to start service Intent { act=com.thundercomm.microsettings.SETTING_SERVICE pkg=com.thundercomm.microsettings } U=0: not found
01-01 12:33:23.782 0 0 I binder : 2659:2659 ioctl 40046210 7fd88fc494 returned -22
03-14 03:51:14.822 2598 2598 W ContextImpl: Calling a method in the system process without a qualified user: android.app.ContextImpl.startService:1816 android.content.ContextWrapper.startService:774 com.thundercomm.microsettings.service.SettingsApplication.onCreate:36 android.app.Instrumentation.callApplicationOnCreate:1212 android.app.ActivityThread.handleBindApplication:6744
03-14 03:51:14.823 1523 2461 W ActivityManager: Unable to start service Intent { act=com.thundercomm.microsettings.EOL_SERVICE pkg=com.thundercomm.microsettings } U=0: not found
03-14 03:51:14.825 1523 2461 D CompatibilityChangeReporter: Compat change id reported: 168419799; UID 1000; state: DISABLED
03-14 03:51:14.829 2598 2598 D MicroServiceManager: add linkToDeath
03-14 03:51:14.830 2598 2598 D MicroServiceManager: bindMicroService: called already get service
03-14 03:51:14.831 2598 2598 I MicroServiceManager: addCommonCallbackListener add listener
03-14 03:51:14.831 2598 2598 I MicroServiceManager: addConnectChangedListener add listener
03-14 03:51:14.834 1523 1663 W ActivityManager: Slow operation: 147ms so far, now at startProcess: returned from zygote!
01-01 12:33:23.807 0 0 I binder : 2678:2678 ioctl 40046210 7fd88fc494 returned -22
01-01 12:33:23.808 0 0 I binder : 2609:2730 ioctl 40046210 7612b009e4 returned -22
03-14 03:51:14.849 1523 1663 W ActivityManager: Slow operation: 162ms so far, now at startProcess: done updating battery stats
03-14 03:51:14.849 1523 1663 W ActivityManager: Slow operation: 162ms so far, now at startProcess: building log message
03-14 03:51:14.849 1523 1663 I ActivityManager: Start proc 2716:com.qti.qualcomm.mstatssystemservice/u0a80 for added application com.qti.qualcomm.mstatssystemservice
03-14 03:51:14.849 1523 1663 W ActivityManager: Slow operation: 162ms so far, now at startProcess: starting to update pids map
03-14 03:51:14.850 1523 1663 W ActivityManager: Slow operation: 163ms so far, now at startProcess: done updating pids map
03-14 03:51:14.850 1523 1663 W ActivityManager: Slow operation: 163ms so far, now at startProcess: asking zygote to start proc
03-14 03:51:14.850 1523 1663 W ActivityManager: com.android.se inode == 0 (b/152760674)
03-14 03:51:14.851 1523 1930 D CompatibilityChangeReporter: Compat change id reported: 168419799; UID 1000; state: DISABLED
01-01 12:33:23.818 0 0 I binder : 2693:2693 ioctl 40046210 7fd88fc494 returned -22
03-14 03:51:14.856 1523 1663 W ActivityManager: Slow operation: 169ms so far, now at startProcess: returned from zygote!
03-14 03:51:14.856 1523 1663 W ActivityManager: Slow operation: 169ms so far, now at startProcess: done updating battery stats
03-14 03:51:14.856 1523 1663 W ActivityManager: Slow operation: 169ms so far, now at startProcess: building log message
03-14 03:51:14.856 1523 1663 I ActivityManager: Start proc 2753:com.android.se/1068 for added application com.android.se
03-14 03:51:14.856 1523 1663 W ActivityManager: Slow operation: 169ms so far, now at startProcess: starting to update pids map
03-14 03:51:14.857 1523 1663 W ActivityManager: Slow operation: 169ms so far, now at startProcess: done updating pids map
03-14 03:51:14.857 1523 1663 W ActivityManager: Slow operation: 170ms so far, now at startProcess: asking zygote to start proc
03-14 03:51:14.857 1523 1663 W ActivityManager: com.thundercomm.microsettings inode == 0 (b/152760674)
01-01 12:33:23.822 0 0 I binder : 2716:2716 ioctl 40046210 7fd88fc494 returned -22
03-14 03:51:14.863 1523 2745 D CompatibilityChangeReporter: Compat change id reported: 168419799; UID 1000; state: DISABLED
03-14 03:51:14.867 1523 1930 D CompatibilityChangeReporter: Compat change id reported: 168419799; UID 10080; state: DISABLED
03-14 03:51:14.870 1523 1663 W ActivityManager: Slow operation: 183ms so far, now at startProcess: returned from zygote!
03-14 03:51:14.870 1523 1663 W ActivityManager: Slow operation: 183ms so far, now at startProcess: done updating battery stats
03-14 03:51:14.870 1523 1663 W ActivityManager: Slow operation: 183ms so far, now at startProcess: building log message
03-14 03:51:14.870 1523 1663 I ActivityManager: Start proc 2776:com.thundercomm.remotecontrolservice/1000 for added application com.thundercomm.remotecontrolservice
03-14 03:51:14.870 1523 1663 W ActivityManager: Slow operation: 183ms so far, now at startProcess: starting to update pids map
03-14 03:51:14.870 1523 1663 W ActivityManager: Slow operation: 183ms so far, now at startProcess: done updating pids map
03-14 03:51:14.870 1523 1663 W ActivityManager: Slow operation: 182ms so far, now at startProcess: asking zygote to start proc
03-14 03:51:14.870 1523 1663 W ActivityManager: com.thundercomm.microsettings inode == 0 (b/152760674)
03-14 03:51:14.876 1523 1663 W ActivityManager: Slow operation: 188ms so far, now at startProcess: returned from zygote!
03-14 03:51:14.876 1523 1663 W ActivityManager: Slow operation: 188ms so far, now at startProcess: done updating battery stats
03-14 03:51:14.876 1523 1663 W ActivityManager: Slow operation: 188ms so far, now at startProcess: building log message
03-14 03:51:14.876 1523 1663 I ActivityManager: Start proc 2783:com.thundercomm.tcservice/1000 for added application com.thundercomm.tcservice
03-14 03:51:14.876 1523 1663 W ActivityManager: Slow operation: 188ms so far, now at startProcess: starting to update pids map
03-14 03:51:14.876 1523 1663 W ActivityManager: Slow operation: 188ms so far, now at startProcess: done updating pids map
03-14 03:51:14.876 1523 1663 W ActivityManager: Slow operation: 188ms so far, now at startProcess: asking zygote to start proc
03-14 03:51:14.876 1523 1663 D CompatibilityChangeReporter: Compat change id reported: 143937733; UID 10061; state: ENABLED
03-14 03:51:14.876 1523 1663 W ActivityManager: com.qualcomm.qti.devicestatisticsservice inode == 0 (b/152760674)
03-14 03:51:14.887 1523 1663 W ActivityManager: Slow operation: 199ms so far, now at startProcess: returned from zygote!
03-14 03:51:14.887 1523 1663 W ActivityManager: Slow operation: 199ms so far, now at startProcess: done updating battery stats
03-14 03:51:14.887 1523 1663 W ActivityManager: Slow operation: 199ms so far, now at startProcess: building log message
03-14 03:51:14.887 1523 1663 I ActivityManager: Start proc 2798:com.qualcomm.qti.devicestatisticsservice/u0a61 for added application com.qualcomm.qti.devicestatisticsservice
03-14 03:51:14.887 1523 1663 W ActivityManager: Slow operation: 199ms so far, now at startProcess: starting to update pids map
03-14 03:51:14.888 1523 1663 W ActivityManager: Slow operation: 199ms so far, now at startProcess: done updating pids map
03-14 03:51:14.888 1523 1663 W ActivityManager: Slow operation: 199ms so far, now at startProcess: asking zygote to start proc
03-14 03:51:14.888 1523 1663 W ActivityManager: com.thundercomm.microsettings inode == 0 (b/152760674)
01-01 12:33:23.849 0 0 I binder : 2753:2753 ioctl 40046210 7fd88fc494 returned -22
03-14 03:51:14.892 1523 1663 W ActivityManager: Slow operation: 203ms so far, now at startProcess: returned from zygote!
03-14 03:51:14.893 1523 1663 W ActivityManager: Slow operation: 204ms so far, now at startProcess: done updating battery stats
03-14 03:51:14.893 1523 1663 W ActivityManager: Slow operation: 204ms so far, now at startProcess: building log message
03-14 03:51:14.893 1523 1663 I ActivityManager: Start proc 2817:com.qualcomm.qti.qdma/1000 for added application com.qualcomm.qti.qdma
03-14 03:51:14.893 1523 1663 W ActivityManager: Slow operation: 204ms so far, now at startProcess: starting to update pids map
03-14 03:51:14.893 1523 1663 W ActivityManager: Slow operation: 204ms so far, now at startProcess: done updating pids map
03-14 03:51:14.893 1523 1663 W ActivityManager: Slow operation: 165ms so far, now at startProcess: asking zygote to start proc
03-14 03:51:14.893 1523 1663 W ActivityManager: com.thundercomm.microsettings inode == 0 (b/152760674)
01-01 12:33:23.855 0 0 I binder : 2776:2776 ioctl 40046210 7fd88fc494 returned -22
01-01 12:33:23.858 0 0 I binder : 2783:2783 ioctl 40046210 7fd88fc494 returned -22
03-14 03:51:14.897 1523 2745 D CompatibilityChangeReporter: Compat change id reported: 168419799; UID 1000; state: DISABLED
03-14 03:51:14.900 1523 1663 W ActivityManager: Slow operation: 172ms so far, now at startProcess: returned from zygote!
03-14 03:51:14.900 1523 1663 W ActivityManager: Slow operation: 172ms so far, now at startProcess: done updating battery stats
03-14 03:51:14.900 1523 1663 W ActivityManager: Slow operation: 172ms so far, now at startProcess: building log message
03-14 03:51:14.900 1523 1663 I ActivityManager: Start proc 2826:com.android.settings:CryptKeeper/1000 for top-activity {com.android.settings/com.android.settings.CryptKeeper}
03-14 03:51:14.900 1523 1663 W ActivityManager: Slow operation: 172ms so far, now at startProcess: starting to update pids map
03-14 03:51:14.900 1523 1663 W ActivityManager: Slow operation: 172ms so far, now at startProcess: done updating pids map
03-14 03:51:14.900 1523 1663 W ActivityManager: Slow operation: 122ms so far, now at startProcess: asking zygote to start proc
03-14 03:51:14.900 1523 1663 D CompatibilityChangeReporter: Compat change id reported: 143937733; UID 10074; state: ENABLED
03-14 03:51:14.900 1523 1663 W ActivityManager: com.android.launcher3 inode == 0 (b/152760674)
03-14 03:51:14.901 1523 2426 D CompatibilityChangeReporter: Compat change id reported: 168419799; UID 1000; state: DISABLED
03-14 03:51:14.905 1523 1663 W ActivityManager: Slow operation: 127ms so far, now at startProcess: returned from zygote!
03-14 03:51:14.907 1523 1930 D CompatibilityChangeReporter: Compat change id reported: 168419799; UID 1068; state: DISABLED
03-14 03:51:14.908 1523 1663 W ActivityManager: Slow operation: 130ms so far, now at startProcess: done updating battery stats
03-14 03:51:14.908 1523 1663 W ActivityManager: Slow operation: 130ms so far, now at startProcess: building log message
03-14 03:51:14.908 1523 1663 I ActivityManager: Start proc 2830:com.android.launcher3/u0a74 for service {com.android.launcher3/com.android.quickstep.TouchInteractionService}
03-14 03:51:14.908 1523 1663 W ActivityManager: Slow operation: 130ms so far, now at startProcess: starting to update pids map
03-14 03:51:14.908 1523 1663 W ActivityManager: Slow operation: 130ms so far, now at startProcess: done updating pids map
03-14 03:51:14.908 1523 1663 W ActivityManager: Slow operation: 129ms so far, now at startProcess: asking zygote to start proc
03-14 03:51:14.908 1523 1663 D CompatibilityChangeReporter: Compat change id reported: 143937733; UID 10062; state: ENABLED
03-14 03:51:14.908 1523 1663 W ActivityManager: com.thundercomm.gamemode.provider inode == 0 (b/152760674)
03-14 03:51:14.921 2371 2371 W CarrierConfigManager: Error getting config for subId -1 ICarrierConfigLoader is null
01-01 12:33:23.882 0 0 I binder : 2798:2798 ioctl 40046210 7fd88fc494 returned -22
01-01 12:33:23.884 0 0 I binder : 2830:2830 ioctl 40046210 7fd88fc494 returned -22
03-14 03:51:14.924 1523 1663 W ActivityManager: Slow operation: 145ms so far, now at startProcess: returned from zygote!
03-14 03:51:14.924 1523 1663 W ActivityManager: Slow operation: 145ms so far, now at startProcess: done updating battery stats
03-14 03:51:14.924 1523 1663 W ActivityManager: Slow operation: 145ms so far, now at startProcess: building log message
03-14 03:51:14.924 1523 1663 I ActivityManager: Start proc 2859:com.thundercomm.gamemode.provider/u0a62 for content provider {com.thundercomm.gamemode.provider/com.thundercomm.gamemode.provider.SettingsProvider}
03-14 03:51:14.924 1523 1663 W ActivityManager: Slow operation: 145ms so far, now at startProcess: starting to update pids map
03-14 03:51:14.924 1523 1663 W ActivityManager: Slow operation: 145ms so far, now at startProcess: done updating pids map
03-14 03:51:14.929 1523 2745 D TelephonyRegistry: listen oscl: mHasNotifySubscriptionInfoChangedOccurred==false no callback
03-14 03:51:14.932 1523 2745 D CompatibilityChangeReporter: Compat change id reported: 168419799; UID 10061; state: DISABLED
01-01 12:33:23.895 0 0 I binder : 2817:2817 ioctl 40046210 7fd88fc494 returned -22
03-14 03:51:14.935 1523 1930 D CompatibilityChangeReporter: Compat change id reported: 168419799; UID 10074; state: DISABLED
03-14 03:51:14.937 1523 2745 D CompatibilityChangeReporter: Compat change id reported: 168419799; UID 1000; state: DISABLED
01-01 12:33:23.903 0 0 I binder : 2826:2826 ioctl 40046210 7fd88fc494 returned -22
01-01 12:33:23.907 0 0 I binder : 2783:2783 ioctl 40046210 7fd88fb004 returned -22
01-01 12:33:23.908 0 0 I binder : 2753:2753 ioctl 40046210 7fd88fb444 returned -22
03-14 03:51:14.948 1523 1618 D CompatibilityChangeReporter: Compat change id reported: 168419799; UID 1000; state: DISABLED
03-14 03:51:14.957 2783 2783 W ContextImpl: Calling a method in the system process without a qualified user: android.app.ContextImpl.startService:1816 android.content.ContextWrapper.startService:774 com.thundercomm.tcservice.TCService.init:46 com.thundercomm.tcservice.TCService.onCreate:33 android.app.ActivityThread.handleCreateService:4488
01-01 12:33:23.922 0 0 I binder : 2859:2859 ioctl 40046210 7fd88fc494 returned -22
03-14 03:51:14.962 1523 1618 D CompatibilityChangeReporter: Compat change id reported: 168419799; UID 10062; state: DISABLED
01-01 12:33:23.928 0 0 I : Wifi Turning On from UI
03-14 03:51:14.967 825 825 I android.hardware.wifi@1.0-service: Wifi HAL started
01-01 12:33:23.934 0 0 I : Wifi Turning On from UI
01-01 12:33:23.935 0 0 I [wifi@1][0x312a0225][03:51:14.972632] wlan: [825:I:DP] dp_vdev_attach_wifi3: wlan_cfg_ap_bridge_enabled 0
01-01 12:33:23.935 0 0 I [wifi@1][0x312a05b3][03:51:14.972679] wlan: [825:I:DP] 00000000: ff d3 70 57 a8 96 e4 0b f6 de e4 41 a3 8f 6a 6a
01-01 12:33:23.935 0 0 I [wifi@1][0x312a062b][03:51:14.972685] wlan: [825:I:DP] 00000010: 21 8d 41 e8
01-01 12:33:23.935 0 0 I [wifi@1][0x312a06d8][03:51:14.972694] wlan: [825:I:DP] 00000000: 7b 34 4c f9 f5 0e ea 79 9d f6 b7 59 f1 9a 33 28
01-01 12:33:23.935 0 0 I [wifi@1][0x312a083a][03:51:14.972713] wlan: [825:I:DP] 00000010: 1b 2c 52 2c e3 d6 8f 78 92 07 4f ac 04 0a 0d 76
01-01 12:33:23.935 0 0 I [wifi@1][0x312a08b1][03:51:14.972719] wlan: [825:I:DP] 00000020: 7e a6 e2 9f 6b ab c8 d6 ad 90 d4 34
01-01 12:33:23.937 0 0 I IPv6 : ADDRCONF(NETDEV_UP): wlan0: link is not ready
01-01 12:33:23.938 0 0 I [lowi-s][0x312b104d][03:51:14.976234] wlan: [1418:I:wifipos] wifi_pos_get_ch_info: 461: num channels: 26
03-14 03:51:14.979 825 825 I android.hardware.wifi@1.0-service: Adding interface handle for wlan0
03-14 03:51:14.979 825 825 I android.hardware.wifi@1.0-service: Adding interface handle for p2p0
03-14 03:51:14.979 825 825 I android.hardware.wifi@1.0-service: Adding interface handle for wifi-aware0
03-14 03:51:14.979 825 825 W android.hardware.wifi@1.0-service: No active wlan interfaces in use! Using default
03-14 03:51:14.979 825 825 W android.hardware.wifi@1.0-service: No active wlan interfaces in use! Using default
01-01 12:33:23.942 0 0 E [wifi@1][0x312c31ce][03:51:14.980094] wlan: [2929:E:wifipos] wifi_pos_process_app_reg_req: 608: Received App Req Req pid(1237320505), len(16)
01-01 12:33:23.943 0 0 I [wifi@1][0x312c72b2][03:51:14.980959] wlan: [2929:I:wifipos] wifi_pos_get_ch_info: 461: num channels: 26
01-01 12:33:23.944 0 0 I [wifi@1][0x312cae7f][03:51:14.981756] wlan: [2929:I:wifipos] wifi_pos_get_ch_info: 461: num channels: 26
03-14 03:51:14.982 825 825 I android.hardware.wifi@1.0-service: Configured chip in mode 3
03-14 03:51:14.982 825 825 W android.hardware.wifi@1.0-service: No active wlan interfaces in use! Using default
03-14 03:51:14.985 825 825 W android.hardware.wifi@1.0-service: No active wlan interfaces in use! Using default
01-01 12:33:23.948 0 0 W F2FS-fs (dm-10): Unexpected flush for atomic writes: ino=1616, npages=3
03-14 03:51:14.998 1215 1215 I wificond: createClientInterface: wiphy_index 0 iface_name wlan0
03-14 03:51:14.999 1215 1215 I wificond: create scanner for interface with index: 17
03-14 03:51:14.999 1215 1215 I wificond: subscribe scan result for interface with index: 17
03-14 03:51:15.001 1215 1215 I wificond: add channel type 0 support at wiphy index: 0
03-14 03:51:15.001 1215 1215 I wificond: add channel type 1 support at wiphy index: 0
01-01 12:33:23.967 0 0 I binder : 2817:2817 ioctl 40046210 7fd88fa134 returned -22
03-14 03:51:15.014 1523 2745 I StatusBarManagerService: registerStatusBar bar=com.android.internal.statusbar.IStatusBar$Stub$Proxy@e6e5f5e
03-14 03:51:15.024 1523 1523 I PackageWatchdog: Syncing health check requests for packages: {}
03-14 03:51:15.024 1523 1523 I ExplicitHealthCheckController: Service not ready to get health check supported packages. Binding...
03-14 03:51:15.025 1523 1523 I ExplicitHealthCheckController: Explicit health check service is bound
03-14 03:51:15.025 1523 1523 D BluetoothManagerService: Bluetooth Adapter name changed to 高合娱乐副屏 by android
03-14 03:51:15.026 1523 1523 D BluetoothManagerService: Stored Bluetooth name: 高合娱乐副屏
03-14 03:51:15.026 1523 2583 W ContextImpl: Calling a method in the system process without a qualified user: android.app.ContextImpl.bindService:1895 android.content.ContextWrapper.bindService:810 com.qualcomm.qti.activityextension.ActivityNotifier.bindToDynamicDDSService:103 com.qualcomm.qti.activityextension.ActivityNotifier.handleSendActivitySuspendNotification:154 com.qualcomm.qti.activityextension.ActivityNotifier.access$400:26
03-14 03:51:15.027 1523 1523 D BluetoothManagerService: BluetoothServiceConnection: com.android.bluetooth.btservice.AdapterService
03-14 03:51:15.027 1523 1652 D BluetoothManagerService: MESSAGE_BLUETOOTH_SERVICE_CONNECTED: 1
03-14 03:51:15.031 1523 1652 D BluetoothManagerService: MESSAGE_GET_NAME_AND_ADDRESS
03-14 03:51:15.033 1523 1652 D BluetoothManagerService: Stored Bluetooth name: 高合娱乐副屏
03-14 03:51:15.033 1523 1652 D BluetoothManagerService: MESSAGE_INFORM_ADAPTER_SERVICE_UP
03-14 03:51:15.033 1523 1652 D BluetoothManagerService: Broadcasting onBluetoothServiceUp() to 3 receivers.
03-14 03:51:15.036 1523 2745 I ActivityTaskManager: START u0 {act=android.intent.action.MAIN cat=[android.intent.category.HOME] flg=0x10000100 cmp=com.android.settings/.FallbackHome (has extras)} from uid 0
03-14 03:51:15.036 1523 1652 D BluetoothManagerService: MESSAGE_BLUETOOTH_STATE_CHANGE: OFF > BLE_TURNING_ON
03-14 03:51:15.036 1523 1652 D BluetoothManagerService: Sending BLE State Change: OFF > BLE_TURNING_ON
03-14 03:51:15.041 1523 2583 W ContextImpl: Calling a method in the system process without a qualified user: android.app.ContextImpl.bindService:1895 android.content.ContextWrapper.bindService:810 com.qualcomm.qti.activityextension.ActivityNotifier.bindToDynamicDDSService:103 com.qualcomm.qti.activityextension.ActivityNotifier.handleSendActivityInvokeNotification:184 com.qualcomm.qti.activityextension.ActivityNotifier.access$300:26
03-14 03:51:15.042 1523 2745 I ActivityTaskManager: FOREGROUND_APPLICATION_CHANGED to com.android.settings.FallbackHome
03-14 03:51:15.044 1523 2583 W ContextImpl: Calling a method in the system process without a qualified user: android.app.ContextImpl.bindService:1895 android.content.ContextWrapper.bindService:810 com.qualcomm.qti.activityextension.ActivityNotifier.bindToDynamicDDSService:103 com.qualcomm.qti.activityextension.ActivityNotifier.handleSendActivityInvokeNotification:184 com.qualcomm.qti.activityextension.ActivityNotifier.access$300:26
03-14 03:51:15.046 1523 2953 D CompatibilityChangeReporter: Compat change id reported: 168419799; UID 1002; state: DISABLED
03-14 03:51:15.048 1523 2583 W ContextImpl: Calling a method in the system process without a qualified user: android.app.ContextImpl.bindService:1895 android.content.ContextWrapper.bindService:810 com.qualcomm.qti.activityextension.ActivityNotifier.bindToDynamicDDSService:103 com.qualcomm.qti.activityextension.ActivityNotifier.handleSendActivityInvokeNotification:184 com.qualcomm.qti.activityextension.ActivityNotifier.access$300:26
03-14 03:51:15.050 1523 1653 D CompatibilityChangeReporter: Compat change id reported: 135634846; UID 1000; state: DISABLED
03-14 03:51:15.050 1523 1653 D CompatibilityChangeReporter: Compat change id reported: 177438394; UID 1000; state: DISABLED
03-14 03:51:15.050 1523 1653 D CompatibilityChangeReporter: Compat change id reported: 135772972; UID 1000; state: DISABLED
03-14 03:51:15.050 1523 1653 D CompatibilityChangeReporter: Compat change id reported: 135754954; UID 1000; state: ENABLED
03-14 03:51:15.050 1523 1663 W ActivityManager: com.thundercomm.microsettings inode == 0 (b/152760674)
03-14 03:51:15.061 1523 2745 D CompatibilityChangeReporter: Compat change id reported: 135634846; UID 10083; state: DISABLED
03-14 03:51:15.061 1523 2745 D CompatibilityChangeReporter: Compat change id reported: 177438394; UID 10083; state: DISABLED
03-14 03:51:15.061 1523 2745 D CompatibilityChangeReporter: Compat change id reported: 135772972; UID 10083; state: DISABLED
03-14 03:51:15.061 1523 2745 D CompatibilityChangeReporter: Compat change id reported: 135754954; UID 10083; state: ENABLED
03-14 03:51:15.062 1523 1663 I ActivityManager: Start proc 2971:com.android.settings/1000 for top-activity {com.android.settings/com.android.settings.FallbackHome}
03-14 03:51:15.062 1523 1663 D CompatibilityChangeReporter: Compat change id reported: 143937733; UID 10083; state: ENABLED
03-14 03:51:15.062 1523 1663 W ActivityManager: com.qualcomm.qti.qccauthmgr inode == 0 (b/152760674)
01-01 12:33:24.029 0 0 E bt_ioctl: BT_CMD_PWR_CTRL pwr_cntrl:0
03-14 03:51:15.067 1523 1523 D BiometricScheduler/Fingerprint21: [Added] {[0] FingerprintUpdateActiveUserClient, proto=1, owner=android, cookie=0, requestId=-1, userId=0}, new queue size: 1
03-14 03:51:15.067 1523 1523 D BiometricScheduler/Fingerprint21: [Polled] {[0] FingerprintUpdateActiveUserClient, proto=1, owner=android, cookie=0, requestId=-1, userId=0}, State: 0
03-14 03:51:15.067 1523 1523 D BiometricScheduler/Fingerprint21: [Starting] {[0] FingerprintUpdateActiveUserClient, proto=1, owner=android, cookie=0, requestId=-1, userId=0}, State: 0
03-14 03:51:15.067 1523 1523 D BiometricScheduler/Fingerprint21: [Started] {[0] FingerprintUpdateActiveUserClient, proto=1, owner=android, cookie=0, requestId=-1, userId=0}
01-01 12:33:24.029 0 0 E bt_ioctl: BT state already:0 no change done
01-01 12:33:24.029 0 0 E bt_ioctl: BT_CMD_PWR_CTRL pwr_cntrl:1
01-01 12:33:24.029 0 0 I bt_power vendor: bt_qca6390: Linked as a consumer to regulator.9
01-01 12:33:24.030 0 0 E bt_vreg_enable: vreg_en successful for : qca,bt-vdd-aon
01-01 12:33:24.030 0 0 I bt_power vendor: bt_qca6390: Linked as a consumer to regulator.51
01-01 12:33:24.030 0 0 D qbt : qbt_open: entry minor_no=0 fd_available=1
01-01 12:33:24.030 0 0 D qbt : qbt_open: exit : 0 fd_available=0
01-01 12:33:24.030 0 0 D qbt : qbt_open: entry minor_no=1 fd_available=0
01-01 12:33:24.030 0 0 D qbt : qbt_open: exit : 0 fd_available=0
01-01 12:33:24.030 0 0 D qbt : qbt_ioctl: cmd received 107
01-01 12:33:24.030 0 0 D qbt : qbt_ioctl: Acquiring wakelock
01-01 12:33:24.031 0 0 E bt_vreg_enable: vreg_en successful for : qca,bt-vdd-dig
01-01 12:33:24.031 0 0 I bt_power vendor: bt_qca6390: Linked as a consumer to regulator.8
01-01 12:33:24.031 0 0 E bt_vreg_enable: vreg_en successful for : qca,bt-vdd-rfa1
01-01 12:33:24.031 0 0 I bt_power vendor: bt_qca6390: Linked as a consumer to regulator.36
01-01 12:33:24.031 0 0 E bt_vreg_enable: vreg_en successful for : qca,bt-vdd-rfa2
01-01 12:33:24.031 0 0 I bt_power vendor: bt_qca6390: Linked as a consumer to regulator.27
03-14 03:51:15.070 1523 1663 I ActivityManager: Start proc 2976:com.qualcomm.qti.qccauthmgr/u0a83 for content provider {com.qualcomm.qti.qccauthmgr/com.qualcomm.qti.qccauthmgr.providers.SMQContentProvider}
01-01 12:33:24.033 0 0 E bt_vreg_enable: vreg_en successful for : qca,bt-vdd-asd
01-01 12:33:24.040 0 0 I binder : 2971:2971 ioctl 40046210 7fd88fc494 returned -22
01-01 12:33:24.041 0 0 I binder : 2976:2976 ioctl 40046210 7fd88fc494 returned -22
01-01 12:33:24.044 0 0 W QSEECOM : qseecom_load_app: App (fingerpr) does'nt exist, loading apps for first time
03-14 03:51:15.084 1523 2745 D CompatibilityChangeReporter: Compat change id reported: 168419799; UID 10083; state: DISABLED
01-01 12:33:24.073 0 0 W F2FS-fs (dm-10): Unexpected flush for atomic writes: ino=1655, npages=3
03-14 03:51:15.119 1523 2953 D CompatibilityChangeReporter: Compat change id reported: 171306433; UID 1000; state: ENABLED
01-01 12:33:24.088 0 0 I bt_configure_gpios: BTON:Turn Bt Off bt-reset-gpio(1121) value(0)
01-01 12:33:24.088 0 0 I bt_configure_gpios: BTON:Turn Bt Off
01-01 12:33:24.088 0 0 I bt_configure_gpios: bt-sw-ctrl-gpio(1224) value(1)
01-01 12:33:24.088 0 0 I bt_enable_bt_reset_gpios_safely: bt_enable_bt_reset_gpios_safely: BTON:Turn Bt On
01-01 12:33:24.088 0 0 I bt_enable_bt_reset_gpios_safely: bt_enable_bt_reset_gpios_safely: wl-reset-gpio(1120) value(1)
01-01 12:33:24.088 0 0 I bt_enable_bt_reset_gpios_safely: bt_enable_bt_reset_gpios_safely: BTON: Asserting BT_EN
03-14 03:51:15.168 1523 2461 W WindowManager: Failed looking up window session=Session{4b73945 2971:1000} callers=com.android.server.wm.WindowManagerService.windowForClientLocked:5628 com.android.server.wm.Session.insetsModified:629 android.view.IWindowSession$Stub.onTransact:1151
01-01 12:33:24.145 0 0 I bt_configure_gpios: BTON:Turn Bt On bt-reset-gpio(1121) value(1)
01-01 12:33:24.145 0 0 I bt_configure_gpios: BTON:Turn Bt On
01-01 12:33:24.145 0 0 I bt_configure_gpios: bt-sw-ctrl-gpio(1224) value(1)
01-01 12:33:24.145 0 0 I bt_configure_gpios: bt_gpio= 1121 on: 1 is successful
01-01 12:33:24.158 0 0 W QSEECOM : qseecom_load_app: App with id 7 (fingerpr) now loaded
01-01 12:33:24.169 0 0 I binder : 2971:3016 ioctl 40046210 7617e841f4 returned -22
01-01 12:33:24.172 0 0 E bt_ioctl: unified Current SOC Version : 400a0200
03-14 03:51:15.210 1523 2438 D CompatibilityChangeReporter: Compat change id reported: 168419799; UID 10078; state: DISABLED
03-14 03:51:15.223 1523 1653 I ActivityManagerTiming: FinishBooting
03-14 03:51:15.224 1523 1653 W KeyguardServiceDelegate: onScreenTurningOn(): no keyguard service!
03-14 03:51:15.252 2371 2628 W ActivityThread: Failed to find provider info for com.android.contacts (user not unlocked)
01-01 12:33:24.283 0 0 W QSEECOM : __qseecom_unload_app: App (7) is unloaded
01-01 12:33:24.283 0 0 D qbt : qbt_release: entry minor_no=0 fd_available=0
01-01 12:33:24.283 0 0 D qbt : qbt_release: Releasing wakelock
01-01 12:33:24.283 0 0 D qbt : qbt_release: exit : fd_available=1
01-01 12:33:24.283 0 0 D qbt : qbt_release: entry minor_no=1 fd_available=1
01-01 12:33:24.283 0 0 D qbt : qbt_release: exit : fd_available=1
03-14 03:51:15.321 1523 1523 W Looper : Slow dispatch took 254ms main h=android.os.Handler c=com.android.server.biometrics.sensors.fingerprint.hidl.Fingerprint21$$ExternalSyntheticLambda2@ff45b27 m=0
03-14 03:51:15.321 1523 1523 D BiometricScheduler/Fingerprint21: [Added] {[1] FingerprintUpdateActiveUserClient, proto=1, owner=android, cookie=0, requestId=-1, userId=0}, new queue size: 1
03-14 03:51:15.321 1523 1523 V BiometricScheduler/Fingerprint21: Not idle, current operation: {[0] FingerprintUpdateActiveUserClient, proto=1, owner=android, cookie=0, requestId=-1, userId=0}, State: 2
03-14 03:51:15.321 1523 1523 D BiometricScheduler/Fingerprint21: [Added] {[2] FingerprintInternalCleanupClient, proto=7, owner=android, cookie=0, requestId=-1, userId=0}, new queue size: 2
03-14 03:51:15.321 1523 1523 V BiometricScheduler/Fingerprint21: Not idle, current operation: {[0] FingerprintUpdateActiveUserClient, proto=1, owner=android, cookie=0, requestId=-1, userId=0}, State: 2
03-14 03:51:15.323 1523 1523 I ConnectivityModuleConnector: Networking module service connected
03-14 03:51:15.330 1523 1523 I ConnectivityModuleConnector: Networking module service connected
03-14 03:51:15.336 1523 1523 I SystemServerTiming: ManagedServices.unbindOtherUserServices_current0
03-14 03:51:15.336 1523 1523 I SystemServerTiming: ManagedServices.unbindOtherUserServices_current0
03-14 03:51:15.336 1523 1523 I SystemServerTiming: ManagedServices.unbindOtherUserServices_current0
03-14 03:51:15.336 1523 1523 V NotificationAssistants: enabling notification assistant for 0: ComponentInfo{android.ext.services/android.ext.services.notification.Assistant}
03-14 03:51:15.336 1523 1523 V NotificationAssistants: Not registering ComponentInfo{android.ext.services/android.ext.services.notification.Assistant} is already bound
03-14 03:51:15.383 1523 1523 D ConditionProviders.SCP: onSubscribe condition://android/schedule?days=1.2.3.4.5.6.7&start=22.0&end=7.0&exitAtAlarm=true
03-14 03:51:15.383 1523 1523 D ConditionProviders.SCP: setRegistered true
03-14 03:51:15.387 1523 2312 W ActivityThread: Failed to find provider info for com.android.calendar (user not unlocked)
03-14 03:51:15.387 1523 2312 W ActivityThread: Failed to find provider info for com.android.calendar (user not unlocked)
03-14 03:51:15.388 1523 1523 D ConditionProviders.SCP: evaluateSubscriptionLocked cal=ScheduleCalendar[mDays={1, 2, 3, 4, 5, 6, 7}, mSchedule=ScheduleInfo{days=[1, 2, 3, 4, 5, 6, 7], startHour=22, startMinute=0, endHour=7, endMinute=0, exitAtAlarm=true, nextAlarm=Thu Jan 01 08:00:00 GMT+08:00 1970 (0)}], now=Tue Mar 14 03:51:15 GMT+08:00 2023 (1678737075383), nextUserAlarmTime=Thu Jan 01 08:00:00 GMT+08:00 1970 (0)
03-14 03:51:15.388 1523 1523 D ConditionProviders.SCP: notifyCondition condition://android/schedule?days=1.2.3.4.5.6.7&start=22.0&end=7.0&exitAtAlarm=true STATE_TRUE reason=meetsSchedule
03-14 03:51:15.389 1523 1523 D ConditionProviders.SCP: Scheduling evaluate for Tue Mar 14 07:00:00 GMT+08:00 2023 (1678748400000), in +3h8m44s617ms, now=Tue Mar 14 03:51:15 GMT+08:00 2023 (1678737075383)
03-14 03:51:15.397 2371 2483 W ActivityThread: Failed to find provider info for com.android.contacts (user not unlocked)
03-14 03:51:15.398 1523 1523 W BluetoothManagerService: bindBluetoothProfileService:Trying to bind to profile: 1, while Bluetooth is disabled
03-14 03:51:15.399 1523 3055 I Telecom : BluetoothRouteManager: getBluetoothAudioConnectedDevice: no service available.
03-14 03:51:15.400 1523 1523 I Telecom : SystemStateHelper: Registering broadcast receiver: android.content.IntentFilter@521a045: TS.init@AAA
03-14 03:51:15.400 1523 1523 I Telecom : SystemStateHelper: Registering broadcast receiver: android.content.IntentFilter@884739a: TS.init@AAA
03-14 03:51:15.403 1523 3056 I Telecom : Logging.Events: Non-call EVENT: AUDIO_ROUTE, Entering state QuiescentEarpieceRoute
03-14 03:51:15.403 1523 3056 I Telecom : BluetoothRouteManager: getBluetoothAudioConnectedDevice: no service available.
03-14 03:51:15.405 1523 3057 I Telecom : CallAudioModeStateMachine: Message received: null.: TS.init->CAMSM.pM_1@AAA
03-14 03:51:15.406 1523 1523 I Telecom : MissedCallNotifierImpl: reloadFromDatabase: Boot not yet complete -- call log db may not be available. Deferring loading until boot complete for user 0: TS.init@AAA
03-14 03:51:15.408 1523 1523 D TelephonyRegistry: listen oscl: mHasNotifySubscriptionInfoChangedOccurred==false no callback
03-14 03:51:15.408 1523 1523 I Telecom : MissedCallNotifierImpl: reloadFromDatabase: Boot not yet complete -- call log db may not be available. Deferring loading until boot complete for user 0: TS.init@AAA
03-14 03:51:15.409 1523 1523 I Telecom : Class: TelecomSystem.INSTANCE being set
03-14 03:51:15.410 1523 1523 W CarrierConfigManager: Error getting config for subId -1 ICarrierConfigLoader is null
03-14 03:51:15.410 1523 1523 I Telecom : PhoneAccountRegistrar: getSimCallManager: SimCallManager for subId -1 queried, returning: null: TSI.gSCM@AAE
03-14 03:51:15.410 1523 1523 D CompanionDeviceManagerService: Received BT state transition broadcast: OFF -> BLE_TURNING_ON
03-14 03:51:15.411 1523 1523 I GameModeConfig: isGameModeOn = false
03-14 03:51:15.413 1523 1523 W NotificationHistory: Attempted to add notif for locked/gone/disabled user 0
01-01 12:33:24.379 0 0 I [schedu][0x31ac23c9][03:51:15.416813] wlan: [1969:I:HIF] Deinitializing Runtime PM wakelock &vdev->vdev_set_key_runtime_wakelock
01-01 12:33:24.379 0 0 I [schedu][0x31ac315e][03:51:15.416995] wlan: [1969:I:HIF] Initializing Runtime PM wakelock &vdev->vdev_set_key_runtime_wakelock
03-14 03:51:15.418 2371 2483 W ActivityThread: Failed to find provider info for com.android.contacts (user not unlocked)
01-01 12:33:24.381 0 0 I [wifi@1][0x31acb429][03:51:15.418738] wlan: [825:I:DP] dp_vdev_attach_wifi3: wlan_cfg_ap_bridge_enabled 0
03-14 03:51:15.421 2371 2483 W ActivityThread: Failed to find provider info for com.android.contacts (user not unlocked)
01-01 12:33:24.385 0 0 E [wifi@1][0x31adda2d][03:51:15.422659] wlan: [2929:E:wifipos] wifi_pos_process_app_reg_req: 608: Received App Req Req pid(1237320505), len(16)
01-01 12:33:24.385 0 0 I [wifi@1][0x31ade696][03:51:15.422824] wlan: [2929:I:wifipos] wifi_pos_get_ch_info: 461: num channels: 26
01-01 12:33:24.385 0 0 I [wifi@1][0x31adf09f][03:51:15.422958] wlan: [2929:I:wifipos] wifi_pos_get_ch_info: 461: num channels: 26
01-01 12:33:24.528 0 0 I [schedu][0x31d7c65a][03:51:15.565754] wlan: [1969:I:OSIF] scan start scan id 40961
03-14 03:51:15.606 1523 1523 W Looper : Slow dispatch took 192ms main h=android.app.ActivityThread$H c=android.app.LoadedApk$ReceiverDispatcher$Args$$ExternalSyntheticLambda0@3f5702a m=0
03-14 03:51:15.606 1523 1523 D BiometricScheduler/Fingerprint21: [Finishing] {[0] FingerprintUpdateActiveUserClient, proto=1, owner=android, cookie=0, requestId=-1, userId=0}, success: true
03-14 03:51:15.606 1523 1523 D BiometricScheduler/Fingerprint21: [Polled] {[1] FingerprintUpdateActiveUserClient, proto=1, owner=android, cookie=0, requestId=-1, userId=0}, State: 0
03-14 03:51:15.606 1523 1523 D BiometricScheduler/Fingerprint21: [Starting] {[1] FingerprintUpdateActiveUserClient, proto=1, owner=android, cookie=0, requestId=-1, userId=0}, State: 0
03-14 03:51:15.606 1523 1523 D BiometricScheduler/Fingerprint21: [Started] {[1] FingerprintUpdateActiveUserClient, proto=1, owner=android, cookie=0, requestId=-1, userId=0}
01-01 12:33:24.570 0 0 D qbt : qbt_open: entry minor_no=0 fd_available=1
01-01 12:33:24.570 0 0 D qbt : qbt_open: exit : 0 fd_available=0
01-01 12:33:24.570 0 0 D qbt : qbt_open: entry minor_no=1 fd_available=0
01-01 12:33:24.570 0 0 D qbt : qbt_open: exit : 0 fd_available=0
01-01 12:33:24.570 0 0 D qbt : qbt_ioctl: cmd received 107
01-01 12:33:24.570 0 0 D qbt : qbt_ioctl: Acquiring wakelock
01-01 12:33:24.575 0 0 W QSEECOM : qseecom_load_app: App (fingerpr) does'nt exist, loading apps for first time
03-14 03:51:15.637 1523 1653 I ActivityManagerTiming: FinishBooting
03-14 03:51:15.638 1523 1653 I ActivityManager: About to commit checkpoint
01-01 12:33:24.671 0 0 W QSEECOM : qseecom_load_app: App with id 8 (fingerpr) now loaded
03-14 03:51:15.722 521 521 I Checkpoint: Marked slot as booted successfully.
01-01 12:33:24.686 0 0 I F2FS-fs (dm-10): Preserve previous reserve_root=32768
03-14 03:51:15.730 521 521 I Checkpoint: Checkpoint has been committed.
03-14 03:51:15.730 1523 1653 W ActivityManager: FinishBooting sync begin
03-14 03:51:15.732 1523 1653 W ActivityManager: FinishBooting sync end
03-14 03:51:15.732 1523 1653 I SystemServiceManager: Starting phase 1000
03-14 03:51:15.732 1523 1653 I ActivityManagerTiming: OnBootPhase_1000
03-14 03:51:15.732 1523 1653 I ActivityManagerTiming: OnBootPhase_1000_com.android.server.security.FileIntegrityService
03-14 03:51:15.732 1523 1653 I ActivityManagerTiming: OnBootPhase_1000_com.android.server.pm.Installer
03-14 03:51:15.732 1523 1653 I ActivityManagerTiming: OnBootPhase_1000_com.android.server.os.DeviceIdentifiersPolicyService
03-14 03:51:15.733 1523 1653 I ActivityManagerTiming: OnBootPhase_1000_com.android.server.uri.UriGrantsManagerService$Lifecycle
03-14 03:51:15.733 1523 1653 I ActivityManagerTiming: OnBootPhase_1000_com.android.server.powerstats.PowerStatsService
03-14 03:51:15.733 1523 1653 E PowerStatsService: Failed to start PowerStatsService loggers
03-14 03:51:15.733 1523 1653 I ActivityManagerTiming: OnBootPhase_1000_com.android.server.wm.ActivityTaskManagerService$Lifecycle
03-14 03:51:15.733 1523 1653 I ActivityManagerTiming: OnBootPhase_1000_com.android.server.am.ActivityManagerService$Lifecycle
03-14 03:51:15.733 1523 1653 I ActivityManagerTiming: OnBootPhase_1000_com.android.server.pm.DataLoaderManagerService
03-14 03:51:15.733 1523 1653 I ActivityManagerTiming: OnBootPhase_1000_com.android.server.power.PowerManagerService
03-14 03:51:15.733 1523 1653 I ActivityManagerTiming: OnBootPhase_1000_com.android.server.power.ThermalManagerService
03-14 03:51:15.733 1523 1653 I ActivityManagerTiming: OnBootPhase_1000_com.android.server.power.hint.HintManagerService
03-14 03:51:15.733 1523 1653 I ActivityManagerTiming: OnBootPhase_1000_com.android.server.recoverysystem.RecoverySystemService$Lifecycle
03-14 03:51:15.733 1523 1653 I ActivityManagerTiming: OnBootPhase_1000_com.android.server.lights.LightsService
03-14 03:51:15.733 1523 1653 I ActivityManagerTiming: OnBootPhase_1000_com.android.server.display.DisplayManagerService
03-14 03:51:15.733 1523 1691 V DisplayPowerController[0]: Brightness [1.0] reason changing to: 'manual', previous reason: 'override'.
03-14 03:51:15.735 1523 1653 I ActivityManagerTiming: OnBootPhase_1000_com.android.server.pm.verify.domain.DomainVerificationService
03-14 03:51:15.735 1523 1653 I ActivityManagerTiming: OnBootPhase_1000_com.android.server.pm.PackageInstallerService$Lifecycle
03-14 03:51:15.735 1523 1653 I ActivityManagerTiming: OnBootPhase_1000_com.android.server.pm.UserManagerService$LifeCycle
03-14 03:51:15.735 1523 1653 I ActivityManagerTiming: OnBootPhase_1000_com.android.server.om.OverlayManagerService
03-14 03:51:15.735 1523 1653 I ActivityManagerTiming: OnBootPhase_1000_com.android.server.SensorPrivacyService
03-14 03:51:15.735 1523 1653 I ActivityManagerTiming: OnBootPhase_1000_com.android.server.thunderperf.ThunderBoostPerfService
