03-14 03:57:23.368 1523 7581 W ActivityManager: Scheduling restart of crashed service com.tencent.android.qqdownloader/com.live.watermelon.service.SentryAlphaService in 10983ms for connection
03-14 03:57:23.368 1523 7581 I am_schedule_service_restart: [0,com.tencent.android.qqdownloader/com.live.watermelon.service.SentryAlphaService,10983]
01-01 12:39:32.344 0 0 I binder : release 6445:6593 transaction 363071 in, still active
01-01 12:39:32.344 0 0 I binder : send failed reply for transaction 363071 to 6474:6639
01-01 12:39:32.344 0 0 I binder : release 6445:7333 transaction 362432 in, still active
01-01 12:39:32.344 0 0 I binder : send failed reply for transaction 362432 to 6474:6526
01-01 12:39:32.344 0 0 I binder : undelivered transaction 422854, process died.
01-01 12:39:32.345 0 0 I binder : undelivered transaction 422852, process died.
03-14 03:57:23.382 1523 7582 I am_proc_died: [0,6445,com.tencent.android.qqdownloader:daemon,905,10]
03-14 03:57:23.383 1523 1618 E AppOps : Operation not started: uid=10093 pkg=com.tencent.android.qqdownloader(null) op=WAKE_LOCK
03-14 03:57:23.383 1523 7582 W ActivityManager: Scheduling restart of crashed service com.tencent.android.qqdownloader/com.tencent.assistant.daemon.CoreService in 1000ms for connection
03-14 03:57:23.383 1523 7582 I am_schedule_service_restart: [0,com.tencent.android.qqdownloader/com.tencent.assistant.daemon.CoreService,1000]
03-14 03:57:23.384 1523 7582 W ActivityManager: Scheduling restart of crashed service com.tencent.android.qqdownloader/com.tencent.assistant.localres.localapk.loadapkservice.GetApkInfoService in 11000ms for connection
03-14 03:57:23.384 1523 7582 I am_schedule_service_restart: [0,com.tencent.android.qqdownloader/com.tencent.assistant.localres.localapk.loadapkservice.GetApkInfoService,11000]
03-14 03:57:23.384 1523 7582 W ActivityManager: Scheduling restart of crashed service com.tencent.android.qqdownloader/com.tencent.assistant.tools.ToolService in 21000ms for connection
03-14 03:57:23.384 1523 7582 I am_schedule_service_restart: [0,com.tencent.android.qqdownloader/com.tencent.assistant.tools.ToolService,21000]
03-14 03:57:23.384 1523 1653 W ActivityManager: setHasOverlayUi called on unknown pid: 6445
03-14 03:57:23.384 1523 7581 E AppOps : Operation not started: uid=10093 pkg=com.tencent.android.qqdownloader(null) op=WAKE_LOCK
03-14 03:57:23.390 1523 7581 W FreeFormWindowHelper: Current Display FreeFormTask is null
01-01 12:39:32.353 0 0 I binder : undelivered TRANSACTION_ERROR: 29189
01-01 12:39:32.353 0 0 I binder : undelivered TRANSACTION_ERROR: 29189
03-14 03:57:23.391 1523 1617 I am_proc_died: [0,6474,com.tencent.android.qqdownloader,905,10]
03-14 03:57:23.393 1523 1617 I am_uid_stopped: 10093
03-14 03:57:23.397 1523 2369 W ActivityManager: Unable to start service Intent { cmp=com.tencent.android.qqdownloader/com.live.watermelon.Instrumentation } U=0: not found
01-01 12:39:32.360 0 0 I init : Untracked pid 6788 received signal 9
01-01 12:39:32.360 0 0 I init : Untracked pid 6812 exited with status 0
03-14 03:57:23.400 1523 1666 I ActivityManager: Process PhantomProcessRecord {7129367 6788:6445:app_d/u0a93} died
03-14 03:57:23.400 1523 1666 I ActivityManager: Process PhantomProcessRecord {47c5514 6812:6772:app_d/u0a93} died
03-14 03:57:23.619 1523 1617 W FreeFormWindowHelper: exitRecentTasks type=0
03-14 03:57:24.655 288 288 I auditd : type=1400 audit(0.0:1370): avc: denied { kill } for comm="kgsl_worker_thr" capability=5 scontext=u:r:kernel:s0 tcontext=u:r:kernel:s0 tclass=capability permissive=0
03-14 03:57:24.710 1523 1617 I thunderperf: PlatormCompat.setOverrides: Uid1=10074 Pid1=2830 Uid2=10074 Pid2=2830
03-14 03:57:24.710 1523 1617 I thunderperf: PlatormCompat.setOverrides: needCheck:false
03-14 03:57:24.710 1523 1617 I thunderperf: CompatConfig.addOverrideUnsafe: bef-state=1
03-14 03:57:24.710 1523 1617 E thunderperf: CompatConfig.addOverrideUnsafe: exception:java.lang.SecurityException: Cannot override a change on a non-debuggable app and user build.
03-14 03:57:24.710 1523 1617 I thunderperf: CompatConfig.addOverrideUnsafe: aft-state=1
03-14 03:57:24.711 1523 1617 I thunderperf: CompatConfig.addOverrideUnsafe: bef-state=1
03-14 03:57:24.712 1523 1617 E thunderperf: CompatConfig.addOverrideUnsafe: exception:java.lang.SecurityException: Cannot override a change on a non-debuggable app and user build.
03-14 03:57:24.712 1523 1617 I thunderperf: CompatConfig.addOverrideUnsafe: aft-state=1
03-14 03:57:24.712 1523 1617 I thunderperf: CompatConfig.addOverrideUnsafe: bef-state=1
03-14 03:57:24.713 1523 1617 E thunderperf: CompatConfig.addOverrideUnsafe: exception:java.lang.SecurityException: Cannot override a change on a non-debuggable app and user build.
03-14 03:57:24.713 1523 1617 I thunderperf: CompatConfig.addOverrideUnsafe: aft-state=1
03-14 03:57:24.713 1523 1617 I thunderperf: CompatConfig.addOverrideUnsafe: bef-state=1
03-14 03:57:24.714 1523 1617 E thunderperf: CompatConfig.addOverrideUnsafe: exception:java.lang.SecurityException: Cannot override a change on a non-debuggable app and user build.
03-14 03:57:24.714 1523 1617 I thunderperf: CompatConfig.addOverrideUnsafe: aft-state=1
03-14 03:57:24.714 1523 1617 I thunderperf: CompatConfig.addOverrideUnsafe: bef-state=1
03-14 03:57:24.714 1523 1617 E thunderperf: CompatConfig.addOverrideUnsafe: exception:java.lang.SecurityException: Cannot override a change on a non-debuggable app and user build.
03-14 03:57:24.714 1523 1617 I thunderperf: CompatConfig.addOverrideUnsafe: aft-state=1
03-14 03:57:24.715 1523 1617 I thunderperf: CompatConfig.addOverrideUnsafe: bef-state=1
03-14 03:57:24.715 1523 1617 E thunderperf: CompatConfig.addOverrideUnsafe: exception:java.lang.SecurityException: Cannot override a change on a non-debuggable app and user build.
03-14 03:57:24.715 1523 1617 I thunderperf: CompatConfig.addOverrideUnsafe: aft-state=1
03-14 03:57:24.716 1523 1617 I thunderperf: CompatConfig.addOverrideUnsafe: bef-state=1
03-14 03:57:24.716 1523 1617 E thunderperf: CompatConfig.addOverrideUnsafe: exception:java.lang.SecurityException: Cannot override a change on a non-debuggable app and user build.
03-14 03:57:24.716 1523 1617 I thunderperf: CompatConfig.addOverrideUnsafe: aft-state=1
03-14 03:57:24.716 1523 1617 I thunderperf: CompatConfig.addOverrideUnsafe: bef-state=1
03-14 03:57:24.716 1523 1617 E thunderperf: CompatConfig.addOverrideUnsafe: exception:java.lang.SecurityException: Cannot override a change on a non-debuggable app and user build.
03-14 03:57:24.716 1523 1617 I thunderperf: CompatConfig.addOverrideUnsafe: aft-state=1
03-14 03:57:24.717 1523 1617 I thunderperf: CompatConfig.addOverrideUnsafe: bef-state=1
03-14 03:57:24.717 1523 1617 E thunderperf: CompatConfig.addOverrideUnsafe: exception:java.lang.SecurityException: Cannot override a change on a non-debuggable app and user build.
03-14 03:57:24.717 1523 1617 I thunderperf: CompatConfig.addOverrideUnsafe: aft-state=1
03-14 03:57:24.718 1523 1617 I thunderperf: CompatConfig.addOverrideUnsafe: bef-state=1
03-14 03:57:24.718 1523 1617 E thunderperf: CompatConfig.addOverrideUnsafe: exception:java.lang.SecurityException: Cannot override a change on a non-debuggable app and user build.
03-14 03:57:24.718 1523 1617 I thunderperf: CompatConfig.addOverrideUnsafe: aft-state=1
03-14 03:57:24.719 1523 1617 I thunderperf: CompatConfig.addOverrideUnsafe: bef-state=1
03-14 03:57:24.719 1523 1617 E thunderperf: CompatConfig.addOverrideUnsafe: exception:java.lang.SecurityException: Cannot override a change on a non-debuggable app and user build.
03-14 03:57:24.719 1523 1617 I thunderperf: CompatConfig.addOverrideUnsafe: aft-state=1
03-14 03:57:24.719 1523 1617 I thunderperf: CompatConfig.addOverrideUnsafe: bef-state=1
03-14 03:57:24.720 1523 1617 E thunderperf: CompatConfig.addOverrideUnsafe: exception:java.lang.SecurityException: Cannot override a change on a non-debuggable app and user build.
03-14 03:57:24.720 1523 1617 I thunderperf: CompatConfig.addOverrideUnsafe: aft-state=1
03-14 03:57:24.720 1523 1617 I thunderperf: CompatConfig.addOverrideUnsafe: bef-state=1
03-14 03:57:24.720 1523 1617 E thunderperf: CompatConfig.addOverrideUnsafe: exception:java.lang.SecurityException: Cannot override a change on a non-debuggable app and user build.
03-14 03:57:24.720 1523 1617 I thunderperf: CompatConfig.addOverrideUnsafe: aft-state=1
03-14 03:57:24.721 1523 1617 I thunderperf: CompatConfig.addOverrideUnsafe: bef-state=1
03-14 03:57:24.721 1523 1617 E thunderperf: CompatConfig.addOverrideUnsafe: exception:java.lang.SecurityException: Cannot override a change on a non-debuggable app and user build.
03-14 03:57:24.721 1523 1617 I thunderperf: CompatConfig.addOverrideUnsafe: aft-state=1
03-14 03:57:24.725 1523 1617 I ActivityTaskManager: START u0 {act=android.intent.action.MAIN cat=[android.intent.category.LAUNCHER] flg=0x10200000 cmp=com.tencent.android.qqdownloader/com.tencent.pangu.link.SplashActivity bnds=[940,84][1216,358]} from uid 10074
03-14 03:57:24.729 1523 1617 I wm_task_created: [18,-1]
03-14 03:57:24.729 1523 1617 W ActivityTaskManager: Can't find TaskDisplayArea to determine support for multi window. Task id=18 attached=false
03-14 03:57:24.732 1523 1617 I wm_task_moved: [18,1,7]
03-14 03:57:24.732 1523 1617 I wm_task_to_front: [0,18]
03-14 03:57:24.733 1523 1617 I wm_create_task: [0,18]
03-14 03:57:24.733 1523 1617 I wm_create_activity: [0,80510137,18,com.tencent.android.qqdownloader/com.tencent.pangu.link.SplashActivity,android.intent.action.MAIN,NULL,NULL,270532608]
03-14 03:57:24.733 1523 1617 I wm_task_moved: [18,1,7]
03-14 03:57:24.733 1523 1617 I wm_pause_activity: [0,245748760,com.android.launcher3/.uioverrides.QuickstepLauncher,userLeaving=true,pauseBackTasks]
03-14 03:57:24.736 1523 2369 W FreeFormWindowHelper: Current Display FreeFormTask is null
03-14 03:57:24.736 2830 2830 I wm_on_top_resumed_lost_called: [245748760,com.android.launcher3.uioverrides.QuickstepLauncher,topStateChangedWhenResumed]
03-14 03:57:24.736 1523 1653 I am_uid_running: 10093
03-14 03:57:24.736 2830 2830 I wm_on_paused_called: [245748760,com.android.launcher3.uioverrides.QuickstepLauncher,performPause]
03-14 03:57:24.736 1523 1653 D CompatibilityChangeReporter: Compat change id reported: 135634846; UID 10093; state: DISABLED
03-14 03:57:24.737 1523 2369 I ActivityTaskManager: FOREGROUND_APPLICATION_CHANGED to com.tencent.pangu.link.SplashActivity
03-14 03:57:24.737 1523 1663 D CompatibilityChangeReporter: Compat change id reported: 143937733; UID 10093; state: DISABLED
03-14 03:57:24.740 1523 1653 I sysui_multi_action: [757,803,799,window_time_0,802,1]
03-14 03:57:24.741 1523 1663 I am_proc_start: [0,8290,10093,com.tencent.android.qqdownloader:daemon,pre-top-activity,{com.tencent.android.qqdownloader/com.tencent.pangu.link.SplashActivity}]
03-14 03:57:24.741 1523 1663 I ActivityManager: Start proc 8290:com.tencent.android.qqdownloader:daemon/u0a93 for pre-top-activity {com.tencent.android.qqdownloader/com.tencent.pangu.link.SplashActivity}
03-14 03:57:24.741 1523 8293 W ContextImpl: Calling a method in the system process without a qualified user: android.app.ContextImpl.sendBroadcast:1173 com.qualcomm.qti.Performance$SendGameLaunchBroadcast.run:217 java.lang.Thread.run:920
03-14 03:57:24.750 1523 2369 I am_proc_bound: [0,8290,com.tencent.android.qqdownloader:daemon]
01-01 12:39:33.710 0 0 W perfetto: enabled ftrace
01-01 12:39:33.710 0 0 I binder : 8290:8290 ioctl 40046210 ffdfffb8 returned -22
03-14 03:57:24.751 1523 2369 I wm_restart_activity: [0,80510137,18,com.tencent.android.qqdownloader/com.tencent.pangu.link.SplashActivity]
03-14 03:57:24.752 1523 2369 I wm_set_resumed_activity: [0,com.tencent.android.qqdownloader/com.tencent.pangu.link.SplashActivity,minimalResumeActivityLocked]
03-14 03:57:24.753 1523 1653 I am_uid_active: 10093
03-14 03:57:24.786 1523 1617 D CompatibilityChangeReporter: Compat change id reported: 135634846; UID 10093; state: DISABLED
03-14 03:57:24.787 1523 1663 D CompatibilityChangeReporter: Compat change id reported: 143937733; UID 10093; state: DISABLED
03-14 03:57:24.791 1523 1663 I am_proc_start: [0,8328,10093,com.tencent.android.qqdownloader,content provider,{com.tencent.android.qqdownloader/com.tencent.assistant.db.contentprovider.WallpaperProvider}]
03-14 03:57:24.791 1523 1663 I ActivityManager: Start proc 8328:com.tencent.android.qqdownloader/u0a93 for content provider {com.tencent.android.qqdownloader/com.tencent.assistant.db.contentprovider.WallpaperProvider}
01-01 12:39:33.761 0 0 I binder : 8328:8328 ioctl 40046210 ffdfffb8 returned -22
03-14 03:57:24.803 1523 8272 I am_proc_bound: [0,8328,com.tencent.android.qqdownloader]
03-14 03:57:24.828 1523 7581 I thunderperf: PlatormCompat.setOverrides: Uid1=10093 Pid1=8290 Uid2=10093 Pid2=8290
03-14 03:57:24.828 1523 7581 I thunderperf: PlatormCompat.setOverrides: needCheck:false
03-14 03:57:24.828 1523 7581 W PackageManager: MATCH_ANY_USER flag requires INTERACT_ACROSS_USERS permission: UID 10093 requires android.permission.INTERACT_ACROSS_USERS_FULL or android.permission.INTERACT_ACROSS_USERS to access user 0.
03-14 03:57:24.829 1523 7581 I ActivityTaskManager: START u0 {flg=0x10000000 cmp=com.tencent.android.qqdownloader/com.tencent.assistant.activity.SplashImplActivity} from uid 10093
03-14 03:57:24.827 8372 8372 I auditd : type=1400 audit(0.0:1371): avc: denied { search } for comm="mount" name="vendor" dev="tmpfs" ino=12314 scontext=u:r:untrusted_app_27:s0:c512,c768 tcontext=u:object_r:mnt_vendor_file:s0 tclass=dir permissive=0 app=com.tencent.android.qqdownloader
03-14 03:57:24.827 8372 8372 I auditd : type=1400 audit(0.0:1372): avc: denied { search } for comm="mount" name="vendor" dev="tmpfs" ino=12314 scontext=u:r:untrusted_app_27:s0:c512,c768 tcontext=u:object_r:mnt_vendor_file:s0 tclass=dir permissive=0 app=com.tencent.android.qqdownloader
03-14 03:57:24.827 8372 8372 I auditd : type=1400 audit(0.0:1373): avc: denied { getattr } for comm="mount" path="/metadata" dev="sda11" ino=2 scontext=u:r:untrusted_app_27:s0:c512,c768 tcontext=u:object_r:metadata_file:s0 tclass=dir permissive=0 app=com.tencent.android.qqdownloader
03-14 03:57:24.827 8372 8372 I auditd : type=1400 audit(0.0:1374): avc: denied { getattr } for comm="mount" path="/vendor/firmware_mnt" dev="sde4" ino=1 scontext=u:r:untrusted_app_27:s0:c512,c768 tcontext=u:object_r:firmware_file:s0 tclass=dir permissive=0 app=com.tencent.android.qqdownloader
03-14 03:57:24.833 1523 7581 I wm_task_created: [19,-1]
03-14 03:57:24.833 1523 7581 W ActivityTaskManager: Can't find TaskDisplayArea to determine support for multi window. Task id=19 attached=false
01-01 12:39:33.795 0 0 W audit : audit_lost=901 audit_rate_limit=5 audit_backlog_limit=64
01-01 12:39:33.795 0 0 E audit : rate limit exceeded
03-14 03:57:24.835 1523 7581 I wm_task_moved: [19,1,8]
03-14 03:57:24.836 1523 7581 I wm_task_to_front: [0,19]
03-14 03:57:24.836 1523 7581 I wm_create_task: [0,19]
03-14 03:57:24.836 1523 7581 I wm_create_activity: [0,235942085,19,com.tencent.android.qqdownloader/com.tencent.assistant.activity.SplashImplActivity,NULL,NULL,NULL,268435456]
03-14 03:57:24.836 1523 7581 I wm_task_moved: [19,1,8]
03-14 03:57:24.837 1523 7581 I wm_pause_activity: [0,80510137,com.tencent.android.qqdownloader/com.tencent.pangu.link.SplashActivity,userLeaving=true,pauseBackTasks]
03-14 03:57:24.846 1523 2426 W FreeFormWindowHelper: Current Display FreeFormTask is null
03-14 03:57:24.850 1523 7581 I wm_finish_activity: [0,80510137,18,com.tencent.android.qqdownloader/com.tencent.pangu.link.SplashActivity,finish-activity]
03-14 03:57:24.852 8290 8290 I wm_on_create_called: [80510137,com.tencent.pangu.link.SplashActivity,performCreate]
03-14 03:57:24.856 1523 1653 I sysui_multi_action: [757,803,799,window_time_0,802,0]
03-14 03:57:24.880 1523 2461 I wm_add_to_stopping: [0,80510137,com.tencent.android.qqdownloader/com.tencent.pangu.link.SplashActivity,completeFinishing]
03-14 03:57:24.881 1523 2461 I ActivityTaskManager: FOREGROUND_APPLICATION_CHANGED to com.tencent.assistant.activity.SplashImplActivity
03-14 03:57:24.881 1523 2461 I ActivityTaskManager: The Process com.tencent.android.qqdownloader Already Exists in BG. So sending its PID: 8328
03-14 03:57:24.882 1523 2461 I wm_add_to_stopping: [0,245748760,com.android.launcher3/.uioverrides.QuickstepLauncher,makeInvisible]
03-14 03:57:24.882 1523 2461 I wm_restart_activity: [0,235942085,19,com.tencent.android.qqdownloader/com.tencent.assistant.activity.SplashImplActivity]
03-14 03:57:24.883 1523 2461 I wm_set_resumed_activity: [0,com.tencent.android.qqdownloader/com.tencent.assistant.activity.SplashImplActivity,minimalResumeActivityLocked]
03-14 03:57:24.901 1523 1653 I wm_destroy_activity: [0,80510137,18,com.tencent.android.qqdownloader/com.tencent.pangu.link.SplashActivity,finish-imm:idle]
03-14 03:57:24.905 1523 1653 I sysui_multi_action: [757,803,799,window_time_0,802,0]
03-14 03:57:24.906 1523 1996 I input_focus: [Focus leaving 96bde3e com.android.launcher3/com.android.launcher3.uioverrides.QuickstepLauncher (server),reason=NO_WINDOW]
03-14 03:57:24.918 8290 8290 I wm_on_destroy_called: [80510137,com.tencent.pangu.link.SplashActivity,performDestroy]
03-14 03:57:24.919 1523 1618 I wm_task_removed: [18,removeChild:removeChild last r=ActivityRecord{4cc7cb9 u0 com.tencent.android.qqdownloader/com.tencent.pangu.link.SplashActivity t-1 f}} in t=Task{8ddbc04 #18 type=standard A=10093:com.tencent.pangu.link.SplashActivity U=0 visible=false mode=fullscreen translucent=true sz=0}]
03-14 03:57:24.919 1523 1618 I wm_task_removed: [18,removeChild]
03-14 03:57:24.947 8328 8328 I wm_on_create_called: [235942085,com.tencent.assistant.activity.SplashImplActivity,performCreate]
03-14 03:57:24.952 8328 8328 I wm_on_start_called: [235942085,com.tencent.assistant.activity.SplashImplActivity,handleStartActivity]
03-14 03:57:24.962 8328 8328 I wm_on_resume_called: [235942085,com.tencent.assistant.activity.SplashImplActivity,RESUME_ACTIVITY]
03-14 03:57:24.968 1523 2745 W WindowManager: Failed looking up window session=Session{e185581 8328:u0a10093} callers=com.android.server.wm.WindowManagerService.windowForClientLocked:5628 com.android.server.wm.Session.insetsModified:629 android.view.IWindowSession$Stub.onTransact:1151
03-14 03:57:24.973 8328 8328 I wm_on_top_resumed_gained_called: [235942085,com.tencent.assistant.activity.SplashImplActivity,topStateChangedWhenResumed]
03-14 03:57:24.999 1523 1654 I input_focus: [Focus request d005814 com.tencent.android.qqdownloader/com.tencent.assistant.activity.SplashImplActivity,reason=UpdateInputWindows]
03-14 03:57:25.001 1523 2461 W FreeFormWindowHelper: Current Display FreeFormTask is null
01-01 12:39:34.019 0 0 I binder : 8328:8465 ioctl 40046210 b93d3d38 returned -22
03-14 03:57:25.082 1523 3624 W ActivityTaskManager: Request to remove task ignored for non-existent task 17
03-14 03:57:25.083 1523 1650 I sysui_multi_action: [319,167,321,160,322,355,325,394,757,761,758,7,759,1,806,com.tencent.android.qqdownloader,871,com.tencent.assistant.activity.SplashImplActivity,904,com.tencent.android.qqdownloader,905,0,945,26,1320,4,1321,4]
03-14 03:57:25.083 1523 1650 I wm_activity_launch_time: [0,235942085,com.tencent.android.qqdownloader/com.tencent.assistant.activity.SplashImplActivity,355]
03-14 03:57:25.095 1523 1996 I input_focus: [Focus entering d005814 com.tencent.android.qqdownloader/com.tencent.assistant.activity.SplashImplActivity (server),reason=Window became focusable. Previous reason: NOT_VISIBLE]
01-01 12:39:34.079 0 0 I binder : 8524:8524 ioctl 40046210 7ff2b6bc94 returned -22
03-14 03:57:26.108 1523 2461 I thunderperf: PlatormCompat.setOverrides: Uid1=10093 Pid1=8328 Uid2=10093 Pid2=8328
03-14 03:57:26.108 1523 2461 I thunderperf: PlatormCompat.setOverrides: needCheck:false
03-14 03:57:26.108 1523 2461 W PackageManager: MATCH_ANY_USER flag requires INTERACT_ACROSS_USERS permission: UID 10093 requires android.permission.INTERACT_ACROSS_USERS_FULL or android.permission.INTERACT_ACROSS_USERS to access user 0.
03-14 03:57:26.109 1523 2461 I ActivityTaskManager: START u0 {flg=0x4000000 cmp=com.tencent.android.qqdownloader/com.tencent.assistantv2.activity.MainActivity (has extras)} from uid 10093
03-14 03:57:26.111 1523 2461 I wm_task_moved: [19,1,7]
03-14 03:57:26.111 1523 2461 I wm_set_resumed_activity: [0,com.tencent.android.qqdownloader/com.tencent.assistant.activity.SplashImplActivity,positionChildAt]
03-14 03:57:26.111 1523 2461 I wm_create_activity: [0,220541267,19,com.tencent.android.qqdownloader/com.tencent.assistantv2.activity.MainActivity,NULL,NULL,NULL,335544320]
03-14 03:57:26.112 1523 2461 I wm_pause_activity: [0,235942085,com.tencent.android.qqdownloader/com.tencent.assistant.activity.SplashImplActivity,userLeaving=true,resumeTopActivityInnerLocked]
03-14 03:57:26.113 8328 8328 I wm_on_top_resumed_lost_called: [235942085,com.tencent.assistant.activity.SplashImplActivity,topStateChangedWhenResumed]
03-14 03:57:26.114 8328 8328 I wm_on_paused_called: [235942085,com.tencent.assistant.activity.SplashImplActivity,performPause]
03-14 03:57:26.115 1523 1617 I ActivityTaskManager: FOREGROUND_APPLICATION_CHANGED to com.tencent.assistantv2.activity.MainActivity
03-14 03:57:26.115 1523 1617 I ActivityTaskManager: The Process com.tencent.android.qqdownloader Already Exists in BG. So sending its PID: 8328
03-14 03:57:26.116 1523 1617 W ActivityTaskManager: Tried to set launchTime (0) < mLastActivityLaunchTime (394828)
03-14 03:57:26.116 1523 1617 I wm_restart_activity: [0,220541267,19,com.tencent.android.qqdownloader/com.tencent.assistantv2.activity.MainActivity]
03-14 03:57:26.117 1523 1617 I wm_set_resumed_activity: [0,com.tencent.android.qqdownloader/com.tencent.assistantv2.activity.MainActivity,minimalResumeActivityLocked]
03-14 03:57:26.119 1523 1653 I sysui_multi_action: [757,803,799,window_time_0,802,2]
03-14 03:57:26.128 1523 2745 I ActivityTaskManager: Activity requesting to dismiss Keyguard: ActivityRecord{d253153 u0 com.tencent.android.qqdownloader/com.tencent.assistantv2.activity.MainActivity t19}
03-14 03:57:26.157 8328 8328 I wm_on_create_called: [220541267,com.tencent.assistantv2.activity.MainActivity,performCreate]
03-14 03:57:26.158 8328 8328 I wm_on_start_called: [220541267,com.tencent.assistantv2.activity.MainActivity,handleStartActivity]
03-14 03:57:26.161 1523 1617 I thunderperf: PlatormCompat.setOverrides: Uid1=10093 Pid1=8328 Uid2=10093 Pid2=8328
03-14 03:57:26.161 1523 1617 I thunderperf: PlatormCompat.setOverrides: needCheck:false
03-14 03:57:26.161 1523 1617 W PackageManager: MATCH_ANY_USER flag requires INTERACT_ACROSS_USERS permission: UID 10093 requires android.permission.INTERACT_ACROSS_USERS_FULL or android.permission.INTERACT_ACROSS_USERS to access user 0.
03-14 03:57:26.161 1523 1617 I ActivityTaskManager: START u0 {cmp=com.tencent.android.qqdownloader/com.tencent.pangu.activity.TranslucentAppDemoActivity (has extras)} from uid 10093
03-14 03:57:26.163 1523 1617 I wm_task_moved: [19,1,7]
03-14 03:57:26.163 1523 1617 I wm_set_resumed_activity: [0,com.tencent.android.qqdownloader/com.tencent.assistantv2.activity.MainActivity,positionChildAt]
03-14 03:57:26.163 1523 1617 I wm_create_activity: [0,249818726,19,com.tencent.android.qqdownloader/com.tencent.pangu.activity.TranslucentAppDemoActivity,NULL,NULL,NULL,0]
03-14 03:57:26.163 1523 1617 I wm_pause_activity: [0,220541267,com.tencent.android.qqdownloader/com.tencent.assistantv2.activity.MainActivity,userLeaving=true,resumeTopActivityInnerLocked]
03-14 03:57:26.169 8328 8328 I wm_on_resume_called: [220541267,com.tencent.assistantv2.activity.MainActivity,RESUME_ACTIVITY]
03-14 03:57:26.192 1523 1654 I input_focus: [Focus request 52d1543 com.tencent.android.qqdownloader/com.tencent.assistantv2.activity.MainActivity,reason=UpdateInputWindows]
03-14 03:57:26.199 8328 8328 I wm_on_top_resumed_gained_called: [220541267,com.tencent.assistantv2.activity.MainActivity,topStateChangedWhenResumed]
03-14 03:57:26.204 8328 8328 I wm_on_top_resumed_lost_called: [220541267,com.tencent.assistantv2.activity.MainActivity,topStateChangedWhenResumed]
03-14 03:57:26.207 8328 8328 I wm_on_paused_called: [220541267,com.tencent.assistantv2.activity.MainActivity,performPause]
03-14 03:57:26.207 1523 2461 I ActivityTaskManager: FOREGROUND_APPLICATION_CHANGED to com.tencent.pangu.activity.TranslucentAppDemoActivity
03-14 03:57:26.207 1523 2461 I ActivityTaskManager: The Process com.tencent.android.qqdownloader Already Exists in BG. So sending its PID: 8328
03-14 03:57:26.208 1523 2461 W ActivityTaskManager: Tried to set launchTime (0) < mLastActivityLaunchTime (396062)
03-14 03:57:26.208 1523 2461 I wm_restart_activity: [0,249818726,19,com.tencent.android.qqdownloader/com.tencent.pangu.activity.TranslucentAppDemoActivity]
03-14 03:57:26.208 1523 1996 I input_focus: [Focus leaving d005814 com.tencent.android.qqdownloader/com.tencent.assistant.activity.SplashImplActivity (server),reason=NOT_FOCUSABLE]
03-14 03:57:26.209 1523 2461 I wm_set_resumed_activity: [0,com.tencent.android.qqdownloader/com.tencent.pangu.activity.TranslucentAppDemoActivity,minimalResumeActivityLocked]
03-14 03:57:26.214 1523 1653 I sysui_multi_action: [757,803,799,window_time_0,802,0]
03-14 03:57:26.227 1523 2745 I ActivityTaskManager: Activity requesting to dismiss Keyguard: ActivityRecord{ee3ee66 u0 com.tencent.android.qqdownloader/com.tencent.pangu.activity.TranslucentAppDemoActivity t19}
03-14 03:57:26.243 8328 8328 I wm_on_create_called: [249818726,com.tencent.pangu.activity.TranslucentAppDemoActivity,performCreate]
03-14 03:57:26.244 8328 8328 I wm_on_start_called: [249818726,com.tencent.pangu.activity.TranslucentAppDemoActivity,handleStartActivity]
03-14 03:57:26.246 8328 8328 I wm_on_resume_called: [249818726,com.tencent.pangu.activity.TranslucentAppDemoActivity,RESUME_ACTIVITY]
03-14 03:57:26.250 8328 8328 I wm_on_top_resumed_gained_called: [249818726,com.tencent.pangu.activity.TranslucentAppDemoActivity,topStateChangedWhenResumed]
03-14 03:57:26.260 1523 1654 I input_focus: [Focus request 61fbc1c com.tencent.android.qqdownloader/com.tencent.pangu.activity.TranslucentAppDemoActivity,reason=UpdateInputWindows]
03-14 03:57:26.269 1523 1650 I wm_activity_launch_time: [0,249818726,com.tencent.android.qqdownloader/com.tencent.pangu.activity.TranslucentAppDemoActivity,160]
03-14 03:57:26.276 1523 1996 I input_focus: [Focus entering 61fbc1c com.tencent.android.qqdownloader/com.tencent.pangu.activity.TranslucentAppDemoActivity (server),reason=setFocusedWindow]
03-14 03:57:26.311 1523 2426 W FreeFormWindowHelper: Current Display FreeFormTask is null
03-14 03:57:26.655 0 0 I auditd : type=1400 audit(0.0:1720): avc: denied { kill } for comm="swapper/2" capability=5 scontext=u:r:kernel:s0 tcontext=u:r:kernel:s0 tclass=capability permissive=0
03-14 03:57:26.664 1523 1618 I wm_add_to_stopping: [0,235942085,com.tencent.android.qqdownloader/com.tencent.assistant.activity.SplashImplActivity,makeInvisible]
03-14 03:57:26.665 1523 1618 I wm_add_to_stopping: [0,245748760,com.android.launcher3/.uioverrides.QuickstepLauncher,makeInvisible]
03-14 03:57:26.667 1523 3624 I wm_stop_activity: [0,245748760,com.android.launcher3/.uioverrides.QuickstepLauncher]
03-14 03:57:26.667 1523 3624 I wm_stop_activity: [0,235942085,com.tencent.android.qqdownloader/com.tencent.assistant.activity.SplashImplActivity]
03-14 03:57:26.668 1523 1617 I wm_finish_activity: [0,235942085,19,com.tencent.android.qqdownloader/com.tencent.assistant.activity.SplashImplActivity,app-request]
03-14 03:57:26.669 1523 1617 I wm_destroy_activity: [0,235942085,19,com.tencent.android.qqdownloader/com.tencent.assistant.activity.SplashImplActivity,finish-imm:finishIfPossible]
03-14 03:57:26.677 2830 2830 I wm_on_stop_called: [245748760,com.android.launcher3.uioverrides.QuickstepLauncher,STOP_ACTIVITY_ITEM]
03-14 03:57:26.678 8328 8328 I wm_on_stop_called: [235942085,com.tencent.assistant.activity.SplashImplActivity,STOP_ACTIVITY_ITEM]
03-14 03:57:26.680 8328 8328 I wm_on_destroy_called: [235942085,com.tencent.assistant.activity.SplashImplActivity,performDestroy]
03-14 03:57:27.095 8328 8328 I auditd : type=1400 audit(0.0:1721): avc: granted { nlmsg_readpriv } for comm="halley_2800_Tem" scontext=u:r:untrusted_app_27:s0:c512,c768 tcontext=u:r:untrusted_app_27:s0:c512,c768 tclass=netlink_route_socket app=com.tencent.android.qqdownloader
03-14 03:57:27.655 0 0 I auditd : type=1400 audit(0.0:1722): avc: denied { kill } for comm="swapper/2" capability=5 scontext=u:r:kernel:s0 tcontext=u:r:kernel:s0 tclass=capability permissive=0
03-14 03:57:27.795 1523 3624 D CompatibilityChangeReporter: Compat change id reported: 135634846; UID 10093; state: DISABLED
03-14 03:57:27.795 1523 1663 D CompatibilityChangeReporter: Compat change id reported: 143937733; UID 10093; state: DISABLED
03-14 03:57:27.799 1523 1663 I am_proc_start: [0,8702,10093,com.tencent.android.qqdownloader:cloud,service,{com.tencent.android.qqdownloader/com.live.watermelon.service.SentryAlphaService}]
03-14 03:57:27.799 1523 1663 I ActivityManager: Start proc 8702:com.tencent.android.qqdownloader:cloud/u0a93 for service {com.tencent.android.qqdownloader/com.live.watermelon.service.SentryAlphaService}
03-14 03:57:27.795 8703 8703 I auditd : type=1400 audit(0.0:1723): avc: granted { execute } for comm="Thread-13" name="daemon2_v2.1.4" dev="dm-10" ino=3039 scontext=u:r:untrusted_app_27:s0:c512,c768 tcontext=u:object_r:app_data_file:s0:c512,c768 tclass=file app=com.tencent.android.qqdownloader
03-14 03:57:27.795 8703 8703 I auditd : type=1400 audit(0.0:1724): avc: granted { execute_no_trans } for comm="Thread-13" path="/data/user/0/com.tencent.android.qqdownloader/app_bin/daemon2_v2.1.4" dev="dm-10" ino=3039 scontext=u:r:untrusted_app_27:s0:c512,c768 tcontext=u:object_r:app_data_file:s0:c512,c768 tclass=file app=com.tencent.android.qqdownloader
03-14 03:57:27.799 8703 8703 I auditd : type=1400 audit(0.0:1725): avc: granted { execute } for comm="daemon2_v2.1.4" path="/data/user/0/com.tencent.android.qqdownloader/app_bin/daemon2_v2.1.4" dev="dm-10" ino=3039 scontext=u:r:untrusted_app_27:s0:c512,c768 tcontext=u:object_r:app_data_file:s0:c512,c768 tclass=file app=com.tencent.android.qqdownloader
01-01 12:39:36.771 0 0 I binder : 8702:8702 ioctl 40046210 ffdfffb8 returned -22
03-14 03:57:27.811 1523 3624 I am_proc_bound: [0,8702,com.tencent.android.qqdownloader:cloud]
01-01 12:39:36.777 0 0 I binder : 8717:8717 ioctl 40046210 ff9508b0 returned -22
03-14 03:57:27.863 8743 8743 I auditd : type=1400 audit(0.0:1726): avc: granted { execute } for comm="Thread-3" name="daemon2_v2.1.4" dev="dm-10" ino=3039 scontext=u:r:untrusted_app_27:s0:c512,c768 tcontext=u:object_r:app_data_file:s0:c512,c768 tclass=file app=com.tencent.android.qqdownloader
03-14 03:57:27.863 8743 8743 I auditd : type=1400 audit(0.0:1727): avc: granted { execute_no_trans } for comm="Thread-3" path="/data/user/0/com.tencent.android.qqdownloader/app_bin/daemon2_v2.1.4" dev="dm-10" ino=3039 scontext=u:r:untrusted_app_27:s0:c512,c768 tcontext=u:object_r:app_data_file:s0:c512,c768 tclass=file app=com.tencent.android.qqdownloader
03-14 03:57:27.863 8743 8743 I auditd : type=1400 audit(0.0:1728): avc: granted { execute } for comm="daemon2_v2.1.4" path="/data/user/0/com.tencent.android.qqdownloader/app_bin/daemon2_v2.1.4" dev="dm-10" ino=3039 scontext=u:r:untrusted_app_27:s0:c512,c768 tcontext=u:object_r:app_data_file:s0:c512,c768 tclass=file app=com.tencent.android.qqdownloader
01-01 12:39:36.839 0 0 I binder : 8745:8745 ioctl 40046210 ffcc10d0 returned -22
03-14 03:57:27.875 8290 8290 I auditd : type=1400 audit(0.0:1729): avc: denied { read } for comm="ark-Looper-Main" name="version" dev="proc" ino=4026532247 scontext=u:r:untrusted_app_27:s0:c512,c768 tcontext=u:object_r:proc_version:s0 tclass=file permissive=0 app=com.tencent.android.qqdownloader
01-01 12:39:36.849 0 0 W audit : audit_lost=1246 audit_rate_limit=5 audit_backlog_limit=64
01-01 12:39:36.849 0 0 E audit : rate limit exceeded
03-14 03:57:28.007 1523 2295 I netstats_mobile_sample: [0,0,0,0,0,0,0,0,0,0,0,0,1678737448007]
03-14 03:57:28.007 1523 2295 I netstats_wifi_sample: [29934713,25813,1497899,10833,29934713,25813,1497899,10833,30474788,29432,1257821,10125,1678737448007]
03-14 03:57:29.410 1523 1996 I input_interaction: Interaction with: 61fbc1c com.tencent.android.qqdownloader/com.tencent.pangu.activity.TranslucentAppDemoActivity (server), edge-swipe (server), swipe-up (server), PointerEventDispatcher0 (server),
03-14 03:57:29.526 1523 3624 I wm_finish_activity: [0,249818726,19,com.tencent.android.qqdownloader/com.tencent.pangu.activity.TranslucentAppDemoActivity,app-request]
03-14 03:57:29.534 1523 3624 I wm_pause_activity: [0,249818726,com.tencent.android.qqdownloader/com.tencent.pangu.activity.TranslucentAppDemoActivity,userLeaving=false,finish]
03-14 03:57:29.548 8328 8328 I wm_on_top_resumed_lost_called: [249818726,com.tencent.pangu.activity.TranslucentAppDemoActivity,topStateChangedWhenResumed]
03-14 03:57:29.550 8328 8328 I wm_on_paused_called: [249818726,com.tencent.pangu.activity.TranslucentAppDemoActivity,performPause]
03-14 03:57:29.551 1523 2745 I ActivityTaskManager: FOREGROUND_APPLICATION_CHANGED to com.tencent.assistantv2.activity.MainActivity
03-14 03:57:29.553 1523 2745 I wm_set_resumed_activity: [0,com.tencent.android.qqdownloader/com.tencent.assistantv2.activity.MainActivity,resumeTopActivityInnerLocked]
03-14 03:57:29.553 1523 2745 I wm_resume_activity: [0,220541267,19,com.tencent.android.qqdownloader/com.tencent.assistantv2.activity.MainActivity]
03-14 03:57:29.561 1523 1654 I input_focus: [Focus request 52d1543 com.tencent.android.qqdownloader/com.tencent.assistantv2.activity.MainActivity,reason=UpdateInputWindows]
03-14 03:57:29.567 1523 1653 I sysui_multi_action: [757,803,799,window_time_0,802,3]
03-14 03:57:29.567 1523 1653 I wm_destroy_activity: [0,249818726,19,com.tencent.android.qqdownloader/com.tencent.pangu.activity.TranslucentAppDemoActivity,finish-transit]
03-14 03:57:29.569 1523 1996 I input_focus: [Focus leaving 61fbc1c com.tencent.android.qqdownloader/com.tencent.pangu.activity.TranslucentAppDemoActivity (server),reason=NO_WINDOW]
03-14 03:57:29.586 1523 1996 I input_focus: [Focus entering 52d1543 com.tencent.android.qqdownloader/com.tencent.assistantv2.activity.MainActivity (server),reason=setFocusedWindow]
03-14 03:57:29.593 8328 8328 I wm_on_resume_called: [220541267,com.tencent.assistantv2.activity.MainActivity,RESUME_ACTIVITY]
03-14 03:57:29.619 8328 8328 I wm_on_top_resumed_gained_called: [220541267,com.tencent.assistantv2.activity.MainActivity,topWhenResuming]
03-14 03:57:29.640 8328 8328 I wm_on_stop_called: [249818726,com.tencent.pangu.activity.TranslucentAppDemoActivity,LIFECYCLER_STOP_ACTIVITY]
03-14 03:57:29.644 8328 8328 I wm_on_destroy_called: [249818726,com.tencent.pangu.activity.TranslucentAppDemoActivity,performDestroy]
03-14 03:57:29.657 1523 1617 W FreeFormWindowHelper: Current Display FreeFormTask is null
01-01 12:39:38.706 0 0 W perfetto: disabled ftrace
03-14 03:57:29.754 1156 8292 I iorapd : Perfetto TraceBuffer saved to file: /data/misc/iorapd/com.tencent.android.qqdownloader/7862130/com.tencent.pangu.link.SplashActivity/raw_traces/1678737449753764435.perfetto_trace.pb
03-14 03:57:29.795 8290 8290 I auditd : type=1400 audit(0.0:1731): avc: granted { nlmsg_readpriv } for comm="temporary-5" scontext=u:r:untrusted_app_27:s0:c512,c768 tcontext=u:r:untrusted_app_27:s0:c512,c768 tclass=netlink_route_socket app=com.tencent.android.qqdownloader
03-14 03:57:29.841 1523 2426 D CompatibilityChangeReporter: Compat change id reported: 171306433; UID 10093; state: DISABLED
03-14 03:57:29.843 8290 8290 I auditd : type=1400 audit(0.0:1732): avc: denied { read } for comm="StartThread-164" name="drivers" dev="proc" ino=4026531852 scontext=u:r:untrusted_app_27:s0:c512,c768 tcontext=u:object_r:proc_tty_drivers:s0 tclass=file permissive=0 app=com.tencent.android.qqdownloader
03-14 03:57:29.851 8290 8290 I auditd : type=1400 audit(0.0:1733): avc: denied { read } for comm="qimei-thread-1" name="/" dev="dm-5" ino=2 scontext=u:r:untrusted_app_27:s0:c512,c768 tcontext=u:object_r:rootfs:s0 tclass=dir permissive=0 app=com.tencent.android.qqdownloader
03-14 03:57:29.855 8848 8848 I auditd : type=1400 audit(0.0:1734): avc: denied { read } for comm="ps" name="pid_max" dev="proc" ino=108271 scontext=u:r:untrusted_app_27:s0:c512,c768 tcontext=u:object_r:proc_pid_max:s0 tclass=file permissive=0 app=com.tencent.android.qqdownloader
03-14 03:57:29.859 8290 8290 I auditd : type=1400 audit(0.0:1735): avc: granted { nlmsg_readpriv } for comm="qimei-thread-1" scontext=u:r:untrusted_app_27:s0:c512,c768 tcontext=u:r:untrusted_app_27:s0:c512,c768 tclass=netlink_route_socket app=com.tencent.android.qqdownloader
03-14 03:57:29.873 8290 8290 E ActivityThread: Failed to find provider info for com.android.badge
03-14 03:57:29.876 8290 8290 E ActivityThread: Failed to find provider info for com.android.badge
03-14 03:57:29.876 1523 2745 I thunderperf: PlatormCompat.setOverrides: Uid1=10093 Pid1=8290 Uid2=10093 Pid2=8290
03-14 03:57:29.876 1523 2745 I thunderperf: PlatormCompat.setOverrides: needCheck:false
03-14 03:57:29.876 1523 2745 W PackageManager: MATCH_ANY_USER flag requires INTERACT_ACROSS_USERS permission: UID 10093 requires android.permission.INTERACT_ACROSS_USERS_FULL or android.permission.INTERACT_ACROSS_USERS to access user 0.
03-14 03:57:29.877 1523 2745 I ActivityTaskManager: START u0 {flg=0x10010000 cmp=com.tencent.android.qqdownloader/com.tencent.qqdownloader.backgroundstart.BackgroundSupportActivity (has extras)} from uid 10093
03-14 03:57:29.877 1523 2745 W ActivityTaskManager: Permission Denial: starting Intent { flg=0x10010000 cmp=com.tencent.android.qqdownloader/com.tencent.qqdownloader.backgroundstart.BackgroundSupportActivity (has extras) } from ProcessRecord{927a8fe 8290:com.tencent.android.qqdownloader:daemon/u0a93} (pid=8290, uid=10093) with launchActivityType=assistant
01-01 12:39:38.907 0 0 I [soft_i][0x1de493ee4][03:57:29.945175] wlan: [0:I:DP] dp_addba_requestprocess_wifi3 restore BA win 64 based on addba req
01-01 12:39:38.920 0 0 W audit : audit_lost=1247 audit_rate_limit=5 audit_backlog_limit=64
01-01 12:39:38.920 0 0 E audit : rate limit exceeded
03-14 03:57:30.081 1523 3624 W ActivityManager: Unable to start service Intent { act=com.tencent.soter.soterserver.ISoterService pkg=com.tencent.soter.soterserver } U=0: not found
03-14 03:57:30.173 1523 2295 I netstats_mobile_sample: [0,0,0,0,0,0,0,0,0,0,0,0,1678737450172]
03-14 03:57:30.173 1523 2295 I netstats_wifi_sample: [39515488,32926,1774098,14178,39508208,32921,1773874,14173,39901384,36509,1519946,13389,1678737450172]
03-14 03:57:30.301 1523 2745 W ActivityManager: Unable to start service Intent { act=com.tencent.soter.soterserver.ISoterService pkg=com.tencent.soter.soterserver } U=0: not found
03-14 03:57:31.405 1523 2295 I netstats_mobile_sample: [0,0,0,0,0,0,0,0,0,0,0,0,1678737451405]
03-14 03:57:31.406 1523 2295 I netstats_wifi_sample: [56794913,45306,2091631,19498,56794913,45306,2091631,19498,57263153,48969,1833313,18726,1678737451405]
03-14 03:57:32.568 1523 2295 I netstats_mobile_sample: [0,0,0,0,0,0,0,0,0,0,0,0,1678737452568]
03-14 03:57:32.569 1523 2295 I netstats_wifi_sample: [73747850,57457,2315483,24431,73747850,57457,2315483,24431,74246957,61233,2056299,23652,1678737452568]
03-14 03:57:32.655 0 0 I auditd : type=1400 audit(0.0:1737): avc: denied { kill } for comm="swapper/0" capability=5 scontext=u:r:kernel:s0 tcontext=u:r:kernel:s0 tclass=capability permissive=0
03-14 03:57:32.947 8290 8290 I auditd : type=1400 audit(0.0:1738): avc: granted { execute } for comm="gatherer-1-thre" path="/data/user/0/com.tencent.android.qqdownloader/app_e_qq_com_plugin_new_b11baa871a179485a20599a8c8554089/libturingga.so" dev="dm-10" ino=4915 scontext=u:r:untrusted_app_27:s0:c512,c768 tcontext=u:object_r:app_data_file:s0:c512,c768 tclass=file app=com.tencent.android.qqdownloader
03-14 03:57:32.966 1523 2426 W ActivityManager: Unable to start service Intent { act=action.com.heytap.openid.OPEN_ID_SERVICE cmp=com.heytap.openid/.IdentifyService } U=0: not found
03-14 03:57:33.000 1523 1662 I ActivityManager: Deferring FGS notification in legacy app com.tencent.android.qqdownloader/u0a93 : Notification(channel=channel_id_default_silent shortcut=null contentView=null vibrate=null sound=null tick defaults=0x0 flags=0x240 color=0x00000000 groupKey=com.tencent.android.qqdownloader vis=PRIVATE)
03-14 03:57:33.043 1523 1996 I input_interaction: Interaction with: 52d1543 com.tencent.android.qqdownloader/com.tencent.assistantv2.activity.MainActivity (server), edge-swipe (server), swipe-up (server), PointerEventDispatcher0 (server),
03-14 03:57:33.148 1523 3624 I thunderperf: PlatormCompat.setOverrides: Uid1=10093 Pid1=8328 Uid2=10093 Pid2=8328
03-14 03:57:33.148 1523 3624 I thunderperf: PlatormCompat.setOverrides: needCheck:false
03-14 03:57:33.148 1523 3624 W PackageManager: MATCH_ANY_USER flag requires INTERACT_ACROSS_USERS permission: UID 10093 requires android.permission.INTERACT_ACROSS_USERS_FULL or android.permission.INTERACT_ACROSS_USERS to access user 0.
03-14 03:57:33.149 1523 3624 I ActivityTaskManager: START u0 {cmp=com.tencent.android.qqdownloader/com.tencent.pangu.activity.DownloadActivity (has extras)} from uid 10093
03-14 03:57:33.158 1523 3624 I wm_task_moved: [19,1,7]
03-14 03:57:33.158 1523 3624 I wm_set_resumed_activity: [0,com.tencent.android.qqdownloader/com.tencent.assistantv2.activity.MainActivity,positionChildAt]
03-14 03:57:33.158 1523 3624 I wm_create_activity: [0,233904099,19,com.tencent.android.qqdownloader/com.tencent.pangu.activity.DownloadActivity,NULL,NULL,NULL,0]
03-14 03:57:33.159 1523 3624 I wm_pause_activity: [0,220541267,com.tencent.android.qqdownloader/com.tencent.assistantv2.activity.MainActivity,userLeaving=true,resumeTopActivityInnerLocked]
03-14 03:57:33.177 8328 8328 I wm_on_top_resumed_lost_called: [220541267,com.tencent.assistantv2.activity.MainActivity,topStateChangedWhenResumed]
03-14 03:57:33.187 8328 8328 I wm_on_paused_called: [220541267,com.tencent.assistantv2.activity.MainActivity,performPause]
03-14 03:57:33.188 1523 3624 I ActivityTaskManager: FOREGROUND_APPLICATION_CHANGED to com.tencent.pangu.activity.DownloadActivity
03-14 03:57:33.188 1523 3624 I ActivityTaskManager: The Process com.tencent.android.qqdownloader Already Exists in BG. So sending its PID: 8328
03-14 03:57:33.188 1523 3624 W ActivityTaskManager: Tried to set launchTime (0) < mLastActivityLaunchTime (396154)
03-14 03:57:33.188 1523 3624 I wm_add_to_stopping: [0,220541267,com.tencent.android.qqdownloader/com.tencent.assistantv2.activity.MainActivity,makeInvisible]
03-14 03:57:33.189 1523 3624 I wm_restart_activity: [0,233904099,19,com.tencent.android.qqdownloader/com.tencent.pangu.activity.DownloadActivity]
03-14 03:57:33.190 1523 3624 I wm_set_resumed_activity: [0,com.tencent.android.qqdownloader/com.tencent.pangu.activity.DownloadActivity,minimalResumeActivityLocked]
03-14 03:57:33.192 1523 1653 I sysui_multi_action: [757,803,799,window_time_0,802,4]
03-14 03:57:33.208 1523 1996 I input_focus: [Focus leaving 52d1543 com.tencent.android.qqdownloader/com.tencent.assistantv2.activity.MainActivity (server),reason=NO_WINDOW]
03-14 03:57:33.256 8328 8328 I wm_on_create_called: [233904099,com.tencent.pangu.activity.DownloadActivity,performCreate]
03-14 03:57:33.257 8328 8328 I wm_on_start_called: [233904099,com.tencent.pangu.activity.DownloadActivity,handleStartActivity]
03-14 03:57:33.258 8328 8328 I wm_on_resume_called: [233904099,com.tencent.pangu.activity.DownloadActivity,RESUME_ACTIVITY]
03-14 03:57:33.260 8328 8328 I wm_on_top_resumed_gained_called: [233904099,com.tencent.pangu.activity.DownloadActivity,topStateChangedWhenResumed]
03-14 03:57:33.268 1523 1654 I input_focus: [Focus request 5ad30f8 com.tencent.android.qqdownloader/com.tencent.pangu.activity.DownloadActivity,reason=UpdateInputWindows]
03-14 03:57:33.291 1523 2745 W FreeFormWindowHelper: Current Display FreeFormTask is null
03-14 03:57:33.320 1523 1650 I wm_activity_launch_time: [0,233904099,com.tencent.android.qqdownloader/com.tencent.pangu.activity.DownloadActivity,171]
03-14 03:57:33.326 1523 1996 I input_focus: [Focus entering 5ad30f8 com.tencent.android.qqdownloader/com.tencent.pangu.activity.DownloadActivity (server),reason=Window became focusable. Previous reason: NOT_VISIBLE]
03-14 03:57:33.478 1523 3624 W ActivityManager: Unable to start service Intent { act=action.com.heytap.openid.OPEN_ID_SERVICE cmp=com.heytap.openid/.IdentifyService } U=0: not found
03-14 03:57:33.483 8290 8290 I auditd : type=1400 audit(0.0:1739): avc: denied { read } for comm="TuringFdCore_66" name="tcp" dev="proc" ino=4026532265 scontext=u:r:untrusted_app_27:s0:c512,c768 tcontext=u:object_r:proc_net_tcp_udp:s0 tclass=file permissive=0 app=com.tencent.android.qqdownloader
03-14 03:57:33.483 8290 8290 I auditd : type=1400 audit(0.0:1740): avc: denied { read } for comm="TuringFdCore_66" name="tcp6" dev="proc" ino=4026533096 scontext=u:r:untrusted_app_27:s0:c512,c768 tcontext=u:object_r:proc_net_tcp_udp:s0 tclass=file permissive=0 app=com.tencent.android.qqdownloader
03-14 03:57:33.575 1523 1653 I wm_stop_activity: [0,220541267,com.tencent.android.qqdownloader/com.tencent.assistantv2.activity.MainActivity]
03-14 03:57:33.590 8328 8328 I wm_on_stop_called: [220541267,com.tencent.assistantv2.activity.MainActivity,STOP_ACTIVITY_ITEM]
03-14 03:57:33.633 8328 8507 I liblog : 11
03-14 03:57:33.633 8328 8507 I liblog : 3
03-14 03:57:33.633 8328 8507 I liblog : 1
01-01 12:39:42.628 0 0 I binder : 8290:8441 transaction failed 29201/-28, size 1200652-8 line 3240
01-01 12:39:42.628 0 0 I binder : 8290:8441 transaction failed 29201/-28, size 1200652-8 line 3240
03-14 03:57:33.706 1523 2295 I netstats_mobile_sample: [0,0,0,0,0,0,0,0,0,0,0,0,1678737453706]
03-14 03:57:33.707 1523 2295 I netstats_wifi_sample: [92443334,70959,2661868,29433,92443334,70959,2661868,29433,93026247,74836,2397028,28670,1678737453706]
03-14 03:57:33.743 8290 8290 E ActivityThread: Failed to find provider info for com.android.badge
03-14 03:57:33.747 8290 8290 I auditd : type=1400 audit(0.0:1741): avc: granted { nlmsg_readpriv } for comm="TuringFdCore_66" scontext=u:r:untrusted_app_27:s0:c512,c768 tcontext=u:r:untrusted_app_27:s0:c512,c768 tclass=netlink_route_socket app=com.tencent.android.qqdownloader
03-14 03:57:33.751 8290 8290 I auditd : type=1400 audit(0.0:1742): avc: denied { read } for comm="TuringFdCore_66" name="version" dev="proc" ino=4026532247 scontext=u:r:untrusted_app_27:s0:c512,c768 tcontext=u:object_r:proc_version:s0 tclass=file permissive=0 app=com.tencent.android.qqdownloader
03-14 03:57:33.759 9016 9016 I auditd : type=1400 audit(0.0:1743): avc: denied { search } for comm="df" name="vendor" dev="tmpfs" ino=12314 scontext=u:r:untrusted_app_27:s0:c512,c768 tcontext=u:object_r:mnt_vendor_file:s0 tclass=dir permissive=0 app=com.tencent.android.qqdownloader
01-01 12:39:42.726 0 0 W audit : audit_lost=1248 audit_rate_limit=5 audit_backlog_limit=64
01-01 12:39:42.726 0 0 E audit : rate limit exceeded
03-14 03:57:33.759 9016 9016 I auditd : type=1400 audit(0.0:1744): avc: denied { search } for comm="df" name="vendor" dev="tmpfs" ino=12314 scontext=u:r:untrusted_app_27:s0:c512,c768 tcontext=u:object_r:mnt_vendor_file:s0 tclass=dir permissive=0 app=com.tencent.android.qqdownloader
03-14 03:57:33.759 9016 9016 I auditd : type=1400 audit(0.0:1745): avc: denied { getattr } for comm="df" path="/metadata" dev="sda11" ino=2 scontext=u:r:untrusted_app_27:s0:c512,c768 tcontext=u:object_r:metadata_file:s0 tclass=dir permissive=0 app=com.tencent.android.qqdownloader
03-14 03:57:33.759 9016 9016 I auditd : type=1400 audit(0.0:1746): avc: denied { getattr } for comm="df" path="/vendor/firmware_mnt" dev="sde4" ino=1 scontext=u:r:untrusted_app_27:s0:c512,c768 tcontext=u:object_r:firmware_file:s0 tclass=dir permissive=0 app=com.tencent.android.qqdownloader
03-14 03:57:34.014 1523 1523 I notification_enqueue: [10093,8290,com.tencent.android.qqdownloader,112,NULL,0,Notification(channel=channel_id_default_silent shortcut=null contentView=null vibrate=null sound=null tick defaults=0x0 flags=0x212 color=0x00000000 groupKey=com.tencent.android.qqdownloader vis=PRIVATE),0]
03-14 03:57:34.058 8290 8290 E ActivityThread: Failed to find provider info for com.android.badge
03-14 03:57:34.061 8290 8290 E ActivityThread: Failed to find provider info for com.android.badge
03-14 03:57:34.216 1523 1523 I GameModeConfig: isGameModeOn = false
03-14 03:57:34.245 8290 8290 E ActivityThread: Failed to find provider info for com.android.badge
03-14 03:57:34.250 8290 8290 E ActivityThread: Failed to find provider info for com.android.badge
03-14 03:57:34.767 8328 8328 I auditd : type=1400 audit(0.0:1809): avc: denied { read } for comm="pool-18-thread-" name="version" dev="proc" ino=4026532247 scontext=u:r:untrusted_app_27:s0:c512,c768 tcontext=u:object_r:proc_version:s0 tclass=file permissive=0 app=com.tencent.android.qqdownloader
03-14 03:57:34.783 8328 8328 I auditd : type=1400 audit(0.0:1810): avc: denied { read } for comm="pool-18-thread-" name="version" dev="proc" ino=4026532247 scontext=u:r:untrusted_app_27:s0:c512,c768 tcontext=u:object_r:proc_version:s0 tclass=file permissive=0 app=com.tencent.android.qqdownloader
03-14 03:57:34.818 1523 2745 W ActivityManager: Receiver with filter android.content.IntentFilter@bf2dfa3 already registered for pid 8290, callerPackage is com.tencent.android.qqdownloader
03-14 03:57:34.837 1523 2295 I netstats_mobile_sample: [0,0,0,0,0,0,0,0,0,0,0,0,1678737454837]
03-14 03:57:34.838 1523 2295 I netstats_wifi_sample: [110667610,84149,2927793,34298,110667610,84149,2927793,34298,111259702,88050,2655069,33521,1678737454837]
