03-14 04:12:48.695 1523 3737 I wm_task_moved: [25,1,9]
03-14 04:12:48.695 2830 2830 I wm_on_top_resumed_lost_called: [245748760,com.android.launcher3.uioverrides.QuickstepLauncher,topStateChangedWhenResumed]
03-14 04:12:48.696 1523 3737 I wm_pause_activity: [0,245748760,com.android.launcher3/.uioverrides.QuickstepLauncher,userLeaving=true,pauseBackTasks]
03-14 04:12:48.699 2830 2830 I wm_on_paused_called: [245748760,com.android.launcher3.uioverrides.QuickstepLauncher,performPause]
03-14 04:12:48.699 1523 10131 I ActivityTaskManager: FOREGROUND_APPLICATION_CHANGED to com.tencent.mtt.SplashActivity
03-14 04:12:48.700 1523 10131 I ActivityTaskManager: The Process com.tencent.mtt Already Exists in BG. So sending its PID: 11116
03-14 04:12:48.700 1523 10131 W ActivityTaskManager: Tried to set launchTime (0) < mLastActivityLaunchTime (1316261)
03-14 04:12:48.700 1523 10131 I wm_add_to_stopping: [0,245748760,com.android.launcher3/.uioverrides.QuickstepLauncher,makeInvisible]
03-14 04:12:48.700 1523 10131 I wm_restart_activity: [0,221776884,25,com.tencent.mtt/.SplashActivity]
03-14 04:12:48.701 1523 10131 I wm_set_resumed_activity: [0,com.tencent.mtt/.SplashActivity,minimalResumeActivityLocked]
03-14 04:12:48.709 1523 1653 I sysui_multi_action: [757,803,799,window_time_0,802,1]
03-14 04:12:48.790 1523 7582 E PackageDexUsage: Unsupported context?
03-14 04:12:48.795 1523 7582 E PackageDexUsage: Unsupported context?
03-14 04:12:48.803 1523 8272 W FreeFormWindowHelper: Current Display FreeFormTask is null
03-14 04:12:48.804 1523 8272 W FreeFormWindowHelper: Current Display FreeFormTask is null
03-14 04:12:48.833 1523 8272 I am_uid_active: 10066
03-14 04:12:48.834 1523 8272 D CompatibilityChangeReporter: Compat change id reported: 168419799; UID 10066; state: DISABLED
01-01 12:54:57.837 0 0 I binder : undelivered transaction 708167, process died.
01-01 12:54:57.837 0 0 I binder : send failed reply for transaction 708383 to 11116:11116
03-14 04:12:48.873 1523 8272 I ActivityManager: Process com.tencent.mtt:block (pid 11269) has died: cch+5 CEM
03-14 04:12:48.874 1523 8272 I am_proc_died: [0,11269,com.tencent.mtt:block,905,19]
03-14 04:12:48.878 1523 8272 I am_mem_factor: [1,0]
03-14 04:12:48.880 1523 1653 W ActivityManager: setHasOverlayUi called on unknown pid: 11269
03-14 04:12:48.893 1523 8272 I thunderperf: PlatormCompat.setOverrides: Uid1=10099 Pid1=11116 Uid2=10099 Pid2=11116
03-14 04:12:48.893 1523 8272 I thunderperf: PlatormCompat.setOverrides: needCheck:false
03-14 04:12:48.893 1523 8272 W PackageManager: MATCH_ANY_USER flag requires INTERACT_ACROSS_USERS permission: UID 10099 requires android.permission.INTERACT_ACROSS_USERS_FULL or android.permission.INTERACT_ACROSS_USERS to access user 0.
03-14 04:12:48.893 1523 8272 I ActivityTaskManager: START u0 {flg=0x10000 cmp=com.tencent.mtt/.SplashActivity (has extras)} from uid 10099
03-14 04:12:48.895 1523 8272 I wm_task_moved: [25,1,9]
03-14 04:12:48.895 1523 8272 I wm_set_resumed_activity: [0,com.tencent.mtt/.SplashActivity,positionChildAt]
03-14 04:12:48.895 1523 8272 I wm_create_activity: [0,93922353,25,com.tencent.mtt/.SplashActivity,NULL,NULL,NULL,65536]
03-14 04:12:48.896 1523 8272 I wm_pause_activity: [0,221776884,com.tencent.mtt/.SplashActivity,userLeaving=true,resumeTopActivityInnerLocked]
03-14 04:12:48.907 1523 1650 D CompanionDeviceManagerService: onPackageModified(packageName = com.tencent.mtt)
03-14 04:12:48.911 1523 1523 I Telecom : DefaultDialerCache: Refreshing default dialer for user 0: now null: DDC.oR@AC8
03-14 04:12:48.925 1523 1661 W VoiceInteractionManager: no available voice recognition services found for user 0
01-01 12:54:57.926 0 0 I binder : undelivered TRANSACTION_COMPLETE
01-01 12:54:57.926 0 0 I binder : undelivered transaction 709033, process died.
03-14 04:12:48.964 1523 8272 I ActivityManager: Process com.tencent.mtt (pid 11116) has died: fg TOP
03-14 04:12:48.965 1523 8272 I am_proc_died: [0,11116,com.tencent.mtt,0,2]
03-14 04:12:48.967 1523 8272 W ActivityManager: Scheduling restart of crashed service com.tencent.mtt/tmsdk.common.KcBaseService in 1000ms for connection
03-14 04:12:48.967 1523 8272 I am_schedule_service_restart: [0,com.tencent.mtt/tmsdk.common.KcBaseService,1000]
03-14 04:12:48.969 1523 1653 W ActivityManager: setHasOverlayUi called on unknown pid: 11116
03-14 04:12:48.969 1523 1653 D CompatibilityChangeReporter: Compat change id reported: 135634846; UID 10099; state: DISABLED
03-14 04:12:48.969 1523 1653 D CompatibilityChangeReporter: Compat change id reported: 177438394; UID 10099; state: DISABLED
03-14 04:12:48.969 1523 1653 D CompatibilityChangeReporter: Compat change id reported: 135772972; UID 10099; state: DISABLED
03-14 04:12:48.969 1523 1653 D CompatibilityChangeReporter: Compat change id reported: 135754954; UID 10099; state: DISABLED
03-14 04:12:48.969 1523 1663 D CompatibilityChangeReporter: Compat change id reported: 143937733; UID 10099; state: DISABLED
03-14 04:12:48.970 11403 11403 I ActivityThread: Removing dead content provider:android.content.ContentProviderProxy@f3e128e
03-14 04:12:48.970 11403 11403 I ActivityThread: Removing dead content provider:android.content.ContentProviderProxy@5571ebc
03-14 04:12:48.970 11403 11403 I ActivityThread: Removing dead content provider:android.content.ContentProviderProxy@2dd8e45
03-14 04:12:48.970 11403 11403 I ActivityThread: Removing dead content provider:android.content.ContentProviderProxy@80cc99a
03-14 04:12:48.974 1523 1663 I am_proc_start: [0,11807,10099,com.tencent.mtt,top-activity,{com.tencent.mtt/com.tencent.mtt.SplashActivity}]
03-14 04:12:48.974 1523 1663 I ActivityManager: Start proc 11807:com.tencent.mtt/u0a99 for top-activity {com.tencent.mtt/com.tencent.mtt.SplashActivity}
01-01 12:54:57.946 0 0 I binder : 11807:11807 ioctl 40046210 7fd88fc494 returned -22
03-14 04:12:48.985 1523 7040 I am_proc_bound: [0,11807,com.tencent.mtt]
03-14 04:12:48.987 1523 7040 I ActivityTaskManager: The Process com.tencent.mtt Already Exists in BG. So sending its PID: 11807
03-14 04:12:48.987 1523 7040 W ActivityTaskManager: Tried to set launchTime (0) < mLastActivityLaunchTime (1318646)
03-14 04:12:48.987 1523 7040 I wm_restart_activity: [0,93922353,25,com.tencent.mtt/.SplashActivity]
03-14 04:12:48.988 1523 7040 I wm_restart_activity: [0,221776884,25,com.tencent.mtt/.SplashActivity]
03-14 04:12:49.063 11807 11807 I auditd : type=1400 audit(0.0:2987): avc: granted { nlmsg_readpriv } for comm="qm-thread-2" scontext=u:r:untrusted_app_29:s0:c99,c256,c512,c768 tcontext=u:r:untrusted_app_29:s0:c99,c256,c512,c768 tclass=netlink_route_socket app=com.tencent.mtt
03-14 04:12:49.107 1523 1996 I input_interaction: Interaction with: ff5a202 NotificationShade (server), edge-swipe (server), swipe-up (server), PointerEventDispatcher0 (server),
03-14 04:12:49.222 1523 1618 I thunderperf: PlatormCompat.setOverrides: Uid1=10099 Pid1=11807 Uid2=10099 Pid2=11807
03-14 04:12:49.222 1523 1618 I thunderperf: PlatormCompat.setOverrides: needCheck:false
03-14 04:12:49.222 1523 1618 W PackageManager: MATCH_ANY_USER flag requires INTERACT_ACROSS_USERS permission: UID 10099 requires android.permission.INTERACT_ACROSS_USERS_FULL or android.permission.INTERACT_ACROSS_USERS to access user 0.
03-14 04:12:49.222 1523 1618 I ActivityTaskManager: START u0 {flg=0x10000 cmp=com.tencent.mtt/.MainActivity (has extras)} from uid 10099
03-14 04:12:49.226 1523 1618 I wm_task_moved: [25,1,9]
03-14 04:12:49.226 1523 1618 I wm_create_activity: [0,133802905,25,com.tencent.mtt/.MainActivity,NULL,NULL,NULL,268500992]
03-14 04:12:49.226 1523 1618 I ActivityTaskManager: FOREGROUND_APPLICATION_CHANGED to com.tencent.mtt.MainActivity
03-14 04:12:49.226 1523 1618 I ActivityTaskManager: The Process com.tencent.mtt Already Exists in BG. So sending its PID: 11807
03-14 04:12:49.227 1523 1618 W ActivityTaskManager: Tried to set launchTime (0) < mLastActivityLaunchTime (1318934)
03-14 04:12:49.227 1523 1618 I wm_add_to_stopping: [0,93922353,com.tencent.mtt/.SplashActivity,makeInvisible]
03-14 04:12:49.227 1523 1618 I wm_add_to_stopping: [0,221776884,com.tencent.mtt/.SplashActivity,makeInvisible]
03-14 04:12:49.227 1523 1618 I wm_restart_activity: [0,133802905,25,com.tencent.mtt/.MainActivity]
03-14 04:12:49.228 1523 1618 I wm_set_resumed_activity: [0,com.tencent.mtt/.MainActivity,minimalResumeActivityLocked]
03-14 04:12:49.233 1523 7040 I wm_finish_activity: [0,93922353,25,com.tencent.mtt/.SplashActivity,app-request]
03-14 04:12:49.235 11807 11807 I wm_on_create_called: [93922353,com.tencent.mtt.SplashActivity,performCreate]
03-14 04:12:49.235 1523 1653 I wm_stop_activity: [0,221776884,com.tencent.mtt/.SplashActivity]
03-14 04:12:49.236 1523 1653 I wm_destroy_activity: [0,93922353,25,com.tencent.mtt/.SplashActivity,finish-imm:idle]
03-14 04:12:49.236 1523 1653 I wm_stop_activity: [0,245748760,com.android.launcher3/.uioverrides.QuickstepLauncher]
03-14 04:12:49.237 1523 1653 I am_mem_factor: [0,1]
03-14 04:12:49.238 2830 2830 I wm_on_stop_called: [245748760,com.android.launcher3.uioverrides.QuickstepLauncher,STOP_ACTIVITY_ITEM]
03-14 04:12:49.253 1523 1618 I thunderperf: PlatormCompat.setOverrides: Uid1=10099 Pid1=11807 Uid2=10099 Pid2=11807
03-14 04:12:49.253 1523 1618 I thunderperf: PlatormCompat.setOverrides: needCheck:false
03-14 04:12:49.253 1523 1618 W PackageManager: MATCH_ANY_USER flag requires INTERACT_ACROSS_USERS permission: UID 10099 requires android.permission.INTERACT_ACROSS_USERS_FULL or android.permission.INTERACT_ACROSS_USERS to access user 0.
03-14 04:12:49.253 1523 1618 I ActivityTaskManager: START u0 {flg=0x10000 cmp=com.tencent.mtt/.MainActivity (has extras)} from uid 10099
03-14 04:12:49.255 1523 1618 I wm_new_intent: [0,133802905,25,com.tencent.mtt/.MainActivity,NULL,NULL,NULL,268500992]
03-14 04:12:49.255 1523 1618 I wm_task_moved: [25,1,9]
03-14 04:12:49.255 1523 1618 I wm_set_resumed_activity: [0,com.tencent.mtt/.MainActivity,positionChildAt]
03-14 04:12:49.256 1523 7040 I wm_finish_activity: [0,221776884,25,com.tencent.mtt/.SplashActivity,app-request]
03-14 04:12:49.256 1523 7040 I wm_destroy_activity: [0,221776884,25,com.tencent.mtt/.SplashActivity,finish-imm:finishIfPossible]
03-14 04:12:49.257 11807 11807 I wm_on_create_called: [221776884,com.tencent.mtt.SplashActivity,performCreate]
03-14 04:12:49.278 11807 11807 I wm_on_create_called: [133802905,com.tencent.mtt.MainActivity,performCreate]
03-14 04:12:49.282 11807 11807 I wm_on_start_called: [133802905,com.tencent.mtt.MainActivity,handleStartActivity]
03-14 04:12:49.303 11807 11807 I auditd : type=1400 audit(0.0:2988): avc: denied { read } for comm="hippy-js-Thread" name="u:object_r:qemu_hw_prop:s0" dev="tmpfs" ino=2267 scontext=u:r:untrusted_app_29:s0:c99,c256,c512,c768 tcontext=u:object_r:qemu_hw_prop:s0 tclass=file permissive=0 app=com.tencent.mtt
03-14 04:12:49.396 1523 1653 W ActivityTaskManager: Activity top resumed state loss timeout for ActivityRecord{d380bf4 u0 com.tencent.mtt/.SplashActivity t25 f}}
03-14 04:12:49.415 11807 11807 I auditd : type=1400 audit(0.0:2989): avc: denied { read } for comm="com.tencent.mtt" name="u:object_r:qemu_hw_prop:s0" dev="tmpfs" ino=2267 scontext=u:r:untrusted_app_29:s0:c99,c256,c512,c768 tcontext=u:object_r:qemu_hw_prop:s0 tclass=file permissive=0 app=com.tencent.mtt
03-14 04:12:49.535 11807 11807 I wm_on_resume_called: [133802905,com.tencent.mtt.MainActivity,RESUME_ACTIVITY]
03-14 04:12:49.551 11807 11807 I wm_on_destroy_called: [93922353,com.tencent.mtt.SplashActivity,performDestroy]
03-14 04:12:49.552 11807 11807 I wm_on_paused_called: [133802905,com.tencent.mtt.MainActivity,performPause]
03-14 04:12:49.555 11807 11807 I wm_on_resume_called: [133802905,com.tencent.mtt.MainActivity,LIFECYCLER_RESUME_ACTIVITY]
03-14 04:12:49.555 11807 11807 I wm_on_destroy_called: [221776884,com.tencent.mtt.SplashActivity,performDestroy]
03-14 04:12:49.567 11807 11807 I auditd : type=1400 audit(0.0:2990): avc: denied { read } for comm="com.tencent.mtt" name="u:object_r:qemu_hw_prop:s0" dev="tmpfs" ino=2267 scontext=u:r:untrusted_app_29:s0:c99,c256,c512,c768 tcontext=u:object_r:qemu_hw_prop:s0 tclass=file permissive=0 app=com.tencent.mtt
01-01 12:54:58.539 0 0 W audit : audit_lost=1642 audit_rate_limit=5 audit_backlog_limit=64
01-01 12:54:58.539 0 0 E audit : rate limit exceeded
01-01 12:54:58.554 0 0 I binder : 11807:11942 ioctl 40046210 75b5e001f4 returned -22
03-14 04:12:49.696 11807 11807 I wm_on_top_resumed_gained_called: [133802905,com.tencent.mtt.MainActivity,topStateChangedWhenResumed]
03-14 04:12:49.719 1523 1650 I sysui_multi_action: [319,58,321,55,322,1013,325,1318,757,761,758,8,759,1,806,com.tencent.mtt,871,com.tencent.mtt.MainActivity,904,com.tencent.mtt,905,0,945,297,1320,4,1321,4]
03-14 04:12:49.720 1523 1650 I wm_activity_launch_time: [0,133802905,com.tencent.mtt/.MainActivity,1013]
03-14 04:12:49.743 11807 11807 I auditd : type=1400 audit(0.0:2992): avc: granted { nlmsg_readpriv } for comm="com.tencent.mtt" scontext=u:r:untrusted_app_29:s0:c99,c256,c512,c768 tcontext=u:r:untrusted_app_29:s0:c99,c256,c512,c768 tclass=netlink_route_socket app=com.tencent.mtt
03-14 04:12:49.755 1523 1662 W BroadcastQueue: Permission Denial: broadcasting Intent { act=android.net.conn.CONNECTIVITY_CHANGE flg=0x4200010 (has extras) } from null (pid=-1, uid=-1) requires com.tencent.mtt.broadcast due to registered receiver BroadcastFilter{25263fc 10099/u0 ReceiverList{1dd6cef 11807 com.tencent.mtt/10099/u0 remote:68a05ce}}
03-14 04:12:49.758 1523 1661 I am_meminfo: [3309260800,1413910528,24498176,423690240,495004672]
03-14 04:12:49.781 1523 1661 I am_pss : [2830,10074,com.android.launcher3,111878144,103165952,64512,229478400,1,5,10]
03-14 04:12:49.791 1523 1661 I am_pss : [4122,10031,com.android.packageinstaller,34909184,26120192,3422208,120147968,1,16,7]
03-14 04:12:49.832 1523 1661 I am_pss : [8328,10093,com.tencent.android.qqdownloader,122405888,97083392,205824,222588928,1,15,11]
03-14 04:12:49.843 1523 2311 I GameModeConfig: isGameModeOn = false
03-14 04:12:49.843 1523 2311 I GameModeConfig: isGameModeOn = false
03-14 04:12:49.843 1523 2311 I GameModeConfig: isGameModeOn = false
03-14 04:12:49.843 1523 2311 I GameModeConfig: isGameModeOn = false
03-14 04:12:49.843 1523 2311 I GameModeConfig: isGameModeOn = false
03-14 04:12:49.843 1523 2311 I GameModeConfig: isGameModeOn = false
03-14 04:12:49.844 1523 2311 I GameModeConfig: isGameModeOn = false
03-14 04:12:49.844 1523 2311 I GameModeConfig: isGameModeOn = false
03-14 04:12:49.844 1523 1523 I notification_enqueue: [10078,2371,com.android.systemui,2048,NULL,0,Notification(channel=updateNotification shortcut=null contentView=null vibrate=null sound=null defaults=0x0 flags=0x0 color=0x00000000 vis=PRIVATE),1]
03-14 04:12:49.845 2371 2371 I sysui_multi_action: [757,111,758,2]
03-14 04:12:49.845 2371 2371 I sysui_multi_action: [757,111,758,2]
03-14 04:12:49.848 1523 1661 I am_pss : [8290,10093,com.tencent.android.qqdownloader:daemon,131892224,108179456,206848,227684352,1,15,11]
03-14 04:12:49.871 1523 1661 I am_pss : [10281,1000,com.android.settings,132968448,116363264,9227264,210145280,1,16,12]
03-14 04:12:49.883 1523 1661 I am_pss : [3768,10023,com.baidu.input,114258944,106414080,62464,232620032,1,7,10]
03-14 04:12:49.888 1523 1661 I am_pss : [10134,10066,com.android.webview:webview_service,38037504,3964928,30274560,45072384,1,19,4]
03-14 04:12:49.895 1523 1661 I am_pss : [10622,10090,com.android.permissioncontroller,16257024,10698752,3472384,76378112,1,6,5]
03-14 04:12:49.904 1523 1661 I am_pss : [3483,10091,com.android.providers.media.module,18307072,15302656,64512,107839488,1,0,6]
03-14 04:12:49.910 1523 1661 I am_pss : [10188,10062,com.thundercomm.gamemode.provider,8094720,5537792,434176,86171648,1,5,5]
03-14 04:12:49.920 1523 1661 I am_pss : [11403,10099,com.tencent.mtt:service,35093504,21573632,64512,187547648,1,10,9]
03-14 04:12:49.915 11807 11807 I auditd : type=1400 audit(0.0:2993): avc: granted { nlmsg_readpriv } for comm="pool-14-thread-" scontext=u:r:untrusted_app_29:s0:c99,c256,c512,c768 tcontext=u:r:untrusted_app_29:s0:c99,c256,c512,c768 tclass=netlink_route_socket app=com.tencent.mtt
03-14 04:12:49.926 1523 1661 I am_pss : [10649,10065,com.android.gallery3d,11121664,4489216,4569088,63459328,1,19,5]
03-14 04:12:49.932 1523 1661 I am_pss : [10308,10083,com.qualcomm.qti.qccauthmgr,10675200,3108864,6183936,57278464,1,19,5]
03-14 04:12:49.941 1523 1661 I am_pss : [6318,10049,com.thundercomm.screensaver,28965888,12722176,12964864,91394048,1,19,6]
03-14 04:12:49.950 1523 1661 I am_pss : [8702,10093,com.tencent.android.qqdownloader:cloud,22121472,8572928,214016,93736960,1,15,5]
03-14 04:12:49.958 1523 1661 I am_pss : [2355,1002,com.android.bluetooth,26957824,23769088,65536,118833152,1,0,7]
03-14 04:12:49.966 1523 1661 I am_pss : [3451,10071,com.qualcomm.location.XT,6260736,4161536,65536,86220800,1,6,5]
03-14 04:12:49.970 1523 1661 I am_pss : [3886,1000,com.qti.diagservices,17143808,483328,15699968,45162496,1,10,4]
03-14 04:12:49.977 1523 1661 I am_pss : [3413,10079,com.qualcomm.qti.workloadclassifier,12808192,10432512,65536,95469568,1,0,6]
03-14 04:12:49.978 1523 7040 E PackageDexUsage: Unsupported context?
03-14 04:12:49.985 1523 7040 E PackageDexUsage: Unsupported context?
03-14 04:12:49.988 1523 1661 I am_pss : [3373,10069,com.qualcomm.qti.services.systemhelper:systemhelper_service,6083584,4050944,65536,84832256,1,0,5]
03-14 04:12:49.995 1523 1661 I am_pss : [3398,10081,com.qualcomm.qti.qccnetstat,5969920,3907584,65536,84615168,1,0,5]
03-14 04:12:50.003 1523 1661 I am_pss : [3357,10053,.pasr,5592064,3588096,65536,82743296,1,0,5]
03-14 04:12:50.010 1523 1661 I am_pss : [3339,1000,com.hryt.hiphishowfsecontrol,7510016,5169152,65536,91799552,1,0,5]
03-14 04:12:50.015 11807 11807 I auditd : type=1400 audit(0.0:2994): avc: granted { execute } for comm="CPUBound" path="/data/user/0/com.tencent.mtt/app_tbs/home/default/components/net64/30014/libcronet.77.0.3865.120.so" dev="dm-10" ino=8339 scontext=u:r:untrusted_app_29:s0:c99,c256,c512,c768 tcontext=u:object_r:app_data_file:s0:c99,c256,c512,c768 tclass=file app=com.tencent.mtt
03-14 04:12:50.017 1523 1654 I input_focus: [Focus request d1463e9 com.tencent.mtt/com.tencent.mtt.MainActivity,reason=UpdateInputWindows]
03-14 04:12:50.021 1523 1661 I am_pss : [3093,10092,android.ext.services,13876224,10190848,65536,99241984,1,5,7]
03-14 04:12:50.025 1523 8272 I sysui_multi_action: [757,128,758,2,793,1239089,794,2090,795,1239089,796,26,798,0,806,android,857,DEVELOPER_IMPORTANT,858,4,947,0,1395,2,1500,1238886,1688,1]
03-14 04:12:50.025 1523 8272 I notification_visibility: [-1|android|26|null|1000,0,1239089,1239089,0,0]
03-14 04:12:50.025 1523 8272 I sysui_multi_action: [757,128,758,2,793,1293843,794,2090,795,1293843,796,32,798,1,806,android,857,USB,858,1,947,0,1395,2,1500,1293799,1688,1]
03-14 04:12:50.025 1523 8272 I notification_visibility: [-1|android|32|null|1000,0,1293843,1293843,0,1]
03-14 04:12:50.026 1523 8272 I sysui_multi_action: [757,127,758,2]
03-14 04:12:50.026 1523 8272 I notification_panel_hidden:
03-14 04:12:50.035 1523 1661 I am_pss : [3302,10056,ts.car.uart,5704704,3698688,65536,83181568,1,0,5]
03-14 04:12:50.043 1523 1661 I am_pss : [3300,10082,com.hht.lebocast,56905728,47259648,214016,123060224,1,0,7]
03-14 04:12:50.045 1523 1523 I GameModeConfig: isGameModeOn = false
03-14 04:12:50.048 1523 1996 I input_focus: [Focus leaving ff5a202 NotificationShade (server),reason=NO_WINDOW]
03-14 04:12:50.049 1523 1996 I input_focus: [Focus entering d1463e9 com.tencent.mtt/com.tencent.mtt.MainActivity (server),reason=setFocusedWindow]
03-14 04:12:50.052 1523 1661 I am_pss : [3097,10070,com.qualcomm.location,8102912,5378048,65536,94556160,1,0,5]
03-14 04:12:50.062 1523 1661 I am_pss : [2817,1000,com.qualcomm.qti.qdma,17402880,14352384,64512,108314624,1,0,6]
03-14 04:12:50.074 1523 1661 I am_pss : [3872,10061,com.qualcomm.qti.devicestatisticsservice,5514240,3506176,65536,82554880,1,0,5]
03-14 04:12:50.071 11807 11807 I auditd : type=1400 audit(0.0:2995): avc: denied { read } for comm="hippy-jsBridge-" name="version" dev="proc" ino=4026532247 scontext=u:r:untrusted_app_29:s0:c99,c256,c512,c768 tcontext=u:object_r:proc_version:s0 tclass=file permissive=0 app=com.tencent.mtt
03-14 04:12:50.083 1523 1661 I am_pss : [2753,1068,com.android.se,5877760,3821568,65536,84905984,1,0,5]
03-14 04:12:50.089 1523 1661 I am_pss : [2783,1000,com.thundercomm.tcservice,8602624,6381568,65536,90890240,1,0,5]
03-14 04:12:50.087 11807 11807 I auditd : type=1400 audit(0.0:2996): avc: granted { bind } for comm="ThreadPoolForeg" scontext=u:r:untrusted_app_29:s0:c99,c256,c512,c768 tcontext=u:r:untrusted_app_29:s0:c99,c256,c512,c768 tclass=netlink_route_socket app=com.tencent.mtt
03-14 04:12:50.095 1523 1661 I am_pss : [2776,1000,com.thundercomm.remotecontrolservice,8200192,6037504,65536,87932928,1,0,5]
03-14 04:12:50.101 1523 1661 I am_pss : [2716,10080,com.qti.qualcomm.mstatssystemservice,5665792,3653632,65536,83394560,1,0,5]
03-14 04:12:50.109 1523 1661 I am_pss : [2693,1000,vendor.qti.qesdk.sysservice,5752832,3690496,65536,84746240,1,0,5]
03-14 04:12:50.119 1523 1661 I am_pss : [2678,1000,com.thundercomm.tcsetupwizard,49645568,45092864,64512,155582464,1,0,8]
03-14 04:12:50.125 1523 1661 I am_pss : [2659,1000,com.tc.logclient,7009280,4886528,65536,88358912,1,0,5]
03-14 04:12:50.142 1523 1661 I am_pss : [2640,1000,com.thundercomm.tchttpserver,7123968,5058560,65536,86310912,1,0,5]
03-14 04:12:50.147 1523 1661 I am_pss : [2626,10057,.qtidataservices,5897216,3858432,65536,84373504,1,0,5]
03-14 04:12:50.153 1523 1661 I am_pss : [2609,1001,.dataservices,7682048,5521408,65536,87949312,1,0,5]
03-14 04:12:50.158 1523 1661 I am_pss : [2592,1000,com.thundercomm.microservice,7940096,5849088,65536,87474176,1,0,5]
03-14 04:12:50.165 1523 1661 I am_pss : [2598,1000,com.thundercomm.microsettings,8743936,6410240,65536,90046464,1,0,5]
03-14 04:12:50.174 1523 1661 I am_pss : [2567,1000,com.thundercomm.gamemode,25594880,21016576,64512,120107008,1,0,6]
03-14 04:12:50.182 1523 1661 I am_pss : [2490,1073,com.android.networkstack.process,30237696,27570176,65536,116965376,1,0,6]
03-14 04:12:50.229 1523 1661 I am_pss : [1523,1000,system,317131776,148652032,62464,1246052352,1,0,41]
01-01 12:54:59.622 0 0 W audit : audit_lost=1644 audit_rate_limit=5 audit_backlog_limit=64
01-01 12:54:59.622 0 0 E audit : rate limit exceeded
03-14 04:12:50.851 11807 11807 I auditd : type=1400 audit(0.0:2999): avc: denied { read } for comm="pool-16-thread-" name="version" dev="proc" ino=4026532247 scontext=u:r:untrusted_app_29:s0:c99,c256,c512,c768 tcontext=u:object_r:proc_version:s0 tclass=file permissive=0 app=com.tencent.mtt
03-14 04:12:50.859 11807 11807 I auditd : type=1400 audit(0.0:3000): avc: denied { read } for comm="pool-16-thread-" name="version" dev="proc" ino=4026532247 scontext=u:r:untrusted_app_29:s0:c99,c256,c512,c768 tcontext=u:object_r:proc_version:s0 tclass=file permissive=0 app=com.tencent.mtt
03-14 04:12:50.936 1523 1700 I commit_sys_config_file: [package-user-0,1]
03-14 04:12:51.154 1523 2295 I netstats_mobile_sample: [0,0,0,0,0,0,0,0,0,0,0,0,1678738371154]
03-14 04:12:51.154 1523 2295 I netstats_wifi_sample: [984084148,770001,20869958,230742,984084148,770001,20869958,230742,991355878,809073,18690444,225263,1678738371154]
03-14 04:12:51.373 1523 1996 I input_interaction: Interaction with: d1463e9 com.tencent.mtt/com.tencent.mtt.MainActivity (server), edge-swipe (server), swipe-up (server), PointerEventDispatcher0 (server),
03-14 04:12:51.392 1523 2745 W FreeFormWindowHelper: Current Display FreeFormTask is null
03-14 04:12:51.392 1523 2745 W FreeFormWindowHelper: Current Display FreeFormTask is null
03-14 04:12:51.396 1523 2745 W FreeFormWindowHelper: Current Display FreeFormTask is null
03-14 04:12:51.398 1523 2745 I wm_task_moved: [1,0,0]
03-14 04:12:51.398 1523 2745 I wm_task_moved: [1,0,8]
03-14 04:12:51.403 1523 2745 D CompatibilityChangeReporter: Compat change id reported: 181136395; UID 10099; state: DISABLED
03-14 04:12:51.404 1523 2745 D CompatibilityChangeReporter: Compat change id reported: 174042936; UID 10099; state: DISABLED
03-14 04:12:51.412 1523 2461 W FreeFormWindowHelper: Current Display FreeFormTask is null
03-14 04:12:51.416 2830 2830 I wm_on_restart_called: [245748760,com.android.launcher3.uioverrides.QuickstepLauncher,performRestartActivity]
03-14 04:12:51.418 1523 2745 W FreeFormWindowHelper: Current Display FreeFormTask is null
03-14 04:12:51.419 1523 2745 W FreeFormWindowHelper: Current Display FreeFormTask is null
03-14 04:12:51.419 1523 2745 W FreeFormWindowHelper: Current Display FreeFormTask is null
03-14 04:12:51.464 2830 2830 I wm_on_start_called: [245748760,com.android.launcher3.uioverrides.QuickstepLauncher,handleStartActivity]
03-14 04:12:51.466 1523 2745 W ActivityTaskManager: getTaskSnapshot: taskId=-324 not found
03-14 04:12:51.470 11807 11807 I view_enqueue_input_event: [Motion - Cancel,com.tencent.mtt/com.tencent.mtt.MainActivity]
03-14 04:12:51.470 1523 1996 I input_interaction: Interaction with: edge-swipe (server), swipe-up (server), PointerEventDispatcher0 (server),
03-14 04:12:51.474 1523 1618 W ActivityTaskManager: getTaskSnapshot: taskId=-323 not found
03-14 04:12:51.475 1523 2745 W FreeFormWindowHelper: Current Display FreeFormTask is null
03-14 04:12:51.475 1523 1618 W FreeFormWindowHelper: Current Display FreeFormTask is null
03-14 04:12:51.476 2830 2830 I sysui_latency: [1,103]
03-14 04:12:51.477 1523 2745 W ActivityTaskManager: getTaskSnapshot: taskId=-323 not found
03-14 04:12:51.483 1523 7040 W FreeFormWindowHelper: Current Display FreeFormTask is null
03-14 04:12:51.486 1523 2461 W FreeFormWindowHelper: Current Display FreeFormTask is null
03-14 04:12:51.486 1523 1654 I input_focus: [Focus request recents_animation_input_consumer,reason=UpdateInputWindows]
03-14 04:12:51.488 1523 7040 W FreeFormWindowHelper: Current Display FreeFormTask is null
03-14 04:12:51.489 1523 7040 W FreeFormWindowHelper: Current Display FreeFormTask is null
03-14 04:12:51.491 1523 2461 W ActivityTaskManager: getTaskSnapshot: taskId=-250 not found
03-14 04:12:51.492 1523 1650 I sysui_multi_action: [319,14,322,89,325,1321,757,761,758,9,759,5,806,com.android.launcher3,871,com.android.launcher3.uioverrides.QuickstepLauncher,905,0,1320,4,1321,1]
03-14 04:12:51.495 1523 2745 W ActivityTaskManager: getTaskSnapshot: taskId=-250 not found
03-14 04:12:51.499 1523 2461 W ActivityTaskManager: getTaskSnapshot: taskId=-250 not found
03-14 04:12:51.500 1523 1996 I input_focus: [Focus leaving d1463e9 com.tencent.mtt/com.tencent.mtt.MainActivity (server),reason=NOT_FOCUSABLE]
03-14 04:12:51.500 1523 1996 I input_focus: [Focus entering recents_animation_input_consumer (server),reason=setFocusedWindow]
03-14 04:12:51.505 1523 1618 W FreeFormWindowHelper: Current Display FreeFormTask is null
03-14 04:12:51.506 1523 8272 W FreeFormWindowHelper: Current Display FreeFormTask is null
03-14 04:12:51.520 1523 1618 W FreeFormWindowHelper: Current Display FreeFormTask is null
03-14 04:12:51.520 1523 1618 W FreeFormWindowHelper: Current Display FreeFormTask is null
03-14 04:12:51.571 11807 11807 I auditd : type=1400 audit(0.0:3001): avc: denied { read } for comm="hippy-js-Thread" name="u:object_r:qemu_hw_prop:s0" dev="tmpfs" ino=2267 scontext=u:r:untrusted_app_29:s0:c99,c256,c512,c768 tcontext=u:object_r:qemu_hw_prop:s0 tclass=file permissive=0 app=com.tencent.mtt
03-14 04:12:51.575 11807 11807 I auditd : type=1400 audit(0.0:3002): avc: denied { read } for comm="hippy-js-Thread" name="u:object_r:qemu_hw_prop:s0" dev="tmpfs" ino=2267 scontext=u:r:untrusted_app_29:s0:c99,c256,c512,c768 tcontext=u:object_r:qemu_hw_prop:s0 tclass=file permissive=0 app=com.tencent.mtt
03-14 04:12:51.587 11807 11807 I auditd : type=1400 audit(0.0:3003): avc: denied { read } for comm="hippy-js-Thread" name="u:object_r:qemu_hw_prop:s0" dev="tmpfs" ino=2267 scontext=u:r:untrusted_app_29:s0:c99,c256,c512,c768 tcontext=u:object_r:qemu_hw_prop:s0 tclass=file permissive=0 app=com.tencent.mtt
03-14 04:12:51.662 1523 1766 I commit_sys_config_file: [settings-1-0,1]
03-14 04:12:51.788 1523 1661 I sysui_latency: [8,106]
03-14 04:12:51.795 1523 1523 W WindowManager: removeWindowToken: Attempted to remove non-existing token: android.os.Binder@93c80d2
03-14 04:12:51.835 11807 11900 I service_manager_stats: [200,163,1321781]
03-14 04:12:51.839 1523 7040 W FreeFormWindowHelper: Current Display FreeFormTask is null
03-14 04:12:51.840 1523 1618 W FreeFormWindowHelper: Current Display FreeFormTask is null
03-14 04:12:51.840 1523 2745 W FreeFormWindowHelper: Current Display FreeFormTask is null
03-14 04:12:51.943 11807 11807 I auditd : type=1400 audit(0.0:3005): avc: denied { read } for comm="hippy-js-Thread" name="u:object_r:qemu_hw_prop:s0" dev="tmpfs" ino=2267 scontext=u:r:untrusted_app_29:s0:c99,c256,c512,c768 tcontext=u:object_r:qemu_hw_prop:s0 tclass=file permissive=0 app=com.tencent.mtt
03-14 04:12:52.027 1523 1662 D CompatibilityChangeReporter: Compat change id reported: 168419799; UID 10099; state: DISABLED
03-14 04:12:52.032 1523 1661 I sysui_multi_action: [757,1717,758,1,759,0]
03-14 04:12:52.036 1523 1661 I sysui_multi_action: [757,1717,758,2,759,0]
03-14 04:12:52.037 1523 1661 I sysui_multi_action: [757,1717,758,3,759,0]
03-14 04:12:52.127 1523 1618 D CompatibilityChangeReporter: Compat change id reported: 171306433; UID 10099; state: DISABLED
03-14 04:12:52.223 1523 2461 I wm_task_moved: [1,1,9]
03-14 04:12:52.227 1523 2461 I wm_focused_root_task: [0,0,1,25,RecentsAnimation.onAnimationFinished()]
03-14 04:12:52.237 11807 11807 I wm_on_top_resumed_lost_called: [133802905,com.tencent.mtt.MainActivity,topStateChangedWhenResumed]
03-14 04:12:52.239 1523 2461 I wm_pause_activity: [0,133802905,com.tencent.mtt/.MainActivity,userLeaving=false,pauseBackTasks]
03-14 04:12:52.239 1523 2461 I ActivityTaskManager: FOREGROUND_APPLICATION_CHANGED to com.android.launcher3.uioverrides.QuickstepLauncher
03-14 04:12:52.239 1523 2461 I wm_set_resumed_activity: [0,com.android.launcher3/.uioverrides.QuickstepLauncher,resumeTopActivityInnerLocked]
03-14 04:12:52.245 1523 2461 I wm_resume_activity: [0,245748760,10,com.android.launcher3/.uioverrides.QuickstepLauncher]
03-14 04:12:52.246 1523 2461 I wm_add_to_stopping: [0,133802905,com.tencent.mtt/.MainActivity,makeInvisible]
03-14 04:12:52.246 2830 2830 I wm_on_resume_called: [245748760,com.android.launcher3.uioverrides.QuickstepLauncher,RESUME_ACTIVITY]
03-14 04:12:52.255 1523 1654 I input_focus: [Focus request 96bde3e com.android.launcher3/com.android.launcher3.uioverrides.QuickstepLauncher,reason=UpdateInputWindows]
03-14 04:12:52.262 1523 1618 W FreeFormWindowHelper: Current Display FreeFormTask is null
03-14 04:12:52.262 11807 11807 I wm_on_paused_called: [133802905,com.tencent.mtt.MainActivity,performPause]
03-14 04:12:52.263 1523 7040 W FreeFormWindowHelper: Current Display FreeFormTask is null
03-14 04:12:52.264 1523 2745 I wm_finish_activity: [0,18318676,23,com.android.packageinstaller/.DeleteStagedFileOnResult,recent-task-trimmed]
03-14 04:12:52.264 1523 2745 I wm_destroy_activity: [0,18318676,23,com.android.packageinstaller/.DeleteStagedFileOnResult,finish-imm:finishIfPossible]
03-14 04:12:52.267 1523 8272 W FreeFormWindowHelper: Current Display FreeFormTask is null
03-14 04:12:52.267 4122 4122 I wm_on_destroy_called: [18318676,com.android.packageinstaller.DeleteStagedFileOnResult,performDestroy]
03-14 04:12:52.269 1523 1996 I input_focus: [Focus leaving recents_animation_input_consumer (server),reason=NOT_VISIBLE]
03-14 04:12:52.269 1523 1996 I input_focus: [Focus entering 96bde3e com.android.launcher3/com.android.launcher3.uioverrides.QuickstepLauncher (server),reason=setFocusedWindow]
03-14 04:12:52.294 1523 2745 I wm_stop_activity: [0,133802905,com.tencent.mtt/.MainActivity]
03-14 04:12:52.302 1523 7581 W FreeFormWindowHelper: Current Display FreeFormTask is null
03-14 04:12:52.302 1523 7581 W FreeFormWindowHelper: Current Display FreeFormTask is null
03-14 04:12:52.303 1523 1653 I sysui_multi_action: [757,803,799,window_time_0,802,4]
03-14 04:12:52.305 2830 2830 I wm_on_top_resumed_gained_called: [245748760,com.android.launcher3.uioverrides.QuickstepLauncher,topStateChangedWhenResumed]
03-14 04:12:52.314 1523 7040 I wm_task_removed: [23,removeChild:removeChild last r=ActivityRecord{1178554 u0 com.android.packageinstaller/.DeleteStagedFileOnResult t-1 f}} in t=Task{d50edea #23 type=standard A=10031:com.android.packageinstaller U=0 visible=false mode=fullscreen translucent=true sz=0}]
03-14 04:12:52.314 1523 7040 I wm_task_removed: [23,removeChild]
03-14 04:12:52.317 1523 1653 I sysui_multi_action: [757,803,799,window_time_0,802,0]
03-14 04:12:52.319 1523 1653 I sysui_multi_action: [757,803,799,window_time_0,802,0]
03-14 04:12:52.322 1523 1654 W ActivityTaskManager: Can't find TaskDisplayArea to determine support for multi window. Task id=23 attached=false
03-14 04:12:52.322 1523 1654 W ActivityTaskManager: Can't find TaskDisplayArea to determine support for multi window. Task id=23 attached=false
03-14 04:12:52.367 1523 11805 W FreeFormWindowHelper: Current Display FreeFormTask is null
03-14 04:12:52.376 1523 1661 W UsageStatsService: Unexpected activity event reported! (com.android.packageinstaller/com.android.packageinstaller.DeleteStagedFileOnResult event : 23 instanceId : 64445607)
03-14 04:12:52.492 1523 1766 I commit_sys_config_file: [settings-1-0,3]
03-14 04:12:52.501 1523 1650 D CompanionDeviceManagerService: onPackageModified(packageName = com.tencent.mtt)
03-14 04:12:52.507 1523 1523 I Telecom : DefaultDialerCache: Refreshing default dialer for user 0: now null: DDC.oR@ADA
03-14 04:12:52.783 1523 2295 I netstats_mobile_sample: [0,0,0,0,0,0,0,0,0,0,0,0,1678738372783]
03-14 04:12:52.783 1523 2295 I netstats_wifi_sample: [992618145,776478,21231044,233581,992607557,776470,21230808,233576,999781939,815515,19049026,228064,1678738372783]
03-14 04:12:52.831 11807 11807 I wm_on_stop_called: [133802905,com.tencent.mtt.MainActivity,STOP_ACTIVITY_ITEM]
03-14 04:12:52.879 11807 11807 I auditd : type=1400 audit(0.0:3006): avc: denied { read } for comm="Shark-Looper-Ma" name="version" dev="proc" ino=4026532247 scontext=u:r:untrusted_app_29:s0:c99,c256,c512,c768 tcontext=u:object_r:proc_version:s0 tclass=file permissive=0 app=com.tencent.mtt
03-14 04:12:52.939 1523 1996 I input_interaction: Interaction with: 96bde3e com.android.launcher3/com.android.launcher3.uioverrides.QuickstepLauncher (server), cb93b28 com.android.systemui.ImageWallpaper (server), edge-swipe (server), swipe-up (server), PointerEventDispatcher0 (server),
03-14 04:12:52.948 1523 1661 W VoiceInteractionManager: no available voice recognition services found for user 0
03-14 04:12:53.019 11807 11807 I auditd : type=1400 audit(0.0:3007): avc: denied { read } for comm="Shark-Looper-Ma" name="version" dev="proc" ino=4026532247 scontext=u:r:untrusted_app_29:s0:c99,c256,c512,c768 tcontext=u:object_r:proc_version:s0 tclass=file permissive=0 app=com.tencent.mtt
03-14 04:12:53.151 11807 11807 I auditd : type=1400 audit(0.0:3008): avc: denied { read } for comm="qm-s-thread-1" name="sdcard" dev="tmpfs" ino=14601 scontext=u:r:untrusted_app_29:s0:c99,c256,c512,c768 tcontext=u:object_r:mnt_sdcard_file:s0 tclass=lnk_file permissive=0 app=com.tencent.mtt
03-14 04:12:53.159 11807 11807 I auditd : type=1400 audit(0.0:3009): avc: denied { read } for comm="qm-s-thread-1" name="u:object_r:wifi_hal_prop:s0" dev="tmpfs" ino=2435 scontext=u:r:untrusted_app_29:s0:c99,c256,c512,c768 tcontext=u:object_r:wifi_hal_prop:s0 tclass=file permissive=0 app=com.tencent.mtt
03-14 04:12:53.187 11807 11807 I auditd : type=1400 audit(0.0:3010): avc: denied { read } for comm="qm-s-thread-1" name="ioports" dev="proc" ino=4026532282 scontext=u:r:untrusted_app_29:s0:c99,c256,c512,c768 tcontext=u:object_r:proc:s0 tclass=file permissive=0 app=com.tencent.mtt
03-14 04:12:53.223 11807 11807 I auditd : type=1400 audit(0.0:3011): avc: granted { nlmsg_readpriv } for comm="qm-s-thread-1" scontext=u:r:untrusted_app_29:s0:c99,c256,c512,c768 tcontext=u:r:untrusted_app_29:s0:c99,c256,c512,c768 tclass=netlink_route_socket app=com.tencent.mtt
03-14 04:12:54.115 1523 2295 I netstats_mobile_sample: [0,0,0,0,0,0,0,0,0,0,0,0,1678738374115]
03-14 04:12:54.116 1523 2295 I netstats_wifi_sample: [1007045975,787167,21749433,238817,1007045975,787167,21749433,238817,1014196123,826232,19559819,233244,1678738374115]
03-14 04:12:54.258 1523 10131 W FreeFormWindowHelper: Current Display FreeFormTask is null
03-14 04:12:54.258 1523 2745 W FreeFormWindowHelper: Current Display FreeFormTask is null
03-14 04:12:54.353 1523 10131 I wm_finish_activity: [0,133802905,25,com.tencent.mtt/.MainActivity,remove-task]
03-14 04:12:54.354 1523 10131 I wm_destroy_activity: [0,133802905,25,com.tencent.mtt/.MainActivity,finish-imm:finishIfPossible]
03-14 04:12:54.357 1523 11805 W FreeFormWindowHelper: Current Display FreeFormTask is null
03-14 04:12:54.365 1523 2745 W ActivityTaskManager: getTaskSnapshot: taskId=-379 not found
03-14 04:12:54.365 1523 1653 I sysui_multi_action: [757,803,799,window_time_0,802,2]
03-14 04:12:54.369 1523 2745 W FreeFormWindowHelper: Current Display FreeFormTask is null
03-14 04:12:54.370 1523 10131 W FreeFormWindowHelper: Current Display FreeFormTask is null
03-14 04:12:54.386 1523 10131 W FreeFormWindowHelper: Current Display FreeFormTask is null
03-14 04:12:54.387 1523 2745 W FreeFormWindowHelper: Current Display FreeFormTask is null
03-14 04:12:54.431 11807 11807 I wm_on_destroy_called: [133802905,com.tencent.mtt.MainActivity,performDestroy]
03-14 04:12:54.438 1523 10131 I wm_task_removed: [25,removeChild:removeChild last r=ActivityRecord{7f9ab99 u0 com.tencent.mtt/.MainActivity t-1 f}} in t=Task{20cd1af #25 type=standard A=10099:com.tencent.mtt U=0 visible=false mode=fullscreen translucent=true sz=0}]
03-14 04:12:54.438 1523 10131 I wm_task_removed: [25,removeChild]
03-14 04:12:54.438 1523 1653 I ActivityManager: Killing 11403:com.tencent.mtt:service/u0a99 (adj 0): remove task
03-14 04:12:54.438 1523 1653 I am_kill : [0,11403,com.tencent.mtt:service,0,remove task]
03-14 04:12:54.439 1523 1661 W UsageStatsService: Unexpected activity event reported! (com.tencent.mtt/com.tencent.mtt.MainActivity event : 23 instanceId : 34524384)
03-14 04:12:54.442 1523 10131 I ActivityManager: Killing 11807:com.tencent.mtt/u0a99 (adj 905): remove task
03-14 04:12:54.442 1523 10131 I am_kill : [0,11807,com.tencent.mtt,905,remove task]
03-14 04:12:54.444 1523 1654 W ActivityTaskManager: Can't find TaskDisplayArea to determine support for multi window. Task id=25 attached=false
03-14 04:12:54.444 1523 1654 W ActivityTaskManager: Can't find TaskDisplayArea to determine support for multi window. Task id=25 attached=false
03-14 04:12:54.458 1523 1618 W FreeFormWindowHelper: Current Display FreeFormTask is null
03-14 04:12:54.484 1523 7040 I am_proc_died: [0,11403,com.tencent.mtt:service,0,10]
03-14 04:12:54.635 669 735 E FrameworkListener: read() failed (Connection reset by peer)
01-01 12:55:03.616 0 0 I binder : undelivered TRANSACTION_COMPLETE
01-01 12:55:03.616 0 0 I binder : undelivered transaction 725465, process died.
01-01 12:55:03.616 0 0 I binder : undelivered TRANSACTION_COMPLETE
01-01 12:55:03.616 0 0 I binder : undelivered transaction 725477, process died.
01-01 12:55:03.617 0 0 I binder : undelivered transaction 725543, process died.
03-14 04:12:54.655 1523 7040 I am_proc_died: [0,11807,com.tencent.mtt,905,10]
03-14 04:12:54.657 1523 7040 I am_uid_stopped: 10099
03-14 04:12:54.655 0 0 I auditd : type=1400 audit(0.0:3012): avc: denied { kill } for comm="swapper/6" capability=5 scontext=u:r:kernel:s0 tcontext=u:r:kernel:s0 tclass=capability permissive=0
03-14 04:12:54.659 1523 1653 W ActivityManager: setHasOverlayUi called on unknown pid: 11807
03-14 04:12:55.309 1523 2295 I netstats_mobile_sample: [0,0,0,0,0,0,0,0,0,0,0,0,1678738375309]
03-14 04:12:55.310 1523 2295 I netstats_wifi_sample: [1013068640,791616,21880318,240887,1013068640,791616,21880318,240887,1020367383,830817,19694940,235394,1678738375309]
03-14 04:12:55.435 1523 1523 I service_manager_stats: [100,96,18575]
03-14 04:12:55.655 0 0 I auditd : type=1400 audit(0.0:3013): avc: denied { kill } for comm="swapper/6" capability=5 scontext=u:r:kernel:s0 tcontext=u:r:kernel:s0 tclass=capability permissive=0
03-14 04:12:55.681 1523 1661 I sysui_multi_action: [757,1717,758,1,759,0]
03-14 04:12:55.682 1523 1661 I sysui_multi_action: [757,1717,758,2,759,0]
03-14 04:12:55.682 1523 1661 I sysui_multi_action: [757,1717,758,3,759,0]
03-14 04:12:56.655 0 0 I auditd : type=1400 audit(0.0:3014): avc: denied { kill } for comm="swapper/6" capability=5 scontext=u:r:kernel:s0 tcontext=u:r:kernel:s0 tclass=capability permissive=0
03-14 04:12:56.868 1523 2953 W FreeFormWindowHelper: Current Display FreeFormTask is null
03-14 04:12:56.868 1523 2953 W FreeFormWindowHelper: Current Display FreeFormTask is null
03-14 04:12:56.960 1523 2953 I wm_finish_activity: [0,214900054,19,com.tencent.android.qqdownloader/com.tencent.pangu.activity.InstallerListenerActivity,remove-task]
03-14 04:12:56.961 1523 2953 I wm_destroy_activity: [0,214900054,19,com.tencent.android.qqdownloader/com.tencent.pangu.activity.InstallerListenerActivity,finish-imm:finishIfPossible]
03-14 04:12:56.961 1523 2953 I wm_finish_activity: [0,233904099,19,com.tencent.android.qqdownloader/com.tencent.pangu.activity.DownloadActivity,remove-task]
03-14 04:12:56.962 1523 2953 I wm_destroy_activity: [0,233904099,19,com.tencent.android.qqdownloader/com.tencent.pangu.activity.DownloadActivity,finish-imm:finishIfPossible]
03-14 04:12:56.962 1523 2953 I wm_finish_activity: [0,220541267,19,com.tencent.android.qqdownloader/com.tencent.assistantv2.activity.MainActivity,remove-task]
03-14 04:12:56.963 1523 2953 I wm_destroy_activity: [0,220541267,19,com.tencent.android.qqdownloader/com.tencent.assistantv2.activity.MainActivity,finish-imm:finishIfPossible]
03-14 04:12:56.963 8328 8328 I wm_on_destroy_called: [214900054,com.tencent.pangu.activity.InstallerListenerActivity,performDestroy]
03-14 04:12:56.966 1523 1653 I ActivityManager: Killing 8702:com.tencent.android.qqdownloader:cloud/u0a93 (adj 910): remove task
03-14 04:12:56.967 1523 1653 I am_kill : [0,8702,com.tencent.android.qqdownloader:cloud,910,remove task]
03-14 04:12:56.967 1523 7040 W FreeFormWindowHelper: Current Display FreeFormTask is null
01-01 12:55:05.933 0 0 I init : Untracked pid 8745 received signal 9
03-14 04:12:56.969 1523 1653 I ActivityManager: Killing 8328:com.tencent.android.qqdownloader/u0a93 (adj 900): remove task
03-14 04:12:56.969 1523 1653 I am_kill : [0,8328,com.tencent.android.qqdownloader,900,remove task]
03-14 04:12:56.971 1523 1653 I ActivityManager: Killing 8290:com.tencent.android.qqdownloader:daemon/u0a93 (adj 910): remove task
03-14 04:12:56.972 1523 1653 I am_kill : [0,8290,com.tencent.android.qqdownloader:daemon,910,remove task]
03-14 04:12:56.975 1523 11805 I ActivityManager: Force stopping com.tencent.android.qqdownloader appid=10093 user=0: start instr
03-14 04:12:56.975 8717 8717 F libc : Fatal signal 6 (SIGABRT), code -1 (SI_QUEUE) in tid 8717 (daemon2_v2.1.4), pid 8717 (daemon2_v2.1.4)
03-14 04:12:56.976 1523 1653 I sysui_multi_action: [757,803,799,window_time_0,802,2]
03-14 04:12:56.977 1523 2953 W FreeFormWindowHelper: Current Display FreeFormTask is null
03-14 04:12:56.977 1523 3328 W ActivityTaskManager: getTaskSnapshot: taskId=-768 not found
03-14 04:12:56.977 1523 7040 W FreeFormWindowHelper: Current Display FreeFormTask is null
03-14 04:12:56.996 1523 11805 W ActivityTaskManager: Force removing ActivityRecord{d253153 u0 com.tencent.android.qqdownloader/com.tencent.assistantv2.activity.MainActivity t19 f}}: app died, no saved state
03-14 04:12:56.996 1523 11805 I wm_finish_activity: [0,220541267,19,com.tencent.android.qqdownloader/com.tencent.assistantv2.activity.MainActivity,proc died without state saved]
03-14 04:12:56.998 1523 1661 W UsageStatsService: Unexpected activity event reported! (com.tencent.android.qqdownloader/com.tencent.assistantv2.activity.MainActivity event : 23 instanceId : 258362690)
03-14 04:12:56.999 1523 11805 W ActivityTaskManager: Force removing ActivityRecord{df117e3 u0 com.tencent.android.qqdownloader/com.tencent.pangu.activity.DownloadActivity t19 f}}: app died, no saved state
03-14 04:12:56.999 1523 11805 I wm_finish_activity: [0,233904099,19,com.tencent.android.qqdownloader/com.tencent.pangu.activity.DownloadActivity,proc died without state saved]
03-14 04:12:57.002 1523 11805 W ActivityTaskManager: Force removing ActivityRecord{ccf1d56 u0 com.tencent.android.qqdownloader/com.tencent.pangu.activity.InstallerListenerActivity t19 f}}: app died, no saved state
03-14 04:12:57.002 1523 11805 I wm_finish_activity: [0,214900054,19,com.tencent.android.qqdownloader/com.tencent.pangu.activity.InstallerListenerActivity,proc died without state saved]
03-14 04:12:57.002 1523 11805 I wm_task_removed: [19,removeChild:removeChild last r=ActivityRecord{ccf1d56 u0 com.tencent.android.qqdownloader/com.tencent.pangu.activity.InstallerListenerActivity t-1 f}} in t=Task{7cb5b0f #19 type=standard A=10093:com.tencent.android.qqdownloader U=0 visible=false mode=fullscreen translucent=true sz=0}]
03-14 04:12:57.002 1523 11805 I wm_task_removed: [19,removeChild]
03-14 04:12:57.003 1523 11805 I am_uid_stopped: 10093
03-14 04:12:57.006 1523 1654 W ActivityTaskManager: Can't find TaskDisplayArea to determine support for multi window. Task id=19 attached=false
03-14 04:12:57.006 1523 1654 W ActivityTaskManager: Can't find TaskDisplayArea to determine support for multi window. Task id=19 attached=false
03-14 04:12:57.009 1523 11805 I am_uid_running: 10093
03-14 04:12:57.010 1523 11805 D CompatibilityChangeReporter: Compat change id reported: 135634846; UID 10093; state: DISABLED
03-14 04:12:57.010 1523 1663 D CompatibilityChangeReporter: Compat change id reported: 143937733; UID 10093; state: DISABLED
03-14 04:12:57.011 1523 1661 W UsageStatsService: Unexpected activity event reported! (com.tencent.android.qqdownloader/com.tencent.pangu.activity.DownloadActivity event : 23 instanceId : 177107986)
03-14 04:12:57.011 1523 1661 W UsageStatsService: Unexpected activity event reported! (com.tencent.android.qqdownloader/com.tencent.pangu.activity.InstallerListenerActivity event : 23 instanceId : 21113713)
03-14 04:12:57.015 1523 1663 I am_proc_start: [0,12305,10093,com.tencent.android.qqdownloader:daemon,added application,com.tencent.android.qqdownloader:daemon]
03-14 04:12:57.015 1523 1663 I ActivityManager: Start proc 12305:com.tencent.android.qqdownloader:daemon/u0a93 for added application com.tencent.android.qqdownloader:daemon
01-01 12:55:05.988 0 0 I binder : 12305:12305 ioctl 40046210 ffdfffb8 returned -22
03-14 04:12:57.028 1523 2953 I am_proc_bound: [0,12305,com.tencent.android.qqdownloader:daemon]
03-14 04:12:57.030 12302 12302 F DEBUG : *** *** *** *** *** *** *** *** *** *** *** *** *** *** *** ***
03-14 04:12:57.030 12302 12302 F DEBUG : Build fingerprint: 'TC/figure_CN/figure:12/SKQ1.220201.001/2464:user/test-keys'
03-14 04:12:57.030 12302 12302 F DEBUG : Revision: '0'
03-14 04:12:57.030 12302 12302 F DEBUG : ABI: 'arm'
03-14 04:12:57.030 12302 12302 F DEBUG : Timestamp: 2023-03-14 04:12:57.013653457+0800
03-14 04:12:57.030 12302 12302 F DEBUG : Process uptime: 0s
03-14 04:12:57.030 12302 12302 F DEBUG : Cmdline: app_d 304 388 102 106 37 27 0 /data/user/0/com.tencent.android.qqdownloader/app_indicators/indicator_p1 /data/user/0/com.tencent.android.qqdownloader/app_indicators/indicator_d1 /data/user/0/com.tencent.android.qqdownloader/app_indicators/observer_p1 /data/user/0/com.tencent.android.qqdownloader/app_indicators/observer_d1 /data/user/0/com.tencent.android.qqdownloader/app_indicators/indicator_p1_pid /data/user/0/com.tencent.android.qqdownloader/app_proc/process_live_indicator_v2.1.4_
03-14 04:12:57.030 12302 12302 F DEBUG : pid: 8717, tid: 8717, name: daemon2_v2.1.4 >>> app_d <<<
03-14 04:12:57.030 12302 12302 F DEBUG : uid: 10093
03-14 04:12:57.030 12302 12302 F DEBUG : signal 6 (SIGABRT), code -1 (SI_QUEUE), fault addr --------
03-14 04:12:57.030 12302 12302 F DEBUG : Abort message: 'Scudo ERROR: corrupted chunk header at address 0xeb3c06d0
03-14 04:12:57.030 12302 12302 F DEBUG : '
03-14 04:12:57.030 12302 12302 F DEBUG : r0 00000000 r1 0000220d r2 00000006 r3 ff950940
03-14 04:12:57.030 12302 12302 F DEBUG : r4 ff950954 r5 ff950938 r6 0000220d r7 0000016b
03-14 04:12:57.030 12302 12302 F DEBUG : r8 ff950940 r9 ff950950 r10 ff950970 r11 ff950960
03-14 04:12:57.030 12302 12302 F DEBUG : ip 0000220d sp ff950910 lr eb7bae55 pc eb7bae68
03-14 04:12:57.030 12302 12302 F DEBUG : backtrace:
03-14 04:12:57.030 12302 12302 F DEBUG : NOTE: Function names and BuildId information is missing for some frames due
03-14 04:12:57.030 12302 12302 F DEBUG : NOTE: to unreadable libraries. For unwinds of apps, only shared libraries
03-14 04:12:57.030 12302 12302 F DEBUG : NOTE: found under the lib/ directory are readable.
03-14 04:12:57.030 12302 12302 F DEBUG : NOTE: On this device, run setenforce 0 to make the libraries readable.
03-14 04:12:57.030 12302 12302 F DEBUG : #00 pc 00038e68 /apex/com.android.runtime/lib/bionic/libc.so (abort+172) (BuildId: cc194ef76ee932851b23cc2e4f46d55f)
03-14 04:12:57.030 12302 12302 F DEBUG : #01 pc 0002d027 /apex/com.android.runtime/lib/bionic/libc.so (scudo::die()+2) (BuildId: cc194ef76ee932851b23cc2e4f46d55f)
03-14 04:12:57.030 12302 12302 F DEBUG : #02 pc 0002d421 /apex/com.android.runtime/lib/bionic/libc.so (scudo::ScopedErrorReport::~ScopedErrorReport()+16) (BuildId: cc194ef76ee932851b23cc2e4f46d55f)
03-14 04:12:57.030 12302 12302 F DEBUG : #03 pc 0002d4a3 /apex/com.android.runtime/lib/bionic/libc.so (scudo::reportHeaderCorruption(void*)+34) (BuildId: cc194ef76ee932851b23cc2e4f46d55f)
