03-14 03:52:10.938 1523 1650 W Looper : Slow dispatch took 226ms android.fg h=com.android.server.usb.UsbDeviceManager$UsbHandlerLegacy c=null m=1
03-14 03:52:10.939 1523 1650 W Looper : Slow delivery took 226ms android.fg h=com.android.server.adb.AdbDebuggingManager$AdbDebuggingHandler c=null m=1
03-14 03:52:10.940 1523 1650 W Looper : Drained
01-01 12:34:19.967 0 0 E msm-dwc3 a600000.ssusb: Could not get usb psy
01-01 12:34:20.061 0 0 E msm-dwc3 a600000.ssusb: Could not get usb psy
01-01 12:34:20.061 0 0 I android_work: did not send uevent (0 0 0000000000000000)
03-14 03:52:11.131 1523 3624 W FreeFormWindowHelper: Current Display FreeFormTask is null
03-14 03:52:11.135 1523 3737 W FreeFormWindowHelper: Current Display FreeFormTask is null
03-14 03:52:11.135 1523 3737 W FreeFormWindowHelper: Current Display FreeFormTask is null
03-14 03:52:11.139 1523 3737 W FreeFormWindowHelper: Current Display FreeFormTask is null
03-14 03:52:11.140 1523 3624 W FreeFormWindowHelper: Current Display FreeFormTask is null
03-14 03:52:11.140 1523 1523 I GameModeConfig: isGameModeOn = false
03-14 03:52:11.141 1523 1523 W NotificationHistory: Attempted to add notif for locked/gone/disabled user 0
03-14 03:52:11.157 1523 3737 W FreeFormWindowHelper: Current Display FreeFormTask is null
03-14 03:52:11.157 1523 3737 W FreeFormWindowHelper: Current Display FreeFormTask is null
03-14 03:52:11.157 1523 3737 W FreeFormWindowHelper: Current Display FreeFormTask is null
03-14 03:52:11.170 1523 3737 W ActivityTaskManager: getTaskSnapshot: taskId=-596 not found
03-14 03:52:11.171 1523 3737 W FreeFormWindowHelper: Current Display FreeFormTask is null
03-14 03:52:11.172 1523 3624 W ActivityTaskManager: getTaskSnapshot: taskId=-596 not found
03-14 03:52:11.173 1523 3737 W FreeFormWindowHelper: Current Display FreeFormTask is null
03-14 03:52:11.175 1523 3737 W ActivityTaskManager: getTaskSnapshot: taskId=-563 not found
03-14 03:52:11.181 1523 2745 W ActivityTaskManager: getTaskSnapshot: taskId=-563 not found
03-14 03:52:11.181 1523 2745 W ActivityTaskManager: getTaskSnapshot: taskId=-563 not found
03-14 03:52:11.181 1523 2745 W ActivityTaskManager: getTaskSnapshot: taskId=-563 not found
03-14 03:52:11.181 1523 2745 W ActivityTaskManager: getTaskSnapshot: taskId=-563 not found
03-14 03:52:11.185 1523 2745 W FreeFormWindowHelper: Current Display FreeFormTask is null
01-01 12:34:20.149 0 0 I android_work: sent uevent USB_STATE=CONNECTED
03-14 03:52:11.185 1523 2745 W FreeFormWindowHelper: Current Display FreeFormTask is null
03-14 03:52:11.196 1523 3624 W FreeFormWindowHelper: Current Display FreeFormTask is null
03-14 03:52:11.196 1523 3624 W FreeFormWindowHelper: Current Display FreeFormTask is null
01-01 12:34:20.168 0 0 E msm-dwc3 a600000.ssusb: Could not get usb psy
03-14 03:52:11.216 1523 3737 W FreeFormWindowHelper: exitRecentTasks type=0
01-01 12:34:20.179 0 0 I configfs-gadget gadget: high-speed config #1: b
01-01 12:34:20.180 0 0 E msm-dwc3 a600000.ssusb: Could not get usb psy
01-01 12:34:20.181 0 0 I android_work: sent uevent USB_STATE=CONFIGURED
03-14 03:52:11.220 1523 3624 W FreeFormWindowHelper: Current Display FreeFormTask is null
03-14 03:52:11.220 1523 3737 W FreeFormWindowHelper: Current Display FreeFormTask is null
03-14 03:52:11.484 1523 2311 I GameModeConfig: isGameModeOn = false
03-14 03:52:11.871 1523 2745 W FreeFormWindowHelper: Current Display FreeFormTask is null
03-14 03:52:11.871 1523 2745 W FreeFormWindowHelper: Current Display FreeFormTask is null
03-14 03:52:11.880 1523 2745 I ActivityTaskManager: FOREGROUND_APPLICATION_CHANGED to com.android.launcher3.uioverrides.QuickstepLauncher
03-14 03:52:11.991 1523 2438 W FreeFormWindowHelper: Current Display FreeFormTask is null
03-14 03:52:16.300 1523 1523 W WindowManager: removeWindowToken: Attempted to remove non-existing token: android.os.Binder@7d02e3c
03-14 03:52:16.450 1523 1523 W WindowManager: removeWindowToken: Attempted to remove non-existing token: android.os.Binder@50608d4
03-14 03:52:16.620 1523 1523 W WindowManager: removeWindowToken: Attempted to remove non-existing token: android.os.Binder@724de40
03-14 03:52:16.772 1523 1523 W WindowManager: removeWindowToken: Attempted to remove non-existing token: android.os.Binder@c30e796
03-14 03:52:16.798 1523 1650 D CompanionDeviceManagerService: onPackageModified(packageName = com.android.traceur)
03-14 03:52:16.807 1523 1523 I Telecom : DefaultDialerCache: Refreshing default dialer for user 0: now null: DDC.oR@AB8
03-14 03:52:16.827 1523 1661 W VoiceInteractionManager: no available voice recognition services found for user 0
01-01 12:34:27.794 0 0 I init : Sending signal 9 to service 'idmap2d' (pid 6208) process group...
03-14 03:52:18.836 1523 2369 W OverlayManager: service 'idmap' died
01-01 12:34:27.800 0 0 I libprocessgroup: Successfully killed process cgroup uid 1000 pid 6208 in 5ms
01-01 12:34:27.801 0 0 I init : Control message: Processed ctl.stop for 'idmap2d' from pid: 1523 (system_server)
01-01 12:34:27.803 0 0 I init : Service 'idmap2d' (pid 6208) received signal 9
03-14 03:52:20.617 1523 1523 W WindowManager: removeWindowToken: Attempted to remove non-existing token: android.os.Binder@34c5770
03-14 03:52:21.189 1523 2311 I GameModeConfig: isGameModeOn = false
01-01 12:34:40.424 0 0 I : boot log copy done
03-14 03:52:54.528 6267 6267 D Build : ro.build.display.id=01.00.0082.X101
01-01 12:35:03.491 0 0 I binder : 6267:6267 ioctl 40046210 7fcdc37c24 returned -22
01-01 12:35:03.517 0 0 I binder : 6267:6288 ioctl 40046210 79e79f6484 returned -22
01-01 12:35:03.538 0 0 I msm_vidc: high: 00000001: ....e: Opening video instance: 0000000000000000, 0
01-01 12:35:03.539 0 0 I msm_vidc: err : 00000001: ....e: Failed to create debugfs for msm_vidc
03-14 03:52:54.731 6284 6284 D Build : ro.build.display.id=01.00.0082.X101
01-01 12:35:03.695 0 0 I binder : 6284:6284 ioctl 40046210 7ff12e8464 returned -22
03-14 03:52:58.246 1523 2311 I GameModeConfig: isGameModeOn = false
03-14 03:52:58.246 1523 2311 I GameModeConfig: isGameModeOn = false
03-14 03:52:58.246 1523 2311 I GameModeConfig: isGameModeOn = false
03-14 03:52:58.247 1523 2311 I GameModeConfig: isGameModeOn = false
03-14 03:52:58.247 1523 2311 I GameModeConfig: isGameModeOn = false
03-14 03:52:58.455 1523 1523 I GameModeConfig: isGameModeOn = false
01-01 12:35:09.804 0 0 I [schedu][0xaa5254ac][03:53:00.841679] wlan: [1969:I:OSIF] scan start scan id 40964
01-01 12:35:10.987 0 0 I [schedu][0xabacf95c][03:53:02.024888] wlan: [1969:I:OSIF] vdev 0, scan id 40964 type COMPLETED(1) reason COMPLETED(1) scan found 83 bss
01-01 12:35:11.563 0 0 I msm_vidc: err : ffffffff: .....: DBLP Set: status 0
03-14 03:53:08.471 1523 2311 I GameModeConfig: isGameModeOn = false
01-01 12:35:20.043 0 0 I msm_vidc: err : ffffffff: .....: DBLP Set: status 0
03-14 03:53:50.932 1523 1691 V DisplayPowerController[0]: Brightness [0.05] reason changing to: 'manual [ dim ]', previous reason: 'manual'.
03-14 03:53:50.934 1523 2350 E DisplayDeviceConfig: requesting nits when no mapping exists.
03-14 03:53:50.935 1523 2350 E DisplayDeviceConfig: requesting nits when no mapping exists.
03-14 03:53:50.936 1523 1662 I DropBoxManagerService: add tag=system_server_wtf isTagEnabled=true flags=0x2
03-14 03:53:50.939 1523 1662 I DropBoxManagerService: add tag=system_server_wtf isTagEnabled=true flags=0x2
03-14 03:53:57.936 1523 1691 I PowerManagerService: Napping display group (groupId=0, uid=1000)...
03-14 03:53:57.936 1523 1691 I PowerManagerService: Nap time (uid 1000)...
03-14 03:53:57.939 1523 1691 I DreamManagerService: Entering dreamland.
03-14 03:53:57.946 1523 1691 I PowerManagerService: Dreaming...
03-14 03:53:57.949 1523 1650 I DreamController: Starting dream: name=ComponentInfo{com.thundercomm.screensaver/com.thundercomm.screensaver.service.SystemDream}, isTest=false, canDoze=false, userId=0
03-14 03:53:57.955 1523 1650 D CompatibilityChangeReporter: Compat change id reported: 135634846; UID 10049; state: DISABLED
03-14 03:53:57.955 1523 1650 D CompatibilityChangeReporter: Compat change id reported: 177438394; UID 10049; state: DISABLED
03-14 03:53:57.955 1523 1650 D CompatibilityChangeReporter: Compat change id reported: 135772972; UID 10049; state: DISABLED
03-14 03:53:57.955 1523 1650 D CompatibilityChangeReporter: Compat change id reported: 135754954; UID 10049; state: ENABLED
03-14 03:53:57.956 1523 1663 D CompatibilityChangeReporter: Compat change id reported: 143937733; UID 10049; state: ENABLED
03-14 03:53:57.967 1523 1663 I ActivityManager: Start proc 6318:com.thundercomm.screensaver/u0a49 for service {com.thundercomm.screensaver/com.thundercomm.screensaver.service.SystemDream}
01-01 12:36:06.961 0 0 I binder : 6318:6318 ioctl 40046210 7fd88fc494 returned -22
03-14 03:53:58.001 1523 3328 D CompatibilityChangeReporter: Compat change id reported: 168419799; UID 10049; state: DISABLED
03-14 03:53:58.060 6318 6318 D MicroServiceManager: add linkToDeath
03-14 03:53:58.060 6318 6318 D MicroServiceManager: bindMicroService: called already get service
03-14 03:53:58.061 6318 6318 I MicroServiceManager: addCommonCallbackListener add listener
03-14 03:53:58.061 6318 6318 I MicroServiceManager: addConnectChangedListener add listener
03-14 03:53:58.064 1523 2369 I ActivityTaskManager: START u0 {flg=0x10000000 pkg=com.thundercomm.screensaver cmp=com.thundercomm.screensaver/android.service.dreams.DreamActivity (has extras)} from uid 10049
03-14 03:53:58.067 1523 2369 D CompatibilityChangeReporter: Compat change id reported: 184838306; UID 10049; state: DISABLED
03-14 03:53:58.068 1523 2369 D CompatibilityChangeReporter: Compat change id reported: 185004937; UID 10049; state: DISABLED
03-14 03:53:58.068 1523 2369 D CompatibilityChangeReporter: Compat change id reported: 181136395; UID 10049; state: DISABLED
03-14 03:53:58.068 1523 2369 D CompatibilityChangeReporter: Compat change id reported: 174042936; UID 10049; state: DISABLED
03-14 03:53:58.069 1523 2369 D CompatibilityChangeReporter: Compat change id reported: 174042980; UID 10049; state: DISABLED
03-14 03:53:58.070 1523 2369 W ActivityTaskManager: Can't find TaskDisplayArea to determine support for multi window. Task id=12 attached=false
03-14 03:53:58.078 6318 6318 I MicroServiceManager: requestResult(requestOperationInfo) parameters isnull.
03-14 03:53:58.079 1523 3328 I ActivityTaskManager: FOREGROUND_APPLICATION_CHANGED to android.service.dreams.DreamActivity
03-14 03:53:58.079 1523 3328 I ActivityTaskManager: The Process com.thundercomm.screensaver Already Exists in BG. So sending its PID: 6318
03-14 03:53:58.093 1523 2438 W WindowManager: Failed looking up window session=Session{68c608a 6318:u0a10049} callers=com.android.server.wm.WindowManagerService.windowForClientLocked:5628 com.android.server.wm.Session.insetsModified:629 android.view.IWindowSession$Stub.onTransact:1151
03-14 03:53:58.126 1523 6353 I DropBoxManagerService: add tag=system_app_wtf isTagEnabled=true flags=0x2
01-01 12:36:07.101 0 0 I binder : 6318:6343 ioctl 40046210 76111a61f4 returned -22
03-14 03:53:58.148 1523 1691 V DisplayPowerController[0]: Brightness [1.0] reason changing to: 'manual', previous reason: 'manual [ dim ]'.
03-14 03:53:58.157 1523 2350 E DisplayDeviceConfig: requesting nits when no mapping exists.
03-14 03:53:58.157 1523 2350 E DisplayDeviceConfig: requesting nits when no mapping exists.
03-14 03:53:58.158 1523 1662 I DropBoxManagerService: add tag=system_server_wtf isTagEnabled=true flags=0x2
03-14 03:53:58.158 1523 1662 I DropBoxManagerService: add tag=system_server_wtf isTagEnabled=true flags=0x2
03-14 03:53:58.173 1523 2350 E DisplayDeviceConfig: requesting nits when no mapping exists.
03-14 03:53:58.174 1523 2350 E DisplayDeviceConfig: requesting nits when no mapping exists.
03-14 03:53:58.182 1523 3737 W FreeFormWindowHelper: Current Display FreeFormTask is null
03-14 03:53:58.190 1523 2350 E DisplayDeviceConfig: requesting nits when no mapping exists.
03-14 03:53:58.190 1523 2350 E DisplayDeviceConfig: requesting nits when no mapping exists.
03-14 03:53:58.207 1523 2350 E DisplayDeviceConfig: requesting nits when no mapping exists.
03-14 03:53:58.207 1523 2350 E DisplayDeviceConfig: requesting nits when no mapping exists.
03-14 03:53:58.224 1523 2350 E DisplayDeviceConfig: requesting nits when no mapping exists.
03-14 03:53:58.224 1523 2350 E DisplayDeviceConfig: requesting nits when no mapping exists.
03-14 03:53:58.241 1523 2350 E DisplayDeviceConfig: requesting nits when no mapping exists.
03-14 03:53:58.241 1523 2350 E DisplayDeviceConfig: requesting nits when no mapping exists.
03-14 03:53:58.258 1523 2350 E DisplayDeviceConfig: requesting nits when no mapping exists.
03-14 03:53:58.258 1523 2350 E DisplayDeviceConfig: requesting nits when no mapping exists.
03-14 03:53:58.275 1523 2350 E DisplayDeviceConfig: requesting nits when no mapping exists.
03-14 03:53:58.275 1523 2350 E DisplayDeviceConfig: requesting nits when no mapping exists.
03-14 03:53:58.291 1523 2350 E DisplayDeviceConfig: requesting nits when no mapping exists.
03-14 03:53:58.291 1523 2350 E DisplayDeviceConfig: requesting nits when no mapping exists.
03-14 03:53:58.308 1523 2350 E DisplayDeviceConfig: requesting nits when no mapping exists.
03-14 03:53:58.308 1523 2350 E DisplayDeviceConfig: requesting nits when no mapping exists.
03-14 03:53:58.324 1523 2350 E DisplayDeviceConfig: requesting nits when no mapping exists.
03-14 03:53:58.324 1523 2350 E DisplayDeviceConfig: requesting nits when no mapping exists.
03-14 03:53:58.340 1523 2350 E DisplayDeviceConfig: requesting nits when no mapping exists.
03-14 03:53:58.341 1523 2350 E DisplayDeviceConfig: requesting nits when no mapping exists.
03-14 03:53:58.357 1523 2350 E DisplayDeviceConfig: requesting nits when no mapping exists.
03-14 03:53:58.357 1523 2350 E DisplayDeviceConfig: requesting nits when no mapping exists.
03-14 03:53:58.374 1523 2350 E DisplayDeviceConfig: requesting nits when no mapping exists.
03-14 03:53:58.374 1523 2350 E DisplayDeviceConfig: requesting nits when no mapping exists.
03-14 03:53:58.390 1523 2350 E DisplayDeviceConfig: requesting nits when no mapping exists.
03-14 03:53:58.391 1523 2350 E DisplayDeviceConfig: requesting nits when no mapping exists.
03-14 03:53:58.407 1523 2350 E DisplayDeviceConfig: requesting nits when no mapping exists.
03-14 03:53:58.407 1523 2350 E DisplayDeviceConfig: requesting nits when no mapping exists.
03-14 03:53:58.424 1523 2350 E DisplayDeviceConfig: requesting nits when no mapping exists.
03-14 03:53:58.424 1523 2350 E DisplayDeviceConfig: requesting nits when no mapping exists.
03-14 03:53:58.441 1523 2350 E DisplayDeviceConfig: requesting nits when no mapping exists.
03-14 03:53:58.441 1523 2350 E DisplayDeviceConfig: requesting nits when no mapping exists.
03-14 03:53:58.458 1523 2350 E DisplayDeviceConfig: requesting nits when no mapping exists.
03-14 03:53:58.458 1523 2350 E DisplayDeviceConfig: requesting nits when no mapping exists.
03-14 03:53:58.474 1523 2350 E DisplayDeviceConfig: requesting nits when no mapping exists.
03-14 03:53:58.474 1523 2350 E DisplayDeviceConfig: requesting nits when no mapping exists.
03-14 03:53:58.491 1523 2350 E DisplayDeviceConfig: requesting nits when no mapping exists.
03-14 03:53:58.491 1523 2350 E DisplayDeviceConfig: requesting nits when no mapping exists.
03-14 03:53:58.507 1523 2350 E DisplayDeviceConfig: requesting nits when no mapping exists.
03-14 03:53:58.508 1523 2350 E DisplayDeviceConfig: requesting nits when no mapping exists.
03-14 03:53:58.522 1523 2350 E DisplayDeviceConfig: requesting nits when no mapping exists.
03-14 03:53:58.522 1523 2350 E DisplayDeviceConfig: requesting nits when no mapping exists.
03-14 03:53:58.538 1523 2350 E DisplayDeviceConfig: requesting nits when no mapping exists.
03-14 03:53:58.539 1523 2350 E DisplayDeviceConfig: requesting nits when no mapping exists.
03-14 03:53:58.555 1523 2350 E DisplayDeviceConfig: requesting nits when no mapping exists.
03-14 03:53:58.555 1523 2350 E DisplayDeviceConfig: requesting nits when no mapping exists.
03-14 03:53:58.572 1523 2350 E DisplayDeviceConfig: requesting nits when no mapping exists.
03-14 03:53:58.572 1523 2350 E DisplayDeviceConfig: requesting nits when no mapping exists.
03-14 03:53:58.589 1523 2350 E DisplayDeviceConfig: requesting nits when no mapping exists.
03-14 03:53:58.589 1523 2350 E DisplayDeviceConfig: requesting nits when no mapping exists.
03-14 03:53:58.605 1523 2350 E DisplayDeviceConfig: requesting nits when no mapping exists.
03-14 03:53:58.606 1523 2350 E DisplayDeviceConfig: requesting nits when no mapping exists.
03-14 03:53:58.622 1523 2350 E DisplayDeviceConfig: requesting nits when no mapping exists.
03-14 03:53:58.622 1523 2350 E DisplayDeviceConfig: requesting nits when no mapping exists.
03-14 03:53:58.639 1523 2350 E DisplayDeviceConfig: requesting nits when no mapping exists.
03-14 03:53:58.639 1523 2350 E DisplayDeviceConfig: requesting nits when no mapping exists.
03-14 03:53:58.655 1523 2350 E DisplayDeviceConfig: requesting nits when no mapping exists.
03-14 03:53:58.656 1523 2350 E DisplayDeviceConfig: requesting nits when no mapping exists.
03-14 03:53:58.672 1523 2350 E DisplayDeviceConfig: requesting nits when no mapping exists.
03-14 03:53:58.672 1523 2350 E DisplayDeviceConfig: requesting nits when no mapping exists.
03-14 03:53:58.689 1523 2350 E DisplayDeviceConfig: requesting nits when no mapping exists.
03-14 03:53:58.689 1523 2350 E DisplayDeviceConfig: requesting nits when no mapping exists.
03-14 03:53:58.706 1523 2350 E DisplayDeviceConfig: requesting nits when no mapping exists.
03-14 03:53:58.706 1523 2350 E DisplayDeviceConfig: requesting nits when no mapping exists.
03-14 03:53:58.722 1523 2350 E DisplayDeviceConfig: requesting nits when no mapping exists.
03-14 03:53:58.722 1523 2350 E DisplayDeviceConfig: requesting nits when no mapping exists.
03-14 03:53:58.739 1523 2350 E DisplayDeviceConfig: requesting nits when no mapping exists.
03-14 03:53:58.739 1523 2350 E DisplayDeviceConfig: requesting nits when no mapping exists.
03-14 03:53:58.756 1523 2350 E DisplayDeviceConfig: requesting nits when no mapping exists.
03-14 03:53:58.756 1523 2350 E DisplayDeviceConfig: requesting nits when no mapping exists.
03-14 03:53:58.772 1523 2350 E DisplayDeviceConfig: requesting nits when no mapping exists.
03-14 03:53:58.772 1523 2350 E DisplayDeviceConfig: requesting nits when no mapping exists.
03-14 03:53:58.789 1523 2350 E DisplayDeviceConfig: requesting nits when no mapping exists.
03-14 03:53:58.789 1523 2350 E DisplayDeviceConfig: requesting nits when no mapping exists.
03-14 03:53:58.806 1523 2350 E DisplayDeviceConfig: requesting nits when no mapping exists.
03-14 03:53:58.806 1523 2350 E DisplayDeviceConfig: requesting nits when no mapping exists.
03-14 03:53:58.822 1523 2350 E DisplayDeviceConfig: requesting nits when no mapping exists.
03-14 03:53:58.823 1523 2350 E DisplayDeviceConfig: requesting nits when no mapping exists.
03-14 03:53:58.839 1523 2350 E DisplayDeviceConfig: requesting nits when no mapping exists.
03-14 03:53:58.839 1523 2350 E DisplayDeviceConfig: requesting nits when no mapping exists.
03-14 03:53:58.856 1523 2350 E DisplayDeviceConfig: requesting nits when no mapping exists.
03-14 03:53:58.856 1523 2350 E DisplayDeviceConfig: requesting nits when no mapping exists.
03-14 03:53:58.873 1523 2350 E DisplayDeviceConfig: requesting nits when no mapping exists.
03-14 03:53:58.873 1523 2350 E DisplayDeviceConfig: requesting nits when no mapping exists.
03-14 03:53:58.889 1523 2350 E DisplayDeviceConfig: requesting nits when no mapping exists.
03-14 03:53:58.889 1523 2350 E DisplayDeviceConfig: requesting nits when no mapping exists.
03-14 03:53:58.906 1523 2350 E DisplayDeviceConfig: requesting nits when no mapping exists.
03-14 03:53:58.906 1523 2350 E DisplayDeviceConfig: requesting nits when no mapping exists.
03-14 03:53:58.923 1523 2350 E DisplayDeviceConfig: requesting nits when no mapping exists.
03-14 03:53:58.923 1523 2350 E DisplayDeviceConfig: requesting nits when no mapping exists.
03-14 03:53:58.939 1523 2350 E DisplayDeviceConfig: requesting nits when no mapping exists.
03-14 03:53:58.940 1523 2350 E DisplayDeviceConfig: requesting nits when no mapping exists.
03-14 03:53:58.956 1523 2350 E DisplayDeviceConfig: requesting nits when no mapping exists.
03-14 03:53:58.956 1523 2350 E DisplayDeviceConfig: requesting nits when no mapping exists.
03-14 03:53:58.973 1523 2350 E DisplayDeviceConfig: requesting nits when no mapping exists.
03-14 03:53:58.973 1523 2350 E DisplayDeviceConfig: requesting nits when no mapping exists.
03-14 03:53:58.990 1523 2350 E DisplayDeviceConfig: requesting nits when no mapping exists.
03-14 03:53:58.990 1523 2350 E DisplayDeviceConfig: requesting nits when no mapping exists.
03-14 03:53:59.006 1523 2350 E DisplayDeviceConfig: requesting nits when no mapping exists.
03-14 03:53:59.006 1523 2350 E DisplayDeviceConfig: requesting nits when no mapping exists.
03-14 03:53:59.023 1523 2350 E DisplayDeviceConfig: requesting nits when no mapping exists.
03-14 03:53:59.023 1523 2350 E DisplayDeviceConfig: requesting nits when no mapping exists.
03-14 03:53:59.040 1523 2350 E DisplayDeviceConfig: requesting nits when no mapping exists.
03-14 03:53:59.040 1523 2350 E DisplayDeviceConfig: requesting nits when no mapping exists.
03-14 03:53:59.056 1523 2350 E DisplayDeviceConfig: requesting nits when no mapping exists.
03-14 03:53:59.056 1523 2350 E DisplayDeviceConfig: requesting nits when no mapping exists.
03-14 03:53:59.073 1523 2350 E DisplayDeviceConfig: requesting nits when no mapping exists.
03-14 03:53:59.073 1523 2350 E DisplayDeviceConfig: requesting nits when no mapping exists.
03-14 03:53:59.090 1523 2350 E DisplayDeviceConfig: requesting nits when no mapping exists.
03-14 03:53:59.090 1523 2350 E DisplayDeviceConfig: requesting nits when no mapping exists.
03-14 03:53:59.107 1523 2350 E DisplayDeviceConfig: requesting nits when no mapping exists.
03-14 03:53:59.107 1523 2350 E DisplayDeviceConfig: requesting nits when no mapping exists.
03-14 03:54:41.492 1523 3328 I DreamManagerService: Gently waking up from dream.
03-14 03:54:41.494 1523 1650 I DreamManagerService: Performing gentle wake from dream.
03-14 03:54:41.496 1523 2369 I ActivityTaskManager: FOREGROUND_APPLICATION_CHANGED to com.android.launcher3.uioverrides.QuickstepLauncher
03-14 03:54:41.532 1523 1691 I PowerManagerService: Powering on display group fromDreaming (groupId=0, uid=1000, reason=WAKE_REASON_UNKNOWN, details=android.server.power:DREAM_FINISHED)...
03-14 03:54:41.532 1523 1691 I PowerManagerService: Waking up from Dreaming (uid=1000, reason=WAKE_REASON_UNKNOWN, details=android.server.power:DREAM_FINISHED)...
03-14 03:54:41.602 1523 2745 W FreeFormWindowHelper: Current Display FreeFormTask is null
03-14 03:54:41.792 1523 2369 I DreamManagerService: Leaving dreamland.
03-14 03:54:41.793 1523 1650 I DreamManagerService: Performing gentle wake from dream.
03-14 03:54:41.793 1523 1650 I DreamController: Stopping dream: name=ComponentInfo{com.thundercomm.screensaver/com.thundercomm.screensaver.service.SystemDream}, isTest=false, canDoze=false, userId=0, reason='finished self'(from 'finished self')
03-14 03:54:41.806 1523 1654 W ActivityTaskManager: Can't find TaskDisplayArea to determine support for multi window. Task id=12 attached=false
01-01 12:36:56.976 0 0 I binder : 6374:6376 ioctl 40046210 773ab87924 returned -22
03-14 03:54:48.406 1523 1730 D ApkSignatureVerifier: Perflock acquired for PackageInstall
03-14 03:54:48.660 1523 1730 D ApkSignatureVerifier: Perflock released for PackageInstall
03-14 03:54:48.735 1523 2007 W PackageParsing: Ignoring duplicate uses-permissions/uses-permissions-sdk-m: android.permission.CAMERA in package: com.tencent.android.qqdownloader at: Binary XML file line #135
03-14 03:54:48.735 1523 2007 W PackageParsing: Ignoring duplicate uses-permissions/uses-permissions-sdk-m: android.permission.ACCESS_NETWORK_STATE in package: com.tencent.android.qqdownloader at: Binary XML file line #136
03-14 03:54:48.735 1523 2007 W PackageParsing: Ignoring duplicate uses-permissions/uses-permissions-sdk-m: android.permission.ACCESS_WIFI_STATE in package: com.tencent.android.qqdownloader at: Binary XML file line #137
03-14 03:54:48.736 1523 2007 W PackageParsing: Ignoring duplicate uses-permissions/uses-permissions-sdk-m: android.permission.CHANGE_WIFI_STATE in package: com.tencent.android.qqdownloader at: Binary XML file line #138
03-14 03:54:48.736 1523 2007 W PackageParsing: Ignoring duplicate uses-permissions/uses-permissions-sdk-m: android.permission.CHANGE_NETWORK_STATE in package: com.tencent.android.qqdownloader at: Binary XML file line #140
03-14 03:54:48.736 1523 2007 W PackageParsing: Ignoring duplicate uses-permissions/uses-permissions-sdk-m: android.permission.INTERNET in package: com.tencent.android.qqdownloader at: Binary XML file line #141
03-14 03:54:48.737 1523 2007 W PackageParsing: Ignoring duplicate uses-permissions/uses-permissions-sdk-m: android.permission.WRITE_EXTERNAL_STORAGE in package: com.tencent.android.qqdownloader at: Binary XML file line #145
03-14 03:54:48.740 1523 2007 W PackageParsing: Ignoring duplicate uses-permissions/uses-permissions-sdk-m: android.permission.INTERNET in package: com.tencent.android.qqdownloader at: Binary XML file line #169
03-14 03:54:48.740 1523 2007 W PackageParsing: Ignoring duplicate uses-permissions/uses-permissions-sdk-m: android.permission.ACCESS_NETWORK_STATE in package: com.tencent.android.qqdownloader at: Binary XML file line #170
03-14 03:54:48.741 1523 2007 W PackageParsing: Ignoring duplicate uses-permissions/uses-permissions-sdk-m: android.permission.ACCESS_WIFI_STATE in package: com.tencent.android.qqdownloader at: Binary XML file line #171
03-14 03:54:48.741 1523 2007 W PackageParsing: Ignoring duplicate uses-permissions/uses-permissions-sdk-m: android.permission.WAKE_LOCK in package: com.tencent.android.qqdownloader at: Binary XML file line #172
03-14 03:54:48.741 1523 2007 W PackageParsing: Ignoring duplicate uses-permissions/uses-permissions-sdk-m: android.permission.WRITE_EXTERNAL_STORAGE in package: com.tencent.android.qqdownloader at: Binary XML file line #174
03-14 03:54:48.741 1523 2007 W PackageParsing: Ignoring duplicate uses-permissions/uses-permissions-sdk-m: com.android.launcher.permission.INSTALL_SHORTCUT in package: com.tencent.android.qqdownloader at: Binary XML file line #176
03-14 03:54:48.741 1523 2007 W PackageParsing: Ignoring duplicate uses-permissions/uses-permissions-sdk-m: android.permission.CHANGE_WIFI_STATE in package: com.tencent.android.qqdownloader at: Binary XML file line #178
03-14 03:54:48.741 1523 2007 W PackageParsing: Ignoring duplicate uses-permissions/uses-permissions-sdk-m: android.permission.ACCESS_COARSE_LOCATION in package: com.tencent.android.qqdownloader at: Binary XML file line #179
03-14 03:54:48.741 1523 2007 W PackageParsing: Ignoring duplicate uses-permissions/uses-permissions-sdk-m: android.permission.INTERNET in package: com.tencent.android.qqdownloader at: Binary XML file line #215
03-14 03:54:48.741 1523 2007 W PackageParsing: Ignoring duplicate uses-permissions/uses-permissions-sdk-m: android.permission.ACCESS_COARSE_LOCATION in package: com.tencent.android.qqdownloader at: Binary XML file line #216
03-14 03:54:48.741 1523 2007 W PackageParsing: Ignoring duplicate uses-permissions/uses-permissions-sdk-m: android.permission.ACCESS_FINE_LOCATION in package: com.tencent.android.qqdownloader at: Binary XML file line #217
03-14 03:54:48.741 1523 2007 W PackageParsing: Ignoring duplicate uses-permissions/uses-permissions-sdk-m: android.permission.ACCESS_NETWORK_STATE in package: com.tencent.android.qqdownloader at: Binary XML file line #218
03-14 03:54:48.741 1523 2007 W PackageParsing: Ignoring duplicate uses-permissions/uses-permissions-sdk-m: android.permission.ACCESS_WIFI_STATE in package: com.tencent.android.qqdownloader at: Binary XML file line #219
03-14 03:54:48.741 1523 2007 W PackageParsing: Ignoring duplicate uses-permissions/uses-permissions-sdk-m: android.permission.CAMERA in package: com.tencent.android.qqdownloader at: Binary XML file line #221
03-14 03:54:48.741 1523 2007 W PackageParsing: Ignoring duplicate uses-permissions/uses-permissions-sdk-m: android.permission.WRITE_EXTERNAL_STORAGE in package: com.tencent.android.qqdownloader at: Binary XML file line #222
03-14 03:54:48.743 1523 2007 W PackageParsing: No actions in intent-filter at /data/app/vmdl1325152502.tmp/base.apk Binary XML file line #353
03-14 03:54:48.743 1523 2007 W PackageParsing: No actions in intent-filter at /data/app/vmdl1325152502.tmp/base.apk Binary XML file line #373
03-14 03:54:48.743 1523 2007 W PackageParsing: No actions in intent-filter at /data/app/vmdl1325152502.tmp/base.apk Binary XML file line #410
03-14 03:54:48.743 1523 2007 W PackageParsing: No actions in intent-filter at /data/app/vmdl1325152502.tmp/base.apk Binary XML file line #446
03-14 03:54:48.743 1523 2007 W PackageParsing: No actions in intent-filter at /data/app/vmdl1325152502.tmp/base.apk Binary XML file line #482
03-14 03:54:48.743 1523 2007 W PackageParsing: No actions in intent-filter at /data/app/vmdl1325152502.tmp/base.apk Binary XML file line #518
03-14 03:54:48.749 1523 2007 W PackageParsing: No actions in intent-filter at /data/app/vmdl1325152502.tmp/base.apk Binary XML file line #1683
03-14 03:54:48.752 1523 2007 D CompatibilityChangeReporter: Compat change id reported: 132742131; UID -1; state: DISABLED
03-14 03:54:48.795 1523 2007 W RuleEvaluation: Integrity rule files are not available.
03-14 03:54:48.795 1523 1700 I PackageManager: Integrity check passed for file:///data/app/vmdl1325152502.tmp
03-14 03:54:48.838 1523 1700 W PackageParsing: Ignoring duplicate uses-permissions/uses-permissions-sdk-m: android.permission.CAMERA in package: com.tencent.android.qqdownloader at: Binary XML file line #135
03-14 03:54:48.838 1523 1700 W PackageParsing: Ignoring duplicate uses-permissions/uses-permissions-sdk-m: android.permission.ACCESS_NETWORK_STATE in package: com.tencent.android.qqdownloader at: Binary XML file line #136
03-14 03:54:48.838 1523 1700 W PackageParsing: Ignoring duplicate uses-permissions/uses-permissions-sdk-m: android.permission.ACCESS_WIFI_STATE in package: com.tencent.android.qqdownloader at: Binary XML file line #137
03-14 03:54:48.838 1523 1700 W PackageParsing: Ignoring duplicate uses-permissions/uses-permissions-sdk-m: android.permission.CHANGE_WIFI_STATE in package: com.tencent.android.qqdownloader at: Binary XML file line #138
03-14 03:54:48.838 1523 1700 W PackageParsing: Ignoring duplicate uses-permissions/uses-permissions-sdk-m: android.permission.CHANGE_NETWORK_STATE in package: com.tencent.android.qqdownloader at: Binary XML file line #140
03-14 03:54:48.838 1523 1700 W PackageParsing: Ignoring duplicate uses-permissions/uses-permissions-sdk-m: android.permission.INTERNET in package: com.tencent.android.qqdownloader at: Binary XML file line #141
03-14 03:54:48.839 1523 1700 W PackageParsing: Ignoring duplicate uses-permissions/uses-permissions-sdk-m: android.permission.WRITE_EXTERNAL_STORAGE in package: com.tencent.android.qqdownloader at: Binary XML file line #145
03-14 03:54:48.839 1523 1700 W PackageParsing: Ignoring duplicate uses-permissions/uses-permissions-sdk-m: android.permission.INTERNET in package: com.tencent.android.qqdownloader at: Binary XML file line #169
03-14 03:54:48.839 1523 1700 W PackageParsing: Ignoring duplicate uses-permissions/uses-permissions-sdk-m: android.permission.ACCESS_NETWORK_STATE in package: com.tencent.android.qqdownloader at: Binary XML file line #170
03-14 03:54:48.839 1523 1700 W PackageParsing: Ignoring duplicate uses-permissions/uses-permissions-sdk-m: android.permission.ACCESS_WIFI_STATE in package: com.tencent.android.qqdownloader at: Binary XML file line #171
03-14 03:54:48.839 1523 1700 W PackageParsing: Ignoring duplicate uses-permissions/uses-permissions-sdk-m: android.permission.WAKE_LOCK in package: com.tencent.android.qqdownloader at: Binary XML file line #172
03-14 03:54:48.839 1523 1700 W PackageParsing: Ignoring duplicate uses-permissions/uses-permissions-sdk-m: android.permission.WRITE_EXTERNAL_STORAGE in package: com.tencent.android.qqdownloader at: Binary XML file line #174
03-14 03:54:48.839 1523 1700 W PackageParsing: Ignoring duplicate uses-permissions/uses-permissions-sdk-m: com.android.launcher.permission.INSTALL_SHORTCUT in package: com.tencent.android.qqdownloader at: Binary XML file line #176
03-14 03:54:48.839 1523 1700 W PackageParsing: Ignoring duplicate uses-permissions/uses-permissions-sdk-m: android.permission.CHANGE_WIFI_STATE in package: com.tencent.android.qqdownloader at: Binary XML file line #178
03-14 03:54:48.839 1523 1700 W PackageParsing: Ignoring duplicate uses-permissions/uses-permissions-sdk-m: android.permission.ACCESS_COARSE_LOCATION in package: com.tencent.android.qqdownloader at: Binary XML file line #179
03-14 03:54:48.840 1523 1700 W PackageParsing: Ignoring duplicate uses-permissions/uses-permissions-sdk-m: android.permission.INTERNET in package: com.tencent.android.qqdownloader at: Binary XML file line #215
03-14 03:54:48.840 1523 1700 W PackageParsing: Ignoring duplicate uses-permissions/uses-permissions-sdk-m: android.permission.ACCESS_COARSE_LOCATION in package: com.tencent.android.qqdownloader at: Binary XML file line #216
03-14 03:54:48.840 1523 1700 W PackageParsing: Ignoring duplicate uses-permissions/uses-permissions-sdk-m: android.permission.ACCESS_FINE_LOCATION in package: com.tencent.android.qqdownloader at: Binary XML file line #217
03-14 03:54:48.840 1523 1700 W PackageParsing: Ignoring duplicate uses-permissions/uses-permissions-sdk-m: android.permission.ACCESS_NETWORK_STATE in package: com.tencent.android.qqdownloader at: Binary XML file line #218
03-14 03:54:48.840 1523 1700 W PackageParsing: Ignoring duplicate uses-permissions/uses-permissions-sdk-m: android.permission.ACCESS_WIFI_STATE in package: com.tencent.android.qqdownloader at: Binary XML file line #219
03-14 03:54:48.840 1523 1700 W PackageParsing: Ignoring duplicate uses-permissions/uses-permissions-sdk-m: android.permission.CAMERA in package: com.tencent.android.qqdownloader at: Binary XML file line #221
03-14 03:54:48.840 1523 1700 W PackageParsing: Ignoring duplicate uses-permissions/uses-permissions-sdk-m: android.permission.WRITE_EXTERNAL_STORAGE in package: com.tencent.android.qqdownloader at: Binary XML file line #222
03-14 03:54:48.841 1523 1700 W PackageParsing: No actions in intent-filter at /data/app/vmdl1325152502.tmp/base.apk Binary XML file line #353
03-14 03:54:48.842 1523 1700 W PackageParsing: No actions in intent-filter at /data/app/vmdl1325152502.tmp/base.apk Binary XML file line #373
03-14 03:54:48.842 1523 1700 W PackageParsing: No actions in intent-filter at /data/app/vmdl1325152502.tmp/base.apk Binary XML file line #410
03-14 03:54:48.842 1523 1700 W PackageParsing: No actions in intent-filter at /data/app/vmdl1325152502.tmp/base.apk Binary XML file line #446
03-14 03:54:48.843 1523 1700 W PackageParsing: No actions in intent-filter at /data/app/vmdl1325152502.tmp/base.apk Binary XML file line #482
03-14 03:54:48.843 1523 1700 W PackageParsing: No actions in intent-filter at /data/app/vmdl1325152502.tmp/base.apk Binary XML file line #518
03-14 03:54:48.852 1523 1700 W PackageParsing: No actions in intent-filter at /data/app/vmdl1325152502.tmp/base.apk Binary XML file line #1683
03-14 03:54:48.880 1523 1700 D CompatibilityChangeReporter: Compat change id reported: 133396946; UID -1; state: DISABLED
03-14 03:54:48.882 1523 1700 W PackageManager: Provider ComponentInfo{com.tencent.android.qqdownloader/com.tencent.pangu.share.weixin.WeChatShareProvider} already defined; ignoring
03-14 03:54:48.882 1523 1700 W PackageManager: Skipping provider name com.tencent.pangu.share.weixin.WeChatShareProvider (in package com.tencent.android.qqdownloader): name already used by com.tencent.android.qqdownloader
03-14 03:54:48.885 1523 1700 I PackageManager: Permission ownership changed. Updating all permissions.
01-01 12:36:57.891 0 0 I logd : start watching /data/system/packages.list ...
01-01 12:36:57.894 0 0 I logd : ReadPackageList, total packages: 101
03-14 03:54:48.993 1523 1650 V StorageManagerService: Package null has legacy storage
03-14 03:54:49.940 1523 1700 V BackupManagerService: [UserID:0] restoreAtInstall pkg=com.tencent.android.qqdownloader token=1 restoreSet=0
03-14 03:54:49.941 1523 1700 V BackupManagerService: [UserID:0] Finishing install immediately
03-14 03:54:49.950 1523 1700 D CompatibilityChangeReporter: Compat change id reported: 168419799; UID 10093; state: DISABLED
03-14 03:54:49.956 1523 2308 D VcnManagementService: new snapshot: TelephonySubscriptionSnapshot{ mActiveDataSubId=-1, mSubIdToInfoMap={}, mPrivilegedPackages={} }
03-14 03:54:49.961 1523 1523 I Telecom : DefaultDialerCache: Refreshing default dialer for user 0: now null: DDC.oR@ACA
03-14 03:54:49.965 1523 2745 W BroadcastQueue: Background execution not allowed: receiving Intent { act=android.intent.action.PACKAGE_ADDED dat=package:com.tencent.android.qqdownloader flg=0x4000010 (has extras) } to com.android.packageinstaller/.PackageInstalledReceiver
03-14 03:54:49.966 1523 1662 W BroadcastQueue: Background execution not allowed: receiving Intent { act=android.intent.action.PACKAGE_ADDED dat=package:com.tencent.android.qqdownloader flg=0x4000010 (has extras) } to com.android.gallery3d/.app.PackagesMonitor
03-14 03:54:49.969 1523 1662 D CompatibilityChangeReporter: Compat change id reported: 168419799; UID 10031; state: DISABLED
03-14 03:54:49.976 1523 1650 D CompanionDeviceManagerService: onPackageModified(packageName = com.tencent.android.qqdownloader)
03-14 03:54:49.978 1523 1523 I Telecom : DefaultDialerCache: Refreshing default dialer for user 0: now null: DDC.oR@ACE
03-14 03:54:50.005 1523 1661 W PackageManager: Failed registering loading progress callback. Package is fully loaded.
03-14 03:54:50.005 1523 1661 W VoiceInteractionManager: no available voice recognition services found for user 0
03-14 03:54:50.017 1523 1661 W VoiceInteractionManager: no available voice recognition services found for user 0
01-01 12:37:02.571 0 0 I msm_vidc: err : ffffffff: .....: DBLP Set: status 0
01-01 12:37:11.530 0 0 I msm_vidc: err : ffffffff: .....: DBLP Set: status 0
01-01 12:37:29.797 0 0 I [schedu][0x14a87c433][03:55:20.834206] wlan: [1969:I:OSIF] scan start scan id 40965
01-01 12:37:30.970 0 0 I [schedu][0x14bdf8174][03:55:22.007502] wlan: [1969:I:OSIF] vdev 0, scan id 40965 type COMPLETED(1) reason COMPLETED(1) scan found 85 bss
03-14 03:55:34.585 1523 1691 V DisplayPowerController[0]: Brightness [0.05] reason changing to: 'manual [ dim ]', previous reason: 'manual'.
03-14 03:55:34.586 1523 1691 W PowerManagerService: Screen on took 53054 ms
03-14 03:55:34.588 1523 2350 E DisplayDeviceConfig: requesting nits when no mapping exists.
03-14 03:55:34.588 1523 2350 E DisplayDeviceConfig: requesting nits when no mapping exists.
03-14 03:55:34.589 1523 1662 I DropBoxManagerService: add tag=system_server_wtf isTagEnabled=true flags=0x2
03-14 03:55:34.592 1523 1662 I DropBoxManagerService: add tag=system_server_wtf isTagEnabled=true flags=0x2
03-14 03:55:34.605 1523 2350 E DisplayDeviceConfig: requesting nits when no mapping exists.
03-14 03:55:34.605 1523 2350 E DisplayDeviceConfig: requesting nits when no mapping exists.
03-14 03:55:34.606 1523 1662 I DropBoxManagerService: add tag=system_server_wtf isTagEnabled=true flags=0x2
03-14 03:55:34.607 1523 1662 I DropBoxManagerService: add tag=system_server_wtf isTagEnabled=true flags=0x2
03-14 03:55:34.620 1523 2350 E DisplayDeviceConfig: requesting nits when no mapping exists.
03-14 03:55:34.621 1523 2350 E DisplayDeviceConfig: requesting nits when no mapping exists.
03-14 03:55:34.621 1523 1662 I DropBoxManagerService: add tag=system_server_wtf isTagEnabled=true flags=0x2
03-14 03:55:34.637 1523 2350 E DisplayDeviceConfig: requesting nits when no mapping exists.
03-14 03:55:34.637 1523 2350 E DisplayDeviceConfig: requesting nits when no mapping exists.
03-14 03:55:34.654 1523 2350 E DisplayDeviceConfig: requesting nits when no mapping exists.
03-14 03:55:34.655 1523 2350 E DisplayDeviceConfig: requesting nits when no mapping exists.
03-14 03:55:34.671 1523 2350 E DisplayDeviceConfig: requesting nits when no mapping exists.
03-14 03:55:34.672 1523 2350 E DisplayDeviceConfig: requesting nits when no mapping exists.
03-14 03:55:34.687 1523 2350 E DisplayDeviceConfig: requesting nits when no mapping exists.
03-14 03:55:34.687 1523 2350 E DisplayDeviceConfig: requesting nits when no mapping exists.
03-14 03:55:34.704 1523 2350 E DisplayDeviceConfig: requesting nits when no mapping exists.
03-14 03:55:34.704 1523 2350 E DisplayDeviceConfig: requesting nits when no mapping exists.
03-14 03:55:34.721 1523 2350 E DisplayDeviceConfig: requesting nits when no mapping exists.
03-14 03:55:34.721 1523 2350 E DisplayDeviceConfig: requesting nits when no mapping exists.
03-14 03:55:34.737 1523 2350 E DisplayDeviceConfig: requesting nits when no mapping exists.
03-14 03:55:34.738 1523 2350 E DisplayDeviceConfig: requesting nits when no mapping exists.
03-14 03:55:34.756 1523 2350 E DisplayDeviceConfig: requesting nits when no mapping exists.
03-14 03:55:34.757 1523 2350 E DisplayDeviceConfig: requesting nits when no mapping exists.
03-14 03:55:34.771 1523 2350 E DisplayDeviceConfig: requesting nits when no mapping exists.
03-14 03:55:34.771 1523 2350 E DisplayDeviceConfig: requesting nits when no mapping exists.
03-14 03:55:34.788 1523 2350 E DisplayDeviceConfig: requesting nits when no mapping exists.
03-14 03:55:34.789 1523 2350 E DisplayDeviceConfig: requesting nits when no mapping exists.
03-14 03:55:34.804 1523 2350 E DisplayDeviceConfig: requesting nits when no mapping exists.
03-14 03:55:34.804 1523 2350 E DisplayDeviceConfig: requesting nits when no mapping exists.
03-14 03:55:34.821 1523 2350 E DisplayDeviceConfig: requesting nits when no mapping exists.
03-14 03:55:34.821 1523 2350 E DisplayDeviceConfig: requesting nits when no mapping exists.
03-14 03:55:34.838 1523 2350 E DisplayDeviceConfig: requesting nits when no mapping exists.
03-14 03:55:34.838 1523 2350 E DisplayDeviceConfig: requesting nits when no mapping exists.
03-14 03:55:34.854 1523 2350 E DisplayDeviceConfig: requesting nits when no mapping exists.
03-14 03:55:34.855 1523 2350 E DisplayDeviceConfig: requesting nits when no mapping exists.
03-14 03:55:34.871 1523 2350 E DisplayDeviceConfig: requesting nits when no mapping exists.
03-14 03:55:34.872 1523 2350 E DisplayDeviceConfig: requesting nits when no mapping exists.
03-14 03:55:34.888 1523 2350 E DisplayDeviceConfig: requesting nits when no mapping exists.
03-14 03:55:34.888 1523 2350 E DisplayDeviceConfig: requesting nits when no mapping exists.
03-14 03:55:34.904 1523 2350 E DisplayDeviceConfig: requesting nits when no mapping exists.
03-14 03:55:34.905 1523 2350 E DisplayDeviceConfig: requesting nits when no mapping exists.
03-14 03:55:34.921 1523 2350 E DisplayDeviceConfig: requesting nits when no mapping exists.
03-14 03:55:34.922 1523 2350 E DisplayDeviceConfig: requesting nits when no mapping exists.
03-14 03:55:34.938 1523 2350 E DisplayDeviceConfig: requesting nits when no mapping exists.
03-14 03:55:34.939 1523 2350 E DisplayDeviceConfig: requesting nits when no mapping exists.
03-14 03:55:34.954 1523 2350 E DisplayDeviceConfig: requesting nits when no mapping exists.
03-14 03:55:34.955 1523 2350 E DisplayDeviceConfig: requesting nits when no mapping exists.
03-14 03:55:34.972 1523 2350 E DisplayDeviceConfig: requesting nits when no mapping exists.
03-14 03:55:34.972 1523 2350 E DisplayDeviceConfig: requesting nits when no mapping exists.
03-14 03:55:34.988 1523 2350 E DisplayDeviceConfig: requesting nits when no mapping exists.
03-14 03:55:34.988 1523 2350 E DisplayDeviceConfig: requesting nits when no mapping exists.
03-14 03:55:35.005 1523 2350 E DisplayDeviceConfig: requesting nits when no mapping exists.
03-14 03:55:35.005 1523 2350 E DisplayDeviceConfig: requesting nits when no mapping exists.
03-14 03:55:35.021 1523 2350 E DisplayDeviceConfig: requesting nits when no mapping exists.
03-14 03:55:35.021 1523 2350 E DisplayDeviceConfig: requesting nits when no mapping exists.
03-14 03:55:35.038 1523 2350 E DisplayDeviceConfig: requesting nits when no mapping exists.
03-14 03:55:35.038 1523 2350 E DisplayDeviceConfig: requesting nits when no mapping exists.
03-14 03:55:35.055 1523 2350 E DisplayDeviceConfig: requesting nits when no mapping exists.
03-14 03:55:35.055 1523 2350 E DisplayDeviceConfig: requesting nits when no mapping exists.
03-14 03:55:35.072 1523 2350 E DisplayDeviceConfig: requesting nits when no mapping exists.
03-14 03:55:35.072 1523 2350 E DisplayDeviceConfig: requesting nits when no mapping exists.
03-14 03:55:35.088 1523 2350 E DisplayDeviceConfig: requesting nits when no mapping exists.
03-14 03:55:35.089 1523 2350 E DisplayDeviceConfig: requesting nits when no mapping exists.
03-14 03:55:35.105 1523 2350 E DisplayDeviceConfig: requesting nits when no mapping exists.
03-14 03:55:35.105 1523 2350 E DisplayDeviceConfig: requesting nits when no mapping exists.
03-14 03:55:35.121 1523 2350 E DisplayDeviceConfig: requesting nits when no mapping exists.
03-14 03:55:35.122 1523 2350 E DisplayDeviceConfig: requesting nits when no mapping exists.
03-14 03:55:35.139 1523 2350 E DisplayDeviceConfig: requesting nits when no mapping exists.
03-14 03:55:35.139 1523 2350 E DisplayDeviceConfig: requesting nits when no mapping exists.
03-14 03:55:35.155 1523 2350 E DisplayDeviceConfig: requesting nits when no mapping exists.
03-14 03:55:35.156 1523 2350 E DisplayDeviceConfig: requesting nits when no mapping exists.
03-14 03:55:35.172 1523 2350 E DisplayDeviceConfig: requesting nits when no mapping exists.
03-14 03:55:35.172 1523 2350 E DisplayDeviceConfig: requesting nits when no mapping exists.
03-14 03:55:35.188 1523 2350 E DisplayDeviceConfig: requesting nits when no mapping exists.
03-14 03:55:35.188 1523 2350 E DisplayDeviceConfig: requesting nits when no mapping exists.
03-14 03:55:35.205 1523 2350 E DisplayDeviceConfig: requesting nits when no mapping exists.
03-14 03:55:35.205 1523 2350 E DisplayDeviceConfig: requesting nits when no mapping exists.
03-14 03:55:35.221 1523 2350 E DisplayDeviceConfig: requesting nits when no mapping exists.
03-14 03:55:35.222 1523 2350 E DisplayDeviceConfig: requesting nits when no mapping exists.
03-14 03:55:35.238 1523 2350 E DisplayDeviceConfig: requesting nits when no mapping exists.
03-14 03:55:35.239 1523 2350 E DisplayDeviceConfig: requesting nits when no mapping exists.
03-14 03:55:35.255 1523 2350 E DisplayDeviceConfig: requesting nits when no mapping exists.
03-14 03:55:35.255 1523 2350 E DisplayDeviceConfig: requesting nits when no mapping exists.
03-14 03:55:35.271 1523 2350 E DisplayDeviceConfig: requesting nits when no mapping exists.
03-14 03:55:35.272 1523 2350 E DisplayDeviceConfig: requesting nits when no mapping exists.
03-14 03:55:35.288 1523 2350 E DisplayDeviceConfig: requesting nits when no mapping exists.
03-14 03:55:35.289 1523 2350 E DisplayDeviceConfig: requesting nits when no mapping exists.
03-14 03:55:35.305 1523 2350 E DisplayDeviceConfig: requesting nits when no mapping exists.
03-14 03:55:35.306 1523 2350 E DisplayDeviceConfig: requesting nits when no mapping exists.
03-14 03:55:35.322 1523 2350 E DisplayDeviceConfig: requesting nits when no mapping exists.
03-14 03:55:35.323 1523 2350 E DisplayDeviceConfig: requesting nits when no mapping exists.
03-14 03:55:35.339 1523 2350 E DisplayDeviceConfig: requesting nits when no mapping exists.
03-14 03:55:35.340 1523 2350 E DisplayDeviceConfig: requesting nits when no mapping exists.
03-14 03:55:35.356 1523 2350 E DisplayDeviceConfig: requesting nits when no mapping exists.
03-14 03:55:35.356 1523 2350 E DisplayDeviceConfig: requesting nits when no mapping exists.
03-14 03:55:35.372 1523 2350 E DisplayDeviceConfig: requesting nits when no mapping exists.
03-14 03:55:35.373 1523 2350 E DisplayDeviceConfig: requesting nits when no mapping exists.
03-14 03:55:35.389 1523 2350 E DisplayDeviceConfig: requesting nits when no mapping exists.
03-14 03:55:35.389 1523 2350 E DisplayDeviceConfig: requesting nits when no mapping exists.
03-14 03:55:35.406 1523 2350 E DisplayDeviceConfig: requesting nits when no mapping exists.
03-14 03:55:35.406 1523 2350 E DisplayDeviceConfig: requesting nits when no mapping exists.
03-14 03:55:35.422 1523 2350 E DisplayDeviceConfig: requesting nits when no mapping exists.
03-14 03:55:35.423 1523 2350 E DisplayDeviceConfig: requesting nits when no mapping exists.
03-14 03:55:35.439 1523 2350 E DisplayDeviceConfig: requesting nits when no mapping exists.
03-14 03:55:35.440 1523 2350 E DisplayDeviceConfig: requesting nits when no mapping exists.
03-14 03:55:35.456 1523 2350 E DisplayDeviceConfig: requesting nits when no mapping exists.
03-14 03:55:35.456 1523 2350 E DisplayDeviceConfig: requesting nits when no mapping exists.
03-14 03:55:35.473 1523 2350 E DisplayDeviceConfig: requesting nits when no mapping exists.
03-14 03:55:35.473 1523 2350 E DisplayDeviceConfig: requesting nits when no mapping exists.
03-14 03:55:35.489 1523 2350 E DisplayDeviceConfig: requesting nits when no mapping exists.
03-14 03:55:35.489 1523 2350 E DisplayDeviceConfig: requesting nits when no mapping exists.
03-14 03:55:35.505 1523 2350 E DisplayDeviceConfig: requesting nits when no mapping exists.
03-14 03:55:35.506 1523 2350 E DisplayDeviceConfig: requesting nits when no mapping exists.
03-14 03:55:35.523 1523 2350 E DisplayDeviceConfig: requesting nits when no mapping exists.
