03-14 03:51:24.389 1523 1650 D CompanionDeviceManagerService: onPackageModified(packageName = com.android.traceur)
03-14 03:51:24.389 1523 1650 D CompanionDeviceManagerService: onPackageModified(packageName = com.android.bluetooth)
03-14 03:51:24.404 1523 1661 W VoiceInteractionManager: no available voice recognition services found for user 0
03-14 03:51:24.408 1523 1661 W VoiceInteractionManager: no available voice recognition services found for user 0
03-14 03:51:24.411 1523 1661 W VoiceInteractionManager: no available voice recognition services found for user 0
03-14 03:51:24.417 1523 1661 W VoiceInteractionManager: no available voice recognition services found for user 0
03-14 03:51:24.420 1523 1661 W VoiceInteractionManager: no available voice recognition services found for user 0
03-14 03:51:24.423 1523 1661 W VoiceInteractionManager: no available voice recognition services found for user 0
01-01 12:33:34.122 0 0 I : read descriptors
01-01 12:33:34.122 0 0 I : read strings
03-14 03:51:25.445 1523 2311 I GameModeConfig: isGameModeOn = false
01-01 12:33:35.141 0 0 I : read descriptors
01-01 12:33:35.142 0 0 I : read strings
01-01 12:33:36.165 0 0 I : read descriptors
01-01 12:33:36.165 0 0 I : read strings
01-01 12:33:37.189 0 0 I : read descriptors
01-01 12:33:37.189 0 0 I : read strings
03-14 03:51:28.610 1523 2311 I GameModeConfig: isGameModeOn = false
01-01 12:33:38.213 0 0 I : read descriptors
01-01 12:33:38.213 0 0 I : read strings
01-01 12:33:39.233 0 0 I : read descriptors
01-01 12:33:39.233 0 0 I : read strings
01-01 12:33:40.259 0 0 I : read descriptors
01-01 12:33:40.259 0 0 I : read strings
03-14 03:51:32.055 1523 1662 I ActivityManager: Waited long enough for: ServiceRecord{6f1fddd u0 com.qti.diagservices/.QTIDiagServices}
01-01 12:33:41.277 0 0 I : read descriptors
01-01 12:33:41.278 0 0 I : read strings
01-01 12:33:42.293 0 0 I : read descriptors
01-01 12:33:42.293 0 0 I : read strings
01-01 12:33:43.083 0 0 I msm_vidc: high: 00000001: h264d: Closed video instance: 0000000000000000
01-01 12:33:43.125 0 0 I binder : undelivered transaction 105512, process died.
01-01 12:33:43.126 0 0 I init : Service 'bootanim' (pid 1093) exited with status 0 oneshot service took 34.209999 seconds in background
01-01 12:33:43.126 0 0 I init : Sending signal 9 to service 'bootanim' (pid 1093) process group...
01-01 12:33:43.127 0 0 I libprocessgroup: Successfully killed process cgroup uid 1003 pid 1093 in 0ms
01-01 12:33:43.313 0 0 I : read descriptors
01-01 12:33:43.313 0 0 I : read strings
01-01 12:33:43.365 0 0 I init : Sending signal 9 to service 'idmap2d' (pid 4428) process group...
03-14 03:51:34.407 1523 2426 W OverlayManager: service 'idmap' died
01-01 12:33:43.371 0 0 I libprocessgroup: Successfully killed process cgroup uid 1000 pid 4428 in 5ms
01-01 12:33:43.372 0 0 I init : Control message: Processed ctl.stop for 'idmap2d' from pid: 1523 (system_server)
01-01 12:33:43.372 0 0 I init : Service 'idmap2d' (pid 4428) received signal 9
01-01 12:33:44.333 0 0 I : read descriptors
01-01 12:33:44.333 0 0 I : read strings
01-01 12:33:44.587 0 0 I msm_vidc: err : ffffffff: .....: DBLP Set: status 0
01-01 12:33:45.353 0 0 I : read descriptors
01-01 12:33:45.354 0 0 I : read strings
01-01 12:33:46.373 0 0 I : read descriptors
01-01 12:33:46.374 0 0 I : read strings
03-14 03:51:38.186 1523 3737 I thunderperf: PlatormCompat.setOverrides: Uid1=1000 Pid1=2678 Uid2=1000 Pid2=2678
03-14 03:51:38.186 1523 3737 I thunderperf: PlatormCompat.setOverrides: needCheck:false
03-14 03:51:38.186 1523 3737 I thunderperf: CompatConfig.addOverrideUnsafe: bef-state=0
03-14 03:51:38.186 1523 3737 I thunderperf: CompatConfig.addOverrideUnsafe: aft-state=0
03-14 03:51:38.187 1523 3737 I thunderperf: CompatConfig.addOverrideUnsafe: bef-state=0
03-14 03:51:38.187 1523 3737 I thunderperf: CompatConfig.addOverrideUnsafe: aft-state=0
03-14 03:51:38.187 1523 3737 I thunderperf: CompatConfig.addOverrideUnsafe: bef-state=0
03-14 03:51:38.187 1523 3737 I thunderperf: CompatConfig.addOverrideUnsafe: aft-state=0
03-14 03:51:38.188 1523 3737 I thunderperf: CompatConfig.addOverrideUnsafe: bef-state=0
03-14 03:51:38.188 1523 3737 I thunderperf: CompatConfig.addOverrideUnsafe: aft-state=0
03-14 03:51:38.188 1523 3737 I thunderperf: CompatConfig.addOverrideUnsafe: bef-state=0
03-14 03:51:38.188 1523 3737 I thunderperf: CompatConfig.addOverrideUnsafe: aft-state=0
03-14 03:51:38.188 1523 3737 I thunderperf: CompatConfig.addOverrideUnsafe: bef-state=0
03-14 03:51:38.188 1523 3737 I thunderperf: CompatConfig.addOverrideUnsafe: aft-state=0
03-14 03:51:38.189 1523 3737 I thunderperf: CompatConfig.addOverrideUnsafe: bef-state=0
03-14 03:51:38.189 1523 3737 I thunderperf: CompatConfig.addOverrideUnsafe: aft-state=0
03-14 03:51:38.189 1523 3737 I thunderperf: CompatConfig.addOverrideUnsafe: bef-state=0
03-14 03:51:38.189 1523 3737 I thunderperf: CompatConfig.addOverrideUnsafe: aft-state=0
03-14 03:51:38.190 1523 3737 I thunderperf: CompatConfig.addOverrideUnsafe: bef-state=0
03-14 03:51:38.190 1523 3737 I thunderperf: CompatConfig.addOverrideUnsafe: aft-state=0
03-14 03:51:38.190 1523 3737 I thunderperf: CompatConfig.addOverrideUnsafe: bef-state=0
03-14 03:51:38.190 1523 3737 I thunderperf: CompatConfig.addOverrideUnsafe: aft-state=0
03-14 03:51:38.191 1523 3737 I thunderperf: CompatConfig.addOverrideUnsafe: bef-state=0
03-14 03:51:38.191 1523 3737 I thunderperf: CompatConfig.addOverrideUnsafe: aft-state=0
03-14 03:51:38.191 1523 3737 I thunderperf: CompatConfig.addOverrideUnsafe: bef-state=0
03-14 03:51:38.191 1523 3737 I thunderperf: CompatConfig.addOverrideUnsafe: aft-state=0
03-14 03:51:38.192 1523 3737 I thunderperf: CompatConfig.addOverrideUnsafe: bef-state=0
03-14 03:51:38.192 1523 3737 I thunderperf: CompatConfig.addOverrideUnsafe: aft-state=0
03-14 03:51:38.192 1523 3737 I thunderperf: CompatConfig.addOverrideUnsafe: bef-state=0
03-14 03:51:38.192 1523 3737 I thunderperf: CompatConfig.addOverrideUnsafe: aft-state=0
03-14 03:51:38.195 1523 3737 I ActivityTaskManager: START u0 {cmp=com.thundercomm.tcsetupwizard/.TcSetupSecondActivity} from uid 1000
03-14 03:51:38.198 1523 3737 D CompatibilityChangeReporter: Compat change id reported: 174042980; UID 1000; state: DISABLED
03-14 03:51:38.199 1523 3737 D CompatibilityChangeReporter: Compat change id reported: 168419799; UID 1000; state: DISABLED
03-14 03:51:38.203 1523 2426 I ActivityTaskManager: FOREGROUND_APPLICATION_CHANGED to com.thundercomm.tcsetupwizard.TcSetupSecondActivity
03-14 03:51:38.203 1523 2426 I ActivityTaskManager: The Process com.thundercomm.tcsetupwizard Already Exists in BG. So sending its PID: 2678
03-14 03:51:38.203 1523 2426 W ActivityTaskManager: Tried to set launchTime (0) < mLastActivityLaunchTime (26358)
03-14 03:51:38.203 1523 2426 D CompatibilityChangeReporter: Compat change id reported: 181136395; UID 1000; state: DISABLED
03-14 03:51:38.204 1523 2426 D CompatibilityChangeReporter: Compat change id reported: 174042936; UID 1000; state: DISABLED
01-01 12:33:47.236 0 0 I msm_vidc: high: 00000001: ....d: Opening video instance: 0000000000000000, 1
01-01 12:33:47.236 0 0 I msm_vidc: err : 00000001: ....d: Failed to create debugfs for msm_vidc
01-01 12:33:47.281 0 0 I msm_vidc: high: 00000001: h264d: Closed video instance: 0000000000000000
01-01 12:33:47.295 0 0 I msm_vidc: high: 00000001: ....d: Opening video instance: 0000000000000000, 1
01-01 12:33:47.295 0 0 I msm_vidc: err : 00000001: ....d: Failed to create debugfs for msm_vidc
01-01 12:33:47.326 0 0 I msm_vidc: high: 00000001: h264d: Closed video instance: 0000000000000000
01-01 12:33:47.340 0 0 I msm_vidc: high: 00000001: ....d: Opening video instance: 0000000000000000, 1
01-01 12:33:47.340 0 0 I msm_vidc: err : 00000001: ....d: Failed to create debugfs for msm_vidc
01-01 12:33:47.369 0 0 I msm_vidc: high: 00000001: h264d: Closed video instance: 0000000000000000
03-14 03:51:38.415 1523 1523 I LockSettingsService: Reporting device setup complete to IGateKeeperService
03-14 03:51:38.416 1523 1618 W WindowManager: Failed looking up window session=Session{360c93f 2678:1000} callers=com.android.server.wm.WindowManagerService.windowForClientLocked:5628 com.android.server.wm.Session.insetsModified:629 android.view.IWindowSession$Stub.onTransact:1151
03-14 03:51:38.435 1523 1662 W BroadcastQueue: Background execution not allowed: receiving Intent { act=android.intent.action.USER_PRESENT flg=0x24200010 } to com.microsoft.emmx/org.chromium.chrome.browser.sharing.click_to_call.ClickToCallMessageHandler$PhoneUnlockedReceiver
03-14 03:51:38.435 1523 1653 D ColorDisplayService: setUp: currentUser=0
03-14 03:51:38.438 1523 1523 I DevicePolicyManager: Set ro.organization_owned property to false
01-01 12:33:47.401 0 0 I : read descriptors
01-01 12:33:47.401 0 0 I : read strings
03-14 03:51:38.444 1523 1653 D ColorDisplayService: onNightDisplayAutoModeChanged: autoMode=0
03-14 03:51:38.444 1523 1653 I ColorDisplayService: Turning off night display
03-14 03:51:38.444 1523 1653 D ColorDisplayService: Setting bright color reduction level: 50
03-14 03:51:38.444 1523 1691 V DisplayPowerController[0]: Brightness [1.0] manual adjustment.
03-14 03:51:38.446 1523 1661 D PinnerService: pinRangeStream: null
03-14 03:51:38.447 1523 1661 D PinnerService: pinRangeStream: null
03-14 03:51:38.447 1523 1661 D PinnerService: pinRangeStream: null
03-14 03:51:38.464 1523 1654 I ActivityRecord: real home.....com.thundercomm.tcsetupwizard/.TcSetupSecondActivity
03-14 03:51:38.464 1523 1654 I WindowManager: ******* TELLING SURFACE FLINGER WE ARE BOOTED!
03-14 03:51:38.472 1523 3737 I MicroServiceManager: requestResult(requestAudioFocus) parameters is{"functionInfo":{"IDCM_AudioFocus":"AudioFocus_Media"}}.
01-01 12:33:47.446 0 0 I msm_vidc: high: 00000001: ....d: Opening video instance: 0000000000000000, 1
01-01 12:33:47.446 0 0 I msm_vidc: err : 00000001: ....d: Failed to create debugfs for msm_vidc
01-01 12:33:47.862 0 0 I msm_vidc: high: 00000002: h264d: Closed video instance: 0000000000000000
01-01 12:33:48.426 0 0 I : read descriptors
01-01 12:33:48.426 0 0 I : read strings
01-01 12:33:48.889 0 0 I msm_vidc: high: 00000001: h264d: Closed video instance: 0000000000000000
03-14 03:51:39.993 1523 3624 I MicroServiceManager: requestResult(requestAudioFocus) parameters is{"functionInfo":{"IDCM_AudioFocus":"AudioFocus_Media"}}.
01-01 12:33:48.968 0 0 I msm_vidc: high: 00000001: ....d: Opening video instance: 0000000000000000, 1
01-01 12:33:48.968 0 0 I msm_vidc: err : 00000001: ....d: Failed to create debugfs for msm_vidc
01-01 12:33:49.004 0 0 I msm_vidc: high: 00000001: h264d: Closed video instance: 0000000000000000
01-01 12:33:49.453 0 0 I : read descriptors
01-01 12:33:49.453 0 0 I : read strings
03-14 03:51:40.518 1523 3624 I MicroServiceManager: requestResult(requestAudioFocus) parameters is{"functionInfo":{"IDCM_AudioFocus":"AudioFocus_Media"}}.
01-01 12:33:49.494 0 0 I msm_vidc: high: 00000001: ....d: Opening video instance: 0000000000000000, 1
01-01 12:33:49.494 0 0 I msm_vidc: err : 00000001: ....d: Failed to create debugfs for msm_vidc
01-01 12:33:49.506 0 0 I msm_vidc: high: 00000002: ....d: Opening video instance: 0000000000000000, 1
01-01 12:33:49.506 0 0 I msm_vidc: err : 00000002: ....d: Failed to create debugfs for msm_vidc
03-14 03:51:40.567 1523 3624 I MicroServiceManager: requestResult(requestAudioFocus) parameters is{"functionInfo":{"IDCM_AudioFocus":"AudioFocus_Media"}}.
01-01 12:33:50.177 0 0 I msm_vidc: high: 00000002: h264d: Closed video instance: 0000000000000000
03-14 03:51:41.468 1523 1653 D ColorDisplayService: NightDisplayTintController Animation cancelled: false to matrix:
03-14 03:51:41.468 1523 1653 D ColorDisplayService: 1.000000 0.000000 0.000000 0.000000 0.000000 1.000000 0.000000 0.000000 0.000000 0.000000 1.000000 0.000000 0.000000 0.000000 0.000000 1.000000 min matrix coefficients:
03-14 03:51:41.468 1523 1653 D ColorDisplayService: 1.000000 0.000000 0.000000 0.000000 0.000000 1.000000 0.000000 0.000000 0.000000 0.000000 1.000000 0.000000 0.000000 0.000000 0.000000 1.000000 max matrix coefficients:
03-14 03:51:41.468 1523 1653 D ColorDisplayService: 1.000000 0.000000 0.000000 0.000000 0.000000 1.000000 0.000000 0.000000 0.000000 0.000000 1.000000 0.000000 0.000000 0.000000 0.000000 1.000000
01-01 12:33:50.501 0 0 I : read descriptors
01-01 12:33:50.501 0 0 I : read strings
01-01 12:33:50.716 0 0 I msm_vidc: high: 00000001: h264d: Closed video instance: 0000000000000000
03-14 03:51:41.790 1523 3737 I MicroServiceManager: requestResult(requestAudioFocus) parameters is{"functionInfo":{"IDCM_AudioFocus":"AudioFocus_Media"}}.
01-01 12:33:50.764 0 0 I msm_vidc: high: 00000001: ....d: Opening video instance: 0000000000000000, 1
01-01 12:33:50.764 0 0 I msm_vidc: err : 00000001: ....d: Failed to create debugfs for msm_vidc
01-01 12:33:50.801 0 0 I msm_vidc: high: 00000001: h264d: Closed video instance: 0000000000000000
03-14 03:51:42.371 1523 3737 I MicroServiceManager: requestResult(requestAudioFocus) parameters is{"functionInfo":{"IDCM_AudioFocus":"AudioFocus_Media"}}.
01-01 12:33:51.346 0 0 I msm_vidc: high: 00000001: ....d: Opening video instance: 0000000000000000, 1
01-01 12:33:51.346 0 0 I msm_vidc: err : 00000001: ....d: Failed to create debugfs for msm_vidc
01-01 12:33:51.521 0 0 I : read descriptors
01-01 12:33:51.521 0 0 I : read strings
01-01 12:33:52.541 0 0 I : read descriptors
01-01 12:33:52.541 0 0 I : read strings
01-01 12:33:53.561 0 0 I : read descriptors
01-01 12:33:53.561 0 0 I : read strings
01-01 12:33:54.573 0 0 I : read descriptors
01-01 12:33:54.573 0 0 I : read strings
01-01 12:33:55.593 0 0 I : read descriptors
01-01 12:33:55.593 0 0 I : read strings
01-01 12:33:55.752 0 0 I msm_vidc: high: 00000001: h264d: Closed video instance: 0000000000000000
03-14 03:51:47.387 1523 3624 I MicroServiceManager: requestResult(requestAudioFocus) parameters is{"functionInfo":{"IDCM_AudioFocus":"AudioFocus_Media"}}.
01-01 12:33:56.360 0 0 I msm_vidc: high: 00000001: ....d: Opening video instance: 0000000000000000, 1
01-01 12:33:56.360 0 0 I msm_vidc: err : 00000001: ....d: Failed to create debugfs for msm_vidc
01-01 12:33:56.388 0 0 I msm_vidc: high: 00000001: h264d: Closed video instance: 0000000000000000
01-01 12:33:56.617 0 0 I : read descriptors
01-01 12:33:56.617 0 0 I : read strings
03-14 03:51:47.914 1523 3624 I MicroServiceManager: requestResult(requestAudioFocus) parameters is{"functionInfo":{"IDCM_AudioFocus":"AudioFocus_Media"}}.
01-01 12:33:56.888 0 0 I msm_vidc: high: 00000001: ....d: Opening video instance: 0000000000000000, 1
01-01 12:33:56.888 0 0 I msm_vidc: err : 00000001: ....d: Failed to create debugfs for msm_vidc
01-01 12:33:56.930 0 0 I msm_vidc: high: 00000001: h264d: Closed video instance: 0000000000000000
03-14 03:51:48.423 1523 3624 I MicroServiceManager: requestResult(requestAudioFocus) parameters is{"functionInfo":{"IDCM_AudioFocus":"AudioFocus_Media"}}.
01-01 12:33:57.395 0 0 I msm_vidc: high: 00000001: ....d: Opening video instance: 0000000000000000, 1
01-01 12:33:57.395 0 0 I msm_vidc: err : 00000001: ....d: Failed to create debugfs for msm_vidc
01-01 12:33:57.427 0 0 I msm_vidc: high: 00000001: h264d: Closed video instance: 0000000000000000
01-01 12:33:57.592 0 0 I IRQ 5 : no longer affine to CPU6
01-01 12:33:57.641 0 0 I : read descriptors
01-01 12:33:57.641 0 0 I : read strings
03-14 03:51:48.843 1523 1618 I MicroServiceManager: requestResult(requestAudioFocus) parameters is{"functionInfo":{"IDCM_AudioFocus":"AudioFocus_Media"}}.
03-14 03:51:49.166 1523 2426 I MicroServiceManager: requestResult(requestAudioFocus) parameters is{"functionInfo":{"IDCM_AudioFocus":"AudioFocus_Media"}}.
01-01 12:33:58.153 0 0 I msm_vidc: high: 00000001: ....d: Opening video instance: 0000000000000000, 1
01-01 12:33:58.153 0 0 I msm_vidc: err : 00000001: ....d: Failed to create debugfs for msm_vidc
01-01 12:33:58.196 0 0 I msm_vidc: high: 00000001: h264d: Closed video instance: 0000000000000000
03-14 03:51:49.283 1523 3737 I MicroServiceManager: requestResult(requestAudioFocus) parameters is{"functionInfo":{"IDCM_AudioFocus":"AudioFocus_Media"}}.
01-01 12:33:58.269 0 0 I msm_vidc: high: 00000001: ....d: Opening video instance: 0000000000000000, 1
01-01 12:33:58.269 0 0 I msm_vidc: err : 00000001: ....d: Failed to create debugfs for msm_vidc
01-01 12:33:58.661 0 0 I : read descriptors
01-01 12:33:58.661 0 0 I : read strings
01-01 12:33:59.682 0 0 I : read descriptors
01-01 12:33:59.682 0 0 I : read strings
01-01 12:33:59.791 0 0 I [schedu][0x5a32add2][03:51:50.828574] wlan: [1969:I:OSIF] scan start scan id 40962
03-14 03:51:51.139 1215 1215 I wificond: Regulatory domain changed to country: CN on wiphy_index: 0
03-14 03:51:51.142 1215 1215 I wificond: 2.4Ghz frequencies: 2412 2417 2422 2427 2432 2437 2442 2447 2452 2457 2462 2467 2472
03-14 03:51:51.143 1215 1215 I wificond: 5Ghz non-DFS frequencies: 5180 5200 5220 5240 5745 5765 5785 5805 5825
03-14 03:51:51.143 1215 1215 I wificond: 5Ghz DFS frequencies: 5260 5280 5300 5320
03-14 03:51:51.143 1215 1215 I wificond: 6Ghz frequencies:
03-14 03:51:51.143 1215 1215 I wificond: 60Ghz frequencies:
01-01 12:34:00.497 0 0 I msm_vidc: high: 00000001: h264d: Closed video instance: 0000000000000000
01-01 12:34:00.713 0 0 I : read descriptors
01-01 12:34:00.713 0 0 I : read strings
01-01 12:34:00.977 0 0 I [schedu][0x5b8e4727][03:51:52.015045] wlan: [1969:I:OSIF] vdev 0, scan id 40962 type COMPLETED(1) reason COMPLETED(1) scan found 90 bss
03-14 03:51:52.607 1523 3624 I MicroServiceManager: requestResult(requestAudioFocus) parameters is{"functionInfo":{"IDCM_AudioFocus":"AudioFocus_Media"}}.
01-01 12:34:01.581 0 0 I msm_vidc: high: 00000001: ....d: Opening video instance: 0000000000000000, 1
01-01 12:34:01.581 0 0 I msm_vidc: err : 00000001: ....d: Failed to create debugfs for msm_vidc
01-01 12:34:01.616 0 0 I msm_vidc: high: 00000001: h264d: Closed video instance: 0000000000000000
01-01 12:34:01.733 0 0 I : read descriptors
01-01 12:34:01.733 0 0 I : read strings
03-14 03:51:52.941 1523 1618 I MicroServiceManager: requestResult(requestAudioFocus) parameters is{"functionInfo":{"IDCM_AudioFocus":"AudioFocus_Media"}}.
01-01 12:34:01.916 0 0 I msm_vidc: high: 00000001: ....d: Opening video instance: 0000000000000000, 1
01-01 12:34:01.916 0 0 I msm_vidc: err : 00000001: ....d: Failed to create debugfs for msm_vidc
01-01 12:34:01.944 0 0 I msm_vidc: high: 00000001: h264d: Closed video instance: 0000000000000000
03-14 03:51:53.695 1523 3624 I MicroServiceManager: requestResult(requestAudioFocus) parameters is{"functionInfo":{"IDCM_AudioFocus":"AudioFocus_Media"}}.
01-01 12:34:02.679 0 0 I msm_vidc: high: 00000001: ....d: Opening video instance: 0000000000000000, 1
01-01 12:34:02.679 0 0 I msm_vidc: err : 00000001: ....d: Failed to create debugfs for msm_vidc
01-01 12:34:02.725 0 0 I msm_vidc: high: 00000001: h264d: Closed video instance: 0000000000000000
01-01 12:34:02.769 0 0 I : read descriptors
01-01 12:34:02.769 0 0 I : read strings
03-14 03:51:53.810 1523 1618 I MicroServiceManager: requestResult(requestAudioFocus) parameters is{"functionInfo":{"IDCM_AudioFocus":"AudioFocus_Media"}}.
01-01 12:34:02.792 0 0 I msm_vidc: high: 00000001: ....d: Opening video instance: 0000000000000000, 1
01-01 12:34:02.792 0 0 I msm_vidc: err : 00000001: ....d: Failed to create debugfs for msm_vidc
01-01 12:34:03.809 0 0 I : read descriptors
01-01 12:34:03.809 0 0 I : read strings
03-14 03:51:54.996 1523 3624 I MicroServiceManager: requestResult(requestAudioFocus) parameters is{"functionInfo":{"IDCM_AudioFocus":"AudioFocus_Media"}}.
01-01 12:34:03.969 0 0 I msm_vidc: high: 00000002: ....d: Opening video instance: 0000000000000000, 1
01-01 12:34:03.969 0 0 I msm_vidc: err : 00000002: ....d: Failed to create debugfs for msm_vidc
01-01 12:34:04.031 0 0 I msm_vidc: high: 00000001: h264d: Closed video instance: 0000000000000000
03-14 03:51:55.115 1523 3624 I MicroServiceManager: requestResult(requestAudioFocus) parameters is{"functionInfo":{"IDCM_AudioFocus":"AudioFocus_Media"}}.
01-01 12:34:04.092 0 0 I msm_vidc: high: 00000001: ....d: Opening video instance: 0000000000000000, 1
01-01 12:34:04.092 0 0 I msm_vidc: err : 00000001: ....d: Failed to create debugfs for msm_vidc
01-01 12:34:04.150 0 0 I msm_vidc: high: 00000001: h264d: Closed video instance: 0000000000000000
01-01 12:34:04.704 0 0 I msm_vidc: high: 00000002: h264d: Closed video instance: 0000000000000000
03-14 03:51:55.777 1523 3624 I MicroServiceManager: requestResult(requestAudioFocus) parameters is{"functionInfo":{"IDCM_AudioFocus":"AudioFocus_Media"}}.
01-01 12:34:04.754 0 0 I msm_vidc: high: 00000001: ....d: Opening video instance: 0000000000000000, 1
01-01 12:34:04.754 0 0 I msm_vidc: err : 00000001: ....d: Failed to create debugfs for msm_vidc
01-01 12:34:04.766 0 0 I msm_vidc: high: 00000002: ....d: Opening video instance: 0000000000000000, 1
01-01 12:34:04.766 0 0 I msm_vidc: err : 00000002: ....d: Failed to create debugfs for msm_vidc
03-14 03:51:55.813 1523 3624 I MicroServiceManager: requestResult(requestAudioFocus) parameters is{"functionInfo":{"IDCM_AudioFocus":"AudioFocus_Media"}}.
01-01 12:34:04.785 0 0 I msm_vidc: high: 00000002: h264d: Closed video instance: 0000000000000000
01-01 12:34:04.837 0 0 I : read descriptors
01-01 12:34:04.837 0 0 I : read strings
03-14 03:51:55.885 1523 3737 I MicroServiceManager: requestResult(requestAudioFocus) parameters is{"functionInfo":{"IDCM_AudioFocus":"AudioFocus_Media"}}.
01-01 12:34:04.858 0 0 I msm_vidc: high: 00000002: ....d: Opening video instance: 0000000000000000, 1
01-01 12:34:04.859 0 0 I msm_vidc: err : 00000002: ....d: Failed to create debugfs for msm_vidc
01-01 12:34:05.107 0 0 I msm_vidc: high: 00000001: h264d: Closed video instance: 0000000000000000
03-14 03:51:56.625 1523 3737 I MicroServiceManager: requestResult(requestAudioFocus) parameters is{"functionInfo":{"IDCM_AudioFocus":"AudioFocus_Media"}}.
03-14 03:51:56.714 1523 1618 I MicroServiceManager: requestResult(requestAudioFocus) parameters is{"functionInfo":{"IDCM_AudioFocus":"AudioFocus_Media"}}.
01-01 12:34:05.693 0 0 I msm_vidc: high: 00000001: ....d: Opening video instance: 0000000000000000, 1
01-01 12:34:05.693 0 0 I msm_vidc: err : 00000001: ....d: Failed to create debugfs for msm_vidc
01-01 12:34:05.857 0 0 I : read descriptors
01-01 12:34:05.857 0 0 I : read strings
01-01 12:34:06.059 0 0 I msm_vidc: high: 00000002: h264d: Closed video instance: 0000000000000000
01-01 12:34:06.377 0 0 I IRQ 5 : no longer affine to CPU5
01-01 12:34:06.637 0 0 I msm_vidc: high: 00000001: h264d: Closed video instance: 0000000000000000
03-14 03:51:57.767 1523 1618 I MicroServiceManager: requestResult(requestAudioFocus) parameters is{"functionInfo":{"IDCM_AudioFocus":"AudioFocus_Media"}}.
01-01 12:34:06.742 0 0 I msm_vidc: high: 00000001: ....d: Opening video instance: 0000000000000000, 1
01-01 12:34:06.742 0 0 I msm_vidc: err : 00000001: ....d: Failed to create debugfs for msm_vidc
01-01 12:34:06.889 0 0 I : read descriptors
01-01 12:34:06.889 0 0 I : read strings
03-14 03:51:58.297 1523 3737 I MicroServiceManager: requestResult(requestAudioFocus) parameters is{"functionInfo":{"IDCM_AudioFocus":"AudioFocus_Media"}}.
01-01 12:34:07.275 0 0 I msm_vidc: high: 00000002: ....d: Opening video instance: 0000000000000000, 1
01-01 12:34:07.275 0 0 I msm_vidc: err : 00000002: ....d: Failed to create debugfs for msm_vidc
01-01 12:34:07.304 0 0 I msm_vidc: high: 00000003: ....d: Opening video instance: 0000000000000000, 1
01-01 12:34:07.304 0 0 I msm_vidc: err : 00000003: ....d: Failed to create debugfs for msm_vidc
03-14 03:51:58.350 1523 3737 I MicroServiceManager: requestResult(requestAudioFocus) parameters is{"functionInfo":{"IDCM_AudioFocus":"AudioFocus_Media"}}.
01-01 12:34:07.381 0 0 I msm_vidc: high: 00000001: h264d: Closed video instance: 0000000000000000
03-14 03:51:58.700 1523 2426 I ActivityTaskManager: FOREGROUND_APPLICATION_CHANGED to com.thundercomm.tcsetupwizard.TcSetupStartActivity
03-14 03:51:58.724 1523 2426 I ActivityTaskManager: FOREGROUND_APPLICATION_CHANGED to com.android.provision.DefaultActivity
03-14 03:51:58.763 1523 1618 I ActivityTaskManager: START u0 {act=android.intent.action.MAIN cat=[android.intent.category.HOME] flg=0x10000100 cmp=com.android.launcher3/.uioverrides.QuickstepLauncher (has extras)} from uid 0
03-14 03:51:58.767 1523 1618 D CompatibilityChangeReporter: Compat change id reported: 184838306; UID 10074; state: DISABLED
03-14 03:51:58.768 1523 1618 D CompatibilityChangeReporter: Compat change id reported: 185004937; UID 10074; state: DISABLED
03-14 03:51:58.768 1523 1618 D CompatibilityChangeReporter: Compat change id reported: 181136395; UID 10074; state: DISABLED
03-14 03:51:58.769 1523 1618 D CompatibilityChangeReporter: Compat change id reported: 174042936; UID 10074; state: DISABLED
03-14 03:51:58.769 1523 1618 D CompatibilityChangeReporter: Compat change id reported: 174042980; UID 10074; state: DISABLED
03-14 03:51:58.775 1523 1618 I ActivityTaskManager: FOREGROUND_APPLICATION_CHANGED to com.android.launcher3.uioverrides.QuickstepLauncher
03-14 03:51:58.775 1523 1618 I ActivityTaskManager: The Process com.android.launcher3 Already Exists in BG. So sending its PID: 2830
03-14 03:51:58.782 1523 1661 D PinnerService: pinRangeStream: null
03-14 03:51:58.788 1523 1661 D PinnerService: pinRangeStream: null
03-14 03:51:58.789 1523 1661 D PinnerService: pinRangeStream: null
01-01 12:34:07.762 0 0 I binder : 2830:6064 ioctl 40046210 767d1ff254 returned -22
03-14 03:51:58.898 1523 3624 W FreeFormWindowHelper: Current Display FreeFormTask is null
03-14 03:51:58.914 2830 2935 D ActivityThread: Loading provider com.android.launcher3.settings: com.android.launcher3.LauncherProvider
03-14 03:51:58.927 1523 3737 W FreeFormWindowHelper: Current Display FreeFormTask is null
03-14 03:51:58.936 1523 2369 W FreeFormWindowHelper: Current Display FreeFormTask is null
01-01 12:34:07.908 0 0 I : read descriptors
01-01 12:34:07.909 0 0 I : read strings
03-14 03:51:58.955 1523 1654 I ActivityRecord: real home.....com.android.launcher3/.uioverrides.QuickstepLauncher
03-14 03:51:58.955 1523 1654 I WindowManager: ******* TELLING SURFACE FLINGER WE ARE BOOTED!
01-01 12:34:08.173 0 0 I msm_vidc: high: 00000002: h264d: Closed video instance: 0000000000000000
01-01 12:34:08.183 0 0 I msm_vidc: high: 00000003: h264d: Closed video instance: 0000000000000000
03-14 03:51:59.235 2678 2678 E ActivityThread: Activity com.thundercomm.tcsetupwizard.TcSetupStartActivity has leaked IntentReceiver com.thundercomm.tcsetupwizard.TcSetupStartActivity$1@380e43c that was originally registered here. Are you missing a call to unregisterReceiver()?
03-14 03:51:59.235 2678 2678 E ActivityThread: android.app.IntentReceiverLeaked: Activity com.thundercomm.tcsetupwizard.TcSetupStartActivity has leaked IntentReceiver com.thundercomm.tcsetupwizard.TcSetupStartActivity$1@380e43c that was originally registered here. Are you missing a call to unregisterReceiver()?
03-14 03:51:59.235 2678 2678 E ActivityThread: at android.app.LoadedApk$ReceiverDispatcher.(LoadedApk.java:1717)
03-14 03:51:59.235 2678 2678 E ActivityThread: at android.app.LoadedApk.getReceiverDispatcher(LoadedApk.java:1494)
03-14 03:51:59.235 2678 2678 E ActivityThread: at android.app.ContextImpl.registerReceiverInternal(ContextImpl.java:1757)
03-14 03:51:59.235 2678 2678 E ActivityThread: at android.app.ContextImpl.registerReceiver(ContextImpl.java:1723)
03-14 03:51:59.235 2678 2678 E ActivityThread: at android.app.ContextImpl.registerReceiver(ContextImpl.java:1711)
03-14 03:51:59.235 2678 2678 E ActivityThread: at android.content.ContextWrapper.registerReceiver(ContextWrapper.java:724)
03-14 03:51:59.235 2678 2678 E ActivityThread: at com.thundercomm.tcsetupwizard.TcSetupStartActivity.onCreate(TcSetupStartActivity.java:84)
03-14 03:51:59.235 2678 2678 E ActivityThread: at android.app.Activity.performCreate(Activity.java:8085)
03-14 03:51:59.235 2678 2678 E ActivityThread: at android.app.Activity.performCreate(Activity.java:8065)
03-14 03:51:59.235 2678 2678 E ActivityThread: at android.app.Instrumentation.callActivityOnCreate(Instrumentation.java:1330)
03-14 03:51:59.235 2678 2678 E ActivityThread: at android.app.ActivityThread.performLaunchActivity(ActivityThread.java:3609)
03-14 03:51:59.235 2678 2678 E ActivityThread: at android.app.ActivityThread.handleLaunchActivity(ActivityThread.java:3793)
03-14 03:51:59.235 2678 2678 E ActivityThread: at android.app.servertransaction.LaunchActivityItem.execute(LaunchActivityItem.java:103)
03-14 03:51:59.235 2678 2678 E ActivityThread: at android.app.servertransaction.TransactionExecutor.executeCallbacks(TransactionExecutor.java:135)
03-14 03:51:59.235 2678 2678 E ActivityThread: at android.app.servertransaction.TransactionExecutor.execute(TransactionExecutor.java:95)
03-14 03:51:59.235 2678 2678 E ActivityThread: at android.app.ActivityThread$H.handleMessage(ActivityThread.java:2211)
03-14 03:51:59.235 2678 2678 E ActivityThread: at android.os.Handler.dispatchMessage(Handler.java:106)
03-14 03:51:59.235 2678 2678 E ActivityThread: at android.os.Looper.loopOnce(Looper.java:201)
03-14 03:51:59.235 2678 2678 E ActivityThread: at android.os.Looper.loop(Looper.java:288)
03-14 03:51:59.235 2678 2678 E ActivityThread: at android.app.ActivityThread.main(ActivityThread.java:7880)
03-14 03:51:59.235 2678 2678 E ActivityThread: at java.lang.reflect.Method.invoke(Native Method)
03-14 03:51:59.235 2678 2678 E ActivityThread: at com.android.internal.os.RuntimeInit$MethodAndArgsCaller.run(RuntimeInit.java:548)
03-14 03:51:59.235 2678 2678 E ActivityThread: at com.android.internal.os.ZygoteInit.main(ZygoteInit.java:1009)
01-01 12:34:08.924 0 0 I : read descriptors
01-01 12:34:08.924 0 0 I : read strings
01-01 12:34:09.937 0 0 I : read descriptors
01-01 12:34:09.937 0 0 I : read strings
03-14 03:52:01.448 1523 1523 I GameModeConfig: isGameModeOn = false
03-14 03:52:01.451 1523 1523 W NotificationHistory: Attempted to add notif for locked/gone/disabled user 0
03-14 03:52:01.723 1523 1618 I thunderperf: PlatormCompat.setOverrides: Uid1=10074 Pid1=2830 Uid2=10074 Pid2=2830
03-14 03:52:01.723 1523 1618 I thunderperf: PlatormCompat.setOverrides: needCheck:false
03-14 03:52:01.723 1523 1618 I thunderperf: CompatConfig.addOverrideUnsafe: bef-state=1
03-14 03:52:01.724 1523 1618 E thunderperf: CompatConfig.addOverrideUnsafe: exception:java.lang.SecurityException: Cannot override a change on a non-debuggable app and user build.
03-14 03:52:01.724 1523 1618 I thunderperf: CompatConfig.addOverrideUnsafe: aft-state=1
03-14 03:52:01.725 1523 1618 I thunderperf: CompatConfig.addOverrideUnsafe: bef-state=1
03-14 03:52:01.725 1523 1618 E thunderperf: CompatConfig.addOverrideUnsafe: exception:java.lang.SecurityException: Cannot override a change on a non-debuggable app and user build.
03-14 03:52:01.725 1523 1618 I thunderperf: CompatConfig.addOverrideUnsafe: aft-state=1
03-14 03:52:01.726 1523 1618 I thunderperf: CompatConfig.addOverrideUnsafe: bef-state=1
03-14 03:52:01.726 1523 1618 E thunderperf: CompatConfig.addOverrideUnsafe: exception:java.lang.SecurityException: Cannot override a change on a non-debuggable app and user build.
03-14 03:52:01.726 1523 1618 I thunderperf: CompatConfig.addOverrideUnsafe: aft-state=1
03-14 03:52:01.726 1523 1618 I thunderperf: CompatConfig.addOverrideUnsafe: bef-state=1
03-14 03:52:01.727 1523 1618 E thunderperf: CompatConfig.addOverrideUnsafe: exception:java.lang.SecurityException: Cannot override a change on a non-debuggable app and user build.
03-14 03:52:01.727 1523 1618 I thunderperf: CompatConfig.addOverrideUnsafe: aft-state=1
03-14 03:52:01.727 1523 1618 I thunderperf: CompatConfig.addOverrideUnsafe: bef-state=1
03-14 03:52:01.727 1523 1618 E thunderperf: CompatConfig.addOverrideUnsafe: exception:java.lang.SecurityException: Cannot override a change on a non-debuggable app and user build.
03-14 03:52:01.727 1523 1618 I thunderperf: CompatConfig.addOverrideUnsafe: aft-state=1
03-14 03:52:01.728 1523 1618 I thunderperf: CompatConfig.addOverrideUnsafe: bef-state=1
03-14 03:52:01.728 1523 1618 E thunderperf: CompatConfig.addOverrideUnsafe: exception:java.lang.SecurityException: Cannot override a change on a non-debuggable app and user build.
03-14 03:52:01.728 1523 1618 I thunderperf: CompatConfig.addOverrideUnsafe: aft-state=1
03-14 03:52:01.729 1523 1618 I thunderperf: CompatConfig.addOverrideUnsafe: bef-state=1
03-14 03:52:01.729 1523 1618 E thunderperf: CompatConfig.addOverrideUnsafe: exception:java.lang.SecurityException: Cannot override a change on a non-debuggable app and user build.
03-14 03:52:01.729 1523 1618 I thunderperf: CompatConfig.addOverrideUnsafe: aft-state=1
03-14 03:52:01.730 1523 1618 I thunderperf: CompatConfig.addOverrideUnsafe: bef-state=1
03-14 03:52:01.730 1523 1618 E thunderperf: CompatConfig.addOverrideUnsafe: exception:java.lang.SecurityException: Cannot override a change on a non-debuggable app and user build.
03-14 03:52:01.730 1523 1618 I thunderperf: CompatConfig.addOverrideUnsafe: aft-state=1
03-14 03:52:01.730 1523 1618 I thunderperf: CompatConfig.addOverrideUnsafe: bef-state=1
03-14 03:52:01.731 1523 1618 E thunderperf: CompatConfig.addOverrideUnsafe: exception:java.lang.SecurityException: Cannot override a change on a non-debuggable app and user build.
03-14 03:52:01.731 1523 1618 I thunderperf: CompatConfig.addOverrideUnsafe: aft-state=1
03-14 03:52:01.731 1523 1618 I thunderperf: CompatConfig.addOverrideUnsafe: bef-state=1
03-14 03:52:01.732 1523 1618 E thunderperf: CompatConfig.addOverrideUnsafe: exception:java.lang.SecurityException: Cannot override a change on a non-debuggable app and user build.
03-14 03:52:01.732 1523 1618 I thunderperf: CompatConfig.addOverrideUnsafe: aft-state=1
03-14 03:52:01.732 1523 1618 I thunderperf: CompatConfig.addOverrideUnsafe: bef-state=1
03-14 03:52:01.732 1523 1618 E thunderperf: CompatConfig.addOverrideUnsafe: exception:java.lang.SecurityException: Cannot override a change on a non-debuggable app and user build.
03-14 03:52:01.732 1523 1618 I thunderperf: CompatConfig.addOverrideUnsafe: aft-state=1
03-14 03:52:01.733 1523 1618 I thunderperf: CompatConfig.addOverrideUnsafe: bef-state=1
03-14 03:52:01.733 1523 1618 E thunderperf: CompatConfig.addOverrideUnsafe: exception:java.lang.SecurityException: Cannot override a change on a non-debuggable app and user build.
03-14 03:52:01.733 1523 1618 I thunderperf: CompatConfig.addOverrideUnsafe: aft-state=1
03-14 03:52:01.734 1523 1618 I thunderperf: CompatConfig.addOverrideUnsafe: bef-state=1
03-14 03:52:01.734 1523 1618 E thunderperf: CompatConfig.addOverrideUnsafe: exception:java.lang.SecurityException: Cannot override a change on a non-debuggable app and user build.
03-14 03:52:01.734 1523 1618 I thunderperf: CompatConfig.addOverrideUnsafe: aft-state=1
03-14 03:52:01.734 1523 1618 I thunderperf: CompatConfig.addOverrideUnsafe: bef-state=1
03-14 03:52:01.735 1523 1618 E thunderperf: CompatConfig.addOverrideUnsafe: exception:java.lang.SecurityException: Cannot override a change on a non-debuggable app and user build.
03-14 03:52:01.735 1523 1618 I thunderperf: CompatConfig.addOverrideUnsafe: aft-state=1
03-14 03:52:01.738 1523 1618 I ActivityTaskManager: START u0 {act=android.intent.action.MAIN cat=[android.intent.category.LAUNCHER] flg=0x10200000 cmp=com.android.settings/.Settings bnds=[2128,710][2314,910]} from uid 10074
03-14 03:52:01.742 1523 1618 W ActivityTaskManager: Can't find TaskDisplayArea to determine support for multi window. Task id=11 attached=false
03-14 03:52:01.748 1523 2369 W FreeFormWindowHelper: Current Display FreeFormTask is null
03-14 03:52:01.750 2371 2446 W StartingSurfaceDrawer: Window background is transparent, fill background with black color
03-14 03:52:01.750 1523 2369 I ActivityTaskManager: FOREGROUND_APPLICATION_CHANGED to com.android.settings.homepage.SettingsHomepageActivity
03-14 03:52:01.751 1523 2369 I ActivityTaskManager: The Process com.android.settings Already Exists in BG. So sending its PID: 2971
03-14 03:52:01.751 1523 2369 W ActivityTaskManager: Tried to set launchTime (0) < mLastActivityLaunchTime (25035)
03-14 03:52:01.854 1523 1618 W FreeFormWindowHelper: Current Display FreeFormTask is null
03-14 03:52:01.880 1523 1618 E UserRestrictionsUtils: Unknown restriction queried by uid 1000 (com.thundercomm.microsettings et al): null
03-14 03:52:01.880 1523 1618 E UserRestrictionsUtils: Unknown restriction queried by uid 1000 (com.thundercomm.microsettings et al): null
03-14 03:52:01.881 1523 1618 E UserRestrictionsUtils: Unknown restriction queried by uid 1000 (com.thundercomm.microsettings et al): null
03-14 03:52:01.881 1523 1618 E UserRestrictionsUtils: Unknown restriction queried by uid 1000 (com.thundercomm.microsettings et al): null
03-14 03:52:01.881 1523 3737 E UserRestrictionsUtils: Unknown restriction queried by uid 1000 (com.thundercomm.microsettings et al): null
03-14 03:52:01.881 1523 3737 E UserRestrictionsUtils: Unknown restriction queried by uid 1000 (com.thundercomm.microsettings et al): null
03-14 03:52:01.881 1523 1618 E UserRestrictionsUtils: Unknown restriction queried by uid 1000 (com.thundercomm.microsettings et al): null
03-14 03:52:01.882 1523 3737 E UserRestrictionsUtils: Unknown restriction queried by uid 1000 (com.thundercomm.microsettings et al): null
03-14 03:52:01.882 1523 3737 E UserRestrictionsUtils: Unknown restriction queried by uid 1000 (com.thundercomm.microsettings et al): null
03-14 03:52:01.882 1523 1618 E UserRestrictionsUtils: Unknown restriction queried by uid 1000 (com.thundercomm.microsettings et al): null
03-14 03:52:01.882 1523 1618 E UserRestrictionsUtils: Unknown restriction queried by uid 1000 (com.thundercomm.microsettings et al): null
03-14 03:52:01.882 1523 3737 E UserRestrictionsUtils: Unknown restriction queried by uid 1000 (com.thundercomm.microsettings et al): null
03-14 03:52:01.882 1523 3624 E UserRestrictionsUtils: Unknown restriction queried by uid 1000 (com.thundercomm.microsettings et al): null
03-14 03:52:01.883 1523 2369 E UserRestrictionsUtils: Unknown restriction queried by uid 1000 (com.thundercomm.microsettings et al): null
03-14 03:52:01.883 1523 1618 E UserRestrictionsUtils: Unknown restriction queried by uid 1000 (com.thundercomm.microsettings et al): null
03-14 03:52:01.883 1523 2369 E UserRestrictionsUtils: Unknown restriction queried by uid 1000 (com.thundercomm.microsettings et al): null
03-14 03:52:01.883 1523 3737 E UserRestrictionsUtils: Unknown restriction queried by uid 1000 (com.thundercomm.microsettings et al): null
03-14 03:52:01.883 1523 3737 E UserRestrictionsUtils: Unknown restriction queried by uid 1000 (com.thundercomm.microsettings et al): null
01-01 12:34:10.961 0 0 I : read descriptors
01-01 12:34:10.961 0 0 I : read strings
03-14 03:52:02.023 2971 2971 W CarrierConfigManager: Error getting config for subId -1 ICarrierConfigLoader is null
03-14 03:52:02.025 1523 3737 E UserRestrictionsUtils: Unknown restriction queried by uid 1000 (com.thundercomm.microsettings et al): null
03-14 03:52:02.051 1523 1618 D TelephonyRegistry: listen oscl: mHasNotifySubscriptionInfoChangedOccurred==false no callback
03-14 03:52:02.056 1523 1618 D TelephonyRegistry: listen oscl: mHasNotifySubscriptionInfoChangedOccurred==false no callback
01-01 12:34:11.118 0 0 I [schedu][0x67291c57][03:52:02.155487] wlan: [1969:I:OSIF] scan start scan id 40963
01-01 12:34:11.977 0 0 I : read descriptors
01-01 12:34:11.977 0 0 I : read strings
01-01 12:34:12.282 0 0 I [schedu][0x687e1477][03:52:03.319329] wlan: [1969:I:OSIF] vdev 0, scan id 40963 type COMPLETED(1) reason COMPLETED(1) scan found 81 bss
03-14 03:52:03.860 1523 1618 E UserRestrictionsUtils: Unknown restriction queried by uid 1000 (com.thundercomm.microsettings et al): null
03-14 03:52:03.861 1523 1618 E UserRestrictionsUtils: Unknown restriction queried by uid 1000 (com.thundercomm.microsettings et al): null
03-14 03:52:03.861 1523 1618 E UserRestrictionsUtils: Unknown restriction queried by uid 1000 (com.thundercomm.microsettings et al): null
03-14 03:52:03.861 1523 1618 E UserRestrictionsUtils: Unknown restriction queried by uid 1000 (com.thundercomm.microsettings et al): null
03-14 03:52:03.862 1523 1618 E UserRestrictionsUtils: Unknown restriction queried by uid 1000 (com.thundercomm.microsettings et al): null
03-14 03:52:03.880 2971 2971 W FeatureConnector: [ImsConnector, 0] connect: not supported.
01-01 12:34:13.003 0 0 I : read descriptors
01-01 12:34:13.003 0 0 I : read strings
03-14 03:52:04.760 1523 3839 E TaskPersister: File error accessing recents directory (directory doesn't exist?).
01-01 12:34:14.021 0 0 I : read descriptors
01-01 12:34:14.021 0 0 I : read strings
03-14 03:52:05.296 1523 2438 I NotificationService: cancelToast pkg=com.android.settings token=android.os.BinderProxy@ae278e6
03-14 03:52:05.448 1523 2438 I NotificationService: cancelToast pkg=com.android.settings token=android.os.BinderProxy@2cd3d72
03-14 03:52:05.569 1523 2438 W NotificationService: Toast already killed. pkg=com.android.settings token=android.os.BinderProxy@ae278e6
03-14 03:52:05.613 1523 2438 I NotificationService: cancelToast pkg=com.android.settings token=android.os.BinderProxy@fbfb6b1
03-14 03:52:05.770 1523 2438 I NotificationService: cancelToast pkg=com.android.settings token=android.os.BinderProxy@a0be722
03-14 03:52:05.775 1523 1700 I ActivityManager: Killing 4160:com.android.shell/2000 (adj 935): change com.android.shell
03-14 03:52:05.782 1523 1523 I Telecom : DefaultDialerCache: Refreshing default dialer for user 0: now null: DDC.oR@ABo
03-14 03:52:05.782 1523 1650 D CompanionDeviceManagerService: onPackageModified(packageName = com.android.shell)
03-14 03:52:05.809 1523 2426 W ActivityManager: ProcessRecord{8dffd8b 0:com.android.shell/2000} is attached to a previous process 4160
03-14 03:52:05.809 1523 2426 I ActivityManager: com.android.shell is exempt from freezer
03-14 03:52:05.809 1523 2426 D CompatibilityChangeReporter: Compat change id reported: 135634846; UID 2000; state: DISABLED
03-14 03:52:05.809 1523 2426 D CompatibilityChangeReporter: Compat change id reported: 177438394; UID 2000; state: DISABLED
03-14 03:52:05.809 1523 2426 D CompatibilityChangeReporter: Compat change id reported: 135772972; UID 2000; state: DISABLED
03-14 03:52:05.810 1523 2426 D CompatibilityChangeReporter: Compat change id reported: 135754954; UID 2000; state: ENABLED
03-14 03:52:05.816 1523 1661 W VoiceInteractionManager: no available voice recognition services found for user 0
03-14 03:52:05.851 1523 2438 V ActivityManager: Got obituary of 4160:com.android.shell
03-14 03:52:05.858 1523 1663 I ActivityManager: Start proc 6174:com.android.shell/2000 for content provider {com.android.shell/com.android.shell.BugreportStorageProvider}
03-14 03:52:05.863 1523 1523 W CarrierConfigManager: Error getting config for subId -1 ICarrierConfigLoader is null
03-14 03:52:05.863 1523 1523 I Telecom : PhoneAccountRegistrar: getSimCallManager: SimCallManager for subId -1 queried, returning: null: TSI.gSCMFU@ABs
03-14 03:52:05.865 1523 1523 W CarrierConfigManager: Error getting config for subId -1 ICarrierConfigLoader is null
03-14 03:52:05.866 1523 1523 I Telecom : PhoneAccountRegistrar: getSimCallManager: SimCallManager for subId -1 queried, returning: null: TSI.gSCMFU@ABw
01-01 12:34:14.833 0 0 I binder : 6174:6174 ioctl 40046210 7fd88fc494 returned -22
03-14 03:52:05.876 1523 3328 D CompatibilityChangeReporter: Compat change id reported: 168419799; UID 2000; state: DISABLED
03-14 03:52:05.895 1523 3328 W NotificationService: Toast already killed. pkg=com.android.settings token=android.os.BinderProxy@fbfb6b1
01-01 12:34:15.041 0 0 I : read descriptors
01-01 12:34:15.041 0 0 I : read strings
03-14 03:52:06.867 1523 3737 E UserRestrictionsUtils: Unknown restriction queried by uid 1000 (com.thundercomm.microsettings et al): null
03-14 03:52:06.867 1523 3737 E UserRestrictionsUtils: Unknown restriction queried by uid 1000 (com.thundercomm.microsettings et al): null
03-14 03:52:06.868 1523 3737 E UserRestrictionsUtils: Unknown restriction queried by uid 1000 (com.thundercomm.microsettings et al): null
03-14 03:52:06.868 1523 3737 E UserRestrictionsUtils: Unknown restriction queried by uid 1000 (com.thundercomm.microsettings et al): null
03-14 03:52:06.868 1523 3737 E UserRestrictionsUtils: Unknown restriction queried by uid 1000 (com.thundercomm.microsettings et al): null
03-14 03:52:06.869 1523 3737 E UserRestrictionsUtils: Unknown restriction queried by uid 1000 (com.thundercomm.microsettings et al): null
01-01 12:34:16.053 0 0 I : read descriptors
01-01 12:34:16.053 0 0 I : read strings
03-14 03:52:07.620 1523 3737 E UserRestrictionsUtils: Unknown restriction queried by uid 1000 (com.thundercomm.microsettings et al): null
03-14 03:52:07.623 1523 3737 E UserRestrictionsUtils: Unknown restriction queried by uid 1000 (com.thundercomm.microsettings et al): null
03-14 03:52:07.625 1523 3737 E UserRestrictionsUtils: Unknown restriction queried by uid 1000 (com.thundercomm.microsettings et al): null
03-14 03:52:07.625 1523 3737 E UserRestrictionsUtils: Unknown restriction queried by uid 1000 (com.thundercomm.microsettings et al): null
03-14 03:52:07.627 1523 3737 E UserRestrictionsUtils: Unknown restriction queried by uid 1000 (com.thundercomm.microsettings et al): null
03-14 03:52:07.629 1523 3737 E UserRestrictionsUtils: Unknown restriction queried by uid 1000 (com.thundercomm.microsettings et al): null
03-14 03:52:07.630 1523 3737 E UserRestrictionsUtils: Unknown restriction queried by uid 1000 (com.thundercomm.microsettings et al): null
03-14 03:52:07.632 1523 3737 E UserRestrictionsUtils: Unknown restriction queried by uid 1000 (com.thundercomm.microsettings et al): null
03-14 03:52:07.641 1523 3737 E UserRestrictionsUtils: Unknown restriction queried by uid 1000 (com.thundercomm.microsettings et al): null
03-14 03:52:07.728 1523 2369 D TelephonyRegistry: listen oscl: mHasNotifySubscriptionInfoChangedOccurred==false no callback
03-14 03:52:07.735 1523 2369 D TelephonyRegistry: listen oscl: mHasNotifySubscriptionInfoChangedOccurred==false no callback
01-01 12:34:16.723 0 0 W audit_log_lost: 196 callbacks suppressed
01-01 12:34:16.723 0 0 W audit : audit_lost=94 audit_rate_limit=5 audit_backlog_limit=64
01-01 12:34:16.723 0 0 E audit : rate limit exceeded
01-01 12:34:17.077 0 0 I : read descriptors
01-01 12:34:17.078 0 0 I : read strings
03-14 03:52:08.784 1523 1650 D CompanionDeviceManagerService: onPackageModified(packageName = com.android.provision)
03-14 03:52:08.789 1523 1523 I Telecom : DefaultDialerCache: Refreshing default dialer for user 0: now null: DDC.oR@AB0
03-14 03:52:08.793 1523 1650 D CompanionDeviceManagerService: onPackageModified(packageName = com.android.settings)
01-01 12:34:17.758 0 0 I init : starting service 'idmap2d'...
03-14 03:52:08.798 1523 1523 I Telecom : DefaultDialerCache: Refreshing default dialer for user 0: now null: DDC.oR@AB4
03-14 03:52:08.800 1523 1661 W VoiceInteractionManager: no available voice recognition services found for user 0
01-01 12:34:17.765 0 0 I init : Control message: Processed ctl.start for 'idmap2d' from pid: 1523 (system_server)
03-14 03:52:08.810 1523 1661 W VoiceInteractionManager: no available voice recognition services found for user 0
01-01 12:34:17.784 0 0 I binder : 6208:6208 ioctl 40046210 7fd2c56764 returned -22
03-14 03:52:08.880 1523 3624 W FreeFormWindowHelper: Current Display FreeFormTask is null
01-01 12:34:18.098 0 0 I : read descriptors
01-01 12:34:18.098 0 0 I : read strings
03-14 03:52:09.891 1523 3624 W NotificationService: Toast already killed. pkg=com.android.settings token=android.os.BinderProxy@8591204
01-01 12:34:19.122 0 0 I : read descriptors
01-01 12:34:19.123 0 0 I : read strings
01-01 12:34:19.674 0 0 I init : Control message: Processed ctl.start for 'adbd' from pid: 1523 (system_server)
03-14 03:52:10.731 1523 1650 I UsbDeviceManager: Setting USB config to adb
01-01 12:34:19.695 0 0 I init : processing action (sys.usb.config=none && sys.usb.configfs=1) from (/vendor/etc/init/hw/init.qcom.usb.rc:142)
01-01 12:34:19.696 0 0 I : mtp_release
01-01 12:34:19.702 0 0 I init : Command 'rm /config/usb_gadget/g1/configs/b.1/f2' action=sys.usb.config=none && sys.usb.configfs=1 (/vendor/etc/init/hw/init.qcom.usb.rc:144) took 0ms and failed: unlink() failed: No such file or directory
01-01 12:34:19.702 0 0 I init : Command 'rm /config/usb_gadget/g1/configs/b.1/f3' action=sys.usb.config=none && sys.usb.configfs=1 (/vendor/etc/init/hw/init.qcom.usb.rc:145) took 0ms and failed: unlink() failed: No such file or directory
01-01 12:34:19.702 0 0 I init : Command 'rm /config/usb_gadget/g1/configs/b.1/f4' action=sys.usb.config=none && sys.usb.configfs=1 (/vendor/etc/init/hw/init.qcom.usb.rc:146) took 0ms and failed: unlink() failed: No such file or directory
01-01 12:34:19.702 0 0 I init : Command 'rm /config/usb_gadget/g1/configs/b.1/f5' action=sys.usb.config=none && sys.usb.configfs=1 (/vendor/etc/init/hw/init.qcom.usb.rc:147) took 0ms and failed: unlink() failed: No such file or directory
01-01 12:34:19.703 0 0 I init : Command 'rm /config/usb_gadget/g1/configs/b.1/f6' action=sys.usb.config=none && sys.usb.configfs=1 (/vendor/etc/init/hw/init.qcom.usb.rc:148) took 0ms and failed: unlink() failed: No such file or directory
01-01 12:34:19.703 0 0 I init : Command 'rm /config/usb_gadget/g1/configs/b.1/f7' action=sys.usb.config=none && sys.usb.configfs=1 (/vendor/etc/init/hw/init.qcom.usb.rc:149) took 0ms and failed: unlink() failed: No such file or directory
01-01 12:34:19.788 0 0 I : read descriptors
01-01 12:34:19.788 0 0 I : read strings
01-01 12:34:19.855 0 0 I android_work: sent uevent USB_STATE=DISCONNECTED
