03-14 03:58:02.857 1523 2426 I thunderperf: CompatConfig.addOverrideUnsafe: bef-state=1
03-14 03:58:02.857 1523 2426 E thunderperf: CompatConfig.addOverrideUnsafe: exception:java.lang.SecurityException: Cannot override a change on a non-debuggable app and user build.
03-14 03:58:02.857 1523 2426 I thunderperf: CompatConfig.addOverrideUnsafe: aft-state=1
03-14 03:58:02.859 1523 2426 I thunderperf: CompatConfig.addOverrideUnsafe: bef-state=1
03-14 03:58:02.859 1523 2426 E thunderperf: CompatConfig.addOverrideUnsafe: exception:java.lang.SecurityException: Cannot override a change on a non-debuggable app and user build.
03-14 03:58:02.859 1523 2426 I thunderperf: CompatConfig.addOverrideUnsafe: aft-state=1
03-14 03:58:02.860 1523 2426 I thunderperf: CompatConfig.addOverrideUnsafe: bef-state=1
03-14 03:58:02.860 1523 2426 E thunderperf: CompatConfig.addOverrideUnsafe: exception:java.lang.SecurityException: Cannot override a change on a non-debuggable app and user build.
03-14 03:58:02.860 1523 2426 I thunderperf: CompatConfig.addOverrideUnsafe: aft-state=1
03-14 03:58:02.860 1523 2426 I thunderperf: CompatConfig.addOverrideUnsafe: bef-state=1
03-14 03:58:02.860 1523 2426 E thunderperf: CompatConfig.addOverrideUnsafe: exception:java.lang.SecurityException: Cannot override a change on a non-debuggable app and user build.
03-14 03:58:02.860 1523 2426 I thunderperf: CompatConfig.addOverrideUnsafe: aft-state=1
03-14 03:58:02.860 1523 2426 I thunderperf: CompatConfig.addOverrideUnsafe: bef-state=1
03-14 03:58:02.860 1523 2426 E thunderperf: CompatConfig.addOverrideUnsafe: exception:java.lang.SecurityException: Cannot override a change on a non-debuggable app and user build.
03-14 03:58:02.860 1523 2426 I thunderperf: CompatConfig.addOverrideUnsafe: aft-state=1
03-14 03:58:02.861 1523 2426 I thunderperf: CompatConfig.addOverrideUnsafe: bef-state=1
03-14 03:58:02.861 1523 2426 E thunderperf: CompatConfig.addOverrideUnsafe: exception:java.lang.SecurityException: Cannot override a change on a non-debuggable app and user build.
03-14 03:58:02.861 1523 2426 I thunderperf: CompatConfig.addOverrideUnsafe: aft-state=1
03-14 03:58:02.861 8328 8964 W PackageParsing: No actions in intent-filter at /storage/emulated/0/Android/data/com.tencent.android.qqdownloader/files/tassistant/apk/com.tencent.mobileqq_3772.apk Binary XML file line #1375
03-14 03:58:02.862 1523 2426 I thunderperf: CompatConfig.addOverrideUnsafe: bef-state=1
03-14 03:58:02.862 1523 2426 E thunderperf: CompatConfig.addOverrideUnsafe: exception:java.lang.SecurityException: Cannot override a change on a non-debuggable app and user build.
03-14 03:58:02.862 1523 2426 I thunderperf: CompatConfig.addOverrideUnsafe: aft-state=1
03-14 03:58:02.862 1523 2426 I thunderperf: CompatConfig.addOverrideUnsafe: bef-state=1
03-14 03:58:02.863 1523 2426 E thunderperf: CompatConfig.addOverrideUnsafe: exception:java.lang.SecurityException: Cannot override a change on a non-debuggable app and user build.
03-14 03:58:02.863 1523 2426 I thunderperf: CompatConfig.addOverrideUnsafe: aft-state=1
03-14 03:58:02.863 1523 2426 I thunderperf: CompatConfig.addOverrideUnsafe: bef-state=1
03-14 03:58:02.863 1523 2426 E thunderperf: CompatConfig.addOverrideUnsafe: exception:java.lang.SecurityException: Cannot override a change on a non-debuggable app and user build.
03-14 03:58:02.863 1523 2426 I thunderperf: CompatConfig.addOverrideUnsafe: aft-state=1
03-14 03:58:02.863 1523 1996 I input_focus: [Focus leaving f7de4c7 com.android.packageinstaller/com.android.packageinstaller.InstallStaging (server),reason=NO_WINDOW]
03-14 03:58:02.863 1523 2426 I thunderperf: CompatConfig.addOverrideUnsafe: bef-state=1
03-14 03:58:02.863 1523 2426 E thunderperf: CompatConfig.addOverrideUnsafe: exception:java.lang.SecurityException: Cannot override a change on a non-debuggable app and user build.
03-14 03:58:02.863 1523 2426 I thunderperf: CompatConfig.addOverrideUnsafe: aft-state=1
03-14 03:58:02.864 1523 2426 I thunderperf: CompatConfig.addOverrideUnsafe: bef-state=1
03-14 03:58:02.864 1523 2426 E thunderperf: CompatConfig.addOverrideUnsafe: exception:java.lang.SecurityException: Cannot override a change on a non-debuggable app and user build.
03-14 03:58:02.864 1523 2426 I thunderperf: CompatConfig.addOverrideUnsafe: aft-state=1
03-14 03:58:02.864 1523 2426 I thunderperf: CompatConfig.addOverrideUnsafe: bef-state=1
03-14 03:58:02.864 1523 2426 E thunderperf: CompatConfig.addOverrideUnsafe: exception:java.lang.SecurityException: Cannot override a change on a non-debuggable app and user build.
03-14 03:58:02.864 1523 2426 I thunderperf: CompatConfig.addOverrideUnsafe: aft-state=1
03-14 03:58:02.865 1523 2426 I thunderperf: CompatConfig.addOverrideUnsafe: bef-state=1
03-14 03:58:02.865 1523 2426 E thunderperf: CompatConfig.addOverrideUnsafe: exception:java.lang.SecurityException: Cannot override a change on a non-debuggable app and user build.
03-14 03:58:02.865 1523 2426 I thunderperf: CompatConfig.addOverrideUnsafe: aft-state=1
03-14 03:58:02.866 1523 2426 I thunderperf: CompatConfig.addOverrideUnsafe: bef-state=1
03-14 03:58:02.866 1523 2426 E thunderperf: CompatConfig.addOverrideUnsafe: exception:java.lang.SecurityException: Cannot override a change on a non-debuggable app and user build.
03-14 03:58:02.866 1523 2426 I thunderperf: CompatConfig.addOverrideUnsafe: aft-state=1
03-14 03:58:02.867 1523 2426 I ActivityTaskManager: START u0 {act=android.intent.action.VIEW dat=file:///data/user_de/0/com.android.packageinstaller/no_backup/package1268379419114899090.apk flg=0x10000 cmp=com.android.packageinstaller/.PackageInstallerActivity (has extras)} from uid 10031
03-14 03:58:02.867 8290 9491 W PackageParsing: No actions in intent-filter at /storage/emulated/0/Android/data/com.tencent.android.qqdownloader/files/tassistant/apk/com.tencent.mobileqq_3772.apk Binary XML file line #1375
03-14 03:58:02.869 1523 2426 I service_manager_stats: [100,43,19908]
03-14 03:58:02.869 1523 2426 I wm_task_moved: [20,1,8]
03-14 03:58:02.870 1523 2426 I wm_set_resumed_activity: [0,com.android.packageinstaller/.DeleteStagedFileOnResult,positionChildAt]
03-14 03:58:02.870 1523 2426 I wm_create_activity: [0,123763887,20,com.android.packageinstaller/.PackageInstallerActivity,android.intent.action.VIEW,NULL,file:///data/user_de/0/com.android.packageinstaller/no_backup/package1268379419114899090.apk,65536]
03-14 03:58:02.871 1523 2426 I wm_pause_activity: [0,185896118,com.android.packageinstaller/.DeleteStagedFileOnResult,userLeaving=true,resumeTopActivityInnerLocked]
03-14 03:58:02.874 4122 4122 I wm_on_create_called: [185896118,com.android.packageinstaller.DeleteStagedFileOnResult,performCreate]
03-14 03:58:02.875 4122 4122 I wm_on_start_called: [185896118,com.android.packageinstaller.DeleteStagedFileOnResult,handleStartActivity]
03-14 03:58:02.875 4122 4122 I wm_on_resume_called: [185896118,com.android.packageinstaller.DeleteStagedFileOnResult,RESUME_ACTIVITY]
03-14 03:58:02.877 4122 4122 I wm_on_top_resumed_gained_called: [185896118,com.android.packageinstaller.DeleteStagedFileOnResult,topStateChangedWhenResumed]
03-14 03:58:02.884 1523 1654 I input_focus: [Focus request a2e8045 com.android.packageinstaller/com.android.packageinstaller.DeleteStagedFileOnResult,reason=UpdateInputWindows]
03-14 03:58:02.890 1523 1523 I GameModeConfig: isGameModeOn = false
03-14 03:58:02.890 4122 4122 I wm_on_top_resumed_lost_called: [185896118,com.android.packageinstaller.DeleteStagedFileOnResult,topStateChangedWhenResumed]
03-14 03:58:02.891 8328 8391 W PackageParsing: Ignoring duplicate uses-permissions/uses-permissions-sdk-m: com.android.launcher2.permission.READ_SETTINGS in package: com.tencent.mobileqq at: Binary XML file line #109
03-14 03:58:02.891 8328 8391 W PackageParsing: Ignoring duplicate uses-permissions/uses-permissions-sdk-m: android.permission.WRITE_CONTACTS in package: com.tencent.mobileqq at: Binary XML file line #157
03-14 03:58:02.892 8328 8391 W PackageParsing: Ignoring duplicate uses-permissions/uses-permissions-sdk-m: com.tencent.msf.permission.account.sync in package: com.tencent.mobileqq at: Binary XML file line #217
03-14 03:58:02.892 8328 8391 W PackageParsing: Ignoring duplicate uses-permissions/uses-permissions-sdk-m: android.permission.CHANGE_WIFI_STATE in package: com.tencent.mobileqq at: Binary XML file line #223
03-14 03:58:02.892 8328 8391 W PackageParsing: Ignoring duplicate uses-permissions/uses-permissions-sdk-m: android.permission.INTERNET in package: com.tencent.mobileqq at: Binary XML file line #225
03-14 03:58:02.892 8328 8391 W PackageParsing: Ignoring duplicate uses-permissions/uses-permissions-sdk-m: android.permission.ACCESS_WIFI_STATE in package: com.tencent.mobileqq at: Binary XML file line #227
03-14 03:58:02.892 8328 8391 W PackageParsing: Ignoring duplicate uses-permissions/uses-permissions-sdk-m: android.permission.ACCESS_NETWORK_STATE in package: com.tencent.mobileqq at: Binary XML file line #229
03-14 03:58:02.892 8328 8391 W PackageParsing: Ignoring duplicate uses-permissions/uses-permissions-sdk-m: android.permission.CAMERA in package: com.tencent.mobileqq at: Binary XML file line #237
03-14 03:58:02.892 8328 8391 W PackageParsing: Ignoring duplicate uses-permissions/uses-permissions-sdk-m: android.permission.WAKE_LOCK in package: com.tencent.mobileqq at: Binary XML file line #239
03-14 03:58:02.892 4122 4122 I wm_on_paused_called: [185896118,com.android.packageinstaller.DeleteStagedFileOnResult,performPause]
03-14 03:58:02.892 8328 8391 W PackageParsing: Ignoring duplicate uses-permissions/uses-permissions-sdk-m: com.android.launcher.permission.INSTALL_SHORTCUT in package: com.tencent.mobileqq at: Binary XML file line #241
03-14 03:58:02.892 8328 8391 W PackageParsing: Ignoring duplicate uses-permissions/uses-permissions-sdk-m: android.permission.RECEIVE_BOOT_COMPLETED in package: com.tencent.mobileqq at: Binary XML file line #243
03-14 03:58:02.892 8328 8391 W PackageParsing: Ignoring duplicate uses-permissions/uses-permissions-sdk-m: com.tencent.msf.permission.account.sync in package: com.tencent.mobileqq at: Binary XML file line #247
03-14 03:58:02.893 1523 2426 I ActivityTaskManager: FOREGROUND_APPLICATION_CHANGED to com.android.packageinstaller.PackageInstallerActivity
03-14 03:58:02.893 1523 2426 I ActivityTaskManager: The Process com.android.packageinstaller Already Exists in BG. So sending its PID: 4122
03-14 03:58:02.893 8328 8391 W PackageParsing: Ignoring duplicate uses-permissions/uses-permissions-sdk-m: android.permission.BROADCAST_STICKY in package: com.tencent.mobileqq at: Binary XML file line #295
03-14 03:58:02.893 1523 2426 W ActivityTaskManager: Tried to set launchTime (0) < mLastActivityLaunchTime (432791)
03-14 03:58:02.894 1523 2426 I wm_restart_activity: [0,123763887,20,com.android.packageinstaller/.PackageInstallerActivity]
03-14 03:58:02.896 1523 2426 I wm_set_resumed_activity: [0,com.android.packageinstaller/.PackageInstallerActivity,minimalResumeActivityLocked]
03-14 03:58:02.901 8328 8391 W PackageParsing: No actions in intent-filter at /storage/emulated/0/Android/data/com.tencent.android.qqdownloader/files/tassistant/apk/com.tencent.mobileqq_3772.apk Binary XML file line #1375
03-14 03:58:02.902 1523 1653 I sysui_multi_action: [757,803,799,window_time_0,802,0]
03-14 03:58:02.916 4122 4122 W PackageParsing: Unknown element under : meta-data at /data/user_de/0/com.android.packageinstaller/no_backup/package1268379419114899090.apk Binary XML file line #141
03-14 03:58:02.929 1523 2295 I netstats_mobile_sample: [0,0,0,0,0,0,0,0,0,0,0,0,1678737482929]
03-14 03:58:02.929 1523 2295 I netstats_wifi_sample: [515323082,391032,9281742,133900,515323082,391032,9281742,133900,516168041,396414,8915664,132842,1678737482929]
03-14 03:58:02.929 4122 4122 I wm_on_create_called: [123763887,com.android.packageinstaller.PackageInstallerActivity,performCreate]
03-14 03:58:02.930 4122 4122 I wm_on_start_called: [123763887,com.android.packageinstaller.PackageInstallerActivity,handleStartActivity]
03-14 03:58:02.938 4122 4122 I wm_on_resume_called: [123763887,com.android.packageinstaller.PackageInstallerActivity,RESUME_ACTIVITY]
03-14 03:58:02.947 1523 2461 W FreeFormWindowHelper: Current Display FreeFormTask is null
03-14 03:58:02.959 4122 4122 I wm_on_top_resumed_gained_called: [123763887,com.android.packageinstaller.PackageInstallerActivity,topStateChangedWhenResumed]
03-14 03:58:02.966 1523 1654 I input_focus: [Focus request f389e16 com.android.packageinstaller/com.android.packageinstaller.PackageInstallerActivity,reason=UpdateInputWindows]
03-14 03:58:02.967 8290 9491 W PackageParsing: Ignoring duplicate uses-permissions/uses-permissions-sdk-m: com.android.launcher2.permission.READ_SETTINGS in package: com.tencent.mobileqq at: Binary XML file line #109
03-14 03:58:02.968 8290 9491 W PackageParsing: Ignoring duplicate uses-permissions/uses-permissions-sdk-m: android.permission.WRITE_CONTACTS in package: com.tencent.mobileqq at: Binary XML file line #157
03-14 03:58:02.968 8290 9491 W PackageParsing: Ignoring duplicate uses-permissions/uses-permissions-sdk-m: com.tencent.msf.permission.account.sync in package: com.tencent.mobileqq at: Binary XML file line #217
03-14 03:58:02.968 8290 9491 W PackageParsing: Ignoring duplicate uses-permissions/uses-permissions-sdk-m: android.permission.CHANGE_WIFI_STATE in package: com.tencent.mobileqq at: Binary XML file line #223
03-14 03:58:02.969 8290 9491 W PackageParsing: Ignoring duplicate uses-permissions/uses-permissions-sdk-m: android.permission.INTERNET in package: com.tencent.mobileqq at: Binary XML file line #225
03-14 03:58:02.969 8290 9491 W PackageParsing: Ignoring duplicate uses-permissions/uses-permissions-sdk-m: android.permission.ACCESS_WIFI_STATE in package: com.tencent.mobileqq at: Binary XML file line #227
03-14 03:58:02.969 8290 9491 W PackageParsing: Ignoring duplicate uses-permissions/uses-permissions-sdk-m: android.permission.ACCESS_NETWORK_STATE in package: com.tencent.mobileqq at: Binary XML file line #229
03-14 03:58:02.969 8290 9491 W PackageParsing: Ignoring duplicate uses-permissions/uses-permissions-sdk-m: android.permission.CAMERA in package: com.tencent.mobileqq at: Binary XML file line #237
03-14 03:58:02.969 8290 9491 W PackageParsing: Ignoring duplicate uses-permissions/uses-permissions-sdk-m: android.permission.WAKE_LOCK in package: com.tencent.mobileqq at: Binary XML file line #239
03-14 03:58:02.969 8290 9491 W PackageParsing: Ignoring duplicate uses-permissions/uses-permissions-sdk-m: com.android.launcher.permission.INSTALL_SHORTCUT in package: com.tencent.mobileqq at: Binary XML file line #241
03-14 03:58:02.969 8290 9491 W PackageParsing: Ignoring duplicate uses-permissions/uses-permissions-sdk-m: android.permission.RECEIVE_BOOT_COMPLETED in package: com.tencent.mobileqq at: Binary XML file line #243
03-14 03:58:02.969 8290 9491 W PackageParsing: Ignoring duplicate uses-permissions/uses-permissions-sdk-m: com.tencent.msf.permission.account.sync in package: com.tencent.mobileqq at: Binary XML file line #247
03-14 03:58:02.969 8290 9491 W PackageParsing: Ignoring duplicate uses-permissions/uses-permissions-sdk-m: android.permission.BROADCAST_STICKY in package: com.tencent.mobileqq at: Binary XML file line #295
03-14 03:58:02.975 8290 9491 W PackageParsing: No actions in intent-filter at /storage/emulated/0/Android/data/com.tencent.android.qqdownloader/files/tassistant/apk/com.tencent.mobileqq_3772.apk Binary XML file line #1375
03-14 03:58:03.000 1523 2369 W FreeFormWindowHelper: Current Display FreeFormTask is null
03-14 03:58:03.005 1523 1650 I wm_activity_launch_time: [0,123763887,com.android.packageinstaller/.PackageInstallerActivity,188]
03-14 03:58:03.014 1523 1996 I input_focus: [Focus entering f389e16 com.android.packageinstaller/com.android.packageinstaller.PackageInstallerActivity (server),reason=Window became focusable. Previous reason: NOT_VISIBLE]
03-14 03:58:03.032 1523 1523 I GameModeConfig: isGameModeOn = false
03-14 03:58:03.048 1523 7581 I wm_destroy_activity: [0,15585070,20,com.android.packageinstaller/.InstallStaging,finish-imm:idle]
03-14 03:58:03.057 4122 4122 I wm_on_stop_called: [15585070,com.android.packageinstaller.InstallStaging,LIFECYCLER_STOP_ACTIVITY]
03-14 03:58:03.057 4122 4122 I wm_on_destroy_called: [15585070,com.android.packageinstaller.InstallStaging,performDestroy]
03-14 03:58:03.316 8290 8290 E ActivityThread: Failed to find provider info for com.android.badge
03-14 03:58:03.319 8290 8290 E ActivityThread: Failed to find provider info for com.android.badge
03-14 03:58:03.655 0 0 I auditd : type=1400 audit(0.0:1977): avc: denied { kill } for comm="swapper/1" capability=5 scontext=u:r:kernel:s0 tcontext=u:r:kernel:s0 tclass=capability permissive=0
03-14 03:58:04.200 1523 1523 I notification_enqueue: [10093,8328,com.tencent.android.qqdownloader,101,NULL,0,Notification(channel=channel_id_default_silent shortcut=null contentView=null vibrate=null sound=null tick defaults=0x0 flags=0x240 color=0x00000000 groupKey=com.tencent.android.qqdownloader vis=PRIVATE),1]
03-14 03:58:04.401 1523 1523 I GameModeConfig: isGameModeOn = false
03-14 03:58:04.489 1523 2295 I netstats_mobile_sample: [0,0,0,0,0,0,0,0,0,0,0,0,1678737484489]
03-14 03:58:04.489 1523 2295 I netstats_wifi_sample: [526733929,400756,9488889,137324,526733929,400756,9488889,137324,527592334,406174,9111911,136243,1678737484489]
03-14 03:58:04.655 0 0 I auditd : type=1400 audit(0.0:1978): avc: denied { kill } for comm="swapper/1" capability=5 scontext=u:r:kernel:s0 tcontext=u:r:kernel:s0 tclass=capability permissive=0
03-14 03:58:05.670 1523 2295 I netstats_mobile_sample: [0,0,0,0,0,0,0,0,0,0,0,0,1678737485670]
03-14 03:58:05.670 1523 2295 I netstats_wifi_sample: [543594848,414068,9635039,140450,543594848,414068,9635039,140450,544442443,419483,9252335,139352,1678737485670]
03-14 03:58:06.655 0 0 I auditd : type=1400 audit(0.0:1979): avc: denied { kill } for comm="swapper/3" capability=5 scontext=u:r:kernel:s0 tcontext=u:r:kernel:s0 tclass=capability permissive=0
03-14 03:58:06.843 1523 2295 I netstats_mobile_sample: [0,0,0,0,0,0,0,0,0,0,0,0,1678737486842]
03-14 03:58:06.843 1523 2295 I netstats_wifi_sample: [562308753,428496,9769300,143231,562308753,428496,9769300,143231,563060365,433986,9385478,142119,1678737486842]
03-14 03:58:08.008 1523 2295 I netstats_mobile_sample: [0,0,0,0,0,0,0,0,0,0,0,0,1678737488008]
03-14 03:58:08.008 1523 2295 I netstats_wifi_sample: [578214840,440545,9849808,145078,578214840,440545,9849808,145078,578965415,446066,9465312,143955,1678737488008]
03-14 03:58:08.553 1523 1617 W BroadcastQueue: Background execution not allowed: receiving Intent { act=com.tencent.android.qqdownloader.action.SCHEDULE_JOB flg=0x14 (has extras) } to com.tencent.android.qqdownloader/com.tencent.assistant.module.timer.ScheduleJobReceiver
03-14 03:58:09.140 1523 2295 I netstats_mobile_sample: [0,0,0,0,0,0,0,0,0,0,0,0,1678737489139]
03-14 03:58:09.140 1523 2295 I netstats_wifi_sample: [594703943,452991,9956645,147170,594703943,452991,9956645,147170,595557251,458608,9561305,146030,1678737489139]
03-14 03:58:09.655 0 0 I auditd : type=1400 audit(0.0:1980): avc: denied { kill } for comm="swapper/3" capability=5 scontext=u:r:kernel:s0 tcontext=u:r:kernel:s0 tclass=capability permissive=0
03-14 03:58:10.280 1523 2295 I netstats_mobile_sample: [0,0,0,0,0,0,0,0,0,0,0,0,1678737490280]
03-14 03:58:10.281 1523 2295 I netstats_wifi_sample: [615226500,468253,10051481,149424,615226500,468253,10051481,149424,615976923,473776,9655829,148276,1678737490280]
03-14 03:58:10.655 0 0 I auditd : type=1400 audit(0.0:1981): avc: denied { kill } for comm="swapper/3" capability=5 scontext=u:r:kernel:s0 tcontext=u:r:kernel:s0 tclass=capability permissive=0
03-14 03:58:11.468 1523 2295 I netstats_mobile_sample: [0,0,0,0,0,0,0,0,0,0,0,0,1678737491468]
03-14 03:58:11.469 1523 2295 I netstats_wifi_sample: [633390733,481779,10123221,150854,633386157,481775,10123221,150854,634276658,487474,9722223,149703,1678737491468]
03-14 03:58:12.618 1523 2295 I netstats_mobile_sample: [0,0,0,0,0,0,0,0,0,0,0,0,1678737492617]
03-14 03:58:12.619 1523 2295 I netstats_wifi_sample: [650790657,494879,10184746,152317,650790657,494879,10184746,152317,651617345,500603,9783102,151158,1678737492617]
03-14 03:58:12.655 9 9 I auditd : type=1400 audit(0.0:1982): avc: denied { kill } for comm="ksoftirqd/0" capability=5 scontext=u:r:kernel:s0 tcontext=u:r:kernel:s0 tclass=capability permissive=0
03-14 03:58:12.948 1523 2466 I commit_sys_config_file: [appops,408693]
03-14 03:58:13.655 0 0 I auditd : type=1400 audit(0.0:1983): avc: denied { kill } for comm="swapper/0" capability=5 scontext=u:r:kernel:s0 tcontext=u:r:kernel:s0 tclass=capability permissive=0
03-14 03:58:13.733 1523 2489 I ntp_failure: [time.android.com/216.239.35.8,java.net.SocketTimeoutException: Poll timed out]
03-14 03:58:13.804 1523 2295 I netstats_mobile_sample: [0,0,0,0,0,0,0,0,0,0,0,0,1678737493803]
03-14 03:58:13.804 1523 2295 I netstats_wifi_sample: [669178534,508704,10259892,153777,669178534,508704,10259892,153777,670048653,514500,9852360,152603,1678737493803]
03-14 03:58:14.674 1523 2313 I storage_state: [41217664-9172-527a-b3d5-edabb50a7d69,0,0,113375789056,118610538496]
03-14 03:58:14.978 1523 2295 I netstats_mobile_sample: [0,0,0,0,0,0,0,0,0,0,0,0,1678737494978]
03-14 03:58:14.979 1523 2295 I netstats_wifi_sample: [686245704,521417,10343367,155164,686245704,521417,10343367,155164,687160855,527293,9930361,153980,1678737494978]
03-14 03:58:15.655 0 0 I auditd : type=1400 audit(0.0:1984): avc: denied { kill } for comm="swapper/2" capability=5 scontext=u:r:kernel:s0 tcontext=u:r:kernel:s0 tclass=capability permissive=0
03-14 03:58:16.308 1523 2295 I netstats_mobile_sample: [0,0,0,0,0,0,0,0,0,0,0,0,1678737496308]
03-14 03:58:16.308 1523 2295 I netstats_wifi_sample: [700389059,531948,10456892,157119,700371467,531936,10456812,157117,701194232,537826,10037728,155912,1678737496308]
03-14 03:58:17.475 1523 2295 I netstats_mobile_sample: [0,0,0,0,0,0,0,0,0,0,0,0,1678737497475]
03-14 03:58:17.476 1523 2295 I netstats_wifi_sample: [715046888,542256,10520602,158582,715046888,542256,10520602,158582,715962289,548281,10101072,157374,1678737497475]
03-14 03:58:18.648 1523 2295 I netstats_mobile_sample: [0,0,0,0,0,0,0,0,0,0,0,0,1678737498648]
03-14 03:58:18.648 1523 2295 I netstats_wifi_sample: [723243469,548047,10569830,159496,723243469,548047,10569830,159496,724173318,554125,10144436,158274,1678737498648]
03-14 03:58:18.738 1523 2489 I ntp_failure: [time.android.com/216.239.35.4,java.net.SocketTimeoutException: Poll timed out]
03-14 03:58:19.655 0 0 I auditd : type=1400 audit(0.0:1985): avc: denied { kill } for comm="swapper/1" capability=5 scontext=u:r:kernel:s0 tcontext=u:r:kernel:s0 tclass=capability permissive=0
03-14 03:58:20.000 1523 2295 I netstats_mobile_sample: [0,0,0,0,0,0,0,0,0,0,0,0,1678737499998]
03-14 03:58:20.000 1523 2295 I netstats_wifi_sample: [734902980,556259,10638624,160896,734898416,556255,10638584,160895,735833798,562352,10207188,159650,1678737499998]
03-14 03:58:21.156 1523 2295 I netstats_mobile_sample: [0,0,0,0,0,0,0,0,0,0,0,0,1678737501156]
03-14 03:58:21.157 1523 2295 I netstats_wifi_sample: [750567686,567490,10753293,162820,750567686,567490,10753293,162820,751506024,573678,10315995,161558,1678737501156]
03-14 03:58:21.655 0 0 I auditd : type=1400 audit(0.0:1986): avc: denied { kill } for comm="swapper/3" capability=5 scontext=u:r:kernel:s0 tcontext=u:r:kernel:s0 tclass=capability permissive=0
03-14 03:58:22.369 1523 2295 I netstats_mobile_sample: [0,0,0,0,0,0,0,0,0,0,0,0,1678737502369]
03-14 03:58:22.370 1523 2295 I netstats_wifi_sample: [764234068,577606,10907177,166247,764234068,577606,10907177,166247,765188798,583852,10469513,164984,1678737502369]
03-14 03:58:22.889 8290 9491 W PackageParsing: No actions in intent-filter at /storage/emulated/0/Android/data/com.tencent.android.qqdownloader/files/tassistant/apk/com.tencent.qqlive_27133.apk Binary XML file line #839
03-14 03:58:22.895 1523 1661 I am_pss : [8290,10093,com.tencent.android.qqdownloader:daemon,151241728,122671104,155648,265306112,0,3,13]
03-14 03:58:22.896 1523 1523 I notification_enqueue: [10093,8328,com.tencent.android.qqdownloader,101,NULL,0,Notification(channel=channel_id_default_silent shortcut=null contentView=null vibrate=null sound=null tick defaults=0x0 flags=0x240 color=0x00000000 groupKey=com.tencent.android.qqdownloader vis=PRIVATE),1]
03-14 03:58:22.899 8290 9491 W PackageParsing: No actions in intent-filter at /storage/emulated/0/Android/data/com.tencent.android.qqdownloader/files/tassistant/apk/com.tencent.qqlive_27133.apk Binary XML file line #1458
03-14 03:58:22.899 8290 9491 W PackageParsing: No actions in intent-filter at /storage/emulated/0/Android/data/com.tencent.android.qqdownloader/files/tassistant/apk/com.tencent.qqlive_27133.apk Binary XML file line #1485
03-14 03:58:22.902 1523 1661 I am_pss : [8702,10093,com.tencent.android.qqdownloader:cloud,24628224,11739136,160768,100040704,0,3,5]
03-14 03:58:22.910 8328 8964 W PackageParsing: No actions in intent-filter at /storage/emulated/0/Android/data/com.tencent.android.qqdownloader/files/tassistant/apk/com.tencent.qqlive_27133.apk Binary XML file line #839
03-14 03:58:22.911 1523 1523 W NotificationService: Removed summary didn't match old notification: old=0|com.tencent.android.qqdownloader|101|null|10093, removed=0|com.tencent.android.qqdownloader|101|null|10093
03-14 03:58:22.911 1523 1523 I notification_enqueue: [10093,8328,com.tencent.android.qqdownloader,101,NULL,0,Notification(channel=channel_id_default_silent shortcut=null contentView=null vibrate=null sound=null tick defaults=0x0 flags=0x240 color=0x00000000 groupKey=com.tencent.android.qqdownloader vis=PRIVATE),1]
03-14 03:58:22.919 8328 8964 W PackageParsing: No actions in intent-filter at /storage/emulated/0/Android/data/com.tencent.android.qqdownloader/files/tassistant/apk/com.tencent.qqlive_27133.apk Binary XML file line #1458
03-14 03:58:22.920 8328 8964 W PackageParsing: No actions in intent-filter at /storage/emulated/0/Android/data/com.tencent.android.qqdownloader/files/tassistant/apk/com.tencent.qqlive_27133.apk Binary XML file line #1485
03-14 03:58:22.921 8328 8394 W PackageParsing: No actions in intent-filter at /storage/emulated/0/Android/data/com.tencent.android.qqdownloader/files/tassistant/apk/com.tencent.qqlive_27133.apk Binary XML file line #839
03-14 03:58:22.931 8328 8394 W PackageParsing: No actions in intent-filter at /storage/emulated/0/Android/data/com.tencent.android.qqdownloader/files/tassistant/apk/com.tencent.qqlive_27133.apk Binary XML file line #1458
03-14 03:58:22.931 8328 8394 W PackageParsing: No actions in intent-filter at /storage/emulated/0/Android/data/com.tencent.android.qqdownloader/files/tassistant/apk/com.tencent.qqlive_27133.apk Binary XML file line #1485
03-14 03:58:22.932 8290 9491 W PackageParsing: No actions in intent-filter at /storage/emulated/0/Android/data/com.tencent.android.qqdownloader/files/tassistant/apk/com.tencent.qqlive_27133.apk Binary XML file line #839
03-14 03:58:22.938 8290 9491 W PackageParsing: No actions in intent-filter at /storage/emulated/0/Android/data/com.tencent.android.qqdownloader/files/tassistant/apk/com.tencent.qqlive_27133.apk Binary XML file line #1458
03-14 03:58:22.939 8290 9491 W PackageParsing: No actions in intent-filter at /storage/emulated/0/Android/data/com.tencent.android.qqdownloader/files/tassistant/apk/com.tencent.qqlive_27133.apk Binary XML file line #1485
03-14 03:58:22.947 8290 8290 I auditd : type=1400 audit(0.0:1987): avc: denied { read } for comm="getapkinfo" name="/" dev="dm-5" ino=2 scontext=u:r:untrusted_app_27:s0:c512,c768 tcontext=u:object_r:rootfs:s0 tclass=dir permissive=0 app=com.tencent.android.qqdownloader
03-14 03:58:23.097 1523 1523 I GameModeConfig: isGameModeOn = false
03-14 03:58:23.112 1523 1523 I GameModeConfig: isGameModeOn = false
03-14 03:58:23.392 8290 8290 E ActivityThread: Failed to find provider info for com.android.badge
03-14 03:58:23.398 8290 8290 E ActivityThread: Failed to find provider info for com.android.badge
03-14 03:58:23.597 1523 2295 I netstats_mobile_sample: [0,0,0,0,0,0,0,0,0,0,0,0,1678737503597]
03-14 03:58:23.597 1523 2295 I netstats_wifi_sample: [775970919,586948,11068110,169256,775970919,586948,11068110,169256,776965486,593285,10624766,167983,1678737503597]
03-14 03:58:23.655 0 0 I auditd : type=1400 audit(0.0:1988): avc: denied { kill } for comm="swapper/1" capability=5 scontext=u:r:kernel:s0 tcontext=u:r:kernel:s0 tclass=capability permissive=0
03-14 03:58:23.746 1523 2489 I ntp_failure: [time.android.com/216.239.35.0,java.net.SocketTimeoutException: Poll timed out]
03-14 03:58:24.655 0 0 I auditd : type=1400 audit(0.0:1989): avc: denied { kill } for comm="swapper/1" capability=5 scontext=u:r:kernel:s0 tcontext=u:r:kernel:s0 tclass=capability permissive=0
03-14 03:58:24.784 1523 2295 I netstats_mobile_sample: [0,0,0,0,0,0,0,0,0,0,0,0,1678737504784]
03-14 03:58:24.784 1523 2295 I netstats_wifi_sample: [791161027,598012,11177200,171353,791161027,598012,11177200,171353,792025166,604271,10728102,170063,1678737504784]
03-14 03:58:25.655 0 0 I auditd : type=1400 audit(0.0:1990): avc: denied { kill } for comm="swapper/1" capability=5 scontext=u:r:kernel:s0 tcontext=u:r:kernel:s0 tclass=capability permissive=0
03-14 03:58:25.973 1523 2295 I netstats_mobile_sample: [0,0,0,0,0,0,0,0,0,0,0,0,1678737505972]
03-14 03:58:25.974 1523 2295 I netstats_wifi_sample: [804339293,607710,11295991,173337,804336381,607708,11295899,173335,805316590,614136,10840619,172022,1678737505972]
03-14 03:58:26.044 1523 1691 V DisplayPowerController[0]: Brightness [0.05] reason changing to: 'manual [ dim ]', previous reason: 'manual'.
03-14 03:58:26.044 1523 1691 I sysui_multi_action: [757,1696,758,6,759,2]
03-14 03:58:26.044 1523 1691 W PowerManagerService: Screen on took 155963 ms
03-14 03:58:26.049 1523 2350 E DisplayDeviceConfig: requesting nits when no mapping exists.
03-14 03:58:26.049 1523 2350 E DisplayDeviceConfig: requesting nits when no mapping exists.
03-14 03:58:26.049 1523 1662 I am_wtf : [0,1523,system_server,-1,DisplayDeviceConfig,requesting nits when no mapping exists.]
03-14 03:58:26.051 1523 1662 I DropBoxManagerService: add tag=system_server_wtf isTagEnabled=true flags=0x2
03-14 03:58:26.055 1523 1662 I am_wtf : [0,1523,system_server,-1,DisplayDeviceConfig,requesting nits when no mapping exists.]
03-14 03:58:26.058 1523 1662 I DropBoxManagerService: add tag=system_server_wtf isTagEnabled=true flags=0x2
03-14 03:58:26.066 1523 2350 E DisplayDeviceConfig: requesting nits when no mapping exists.
03-14 03:58:26.066 1523 2350 E DisplayDeviceConfig: requesting nits when no mapping exists.
03-14 03:58:26.067 1523 1662 I am_wtf : [0,1523,system_server,-1,DisplayDeviceConfig,requesting nits when no mapping exists.]
03-14 03:58:26.067 1523 1662 I DropBoxManagerService: add tag=system_server_wtf isTagEnabled=true flags=0x2
03-14 03:58:26.068 1523 1662 I am_wtf : [0,1523,system_server,-1,DisplayDeviceConfig,requesting nits when no mapping exists.]
03-14 03:58:26.069 1523 1662 I DropBoxManagerService: add tag=system_server_wtf isTagEnabled=true flags=0x2
03-14 03:58:26.082 1523 2350 E DisplayDeviceConfig: requesting nits when no mapping exists.
03-14 03:58:26.083 1523 2350 E DisplayDeviceConfig: requesting nits when no mapping exists.
03-14 03:58:26.083 1523 1662 I am_wtf : [0,1523,system_server,-1,DisplayDeviceConfig,requesting nits when no mapping exists.]
03-14 03:58:26.084 1523 1662 I DropBoxManagerService: add tag=system_server_wtf isTagEnabled=true flags=0x2
03-14 03:58:26.084 1523 1662 I am_wtf : [0,1523,system_server,-1,DisplayDeviceConfig,requesting nits when no mapping exists.]
03-14 03:58:26.099 1523 2350 E DisplayDeviceConfig: requesting nits when no mapping exists.
03-14 03:58:26.099 1523 2350 E DisplayDeviceConfig: requesting nits when no mapping exists.
03-14 03:58:26.099 1523 1662 I am_wtf : [0,1523,system_server,-1,DisplayDeviceConfig,requesting nits when no mapping exists.]
03-14 03:58:26.102 1523 1662 I am_wtf : [0,1523,system_server,-1,DisplayDeviceConfig,requesting nits when no mapping exists.]
03-14 03:58:26.116 1523 2350 E DisplayDeviceConfig: requesting nits when no mapping exists.
03-14 03:58:26.117 1523 2350 E DisplayDeviceConfig: requesting nits when no mapping exists.
03-14 03:58:26.117 1523 1662 I am_wtf : [0,1523,system_server,-1,DisplayDeviceConfig,requesting nits when no mapping exists.]
03-14 03:58:26.118 1523 1662 I am_wtf : [0,1523,system_server,-1,DisplayDeviceConfig,requesting nits when no mapping exists.]
03-14 03:58:26.132 1523 2350 E DisplayDeviceConfig: requesting nits when no mapping exists.
03-14 03:58:26.133 1523 2350 E DisplayDeviceConfig: requesting nits when no mapping exists.
03-14 03:58:26.133 1523 1662 I am_wtf : [0,1523,system_server,-1,DisplayDeviceConfig,requesting nits when no mapping exists.]
03-14 03:58:26.134 1523 1662 I am_wtf : [0,1523,system_server,-1,DisplayDeviceConfig,requesting nits when no mapping exists.]
03-14 03:58:26.149 1523 2350 E DisplayDeviceConfig: requesting nits when no mapping exists.
03-14 03:58:26.149 1523 2350 E DisplayDeviceConfig: requesting nits when no mapping exists.
03-14 03:58:26.150 1523 1662 I am_wtf : [0,1523,system_server,-1,DisplayDeviceConfig,requesting nits when no mapping exists.]
03-14 03:58:26.154 1523 1662 I am_wtf : [0,1523,system_server,-1,DisplayDeviceConfig,requesting nits when no mapping exists.]
03-14 03:58:26.166 1523 2350 E DisplayDeviceConfig: requesting nits when no mapping exists.
03-14 03:58:26.168 1523 2350 E DisplayDeviceConfig: requesting nits when no mapping exists.
03-14 03:58:26.168 1523 1662 I am_wtf : [0,1523,system_server,-1,DisplayDeviceConfig,requesting nits when no mapping exists.]
03-14 03:58:26.169 1523 1662 I am_wtf : [0,1523,system_server,-1,DisplayDeviceConfig,requesting nits when no mapping exists.]
03-14 03:58:26.170 1523 1662 I service_manager_stats: [100,87,23301]
03-14 03:58:26.182 1523 2350 E DisplayDeviceConfig: requesting nits when no mapping exists.
03-14 03:58:26.183 1523 2350 E DisplayDeviceConfig: requesting nits when no mapping exists.
03-14 03:58:26.183 1523 1662 I am_wtf : [0,1523,system_server,-1,DisplayDeviceConfig,requesting nits when no mapping exists.]
03-14 03:58:26.184 1523 1662 I am_wtf : [0,1523,system_server,-1,DisplayDeviceConfig,requesting nits when no mapping exists.]
03-14 03:58:26.199 1523 2350 E DisplayDeviceConfig: requesting nits when no mapping exists.
03-14 03:58:26.200 1523 2350 E DisplayDeviceConfig: requesting nits when no mapping exists.
03-14 03:58:26.200 1523 1662 I am_wtf : [0,1523,system_server,-1,DisplayDeviceConfig,requesting nits when no mapping exists.]
03-14 03:58:26.202 1523 1662 I am_wtf : [0,1523,system_server,-1,DisplayDeviceConfig,requesting nits when no mapping exists.]
03-14 03:58:26.216 1523 2350 E DisplayDeviceConfig: requesting nits when no mapping exists.
03-14 03:58:26.216 1523 2350 E DisplayDeviceConfig: requesting nits when no mapping exists.
03-14 03:58:26.216 1523 1662 I am_wtf : [0,1523,system_server,-1,DisplayDeviceConfig,requesting nits when no mapping exists.]
03-14 03:58:26.218 1523 1662 I am_wtf : [0,1523,system_server,-1,DisplayDeviceConfig,requesting nits when no mapping exists.]
03-14 03:58:26.233 1523 2350 E DisplayDeviceConfig: requesting nits when no mapping exists.
03-14 03:58:26.233 1523 2350 E DisplayDeviceConfig: requesting nits when no mapping exists.
03-14 03:58:26.233 1523 1662 I am_wtf : [0,1523,system_server,-1,DisplayDeviceConfig,requesting nits when no mapping exists.]
03-14 03:58:26.234 1523 1662 I am_wtf : [0,1523,system_server,-1,DisplayDeviceConfig,requesting nits when no mapping exists.]
03-14 03:58:26.249 1523 2350 E DisplayDeviceConfig: requesting nits when no mapping exists.
03-14 03:58:26.250 1523 2350 E DisplayDeviceConfig: requesting nits when no mapping exists.
03-14 03:58:26.250 1523 1662 I am_wtf : [0,1523,system_server,-1,DisplayDeviceConfig,requesting nits when no mapping exists.]
03-14 03:58:26.251 1523 1662 I am_wtf : [0,1523,system_server,-1,DisplayDeviceConfig,requesting nits when no mapping exists.]
03-14 03:58:26.266 1523 2350 E DisplayDeviceConfig: requesting nits when no mapping exists.
03-14 03:58:26.267 1523 2350 E DisplayDeviceConfig: requesting nits when no mapping exists.
03-14 03:58:26.267 1523 1662 I am_wtf : [0,1523,system_server,-1,DisplayDeviceConfig,requesting nits when no mapping exists.]
03-14 03:58:26.268 1523 1662 I am_wtf : [0,1523,system_server,-1,DisplayDeviceConfig,requesting nits when no mapping exists.]
03-14 03:58:26.283 1523 2350 E DisplayDeviceConfig: requesting nits when no mapping exists.
03-14 03:58:26.283 1523 2350 E DisplayDeviceConfig: requesting nits when no mapping exists.
03-14 03:58:26.283 1523 1662 I am_wtf : [0,1523,system_server,-1,DisplayDeviceConfig,requesting nits when no mapping exists.]
03-14 03:58:26.285 1523 1662 I am_wtf : [0,1523,system_server,-1,DisplayDeviceConfig,requesting nits when no mapping exists.]
03-14 03:58:26.300 1523 2350 E DisplayDeviceConfig: requesting nits when no mapping exists.
03-14 03:58:26.300 1523 2350 E DisplayDeviceConfig: requesting nits when no mapping exists.
03-14 03:58:26.300 1523 1662 I am_wtf : [0,1523,system_server,-1,DisplayDeviceConfig,requesting nits when no mapping exists.]
03-14 03:58:26.301 1523 1662 I am_wtf : [0,1523,system_server,-1,DisplayDeviceConfig,requesting nits when no mapping exists.]
03-14 03:58:26.317 1523 2350 E DisplayDeviceConfig: requesting nits when no mapping exists.
03-14 03:58:26.318 1523 2350 E DisplayDeviceConfig: requesting nits when no mapping exists.
03-14 03:58:26.318 1523 1662 I am_wtf : [0,1523,system_server,-1,DisplayDeviceConfig,requesting nits when no mapping exists.]
03-14 03:58:26.319 1523 1662 I am_wtf : [0,1523,system_server,-1,DisplayDeviceConfig,requesting nits when no mapping exists.]
03-14 03:58:26.333 1523 2350 E DisplayDeviceConfig: requesting nits when no mapping exists.
03-14 03:58:26.334 1523 2350 E DisplayDeviceConfig: requesting nits when no mapping exists.
03-14 03:58:26.334 1523 1662 I am_wtf : [0,1523,system_server,-1,DisplayDeviceConfig,requesting nits when no mapping exists.]
03-14 03:58:26.335 1523 1662 I am_wtf : [0,1523,system_server,-1,DisplayDeviceConfig,requesting nits when no mapping exists.]
03-14 03:58:26.350 1523 2350 E DisplayDeviceConfig: requesting nits when no mapping exists.
03-14 03:58:26.350 1523 2350 E DisplayDeviceConfig: requesting nits when no mapping exists.
03-14 03:58:26.350 1523 1662 I am_wtf : [0,1523,system_server,-1,DisplayDeviceConfig,requesting nits when no mapping exists.]
03-14 03:58:26.351 1523 1662 I am_wtf : [0,1523,system_server,-1,DisplayDeviceConfig,requesting nits when no mapping exists.]
03-14 03:58:26.367 1523 2350 E DisplayDeviceConfig: requesting nits when no mapping exists.
03-14 03:58:26.367 1523 2350 E DisplayDeviceConfig: requesting nits when no mapping exists.
03-14 03:58:26.367 1523 1662 I am_wtf : [0,1523,system_server,-1,DisplayDeviceConfig,requesting nits when no mapping exists.]
03-14 03:58:26.368 1523 1662 I am_wtf : [0,1523,system_server,-1,DisplayDeviceConfig,requesting nits when no mapping exists.]
03-14 03:58:26.383 1523 2350 E DisplayDeviceConfig: requesting nits when no mapping exists.
03-14 03:58:26.384 1523 1662 I am_wtf : [0,1523,system_server,-1,DisplayDeviceConfig,requesting nits when no mapping exists.]
03-14 03:58:26.384 1523 2350 E DisplayDeviceConfig: requesting nits when no mapping exists.
03-14 03:58:26.385 1523 1662 I am_wtf : [0,1523,system_server,-1,DisplayDeviceConfig,requesting nits when no mapping exists.]
03-14 03:58:26.400 1523 2350 E DisplayDeviceConfig: requesting nits when no mapping exists.
03-14 03:58:26.400 1523 2350 E DisplayDeviceConfig: requesting nits when no mapping exists.
03-14 03:58:26.400 1523 1662 I am_wtf : [0,1523,system_server,-1,DisplayDeviceConfig,requesting nits when no mapping exists.]
03-14 03:58:26.402 1523 1662 I am_wtf : [0,1523,system_server,-1,DisplayDeviceConfig,requesting nits when no mapping exists.]
03-14 03:58:26.417 1523 2350 E DisplayDeviceConfig: requesting nits when no mapping exists.
03-14 03:58:26.417 1523 2350 E DisplayDeviceConfig: requesting nits when no mapping exists.
03-14 03:58:26.417 1523 1662 I am_wtf : [0,1523,system_server,-1,DisplayDeviceConfig,requesting nits when no mapping exists.]
03-14 03:58:26.419 1523 1662 I am_wtf : [0,1523,system_server,-1,DisplayDeviceConfig,requesting nits when no mapping exists.]
03-14 03:58:26.433 1523 2350 E DisplayDeviceConfig: requesting nits when no mapping exists.
03-14 03:58:26.434 1523 2350 E DisplayDeviceConfig: requesting nits when no mapping exists.
03-14 03:58:26.434 1523 1662 I am_wtf : [0,1523,system_server,-1,DisplayDeviceConfig,requesting nits when no mapping exists.]
03-14 03:58:26.435 1523 1662 I am_wtf : [0,1523,system_server,-1,DisplayDeviceConfig,requesting nits when no mapping exists.]
03-14 03:58:26.450 1523 2350 E DisplayDeviceConfig: requesting nits when no mapping exists.
03-14 03:58:26.450 1523 2350 E DisplayDeviceConfig: requesting nits when no mapping exists.
03-14 03:58:26.450 1523 1662 I am_wtf : [0,1523,system_server,-1,DisplayDeviceConfig,requesting nits when no mapping exists.]
03-14 03:58:26.452 1523 1662 I am_wtf : [0,1523,system_server,-1,DisplayDeviceConfig,requesting nits when no mapping exists.]
03-14 03:58:26.467 1523 2350 E DisplayDeviceConfig: requesting nits when no mapping exists.
03-14 03:58:26.470 1523 2350 E DisplayDeviceConfig: requesting nits when no mapping exists.
03-14 03:58:26.470 1523 1662 I am_wtf : [0,1523,system_server,-1,DisplayDeviceConfig,requesting nits when no mapping exists.]
03-14 03:58:26.471 1523 1662 I am_wtf : [0,1523,system_server,-1,DisplayDeviceConfig,requesting nits when no mapping exists.]
03-14 03:58:26.484 1523 2350 E DisplayDeviceConfig: requesting nits when no mapping exists.
03-14 03:58:26.485 1523 2350 E DisplayDeviceConfig: requesting nits when no mapping exists.
03-14 03:58:26.485 1523 1662 I am_wtf : [0,1523,system_server,-1,DisplayDeviceConfig,requesting nits when no mapping exists.]
03-14 03:58:26.486 1523 1662 I am_wtf : [0,1523,system_server,-1,DisplayDeviceConfig,requesting nits when no mapping exists.]
03-14 03:58:26.500 1523 2350 E DisplayDeviceConfig: requesting nits when no mapping exists.
03-14 03:58:26.500 1523 2350 E DisplayDeviceConfig: requesting nits when no mapping exists.
03-14 03:58:26.501 1523 1662 I am_wtf : [0,1523,system_server,-1,DisplayDeviceConfig,requesting nits when no mapping exists.]
03-14 03:58:26.502 1523 1662 I am_wtf : [0,1523,system_server,-1,DisplayDeviceConfig,requesting nits when no mapping exists.]
03-14 03:58:26.517 1523 2350 E DisplayDeviceConfig: requesting nits when no mapping exists.
03-14 03:58:26.517 1523 2350 E DisplayDeviceConfig: requesting nits when no mapping exists.
03-14 03:58:26.517 1523 1662 I am_wtf : [0,1523,system_server,-1,DisplayDeviceConfig,requesting nits when no mapping exists.]
03-14 03:58:26.519 1523 1662 I am_wtf : [0,1523,system_server,-1,DisplayDeviceConfig,requesting nits when no mapping exists.]
03-14 03:58:26.533 1523 2350 E DisplayDeviceConfig: requesting nits when no mapping exists.
03-14 03:58:26.534 1523 1662 I am_wtf : [0,1523,system_server,-1,DisplayDeviceConfig,requesting nits when no mapping exists.]
03-14 03:58:26.534 1523 2350 E DisplayDeviceConfig: requesting nits when no mapping exists.
03-14 03:58:26.535 1523 1662 I am_wtf : [0,1523,system_server,-1,DisplayDeviceConfig,requesting nits when no mapping exists.]
03-14 03:58:26.550 1523 2350 E DisplayDeviceConfig: requesting nits when no mapping exists.
03-14 03:58:26.551 1523 2350 E DisplayDeviceConfig: requesting nits when no mapping exists.
03-14 03:58:26.551 1523 1662 I am_wtf : [0,1523,system_server,-1,DisplayDeviceConfig,requesting nits when no mapping exists.]
03-14 03:58:26.552 1523 1662 I am_wtf : [0,1523,system_server,-1,DisplayDeviceConfig,requesting nits when no mapping exists.]
03-14 03:58:26.567 1523 2350 E DisplayDeviceConfig: requesting nits when no mapping exists.
03-14 03:58:26.568 1523 2350 E DisplayDeviceConfig: requesting nits when no mapping exists.
03-14 03:58:26.568 1523 1662 I am_wtf : [0,1523,system_server,-1,DisplayDeviceConfig,requesting nits when no mapping exists.]
03-14 03:58:26.569 1523 1662 I am_wtf : [0,1523,system_server,-1,DisplayDeviceConfig,requesting nits when no mapping exists.]
03-14 03:58:26.584 1523 2350 E DisplayDeviceConfig: requesting nits when no mapping exists.
03-14 03:58:26.584 1523 1662 I am_wtf : [0,1523,system_server,-1,DisplayDeviceConfig,requesting nits when no mapping exists.]
03-14 03:58:26.585 1523 2350 E DisplayDeviceConfig: requesting nits when no mapping exists.
03-14 03:58:26.586 1523 1662 I am_wtf : [0,1523,system_server,-1,DisplayDeviceConfig,requesting nits when no mapping exists.]
03-14 03:58:26.600 1523 2350 E DisplayDeviceConfig: requesting nits when no mapping exists.
03-14 03:58:26.601 1523 2350 E DisplayDeviceConfig: requesting nits when no mapping exists.
03-14 03:58:26.601 1523 1662 I am_wtf : [0,1523,system_server,-1,DisplayDeviceConfig,requesting nits when no mapping exists.]
03-14 03:58:26.602 1523 1662 I am_wtf : [0,1523,system_server,-1,DisplayDeviceConfig,requesting nits when no mapping exists.]
03-14 03:58:26.617 1523 2350 E DisplayDeviceConfig: requesting nits when no mapping exists.
03-14 03:58:26.617 1523 2350 E DisplayDeviceConfig: requesting nits when no mapping exists.
03-14 03:58:26.618 1523 1662 I am_wtf : [0,1523,system_server,-1,DisplayDeviceConfig,requesting nits when no mapping exists.]
03-14 03:58:26.619 1523 1662 I am_wtf : [0,1523,system_server,-1,DisplayDeviceConfig,requesting nits when no mapping exists.]
03-14 03:58:26.634 1523 2350 E DisplayDeviceConfig: requesting nits when no mapping exists.
03-14 03:58:26.634 1523 2350 E DisplayDeviceConfig: requesting nits when no mapping exists.
03-14 03:58:26.634 1523 1662 I am_wtf : [0,1523,system_server,-1,DisplayDeviceConfig,requesting nits when no mapping exists.]
03-14 03:58:26.637 1523 1662 I am_wtf : [0,1523,system_server,-1,DisplayDeviceConfig,requesting nits when no mapping exists.]
03-14 03:58:26.652 1523 2350 E DisplayDeviceConfig: requesting nits when no mapping exists.
03-14 03:58:26.652 1523 2350 E DisplayDeviceConfig: requesting nits when no mapping exists.
03-14 03:58:26.652 1523 1662 I am_wtf : [0,1523,system_server,-1,DisplayDeviceConfig,requesting nits when no mapping exists.]
03-14 03:58:26.653 1523 1662 I am_wtf : [0,1523,system_server,-1,DisplayDeviceConfig,requesting nits when no mapping exists.]
03-14 03:58:26.655 1971 1971 I auditd : type=1400 audit(0.0:1991): avc: denied { kill } for comm="dp_rx_thread_0" capability=5 scontext=u:r:kernel:s0 tcontext=u:r:kernel:s0 tclass=capability permissive=0
03-14 03:58:26.667 1523 2350 E DisplayDeviceConfig: requesting nits when no mapping exists.
03-14 03:58:26.668 1523 2350 E DisplayDeviceConfig: requesting nits when no mapping exists.
03-14 03:58:26.668 1523 1662 I am_wtf : [0,1523,system_server,-1,DisplayDeviceConfig,requesting nits when no mapping exists.]
03-14 03:58:26.670 1523 1662 I am_wtf : [0,1523,system_server,-1,DisplayDeviceConfig,requesting nits when no mapping exists.]
03-14 03:58:26.684 1523 2350 E DisplayDeviceConfig: requesting nits when no mapping exists.
03-14 03:58:26.684 1523 2350 E DisplayDeviceConfig: requesting nits when no mapping exists.
03-14 03:58:26.684 1523 1662 I am_wtf : [0,1523,system_server,-1,DisplayDeviceConfig,requesting nits when no mapping exists.]
03-14 03:58:26.685 1523 1662 I am_wtf : [0,1523,system_server,-1,DisplayDeviceConfig,requesting nits when no mapping exists.]
03-14 03:58:26.701 1523 2350 E DisplayDeviceConfig: requesting nits when no mapping exists.
03-14 03:58:26.701 1523 2350 E DisplayDeviceConfig: requesting nits when no mapping exists.
03-14 03:58:26.701 1523 1662 I am_wtf : [0,1523,system_server,-1,DisplayDeviceConfig,requesting nits when no mapping exists.]
03-14 03:58:26.702 1523 1662 I am_wtf : [0,1523,system_server,-1,DisplayDeviceConfig,requesting nits when no mapping exists.]
03-14 03:58:26.720 1523 2350 E DisplayDeviceConfig: requesting nits when no mapping exists.
03-14 03:58:26.723 1523 1662 I am_wtf : [0,1523,system_server,-1,DisplayDeviceConfig,requesting nits when no mapping exists.]
03-14 03:58:26.723 1523 2350 E DisplayDeviceConfig: requesting nits when no mapping exists.
03-14 03:58:26.724 1523 1662 I am_wtf : [0,1523,system_server,-1,DisplayDeviceConfig,requesting nits when no mapping exists.]
03-14 03:58:26.734 1523 2350 E DisplayDeviceConfig: requesting nits when no mapping exists.
03-14 03:58:26.734 1523 2350 E DisplayDeviceConfig: requesting nits when no mapping exists.
03-14 03:58:26.734 1523 1662 I am_wtf : [0,1523,system_server,-1,DisplayDeviceConfig,requesting nits when no mapping exists.]
03-14 03:58:26.735 1523 1662 I am_wtf : [0,1523,system_server,-1,DisplayDeviceConfig,requesting nits when no mapping exists.]
03-14 03:58:26.751 1523 2350 E DisplayDeviceConfig: requesting nits when no mapping exists.
03-14 03:58:26.751 1523 2350 E DisplayDeviceConfig: requesting nits when no mapping exists.
03-14 03:58:26.751 1523 1662 I am_wtf : [0,1523,system_server,-1,DisplayDeviceConfig,requesting nits when no mapping exists.]
03-14 03:58:26.752 1523 1662 I am_wtf : [0,1523,system_server,-1,DisplayDeviceConfig,requesting nits when no mapping exists.]
03-14 03:58:26.769 1523 2350 E DisplayDeviceConfig: requesting nits when no mapping exists.
03-14 03:58:26.769 1523 1662 I am_wtf : [0,1523,system_server,-1,DisplayDeviceConfig,requesting nits when no mapping exists.]
03-14 03:58:26.769 1523 2350 E DisplayDeviceConfig: requesting nits when no mapping exists.
03-14 03:58:26.771 1523 1662 I am_wtf : [0,1523,system_server,-1,DisplayDeviceConfig,requesting nits when no mapping exists.]
