03-14 04:12:11.655 0 0 I auditd : type=1400 audit(0.0:2858): avc: denied { kill } for comm="swapper/7" capability=5 scontext=u:r:kernel:s0 tcontext=u:r:kernel:s0 tclass=capability permissive=0
03-14 04:12:11.779 1523 2369 I wm_finish_activity: [0,204038234,19,com.tencent.android.qqdownloader/com.tencent.pangu.activity.InstallerListenerActivity,app-request]
03-14 04:12:11.790 1523 2369 I wm_pause_activity: [0,204038234,com.tencent.android.qqdownloader/com.tencent.pangu.activity.InstallerListenerActivity,userLeaving=false,finish]
03-14 04:12:11.790 8328 8328 I wm_on_top_resumed_lost_called: [204038234,com.tencent.pangu.activity.InstallerListenerActivity,topStateChangedWhenResumed]
03-14 04:12:11.800 8328 8328 I wm_on_paused_called: [204038234,com.tencent.pangu.activity.InstallerListenerActivity,performPause]
03-14 04:12:11.808 1523 2369 I wm_set_resumed_activity: [0,com.tencent.android.qqdownloader/com.tencent.pangu.activity.InstallerListenerActivity,resumeTopActivityInnerLocked]
03-14 04:12:11.811 1523 2369 I wm_resume_activity: [0,31544979,19,com.tencent.android.qqdownloader/com.tencent.pangu.activity.InstallerListenerActivity]
03-14 04:12:11.822 1523 1996 I input_focus: [Focus leaving 349572a com.tencent.android.qqdownloader/com.tencent.pangu.activity.InstallerListenerActivity (server),reason=NO_WINDOW]
03-14 04:12:11.826 1523 1654 I input_focus: [Focus request 7be3439 com.tencent.android.qqdownloader/com.tencent.pangu.activity.InstallerListenerActivity,reason=UpdateInputWindows]
03-14 04:12:11.830 8328 8328 I wm_on_resume_called: [31544979,com.tencent.pangu.activity.InstallerListenerActivity,RESUME_ACTIVITY]
03-14 04:12:11.830 8328 8328 I wm_on_top_resumed_gained_called: [31544979,com.tencent.pangu.activity.InstallerListenerActivity,topWhenResuming]
03-14 04:12:11.831 1523 1653 I sysui_multi_action: [757,803,799,window_time_0,802,0]
03-14 04:12:11.837 1523 2745 I wm_destroy_activity: [0,204038234,19,com.tencent.android.qqdownloader/com.tencent.pangu.activity.InstallerListenerActivity,finish-idle]
03-14 04:12:11.837 1523 1996 I input_focus: [Focus entering 7be3439 com.tencent.android.qqdownloader/com.tencent.pangu.activity.InstallerListenerActivity (server),reason=setFocusedWindow]
03-14 04:12:11.839 8328 8328 I wm_on_stop_called: [204038234,com.tencent.pangu.activity.InstallerListenerActivity,LIFECYCLER_STOP_ACTIVITY]
03-14 04:12:11.843 8328 8328 I wm_on_destroy_called: [204038234,com.tencent.pangu.activity.InstallerListenerActivity,performDestroy]
03-14 04:12:11.916 1523 2369 W FreeFormWindowHelper: Current Display FreeFormTask is null
03-14 04:12:12.332 1523 7580 I wm_finish_activity: [0,31544979,19,com.tencent.android.qqdownloader/com.tencent.pangu.activity.InstallerListenerActivity,app-request]
03-14 04:12:12.341 1523 7580 I wm_pause_activity: [0,31544979,com.tencent.android.qqdownloader/com.tencent.pangu.activity.InstallerListenerActivity,userLeaving=false,finish]
03-14 04:12:12.342 8328 8328 I wm_on_top_resumed_lost_called: [31544979,com.tencent.pangu.activity.InstallerListenerActivity,topStateChangedWhenResumed]
03-14 04:12:12.352 8328 8328 I wm_on_paused_called: [31544979,com.tencent.pangu.activity.InstallerListenerActivity,performPause]
03-14 04:12:12.358 1523 7580 I ActivityTaskManager: FOREGROUND_APPLICATION_CHANGED to com.tencent.pangu.activity.DownloadActivity
03-14 04:12:12.360 1523 7580 I wm_set_resumed_activity: [0,com.tencent.android.qqdownloader/com.tencent.pangu.activity.DownloadActivity,resumeTopActivityInnerLocked]
03-14 04:12:12.362 1523 7580 I wm_resume_activity: [0,233904099,19,com.tencent.android.qqdownloader/com.tencent.pangu.activity.DownloadActivity]
03-14 04:12:12.372 1523 1996 I input_focus: [Focus leaving 7be3439 com.tencent.android.qqdownloader/com.tencent.pangu.activity.InstallerListenerActivity (server),reason=NO_WINDOW]
03-14 04:12:12.377 8328 8328 I wm_on_resume_called: [233904099,com.tencent.pangu.activity.DownloadActivity,RESUME_ACTIVITY]
03-14 04:12:12.378 8328 8328 I wm_on_top_resumed_gained_called: [233904099,com.tencent.pangu.activity.DownloadActivity,topWhenResuming]
03-14 04:12:12.378 1523 1654 I input_focus: [Focus request 5ad30f8 com.tencent.android.qqdownloader/com.tencent.pangu.activity.DownloadActivity,reason=UpdateInputWindows]
03-14 04:12:12.379 1523 1653 I sysui_multi_action: [757,803,799,window_time_0,802,1]
03-14 04:12:12.404 1523 7582 I wm_destroy_activity: [0,31544979,19,com.tencent.android.qqdownloader/com.tencent.pangu.activity.InstallerListenerActivity,finish-idle]
03-14 04:12:12.406 8328 8328 I wm_on_stop_called: [31544979,com.tencent.pangu.activity.InstallerListenerActivity,LIFECYCLER_STOP_ACTIVITY]
03-14 04:12:12.409 1523 1996 I input_focus: [Focus entering 5ad30f8 com.tencent.android.qqdownloader/com.tencent.pangu.activity.DownloadActivity (server),reason=setFocusedWindow]
03-14 04:12:12.428 8328 8328 I wm_on_destroy_called: [31544979,com.tencent.pangu.activity.InstallerListenerActivity,performDestroy]
03-14 04:12:12.464 1523 2369 W FreeFormWindowHelper: Current Display FreeFormTask is null
03-14 04:12:12.655 0 0 I auditd : type=1400 audit(0.0:2859): avc: denied { kill } for comm="swapper/3" capability=5 scontext=u:r:kernel:s0 tcontext=u:r:kernel:s0 tclass=capability permissive=0
03-14 04:12:12.924 8290 8290 E ActivityThread: Failed to find provider info for com.android.badge
03-14 04:12:13.379 1523 1996 I input_interaction: Interaction with: 5ad30f8 com.tencent.android.qqdownloader/com.tencent.pangu.activity.DownloadActivity (server), edge-swipe (server), swipe-up (server), PointerEventDispatcher0 (server),
03-14 04:12:13.610 8328 8427 W PackageParsing: Ignoring duplicate uses-permissions/uses-permissions-sdk-m: com.android.launcher2.permission.READ_SETTINGS in package: com.tencent.mobileqq at: Binary XML file line #109
03-14 04:12:13.610 8328 8427 W PackageParsing: Ignoring duplicate uses-permissions/uses-permissions-sdk-m: android.permission.WRITE_CONTACTS in package: com.tencent.mobileqq at: Binary XML file line #157
03-14 04:12:13.611 8328 8427 W PackageParsing: Ignoring duplicate uses-permissions/uses-permissions-sdk-m: com.tencent.msf.permission.account.sync in package: com.tencent.mobileqq at: Binary XML file line #217
03-14 04:12:13.611 8328 8427 W PackageParsing: Ignoring duplicate uses-permissions/uses-permissions-sdk-m: android.permission.CHANGE_WIFI_STATE in package: com.tencent.mobileqq at: Binary XML file line #223
03-14 04:12:13.611 8328 8427 W PackageParsing: Ignoring duplicate uses-permissions/uses-permissions-sdk-m: android.permission.INTERNET in package: com.tencent.mobileqq at: Binary XML file line #225
03-14 04:12:13.611 8328 8427 W PackageParsing: Ignoring duplicate uses-permissions/uses-permissions-sdk-m: android.permission.ACCESS_WIFI_STATE in package: com.tencent.mobileqq at: Binary XML file line #227
03-14 04:12:13.611 8328 8427 W PackageParsing: Ignoring duplicate uses-permissions/uses-permissions-sdk-m: android.permission.ACCESS_NETWORK_STATE in package: com.tencent.mobileqq at: Binary XML file line #229
03-14 04:12:13.611 8328 8427 W PackageParsing: Ignoring duplicate uses-permissions/uses-permissions-sdk-m: android.permission.CAMERA in package: com.tencent.mobileqq at: Binary XML file line #237
03-14 04:12:13.611 8328 8427 W PackageParsing: Ignoring duplicate uses-permissions/uses-permissions-sdk-m: android.permission.WAKE_LOCK in package: com.tencent.mobileqq at: Binary XML file line #239
03-14 04:12:13.611 8328 8427 W PackageParsing: Ignoring duplicate uses-permissions/uses-permissions-sdk-m: com.android.launcher.permission.INSTALL_SHORTCUT in package: com.tencent.mobileqq at: Binary XML file line #241
03-14 04:12:13.611 8328 8427 W PackageParsing: Ignoring duplicate uses-permissions/uses-permissions-sdk-m: android.permission.RECEIVE_BOOT_COMPLETED in package: com.tencent.mobileqq at: Binary XML file line #243
03-14 04:12:13.611 8328 8427 W PackageParsing: Ignoring duplicate uses-permissions/uses-permissions-sdk-m: com.tencent.msf.permission.account.sync in package: com.tencent.mobileqq at: Binary XML file line #247
03-14 04:12:13.611 8328 8427 W PackageParsing: Ignoring duplicate uses-permissions/uses-permissions-sdk-m: android.permission.BROADCAST_STICKY in package: com.tencent.mobileqq at: Binary XML file line #295
03-14 04:12:13.617 8328 8427 W PackageParsing: No actions in intent-filter at /storage/emulated/0/Android/data/com.tencent.android.qqdownloader/files/tassistant/apk/com.tencent.mobileqq_3772.apk Binary XML file line #1375
03-14 04:12:13.655 0 0 I auditd : type=1400 audit(0.0:2860): avc: denied { kill } for comm="swapper/3" capability=5 scontext=u:r:kernel:s0 tcontext=u:r:kernel:s0 tclass=capability permissive=0
03-14 04:12:13.664 8328 8427 W PackageParsing: Unknown element under : meta-data at /storage/emulated/0/Android/data/com.tencent.android.qqdownloader/files/tassistant/apk/com.tencent.mtt_13710500.apk Binary XML file line #141
03-14 04:12:13.699 8328 9497 W PackageParsing: Ignoring duplicate uses-permissions/uses-permissions-sdk-m: com.android.launcher2.permission.READ_SETTINGS in package: com.tencent.mobileqq at: Binary XML file line #109
03-14 04:12:13.699 8328 9497 W PackageParsing: Ignoring duplicate uses-permissions/uses-permissions-sdk-m: android.permission.WRITE_CONTACTS in package: com.tencent.mobileqq at: Binary XML file line #157
03-14 04:12:13.699 8328 9497 W PackageParsing: Ignoring duplicate uses-permissions/uses-permissions-sdk-m: com.tencent.msf.permission.account.sync in package: com.tencent.mobileqq at: Binary XML file line #217
03-14 04:12:13.699 8328 9497 W PackageParsing: Ignoring duplicate uses-permissions/uses-permissions-sdk-m: android.permission.CHANGE_WIFI_STATE in package: com.tencent.mobileqq at: Binary XML file line #223
03-14 04:12:13.699 8328 9497 W PackageParsing: Ignoring duplicate uses-permissions/uses-permissions-sdk-m: android.permission.INTERNET in package: com.tencent.mobileqq at: Binary XML file line #225
03-14 04:12:13.700 8328 9497 W PackageParsing: Ignoring duplicate uses-permissions/uses-permissions-sdk-m: android.permission.ACCESS_WIFI_STATE in package: com.tencent.mobileqq at: Binary XML file line #227
03-14 04:12:13.700 8328 9497 W PackageParsing: Ignoring duplicate uses-permissions/uses-permissions-sdk-m: android.permission.ACCESS_NETWORK_STATE in package: com.tencent.mobileqq at: Binary XML file line #229
03-14 04:12:13.700 8328 9497 W PackageParsing: Ignoring duplicate uses-permissions/uses-permissions-sdk-m: android.permission.CAMERA in package: com.tencent.mobileqq at: Binary XML file line #237
03-14 04:12:13.700 8328 9497 W PackageParsing: Ignoring duplicate uses-permissions/uses-permissions-sdk-m: android.permission.WAKE_LOCK in package: com.tencent.mobileqq at: Binary XML file line #239
03-14 04:12:13.700 8328 9497 W PackageParsing: Ignoring duplicate uses-permissions/uses-permissions-sdk-m: com.android.launcher.permission.INSTALL_SHORTCUT in package: com.tencent.mobileqq at: Binary XML file line #241
03-14 04:12:13.700 8328 9497 W PackageParsing: Ignoring duplicate uses-permissions/uses-permissions-sdk-m: android.permission.RECEIVE_BOOT_COMPLETED in package: com.tencent.mobileqq at: Binary XML file line #243
03-14 04:12:13.700 8328 9497 W PackageParsing: Ignoring duplicate uses-permissions/uses-permissions-sdk-m: com.tencent.msf.permission.account.sync in package: com.tencent.mobileqq at: Binary XML file line #247
03-14 04:12:13.700 8328 9497 W PackageParsing: Ignoring duplicate uses-permissions/uses-permissions-sdk-m: android.permission.BROADCAST_STICKY in package: com.tencent.mobileqq at: Binary XML file line #295
03-14 04:12:13.705 8328 9497 W PackageParsing: No actions in intent-filter at /storage/emulated/0/Android/data/com.tencent.android.qqdownloader/files/tassistant/apk/com.tencent.mobileqq_3772.apk Binary XML file line #1375
03-14 04:12:13.996 1523 2369 I thunderperf: PlatormCompat.setOverrides: Uid1=10093 Pid1=8328 Uid2=10093 Pid2=8328
03-14 04:12:13.996 1523 2369 I thunderperf: PlatormCompat.setOverrides: needCheck:false
03-14 04:12:13.996 1523 2369 W PackageManager: MATCH_ANY_USER flag requires INTERACT_ACROSS_USERS permission: UID 10093 requires android.permission.INTERACT_ACROSS_USERS_FULL or android.permission.INTERACT_ACROSS_USERS to access user 0.
03-14 04:12:13.997 1523 2369 I ActivityTaskManager: START u0 {flg=0x10000000 cmp=com.tencent.android.qqdownloader/com.tencent.pangu.activity.InstallerListenerActivity (has extras)} from uid 10093
03-14 04:12:14.003 1523 2369 I wm_task_moved: [19,1,7]
03-14 04:12:14.003 1523 2369 I wm_set_resumed_activity: [0,com.tencent.android.qqdownloader/com.tencent.pangu.activity.DownloadActivity,positionChildAt]
03-14 04:12:14.003 1523 2369 I wm_create_activity: [0,242874647,19,com.tencent.android.qqdownloader/com.tencent.pangu.activity.InstallerListenerActivity,NULL,NULL,NULL,268435456]
03-14 04:12:14.004 1523 2369 I wm_pause_activity: [0,233904099,com.tencent.android.qqdownloader/com.tencent.pangu.activity.DownloadActivity,userLeaving=true,resumeTopActivityInnerLocked]
03-14 04:12:14.004 8328 8328 I wm_on_top_resumed_lost_called: [233904099,com.tencent.pangu.activity.DownloadActivity,topStateChangedWhenResumed]
03-14 04:12:14.007 8328 8328 I wm_on_paused_called: [233904099,com.tencent.pangu.activity.DownloadActivity,performPause]
03-14 04:12:14.008 1523 2745 I ActivityTaskManager: FOREGROUND_APPLICATION_CHANGED to com.tencent.pangu.activity.InstallerListenerActivity
03-14 04:12:14.008 1523 2745 I ActivityTaskManager: The Process com.tencent.android.qqdownloader Already Exists in BG. So sending its PID: 8328
03-14 04:12:14.008 1523 2745 W ActivityTaskManager: Tried to set launchTime (0) < mLastActivityLaunchTime (1194184)
03-14 04:12:14.009 1523 2745 I wm_restart_activity: [0,242874647,19,com.tencent.android.qqdownloader/com.tencent.pangu.activity.InstallerListenerActivity]
03-14 04:12:14.009 1523 2745 I wm_set_resumed_activity: [0,com.tencent.android.qqdownloader/com.tencent.pangu.activity.InstallerListenerActivity,minimalResumeActivityLocked]
03-14 04:12:14.011 1523 1653 I sysui_multi_action: [757,803,799,window_time_0,802,1]
03-14 04:12:14.015 1523 8272 I ActivityTaskManager: START u0 {act=android.intent.action.VIEW dat=content://com.tencent.pangu.fileprovider/external_path/Android/data/com.tencent.android.qqdownloader/files/tassistant/apk/com.tencent.mobileqq_3772.apk typ=application/vnd.android.package-archive flg=0x10000003 cmp=com.android.packageinstaller/.InstallStart} from uid 10093
03-14 04:12:14.016 1523 8272 W ActivityTaskManager: Activity is launching as a new task, so cancelling activity result.
03-14 04:12:14.017 1523 8272 I wm_task_created: [22,-1]
03-14 04:12:14.017 1523 8272 W ActivityTaskManager: Can't find TaskDisplayArea to determine support for multi window. Task id=22 attached=false
03-14 04:12:14.018 1523 8272 I wm_task_moved: [22,1,8]
03-14 04:12:14.018 1523 8272 I wm_task_to_front: [0,22]
03-14 04:12:14.018 1523 8272 I wm_create_task: [0,22]
03-14 04:12:14.018 1523 8272 I wm_create_activity: [0,212661263,22,com.android.packageinstaller/.InstallStart,android.intent.action.VIEW,application/vnd.android.package-archive,content://com.tencent.pangu.fileprovider/external_path/Android/data/com.tencent.android.qqdownloader/files/tassistant/apk/com.tencent.mobileqq_3772.apk,276824067]
03-14 04:12:14.018 1523 8272 I wm_task_moved: [22,1,8]
03-14 04:12:14.019 1523 8272 I wm_pause_activity: [0,242874647,com.tencent.android.qqdownloader/com.tencent.pangu.activity.InstallerListenerActivity,userLeaving=true,pauseBackTasks]
03-14 04:12:14.020 8328 8328 I wm_on_create_called: [242874647,com.tencent.pangu.activity.InstallerListenerActivity,performCreate]
03-14 04:12:14.025 8328 8328 I wm_on_start_called: [242874647,com.tencent.pangu.activity.InstallerListenerActivity,handleStartActivity]
03-14 04:12:14.026 8328 8328 I wm_on_resume_called: [242874647,com.tencent.pangu.activity.InstallerListenerActivity,RESUME_ACTIVITY]
03-14 04:12:14.028 8328 8328 I wm_on_top_resumed_gained_called: [242874647,com.tencent.pangu.activity.InstallerListenerActivity,topStateChangedWhenResumed]
03-14 04:12:14.028 8328 8328 I wm_on_paused_called: [242874647,com.tencent.pangu.activity.InstallerListenerActivity,performPause]
03-14 04:12:14.028 8328 8328 I wm_on_activity_result_called: [242874647,com.tencent.pangu.activity.InstallerListenerActivity,ACTIVITY_RESULT]
03-14 04:12:14.029 8328 8328 I wm_on_resume_called: [242874647,com.tencent.pangu.activity.InstallerListenerActivity,ACTIVITY_RESULT]
03-14 04:12:14.029 8328 8328 I wm_on_top_resumed_lost_called: [242874647,com.tencent.pangu.activity.InstallerListenerActivity,topStateChangedWhenResumed]
03-14 04:12:14.029 8328 8328 I wm_on_paused_called: [242874647,com.tencent.pangu.activity.InstallerListenerActivity,performPause]
03-14 04:12:14.030 1523 8272 I ActivityTaskManager: FOREGROUND_APPLICATION_CHANGED to com.android.packageinstaller.InstallStart
03-14 04:12:14.030 1523 8272 I ActivityTaskManager: The Process com.android.packageinstaller Already Exists in BG. So sending its PID: 4122
03-14 04:12:14.031 1523 8272 W ActivityTaskManager: Tried to set launchTime (0) < mLastActivityLaunchTime (1253889)
03-14 04:12:14.031 1523 8272 I wm_restart_activity: [0,212661263,22,com.android.packageinstaller/.InstallStart]
03-14 04:12:14.032 1523 8272 I wm_set_resumed_activity: [0,com.android.packageinstaller/.InstallStart,minimalResumeActivityLocked]
03-14 04:12:14.036 1523 1653 I sysui_multi_action: [757,803,799,window_time_0,802,0]
03-14 04:12:14.040 1523 2953 I thunderperf: PlatormCompat.setOverrides: Uid1=10031 Pid1=4122 Uid2=10031 Pid2=4122
03-14 04:12:14.040 1523 2953 I thunderperf: PlatormCompat.setOverrides: needCheck:false
03-14 04:12:14.041 1523 2953 I thunderperf: CompatConfig.addOverrideUnsafe: bef-state=1
03-14 04:12:14.042 1523 2953 E thunderperf: CompatConfig.addOverrideUnsafe: exception:java.lang.SecurityException: Cannot override a change on a non-debuggable app and user build.
03-14 04:12:14.042 1523 2953 I thunderperf: CompatConfig.addOverrideUnsafe: aft-state=1
03-14 04:12:14.042 1523 2953 I thunderperf: CompatConfig.addOverrideUnsafe: bef-state=1
03-14 04:12:14.042 1523 2953 E thunderperf: CompatConfig.addOverrideUnsafe: exception:java.lang.SecurityException: Cannot override a change on a non-debuggable app and user build.
03-14 04:12:14.042 1523 2953 I thunderperf: CompatConfig.addOverrideUnsafe: aft-state=1
03-14 04:12:14.043 1523 2953 I thunderperf: CompatConfig.addOverrideUnsafe: bef-state=1
03-14 04:12:14.043 1523 2953 E thunderperf: CompatConfig.addOverrideUnsafe: exception:java.lang.SecurityException: Cannot override a change on a non-debuggable app and user build.
03-14 04:12:14.043 1523 2953 I thunderperf: CompatConfig.addOverrideUnsafe: aft-state=1
03-14 04:12:14.043 1523 2953 I thunderperf: CompatConfig.addOverrideUnsafe: bef-state=1
03-14 04:12:14.043 1523 2953 E thunderperf: CompatConfig.addOverrideUnsafe: exception:java.lang.SecurityException: Cannot override a change on a non-debuggable app and user build.
03-14 04:12:14.043 1523 2953 I thunderperf: CompatConfig.addOverrideUnsafe: aft-state=1
03-14 04:12:14.043 1523 2953 I thunderperf: CompatConfig.addOverrideUnsafe: bef-state=1
03-14 04:12:14.043 1523 2953 E thunderperf: CompatConfig.addOverrideUnsafe: exception:java.lang.SecurityException: Cannot override a change on a non-debuggable app and user build.
03-14 04:12:14.043 1523 2953 I thunderperf: CompatConfig.addOverrideUnsafe: aft-state=1
03-14 04:12:14.044 1523 2953 I thunderperf: CompatConfig.addOverrideUnsafe: bef-state=1
03-14 04:12:14.044 1523 2953 E thunderperf: CompatConfig.addOverrideUnsafe: exception:java.lang.SecurityException: Cannot override a change on a non-debuggable app and user build.
03-14 04:12:14.044 1523 2953 I thunderperf: CompatConfig.addOverrideUnsafe: aft-state=1
03-14 04:12:14.044 1523 2953 I thunderperf: CompatConfig.addOverrideUnsafe: bef-state=1
03-14 04:12:14.044 1523 2953 E thunderperf: CompatConfig.addOverrideUnsafe: exception:java.lang.SecurityException: Cannot override a change on a non-debuggable app and user build.
03-14 04:12:14.044 1523 2953 I thunderperf: CompatConfig.addOverrideUnsafe: aft-state=1
03-14 04:12:14.044 1523 2953 I thunderperf: CompatConfig.addOverrideUnsafe: bef-state=1
03-14 04:12:14.044 1523 2953 E thunderperf: CompatConfig.addOverrideUnsafe: exception:java.lang.SecurityException: Cannot override a change on a non-debuggable app and user build.
03-14 04:12:14.044 1523 2953 I thunderperf: CompatConfig.addOverrideUnsafe: aft-state=1
03-14 04:12:14.045 1523 2953 I thunderperf: CompatConfig.addOverrideUnsafe: bef-state=1
03-14 04:12:14.045 1523 2953 E thunderperf: CompatConfig.addOverrideUnsafe: exception:java.lang.SecurityException: Cannot override a change on a non-debuggable app and user build.
03-14 04:12:14.045 1523 2953 I thunderperf: CompatConfig.addOverrideUnsafe: aft-state=1
03-14 04:12:14.045 1523 2953 I thunderperf: CompatConfig.addOverrideUnsafe: bef-state=1
03-14 04:12:14.045 1523 2953 E thunderperf: CompatConfig.addOverrideUnsafe: exception:java.lang.SecurityException: Cannot override a change on a non-debuggable app and user build.
03-14 04:12:14.045 1523 2953 I thunderperf: CompatConfig.addOverrideUnsafe: aft-state=1
03-14 04:12:14.045 1523 2953 I thunderperf: CompatConfig.addOverrideUnsafe: bef-state=1
03-14 04:12:14.045 1523 2953 E thunderperf: CompatConfig.addOverrideUnsafe: exception:java.lang.SecurityException: Cannot override a change on a non-debuggable app and user build.
03-14 04:12:14.045 1523 2953 I thunderperf: CompatConfig.addOverrideUnsafe: aft-state=1
03-14 04:12:14.046 1523 2953 I thunderperf: CompatConfig.addOverrideUnsafe: bef-state=1
03-14 04:12:14.046 1523 2953 E thunderperf: CompatConfig.addOverrideUnsafe: exception:java.lang.SecurityException: Cannot override a change on a non-debuggable app and user build.
03-14 04:12:14.046 1523 2953 I thunderperf: CompatConfig.addOverrideUnsafe: aft-state=1
03-14 04:12:14.046 1523 2953 I thunderperf: CompatConfig.addOverrideUnsafe: bef-state=1
03-14 04:12:14.046 1523 2953 E thunderperf: CompatConfig.addOverrideUnsafe: exception:java.lang.SecurityException: Cannot override a change on a non-debuggable app and user build.
03-14 04:12:14.046 1523 2953 I thunderperf: CompatConfig.addOverrideUnsafe: aft-state=1
03-14 04:12:14.046 1523 2953 I thunderperf: CompatConfig.addOverrideUnsafe: bef-state=1
03-14 04:12:14.046 1523 2953 E thunderperf: CompatConfig.addOverrideUnsafe: exception:java.lang.SecurityException: Cannot override a change on a non-debuggable app and user build.
03-14 04:12:14.046 1523 2953 I thunderperf: CompatConfig.addOverrideUnsafe: aft-state=1
03-14 04:12:14.049 1523 2953 I ActivityTaskManager: START u0 {act=android.intent.action.VIEW dat=content://com.tencent.pangu.fileprovider/external_path/Android/data/com.tencent.android.qqdownloader/files/tassistant/apk/com.tencent.mobileqq_3772.apk typ=application/vnd.android.package-archive flg=0x2000001 cmp=com.android.packageinstaller/.InstallStaging (has extras)} from uid 10031
03-14 04:12:14.051 1523 2953 I wm_task_moved: [22,1,8]
03-14 04:12:14.051 1523 2953 I wm_set_resumed_activity: [0,com.android.packageinstaller/.InstallStart,positionChildAt]
03-14 04:12:14.051 1523 2953 I wm_create_activity: [0,236068562,22,com.android.packageinstaller/.InstallStaging,android.intent.action.VIEW,application/vnd.android.package-archive,content://com.tencent.pangu.fileprovider/external_path/Android/data/com.tencent.android.qqdownloader/files/tassistant/apk/com.tencent.mobileqq_3772.apk,33554433]
03-14 04:12:14.052 1523 2953 I wm_pause_activity: [0,212661263,com.android.packageinstaller/.InstallStart,userLeaving=true,resumeTopActivityInnerLocked]
03-14 04:12:14.053 1523 2953 I wm_finish_activity: [0,212661263,22,com.android.packageinstaller/.InstallStart,app-request]
03-14 04:12:14.053 4122 4122 I wm_on_create_called: [212661263,com.android.packageinstaller.InstallStart,performCreate]
03-14 04:12:14.055 1523 2745 I wm_add_to_stopping: [0,212661263,com.android.packageinstaller/.InstallStart,completeFinishing]
03-14 04:12:14.056 1523 2745 I ActivityTaskManager: FOREGROUND_APPLICATION_CHANGED to com.android.packageinstaller.InstallStaging
03-14 04:12:14.056 1523 2745 I ActivityTaskManager: The Process com.android.packageinstaller Already Exists in BG. So sending its PID: 4122
03-14 04:12:14.056 1523 2745 W ActivityTaskManager: Tried to set launchTime (0) < mLastActivityLaunchTime (1283977)
03-14 04:12:14.057 1523 2745 I wm_restart_activity: [0,236068562,22,com.android.packageinstaller/.InstallStaging]
03-14 04:12:14.057 1523 2745 I wm_set_resumed_activity: [0,com.android.packageinstaller/.InstallStaging,minimalResumeActivityLocked]
03-14 04:12:14.059 1523 1653 I sysui_multi_action: [757,803,799,window_time_0,802,1]
03-14 04:12:14.064 4122 4122 I wm_on_create_called: [236068562,com.android.packageinstaller.InstallStaging,performCreate]
03-14 04:12:14.064 4122 4122 I wm_on_start_called: [236068562,com.android.packageinstaller.InstallStaging,handleStartActivity]
03-14 04:12:14.064 4122 4122 I wm_on_resume_called: [236068562,com.android.packageinstaller.InstallStaging,RESUME_ACTIVITY]
03-14 04:12:14.066 4122 4122 I wm_on_top_resumed_gained_called: [236068562,com.android.packageinstaller.InstallStaging,topStateChangedWhenResumed]
03-14 04:12:14.079 1523 1654 I input_focus: [Focus request 8b8feff com.android.packageinstaller/com.android.packageinstaller.InstallStaging,reason=UpdateInputWindows]
03-14 04:12:14.087 1523 1650 I wm_activity_launch_time: [0,236068562,com.android.packageinstaller/.InstallStaging,89]
03-14 04:12:14.090 1523 1653 I wm_destroy_activity: [0,212661263,22,com.android.packageinstaller/.InstallStart,finish-imm:transit]
03-14 04:12:14.093 4122 4122 I wm_on_destroy_called: [212661263,com.android.packageinstaller.InstallStart,performDestroy]
03-14 04:12:14.094 1523 1996 I input_focus: [Focus leaving 5ad30f8 com.tencent.android.qqdownloader/com.tencent.pangu.activity.DownloadActivity (server),reason=Waiting for window because NOT_VISIBLE]
03-14 04:12:14.110 1523 1996 I input_focus: [Focus entering 8b8feff com.android.packageinstaller/com.android.packageinstaller.InstallStaging (server),reason=Window became focusable. Previous reason: NOT_VISIBLE]
03-14 04:12:14.158 1523 7580 W FreeFormWindowHelper: Current Display FreeFormTask is null
03-14 04:12:14.296 1523 2745 I thunderperf: PlatormCompat.setOverrides: Uid1=10031 Pid1=4122 Uid2=10031 Pid2=4122
03-14 04:12:14.296 1523 2745 I thunderperf: PlatormCompat.setOverrides: needCheck:false
03-14 04:12:14.296 1523 2745 I thunderperf: CompatConfig.addOverrideUnsafe: bef-state=1
03-14 04:12:14.296 1523 2745 E thunderperf: CompatConfig.addOverrideUnsafe: exception:java.lang.SecurityException: Cannot override a change on a non-debuggable app and user build.
03-14 04:12:14.296 1523 2745 I thunderperf: CompatConfig.addOverrideUnsafe: aft-state=1
03-14 04:12:14.296 1523 2745 I thunderperf: CompatConfig.addOverrideUnsafe: bef-state=1
03-14 04:12:14.296 1523 2745 E thunderperf: CompatConfig.addOverrideUnsafe: exception:java.lang.SecurityException: Cannot override a change on a non-debuggable app and user build.
03-14 04:12:14.296 1523 2745 I thunderperf: CompatConfig.addOverrideUnsafe: aft-state=1
03-14 04:12:14.296 1523 2745 I thunderperf: CompatConfig.addOverrideUnsafe: bef-state=1
03-14 04:12:14.297 1523 2745 E thunderperf: CompatConfig.addOverrideUnsafe: exception:java.lang.SecurityException: Cannot override a change on a non-debuggable app and user build.
03-14 04:12:14.297 1523 2745 I thunderperf: CompatConfig.addOverrideUnsafe: aft-state=1
03-14 04:12:14.297 1523 2745 I thunderperf: CompatConfig.addOverrideUnsafe: bef-state=1
03-14 04:12:14.297 1523 2745 E thunderperf: CompatConfig.addOverrideUnsafe: exception:java.lang.SecurityException: Cannot override a change on a non-debuggable app and user build.
03-14 04:12:14.297 1523 2745 I thunderperf: CompatConfig.addOverrideUnsafe: aft-state=1
03-14 04:12:14.297 1523 2745 I thunderperf: CompatConfig.addOverrideUnsafe: bef-state=1
03-14 04:12:14.297 1523 2745 E thunderperf: CompatConfig.addOverrideUnsafe: exception:java.lang.SecurityException: Cannot override a change on a non-debuggable app and user build.
03-14 04:12:14.297 1523 2745 I thunderperf: CompatConfig.addOverrideUnsafe: aft-state=1
03-14 04:12:14.297 1523 2745 I thunderperf: CompatConfig.addOverrideUnsafe: bef-state=1
03-14 04:12:14.297 1523 2745 E thunderperf: CompatConfig.addOverrideUnsafe: exception:java.lang.SecurityException: Cannot override a change on a non-debuggable app and user build.
03-14 04:12:14.297 1523 2745 I thunderperf: CompatConfig.addOverrideUnsafe: aft-state=1
03-14 04:12:14.298 1523 2745 I thunderperf: CompatConfig.addOverrideUnsafe: bef-state=1
03-14 04:12:14.298 1523 2745 E thunderperf: CompatConfig.addOverrideUnsafe: exception:java.lang.SecurityException: Cannot override a change on a non-debuggable app and user build.
03-14 04:12:14.298 1523 2745 I thunderperf: CompatConfig.addOverrideUnsafe: aft-state=1
03-14 04:12:14.298 1523 2745 I thunderperf: CompatConfig.addOverrideUnsafe: bef-state=1
03-14 04:12:14.298 1523 2745 E thunderperf: CompatConfig.addOverrideUnsafe: exception:java.lang.SecurityException: Cannot override a change on a non-debuggable app and user build.
03-14 04:12:14.298 1523 2745 I thunderperf: CompatConfig.addOverrideUnsafe: aft-state=1
03-14 04:12:14.298 1523 2745 I thunderperf: CompatConfig.addOverrideUnsafe: bef-state=1
03-14 04:12:14.298 1523 2745 E thunderperf: CompatConfig.addOverrideUnsafe: exception:java.lang.SecurityException: Cannot override a change on a non-debuggable app and user build.
03-14 04:12:14.298 1523 2745 I thunderperf: CompatConfig.addOverrideUnsafe: aft-state=1
03-14 04:12:14.298 1523 2745 I thunderperf: CompatConfig.addOverrideUnsafe: bef-state=1
03-14 04:12:14.298 1523 2745 E thunderperf: CompatConfig.addOverrideUnsafe: exception:java.lang.SecurityException: Cannot override a change on a non-debuggable app and user build.
03-14 04:12:14.298 1523 2745 I thunderperf: CompatConfig.addOverrideUnsafe: aft-state=1
03-14 04:12:14.299 1523 2745 I thunderperf: CompatConfig.addOverrideUnsafe: bef-state=1
03-14 04:12:14.299 1523 2745 E thunderperf: CompatConfig.addOverrideUnsafe: exception:java.lang.SecurityException: Cannot override a change on a non-debuggable app and user build.
03-14 04:12:14.299 1523 2745 I thunderperf: CompatConfig.addOverrideUnsafe: aft-state=1
03-14 04:12:14.299 1523 2745 I thunderperf: CompatConfig.addOverrideUnsafe: bef-state=1
03-14 04:12:14.299 1523 2745 E thunderperf: CompatConfig.addOverrideUnsafe: exception:java.lang.SecurityException: Cannot override a change on a non-debuggable app and user build.
03-14 04:12:14.299 1523 2745 I thunderperf: CompatConfig.addOverrideUnsafe: aft-state=1
03-14 04:12:14.299 1523 2745 I thunderperf: CompatConfig.addOverrideUnsafe: bef-state=1
03-14 04:12:14.299 1523 2745 E thunderperf: CompatConfig.addOverrideUnsafe: exception:java.lang.SecurityException: Cannot override a change on a non-debuggable app and user build.
03-14 04:12:14.299 1523 2745 I thunderperf: CompatConfig.addOverrideUnsafe: aft-state=1
03-14 04:12:14.299 1523 2745 I thunderperf: CompatConfig.addOverrideUnsafe: bef-state=1
03-14 04:12:14.299 1523 2745 E thunderperf: CompatConfig.addOverrideUnsafe: exception:java.lang.SecurityException: Cannot override a change on a non-debuggable app and user build.
03-14 04:12:14.299 1523 2745 I thunderperf: CompatConfig.addOverrideUnsafe: aft-state=1
03-14 04:12:14.300 1523 2745 I ActivityTaskManager: START u0 {act=android.intent.action.VIEW dat=file:///data/user_de/0/com.android.packageinstaller/no_backup/package1538351602070919526.apk flg=0x2010001 cmp=com.android.packageinstaller/.DeleteStagedFileOnResult (has extras)} from uid 10031
03-14 04:12:14.302 1523 2745 I wm_task_moved: [22,1,8]
03-14 04:12:14.302 1523 2745 I wm_set_resumed_activity: [0,com.android.packageinstaller/.InstallStaging,positionChildAt]
03-14 04:12:14.302 1523 2745 I wm_create_activity: [0,33382352,22,com.android.packageinstaller/.DeleteStagedFileOnResult,android.intent.action.VIEW,NULL,file:///data/user_de/0/com.android.packageinstaller/no_backup/package1538351602070919526.apk,33619969]
03-14 04:12:14.303 1523 2745 I wm_pause_activity: [0,236068562,com.android.packageinstaller/.InstallStaging,userLeaving=true,resumeTopActivityInnerLocked]
03-14 04:12:14.305 1523 2745 I wm_finish_activity: [0,236068562,22,com.android.packageinstaller/.InstallStaging,app-request]
03-14 04:12:14.305 4122 4122 I wm_on_top_resumed_lost_called: [236068562,com.android.packageinstaller.InstallStaging,topStateChangedWhenResumed]
03-14 04:12:14.305 4122 4122 I wm_on_paused_called: [236068562,com.android.packageinstaller.InstallStaging,performPause]
03-14 04:12:14.305 1523 7580 I wm_add_to_stopping: [0,236068562,com.android.packageinstaller/.InstallStaging,completeFinishing]
03-14 04:12:14.305 1523 7580 I ActivityTaskManager: FOREGROUND_APPLICATION_CHANGED to com.android.packageinstaller.DeleteStagedFileOnResult
03-14 04:12:14.306 1523 7580 I ActivityTaskManager: The Process com.android.packageinstaller Already Exists in BG. So sending its PID: 4122
03-14 04:12:14.306 1523 7580 W ActivityTaskManager: Tried to set launchTime (0) < mLastActivityLaunchTime (1284002)
03-14 04:12:14.307 1523 7580 I wm_restart_activity: [0,33382352,22,com.android.packageinstaller/.DeleteStagedFileOnResult]
03-14 04:12:14.308 1523 7580 I wm_set_resumed_activity: [0,com.android.packageinstaller/.DeleteStagedFileOnResult,minimalResumeActivityLocked]
03-14 04:12:14.310 1523 1653 I sysui_multi_action: [757,803,799,window_time_0,802,0]
03-14 04:12:14.313 1523 7580 I thunderperf: PlatormCompat.setOverrides: Uid1=10031 Pid1=4122 Uid2=10031 Pid2=4122
03-14 04:12:14.313 1523 7580 I thunderperf: PlatormCompat.setOverrides: needCheck:false
03-14 04:12:14.313 1523 7580 I thunderperf: CompatConfig.addOverrideUnsafe: bef-state=1
03-14 04:12:14.313 1523 7580 E thunderperf: CompatConfig.addOverrideUnsafe: exception:java.lang.SecurityException: Cannot override a change on a non-debuggable app and user build.
03-14 04:12:14.313 1523 7580 I thunderperf: CompatConfig.addOverrideUnsafe: aft-state=1
03-14 04:12:14.313 1523 7580 I thunderperf: CompatConfig.addOverrideUnsafe: bef-state=1
03-14 04:12:14.313 1523 7580 E thunderperf: CompatConfig.addOverrideUnsafe: exception:java.lang.SecurityException: Cannot override a change on a non-debuggable app and user build.
03-14 04:12:14.313 1523 7580 I thunderperf: CompatConfig.addOverrideUnsafe: aft-state=1
03-14 04:12:14.313 1523 7580 I thunderperf: CompatConfig.addOverrideUnsafe: bef-state=1
03-14 04:12:14.313 1523 7580 E thunderperf: CompatConfig.addOverrideUnsafe: exception:java.lang.SecurityException: Cannot override a change on a non-debuggable app and user build.
03-14 04:12:14.313 1523 7580 I thunderperf: CompatConfig.addOverrideUnsafe: aft-state=1
03-14 04:12:14.314 1523 7580 I thunderperf: CompatConfig.addOverrideUnsafe: bef-state=1
03-14 04:12:14.314 1523 7580 E thunderperf: CompatConfig.addOverrideUnsafe: exception:java.lang.SecurityException: Cannot override a change on a non-debuggable app and user build.
03-14 04:12:14.314 1523 7580 I thunderperf: CompatConfig.addOverrideUnsafe: aft-state=1
03-14 04:12:14.314 1523 7580 I thunderperf: CompatConfig.addOverrideUnsafe: bef-state=1
03-14 04:12:14.314 1523 7580 E thunderperf: CompatConfig.addOverrideUnsafe: exception:java.lang.SecurityException: Cannot override a change on a non-debuggable app and user build.
03-14 04:12:14.314 1523 7580 I thunderperf: CompatConfig.addOverrideUnsafe: aft-state=1
03-14 04:12:14.314 1523 7580 I thunderperf: CompatConfig.addOverrideUnsafe: bef-state=1
03-14 04:12:14.314 1523 7580 E thunderperf: CompatConfig.addOverrideUnsafe: exception:java.lang.SecurityException: Cannot override a change on a non-debuggable app and user build.
03-14 04:12:14.314 1523 7580 I thunderperf: CompatConfig.addOverrideUnsafe: aft-state=1
03-14 04:12:14.314 1523 7580 I thunderperf: CompatConfig.addOverrideUnsafe: bef-state=1
03-14 04:12:14.314 1523 7580 E thunderperf: CompatConfig.addOverrideUnsafe: exception:java.lang.SecurityException: Cannot override a change on a non-debuggable app and user build.
03-14 04:12:14.314 1523 7580 I thunderperf: CompatConfig.addOverrideUnsafe: aft-state=1
03-14 04:12:14.315 1523 7580 I thunderperf: CompatConfig.addOverrideUnsafe: bef-state=1
03-14 04:12:14.315 1523 7580 E thunderperf: CompatConfig.addOverrideUnsafe: exception:java.lang.SecurityException: Cannot override a change on a non-debuggable app and user build.
03-14 04:12:14.315 1523 7580 I thunderperf: CompatConfig.addOverrideUnsafe: aft-state=1
03-14 04:12:14.315 1523 7580 I thunderperf: CompatConfig.addOverrideUnsafe: bef-state=1
03-14 04:12:14.315 1523 7580 E thunderperf: CompatConfig.addOverrideUnsafe: exception:java.lang.SecurityException: Cannot override a change on a non-debuggable app and user build.
03-14 04:12:14.315 1523 7580 I thunderperf: CompatConfig.addOverrideUnsafe: aft-state=1
03-14 04:12:14.315 1523 7580 I thunderperf: CompatConfig.addOverrideUnsafe: bef-state=1
03-14 04:12:14.315 1523 7580 E thunderperf: CompatConfig.addOverrideUnsafe: exception:java.lang.SecurityException: Cannot override a change on a non-debuggable app and user build.
03-14 04:12:14.315 1523 7580 I thunderperf: CompatConfig.addOverrideUnsafe: aft-state=1
03-14 04:12:14.315 1523 7580 I thunderperf: CompatConfig.addOverrideUnsafe: bef-state=1
03-14 04:12:14.315 1523 7580 E thunderperf: CompatConfig.addOverrideUnsafe: exception:java.lang.SecurityException: Cannot override a change on a non-debuggable app and user build.
03-14 04:12:14.315 1523 7580 I thunderperf: CompatConfig.addOverrideUnsafe: aft-state=1
03-14 04:12:14.316 1523 7580 I thunderperf: CompatConfig.addOverrideUnsafe: bef-state=1
03-14 04:12:14.316 1523 7580 E thunderperf: CompatConfig.addOverrideUnsafe: exception:java.lang.SecurityException: Cannot override a change on a non-debuggable app and user build.
03-14 04:12:14.316 1523 7580 I thunderperf: CompatConfig.addOverrideUnsafe: aft-state=1
03-14 04:12:14.316 1523 7580 I thunderperf: CompatConfig.addOverrideUnsafe: bef-state=1
03-14 04:12:14.316 1523 7580 E thunderperf: CompatConfig.addOverrideUnsafe: exception:java.lang.SecurityException: Cannot override a change on a non-debuggable app and user build.
03-14 04:12:14.316 1523 7580 I thunderperf: CompatConfig.addOverrideUnsafe: aft-state=1
03-14 04:12:14.316 1523 7580 I thunderperf: CompatConfig.addOverrideUnsafe: bef-state=1
03-14 04:12:14.316 1523 7580 E thunderperf: CompatConfig.addOverrideUnsafe: exception:java.lang.SecurityException: Cannot override a change on a non-debuggable app and user build.
03-14 04:12:14.316 1523 7580 I thunderperf: CompatConfig.addOverrideUnsafe: aft-state=1
03-14 04:12:14.317 1523 7580 I ActivityTaskManager: START u0 {act=android.intent.action.VIEW dat=file:///data/user_de/0/com.android.packageinstaller/no_backup/package1538351602070919526.apk flg=0x10000 cmp=com.android.packageinstaller/.PackageInstallerActivity (has extras)} from uid 10031
03-14 04:12:14.319 1523 7580 I wm_task_moved: [22,1,8]
03-14 04:12:14.319 1523 7580 I wm_set_resumed_activity: [0,com.android.packageinstaller/.DeleteStagedFileOnResult,positionChildAt]
03-14 04:12:14.319 1523 7580 I wm_create_activity: [0,198007016,22,com.android.packageinstaller/.PackageInstallerActivity,android.intent.action.VIEW,NULL,file:///data/user_de/0/com.android.packageinstaller/no_backup/package1538351602070919526.apk,65536]
03-14 04:12:14.320 1523 7580 I wm_pause_activity: [0,33382352,com.android.packageinstaller/.DeleteStagedFileOnResult,userLeaving=true,resumeTopActivityInnerLocked]
03-14 04:12:14.321 4122 4122 I wm_on_create_called: [33382352,com.android.packageinstaller.DeleteStagedFileOnResult,performCreate]
03-14 04:12:14.322 4122 4122 I wm_on_start_called: [33382352,com.android.packageinstaller.DeleteStagedFileOnResult,handleStartActivity]
03-14 04:12:14.322 4122 4122 I wm_on_resume_called: [33382352,com.android.packageinstaller.DeleteStagedFileOnResult,RESUME_ACTIVITY]
03-14 04:12:14.325 1523 1654 I input_focus: [Focus request 5611da6 com.android.packageinstaller/com.android.packageinstaller.DeleteStagedFileOnResult,reason=UpdateInputWindows]
03-14 04:12:14.326 1523 1996 I input_focus: [Focus leaving 8b8feff com.android.packageinstaller/com.android.packageinstaller.InstallStaging (server),reason=NO_WINDOW]
03-14 04:12:14.327 4122 4122 I wm_on_top_resumed_gained_called: [33382352,com.android.packageinstaller.DeleteStagedFileOnResult,topStateChangedWhenResumed]
03-14 04:12:14.327 4122 4122 I wm_on_top_resumed_lost_called: [33382352,com.android.packageinstaller.DeleteStagedFileOnResult,topStateChangedWhenResumed]
03-14 04:12:14.327 4122 4122 I wm_on_paused_called: [33382352,com.android.packageinstaller.DeleteStagedFileOnResult,performPause]
03-14 04:12:14.329 1523 7580 I ActivityTaskManager: FOREGROUND_APPLICATION_CHANGED to com.android.packageinstaller.PackageInstallerActivity
03-14 04:12:14.329 1523 7580 I ActivityTaskManager: The Process com.android.packageinstaller Already Exists in BG. So sending its PID: 4122
03-14 04:12:14.330 1523 7580 W ActivityTaskManager: Tried to set launchTime (0) < mLastActivityLaunchTime (1284253)
03-14 04:12:14.331 1523 7580 I wm_restart_activity: [0,198007016,22,com.android.packageinstaller/.PackageInstallerActivity]
03-14 04:12:14.332 1523 7580 I wm_set_resumed_activity: [0,com.android.packageinstaller/.PackageInstallerActivity,minimalResumeActivityLocked]
03-14 04:12:14.337 1523 1653 I sysui_multi_action: [757,803,799,window_time_0,802,0]
03-14 04:12:14.355 4122 4122 W PackageParsing: Ignoring duplicate uses-permissions/uses-permissions-sdk-m: com.android.launcher2.permission.READ_SETTINGS in package: com.tencent.mobileqq at: Binary XML file line #109
03-14 04:12:14.355 4122 4122 W PackageParsing: Ignoring duplicate uses-permissions/uses-permissions-sdk-m: android.permission.WRITE_CONTACTS in package: com.tencent.mobileqq at: Binary XML file line #157
03-14 04:12:14.355 4122 4122 W PackageParsing: Ignoring duplicate uses-permissions/uses-permissions-sdk-m: com.tencent.msf.permission.account.sync in package: com.tencent.mobileqq at: Binary XML file line #217
03-14 04:12:14.355 4122 4122 W PackageParsing: Ignoring duplicate uses-permissions/uses-permissions-sdk-m: android.permission.CHANGE_WIFI_STATE in package: com.tencent.mobileqq at: Binary XML file line #223
03-14 04:12:14.355 4122 4122 W PackageParsing: Ignoring duplicate uses-permissions/uses-permissions-sdk-m: android.permission.INTERNET in package: com.tencent.mobileqq at: Binary XML file line #225
03-14 04:12:14.355 4122 4122 W PackageParsing: Ignoring duplicate uses-permissions/uses-permissions-sdk-m: android.permission.ACCESS_WIFI_STATE in package: com.tencent.mobileqq at: Binary XML file line #227
03-14 04:12:14.355 4122 4122 W PackageParsing: Ignoring duplicate uses-permissions/uses-permissions-sdk-m: android.permission.ACCESS_NETWORK_STATE in package: com.tencent.mobileqq at: Binary XML file line #229
03-14 04:12:14.355 4122 4122 W PackageParsing: Ignoring duplicate uses-permissions/uses-permissions-sdk-m: android.permission.CAMERA in package: com.tencent.mobileqq at: Binary XML file line #237
03-14 04:12:14.355 4122 4122 W PackageParsing: Ignoring duplicate uses-permissions/uses-permissions-sdk-m: android.permission.WAKE_LOCK in package: com.tencent.mobileqq at: Binary XML file line #239
03-14 04:12:14.355 4122 4122 W PackageParsing: Ignoring duplicate uses-permissions/uses-permissions-sdk-m: com.android.launcher.permission.INSTALL_SHORTCUT in package: com.tencent.mobileqq at: Binary XML file line #241
03-14 04:12:14.355 4122 4122 W PackageParsing: Ignoring duplicate uses-permissions/uses-permissions-sdk-m: android.permission.RECEIVE_BOOT_COMPLETED in package: com.tencent.mobileqq at: Binary XML file line #243
03-14 04:12:14.355 4122 4122 W PackageParsing: Ignoring duplicate uses-permissions/uses-permissions-sdk-m: com.tencent.msf.permission.account.sync in package: com.tencent.mobileqq at: Binary XML file line #247
03-14 04:12:14.355 4122 4122 W PackageParsing: Ignoring duplicate uses-permissions/uses-permissions-sdk-m: android.permission.BROADCAST_STICKY in package: com.tencent.mobileqq at: Binary XML file line #295
03-14 04:12:14.358 4122 4122 W PackageParsing: No actions in intent-filter at /data/user_de/0/com.android.packageinstaller/no_backup/package1538351602070919526.apk Binary XML file line #1375
03-14 04:12:14.370 4122 4122 I wm_on_create_called: [198007016,com.android.packageinstaller.PackageInstallerActivity,performCreate]
03-14 04:12:14.371 4122 4122 I wm_on_start_called: [198007016,com.android.packageinstaller.PackageInstallerActivity,handleStartActivity]
03-14 04:12:14.374 4122 4122 I wm_on_resume_called: [198007016,com.android.packageinstaller.PackageInstallerActivity,RESUME_ACTIVITY]
03-14 04:12:14.376 4122 4122 I wm_on_top_resumed_gained_called: [198007016,com.android.packageinstaller.PackageInstallerActivity,topStateChangedWhenResumed]
03-14 04:12:14.380 1523 1654 I input_focus: [Focus request c7ccc18 com.android.packageinstaller/com.android.packageinstaller.PackageInstallerActivity,reason=UpdateInputWindows]
03-14 04:12:14.385 1523 1650 I wm_activity_launch_time: [0,198007016,com.android.packageinstaller/.PackageInstallerActivity,84]
03-14 04:12:14.387 1523 1653 I wm_destroy_activity: [0,236068562,22,com.android.packageinstaller/.InstallStaging,finish-imm:transit]
03-14 04:12:14.394 1523 1996 I input_focus: [Focus entering 5611da6 com.android.packageinstaller/com.android.packageinstaller.DeleteStagedFileOnResult (server),reason=Window became focusable. Previous reason: NOT_VISIBLE]
03-14 04:12:14.394 1523 1996 I input_focus: [Focus leaving 5611da6 com.android.packageinstaller/com.android.packageinstaller.DeleteStagedFileOnResult (server),reason=setFocusedWindow]
03-14 04:12:14.394 1523 1996 I input_focus: [Focus entering c7ccc18 com.android.packageinstaller/com.android.packageinstaller.PackageInstallerActivity (server),reason=setFocusedWindow]
03-14 04:12:14.394 4122 4122 I wm_on_stop_called: [236068562,com.android.packageinstaller.InstallStaging,LIFECYCLER_STOP_ACTIVITY]
03-14 04:12:14.394 4122 4122 I wm_on_destroy_called: [236068562,com.android.packageinstaller.InstallStaging,performDestroy]
03-14 04:12:14.655 0 0 I auditd : type=1400 audit(0.0:2861): avc: denied { kill } for comm="swapper/3" capability=5 scontext=u:r:kernel:s0 tcontext=u:r:kernel:s0 tclass=capability permissive=0
03-14 04:12:14.668 1523 7580 W FreeFormWindowHelper: Current Display FreeFormTask is null
03-14 04:12:15.650 1523 1996 I input_interaction: Interaction with: c7ccc18 com.android.packageinstaller/com.android.packageinstaller.PackageInstallerActivity (server), edge-swipe (server), swipe-up (server), PointerEventDispatcher0 (server),
03-14 04:12:15.650 1523 1523 I service_manager_stats: [100,78,38810]
03-14 04:12:15.655 0 0 I auditd : type=1400 audit(0.0:2862): avc: denied { kill } for comm="swapper/3" capability=5 scontext=u:r:kernel:s0 tcontext=u:r:kernel:s0 tclass=capability permissive=0
03-14 04:12:15.761 1523 2438 I thunderperf: PlatormCompat.setOverrides: Uid1=10031 Pid1=4122 Uid2=10031 Pid2=4122
03-14 04:12:15.761 1523 2438 I thunderperf: PlatormCompat.setOverrides: needCheck:false
03-14 04:12:15.761 1523 2438 I thunderperf: CompatConfig.addOverrideUnsafe: bef-state=1
03-14 04:12:15.761 1523 2438 E thunderperf: CompatConfig.addOverrideUnsafe: exception:java.lang.SecurityException: Cannot override a change on a non-debuggable app and user build.
03-14 04:12:15.761 1523 2438 I thunderperf: CompatConfig.addOverrideUnsafe: aft-state=1
03-14 04:12:15.761 1523 2438 I thunderperf: CompatConfig.addOverrideUnsafe: bef-state=1
03-14 04:12:15.762 1523 2438 E thunderperf: CompatConfig.addOverrideUnsafe: exception:java.lang.SecurityException: Cannot override a change on a non-debuggable app and user build.
03-14 04:12:15.762 1523 2438 I thunderperf: CompatConfig.addOverrideUnsafe: aft-state=1
03-14 04:12:15.762 1523 2438 I thunderperf: CompatConfig.addOverrideUnsafe: bef-state=1
03-14 04:12:15.762 1523 2438 E thunderperf: CompatConfig.addOverrideUnsafe: exception:java.lang.SecurityException: Cannot override a change on a non-debuggable app and user build.
03-14 04:12:15.762 1523 2438 I thunderperf: CompatConfig.addOverrideUnsafe: aft-state=1
03-14 04:12:15.762 1523 2438 I thunderperf: CompatConfig.addOverrideUnsafe: bef-state=1
03-14 04:12:15.762 1523 2438 E thunderperf: CompatConfig.addOverrideUnsafe: exception:java.lang.SecurityException: Cannot override a change on a non-debuggable app and user build.
03-14 04:12:15.762 1523 2438 I thunderperf: CompatConfig.addOverrideUnsafe: aft-state=1
03-14 04:12:15.762 1523 2438 I thunderperf: CompatConfig.addOverrideUnsafe: bef-state=1
03-14 04:12:15.762 1523 2438 E thunderperf: CompatConfig.addOverrideUnsafe: exception:java.lang.SecurityException: Cannot override a change on a non-debuggable app and user build.
03-14 04:12:15.762 1523 2438 I thunderperf: CompatConfig.addOverrideUnsafe: aft-state=1
03-14 04:12:15.763 1523 2438 I thunderperf: CompatConfig.addOverrideUnsafe: bef-state=1
03-14 04:12:15.763 1523 2438 E thunderperf: CompatConfig.addOverrideUnsafe: exception:java.lang.SecurityException: Cannot override a change on a non-debuggable app and user build.
03-14 04:12:15.763 1523 2438 I thunderperf: CompatConfig.addOverrideUnsafe: aft-state=1
03-14 04:12:15.763 1523 2438 I thunderperf: CompatConfig.addOverrideUnsafe: bef-state=1
03-14 04:12:15.763 1523 2438 E thunderperf: CompatConfig.addOverrideUnsafe: exception:java.lang.SecurityException: Cannot override a change on a non-debuggable app and user build.
03-14 04:12:15.763 1523 2438 I thunderperf: CompatConfig.addOverrideUnsafe: aft-state=1
