03-14 04:10:44.313 1523 1654 I input_focus: [Focus request 9db496c com.android.packageinstaller/com.android.packageinstaller.PackageInstallerActivity,reason=UpdateInputWindows]
03-14 04:10:44.314 8328 8328 I wm_on_paused_called: [259568225,com.tencent.pangu.activity.InstallerListenerActivity,performPause]
03-14 04:10:44.316 1523 2438 D CompatibilityChangeReporter: Compat change id reported: 168419799; UID 10062; state: DISABLED
03-14 04:10:44.319 1523 2438 I ActivityTaskManager: The Process com.android.packageinstaller Already Exists in BG. So sending its PID: 4122
03-14 04:10:44.319 1523 2438 I am_uid_active: 10062
03-14 04:10:44.326 1523 7582 I ActivityTaskManager: START u0 {act=android.intent.action.VIEW dat=content://com.tencent.pangu.fileprovider/external_path/Android/data/com.tencent.android.qqdownloader/files/tassistant/apk/com.tencent.qqlive_27133.apk typ=application/vnd.android.package-archive flg=0x10000003 cmp=com.android.packageinstaller/.InstallStart} from uid 10093
03-14 04:10:44.327 1523 7582 W ActivityTaskManager: Activity is launching as a new task, so cancelling activity result.
03-14 04:10:44.327 1523 2461 I thunderperf: PlatormCompat.setOverrides: Uid1=10031 Pid1=4122 Uid2=10031 Pid2=4122
03-14 04:10:44.327 1523 2461 I thunderperf: PlatormCompat.setOverrides: needCheck:false
03-14 04:10:44.327 1523 2461 I thunderperf: CompatConfig.addOverrideUnsafe: bef-state=1
03-14 04:10:44.328 1523 2461 E thunderperf: CompatConfig.addOverrideUnsafe: exception:java.lang.SecurityException: Cannot override a change on a non-debuggable app and user build.
03-14 04:10:44.328 1523 2461 I thunderperf: CompatConfig.addOverrideUnsafe: aft-state=1
03-14 04:10:44.328 1523 7582 I wm_task_moved: [20,1,8]
03-14 04:10:44.328 1523 2461 I thunderperf: CompatConfig.addOverrideUnsafe: bef-state=1
03-14 04:10:44.328 1523 7582 I wm_create_activity: [0,60565993,20,com.android.packageinstaller/.InstallStart,android.intent.action.VIEW,application/vnd.android.package-archive,content://com.tencent.pangu.fileprovider/external_path/Android/data/com.tencent.android.qqdownloader/files/tassistant/apk/com.tencent.qqlive_27133.apk,276824067]
03-14 04:10:44.328 1523 2461 E thunderperf: CompatConfig.addOverrideUnsafe: exception:java.lang.SecurityException: Cannot override a change on a non-debuggable app and user build.
03-14 04:10:44.328 1523 2461 I thunderperf: CompatConfig.addOverrideUnsafe: aft-state=1
03-14 04:10:44.328 1523 7582 I ActivityTaskManager: The Process com.android.packageinstaller Already Exists in BG. So sending its PID: 4122
03-14 04:10:44.329 1523 2461 I thunderperf: CompatConfig.addOverrideUnsafe: bef-state=1
03-14 04:10:44.329 1523 2461 E thunderperf: CompatConfig.addOverrideUnsafe: exception:java.lang.SecurityException: Cannot override a change on a non-debuggable app and user build.
03-14 04:10:44.329 1523 2461 I thunderperf: CompatConfig.addOverrideUnsafe: aft-state=1
03-14 04:10:44.330 1523 2461 I thunderperf: CompatConfig.addOverrideUnsafe: bef-state=1
03-14 04:10:44.330 1523 2461 E thunderperf: CompatConfig.addOverrideUnsafe: exception:java.lang.SecurityException: Cannot override a change on a non-debuggable app and user build.
03-14 04:10:44.330 1523 2461 I thunderperf: CompatConfig.addOverrideUnsafe: aft-state=1
03-14 04:10:44.330 1523 2461 I thunderperf: CompatConfig.addOverrideUnsafe: bef-state=1
03-14 04:10:44.330 1523 2461 E thunderperf: CompatConfig.addOverrideUnsafe: exception:java.lang.SecurityException: Cannot override a change on a non-debuggable app and user build.
03-14 04:10:44.330 1523 2461 I thunderperf: CompatConfig.addOverrideUnsafe: aft-state=1
03-14 04:10:44.330 1523 2461 I thunderperf: CompatConfig.addOverrideUnsafe: bef-state=1
03-14 04:10:44.330 1523 2461 E thunderperf: CompatConfig.addOverrideUnsafe: exception:java.lang.SecurityException: Cannot override a change on a non-debuggable app and user build.
03-14 04:10:44.330 1523 2461 I thunderperf: CompatConfig.addOverrideUnsafe: aft-state=1
03-14 04:10:44.331 1523 2461 I thunderperf: CompatConfig.addOverrideUnsafe: bef-state=1
03-14 04:10:44.331 1523 2461 E thunderperf: CompatConfig.addOverrideUnsafe: exception:java.lang.SecurityException: Cannot override a change on a non-debuggable app and user build.
03-14 04:10:44.331 1523 2461 I thunderperf: CompatConfig.addOverrideUnsafe: aft-state=1
03-14 04:10:44.331 1523 2461 I thunderperf: CompatConfig.addOverrideUnsafe: bef-state=1
03-14 04:10:44.331 1523 2461 E thunderperf: CompatConfig.addOverrideUnsafe: exception:java.lang.SecurityException: Cannot override a change on a non-debuggable app and user build.
03-14 04:10:44.331 1523 2461 I thunderperf: CompatConfig.addOverrideUnsafe: aft-state=1
03-14 04:10:44.331 1523 2461 I thunderperf: CompatConfig.addOverrideUnsafe: bef-state=1
03-14 04:10:44.331 1523 2461 E thunderperf: CompatConfig.addOverrideUnsafe: exception:java.lang.SecurityException: Cannot override a change on a non-debuggable app and user build.
03-14 04:10:44.331 1523 2461 I thunderperf: CompatConfig.addOverrideUnsafe: aft-state=1
03-14 04:10:44.332 1523 2461 I thunderperf: CompatConfig.addOverrideUnsafe: bef-state=1
03-14 04:10:44.332 1523 2461 E thunderperf: CompatConfig.addOverrideUnsafe: exception:java.lang.SecurityException: Cannot override a change on a non-debuggable app and user build.
03-14 04:10:44.332 8328 8328 I wm_on_create_called: [173550321,com.tencent.pangu.activity.InstallerListenerActivity,performCreate]
03-14 04:10:44.332 1523 2461 I thunderperf: CompatConfig.addOverrideUnsafe: aft-state=1
03-14 04:10:44.333 1523 2461 I thunderperf: CompatConfig.addOverrideUnsafe: bef-state=1
03-14 04:10:44.333 1523 2461 E thunderperf: CompatConfig.addOverrideUnsafe: exception:java.lang.SecurityException: Cannot override a change on a non-debuggable app and user build.
03-14 04:10:44.333 1523 2461 I thunderperf: CompatConfig.addOverrideUnsafe: aft-state=1
03-14 04:10:44.333 1523 2461 I thunderperf: CompatConfig.addOverrideUnsafe: bef-state=1
03-14 04:10:44.333 1523 2461 E thunderperf: CompatConfig.addOverrideUnsafe: exception:java.lang.SecurityException: Cannot override a change on a non-debuggable app and user build.
03-14 04:10:44.333 1523 2461 I thunderperf: CompatConfig.addOverrideUnsafe: aft-state=1
03-14 04:10:44.334 1523 2461 I thunderperf: CompatConfig.addOverrideUnsafe: bef-state=1
03-14 04:10:44.334 1523 2461 E thunderperf: CompatConfig.addOverrideUnsafe: exception:java.lang.SecurityException: Cannot override a change on a non-debuggable app and user build.
03-14 04:10:44.334 1523 2461 I thunderperf: CompatConfig.addOverrideUnsafe: aft-state=1
03-14 04:10:44.335 1523 2461 I thunderperf: CompatConfig.addOverrideUnsafe: bef-state=1
03-14 04:10:44.335 1523 2461 E thunderperf: CompatConfig.addOverrideUnsafe: exception:java.lang.SecurityException: Cannot override a change on a non-debuggable app and user build.
03-14 04:10:44.335 1523 2461 I thunderperf: CompatConfig.addOverrideUnsafe: aft-state=1
03-14 04:10:44.335 8328 8328 I wm_on_start_called: [173550321,com.tencent.pangu.activity.InstallerListenerActivity,handleStartActivity]
03-14 04:10:44.336 8328 8328 I wm_on_resume_called: [173550321,com.tencent.pangu.activity.InstallerListenerActivity,LIFECYCLER_RESUME_ACTIVITY]
03-14 04:10:44.336 1523 2461 I ActivityTaskManager: START u0 {act=android.intent.action.VIEW dat=content://com.tencent.pangu.fileprovider/external_path/Android/data/com.tencent.android.qqdownloader/files/tassistant/apk/com.smile.gifmaker_29991.apk typ=application/vnd.android.package-archive flg=0x2000001 cmp=com.android.packageinstaller/.InstallStaging (has extras)} from uid 10031
03-14 04:10:44.338 1523 2461 I wm_task_moved: [20,1,8]
03-14 04:10:44.339 1523 2461 I wm_create_activity: [0,31862049,20,com.android.packageinstaller/.InstallStaging,android.intent.action.VIEW,application/vnd.android.package-archive,content://com.tencent.pangu.fileprovider/external_path/Android/data/com.tencent.android.qqdownloader/files/tassistant/apk/com.smile.gifmaker_29991.apk,33554433]
03-14 04:10:44.339 1523 2461 I ActivityTaskManager: The Process com.android.packageinstaller Already Exists in BG. So sending its PID: 4122
03-14 04:10:44.342 1523 10131 I wm_finish_activity: [0,63788327,20,com.android.packageinstaller/.InstallStart,app-request]
03-14 04:10:44.342 8328 8328 I wm_on_paused_called: [173550321,com.tencent.pangu.activity.InstallerListenerActivity,performPause]
03-14 04:10:44.342 1523 10131 I wm_add_to_stopping: [0,63788327,com.android.packageinstaller/.InstallStart,completeFinishing]
03-14 04:10:44.343 4122 4122 I wm_on_create_called: [63788327,com.android.packageinstaller.InstallStart,performCreate]
03-14 04:10:44.344 1523 2438 W FreeFormWindowHelper: Current Display FreeFormTask is null
03-14 04:10:44.345 4122 4122 I wm_on_top_resumed_lost_called: [123763887,com.android.packageinstaller.PackageInstallerActivity,topStateChangedWhenResumed]
03-14 04:10:44.345 4122 4122 I wm_on_paused_called: [123763887,com.android.packageinstaller.PackageInstallerActivity,performPause]
03-14 04:10:44.346 1523 2953 I ActivityTaskManager: The Process com.android.packageinstaller Already Exists in BG. So sending its PID: 4122
03-14 04:10:44.347 1523 1653 I sysui_multi_action: [757,803,799,window_time_0,802,0]
03-14 04:10:44.351 1523 2438 I ActivityTaskManager: START u0 {act=android.intent.action.VIEW dat=content://com.tencent.pangu.fileprovider/external_path/Android/data/com.tencent.android.qqdownloader/files/tassistant/apk/com.tencent.mobileqq_3772.apk typ=application/vnd.android.package-archive flg=0x10000003 cmp=com.android.packageinstaller/.InstallStart} from uid 10093
03-14 04:10:44.351 1523 2438 W ActivityTaskManager: Activity is launching as a new task, so cancelling activity result.
03-14 04:10:44.352 1523 2438 I wm_task_moved: [20,1,8]
03-14 04:10:44.352 1523 2438 I wm_create_activity: [0,99215134,20,com.android.packageinstaller/.InstallStart,android.intent.action.VIEW,application/vnd.android.package-archive,content://com.tencent.pangu.fileprovider/external_path/Android/data/com.tencent.android.qqdownloader/files/tassistant/apk/com.tencent.mobileqq_3772.apk,276824067]
03-14 04:10:44.353 1523 2438 I ActivityTaskManager: The Process com.android.packageinstaller Already Exists in BG. So sending its PID: 4122
03-14 04:10:44.354 8328 8328 I wm_on_create_called: [204038234,com.tencent.pangu.activity.InstallerListenerActivity,performCreate]
03-14 04:10:44.356 8328 8328 I wm_on_start_called: [204038234,com.tencent.pangu.activity.InstallerListenerActivity,handleStartActivity]
03-14 04:10:44.356 8328 8328 I wm_on_resume_called: [204038234,com.tencent.pangu.activity.InstallerListenerActivity,LIFECYCLER_RESUME_ACTIVITY]
03-14 04:10:44.358 8328 8328 I wm_on_paused_called: [204038234,com.tencent.pangu.activity.InstallerListenerActivity,performPause]
03-14 04:10:44.359 8328 8328 I wm_on_restart_called: [31544979,com.tencent.pangu.activity.InstallerListenerActivity,performRestartActivity]
03-14 04:10:44.359 8328 8328 I wm_on_start_called: [31544979,com.tencent.pangu.activity.InstallerListenerActivity,handleStartActivity]
03-14 04:10:44.359 8328 8328 I wm_on_restart_called: [233904099,com.tencent.pangu.activity.DownloadActivity,performRestartActivity]
03-14 04:10:44.360 8328 8328 I wm_on_start_called: [233904099,com.tencent.pangu.activity.DownloadActivity,handleStartActivity]
03-14 04:10:44.363 1523 2461 I wm_destroy_activity: [0,63788327,20,com.android.packageinstaller/.InstallStart,finish-imm:idle]
03-14 04:10:44.363 4122 4122 I wm_on_destroy_called: [63788327,com.android.packageinstaller.InstallStart,performDestroy]
03-14 04:10:44.396 8328 8328 I wm_on_paused_called: [62681421,com.tencent.pangu.activity.InstallerListenerActivity,performPause]
03-14 04:10:44.397 8328 8328 I wm_on_activity_result_called: [62681421,com.tencent.pangu.activity.InstallerListenerActivity,ACTIVITY_RESULT]
03-14 04:10:44.398 8328 8328 I wm_on_resume_called: [62681421,com.tencent.pangu.activity.InstallerListenerActivity,ACTIVITY_RESULT]
03-14 04:10:44.398 8328 8328 I wm_on_paused_called: [62681421,com.tencent.pangu.activity.InstallerListenerActivity,performPause]
03-14 04:10:44.399 1523 2461 I ActivityTaskManager: FOREGROUND_APPLICATION_CHANGED to com.android.packageinstaller.InstallStart
03-14 04:10:44.400 1523 2461 I ActivityTaskManager: The Process com.android.packageinstaller Already Exists in BG. So sending its PID: 4122
03-14 04:10:44.400 1523 2461 W ActivityTaskManager: Tried to set launchTime (0) < mLastActivityLaunchTime (1194212)
03-14 04:10:44.401 1523 2461 I wm_restart_activity: [0,99215134,20,com.android.packageinstaller/.InstallStart]
03-14 04:10:44.402 1523 2461 I wm_set_resumed_activity: [0,com.android.packageinstaller/.InstallStart,minimalResumeActivityLocked]
03-14 04:10:44.408 1523 1653 I sysui_multi_action: [757,803,799,window_time_0,802,0]
03-14 04:10:44.413 1523 2438 I thunderperf: PlatormCompat.setOverrides: Uid1=10031 Pid1=4122 Uid2=10031 Pid2=4122
03-14 04:10:44.413 1523 2438 I thunderperf: PlatormCompat.setOverrides: needCheck:false
03-14 04:10:44.413 1523 2438 I thunderperf: CompatConfig.addOverrideUnsafe: bef-state=1
03-14 04:10:44.413 1523 2438 E thunderperf: CompatConfig.addOverrideUnsafe: exception:java.lang.SecurityException: Cannot override a change on a non-debuggable app and user build.
03-14 04:10:44.413 1523 2438 I thunderperf: CompatConfig.addOverrideUnsafe: aft-state=1
03-14 04:10:44.414 1523 2438 I thunderperf: CompatConfig.addOverrideUnsafe: bef-state=1
03-14 04:10:44.414 1523 2438 E thunderperf: CompatConfig.addOverrideUnsafe: exception:java.lang.SecurityException: Cannot override a change on a non-debuggable app and user build.
03-14 04:10:44.414 1523 2438 I thunderperf: CompatConfig.addOverrideUnsafe: aft-state=1
03-14 04:10:44.414 1523 2438 I thunderperf: CompatConfig.addOverrideUnsafe: bef-state=1
03-14 04:10:44.414 1523 2438 E thunderperf: CompatConfig.addOverrideUnsafe: exception:java.lang.SecurityException: Cannot override a change on a non-debuggable app and user build.
03-14 04:10:44.414 1523 2438 I thunderperf: CompatConfig.addOverrideUnsafe: aft-state=1
03-14 04:10:44.414 1523 2438 I thunderperf: CompatConfig.addOverrideUnsafe: bef-state=1
03-14 04:10:44.415 1523 2438 E thunderperf: CompatConfig.addOverrideUnsafe: exception:java.lang.SecurityException: Cannot override a change on a non-debuggable app and user build.
03-14 04:10:44.415 1523 2438 I thunderperf: CompatConfig.addOverrideUnsafe: aft-state=1
03-14 04:10:44.415 1523 2438 I thunderperf: CompatConfig.addOverrideUnsafe: bef-state=1
03-14 04:10:44.415 1523 2438 E thunderperf: CompatConfig.addOverrideUnsafe: exception:java.lang.SecurityException: Cannot override a change on a non-debuggable app and user build.
03-14 04:10:44.415 1523 2438 I thunderperf: CompatConfig.addOverrideUnsafe: aft-state=1
03-14 04:10:44.415 1523 2438 I thunderperf: CompatConfig.addOverrideUnsafe: bef-state=1
03-14 04:10:44.415 1523 2438 E thunderperf: CompatConfig.addOverrideUnsafe: exception:java.lang.SecurityException: Cannot override a change on a non-debuggable app and user build.
03-14 04:10:44.415 1523 2438 I thunderperf: CompatConfig.addOverrideUnsafe: aft-state=1
03-14 04:10:44.415 1523 2438 I thunderperf: CompatConfig.addOverrideUnsafe: bef-state=1
03-14 04:10:44.415 1523 2438 E thunderperf: CompatConfig.addOverrideUnsafe: exception:java.lang.SecurityException: Cannot override a change on a non-debuggable app and user build.
03-14 04:10:44.415 1523 2438 I thunderperf: CompatConfig.addOverrideUnsafe: aft-state=1
03-14 04:10:44.416 1523 2438 I thunderperf: CompatConfig.addOverrideUnsafe: bef-state=1
03-14 04:10:44.416 1523 2438 E thunderperf: CompatConfig.addOverrideUnsafe: exception:java.lang.SecurityException: Cannot override a change on a non-debuggable app and user build.
03-14 04:10:44.416 1523 2438 I thunderperf: CompatConfig.addOverrideUnsafe: aft-state=1
03-14 04:10:44.416 1523 2438 I thunderperf: CompatConfig.addOverrideUnsafe: bef-state=1
03-14 04:10:44.416 1523 2438 E thunderperf: CompatConfig.addOverrideUnsafe: exception:java.lang.SecurityException: Cannot override a change on a non-debuggable app and user build.
03-14 04:10:44.416 1523 2438 I thunderperf: CompatConfig.addOverrideUnsafe: aft-state=1
03-14 04:10:44.416 1523 2438 I thunderperf: CompatConfig.addOverrideUnsafe: bef-state=1
03-14 04:10:44.416 1523 2438 E thunderperf: CompatConfig.addOverrideUnsafe: exception:java.lang.SecurityException: Cannot override a change on a non-debuggable app and user build.
03-14 04:10:44.416 1523 2438 I thunderperf: CompatConfig.addOverrideUnsafe: aft-state=1
03-14 04:10:44.417 1523 2438 I thunderperf: CompatConfig.addOverrideUnsafe: bef-state=1
03-14 04:10:44.417 1523 2438 E thunderperf: CompatConfig.addOverrideUnsafe: exception:java.lang.SecurityException: Cannot override a change on a non-debuggable app and user build.
03-14 04:10:44.417 1523 2438 I thunderperf: CompatConfig.addOverrideUnsafe: aft-state=1
03-14 04:10:44.417 1523 2438 I thunderperf: CompatConfig.addOverrideUnsafe: bef-state=1
03-14 04:10:44.417 1523 2438 E thunderperf: CompatConfig.addOverrideUnsafe: exception:java.lang.SecurityException: Cannot override a change on a non-debuggable app and user build.
03-14 04:10:44.417 1523 2438 I thunderperf: CompatConfig.addOverrideUnsafe: aft-state=1
03-14 04:10:44.417 1523 2438 I thunderperf: CompatConfig.addOverrideUnsafe: bef-state=1
03-14 04:10:44.417 1523 2438 E thunderperf: CompatConfig.addOverrideUnsafe: exception:java.lang.SecurityException: Cannot override a change on a non-debuggable app and user build.
03-14 04:10:44.417 1523 2438 I thunderperf: CompatConfig.addOverrideUnsafe: aft-state=1
03-14 04:10:44.418 1523 2438 I thunderperf: CompatConfig.addOverrideUnsafe: bef-state=1
03-14 04:10:44.418 1523 2438 E thunderperf: CompatConfig.addOverrideUnsafe: exception:java.lang.SecurityException: Cannot override a change on a non-debuggable app and user build.
03-14 04:10:44.418 1523 2438 I thunderperf: CompatConfig.addOverrideUnsafe: aft-state=1
03-14 04:10:44.419 1523 2438 I ActivityTaskManager: START u0 {act=android.intent.action.VIEW dat=content://com.tencent.pangu.fileprovider/external_path/Android/data/com.tencent.android.qqdownloader/files/tassistant/apk/com.tencent.mobileqq_3772.apk typ=application/vnd.android.package-archive flg=0x2000001 cmp=com.android.packageinstaller/.InstallStaging (has extras)} from uid 10031
03-14 04:10:44.421 1523 2438 I wm_task_moved: [20,1,8]
03-14 04:10:44.421 1523 2438 I wm_set_resumed_activity: [0,com.android.packageinstaller/.InstallStart,positionChildAt]
03-14 04:10:44.421 1523 2438 I wm_create_activity: [0,67162313,20,com.android.packageinstaller/.InstallStaging,android.intent.action.VIEW,application/vnd.android.package-archive,content://com.tencent.pangu.fileprovider/external_path/Android/data/com.tencent.android.qqdownloader/files/tassistant/apk/com.tencent.mobileqq_3772.apk,33554433]
03-14 04:10:44.421 1523 2438 I ActivityTaskManager: The Process com.android.packageinstaller Already Exists in BG. So sending its PID: 4122
03-14 04:10:44.421 1523 2438 W ActivityTaskManager: Tried to set launchTime (0) < mLastActivityLaunchTime (1194347)
03-14 04:10:44.422 1523 2438 I wm_restart_activity: [0,67162313,20,com.android.packageinstaller/.InstallStaging]
03-14 04:10:44.423 1523 2438 I wm_pause_activity: [0,99215134,com.android.packageinstaller/.InstallStart,userLeaving=true,resumeTopActivityInnerLocked]
03-14 04:10:44.425 1523 7582 I wm_finish_activity: [0,99215134,20,com.android.packageinstaller/.InstallStart,app-request]
03-14 04:10:44.425 4122 4122 I wm_on_create_called: [99215134,com.android.packageinstaller.InstallStart,performCreate]
03-14 04:10:44.435 4122 4122 I wm_on_create_called: [67162313,com.android.packageinstaller.InstallStaging,performCreate]
03-14 04:10:44.435 4122 4122 I wm_on_start_called: [67162313,com.android.packageinstaller.InstallStaging,handleStartActivity]
03-14 04:10:44.436 4122 4122 I wm_on_resume_called: [67162313,com.android.packageinstaller.InstallStaging,LIFECYCLER_RESUME_ACTIVITY]
03-14 04:10:44.438 4122 4122 I wm_on_paused_called: [67162313,com.android.packageinstaller.InstallStaging,performPause]
03-14 04:10:44.438 1523 7582 I wm_add_to_stopping: [0,99215134,com.android.packageinstaller/.InstallStart,completeFinishing]
03-14 04:10:44.438 1523 7582 I ActivityTaskManager: FOREGROUND_APPLICATION_CHANGED to com.android.packageinstaller.InstallStaging
03-14 04:10:44.439 1523 7582 I wm_set_resumed_activity: [0,com.android.packageinstaller/.InstallStaging,resumeTopActivityInnerLocked]
03-14 04:10:44.440 1523 7582 I wm_resume_activity: [0,67162313,20,com.android.packageinstaller/.InstallStaging]
03-14 04:10:44.444 1523 1653 I sysui_multi_action: [757,803,799,window_time_0,802,0]
03-14 04:10:44.446 1523 1654 I input_focus: [Focus request 71061fc com.android.packageinstaller/com.android.packageinstaller.InstallStaging,reason=UpdateInputWindows]
03-14 04:10:44.450 4122 4122 I wm_on_resume_called: [67162313,com.android.packageinstaller.InstallStaging,RESUME_ACTIVITY]
03-14 04:10:44.450 4122 4122 I wm_on_top_resumed_gained_called: [67162313,com.android.packageinstaller.InstallStaging,topWhenResuming]
03-14 04:10:44.477 1523 7582 I wm_destroy_activity: [0,99215134,20,com.android.packageinstaller/.InstallStart,finish-imm:idle]
03-14 04:10:44.479 4122 4122 I wm_on_destroy_called: [99215134,com.android.packageinstaller.InstallStart,performDestroy]
03-14 04:10:44.541 1523 2953 W FreeFormWindowHelper: Current Display FreeFormTask is null
03-14 04:10:44.655 0 0 I auditd : type=1400 audit(0.0:2692): avc: denied { kill } for comm="swapper/2" capability=5 scontext=u:r:kernel:s0 tcontext=u:r:kernel:s0 tclass=capability permissive=0
03-14 04:10:44.763 1523 2438 I thunderperf: PlatormCompat.setOverrides: Uid1=10031 Pid1=4122 Uid2=10031 Pid2=4122
03-14 04:10:44.763 1523 2438 I thunderperf: PlatormCompat.setOverrides: needCheck:false
03-14 04:10:44.763 1523 2438 I thunderperf: CompatConfig.addOverrideUnsafe: bef-state=1
03-14 04:10:44.763 1523 2438 E thunderperf: CompatConfig.addOverrideUnsafe: exception:java.lang.SecurityException: Cannot override a change on a non-debuggable app and user build.
03-14 04:10:44.763 1523 2438 I thunderperf: CompatConfig.addOverrideUnsafe: aft-state=1
03-14 04:10:44.763 1523 2438 I thunderperf: CompatConfig.addOverrideUnsafe: bef-state=1
03-14 04:10:44.763 1523 2438 E thunderperf: CompatConfig.addOverrideUnsafe: exception:java.lang.SecurityException: Cannot override a change on a non-debuggable app and user build.
03-14 04:10:44.763 1523 2438 I thunderperf: CompatConfig.addOverrideUnsafe: aft-state=1
03-14 04:10:44.764 1523 2438 I thunderperf: CompatConfig.addOverrideUnsafe: bef-state=1
03-14 04:10:44.764 1523 2438 E thunderperf: CompatConfig.addOverrideUnsafe: exception:java.lang.SecurityException: Cannot override a change on a non-debuggable app and user build.
03-14 04:10:44.764 1523 2438 I thunderperf: CompatConfig.addOverrideUnsafe: aft-state=1
03-14 04:10:44.764 1523 2438 I thunderperf: CompatConfig.addOverrideUnsafe: bef-state=1
03-14 04:10:44.764 1523 2438 E thunderperf: CompatConfig.addOverrideUnsafe: exception:java.lang.SecurityException: Cannot override a change on a non-debuggable app and user build.
03-14 04:10:44.764 1523 2438 I thunderperf: CompatConfig.addOverrideUnsafe: aft-state=1
03-14 04:10:44.764 1523 2438 I thunderperf: CompatConfig.addOverrideUnsafe: bef-state=1
03-14 04:10:44.764 1523 2438 E thunderperf: CompatConfig.addOverrideUnsafe: exception:java.lang.SecurityException: Cannot override a change on a non-debuggable app and user build.
03-14 04:10:44.764 1523 2438 I thunderperf: CompatConfig.addOverrideUnsafe: aft-state=1
03-14 04:10:44.764 1523 2438 I thunderperf: CompatConfig.addOverrideUnsafe: bef-state=1
03-14 04:10:44.764 1523 2438 E thunderperf: CompatConfig.addOverrideUnsafe: exception:java.lang.SecurityException: Cannot override a change on a non-debuggable app and user build.
03-14 04:10:44.765 1523 2438 I thunderperf: CompatConfig.addOverrideUnsafe: aft-state=1
03-14 04:10:44.765 1523 2438 I thunderperf: CompatConfig.addOverrideUnsafe: bef-state=1
03-14 04:10:44.765 1523 2438 E thunderperf: CompatConfig.addOverrideUnsafe: exception:java.lang.SecurityException: Cannot override a change on a non-debuggable app and user build.
03-14 04:10:44.765 1523 2438 I thunderperf: CompatConfig.addOverrideUnsafe: aft-state=1
03-14 04:10:44.765 1523 2438 I thunderperf: CompatConfig.addOverrideUnsafe: bef-state=1
03-14 04:10:44.765 1523 2438 E thunderperf: CompatConfig.addOverrideUnsafe: exception:java.lang.SecurityException: Cannot override a change on a non-debuggable app and user build.
03-14 04:10:44.765 1523 2438 I thunderperf: CompatConfig.addOverrideUnsafe: aft-state=1
03-14 04:10:44.765 1523 2438 I thunderperf: CompatConfig.addOverrideUnsafe: bef-state=1
03-14 04:10:44.765 1523 2438 E thunderperf: CompatConfig.addOverrideUnsafe: exception:java.lang.SecurityException: Cannot override a change on a non-debuggable app and user build.
03-14 04:10:44.765 1523 2438 I thunderperf: CompatConfig.addOverrideUnsafe: aft-state=1
03-14 04:10:44.766 1523 2438 I thunderperf: CompatConfig.addOverrideUnsafe: bef-state=1
03-14 04:10:44.766 1523 2438 E thunderperf: CompatConfig.addOverrideUnsafe: exception:java.lang.SecurityException: Cannot override a change on a non-debuggable app and user build.
03-14 04:10:44.766 1523 2438 I thunderperf: CompatConfig.addOverrideUnsafe: aft-state=1
03-14 04:10:44.766 1523 2438 I thunderperf: CompatConfig.addOverrideUnsafe: bef-state=1
03-14 04:10:44.766 1523 2438 E thunderperf: CompatConfig.addOverrideUnsafe: exception:java.lang.SecurityException: Cannot override a change on a non-debuggable app and user build.
03-14 04:10:44.766 1523 2438 I thunderperf: CompatConfig.addOverrideUnsafe: aft-state=1
03-14 04:10:44.766 1523 2438 I thunderperf: CompatConfig.addOverrideUnsafe: bef-state=1
03-14 04:10:44.766 1523 2438 E thunderperf: CompatConfig.addOverrideUnsafe: exception:java.lang.SecurityException: Cannot override a change on a non-debuggable app and user build.
03-14 04:10:44.766 1523 2438 I thunderperf: CompatConfig.addOverrideUnsafe: aft-state=1
03-14 04:10:44.766 1523 2438 I thunderperf: CompatConfig.addOverrideUnsafe: bef-state=1
03-14 04:10:44.767 1523 2438 E thunderperf: CompatConfig.addOverrideUnsafe: exception:java.lang.SecurityException: Cannot override a change on a non-debuggable app and user build.
03-14 04:10:44.767 1523 2438 I thunderperf: CompatConfig.addOverrideUnsafe: aft-state=1
03-14 04:10:44.767 1523 2438 I thunderperf: CompatConfig.addOverrideUnsafe: bef-state=1
03-14 04:10:44.767 1523 2438 E thunderperf: CompatConfig.addOverrideUnsafe: exception:java.lang.SecurityException: Cannot override a change on a non-debuggable app and user build.
03-14 04:10:44.767 1523 2438 I thunderperf: CompatConfig.addOverrideUnsafe: aft-state=1
03-14 04:10:44.768 1523 2438 I ActivityTaskManager: START u0 {act=android.intent.action.VIEW dat=file:///data/user_de/0/com.android.packageinstaller/no_backup/package4678142499875915968.apk flg=0x2010001 cmp=com.android.packageinstaller/.DeleteStagedFileOnResult (has extras)} from uid 10031
03-14 04:10:44.769 1523 2438 I wm_task_moved: [20,1,8]
03-14 04:10:44.769 1523 2438 I wm_set_resumed_activity: [0,com.android.packageinstaller/.InstallStaging,positionChildAt]
03-14 04:10:44.769 1523 2438 I wm_create_activity: [0,102823060,20,com.android.packageinstaller/.DeleteStagedFileOnResult,android.intent.action.VIEW,NULL,file:///data/user_de/0/com.android.packageinstaller/no_backup/package4678142499875915968.apk,33619969]
03-14 04:10:44.770 1523 2438 I ActivityTaskManager: The Process com.android.packageinstaller Already Exists in BG. So sending its PID: 4122
03-14 04:10:44.770 1523 2438 W ActivityTaskManager: Tried to set launchTime (0) < mLastActivityLaunchTime (1194368)
03-14 04:10:44.770 1523 2438 I wm_restart_activity: [0,102823060,20,com.android.packageinstaller/.DeleteStagedFileOnResult]
03-14 04:10:44.771 1523 2438 I wm_pause_activity: [0,67162313,com.android.packageinstaller/.InstallStaging,userLeaving=true,resumeTopActivityInnerLocked]
03-14 04:10:44.773 1523 2953 I wm_finish_activity: [0,67162313,20,com.android.packageinstaller/.InstallStaging,app-request]
03-14 04:10:44.775 1523 2953 I thunderperf: PlatormCompat.setOverrides: Uid1=10031 Pid1=4122 Uid2=10031 Pid2=4122
03-14 04:10:44.775 1523 2953 I thunderperf: PlatormCompat.setOverrides: needCheck:false
03-14 04:10:44.775 1523 2953 I thunderperf: CompatConfig.addOverrideUnsafe: bef-state=1
03-14 04:10:44.775 1523 2953 E thunderperf: CompatConfig.addOverrideUnsafe: exception:java.lang.SecurityException: Cannot override a change on a non-debuggable app and user build.
03-14 04:10:44.775 1523 2953 I thunderperf: CompatConfig.addOverrideUnsafe: aft-state=1
03-14 04:10:44.775 1523 2953 I thunderperf: CompatConfig.addOverrideUnsafe: bef-state=1
03-14 04:10:44.775 1523 2953 E thunderperf: CompatConfig.addOverrideUnsafe: exception:java.lang.SecurityException: Cannot override a change on a non-debuggable app and user build.
03-14 04:10:44.775 1523 2953 I thunderperf: CompatConfig.addOverrideUnsafe: aft-state=1
03-14 04:10:44.776 1523 2953 I thunderperf: CompatConfig.addOverrideUnsafe: bef-state=1
03-14 04:10:44.776 1523 2953 E thunderperf: CompatConfig.addOverrideUnsafe: exception:java.lang.SecurityException: Cannot override a change on a non-debuggable app and user build.
03-14 04:10:44.776 1523 2953 I thunderperf: CompatConfig.addOverrideUnsafe: aft-state=1
03-14 04:10:44.776 1523 2953 I thunderperf: CompatConfig.addOverrideUnsafe: bef-state=1
03-14 04:10:44.776 1523 2953 E thunderperf: CompatConfig.addOverrideUnsafe: exception:java.lang.SecurityException: Cannot override a change on a non-debuggable app and user build.
03-14 04:10:44.776 1523 2953 I thunderperf: CompatConfig.addOverrideUnsafe: aft-state=1
03-14 04:10:44.776 1523 2953 I thunderperf: CompatConfig.addOverrideUnsafe: bef-state=1
03-14 04:10:44.776 1523 2953 E thunderperf: CompatConfig.addOverrideUnsafe: exception:java.lang.SecurityException: Cannot override a change on a non-debuggable app and user build.
03-14 04:10:44.776 1523 2953 I thunderperf: CompatConfig.addOverrideUnsafe: aft-state=1
03-14 04:10:44.776 1523 2953 I thunderperf: CompatConfig.addOverrideUnsafe: bef-state=1
03-14 04:10:44.777 1523 2953 E thunderperf: CompatConfig.addOverrideUnsafe: exception:java.lang.SecurityException: Cannot override a change on a non-debuggable app and user build.
03-14 04:10:44.777 1523 2953 I thunderperf: CompatConfig.addOverrideUnsafe: aft-state=1
03-14 04:10:44.777 1523 2953 I thunderperf: CompatConfig.addOverrideUnsafe: bef-state=1
03-14 04:10:44.777 1523 2953 E thunderperf: CompatConfig.addOverrideUnsafe: exception:java.lang.SecurityException: Cannot override a change on a non-debuggable app and user build.
03-14 04:10:44.777 1523 2953 I thunderperf: CompatConfig.addOverrideUnsafe: aft-state=1
03-14 04:10:44.777 1523 2953 I thunderperf: CompatConfig.addOverrideUnsafe: bef-state=1
03-14 04:10:44.777 1523 2953 E thunderperf: CompatConfig.addOverrideUnsafe: exception:java.lang.SecurityException: Cannot override a change on a non-debuggable app and user build.
03-14 04:10:44.777 1523 2953 I thunderperf: CompatConfig.addOverrideUnsafe: aft-state=1
03-14 04:10:44.777 1523 2953 I thunderperf: CompatConfig.addOverrideUnsafe: bef-state=1
03-14 04:10:44.777 1523 2953 E thunderperf: CompatConfig.addOverrideUnsafe: exception:java.lang.SecurityException: Cannot override a change on a non-debuggable app and user build.
03-14 04:10:44.777 1523 2953 I thunderperf: CompatConfig.addOverrideUnsafe: aft-state=1
03-14 04:10:44.778 1523 2953 I thunderperf: CompatConfig.addOverrideUnsafe: bef-state=1
03-14 04:10:44.778 1523 2953 E thunderperf: CompatConfig.addOverrideUnsafe: exception:java.lang.SecurityException: Cannot override a change on a non-debuggable app and user build.
03-14 04:10:44.778 1523 2953 I thunderperf: CompatConfig.addOverrideUnsafe: aft-state=1
03-14 04:10:44.778 1523 2953 I thunderperf: CompatConfig.addOverrideUnsafe: bef-state=1
03-14 04:10:44.778 1523 2953 E thunderperf: CompatConfig.addOverrideUnsafe: exception:java.lang.SecurityException: Cannot override a change on a non-debuggable app and user build.
03-14 04:10:44.778 1523 2953 I thunderperf: CompatConfig.addOverrideUnsafe: aft-state=1
03-14 04:10:44.778 1523 2953 I thunderperf: CompatConfig.addOverrideUnsafe: bef-state=1
03-14 04:10:44.778 1523 2953 E thunderperf: CompatConfig.addOverrideUnsafe: exception:java.lang.SecurityException: Cannot override a change on a non-debuggable app and user build.
03-14 04:10:44.778 1523 2953 I thunderperf: CompatConfig.addOverrideUnsafe: aft-state=1
03-14 04:10:44.778 1523 2953 I thunderperf: CompatConfig.addOverrideUnsafe: bef-state=1
03-14 04:10:44.779 1523 2953 E thunderperf: CompatConfig.addOverrideUnsafe: exception:java.lang.SecurityException: Cannot override a change on a non-debuggable app and user build.
03-14 04:10:44.779 1523 2953 I thunderperf: CompatConfig.addOverrideUnsafe: aft-state=1
03-14 04:10:44.779 1523 2953 I thunderperf: CompatConfig.addOverrideUnsafe: bef-state=1
03-14 04:10:44.779 1523 2953 E thunderperf: CompatConfig.addOverrideUnsafe: exception:java.lang.SecurityException: Cannot override a change on a non-debuggable app and user build.
03-14 04:10:44.779 1523 2953 I thunderperf: CompatConfig.addOverrideUnsafe: aft-state=1
03-14 04:10:44.780 1523 2953 I ActivityTaskManager: START u0 {act=android.intent.action.VIEW dat=file:///data/user_de/0/com.android.packageinstaller/no_backup/package4678142499875915968.apk flg=0x10000 cmp=com.android.packageinstaller/.PackageInstallerActivity (has extras)} from uid 10031
03-14 04:10:44.781 1523 2953 I service_manager_stats: [100,56,727145]
03-14 04:10:44.782 1523 2953 I wm_task_moved: [20,1,8]
03-14 04:10:44.782 1523 2953 I wm_create_activity: [0,204588163,20,com.android.packageinstaller/.PackageInstallerActivity,android.intent.action.VIEW,NULL,file:///data/user_de/0/com.android.packageinstaller/no_backup/package4678142499875915968.apk,65536]
03-14 04:10:44.782 1523 2953 I ActivityTaskManager: The Process com.android.packageinstaller Already Exists in BG. So sending its PID: 4122
03-14 04:10:44.784 4122 4122 I wm_on_create_called: [102823060,com.android.packageinstaller.DeleteStagedFileOnResult,performCreate]
03-14 04:10:44.785 4122 4122 I wm_on_start_called: [102823060,com.android.packageinstaller.DeleteStagedFileOnResult,handleStartActivity]
03-14 04:10:44.785 4122 4122 I wm_on_resume_called: [102823060,com.android.packageinstaller.DeleteStagedFileOnResult,LIFECYCLER_RESUME_ACTIVITY]
03-14 04:10:44.787 4122 4122 I wm_on_paused_called: [102823060,com.android.packageinstaller.DeleteStagedFileOnResult,performPause]
03-14 04:10:44.787 4122 4122 I wm_on_top_resumed_lost_called: [67162313,com.android.packageinstaller.InstallStaging,topStateChangedWhenResumed]
03-14 04:10:44.787 4122 4122 I wm_on_paused_called: [67162313,com.android.packageinstaller.InstallStaging,performPause]
03-14 04:10:44.787 1523 7582 I wm_add_to_stopping: [0,67162313,com.android.packageinstaller/.InstallStaging,completeFinishing]
03-14 04:10:44.787 1523 7582 I ActivityTaskManager: FOREGROUND_APPLICATION_CHANGED to com.android.packageinstaller.PackageInstallerActivity
03-14 04:10:44.787 1523 7582 I ActivityTaskManager: The Process com.android.packageinstaller Already Exists in BG. So sending its PID: 4122
03-14 04:10:44.788 1523 7582 W ActivityTaskManager: Tried to set launchTime (0) < mLastActivityLaunchTime (1194716)
03-14 04:10:44.788 1523 7582 I wm_restart_activity: [0,204588163,20,com.android.packageinstaller/.PackageInstallerActivity]
03-14 04:10:44.789 1523 7582 I wm_set_resumed_activity: [0,com.android.packageinstaller/.PackageInstallerActivity,minimalResumeActivityLocked]
03-14 04:10:44.793 1523 1653 I sysui_multi_action: [757,803,799,window_time_0,802,0]
03-14 04:10:44.816 4122 4122 W PackageParsing: Ignoring duplicate uses-permissions/uses-permissions-sdk-m: com.android.launcher2.permission.READ_SETTINGS in package: com.tencent.mobileqq at: Binary XML file line #109
03-14 04:10:44.817 4122 4122 W PackageParsing: Ignoring duplicate uses-permissions/uses-permissions-sdk-m: android.permission.WRITE_CONTACTS in package: com.tencent.mobileqq at: Binary XML file line #157
03-14 04:10:44.817 4122 4122 W PackageParsing: Ignoring duplicate uses-permissions/uses-permissions-sdk-m: com.tencent.msf.permission.account.sync in package: com.tencent.mobileqq at: Binary XML file line #217
03-14 04:10:44.817 4122 4122 W PackageParsing: Ignoring duplicate uses-permissions/uses-permissions-sdk-m: android.permission.CHANGE_WIFI_STATE in package: com.tencent.mobileqq at: Binary XML file line #223
03-14 04:10:44.817 4122 4122 W PackageParsing: Ignoring duplicate uses-permissions/uses-permissions-sdk-m: android.permission.INTERNET in package: com.tencent.mobileqq at: Binary XML file line #225
03-14 04:10:44.817 4122 4122 W PackageParsing: Ignoring duplicate uses-permissions/uses-permissions-sdk-m: android.permission.ACCESS_WIFI_STATE in package: com.tencent.mobileqq at: Binary XML file line #227
03-14 04:10:44.817 4122 4122 W PackageParsing: Ignoring duplicate uses-permissions/uses-permissions-sdk-m: android.permission.ACCESS_NETWORK_STATE in package: com.tencent.mobileqq at: Binary XML file line #229
03-14 04:10:44.817 4122 4122 W PackageParsing: Ignoring duplicate uses-permissions/uses-permissions-sdk-m: android.permission.CAMERA in package: com.tencent.mobileqq at: Binary XML file line #237
03-14 04:10:44.817 4122 4122 W PackageParsing: Ignoring duplicate uses-permissions/uses-permissions-sdk-m: android.permission.WAKE_LOCK in package: com.tencent.mobileqq at: Binary XML file line #239
03-14 04:10:44.817 4122 4122 W PackageParsing: Ignoring duplicate uses-permissions/uses-permissions-sdk-m: com.android.launcher.permission.INSTALL_SHORTCUT in package: com.tencent.mobileqq at: Binary XML file line #241
03-14 04:10:44.817 4122 4122 W PackageParsing: Ignoring duplicate uses-permissions/uses-permissions-sdk-m: android.permission.RECEIVE_BOOT_COMPLETED in package: com.tencent.mobileqq at: Binary XML file line #243
03-14 04:10:44.817 4122 4122 W PackageParsing: Ignoring duplicate uses-permissions/uses-permissions-sdk-m: com.tencent.msf.permission.account.sync in package: com.tencent.mobileqq at: Binary XML file line #247
03-14 04:10:44.817 4122 4122 W PackageParsing: Ignoring duplicate uses-permissions/uses-permissions-sdk-m: android.permission.BROADCAST_STICKY in package: com.tencent.mobileqq at: Binary XML file line #295
03-14 04:10:44.820 4122 4122 W PackageParsing: No actions in intent-filter at /data/user_de/0/com.android.packageinstaller/no_backup/package4678142499875915968.apk Binary XML file line #1375
03-14 04:10:44.834 4122 4122 I wm_on_create_called: [204588163,com.android.packageinstaller.PackageInstallerActivity,performCreate]
03-14 04:10:44.835 4122 4122 I wm_on_start_called: [204588163,com.android.packageinstaller.PackageInstallerActivity,handleStartActivity]
03-14 04:10:44.838 4122 4122 I wm_on_resume_called: [204588163,com.android.packageinstaller.PackageInstallerActivity,RESUME_ACTIVITY]
03-14 04:10:44.845 4122 4122 I wm_on_top_resumed_gained_called: [204588163,com.android.packageinstaller.PackageInstallerActivity,topStateChangedWhenResumed]
03-14 04:10:44.850 1523 1654 I input_focus: [Focus request 8f8bb71 com.android.packageinstaller/com.android.packageinstaller.PackageInstallerActivity,reason=UpdateInputWindows]
03-14 04:10:44.881 1523 2438 I wm_destroy_activity: [0,67162313,20,com.android.packageinstaller/.InstallStaging,finish-imm:idle]
03-14 04:10:44.881 4122 4122 I wm_on_stop_called: [67162313,com.android.packageinstaller.InstallStaging,LIFECYCLER_STOP_ACTIVITY]
03-14 04:10:44.881 4122 4122 I wm_on_destroy_called: [67162313,com.android.packageinstaller.InstallStaging,performDestroy]
03-14 04:10:44.891 1523 7582 W FreeFormWindowHelper: Current Display FreeFormTask is null
03-14 04:10:45.655 0 0 I auditd : type=1400 audit(0.0:2693): avc: denied { kill } for comm="swapper/2" capability=5 scontext=u:r:kernel:s0 tcontext=u:r:kernel:s0 tclass=capability permissive=0
03-14 04:10:46.655 0 0 I auditd : type=1400 audit(0.0:2694): avc: denied { kill } for comm="swapper/2" capability=5 scontext=u:r:kernel:s0 tcontext=u:r:kernel:s0 tclass=capability permissive=0
03-14 04:10:47.655 0 0 I auditd : type=1400 audit(0.0:2695): avc: denied { kill } for comm="swapper/2" capability=5 scontext=u:r:kernel:s0 tcontext=u:r:kernel:s0 tclass=capability permissive=0
03-14 04:10:48.655 0 0 I auditd : type=1400 audit(0.0:2696): avc: denied { kill } for comm="swapper/2" capability=5 scontext=u:r:kernel:s0 tcontext=u:r:kernel:s0 tclass=capability permissive=0
03-14 04:10:49.231 1523 1650 W DreamController: Stubborn dream did not finish itself in the time allotted
03-14 04:10:49.231 1523 1650 I DreamController: Stopping dream: name=ComponentInfo{com.thundercomm.screensaver/com.thundercomm.screensaver.service.SystemDream}, isTest=false, canDoze=false, userId=0, reason='slow to finish'(from 'finished self')
03-14 04:10:49.231 1523 1650 I sysui_multi_action: [757,222,758,2]
03-14 04:10:49.231 1523 1650 I sysui_multi_action: [757,804,799,dreaming_minutes,801,12,802,1]
01-01 12:52:58.219 0 0 I msm_vidc: err : ffffffff: .....: DBLP Set: status 0
03-14 04:10:49.655 0 0 I auditd : type=1400 audit(0.0:2697): avc: denied { kill } for comm="swapper/2" capability=5 scontext=u:r:kernel:s0 tcontext=u:r:kernel:s0 tclass=capability permissive=0
03-14 04:10:49.842 1523 1996 I input_focus: [Focus entering 8f8bb71 com.android.packageinstaller/com.android.packageinstaller.PackageInstallerActivity (server),reason=Window became focusable. Previous reason: NOT_VISIBLE]
03-14 04:10:50.628 1523 1653 I wm_destroy_activity: [0,231467847,21,com.thundercomm.screensaver/android.service.dreams.DreamActivity,finish-imm:idle]
03-14 04:10:50.661 6318 6318 I wm_on_stop_called: [231467847,android.service.dreams.DreamActivity,LIFECYCLER_STOP_ACTIVITY]
03-14 04:10:50.663 6318 6318 I wm_on_destroy_called: [231467847,android.service.dreams.DreamActivity,performDestroy]
03-14 04:10:50.663 6318 6318 W DreamService[SystemDream]: Finish was called before the dream was attached.
03-14 04:10:50.692 1523 1653 I sysui_multi_action: [757,803,799,window_time_0,802,6]
03-14 04:10:50.694 1523 7582 I wm_task_removed: [21,removeChild:removeChild last r=ActivityRecord{dcbeb47 u0 com.thundercomm.screensaver/android.service.dreams.DreamActivity t-1 f}} in t=Task{a75ded1 #21 type=dream A=10049:android:com.thundercomm.screensaver/dream U=0 visible=false mode=fullscreen translucent=true sz=0}]
03-14 04:10:50.694 1523 7582 I wm_task_removed: [21,removeChild]
03-14 04:10:50.696 1523 1654 W ActivityTaskManager: Can't find TaskDisplayArea to determine support for multi window. Task id=21 attached=false
03-14 04:10:50.696 1523 1653 I sysui_multi_action: [757,803,799,window_time_0,802,0]
03-14 04:10:50.697 1523 1653 I sysui_multi_action: [757,803,799,window_time_0,802,0]
03-14 04:10:50.697 1523 1653 I sysui_multi_action: [757,803,799,window_time_0,802,0]
03-14 04:10:50.697 1523 1653 I sysui_multi_action: [757,803,799,window_time_0,802,0]
03-14 04:10:50.792 1523 2953 W FreeFormWindowHelper: Current Display FreeFormTask is null
03-14 04:10:51.655 0 0 I auditd : type=1400 audit(0.0:2698): avc: denied { kill } for comm="swapper/2" capability=5 scontext=u:r:kernel:s0 tcontext=u:r:kernel:s0 tclass=capability permissive=0
03-14 04:10:52.655 0 0 I auditd : type=1400 audit(0.0:2699): avc: denied { kill } for comm="swapper/2" capability=5 scontext=u:r:kernel:s0 tcontext=u:r:kernel:s0 tclass=capability permissive=0
03-14 04:10:53.655 0 0 I auditd : type=1400 audit(0.0:2700): avc: denied { kill } for comm="swapper/2" capability=5 scontext=u:r:kernel:s0 tcontext=u:r:kernel:s0 tclass=capability permissive=0
01-01 12:53:02.859 0 0 I msm_vidc: err : ffffffff: .....: DBLP Set: status 0
03-14 04:10:54.655 0 0 I auditd : type=1400 audit(0.0:2701): avc: denied { kill } for comm="swapper/2" capability=5 scontext=u:r:kernel:s0 tcontext=u:r:kernel:s0 tclass=capability permissive=0
03-14 04:10:55.655 0 0 I auditd : type=1400 audit(0.0:2702): avc: denied { kill } for comm="swapper/2" capability=5 scontext=u:r:kernel:s0 tcontext=u:r:kernel:s0 tclass=capability permissive=0
03-14 04:10:55.878 1523 1523 I notification_enqueue: [10093,8290,com.tencent.android.qqdownloader,127,NULL,0,Notification(channel=channel_id_default_silent shortcut=null contentView=com.tencent.android.qqdownloader/0x7f0a01c2 vibrate=null sound=null defaults=0x0 flags=0x2a0 color=0x00000000 groupKey=com.tencent.android.qqdownloader vis=PRIVATE),1]
03-14 04:10:56.081 1523 1523 I GameModeConfig: isGameModeOn = false
03-14 04:10:56.655 0 0 I auditd : type=1400 audit(0.0:2703): avc: denied { kill } for comm="swapper/2" capability=5 scontext=u:r:kernel:s0 tcontext=u:r:kernel:s0 tclass=capability permissive=0
03-14 04:10:57.655 0 0 I auditd : type=1400 audit(0.0:2704): avc: denied { kill } for comm="swapper/2" capability=5 scontext=u:r:kernel:s0 tcontext=u:r:kernel:s0 tclass=capability permissive=0
03-14 04:10:58.655 0 0 I auditd : type=1400 audit(0.0:2705): avc: denied { kill } for comm="swapper/2" capability=5 scontext=u:r:kernel:s0 tcontext=u:r:kernel:s0 tclass=capability permissive=0
01-01 12:53:07.659 0 0 I msm_vidc: err : ffffffff: .....: DBLP Set: status 0
03-14 04:10:59.655 0 0 I auditd : type=1400 audit(0.0:2706): avc: denied { kill } for comm="swapper/2" capability=5 scontext=u:r:kernel:s0 tcontext=u:r:kernel:s0 tclass=capability permissive=0
03-14 04:11:00.655 0 0 I auditd : type=1400 audit(0.0:2707): avc: denied { kill } for comm="swapper/2" capability=5 scontext=u:r:kernel:s0 tcontext=u:r:kernel:s0 tclass=capability permissive=0
03-14 04:11:00.751 1523 1996 I input_interaction: Interaction with: 8f8bb71 com.android.packageinstaller/com.android.packageinstaller.PackageInstallerActivity (server), edge-swipe (server), swipe-up (server), PointerEventDispatcher0 (server),
03-14 04:11:00.939 1523 7582 I ActivityTaskManager: START u0 {act=android.settings.MANAGE_UNKNOWN_APP_SOURCES dat=package:com.tencent.android.qqdownloader flg=0x40000000 cmp=com.android.settings/.Settings$ManageAppExternalSourcesActivity} from uid 10031
03-14 04:11:00.943 1523 7582 I wm_task_moved: [20,1,8]
03-14 04:11:00.944 1523 7582 I wm_set_resumed_activity: [0,com.android.packageinstaller/.PackageInstallerActivity,positionChildAt]
03-14 04:11:00.944 1523 7582 I wm_create_activity: [0,97110639,20,com.android.settings/.Settings$ManageAppExternalSourcesActivity,android.settings.MANAGE_UNKNOWN_APP_SOURCES,NULL,package:com.tencent.android.qqdownloader,1073741824]
03-14 04:11:00.945 1523 7582 I wm_pause_activity: [0,204588163,com.android.packageinstaller/.PackageInstallerActivity,userLeaving=true,resumeTopActivityInnerLocked]
03-14 04:11:00.949 1523 1653 D CompatibilityChangeReporter: Compat change id reported: 135634846; UID 1000; state: DISABLED
03-14 04:11:00.949 1523 1653 D CompatibilityChangeReporter: Compat change id reported: 177438394; UID 1000; state: DISABLED
03-14 04:11:00.949 1523 1653 D CompatibilityChangeReporter: Compat change id reported: 135772972; UID 1000; state: DISABLED
03-14 04:11:00.949 1523 1653 D CompatibilityChangeReporter: Compat change id reported: 135754954; UID 1000; state: ENABLED
03-14 04:11:00.952 1523 1654 I input_focus: [Focus request 2b808e2 com.android.packageinstaller/com.android.packageinstaller.PackageInstallerActivity,reason=UpdateInputWindows]
03-14 04:11:00.952 4122 4122 I wm_on_top_resumed_lost_called: [204588163,com.android.packageinstaller.PackageInstallerActivity,topStateChangedWhenResumed]
03-14 04:11:00.952 4122 4122 I wm_on_paused_called: [204588163,com.android.packageinstaller.PackageInstallerActivity,performPause]
03-14 04:11:00.953 1523 10131 I ActivityTaskManager: FOREGROUND_APPLICATION_CHANGED to com.android.settings.Settings$ManageAppExternalSourcesActivity
03-14 04:11:00.953 1523 10131 I wm_add_to_stopping: [0,204588163,com.android.packageinstaller/.PackageInstallerActivity,makeInvisible]
03-14 04:11:00.953 1523 10131 I wm_add_to_stopping: [0,102823060,com.android.packageinstaller/.DeleteStagedFileOnResult,makeInvisible]
03-14 04:11:00.953 1523 10131 I wm_add_to_stopping: [0,31862049,com.android.packageinstaller/.InstallStaging,makeInvisible]
03-14 04:11:00.953 1523 10131 I wm_add_to_stopping: [0,60565993,com.android.packageinstaller/.InstallStart,makeInvisible]
03-14 04:11:00.953 1523 10131 I wm_add_to_stopping: [0,75330993,com.android.packageinstaller/.InstallStart,makeInvisible]
03-14 04:11:00.953 1523 10131 I wm_add_to_stopping: [0,123763887,com.android.packageinstaller/.PackageInstallerActivity,makeInvisible]
03-14 04:11:00.953 1523 10131 I wm_add_to_stopping: [0,185896118,com.android.packageinstaller/.DeleteStagedFileOnResult,makeInvisible]
03-14 04:11:00.953 1523 10131 I wm_add_to_stopping: [0,62681421,com.tencent.android.qqdownloader/com.tencent.pangu.activity.InstallerListenerActivity,makeInvisible]
03-14 04:11:00.953 1523 10131 I wm_add_to_stopping: [0,259568225,com.tencent.android.qqdownloader/com.tencent.pangu.activity.InstallerListenerActivity,makeInvisible]
03-14 04:11:00.953 1523 10131 I wm_add_to_stopping: [0,173550321,com.tencent.android.qqdownloader/com.tencent.pangu.activity.InstallerListenerActivity,makeInvisible]
03-14 04:11:00.953 1523 10131 I wm_add_to_stopping: [0,204038234,com.tencent.android.qqdownloader/com.tencent.pangu.activity.InstallerListenerActivity,makeInvisible]
03-14 04:11:00.953 1523 10131 I wm_add_to_stopping: [0,31544979,com.tencent.android.qqdownloader/com.tencent.pangu.activity.InstallerListenerActivity,makeInvisible]
03-14 04:11:00.953 1523 10131 I wm_add_to_stopping: [0,233904099,com.tencent.android.qqdownloader/com.tencent.pangu.activity.DownloadActivity,makeInvisible]
