03-14 04:12:15.763 1523 2438 I thunderperf: CompatConfig.addOverrideUnsafe: bef-state=1
03-14 04:12:15.763 1523 2438 E thunderperf: CompatConfig.addOverrideUnsafe: exception:java.lang.SecurityException: Cannot override a change on a non-debuggable app and user build.
03-14 04:12:15.763 1523 2438 I thunderperf: CompatConfig.addOverrideUnsafe: aft-state=1
03-14 04:12:15.763 1523 2438 I thunderperf: CompatConfig.addOverrideUnsafe: bef-state=1
03-14 04:12:15.763 1523 2438 E thunderperf: CompatConfig.addOverrideUnsafe: exception:java.lang.SecurityException: Cannot override a change on a non-debuggable app and user build.
03-14 04:12:15.763 1523 2438 I thunderperf: CompatConfig.addOverrideUnsafe: aft-state=1
03-14 04:12:15.764 1523 2438 I thunderperf: CompatConfig.addOverrideUnsafe: bef-state=1
03-14 04:12:15.764 1523 2438 E thunderperf: CompatConfig.addOverrideUnsafe: exception:java.lang.SecurityException: Cannot override a change on a non-debuggable app and user build.
03-14 04:12:15.764 1523 2438 I thunderperf: CompatConfig.addOverrideUnsafe: aft-state=1
03-14 04:12:15.764 1523 2438 I thunderperf: CompatConfig.addOverrideUnsafe: bef-state=1
03-14 04:12:15.764 1523 2438 E thunderperf: CompatConfig.addOverrideUnsafe: exception:java.lang.SecurityException: Cannot override a change on a non-debuggable app and user build.
03-14 04:12:15.764 1523 2438 I thunderperf: CompatConfig.addOverrideUnsafe: aft-state=1
03-14 04:12:15.764 1523 2438 I thunderperf: CompatConfig.addOverrideUnsafe: bef-state=1
03-14 04:12:15.764 1523 2438 E thunderperf: CompatConfig.addOverrideUnsafe: exception:java.lang.SecurityException: Cannot override a change on a non-debuggable app and user build.
03-14 04:12:15.764 1523 2438 I thunderperf: CompatConfig.addOverrideUnsafe: aft-state=1
03-14 04:12:15.764 1523 2438 I thunderperf: CompatConfig.addOverrideUnsafe: bef-state=1
03-14 04:12:15.765 1523 2438 E thunderperf: CompatConfig.addOverrideUnsafe: exception:java.lang.SecurityException: Cannot override a change on a non-debuggable app and user build.
03-14 04:12:15.765 1523 2438 I thunderperf: CompatConfig.addOverrideUnsafe: aft-state=1
03-14 04:12:15.765 1523 2438 I thunderperf: CompatConfig.addOverrideUnsafe: bef-state=1
03-14 04:12:15.765 1523 2438 E thunderperf: CompatConfig.addOverrideUnsafe: exception:java.lang.SecurityException: Cannot override a change on a non-debuggable app and user build.
03-14 04:12:15.765 1523 2438 I thunderperf: CompatConfig.addOverrideUnsafe: aft-state=1
03-14 04:12:15.766 1523 2438 I ActivityTaskManager: START u0 {dat=file:///data/user_de/0/com.android.packageinstaller/no_backup/package1538351602070919526.apk flg=0x2000000 cmp=com.android.packageinstaller/.InstallInstalling (has extras)} from uid 10031
03-14 04:12:15.767 1523 2438 I wm_task_moved: [22,1,8]
03-14 04:12:15.767 1523 2438 I wm_set_resumed_activity: [0,com.android.packageinstaller/.PackageInstallerActivity,positionChildAt]
03-14 04:12:15.768 1523 2438 I wm_create_activity: [0,29003877,22,com.android.packageinstaller/.InstallInstalling,NULL,NULL,file:///data/user_de/0/com.android.packageinstaller/no_backup/package1538351602070919526.apk,33554432]
03-14 04:12:15.768 1523 2438 I wm_pause_activity: [0,198007016,com.android.packageinstaller/.PackageInstallerActivity,userLeaving=true,resumeTopActivityInnerLocked]
03-14 04:12:15.770 1523 7580 I wm_finish_activity: [0,198007016,22,com.android.packageinstaller/.PackageInstallerActivity,app-request]
03-14 04:12:15.770 4122 4122 I wm_on_top_resumed_lost_called: [198007016,com.android.packageinstaller.PackageInstallerActivity,topStateChangedWhenResumed]
03-14 04:12:15.770 4122 4122 I wm_on_paused_called: [198007016,com.android.packageinstaller.PackageInstallerActivity,performPause]
03-14 04:12:15.770 1523 2438 I wm_add_to_stopping: [0,198007016,com.android.packageinstaller/.PackageInstallerActivity,completeFinishing]
03-14 04:12:15.771 1523 2438 I ActivityTaskManager: FOREGROUND_APPLICATION_CHANGED to com.android.packageinstaller.InstallInstalling
03-14 04:12:15.771 1523 2438 I ActivityTaskManager: The Process com.android.packageinstaller Already Exists in BG. So sending its PID: 4122
03-14 04:12:15.771 1523 2438 W ActivityTaskManager: Tried to set launchTime (0) < mLastActivityLaunchTime (1284276)
03-14 04:12:15.771 1523 2438 I wm_restart_activity: [0,29003877,22,com.android.packageinstaller/.InstallInstalling]
03-14 04:12:15.772 1523 2438 I wm_set_resumed_activity: [0,com.android.packageinstaller/.InstallInstalling,minimalResumeActivityLocked]
03-14 04:12:15.775 1523 1653 I sysui_multi_action: [757,803,799,window_time_0,802,1]
03-14 04:12:15.795 4122 4122 I wm_on_create_called: [29003877,com.android.packageinstaller.InstallInstalling,performCreate]
03-14 04:12:15.796 4122 4122 I wm_on_start_called: [29003877,com.android.packageinstaller.InstallInstalling,handleStartActivity]
03-14 04:12:15.796 1523 1652 I commit_sys_config_file: [package-session,1261594]
03-14 04:12:15.796 4122 4122 I wm_on_resume_called: [29003877,com.android.packageinstaller.InstallInstalling,RESUME_ACTIVITY]
03-14 04:12:15.796 1523 1996 I input_focus: [Focus leaving c7ccc18 com.android.packageinstaller/com.android.packageinstaller.PackageInstallerActivity (server),reason=NO_WINDOW]
03-14 04:12:15.799 4122 4122 I wm_on_top_resumed_gained_called: [29003877,com.android.packageinstaller.InstallInstalling,topStateChangedWhenResumed]
03-14 04:12:15.801 1523 1652 I commit_sys_config_file: [package-session,1261599]
03-14 04:12:15.803 1523 1654 I input_focus: [Focus request 5945819 com.android.packageinstaller/com.android.packageinstaller.InstallInstalling,reason=UpdateInputWindows]
03-14 04:12:15.810 1523 1650 I wm_activity_launch_time: [0,29003877,com.android.packageinstaller/.InstallInstalling,43]
03-14 04:12:15.814 1523 1653 I wm_destroy_activity: [0,198007016,22,com.android.packageinstaller/.PackageInstallerActivity,finish-imm:transit]
03-14 04:12:15.831 1523 1996 I input_focus: [Focus entering 5945819 com.android.packageinstaller/com.android.packageinstaller.InstallInstalling (server),reason=Window became focusable. Previous reason: NOT_VISIBLE]
03-14 04:12:15.833 4122 4122 I wm_on_stop_called: [198007016,com.android.packageinstaller.PackageInstallerActivity,LIFECYCLER_STOP_ACTIVITY]
03-14 04:12:15.833 4122 4122 I wm_on_destroy_called: [198007016,com.android.packageinstaller.PackageInstallerActivity,performDestroy]
03-14 04:12:15.874 1523 2438 W FreeFormWindowHelper: Current Display FreeFormTask is null
03-14 04:12:16.611 1523 1730 I commit_sys_config_file: [package-session,1262409]
03-14 04:12:16.655 0 0 I auditd : type=1400 audit(0.0:2863): avc: denied { kill } for comm="swapper/3" capability=5 scontext=u:r:kernel:s0 tcontext=u:r:kernel:s0 tclass=capability permissive=0
03-14 04:12:17.633 1523 2007 W PackageParsing: Ignoring duplicate uses-permissions/uses-permissions-sdk-m: com.android.launcher2.permission.READ_SETTINGS in package: com.tencent.mobileqq at: Binary XML file line #109
03-14 04:12:17.633 1523 2007 W PackageParsing: Ignoring duplicate uses-permissions/uses-permissions-sdk-m: android.permission.WRITE_CONTACTS in package: com.tencent.mobileqq at: Binary XML file line #157
03-14 04:12:17.633 1523 2007 W PackageParsing: Ignoring duplicate uses-permissions/uses-permissions-sdk-m: com.tencent.msf.permission.account.sync in package: com.tencent.mobileqq at: Binary XML file line #217
03-14 04:12:17.633 1523 2007 W PackageParsing: Ignoring duplicate uses-permissions/uses-permissions-sdk-m: android.permission.CHANGE_WIFI_STATE in package: com.tencent.mobileqq at: Binary XML file line #223
03-14 04:12:17.633 1523 2007 W PackageParsing: Ignoring duplicate uses-permissions/uses-permissions-sdk-m: android.permission.INTERNET in package: com.tencent.mobileqq at: Binary XML file line #225
03-14 04:12:17.633 1523 2007 W PackageParsing: Ignoring duplicate uses-permissions/uses-permissions-sdk-m: android.permission.ACCESS_WIFI_STATE in package: com.tencent.mobileqq at: Binary XML file line #227
03-14 04:12:17.633 1523 2007 W PackageParsing: Ignoring duplicate uses-permissions/uses-permissions-sdk-m: android.permission.ACCESS_NETWORK_STATE in package: com.tencent.mobileqq at: Binary XML file line #229
03-14 04:12:17.633 1523 2007 W PackageParsing: Ignoring duplicate uses-permissions/uses-permissions-sdk-m: android.permission.CAMERA in package: com.tencent.mobileqq at: Binary XML file line #237
03-14 04:12:17.633 1523 2007 W PackageParsing: Ignoring duplicate uses-permissions/uses-permissions-sdk-m: android.permission.WAKE_LOCK in package: com.tencent.mobileqq at: Binary XML file line #239
03-14 04:12:17.634 1523 2007 W PackageParsing: Ignoring duplicate uses-permissions/uses-permissions-sdk-m: com.android.launcher.permission.INSTALL_SHORTCUT in package: com.tencent.mobileqq at: Binary XML file line #241
03-14 04:12:17.634 1523 2007 W PackageParsing: Ignoring duplicate uses-permissions/uses-permissions-sdk-m: android.permission.RECEIVE_BOOT_COMPLETED in package: com.tencent.mobileqq at: Binary XML file line #243
03-14 04:12:17.634 1523 2007 W PackageParsing: Ignoring duplicate uses-permissions/uses-permissions-sdk-m: com.tencent.msf.permission.account.sync in package: com.tencent.mobileqq at: Binary XML file line #247
03-14 04:12:17.634 1523 2007 W PackageParsing: Ignoring duplicate uses-permissions/uses-permissions-sdk-m: android.permission.BROADCAST_STICKY in package: com.tencent.mobileqq at: Binary XML file line #295
03-14 04:12:17.640 1523 2007 W PackageParsing: No actions in intent-filter at /data/app/vmdl632182072.tmp/base.apk Binary XML file line #1375
03-14 04:12:17.656 1523 2007 W RuleEvaluation: Integrity rule files are not available.
03-14 04:12:17.656 1523 1700 I PackageManager: Integrity check passed for file:///data/app/vmdl632182072.tmp
03-14 04:12:17.655 0 0 I auditd : type=1400 audit(0.0:2864): avc: denied { kill } for comm="swapper/3" capability=5 scontext=u:r:kernel:s0 tcontext=u:r:kernel:s0 tclass=capability permissive=0
03-14 04:12:17.674 1523 1700 W PackageParsing: Ignoring duplicate uses-permissions/uses-permissions-sdk-m: com.android.launcher2.permission.READ_SETTINGS in package: com.tencent.mobileqq at: Binary XML file line #109
03-14 04:12:17.674 1523 1700 W PackageParsing: Ignoring duplicate uses-permissions/uses-permissions-sdk-m: android.permission.WRITE_CONTACTS in package: com.tencent.mobileqq at: Binary XML file line #157
03-14 04:12:17.674 1523 1700 W PackageParsing: Ignoring duplicate uses-permissions/uses-permissions-sdk-m: com.tencent.msf.permission.account.sync in package: com.tencent.mobileqq at: Binary XML file line #217
03-14 04:12:17.674 1523 1700 W PackageParsing: Ignoring duplicate uses-permissions/uses-permissions-sdk-m: android.permission.CHANGE_WIFI_STATE in package: com.tencent.mobileqq at: Binary XML file line #223
03-14 04:12:17.674 1523 1700 W PackageParsing: Ignoring duplicate uses-permissions/uses-permissions-sdk-m: android.permission.INTERNET in package: com.tencent.mobileqq at: Binary XML file line #225
03-14 04:12:17.674 1523 1700 W PackageParsing: Ignoring duplicate uses-permissions/uses-permissions-sdk-m: android.permission.ACCESS_WIFI_STATE in package: com.tencent.mobileqq at: Binary XML file line #227
03-14 04:12:17.674 1523 1700 W PackageParsing: Ignoring duplicate uses-permissions/uses-permissions-sdk-m: android.permission.ACCESS_NETWORK_STATE in package: com.tencent.mobileqq at: Binary XML file line #229
03-14 04:12:17.674 1523 1700 W PackageParsing: Ignoring duplicate uses-permissions/uses-permissions-sdk-m: android.permission.CAMERA in package: com.tencent.mobileqq at: Binary XML file line #237
03-14 04:12:17.674 1523 1700 W PackageParsing: Ignoring duplicate uses-permissions/uses-permissions-sdk-m: android.permission.WAKE_LOCK in package: com.tencent.mobileqq at: Binary XML file line #239
03-14 04:12:17.674 1523 1700 W PackageParsing: Ignoring duplicate uses-permissions/uses-permissions-sdk-m: com.android.launcher.permission.INSTALL_SHORTCUT in package: com.tencent.mobileqq at: Binary XML file line #241
03-14 04:12:17.674 1523 1700 W PackageParsing: Ignoring duplicate uses-permissions/uses-permissions-sdk-m: android.permission.RECEIVE_BOOT_COMPLETED in package: com.tencent.mobileqq at: Binary XML file line #243
03-14 04:12:17.674 1523 1700 W PackageParsing: Ignoring duplicate uses-permissions/uses-permissions-sdk-m: com.tencent.msf.permission.account.sync in package: com.tencent.mobileqq at: Binary XML file line #247
03-14 04:12:17.675 1523 1700 W PackageParsing: Ignoring duplicate uses-permissions/uses-permissions-sdk-m: android.permission.BROADCAST_STICKY in package: com.tencent.mobileqq at: Binary XML file line #295
03-14 04:12:17.678 1523 1700 W PackageParsing: No actions in intent-filter at /data/app/vmdl632182072.tmp/base.apk Binary XML file line #1375
03-14 04:12:17.750 1523 1700 W PackageManager: Skipping provider name com.tencent.mobileqq.fileprovider (in package com.tencent.mobileqq): name already used by com.tencent.mobileqq
03-14 04:12:17.750 1523 1700 W PackageManager: Skipping provider name com.tencent.mobileqq.external.fileprovider (in package com.tencent.mobileqq): name already used by com.tencent.mobileqq
03-14 04:12:17.752 1523 1700 I PackageManager: Permission ownership changed. Updating all permissions.
03-14 04:12:17.779 1523 1700 I commit_sys_config_file: [package-user-0,1]
03-14 04:12:17.779 1523 1700 I commit_sys_config_file: [package,17]
01-01 12:54:26.741 0 0 I logd : start watching /data/system/packages.list ...
01-01 12:54:26.744 0 0 I logd : ReadPackageList, total packages: 106
03-14 04:12:17.822 1523 1650 V StorageManagerService: Package null has legacy storage
03-14 04:12:18.655 0 0 I auditd : type=1400 audit(0.0:2865): avc: denied { kill } for comm="swapper/3" capability=5 scontext=u:r:kernel:s0 tcontext=u:r:kernel:s0 tclass=capability permissive=0
03-14 04:12:20.655 0 0 I auditd : type=1400 audit(0.0:2866): avc: denied { kill } for comm="swapper/2" capability=5 scontext=u:r:kernel:s0 tcontext=u:r:kernel:s0 tclass=capability permissive=0
03-14 04:12:26.655 0 0 I auditd : type=1400 audit(0.0:2867): avc: denied { kill } for comm="swapper/0" capability=5 scontext=u:r:kernel:s0 tcontext=u:r:kernel:s0 tclass=capability permissive=0
03-14 04:12:27.283 1523 1700 V BackupManagerService: [UserID:0] restoreAtInstall pkg=com.tencent.mobileqq token=6 restoreSet=0
03-14 04:12:27.283 1523 1700 V BackupManagerService: [UserID:0] Finishing install immediately
03-14 04:12:27.284 1523 1700 I unknown_sources_enabled: 1
03-14 04:12:27.287 1523 1700 D CompatibilityChangeReporter: Compat change id reported: 168419799; UID 10098; state: DISABLED
03-14 04:12:27.288 1523 1730 I commit_sys_config_file: [package-session,1273086]
03-14 04:12:27.294 1523 1731 I commit_sys_config_file: [overlays,1284436]
03-14 04:12:27.307 1523 2369 W BroadcastQueue: Background execution not allowed: receiving Intent { act=android.intent.action.PACKAGE_ADDED dat=package:com.tencent.mobileqq flg=0x4000010 (has extras) } to com.android.packageinstaller/.PackageInstalledReceiver
03-14 04:12:27.307 1523 1523 I Telecom : DefaultDialerCache: Refreshing default dialer for user 0: now null: DDC.oR@ACs
03-14 04:12:27.309 1523 1523 I notification_cancel_all: [1000,1523,com.tencent.mobileqq,0,0,0,5,NULL]
03-14 04:12:27.310 1523 1662 W BroadcastQueue: Background execution not allowed: receiving Intent { act=android.intent.action.PACKAGE_ADDED dat=package:com.tencent.mobileqq flg=0x4000010 (has extras) } to com.android.gallery3d/.app.PackagesMonitor
03-14 04:12:27.314 1523 7580 I thunderperf: PlatormCompat.setOverrides: Uid1=10031 Pid1=4122 Uid2=10031 Pid2=4122
03-14 04:12:27.314 1523 7580 I thunderperf: PlatormCompat.setOverrides: needCheck:false
03-14 04:12:27.315 1523 7580 I thunderperf: CompatConfig.addOverrideUnsafe: bef-state=1
03-14 04:12:27.315 1523 7580 E thunderperf: CompatConfig.addOverrideUnsafe: exception:java.lang.SecurityException: Cannot override a change on a non-debuggable app and user build.
03-14 04:12:27.315 1523 7580 I thunderperf: CompatConfig.addOverrideUnsafe: aft-state=1
03-14 04:12:27.316 1523 7580 I thunderperf: CompatConfig.addOverrideUnsafe: bef-state=1
03-14 04:12:27.316 1523 7580 E thunderperf: CompatConfig.addOverrideUnsafe: exception:java.lang.SecurityException: Cannot override a change on a non-debuggable app and user build.
03-14 04:12:27.316 1523 7580 I thunderperf: CompatConfig.addOverrideUnsafe: aft-state=1
03-14 04:12:27.316 1523 7580 I thunderperf: CompatConfig.addOverrideUnsafe: bef-state=1
03-14 04:12:27.317 1523 7580 E thunderperf: CompatConfig.addOverrideUnsafe: exception:java.lang.SecurityException: Cannot override a change on a non-debuggable app and user build.
03-14 04:12:27.317 1523 7580 I thunderperf: CompatConfig.addOverrideUnsafe: aft-state=1
03-14 04:12:27.319 1523 7580 I thunderperf: CompatConfig.addOverrideUnsafe: bef-state=1
03-14 04:12:27.319 1523 7580 E thunderperf: CompatConfig.addOverrideUnsafe: exception:java.lang.SecurityException: Cannot override a change on a non-debuggable app and user build.
03-14 04:12:27.319 1523 7580 I thunderperf: CompatConfig.addOverrideUnsafe: aft-state=1
03-14 04:12:27.320 1523 7580 I thunderperf: CompatConfig.addOverrideUnsafe: bef-state=1
03-14 04:12:27.320 1523 7580 E thunderperf: CompatConfig.addOverrideUnsafe: exception:java.lang.SecurityException: Cannot override a change on a non-debuggable app and user build.
03-14 04:12:27.320 1523 7580 I thunderperf: CompatConfig.addOverrideUnsafe: aft-state=1
03-14 04:12:27.321 1523 7580 I thunderperf: CompatConfig.addOverrideUnsafe: bef-state=1
03-14 04:12:27.321 1523 7580 E thunderperf: CompatConfig.addOverrideUnsafe: exception:java.lang.SecurityException: Cannot override a change on a non-debuggable app and user build.
03-14 04:12:27.321 1523 7580 I thunderperf: CompatConfig.addOverrideUnsafe: aft-state=1
03-14 04:12:27.321 1523 7580 I thunderperf: CompatConfig.addOverrideUnsafe: bef-state=1
03-14 04:12:27.322 1523 7580 E thunderperf: CompatConfig.addOverrideUnsafe: exception:java.lang.SecurityException: Cannot override a change on a non-debuggable app and user build.
03-14 04:12:27.322 1523 7580 I thunderperf: CompatConfig.addOverrideUnsafe: aft-state=1
03-14 04:12:27.322 1523 7580 I thunderperf: CompatConfig.addOverrideUnsafe: bef-state=1
03-14 04:12:27.322 1523 7580 E thunderperf: CompatConfig.addOverrideUnsafe: exception:java.lang.SecurityException: Cannot override a change on a non-debuggable app and user build.
03-14 04:12:27.322 1523 7580 I thunderperf: CompatConfig.addOverrideUnsafe: aft-state=1
03-14 04:12:27.323 1523 7580 I thunderperf: CompatConfig.addOverrideUnsafe: bef-state=1
03-14 04:12:27.323 1523 7580 E thunderperf: CompatConfig.addOverrideUnsafe: exception:java.lang.SecurityException: Cannot override a change on a non-debuggable app and user build.
03-14 04:12:27.323 1523 7580 I thunderperf: CompatConfig.addOverrideUnsafe: aft-state=1
03-14 04:12:27.323 1523 7580 I thunderperf: CompatConfig.addOverrideUnsafe: bef-state=1
03-14 04:12:27.323 1523 7580 E thunderperf: CompatConfig.addOverrideUnsafe: exception:java.lang.SecurityException: Cannot override a change on a non-debuggable app and user build.
03-14 04:12:27.323 1523 7580 I thunderperf: CompatConfig.addOverrideUnsafe: aft-state=1
03-14 04:12:27.324 1523 7580 I thunderperf: CompatConfig.addOverrideUnsafe: bef-state=1
03-14 04:12:27.324 1523 7580 E thunderperf: CompatConfig.addOverrideUnsafe: exception:java.lang.SecurityException: Cannot override a change on a non-debuggable app and user build.
03-14 04:12:27.324 1523 7580 I thunderperf: CompatConfig.addOverrideUnsafe: aft-state=1
03-14 04:12:27.324 1523 7580 I thunderperf: CompatConfig.addOverrideUnsafe: bef-state=1
03-14 04:12:27.324 1523 7580 E thunderperf: CompatConfig.addOverrideUnsafe: exception:java.lang.SecurityException: Cannot override a change on a non-debuggable app and user build.
03-14 04:12:27.324 1523 7580 I thunderperf: CompatConfig.addOverrideUnsafe: aft-state=1
03-14 04:12:27.325 1523 7580 I thunderperf: CompatConfig.addOverrideUnsafe: bef-state=1
03-14 04:12:27.325 1523 7580 E thunderperf: CompatConfig.addOverrideUnsafe: exception:java.lang.SecurityException: Cannot override a change on a non-debuggable app and user build.
03-14 04:12:27.325 1523 7580 I thunderperf: CompatConfig.addOverrideUnsafe: aft-state=1
03-14 04:12:27.326 1523 7580 I thunderperf: CompatConfig.addOverrideUnsafe: bef-state=1
03-14 04:12:27.326 1523 7580 E thunderperf: CompatConfig.addOverrideUnsafe: exception:java.lang.SecurityException: Cannot override a change on a non-debuggable app and user build.
03-14 04:12:27.326 1523 7580 I thunderperf: CompatConfig.addOverrideUnsafe: aft-state=1
03-14 04:12:27.327 1523 7580 I ActivityTaskManager: START u0 {dat=file:///data/user_de/0/com.android.packageinstaller/no_backup/package1538351602070919526.apk flg=0x2000000 cmp=com.android.packageinstaller/.InstallSuccess (has extras)} from uid 10031
03-14 04:12:27.332 1523 7580 I wm_task_moved: [22,1,8]
03-14 04:12:27.332 1523 7580 I wm_set_resumed_activity: [0,com.android.packageinstaller/.InstallInstalling,positionChildAt]
03-14 04:12:27.332 1523 7580 I wm_create_activity: [0,29516919,22,com.android.packageinstaller/.InstallSuccess,NULL,NULL,file:///data/user_de/0/com.android.packageinstaller/no_backup/package1538351602070919526.apk,33554432]
03-14 04:12:27.334 1523 7580 I wm_pause_activity: [0,29003877,com.android.packageinstaller/.InstallInstalling,userLeaving=true,resumeTopActivityInnerLocked]
03-14 04:12:27.342 1523 1650 D CompanionDeviceManagerService: onPackageModified(packageName = com.tencent.mobileqq)
03-14 04:12:27.342 1523 2369 I wm_finish_activity: [0,29003877,22,com.android.packageinstaller/.InstallInstalling,app-request]
03-14 04:12:27.342 4122 4122 I wm_on_top_resumed_lost_called: [29003877,com.android.packageinstaller.InstallInstalling,topStateChangedWhenResumed]
03-14 04:12:27.346 1523 1523 I Telecom : DefaultDialerCache: Refreshing default dialer for user 0: now null: DDC.oR@ACw
03-14 04:12:27.347 4122 4122 I wm_on_paused_called: [29003877,com.android.packageinstaller.InstallInstalling,performPause]
03-14 04:12:27.348 1523 8272 I wm_add_to_stopping: [0,29003877,com.android.packageinstaller/.InstallInstalling,completeFinishing]
03-14 04:12:27.348 1523 8272 I ActivityTaskManager: FOREGROUND_APPLICATION_CHANGED to com.android.packageinstaller.InstallSuccess
03-14 04:12:27.348 1523 8272 I ActivityTaskManager: The Process com.android.packageinstaller Already Exists in BG. So sending its PID: 4122
03-14 04:12:27.352 1523 8272 W ActivityTaskManager: Tried to set launchTime (0) < mLastActivityLaunchTime (1285717)
03-14 04:12:27.353 1523 8272 I wm_restart_activity: [0,29516919,22,com.android.packageinstaller/.InstallSuccess]
03-14 04:12:27.355 1523 8272 I wm_set_resumed_activity: [0,com.android.packageinstaller/.InstallSuccess,minimalResumeActivityLocked]
03-14 04:12:27.359 1523 1523 I sysui_multi_action: [757,128,758,5,759,8,793,74490,794,0,795,74490,796,4859,806,com.tencent.android.qqdownloader,857,channel_id_default_silent,858,3,946,com.tencent.android.qqdownloader,947,1,1500,74490,1688,1]
03-14 04:12:27.359 1523 1523 I notification_canceled: [0|com.tencent.android.qqdownloader|4859|null|10093,8,74490,74490,0,-1,-1,NULL]
03-14 04:12:27.372 1523 1653 I sysui_multi_action: [757,803,799,window_time_0,802,12]
03-14 04:12:27.372 1523 1523 I service_manager_slow: [10,platform_compat]
03-14 04:12:27.375 1523 1523 D CompatibilityChangeReporter: Compat change id reported: 175319604; UID 1000; state: ENABLED
03-14 04:12:27.375 1523 1523 D CompatibilityChangeReporter: Compat change id reported: 175319604; UID 1000; state: DISABLED
03-14 04:12:27.378 1523 1996 I input_focus: [Focus leaving 5945819 com.android.packageinstaller/com.android.packageinstaller.InstallInstalling (server),reason=NO_WINDOW]
03-14 04:12:27.384 4122 4122 I wm_on_create_called: [29516919,com.android.packageinstaller.InstallSuccess,performCreate]
03-14 04:12:27.384 4122 4122 I wm_on_start_called: [29516919,com.android.packageinstaller.InstallSuccess,handleStartActivity]
03-14 04:12:27.389 4122 4122 I wm_on_resume_called: [29516919,com.android.packageinstaller.InstallSuccess,RESUME_ACTIVITY]
03-14 04:12:27.392 4122 4122 I wm_on_top_resumed_gained_called: [29516919,com.android.packageinstaller.InstallSuccess,topStateChangedWhenResumed]
03-14 04:12:27.412 1523 1661 W PackageManager: Failed registering loading progress callback. Package is fully loaded.
03-14 04:12:27.412 1523 1661 W VoiceInteractionManager: no available voice recognition services found for user 0
03-14 04:12:27.425 1523 1654 I input_focus: [Focus request 1a34d4f com.android.packageinstaller/com.android.packageinstaller.InstallSuccess,reason=UpdateInputWindows]
03-14 04:12:27.445 1523 1523 I notification_enqueue: [10093,8328,com.tencent.android.qqdownloader,6633,NULL,0,Notification(channel=channel_id_default_silent shortcut=null contentView=null vibrate=null sound=null tick defaults=0x0 flags=0x210 color=0x00000000 groupKey=com.tencent.android.qqdownloader vis=PRIVATE),0]
03-14 04:12:27.450 1523 1650 I wm_activity_launch_time: [0,29516919,com.android.packageinstaller/.InstallSuccess,120]
03-14 04:12:27.455 1523 1661 W VoiceInteractionManager: no available voice recognition services found for user 0
03-14 04:12:27.460 1523 1653 I wm_destroy_activity: [0,29003877,22,com.android.packageinstaller/.InstallInstalling,finish-imm:transit]
03-14 04:12:27.465 1523 3624 W FreeFormWindowHelper: Current Display FreeFormTask is null
03-14 04:12:27.470 4122 4122 I wm_on_stop_called: [29003877,com.android.packageinstaller.InstallInstalling,LIFECYCLER_STOP_ACTIVITY]
03-14 04:12:27.470 4122 4122 I wm_on_destroy_called: [29003877,com.android.packageinstaller.InstallInstalling,performDestroy]
03-14 04:12:27.475 1523 1996 I input_focus: [Focus entering 1a34d4f com.android.packageinstaller/com.android.packageinstaller.InstallSuccess (server),reason=Window became focusable. Previous reason: NOT_VISIBLE]
03-14 04:12:27.645 1523 1523 I GameModeConfig: isGameModeOn = false
03-14 04:12:27.655 0 0 I auditd : type=1400 audit(0.0:2868): avc: denied { kill } for comm="swapper/0" capability=5 scontext=u:r:kernel:s0 tcontext=u:r:kernel:s0 tclass=capability permissive=0
03-14 04:12:27.864 1523 1523 W NotificationService: Removed summary didn't match old notification: old=0|com.tencent.android.qqdownloader|127|null|10093, removed=0|com.tencent.android.qqdownloader|6633|null|10093
03-14 04:12:27.865 1523 1523 I notification_enqueue: [10093,8290,com.tencent.android.qqdownloader,127,NULL,0,Notification(channel=channel_id_default_silent shortcut=null contentView=com.tencent.android.qqdownloader/0x7f0a01c2 vibrate=null sound=null defaults=0x0 flags=0x2a0 color=0x00000000 groupKey=com.tencent.android.qqdownloader vis=PRIVATE),1]
03-14 04:12:27.937 8290 8290 E ActivityThread: Failed to find provider info for com.android.badge
03-14 04:12:27.942 8290 8290 E ActivityThread: Failed to find provider info for com.android.badge
03-14 04:12:27.954 8290 8290 E ActivityThread: Failed to find provider info for com.android.badge
03-14 04:12:28.065 1523 1523 I GameModeConfig: isGameModeOn = false
03-14 04:12:28.173 8290 8290 E ActivityThread: Failed to find provider info for com.android.badge
03-14 04:12:28.176 8290 8290 E ActivityThread: Failed to find provider info for com.android.badge
03-14 04:12:28.184 8290 8290 E ActivityThread: Failed to find provider info for com.android.badge
03-14 04:12:28.655 10187 10187 I auditd : type=1400 audit(0.0:2869): avc: denied { kill } for comm="kworker/u16:10" capability=5 scontext=u:r:kernel:s0 tcontext=u:r:kernel:s0 tclass=capability permissive=0
03-14 04:12:28.821 1523 1996 I input_interaction: Interaction with: 1a34d4f com.android.packageinstaller/com.android.packageinstaller.InstallSuccess (server), edge-swipe (server), swipe-up (server), PointerEventDispatcher0 (server),
03-14 04:12:28.873 1523 1523 I notification_enqueue: [10093,8290,com.tencent.android.qqdownloader,127,NULL,0,Notification(channel=channel_id_default_silent shortcut=null contentView=com.tencent.android.qqdownloader/0x7f0a01c2 vibrate=null sound=null defaults=0x0 flags=0x2a0 color=0x00000000 groupKey=com.tencent.android.qqdownloader vis=PRIVATE),1]
03-14 04:12:28.960 1523 2438 I wm_finish_activity: [0,29516919,22,com.android.packageinstaller/.InstallSuccess,app-request]
03-14 04:12:28.969 1523 2438 I wm_pause_activity: [0,29516919,com.android.packageinstaller/.InstallSuccess,userLeaving=false,finish]
03-14 04:12:28.988 4122 4122 I wm_on_top_resumed_lost_called: [29516919,com.android.packageinstaller.InstallSuccess,topStateChangedWhenResumed]
03-14 04:12:28.988 4122 4122 I wm_on_paused_called: [29516919,com.android.packageinstaller.InstallSuccess,performPause]
03-14 04:12:28.990 1523 8272 I ActivityTaskManager: FOREGROUND_APPLICATION_CHANGED to com.android.packageinstaller.DeleteStagedFileOnResult
03-14 04:12:28.992 1523 8272 I wm_set_resumed_activity: [0,com.android.packageinstaller/.DeleteStagedFileOnResult,resumeTopActivityInnerLocked]
03-14 04:12:28.993 1523 8272 I wm_resume_activity: [0,33382352,22,com.android.packageinstaller/.DeleteStagedFileOnResult]
03-14 04:12:28.996 1523 1996 I input_focus: [Focus leaving 1a34d4f com.android.packageinstaller/com.android.packageinstaller.InstallSuccess (server),reason=NO_WINDOW]
03-14 04:12:29.004 1523 1654 I input_focus: [Focus request 5611da6 com.android.packageinstaller/com.android.packageinstaller.DeleteStagedFileOnResult,reason=UpdateInputWindows]
03-14 04:12:29.004 1523 1653 I sysui_multi_action: [757,803,799,window_time_0,802,1]
03-14 04:12:29.005 1523 1653 I wm_destroy_activity: [0,29516919,22,com.android.packageinstaller/.InstallSuccess,finish-transit]
03-14 04:12:29.006 1523 8272 I wm_finish_activity: [0,33382352,22,com.android.packageinstaller/.DeleteStagedFileOnResult,app-request]
03-14 04:12:29.006 1523 8272 I wm_task_moved: [19,1,8]
03-14 04:12:29.006 1523 8272 I wm_task_to_front: [0,19]
03-14 04:12:29.007 1523 8272 I wm_focused_root_task: [0,0,19,22,finish-top adjustFocusToNextFocusableTask]
03-14 04:12:29.012 1523 8272 I wm_pause_activity: [0,33382352,com.android.packageinstaller/.DeleteStagedFileOnResult,userLeaving=false,finish]
03-14 04:12:29.016 4122 4122 I wm_on_activity_result_called: [33382352,com.android.packageinstaller.DeleteStagedFileOnResult,ACTIVITY_RESULT]
03-14 04:12:29.017 1523 1654 I input_focus: [Focus request 54ec22b com.tencent.android.qqdownloader/com.tencent.pangu.activity.InstallerListenerActivity,reason=UpdateInputWindows]
03-14 04:12:29.020 4122 4122 I wm_on_stop_called: [29516919,com.android.packageinstaller.InstallSuccess,LIFECYCLER_STOP_ACTIVITY]
03-14 04:12:29.020 4122 4122 I wm_on_destroy_called: [29516919,com.android.packageinstaller.InstallSuccess,performDestroy]
03-14 04:12:29.029 1523 1996 I input_focus: [Focus entering 54ec22b com.tencent.android.qqdownloader/com.tencent.pangu.activity.InstallerListenerActivity (server),reason=setFocusedWindow]
03-14 04:12:29.033 1523 8272 I ActivityTaskManager: FOREGROUND_APPLICATION_CHANGED to com.tencent.pangu.activity.InstallerListenerActivity
03-14 04:12:29.033 1523 8272 I wm_set_resumed_activity: [0,com.tencent.android.qqdownloader/com.tencent.pangu.activity.InstallerListenerActivity,resumeTopActivityInnerLocked]
03-14 04:12:29.036 1523 8272 I wm_resume_activity: [0,242874647,19,com.tencent.android.qqdownloader/com.tencent.pangu.activity.InstallerListenerActivity]
03-14 04:12:29.048 8328 8328 I wm_on_resume_called: [242874647,com.tencent.pangu.activity.InstallerListenerActivity,RESUME_ACTIVITY]
03-14 04:12:29.048 8328 8328 I wm_on_top_resumed_gained_called: [242874647,com.tencent.pangu.activity.InstallerListenerActivity,topWhenResuming]
03-14 04:12:29.052 1523 1653 I sysui_multi_action: [757,803,799,window_time_0,802,0]
03-14 04:12:29.057 1523 7580 I wm_destroy_activity: [0,33382352,22,com.android.packageinstaller/.DeleteStagedFileOnResult,finish-idle]
03-14 04:12:29.058 4122 4122 I wm_on_stop_called: [33382352,com.android.packageinstaller.DeleteStagedFileOnResult,LIFECYCLER_STOP_ACTIVITY]
03-14 04:12:29.058 4122 4122 I wm_on_destroy_called: [33382352,com.android.packageinstaller.DeleteStagedFileOnResult,performDestroy]
03-14 04:12:29.076 1523 1523 I GameModeConfig: isGameModeOn = false
03-14 04:12:29.139 1523 2438 W FreeFormWindowHelper: Current Display FreeFormTask is null
03-14 04:12:29.295 1523 1654 I wm_task_removed: [22,removeChild:removeChild last r=ActivityRecord{1fd5fd0 u0 com.android.packageinstaller/.DeleteStagedFileOnResult t-1 f}} in t=Task{4b90ea0 #22 type=standard A=10031:com.android.packageinstaller U=0 visible=false mode=fullscreen translucent=true sz=0}]
03-14 04:12:29.295 1523 1654 I wm_task_removed: [22,removeChild]
03-14 04:12:29.297 1523 1654 W ActivityTaskManager: Can't find TaskDisplayArea to determine support for multi window. Task id=22 attached=false
03-14 04:12:29.297 1523 1654 W ActivityTaskManager: Can't find TaskDisplayArea to determine support for multi window. Task id=22 attached=false
03-14 04:12:29.549 1523 3737 I wm_finish_activity: [0,242874647,19,com.tencent.android.qqdownloader/com.tencent.pangu.activity.InstallerListenerActivity,app-request]
03-14 04:12:29.557 1523 3737 I wm_pause_activity: [0,242874647,com.tencent.android.qqdownloader/com.tencent.pangu.activity.InstallerListenerActivity,userLeaving=false,finish]
03-14 04:12:29.557 8328 8328 I wm_on_top_resumed_lost_called: [242874647,com.tencent.pangu.activity.InstallerListenerActivity,topStateChangedWhenResumed]
03-14 04:12:29.566 8328 8328 I wm_on_paused_called: [242874647,com.tencent.pangu.activity.InstallerListenerActivity,performPause]
03-14 04:12:29.568 1523 8272 I ActivityTaskManager: FOREGROUND_APPLICATION_CHANGED to com.tencent.pangu.activity.DownloadActivity
03-14 04:12:29.573 1523 8272 I wm_set_resumed_activity: [0,com.tencent.android.qqdownloader/com.tencent.pangu.activity.DownloadActivity,resumeTopActivityInnerLocked]
03-14 04:12:29.575 1523 8272 I wm_resume_activity: [0,233904099,19,com.tencent.android.qqdownloader/com.tencent.pangu.activity.DownloadActivity]
03-14 04:12:29.581 1523 1996 I input_focus: [Focus leaving 54ec22b com.tencent.android.qqdownloader/com.tencent.pangu.activity.InstallerListenerActivity (server),reason=NO_WINDOW]
03-14 04:12:29.584 1523 1654 I input_focus: [Focus request 5ad30f8 com.tencent.android.qqdownloader/com.tencent.pangu.activity.DownloadActivity,reason=UpdateInputWindows]
03-14 04:12:29.586 8328 9497 W PackageParsing: Unknown element under : meta-data at /storage/emulated/0/Android/data/com.tencent.android.qqdownloader/files/tassistant/apk/com.tencent.mtt_13710500.apk Binary XML file line #141
03-14 04:12:29.586 8328 8328 I wm_on_resume_called: [233904099,com.tencent.pangu.activity.DownloadActivity,RESUME_ACTIVITY]
03-14 04:12:29.587 8328 8328 I wm_on_top_resumed_gained_called: [233904099,com.tencent.pangu.activity.DownloadActivity,topWhenResuming]
03-14 04:12:29.589 1523 1653 I sysui_multi_action: [757,803,799,window_time_0,802,1]
03-14 04:12:29.604 1523 7580 I wm_destroy_activity: [0,242874647,19,com.tencent.android.qqdownloader/com.tencent.pangu.activity.InstallerListenerActivity,finish-idle]
03-14 04:12:29.604 1523 1996 I input_focus: [Focus entering 5ad30f8 com.tencent.android.qqdownloader/com.tencent.pangu.activity.DownloadActivity (server),reason=setFocusedWindow]
03-14 04:12:29.610 8328 8328 I wm_on_stop_called: [242874647,com.tencent.pangu.activity.InstallerListenerActivity,LIFECYCLER_STOP_ACTIVITY]
03-14 04:12:29.614 8328 8328 I wm_on_destroy_called: [242874647,com.tencent.pangu.activity.InstallerListenerActivity,performDestroy]
03-14 04:12:29.655 0 0 I auditd : type=1400 audit(0.0:2870): avc: denied { kill } for comm="swapper/0" capability=5 scontext=u:r:kernel:s0 tcontext=u:r:kernel:s0 tclass=capability permissive=0
03-14 04:12:29.677 1523 3737 W FreeFormWindowHelper: Current Display FreeFormTask is null
03-14 04:12:29.873 1523 2438 I thunderperf: PlatormCompat.setOverrides: Uid1=10093 Pid1=8328 Uid2=10093 Pid2=8328
03-14 04:12:29.873 1523 2438 I thunderperf: PlatormCompat.setOverrides: needCheck:false
03-14 04:12:29.873 1523 2438 W PackageManager: MATCH_ANY_USER flag requires INTERACT_ACROSS_USERS permission: UID 10093 requires android.permission.INTERACT_ACROSS_USERS_FULL or android.permission.INTERACT_ACROSS_USERS to access user 0.
03-14 04:12:29.874 1523 2438 I ActivityTaskManager: START u0 {flg=0x10000000 cmp=com.tencent.android.qqdownloader/com.tencent.pangu.activity.InstallerListenerActivity (has extras)} from uid 10093
03-14 04:12:29.879 1523 2438 I wm_task_moved: [19,1,7]
03-14 04:12:29.879 1523 2438 I wm_set_resumed_activity: [0,com.tencent.android.qqdownloader/com.tencent.pangu.activity.DownloadActivity,positionChildAt]
03-14 04:12:29.879 1523 2438 I wm_create_activity: [0,214900054,19,com.tencent.android.qqdownloader/com.tencent.pangu.activity.InstallerListenerActivity,NULL,NULL,NULL,268435456]
03-14 04:12:29.880 1523 2438 I wm_pause_activity: [0,233904099,com.tencent.android.qqdownloader/com.tencent.pangu.activity.DownloadActivity,userLeaving=true,resumeTopActivityInnerLocked]
03-14 04:12:29.881 8328 8328 I wm_on_top_resumed_lost_called: [233904099,com.tencent.pangu.activity.DownloadActivity,topStateChangedWhenResumed]
03-14 04:12:29.884 8328 8328 I wm_on_paused_called: [233904099,com.tencent.pangu.activity.DownloadActivity,performPause]
03-14 04:12:29.886 1523 2438 I ActivityTaskManager: FOREGROUND_APPLICATION_CHANGED to com.tencent.pangu.activity.InstallerListenerActivity
03-14 04:12:29.887 1523 2438 I ActivityTaskManager: The Process com.tencent.android.qqdownloader Already Exists in BG. So sending its PID: 8328
03-14 04:12:29.887 1523 2438 W ActivityTaskManager: Tried to set launchTime (0) < mLastActivityLaunchTime (1283955)
03-14 04:12:29.892 1523 2438 I wm_restart_activity: [0,214900054,19,com.tencent.android.qqdownloader/com.tencent.pangu.activity.InstallerListenerActivity]
03-14 04:12:29.893 1523 2438 I wm_set_resumed_activity: [0,com.tencent.android.qqdownloader/com.tencent.pangu.activity.InstallerListenerActivity,minimalResumeActivityLocked]
03-14 04:12:29.896 1523 1653 I sysui_multi_action: [757,803,799,window_time_0,802,0]
03-14 04:12:29.902 1523 3737 I ActivityTaskManager: START u0 {act=android.intent.action.VIEW dat=content://com.tencent.pangu.fileprovider/external_path/Android/data/com.tencent.android.qqdownloader/files/tassistant/apk/com.tencent.mtt_13710500.apk typ=application/vnd.android.package-archive flg=0x10000003 cmp=com.android.packageinstaller/.InstallStart} from uid 10093
03-14 04:12:29.902 1523 3737 W ActivityTaskManager: Activity is launching as a new task, so cancelling activity result.
03-14 04:12:29.903 1523 3737 I wm_task_created: [23,-1]
03-14 04:12:29.903 1523 3737 W ActivityTaskManager: Can't find TaskDisplayArea to determine support for multi window. Task id=23 attached=false
03-14 04:12:29.905 1523 3737 I wm_task_moved: [23,1,8]
03-14 04:12:29.905 1523 3737 I wm_task_to_front: [0,23]
03-14 04:12:29.905 1523 3737 I wm_create_task: [0,23]
03-14 04:12:29.905 1523 3737 I wm_create_activity: [0,168417193,23,com.android.packageinstaller/.InstallStart,android.intent.action.VIEW,application/vnd.android.package-archive,content://com.tencent.pangu.fileprovider/external_path/Android/data/com.tencent.android.qqdownloader/files/tassistant/apk/com.tencent.mtt_13710500.apk,276824067]
03-14 04:12:29.905 1523 3737 I wm_task_moved: [23,1,8]
03-14 04:12:29.905 1523 3737 I wm_pause_activity: [0,214900054,com.tencent.android.qqdownloader/com.tencent.pangu.activity.InstallerListenerActivity,userLeaving=true,pauseBackTasks]
03-14 04:12:29.907 8328 8328 I wm_on_create_called: [214900054,com.tencent.pangu.activity.InstallerListenerActivity,performCreate]
03-14 04:12:29.909 8328 8328 I wm_on_start_called: [214900054,com.tencent.pangu.activity.InstallerListenerActivity,handleStartActivity]
03-14 04:12:29.910 8328 8328 I wm_on_resume_called: [214900054,com.tencent.pangu.activity.InstallerListenerActivity,RESUME_ACTIVITY]
03-14 04:12:29.911 8328 8328 I wm_on_top_resumed_gained_called: [214900054,com.tencent.pangu.activity.InstallerListenerActivity,topStateChangedWhenResumed]
03-14 04:12:29.917 1523 1654 I input_focus: [Focus request eff4565 com.tencent.android.qqdownloader/com.tencent.pangu.activity.InstallerListenerActivity,reason=UpdateInputWindows]
03-14 04:12:29.920 8328 8328 I wm_on_paused_called: [214900054,com.tencent.pangu.activity.InstallerListenerActivity,performPause]
03-14 04:12:29.920 8328 8328 I wm_on_activity_result_called: [214900054,com.tencent.pangu.activity.InstallerListenerActivity,ACTIVITY_RESULT]
03-14 04:12:29.921 8328 8328 I wm_on_resume_called: [214900054,com.tencent.pangu.activity.InstallerListenerActivity,ACTIVITY_RESULT]
03-14 04:12:29.921 8328 8328 I wm_on_top_resumed_lost_called: [214900054,com.tencent.pangu.activity.InstallerListenerActivity,topStateChangedWhenResumed]
03-14 04:12:29.923 8328 8328 I wm_on_paused_called: [214900054,com.tencent.pangu.activity.InstallerListenerActivity,performPause]
03-14 04:12:29.923 1523 3737 I ActivityTaskManager: FOREGROUND_APPLICATION_CHANGED to com.android.packageinstaller.InstallStart
03-14 04:12:29.924 1523 3737 I ActivityTaskManager: The Process com.android.packageinstaller Already Exists in BG. So sending its PID: 4122
03-14 04:12:29.924 1523 3737 W ActivityTaskManager: Tried to set launchTime (0) < mLastActivityLaunchTime (1297299)
03-14 04:12:29.925 1523 3737 I wm_restart_activity: [0,168417193,23,com.android.packageinstaller/.InstallStart]
03-14 04:12:29.926 1523 3737 I wm_set_resumed_activity: [0,com.android.packageinstaller/.InstallStart,minimalResumeActivityLocked]
03-14 04:12:29.930 1523 1653 I sysui_multi_action: [757,803,799,window_time_0,802,0]
03-14 04:12:29.932 1523 1996 I input_focus: [Focus leaving 5ad30f8 com.tencent.android.qqdownloader/com.tencent.pangu.activity.DownloadActivity (server),reason=NOT_FOCUSABLE]
03-14 04:12:29.937 1523 3624 I thunderperf: PlatormCompat.setOverrides: Uid1=10031 Pid1=4122 Uid2=10031 Pid2=4122
03-14 04:12:29.937 1523 3624 I thunderperf: PlatormCompat.setOverrides: needCheck:false
03-14 04:12:29.937 1523 3624 I thunderperf: CompatConfig.addOverrideUnsafe: bef-state=1
03-14 04:12:29.937 1523 3624 E thunderperf: CompatConfig.addOverrideUnsafe: exception:java.lang.SecurityException: Cannot override a change on a non-debuggable app and user build.
03-14 04:12:29.937 1523 3624 I thunderperf: CompatConfig.addOverrideUnsafe: aft-state=1
03-14 04:12:29.938 1523 3624 I thunderperf: CompatConfig.addOverrideUnsafe: bef-state=1
03-14 04:12:29.938 1523 3624 E thunderperf: CompatConfig.addOverrideUnsafe: exception:java.lang.SecurityException: Cannot override a change on a non-debuggable app and user build.
03-14 04:12:29.938 1523 3624 I thunderperf: CompatConfig.addOverrideUnsafe: aft-state=1
03-14 04:12:29.938 1523 3624 I thunderperf: CompatConfig.addOverrideUnsafe: bef-state=1
03-14 04:12:29.938 1523 3624 E thunderperf: CompatConfig.addOverrideUnsafe: exception:java.lang.SecurityException: Cannot override a change on a non-debuggable app and user build.
03-14 04:12:29.938 1523 3624 I thunderperf: CompatConfig.addOverrideUnsafe: aft-state=1
03-14 04:12:29.939 1523 3624 I thunderperf: CompatConfig.addOverrideUnsafe: bef-state=1
03-14 04:12:29.939 1523 3624 E thunderperf: CompatConfig.addOverrideUnsafe: exception:java.lang.SecurityException: Cannot override a change on a non-debuggable app and user build.
03-14 04:12:29.939 1523 3624 I thunderperf: CompatConfig.addOverrideUnsafe: aft-state=1
03-14 04:12:29.939 1523 3624 I thunderperf: CompatConfig.addOverrideUnsafe: bef-state=1
03-14 04:12:29.939 1523 3624 E thunderperf: CompatConfig.addOverrideUnsafe: exception:java.lang.SecurityException: Cannot override a change on a non-debuggable app and user build.
03-14 04:12:29.939 1523 3624 I thunderperf: CompatConfig.addOverrideUnsafe: aft-state=1
03-14 04:12:29.940 1523 3624 I thunderperf: CompatConfig.addOverrideUnsafe: bef-state=1
03-14 04:12:29.940 1523 3624 E thunderperf: CompatConfig.addOverrideUnsafe: exception:java.lang.SecurityException: Cannot override a change on a non-debuggable app and user build.
03-14 04:12:29.940 1523 3624 I thunderperf: CompatConfig.addOverrideUnsafe: aft-state=1
03-14 04:12:29.940 1523 3624 I thunderperf: CompatConfig.addOverrideUnsafe: bef-state=1
03-14 04:12:29.940 1523 3624 E thunderperf: CompatConfig.addOverrideUnsafe: exception:java.lang.SecurityException: Cannot override a change on a non-debuggable app and user build.
03-14 04:12:29.940 1523 3624 I thunderperf: CompatConfig.addOverrideUnsafe: aft-state=1
03-14 04:12:29.940 1523 3624 I thunderperf: CompatConfig.addOverrideUnsafe: bef-state=1
03-14 04:12:29.941 1523 3624 E thunderperf: CompatConfig.addOverrideUnsafe: exception:java.lang.SecurityException: Cannot override a change on a non-debuggable app and user build.
03-14 04:12:29.941 1523 3624 I thunderperf: CompatConfig.addOverrideUnsafe: aft-state=1
03-14 04:12:29.941 1523 3624 I thunderperf: CompatConfig.addOverrideUnsafe: bef-state=1
03-14 04:12:29.941 1523 3624 E thunderperf: CompatConfig.addOverrideUnsafe: exception:java.lang.SecurityException: Cannot override a change on a non-debuggable app and user build.
03-14 04:12:29.941 1523 3624 I thunderperf: CompatConfig.addOverrideUnsafe: aft-state=1
03-14 04:12:29.941 1523 3624 I thunderperf: CompatConfig.addOverrideUnsafe: bef-state=1
03-14 04:12:29.941 1523 3624 E thunderperf: CompatConfig.addOverrideUnsafe: exception:java.lang.SecurityException: Cannot override a change on a non-debuggable app and user build.
03-14 04:12:29.941 1523 3624 I thunderperf: CompatConfig.addOverrideUnsafe: aft-state=1
03-14 04:12:29.941 1523 3624 I thunderperf: CompatConfig.addOverrideUnsafe: bef-state=1
03-14 04:12:29.942 1523 3624 E thunderperf: CompatConfig.addOverrideUnsafe: exception:java.lang.SecurityException: Cannot override a change on a non-debuggable app and user build.
03-14 04:12:29.942 1523 3624 I thunderperf: CompatConfig.addOverrideUnsafe: aft-state=1
03-14 04:12:29.943 1523 3624 I thunderperf: CompatConfig.addOverrideUnsafe: bef-state=1
03-14 04:12:29.943 1523 3624 E thunderperf: CompatConfig.addOverrideUnsafe: exception:java.lang.SecurityException: Cannot override a change on a non-debuggable app and user build.
03-14 04:12:29.943 1523 3624 I thunderperf: CompatConfig.addOverrideUnsafe: aft-state=1
03-14 04:12:29.944 1523 3624 I thunderperf: CompatConfig.addOverrideUnsafe: bef-state=1
03-14 04:12:29.944 1523 3624 E thunderperf: CompatConfig.addOverrideUnsafe: exception:java.lang.SecurityException: Cannot override a change on a non-debuggable app and user build.
03-14 04:12:29.944 1523 3624 I thunderperf: CompatConfig.addOverrideUnsafe: aft-state=1
03-14 04:12:29.944 1523 3624 I thunderperf: CompatConfig.addOverrideUnsafe: bef-state=1
03-14 04:12:29.944 1523 3624 E thunderperf: CompatConfig.addOverrideUnsafe: exception:java.lang.SecurityException: Cannot override a change on a non-debuggable app and user build.
03-14 04:12:29.944 1523 3624 I thunderperf: CompatConfig.addOverrideUnsafe: aft-state=1
03-14 04:12:29.949 1523 3624 I ActivityTaskManager: START u0 {act=android.intent.action.VIEW dat=content://com.tencent.pangu.fileprovider/external_path/Android/data/com.tencent.android.qqdownloader/files/tassistant/apk/com.tencent.mtt_13710500.apk typ=application/vnd.android.package-archive flg=0x2000001 cmp=com.android.packageinstaller/.InstallStaging (has extras)} from uid 10031
03-14 04:12:29.951 1523 3624 I wm_task_moved: [23,1,8]
03-14 04:12:29.952 1523 3624 I wm_set_resumed_activity: [0,com.android.packageinstaller/.InstallStart,positionChildAt]
03-14 04:12:29.952 1523 3624 I wm_create_activity: [0,117208716,23,com.android.packageinstaller/.InstallStaging,android.intent.action.VIEW,application/vnd.android.package-archive,content://com.tencent.pangu.fileprovider/external_path/Android/data/com.tencent.android.qqdownloader/files/tassistant/apk/com.tencent.mtt_13710500.apk,33554433]
03-14 04:12:29.952 1523 3624 I wm_pause_activity: [0,168417193,com.android.packageinstaller/.InstallStart,userLeaving=true,resumeTopActivityInnerLocked]
03-14 04:12:29.954 1523 3624 I wm_finish_activity: [0,168417193,23,com.android.packageinstaller/.InstallStart,app-request]
03-14 04:12:29.954 4122 4122 I wm_on_create_called: [168417193,com.android.packageinstaller.InstallStart,performCreate]
03-14 04:12:29.956 1523 10131 I wm_add_to_stopping: [0,168417193,com.android.packageinstaller/.InstallStart,completeFinishing]
03-14 04:12:29.956 1523 10131 I ActivityTaskManager: FOREGROUND_APPLICATION_CHANGED to com.android.packageinstaller.InstallStaging
03-14 04:12:29.956 1523 10131 I ActivityTaskManager: The Process com.android.packageinstaller Already Exists in BG. So sending its PID: 4122
03-14 04:12:29.956 1523 10131 W ActivityTaskManager: Tried to set launchTime (0) < mLastActivityLaunchTime (1299871)
03-14 04:12:29.957 1523 10131 I wm_restart_activity: [0,117208716,23,com.android.packageinstaller/.InstallStaging]
03-14 04:12:29.958 1523 10131 I wm_set_resumed_activity: [0,com.android.packageinstaller/.InstallStaging,minimalResumeActivityLocked]
03-14 04:12:29.963 1523 1653 I sysui_multi_action: [757,803,799,window_time_0,802,0]
03-14 04:12:29.967 4122 4122 I wm_on_create_called: [117208716,com.android.packageinstaller.InstallStaging,performCreate]
03-14 04:12:29.967 4122 4122 I wm_on_start_called: [117208716,com.android.packageinstaller.InstallStaging,handleStartActivity]
03-14 04:12:29.968 4122 4122 I wm_on_resume_called: [117208716,com.android.packageinstaller.InstallStaging,RESUME_ACTIVITY]
03-14 04:12:29.970 4122 4122 I wm_on_top_resumed_gained_called: [117208716,com.android.packageinstaller.InstallStaging,topStateChangedWhenResumed]
