03-14 03:58:35.303 8290 9491 W PackageParsing: No actions in intent-filter at /storage/emulated/0/Android/data/com.tencent.android.qqdownloader/files/tassistant/apk/com.baidu.searchbox_116655488.apk Binary XML file line #9057
03-14 03:58:35.399 1523 1523 I GameModeConfig: isGameModeOn = false
03-14 03:58:35.487 1523 2295 I netstats_mobile_sample: [0,0,0,0,0,0,0,0,0,0,0,0,1678737515487]
03-14 03:58:35.487 1523 2295 I netstats_wifi_sample: [924692999,696008,12749932,202334,924692999,696008,12749932,202334,925731215,702891,12258850,200934,1678737515487]
03-14 03:58:35.516 1523 1523 I sysui_multi_action: [757,128,758,5,759,8,793,52515,794,0,795,319,796,101,806,com.tencent.android.qqdownloader,857,channel_id_default_silent,858,3,946,com.tencent.android.qqdownloader,947,1,1500,319,1688,1]
03-14 03:58:35.516 1523 1523 I notification_canceled: [0|com.tencent.android.qqdownloader|101|null|10093,8,52515,319,0,-1,-1,NULL]
03-14 03:58:35.541 8290 9491 W PackageParsing: Unknown element under : uses-split at /storage/emulated/0/Android/data/com.tencent.android.qqdownloader/files/tassistant/apk/com.smile.gifmaker_29991.apk Binary XML file line #78
03-14 03:58:35.653 8328 8964 W PackageParsing: Unknown element under : uses-split at /storage/emulated/0/Android/data/com.tencent.android.qqdownloader/files/tassistant/apk/com.smile.gifmaker_29991.apk Binary XML file line #78
03-14 03:58:35.655 0 0 I auditd : type=1400 audit(0.0:1997): avc: denied { kill } for comm="swapper/6" capability=5 scontext=u:r:kernel:s0 tcontext=u:r:kernel:s0 tclass=capability permissive=0
03-14 03:58:35.724 8328 8427 W PackageParsing: Unknown element under : uses-split at /storage/emulated/0/Android/data/com.tencent.android.qqdownloader/files/tassistant/apk/com.smile.gifmaker_29991.apk Binary XML file line #78
03-14 03:58:35.771 8290 8290 E ActivityThread: Failed to find provider info for com.android.badge
03-14 03:58:35.774 8290 9491 W PackageParsing: Unknown element under : uses-split at /storage/emulated/0/Android/data/com.tencent.android.qqdownloader/files/tassistant/apk/com.smile.gifmaker_29991.apk Binary XML file line #78
03-14 03:58:35.774 8290 8290 E ActivityThread: Failed to find provider info for com.android.badge
03-14 03:58:35.978 8290 9491 W PackageParsing: Unknown element under : uses-split at /storage/emulated/0/Android/data/com.tencent.android.qqdownloader/files/tassistant/apk/com.smile.gifmaker_29991.apk Binary XML file line #78
03-14 03:58:36.029 8290 8290 E ActivityThread: Failed to find provider info for com.android.badge
03-14 03:58:36.032 8290 8290 E ActivityThread: Failed to find provider info for com.android.badge
03-14 03:58:36.153 8290 9491 W PackageParsing: Unknown element under : uses-split at /storage/emulated/0/Android/data/com.tencent.android.qqdownloader/files/tassistant/apk/com.smile.gifmaker_29991.apk Binary XML file line #78
03-14 03:58:36.655 0 0 I auditd : type=1400 audit(0.0:1998): avc: denied { kill } for comm="swapper/6" capability=5 scontext=u:r:kernel:s0 tcontext=u:r:kernel:s0 tclass=capability permissive=0
03-14 03:58:37.637 1523 2295 I service_manager_stats: [139,37,5805]
03-14 03:58:37.655 1523 2295 I netstats_mobile_sample: [0,0,0,0,0,0,0,0,0,0,0,0,1678737517655]
03-14 03:58:37.655 1523 2295 I netstats_wifi_sample: [927414286,698369,12821576,203363,927414286,698369,12821576,203363,928533090,705468,12329350,201953,1678737517655]
03-14 03:58:37.655 0 0 I auditd : type=1400 audit(0.0:1999): avc: denied { kill } for comm="swapper/6" capability=5 scontext=u:r:kernel:s0 tcontext=u:r:kernel:s0 tclass=capability permissive=0
03-14 03:58:38.655 0 0 I auditd : type=1400 audit(0.0:2000): avc: denied { kill } for comm="swapper/6" capability=5 scontext=u:r:kernel:s0 tcontext=u:r:kernel:s0 tclass=capability permissive=0
03-14 03:58:39.363 1523 1523 W NotificationService: Removed summary didn't match old notification: old=0|com.tencent.android.qqdownloader|127|null|10093, removed=
03-14 03:58:39.364 1523 1523 I notification_enqueue: [10093,8290,com.tencent.android.qqdownloader,127,NULL,0,Notification(channel=channel_id_default_silent shortcut=null contentView=com.tencent.android.qqdownloader/0x7f0a01c2 vibrate=null sound=null defaults=0x0 flags=0x2a0 color=0x00000000 groupKey=com.tencent.android.qqdownloader vis=PRIVATE),1]
03-14 03:58:39.566 1523 1523 I GameModeConfig: isGameModeOn = false
03-14 03:58:39.655 0 0 I auditd : type=1400 audit(0.0:2001): avc: denied { kill } for comm="swapper/6" capability=5 scontext=u:r:kernel:s0 tcontext=u:r:kernel:s0 tclass=capability permissive=0
03-14 03:58:40.655 0 0 I auditd : type=1400 audit(0.0:2002): avc: denied { kill } for comm="swapper/6" capability=5 scontext=u:r:kernel:s0 tcontext=u:r:kernel:s0 tclass=capability permissive=0
03-14 03:58:41.655 0 0 I auditd : type=1400 audit(0.0:2003): avc: denied { kill } for comm="swapper/6" capability=5 scontext=u:r:kernel:s0 tcontext=u:r:kernel:s0 tclass=capability permissive=0
03-14 03:58:42.655 1275 1275 I auditd : type=1400 audit(0.0:2004): avc: denied { kill } for comm="kworker/u16:18" capability=5 scontext=u:r:kernel:s0 tcontext=u:r:kernel:s0 tclass=capability permissive=0
03-14 03:58:43.655 0 0 I auditd : type=1400 audit(0.0:2005): avc: denied { kill } for comm="swapper/0" capability=5 scontext=u:r:kernel:s0 tcontext=u:r:kernel:s0 tclass=capability permissive=0
03-14 03:58:44.655 0 0 I auditd : type=1400 audit(0.0:2006): avc: denied { kill } for comm="swapper/0" capability=5 scontext=u:r:kernel:s0 tcontext=u:r:kernel:s0 tclass=capability permissive=0
03-14 03:58:45.655 0 0 I auditd : type=1400 audit(0.0:2007): avc: denied { kill } for comm="swapper/3" capability=5 scontext=u:r:kernel:s0 tcontext=u:r:kernel:s0 tclass=capability permissive=0
03-14 03:58:46.655 0 0 I auditd : type=1400 audit(0.0:2008): avc: denied { kill } for comm="swapper/3" capability=5 scontext=u:r:kernel:s0 tcontext=u:r:kernel:s0 tclass=capability permissive=0
03-14 03:58:47.655 0 0 I auditd : type=1400 audit(0.0:2009): avc: denied { kill } for comm="swapper/3" capability=5 scontext=u:r:kernel:s0 tcontext=u:r:kernel:s0 tclass=capability permissive=0
03-14 03:58:49.655 0 0 I auditd : type=1400 audit(0.0:2010): avc: denied { kill } for comm="swapper/2" capability=5 scontext=u:r:kernel:s0 tcontext=u:r:kernel:s0 tclass=capability permissive=0
03-14 03:58:52.655 0 0 I auditd : type=1400 audit(0.0:2011): avc: denied { kill } for comm="swapper/2" capability=5 scontext=u:r:kernel:s0 tcontext=u:r:kernel:s0 tclass=capability permissive=0
03-14 03:58:53.655 0 0 I auditd : type=1400 audit(0.0:2012): avc: denied { kill } for comm="swapper/2" capability=5 scontext=u:r:kernel:s0 tcontext=u:r:kernel:s0 tclass=capability permissive=0
03-14 03:58:54.655 0 0 I auditd : type=1400 audit(0.0:2013): avc: denied { kill } for comm="swapper/2" capability=5 scontext=u:r:kernel:s0 tcontext=u:r:kernel:s0 tclass=capability permissive=0
03-14 03:58:55.655 0 0 I auditd : type=1400 audit(0.0:2014): avc: denied { kill } for comm="swapper/2" capability=5 scontext=u:r:kernel:s0 tcontext=u:r:kernel:s0 tclass=capability permissive=0
03-14 03:58:56.442 1523 2295 I netstats_mobile_sample: [0,0,0,0,0,0,0,0,0,0,0,0,1678737536442]
03-14 03:58:56.442 1523 2295 I netstats_wifi_sample: [929324492,701726,13175873,206038,929324492,701726,13175873,206038,930594895,709713,12618027,204448,1678737536442]
03-14 03:58:56.655 0 0 I auditd : type=1400 audit(0.0:2015): avc: denied { kill } for comm="swapper/2" capability=5 scontext=u:r:kernel:s0 tcontext=u:r:kernel:s0 tclass=capability permissive=0
03-14 03:58:57.655 0 0 I auditd : type=1400 audit(0.0:2016): avc: denied { kill } for comm="swapper/2" capability=5 scontext=u:r:kernel:s0 tcontext=u:r:kernel:s0 tclass=capability permissive=0
03-14 03:58:58.655 0 0 I auditd : type=1400 audit(0.0:2017): avc: denied { kill } for comm="swapper/1" capability=5 scontext=u:r:kernel:s0 tcontext=u:r:kernel:s0 tclass=capability permissive=0
03-14 03:58:59.655 0 0 I auditd : type=1400 audit(0.0:2018): avc: denied { kill } for comm="swapper/1" capability=5 scontext=u:r:kernel:s0 tcontext=u:r:kernel:s0 tclass=capability permissive=0
03-14 03:59:00.655 0 0 I auditd : type=1400 audit(0.0:2019): avc: denied { kill } for comm="swapper/1" capability=5 scontext=u:r:kernel:s0 tcontext=u:r:kernel:s0 tclass=capability permissive=0
03-14 03:59:01.655 0 0 I auditd : type=1400 audit(0.0:2020): avc: denied { kill } for comm="swapper/1" capability=5 scontext=u:r:kernel:s0 tcontext=u:r:kernel:s0 tclass=capability permissive=0
03-14 03:59:02.561 8328 9497 W PackageParsing: Ignoring duplicate uses-permissions/uses-permissions-sdk-m: com.android.launcher2.permission.READ_SETTINGS in package: com.tencent.mobileqq at: Binary XML file line #109
03-14 03:59:02.562 8328 9497 W PackageParsing: Ignoring duplicate uses-permissions/uses-permissions-sdk-m: android.permission.WRITE_CONTACTS in package: com.tencent.mobileqq at: Binary XML file line #157
03-14 03:59:02.563 8328 9497 W PackageParsing: Ignoring duplicate uses-permissions/uses-permissions-sdk-m: com.tencent.msf.permission.account.sync in package: com.tencent.mobileqq at: Binary XML file line #217
03-14 03:59:02.563 8328 9497 W PackageParsing: Ignoring duplicate uses-permissions/uses-permissions-sdk-m: android.permission.CHANGE_WIFI_STATE in package: com.tencent.mobileqq at: Binary XML file line #223
03-14 03:59:02.563 8328 9497 W PackageParsing: Ignoring duplicate uses-permissions/uses-permissions-sdk-m: android.permission.INTERNET in package: com.tencent.mobileqq at: Binary XML file line #225
03-14 03:59:02.563 8328 9497 W PackageParsing: Ignoring duplicate uses-permissions/uses-permissions-sdk-m: android.permission.ACCESS_WIFI_STATE in package: com.tencent.mobileqq at: Binary XML file line #227
03-14 03:59:02.563 8328 9497 W PackageParsing: Ignoring duplicate uses-permissions/uses-permissions-sdk-m: android.permission.ACCESS_NETWORK_STATE in package: com.tencent.mobileqq at: Binary XML file line #229
03-14 03:59:02.563 8328 9497 W PackageParsing: Ignoring duplicate uses-permissions/uses-permissions-sdk-m: android.permission.CAMERA in package: com.tencent.mobileqq at: Binary XML file line #237
03-14 03:59:02.563 8328 9497 W PackageParsing: Ignoring duplicate uses-permissions/uses-permissions-sdk-m: android.permission.WAKE_LOCK in package: com.tencent.mobileqq at: Binary XML file line #239
03-14 03:59:02.563 8328 9497 W PackageParsing: Ignoring duplicate uses-permissions/uses-permissions-sdk-m: com.android.launcher.permission.INSTALL_SHORTCUT in package: com.tencent.mobileqq at: Binary XML file line #241
03-14 03:59:02.563 8328 9497 W PackageParsing: Ignoring duplicate uses-permissions/uses-permissions-sdk-m: android.permission.RECEIVE_BOOT_COMPLETED in package: com.tencent.mobileqq at: Binary XML file line #243
03-14 03:59:02.563 8328 9497 W PackageParsing: Ignoring duplicate uses-permissions/uses-permissions-sdk-m: com.tencent.msf.permission.account.sync in package: com.tencent.mobileqq at: Binary XML file line #247
03-14 03:59:02.564 8328 9497 W PackageParsing: Ignoring duplicate uses-permissions/uses-permissions-sdk-m: android.permission.BROADCAST_STICKY in package: com.tencent.mobileqq at: Binary XML file line #295
03-14 03:59:02.576 8328 9497 W PackageParsing: No actions in intent-filter at /storage/emulated/0/Android/data/com.tencent.android.qqdownloader/files/tassistant/apk/com.tencent.mobileqq_3772.apk Binary XML file line #1375
03-14 03:59:02.655 0 0 I auditd : type=1400 audit(0.0:2021): avc: denied { kill } for comm="swapper/1" capability=5 scontext=u:r:kernel:s0 tcontext=u:r:kernel:s0 tclass=capability permissive=0
03-14 03:59:02.979 1523 2461 I thunderperf: PlatormCompat.setOverrides: Uid1=10093 Pid1=8328 Uid2=10093 Pid2=8328
03-14 03:59:02.979 1523 2461 I thunderperf: PlatormCompat.setOverrides: needCheck:false
03-14 03:59:02.979 1523 2461 W PackageManager: MATCH_ANY_USER flag requires INTERACT_ACROSS_USERS permission: UID 10093 requires android.permission.INTERACT_ACROSS_USERS_FULL or android.permission.INTERACT_ACROSS_USERS to access user 0.
03-14 03:59:02.981 1523 2461 I ActivityTaskManager: START u0 {flg=0x10000000 cmp=com.tencent.android.qqdownloader/com.tencent.pangu.activity.InstallerListenerActivity (has extras)} from uid 10093
03-14 03:59:02.985 1523 2461 W ActivityTaskManager: Background activity start [callingPackage: com.tencent.android.qqdownloader; callingUid: 10093; appSwitchAllowed: true; isCallingUidForeground: false; callingUidHasAnyVisibleWindow: false; callingUidProcState: SERVICE; isCallingUidPersistentSystemProcess: false; realCallingUid: 10093; isRealCallingUidForeground: false; realCallingUidHasAnyVisibleWindow: false; realCallingUidProcState: SERVICE; isRealCallingUidPersistentSystemProcess: false; originatingPendingIntent: null; allowBackgroundActivityStart: false; intent: Intent { flg=0x10000000 cmp=com.tencent.android.qqdownloader/com.tencent.pangu.activity.InstallerListenerActivity (has extras) }; callerApp: ProcessRecord{48dbd62 8328:com.tencent.android.qqdownloader/u0a93}; inVisibleTask: false]
03-14 03:59:02.985 1523 2461 I sysui_multi_action: [757,1513,758,4,805,1678737542985,1514,10093,1515,com.tencent.android.qqdownloader,1516,1009,1517,0,1518,10093,1519,1009,1520,0,1526,com.tencent.android.qqdownloader/com.tencent.pangu.activity.InstallerListenerActivity,1527,0,1529,com.tencent.android.qqdownloader,1530,1009,1531,0,1532,0,1533,0,1534,0,1535,0,1536,0,1539,27471]
03-14 03:59:02.995 1523 2461 D CompatibilityChangeReporter: Compat change id reported: 174042980; UID 10093; state: DISABLED
03-14 03:59:02.995 1523 2461 D CompatibilityChangeReporter: Compat change id reported: 184838306; UID 10093; state: DISABLED
03-14 03:59:02.995 1523 2461 D CompatibilityChangeReporter: Compat change id reported: 185004937; UID 10093; state: DISABLED
03-14 03:59:02.996 1523 2461 I wm_create_activity: [0,204038234,19,com.tencent.android.qqdownloader/com.tencent.pangu.activity.InstallerListenerActivity,NULL,NULL,NULL,268435456]
03-14 03:59:02.997 1523 2461 D CompatibilityChangeReporter: Compat change id reported: 168419799; UID 10093; state: DISABLED
03-14 03:59:03.655 0 0 I auditd : type=1400 audit(0.0:2022): avc: denied { kill } for comm="swapper/1" capability=5 scontext=u:r:kernel:s0 tcontext=u:r:kernel:s0 tclass=capability permissive=0
03-14 03:59:05.655 0 0 I auditd : type=1400 audit(0.0:2023): avc: denied { kill } for comm="swapper/7" capability=5 scontext=u:r:kernel:s0 tcontext=u:r:kernel:s0 tclass=capability permissive=0
03-14 03:59:06.655 0 0 I auditd : type=1400 audit(0.0:2024): avc: denied { kill } for comm="swapper/7" capability=5 scontext=u:r:kernel:s0 tcontext=u:r:kernel:s0 tclass=capability permissive=0
03-14 03:59:07.655 0 0 I auditd : type=1400 audit(0.0:2025): avc: denied { kill } for comm="swapper/7" capability=5 scontext=u:r:kernel:s0 tcontext=u:r:kernel:s0 tclass=capability permissive=0
03-14 03:59:08.655 0 0 I auditd : type=1400 audit(0.0:2026): avc: denied { kill } for comm="swapper/7" capability=5 scontext=u:r:kernel:s0 tcontext=u:r:kernel:s0 tclass=capability permissive=0
03-14 03:59:09.655 0 0 I auditd : type=1400 audit(0.0:2027): avc: denied { kill } for comm="swapper/7" capability=5 scontext=u:r:kernel:s0 tcontext=u:r:kernel:s0 tclass=capability permissive=0
03-14 03:59:10.655 0 0 I auditd : type=1400 audit(0.0:2028): avc: denied { kill } for comm="swapper/7" capability=5 scontext=u:r:kernel:s0 tcontext=u:r:kernel:s0 tclass=capability permissive=0
03-14 03:59:11.655 0 0 I auditd : type=1400 audit(0.0:2029): avc: denied { kill } for comm="swapper/1" capability=5 scontext=u:r:kernel:s0 tcontext=u:r:kernel:s0 tclass=capability permissive=0
03-14 03:59:12.655 0 0 I auditd : type=1400 audit(0.0:2030): avc: denied { kill } for comm="swapper/1" capability=5 scontext=u:r:kernel:s0 tcontext=u:r:kernel:s0 tclass=capability permissive=0
03-14 03:59:13.655 0 0 I auditd : type=1400 audit(0.0:2031): avc: denied { kill } for comm="swapper/1" capability=5 scontext=u:r:kernel:s0 tcontext=u:r:kernel:s0 tclass=capability permissive=0
03-14 03:59:14.655 0 0 I auditd : type=1400 audit(0.0:2032): avc: denied { kill } for comm="swapper/1" capability=5 scontext=u:r:kernel:s0 tcontext=u:r:kernel:s0 tclass=capability permissive=0
03-14 03:59:14.770 1523 2313 I storage_state: [41217664-9172-527a-b3d5-edabb50a7d69,0,0,113115910144,118610538496]
03-14 03:59:15.655 0 0 I auditd : type=1400 audit(0.0:2033): avc: denied { kill } for comm="swapper/1" capability=5 scontext=u:r:kernel:s0 tcontext=u:r:kernel:s0 tclass=capability permissive=0
03-14 03:59:16.655 0 0 I auditd : type=1400 audit(0.0:2034): avc: denied { kill } for comm="swapper/1" capability=5 scontext=u:r:kernel:s0 tcontext=u:r:kernel:s0 tclass=capability permissive=0
03-14 03:59:17.655 0 0 I auditd : type=1400 audit(0.0:2035): avc: denied { kill } for comm="swapper/1" capability=5 scontext=u:r:kernel:s0 tcontext=u:r:kernel:s0 tclass=capability permissive=0
03-14 03:59:19.655 0 0 I auditd : type=1400 audit(0.0:2036): avc: denied { kill } for comm="swapper/0" capability=5 scontext=u:r:kernel:s0 tcontext=u:r:kernel:s0 tclass=capability permissive=0
03-14 03:59:20.374 1523 2295 I netstats_mobile_sample: [0,0,0,0,0,0,0,0,0,0,0,0,1678737560374]
03-14 03:59:20.374 1523 2295 I netstats_wifi_sample: [931228116,705202,13453304,208651,931228116,705202,13453304,208651,932657985,713983,12849290,206950,1678737560374]
03-14 03:59:21.655 0 0 I auditd : type=1400 audit(0.0:2037): avc: denied { kill } for comm="swapper/1" capability=5 scontext=u:r:kernel:s0 tcontext=u:r:kernel:s0 tclass=capability permissive=0
03-14 03:59:25.655 0 0 I auditd : type=1400 audit(0.0:2038): avc: denied { kill } for comm="swapper/2" capability=5 scontext=u:r:kernel:s0 tcontext=u:r:kernel:s0 tclass=capability permissive=0
03-14 03:59:28.655 0 0 I auditd : type=1400 audit(0.0:2039): avc: denied { kill } for comm="swapper/1" capability=5 scontext=u:r:kernel:s0 tcontext=u:r:kernel:s0 tclass=capability permissive=0
03-14 03:59:29.655 0 0 I auditd : type=1400 audit(0.0:2040): avc: denied { kill } for comm="swapper/1" capability=5 scontext=u:r:kernel:s0 tcontext=u:r:kernel:s0 tclass=capability permissive=0
01-01 12:41:39.531 0 0 I [dp_rx_][0x268540f59][03:59:30.568328] wlan: [1971:I:QDF] DHCP-D RX: SA:86:0b:1f:7b:f1:f9 DA:ff:ff:ff:ff:ff:ff
03-14 03:59:30.655 0 0 I auditd : type=1400 audit(0.0:2041): avc: denied { kill } for comm="swapper/1" capability=5 scontext=u:r:kernel:s0 tcontext=u:r:kernel:s0 tclass=capability permissive=0
01-01 12:41:40.350 0 0 I [dp_rx_][0x26944245b][03:59:31.387808] wlan: [1971:I:QDF] DHCP-D RX: SA:86:0b:1f:7b:f1:f9 DA:ff:ff:ff:ff:ff:ff
01-01 12:41:40.557 0 0 I [dp_rx_][0x26980b71c][03:59:31.594565] wlan: [1971:I:QDF] DHCP-R RX: SA:86:0b:1f:7b:f1:f9 DA:ff:ff:ff:ff:ff:ff
03-14 03:59:31.655 0 0 I auditd : type=1400 audit(0.0:2042): avc: denied { kill } for comm="swapper/1" capability=5 scontext=u:r:kernel:s0 tcontext=u:r:kernel:s0 tclass=capability permissive=0
03-14 03:59:32.655 0 0 I auditd : type=1400 audit(0.0:2043): avc: denied { kill } for comm="swapper/1" capability=5 scontext=u:r:kernel:s0 tcontext=u:r:kernel:s0 tclass=capability permissive=0
03-14 03:59:33.650 1523 1662 I am_uid_idle: 10031
03-14 03:59:33.655 0 0 I auditd : type=1400 audit(0.0:2044): avc: denied { kill } for comm="swapper/1" capability=5 scontext=u:r:kernel:s0 tcontext=u:r:kernel:s0 tclass=capability permissive=0
03-14 03:59:34.655 0 0 I auditd : type=1400 audit(0.0:2045): avc: denied { kill } for comm="swapper/1" capability=5 scontext=u:r:kernel:s0 tcontext=u:r:kernel:s0 tclass=capability permissive=0
03-14 03:59:35.517 1523 1662 I am_uid_idle: 10093
03-14 03:59:35.517 1523 1662 I am_stop_idle_service: [10093,com.tencent.android.qqdownloader/com.tencent.assistant.main.MainService]
03-14 03:59:35.517 1523 1662 W ActivityManager: Stopping service due to app idle: u0a93 -2m10s715ms com.tencent.android.qqdownloader/com.tencent.assistant.main.MainService
03-14 03:59:35.540 1523 1661 I am_pss : [6318,10049,com.thundercomm.screensaver,40429568,31825920,4113408,123523072,0,2,15]
03-14 03:59:35.655 0 0 I auditd : type=1400 audit(0.0:2046): avc: denied { kill } for comm="swapper/1" capability=5 scontext=u:r:kernel:s0 tcontext=u:r:kernel:s0 tclass=capability permissive=0
03-14 03:59:36.655 0 0 I auditd : type=1400 audit(0.0:2047): avc: denied { kill } for comm="swapper/1" capability=5 scontext=u:r:kernel:s0 tcontext=u:r:kernel:s0 tclass=capability permissive=0
03-14 03:59:37.655 0 0 I auditd : type=1400 audit(0.0:2048): avc: denied { kill } for comm="swapper/1" capability=5 scontext=u:r:kernel:s0 tcontext=u:r:kernel:s0 tclass=capability permissive=0
03-14 03:59:38.655 0 0 I auditd : type=1400 audit(0.0:2049): avc: denied { kill } for comm="swapper/1" capability=5 scontext=u:r:kernel:s0 tcontext=u:r:kernel:s0 tclass=capability permissive=0
03-14 03:59:39.118 1523 1662 I am_uid_idle: 10062
03-14 03:59:39.415 1523 1523 I notification_enqueue: [10093,8290,com.tencent.android.qqdownloader,127,NULL,0,Notification(channel=channel_id_default_silent shortcut=null contentView=com.tencent.android.qqdownloader/0x7f0a01c2 vibrate=null sound=null defaults=0x0 flags=0x2a0 color=0x00000000 groupKey=com.tencent.android.qqdownloader vis=PRIVATE),1]
03-14 03:59:39.617 1523 1523 I GameModeConfig: isGameModeOn = false
03-14 03:59:39.655 0 0 I auditd : type=1400 audit(0.0:2050): avc: denied { kill } for comm="swapper/1" capability=5 scontext=u:r:kernel:s0 tcontext=u:r:kernel:s0 tclass=capability permissive=0
03-14 03:59:40.655 0 0 I auditd : type=1400 audit(0.0:2051): avc: denied { kill } for comm="swapper/1" capability=5 scontext=u:r:kernel:s0 tcontext=u:r:kernel:s0 tclass=capability permissive=0
03-14 03:59:41.655 0 0 I auditd : type=1400 audit(0.0:2052): avc: denied { kill } for comm="swapper/1" capability=5 scontext=u:r:kernel:s0 tcontext=u:r:kernel:s0 tclass=capability permissive=0
03-14 03:59:42.655 0 0 I auditd : type=1400 audit(0.0:2053): avc: denied { kill } for comm="swapper/1" capability=5 scontext=u:r:kernel:s0 tcontext=u:r:kernel:s0 tclass=capability permissive=0
03-14 03:59:45.655 0 0 I auditd : type=1400 audit(0.0:2054): avc: denied { kill } for comm="swapper/1" capability=5 scontext=u:r:kernel:s0 tcontext=u:r:kernel:s0 tclass=capability permissive=0
03-14 03:59:46.655 0 0 I auditd : type=1400 audit(0.0:2055): avc: denied { kill } for comm="swapper/1" capability=5 scontext=u:r:kernel:s0 tcontext=u:r:kernel:s0 tclass=capability permissive=0
03-14 03:59:47.655 0 0 I auditd : type=1400 audit(0.0:2056): avc: denied { kill } for comm="swapper/1" capability=5 scontext=u:r:kernel:s0 tcontext=u:r:kernel:s0 tclass=capability permissive=0
01-01 12:41:56.633 0 0 I [dp_rx_][0x27be6ad35][03:59:47.671233] wlan: [1971:I:QDF] DHCP-R RX: SA:86:0b:1f:7b:f1:f9 DA:ff:ff:ff:ff:ff:ff
03-14 03:59:48.655 0 0 I auditd : type=1400 audit(0.0:2057): avc: denied { kill } for comm="swapper/1" capability=5 scontext=u:r:kernel:s0 tcontext=u:r:kernel:s0 tclass=capability permissive=0
03-14 03:59:49.655 0 0 I auditd : type=1400 audit(0.0:2058): avc: denied { kill } for comm="swapper/1" capability=5 scontext=u:r:kernel:s0 tcontext=u:r:kernel:s0 tclass=capability permissive=0
03-14 03:59:50.655 0 0 I auditd : type=1400 audit(0.0:2059): avc: denied { kill } for comm="swapper/1" capability=5 scontext=u:r:kernel:s0 tcontext=u:r:kernel:s0 tclass=capability permissive=0
03-14 03:59:51.655 0 0 I auditd : type=1400 audit(0.0:2060): avc: denied { kill } for comm="swapper/1" capability=5 scontext=u:r:kernel:s0 tcontext=u:r:kernel:s0 tclass=capability permissive=0
03-14 03:59:52.655 0 0 I auditd : type=1400 audit(0.0:2061): avc: denied { kill } for comm="swapper/1" capability=5 scontext=u:r:kernel:s0 tcontext=u:r:kernel:s0 tclass=capability permissive=0
03-14 03:59:53.571 1523 1661 I am_pss : [6318,10049,com.thundercomm.screensaver,40433664,31830016,4113408,123527168,0,2,14]
03-14 03:59:53.655 0 0 I auditd : type=1400 audit(0.0:2062): avc: denied { kill } for comm="swapper/1" capability=5 scontext=u:r:kernel:s0 tcontext=u:r:kernel:s0 tclass=capability permissive=0
03-14 03:59:54.655 0 0 I auditd : type=1400 audit(0.0:2063): avc: denied { kill } for comm="swapper/1" capability=5 scontext=u:r:kernel:s0 tcontext=u:r:kernel:s0 tclass=capability permissive=0
03-14 03:59:55.655 0 0 I auditd : type=1400 audit(0.0:2064): avc: denied { kill } for comm="swapper/1" capability=5 scontext=u:r:kernel:s0 tcontext=u:r:kernel:s0 tclass=capability permissive=0
03-14 03:59:56.655 0 0 I auditd : type=1400 audit(0.0:2065): avc: denied { kill } for comm="swapper/1" capability=5 scontext=u:r:kernel:s0 tcontext=u:r:kernel:s0 tclass=capability permissive=0
03-14 03:59:57.655 0 0 I auditd : type=1400 audit(0.0:2066): avc: denied { kill } for comm="swapper/1" capability=5 scontext=u:r:kernel:s0 tcontext=u:r:kernel:s0 tclass=capability permissive=0
03-14 03:59:58.573 1523 2489 I ntp_failure: [time.android.com/216.239.35.8,java.net.SocketTimeoutException: Poll timed out]
03-14 03:59:58.655 0 0 I auditd : type=1400 audit(0.0:2067): avc: denied { kill } for comm="swapper/1" capability=5 scontext=u:r:kernel:s0 tcontext=u:r:kernel:s0 tclass=capability permissive=0
03-14 03:59:59.655 0 0 I auditd : type=1400 audit(0.0:2068): avc: denied { kill } for comm="swapper/1" capability=5 scontext=u:r:kernel:s0 tcontext=u:r:kernel:s0 tclass=capability permissive=0
03-14 04:00:00.655 0 0 I auditd : type=1400 audit(0.0:2069): avc: denied { kill } for comm="swapper/1" capability=5 scontext=u:r:kernel:s0 tcontext=u:r:kernel:s0 tclass=capability permissive=0
03-14 04:00:01.655 0 0 I auditd : type=1400 audit(0.0:2070): avc: denied { kill } for comm="swapper/1" capability=5 scontext=u:r:kernel:s0 tcontext=u:r:kernel:s0 tclass=capability permissive=0
03-14 04:00:02.655 0 0 I auditd : type=1400 audit(0.0:2071): avc: denied { kill } for comm="swapper/1" capability=5 scontext=u:r:kernel:s0 tcontext=u:r:kernel:s0 tclass=capability permissive=0
03-14 04:00:03.151 8328 9497 W PackageParsing: No actions in intent-filter at /storage/emulated/0/Android/data/com.tencent.android.qqdownloader/files/tassistant/apk/com.tencent.qqlive_27133.apk Binary XML file line #839
03-14 04:00:03.167 8328 9497 W PackageParsing: No actions in intent-filter at /storage/emulated/0/Android/data/com.tencent.android.qqdownloader/files/tassistant/apk/com.tencent.qqlive_27133.apk Binary XML file line #1458
03-14 04:00:03.168 8328 9497 W PackageParsing: No actions in intent-filter at /storage/emulated/0/Android/data/com.tencent.android.qqdownloader/files/tassistant/apk/com.tencent.qqlive_27133.apk Binary XML file line #1485
03-14 04:00:03.527 1523 2461 I thunderperf: PlatormCompat.setOverrides: Uid1=10093 Pid1=8328 Uid2=10093 Pid2=8328
03-14 04:00:03.527 1523 2461 I thunderperf: PlatormCompat.setOverrides: needCheck:false
03-14 04:00:03.527 1523 2461 W PackageManager: MATCH_ANY_USER flag requires INTERACT_ACROSS_USERS permission: UID 10093 requires android.permission.INTERACT_ACROSS_USERS_FULL or android.permission.INTERACT_ACROSS_USERS to access user 0.
03-14 04:00:03.529 1523 2461 I ActivityTaskManager: START u0 {flg=0x10000000 cmp=com.tencent.android.qqdownloader/com.tencent.pangu.activity.InstallerListenerActivity (has extras)} from uid 10093
03-14 04:00:03.531 1523 2461 W ActivityTaskManager: Background activity start [callingPackage: com.tencent.android.qqdownloader; callingUid: 10093; appSwitchAllowed: true; isCallingUidForeground: false; callingUidHasAnyVisibleWindow: false; callingUidProcState: CACHED_ACTIVITY; isCallingUidPersistentSystemProcess: false; realCallingUid: 10093; isRealCallingUidForeground: false; realCallingUidHasAnyVisibleWindow: false; realCallingUidProcState: CACHED_ACTIVITY; isRealCallingUidPersistentSystemProcess: false; originatingPendingIntent: null; allowBackgroundActivityStart: false; intent: Intent { flg=0x10000000 cmp=com.tencent.android.qqdownloader/com.tencent.pangu.activity.InstallerListenerActivity (has extras) }; callerApp: ProcessRecord{48dbd62 8328:com.tencent.android.qqdownloader/u0a93}; inVisibleTask: false]
03-14 04:00:03.531 1523 2461 I sysui_multi_action: [757,1513,758,4,805,1678737603531,1514,10093,1515,com.tencent.android.qqdownloader,1516,1015,1517,0,1518,10093,1519,1015,1520,0,1526,com.tencent.android.qqdownloader/com.tencent.pangu.activity.InstallerListenerActivity,1527,0,1529,com.tencent.android.qqdownloader,1530,1015,1531,0,1532,0,1533,0,1534,0,1535,0,1536,0,1539,88017]
03-14 04:00:03.539 1523 2461 I wm_create_activity: [0,173550321,19,com.tencent.android.qqdownloader/com.tencent.pangu.activity.InstallerListenerActivity,NULL,NULL,NULL,268435456]
03-14 04:00:03.579 1523 2489 I ntp_failure: [time.android.com/216.239.35.4,java.net.SocketTimeoutException: Poll timed out]
03-14 04:00:03.655 0 0 I auditd : type=1400 audit(0.0:2072): avc: denied { kill } for comm="swapper/1" capability=5 scontext=u:r:kernel:s0 tcontext=u:r:kernel:s0 tclass=capability permissive=0
03-14 04:00:04.655 0 0 I auditd : type=1400 audit(0.0:2073): avc: denied { kill } for comm="swapper/1" capability=5 scontext=u:r:kernel:s0 tcontext=u:r:kernel:s0 tclass=capability permissive=0
03-14 04:00:05.655 0 0 I auditd : type=1400 audit(0.0:2074): avc: denied { kill } for comm="swapper/1" capability=5 scontext=u:r:kernel:s0 tcontext=u:r:kernel:s0 tclass=capability permissive=0
03-14 04:00:06.659 0 0 I auditd : type=1400 audit(0.0:2075): avc: denied { kill } for comm="swapper/7" capability=5 scontext=u:r:kernel:s0 tcontext=u:r:kernel:s0 tclass=capability permissive=0
03-14 04:00:07.655 0 0 I auditd : type=1400 audit(0.0:2076): avc: denied { kill } for comm="swapper/7" capability=5 scontext=u:r:kernel:s0 tcontext=u:r:kernel:s0 tclass=capability permissive=0
03-14 04:00:08.585 1523 2489 I ntp_failure: [time.android.com/216.239.35.0,java.net.SocketTimeoutException: Poll timed out]
03-14 04:00:08.659 0 0 I auditd : type=1400 audit(0.0:2077): avc: denied { kill } for comm="swapper/7" capability=5 scontext=u:r:kernel:s0 tcontext=u:r:kernel:s0 tclass=capability permissive=0
03-14 04:00:09.659 0 0 I auditd : type=1400 audit(0.0:2078): avc: denied { kill } for comm="swapper/7" capability=5 scontext=u:r:kernel:s0 tcontext=u:r:kernel:s0 tclass=capability permissive=0
03-14 04:00:10.655 0 0 I auditd : type=1400 audit(0.0:2079): avc: denied { kill } for comm="swapper/7" capability=5 scontext=u:r:kernel:s0 tcontext=u:r:kernel:s0 tclass=capability permissive=0
03-14 04:00:11.655 0 0 I auditd : type=1400 audit(0.0:2080): avc: denied { kill } for comm="swapper/7" capability=5 scontext=u:r:kernel:s0 tcontext=u:r:kernel:s0 tclass=capability permissive=0
03-14 04:00:12.659 0 0 I auditd : type=1400 audit(0.0:2081): avc: denied { kill } for comm="swapper/7" capability=5 scontext=u:r:kernel:s0 tcontext=u:r:kernel:s0 tclass=capability permissive=0
03-14 04:00:13.523 1523 2295 I netstats_mobile_sample: [0,0,0,0,0,0,0,0,0,0,0,0,1678737613523]
03-14 04:00:13.523 1523 2295 I netstats_wifi_sample: [933095497,709084,13766337,210536,933095497,709084,13766337,210536,935050544,720664,13056675,208573,1678737613523]
03-14 04:00:13.659 0 0 I auditd : type=1400 audit(0.0:2082): avc: denied { kill } for comm="swapper/7" capability=5 scontext=u:r:kernel:s0 tcontext=u:r:kernel:s0 tclass=capability permissive=0
03-14 04:00:14.655 0 0 I auditd : type=1400 audit(0.0:2083): avc: denied { kill } for comm="swapper/7" capability=5 scontext=u:r:kernel:s0 tcontext=u:r:kernel:s0 tclass=capability permissive=0
03-14 04:00:15.655 0 0 I auditd : type=1400 audit(0.0:2084): avc: denied { kill } for comm="swapper/7" capability=5 scontext=u:r:kernel:s0 tcontext=u:r:kernel:s0 tclass=capability permissive=0
03-14 04:00:16.655 0 0 I auditd : type=1400 audit(0.0:2085): avc: denied { kill } for comm="swapper/7" capability=5 scontext=u:r:kernel:s0 tcontext=u:r:kernel:s0 tclass=capability permissive=0
03-14 04:00:17.655 0 0 I auditd : type=1400 audit(0.0:2086): avc: denied { kill } for comm="swapper/7" capability=5 scontext=u:r:kernel:s0 tcontext=u:r:kernel:s0 tclass=capability permissive=0
03-14 04:00:18.655 0 0 I auditd : type=1400 audit(0.0:2087): avc: denied { kill } for comm="swapper/7" capability=5 scontext=u:r:kernel:s0 tcontext=u:r:kernel:s0 tclass=capability permissive=0
03-14 04:00:19.139 3768 3768 I auditd : type=1400 audit(0.0:2088): avc: denied { read } for comm="BackgroundThrea" name="u:object_r:bluetooth_prop:s0" dev="tmpfs" ino=2111 scontext=u:r:priv_app:s0:c512,c768 tcontext=u:object_r:bluetooth_prop:s0 tclass=file permissive=0 app=com.baidu.input
03-14 04:00:19.143 3768 3768 I auditd : type=1400 audit(0.0:2089): avc: denied { search } for comm="BackgroundThrea" name="asound" dev="proc" ino=4026532151 scontext=u:r:priv_app:s0:c512,c768 tcontext=u:object_r:proc_asound:s0 tclass=dir permissive=0 app=com.baidu.input
03-14 04:00:19.143 3768 3768 I auditd : type=1400 audit(0.0:2090): avc: denied { search } for comm="BackgroundThrea" name="asound" dev="proc" ino=4026532151 scontext=u:r:priv_app:s0:c512,c768 tcontext=u:object_r:proc_asound:s0 tclass=dir permissive=0 app=com.baidu.input
03-14 04:00:19.143 3768 3768 I auditd : type=1400 audit(0.0:2091): avc: denied { search } for comm="BackgroundThrea" name="asound" dev="proc" ino=4026532151 scontext=u:r:priv_app:s0:c512,c768 tcontext=u:object_r:proc_asound:s0 tclass=dir permissive=0 app=com.baidu.input
01-01 12:42:28.109 0 0 W audit : audit_lost=1443 audit_rate_limit=5 audit_backlog_limit=64
01-01 12:42:28.109 0 0 E audit : rate limit exceeded
03-14 04:00:20.655 0 0 I auditd : type=1400 audit(0.0:2106): avc: denied { kill } for comm="swapper/2" capability=5 scontext=u:r:kernel:s0 tcontext=u:r:kernel:s0 tclass=capability permissive=0
03-14 04:00:21.655 0 0 I auditd : type=1400 audit(0.0:2107): avc: denied { kill } for comm="swapper/2" capability=5 scontext=u:r:kernel:s0 tcontext=u:r:kernel:s0 tclass=capability permissive=0
03-14 04:00:22.655 0 0 I auditd : type=1400 audit(0.0:2108): avc: denied { kill } for comm="swapper/2" capability=5 scontext=u:r:kernel:s0 tcontext=u:r:kernel:s0 tclass=capability permissive=0
03-14 04:00:23.655 0 0 I auditd : type=1400 audit(0.0:2109): avc: denied { kill } for comm="swapper/2" capability=5 scontext=u:r:kernel:s0 tcontext=u:r:kernel:s0 tclass=capability permissive=0
03-14 04:00:24.655 0 0 I auditd : type=1400 audit(0.0:2110): avc: denied { kill } for comm="swapper/2" capability=5 scontext=u:r:kernel:s0 tcontext=u:r:kernel:s0 tclass=capability permissive=0
03-14 04:00:25.655 0 0 I auditd : type=1400 audit(0.0:2111): avc: denied { kill } for comm="swapper/2" capability=5 scontext=u:r:kernel:s0 tcontext=u:r:kernel:s0 tclass=capability permissive=0
03-14 04:00:26.655 0 0 I auditd : type=1400 audit(0.0:2112): avc: denied { kill } for comm="swapper/2" capability=5 scontext=u:r:kernel:s0 tcontext=u:r:kernel:s0 tclass=capability permissive=0
03-14 04:00:27.655 0 0 I auditd : type=1400 audit(0.0:2113): avc: denied { kill } for comm="swapper/2" capability=5 scontext=u:r:kernel:s0 tcontext=u:r:kernel:s0 tclass=capability permissive=0
03-14 04:00:28.655 0 0 I auditd : type=1400 audit(0.0:2114): avc: denied { kill } for comm="swapper/2" capability=5 scontext=u:r:kernel:s0 tcontext=u:r:kernel:s0 tclass=capability permissive=0
03-14 04:00:29.655 0 0 I auditd : type=1400 audit(0.0:2115): avc: denied { kill } for comm="swapper/2" capability=5 scontext=u:r:kernel:s0 tcontext=u:r:kernel:s0 tclass=capability permissive=0
03-14 04:00:30.655 0 0 I auditd : type=1400 audit(0.0:2116): avc: denied { kill } for comm="swapper/2" capability=5 scontext=u:r:kernel:s0 tcontext=u:r:kernel:s0 tclass=capability permissive=0
03-14 04:00:32.655 0 0 I auditd : type=1400 audit(0.0:2117): avc: denied { kill } for comm="swapper/2" capability=5 scontext=u:r:kernel:s0 tcontext=u:r:kernel:s0 tclass=capability permissive=0
03-14 04:00:33.655 0 0 I auditd : type=1400 audit(0.0:2118): avc: denied { kill } for comm="swapper/2" capability=5 scontext=u:r:kernel:s0 tcontext=u:r:kernel:s0 tclass=capability permissive=0
03-14 04:00:34.655 0 0 I auditd : type=1400 audit(0.0:2119): avc: denied { kill } for comm="swapper/2" capability=5 scontext=u:r:kernel:s0 tcontext=u:r:kernel:s0 tclass=capability permissive=0
03-14 04:00:35.655 0 0 I auditd : type=1400 audit(0.0:2120): avc: denied { kill } for comm="swapper/2" capability=5 scontext=u:r:kernel:s0 tcontext=u:r:kernel:s0 tclass=capability permissive=0
03-14 04:00:36.655 0 0 I auditd : type=1400 audit(0.0:2121): avc: denied { kill } for comm="swapper/2" capability=5 scontext=u:r:kernel:s0 tcontext=u:r:kernel:s0 tclass=capability permissive=0
03-14 04:00:37.655 0 0 I auditd : type=1400 audit(0.0:2122): avc: denied { kill } for comm="swapper/2" capability=5 scontext=u:r:kernel:s0 tcontext=u:r:kernel:s0 tclass=capability permissive=0
03-14 04:00:38.655 0 0 I auditd : type=1400 audit(0.0:2123): avc: denied { kill } for comm="swapper/2" capability=5 scontext=u:r:kernel:s0 tcontext=u:r:kernel:s0 tclass=capability permissive=0
03-14 04:00:40.655 0 0 I auditd : type=1400 audit(0.0:2124): avc: denied { kill } for comm="swapper/2" capability=5 scontext=u:r:kernel:s0 tcontext=u:r:kernel:s0 tclass=capability permissive=0
03-14 04:00:40.884 1523 1523 I notification_enqueue: [10093,8290,com.tencent.android.qqdownloader,127,NULL,0,Notification(channel=channel_id_default_silent shortcut=null contentView=com.tencent.android.qqdownloader/0x7f0a01c2 vibrate=null sound=null defaults=0x0 flags=0x2a0 color=0x00000000 groupKey=com.tencent.android.qqdownloader vis=PRIVATE),1]
03-14 04:00:41.087 1523 1523 I GameModeConfig: isGameModeOn = false
03-14 04:00:41.655 0 0 I auditd : type=1400 audit(0.0:2125): avc: denied { kill } for comm="swapper/2" capability=5 scontext=u:r:kernel:s0 tcontext=u:r:kernel:s0 tclass=capability permissive=0
03-14 04:00:42.655 0 0 I auditd : type=1400 audit(0.0:2126): avc: denied { kill } for comm="swapper/2" capability=5 scontext=u:r:kernel:s0 tcontext=u:r:kernel:s0 tclass=capability permissive=0
03-14 04:00:43.655 0 0 I auditd : type=1400 audit(0.0:2127): avc: denied { kill } for comm="swapper/2" capability=5 scontext=u:r:kernel:s0 tcontext=u:r:kernel:s0 tclass=capability permissive=0
03-14 04:00:44.655 0 0 I auditd : type=1400 audit(0.0:2128): avc: denied { kill } for comm="swapper/2" capability=5 scontext=u:r:kernel:s0 tcontext=u:r:kernel:s0 tclass=capability permissive=0
03-14 04:00:45.655 0 0 I auditd : type=1400 audit(0.0:2129): avc: denied { kill } for comm="swapper/2" capability=5 scontext=u:r:kernel:s0 tcontext=u:r:kernel:s0 tclass=capability permissive=0
03-14 04:00:47.655 0 0 I auditd : type=1400 audit(0.0:2130): avc: denied { kill } for comm="swapper/2" capability=5 scontext=u:r:kernel:s0 tcontext=u:r:kernel:s0 tclass=capability permissive=0
03-14 04:00:48.655 0 0 I auditd : type=1400 audit(0.0:2131): avc: denied { kill } for comm="swapper/2" capability=5 scontext=u:r:kernel:s0 tcontext=u:r:kernel:s0 tclass=capability permissive=0
03-14 04:00:49.655 0 0 I auditd : type=1400 audit(0.0:2132): avc: denied { kill } for comm="swapper/2" capability=5 scontext=u:r:kernel:s0 tcontext=u:r:kernel:s0 tclass=capability permissive=0
03-14 04:00:50.655 0 0 I auditd : type=1400 audit(0.0:2133): avc: denied { kill } for comm="swapper/2" capability=5 scontext=u:r:kernel:s0 tcontext=u:r:kernel:s0 tclass=capability permissive=0
01-01 12:43:00.328 0 0 I [dp_rx_][0x2c4cb17bf][04:00:51.365453] wlan: [1971:I:QDF] DHCP-R RX: SA:86:0b:1f:7b:f1:f9 DA:ff:ff:ff:ff:ff:ff
03-14 04:00:51.655 0 0 I auditd : type=1400 audit(0.0:2134): avc: denied { kill } for comm="swapper/2" capability=5 scontext=u:r:kernel:s0 tcontext=u:r:kernel:s0 tclass=capability permissive=0
03-14 04:00:52.655 0 0 I auditd : type=1400 audit(0.0:2135): avc: denied { kill } for comm="swapper/2" capability=5 scontext=u:r:kernel:s0 tcontext=u:r:kernel:s0 tclass=capability permissive=0
03-14 04:00:53.655 0 0 I auditd : type=1400 audit(0.0:2136): avc: denied { kill } for comm="swapper/2" capability=5 scontext=u:r:kernel:s0 tcontext=u:r:kernel:s0 tclass=capability permissive=0
03-14 04:00:54.655 0 0 I auditd : type=1400 audit(0.0:2137): avc: denied { kill } for comm="swapper/2" capability=5 scontext=u:r:kernel:s0 tcontext=u:r:kernel:s0 tclass=capability permissive=0
03-14 04:00:55.655 0 0 I auditd : type=1400 audit(0.0:2138): avc: denied { kill } for comm="swapper/2" capability=5 scontext=u:r:kernel:s0 tcontext=u:r:kernel:s0 tclass=capability permissive=0
03-14 04:00:56.655 0 0 I auditd : type=1400 audit(0.0:2139): avc: denied { kill } for comm="swapper/2" capability=5 scontext=u:r:kernel:s0 tcontext=u:r:kernel:s0 tclass=capability permissive=0
03-14 04:00:57.655 0 0 I auditd : type=1400 audit(0.0:2140): avc: denied { kill } for comm="swapper/2" capability=5 scontext=u:r:kernel:s0 tcontext=u:r:kernel:s0 tclass=capability permissive=0
03-14 04:00:58.655 0 0 I auditd : type=1400 audit(0.0:2141): avc: denied { kill } for comm="swapper/2" capability=5 scontext=u:r:kernel:s0 tcontext=u:r:kernel:s0 tclass=capability permissive=0
03-14 04:00:59.655 0 0 I auditd : type=1400 audit(0.0:2142): avc: denied { kill } for comm="swapper/2" capability=5 scontext=u:r:kernel:s0 tcontext=u:r:kernel:s0 tclass=capability permissive=0
03-14 04:01:00.655 0 0 I auditd : type=1400 audit(0.0:2143): avc: denied { kill } for comm="swapper/2" capability=5 scontext=u:r:kernel:s0 tcontext=u:r:kernel:s0 tclass=capability permissive=0
03-14 04:01:01.655 0 0 I auditd : type=1400 audit(0.0:2144): avc: denied { kill } for comm="swapper/2" capability=5 scontext=u:r:kernel:s0 tcontext=u:r:kernel:s0 tclass=capability permissive=0
03-14 04:01:02.655 0 0 I auditd : type=1400 audit(0.0:2145): avc: denied { kill } for comm="swapper/2" capability=5 scontext=u:r:kernel:s0 tcontext=u:r:kernel:s0 tclass=capability permissive=0
03-14 04:01:03.582 1523 1661 I am_pss : [6318,10049,com.thundercomm.screensaver,40437760,31842304,4105216,123539456,0,2,14]
03-14 04:01:03.605 1523 1661 I am_pss : [8328,10093,com.tencent.android.qqdownloader,139563008,113729536,159744,260288512,0,16,21]
03-14 04:01:03.651 8328 9497 W PackageParsing: Unknown element under : supports-gl-texture at /storage/emulated/0/Android/data/com.tencent.android.qqdownloader/files/tassistant/apk/com.baidu.searchbox_116655488.apk Binary XML file line #183
03-14 04:01:03.651 8328 9497 W PackageParsing: Unknown element under : supports-gl-texture at /storage/emulated/0/Android/data/com.tencent.android.qqdownloader/files/tassistant/apk/com.baidu.searchbox_116655488.apk Binary XML file line #184
03-14 04:01:03.655 0 0 I auditd : type=1400 audit(0.0:2146): avc: denied { kill } for comm="swapper/2" capability=5 scontext=u:r:kernel:s0 tcontext=u:r:kernel:s0 tclass=capability permissive=0
03-14 04:01:03.665 8328 9497 W PackageParsing: No actions in intent-filter at /storage/emulated/0/Android/data/com.tencent.android.qqdownloader/files/tassistant/apk/com.baidu.searchbox_116655488.apk Binary XML file line #2051
03-14 04:01:03.666 8328 9497 W PackageParsing: No actions in intent-filter at /storage/emulated/0/Android/data/com.tencent.android.qqdownloader/files/tassistant/apk/com.baidu.searchbox_116655488.apk Binary XML file line #2080
03-14 04:01:03.699 8328 9497 W PackageParsing: No actions in intent-filter at /storage/emulated/0/Android/data/com.tencent.android.qqdownloader/files/tassistant/apk/com.baidu.searchbox_116655488.apk Binary XML file line #4523
03-14 04:01:03.731 8328 9497 W PackageParsing: No actions in intent-filter at /storage/emulated/0/Android/data/com.tencent.android.qqdownloader/files/tassistant/apk/com.baidu.searchbox_116655488.apk Binary XML file line #8542
03-14 04:01:03.734 8328 9497 W PackageParsing: No actions in intent-filter at /storage/emulated/0/Android/data/com.tencent.android.qqdownloader/files/tassistant/apk/com.baidu.searchbox_116655488.apk Binary XML file line #9057
03-14 04:01:04.038 1523 8272 I thunderperf: PlatormCompat.setOverrides: Uid1=10093 Pid1=8328 Uid2=10093 Pid2=8328
03-14 04:01:04.038 1523 8272 I thunderperf: PlatormCompat.setOverrides: needCheck:false
03-14 04:01:04.039 1523 8272 W PackageManager: MATCH_ANY_USER flag requires INTERACT_ACROSS_USERS permission: UID 10093 requires android.permission.INTERACT_ACROSS_USERS_FULL or android.permission.INTERACT_ACROSS_USERS to access user 0.
03-14 04:01:04.040 1523 8272 I ActivityTaskManager: START u0 {flg=0x10000000 cmp=com.tencent.android.qqdownloader/com.tencent.pangu.activity.InstallerListenerActivity (has extras)} from uid 10093
03-14 04:01:04.042 1523 8272 W ActivityTaskManager: Background activity start [callingPackage: com.tencent.android.qqdownloader; callingUid: 10093; appSwitchAllowed: true; isCallingUidForeground: false; callingUidHasAnyVisibleWindow: false; callingUidProcState: CACHED_ACTIVITY; isCallingUidPersistentSystemProcess: false; realCallingUid: 10093; isRealCallingUidForeground: false; realCallingUidHasAnyVisibleWindow: false; realCallingUidProcState: CACHED_ACTIVITY; isRealCallingUidPersistentSystemProcess: false; originatingPendingIntent: null; allowBackgroundActivityStart: false; intent: Intent { flg=0x10000000 cmp=com.tencent.android.qqdownloader/com.tencent.pangu.activity.InstallerListenerActivity (has extras) }; callerApp: ProcessRecord{48dbd62 8328:com.tencent.android.qqdownloader/u0a93}; inVisibleTask: false]
03-14 04:01:04.042 1523 8272 I sysui_multi_action: [757,1513,758,4,805,1678737664042,1514,10093,1515,com.tencent.android.qqdownloader,1516,1015,1517,0,1518,10093,1519,1015,1520,0,1526,com.tencent.android.qqdownloader/com.tencent.pangu.activity.InstallerListenerActivity,1527,0,1529,com.tencent.android.qqdownloader,1530,1015,1531,0,1532,0,1533,0,1534,0,1535,0,1536,0,1539,148528]
03-14 04:01:04.050 1523 8272 I wm_create_activity: [0,259568225,19,com.tencent.android.qqdownloader/com.tencent.pangu.activity.InstallerListenerActivity,NULL,NULL,NULL,268435456]
03-14 04:01:04.655 0 0 I auditd : type=1400 audit(0.0:2147): avc: denied { kill } for comm="swapper/2" capability=5 scontext=u:r:kernel:s0 tcontext=u:r:kernel:s0 tclass=capability permissive=0
03-14 04:01:05.655 0 0 I auditd : type=1400 audit(0.0:2148): avc: denied { kill } for comm="swapper/2" capability=5 scontext=u:r:kernel:s0 tcontext=u:r:kernel:s0 tclass=capability permissive=0
03-14 04:01:06.655 0 0 I auditd : type=1400 audit(0.0:2149): avc: denied { kill } for comm="swapper/2" capability=5 scontext=u:r:kernel:s0 tcontext=u:r:kernel:s0 tclass=capability permissive=0
03-14 04:01:07.655 0 0 I auditd : type=1400 audit(0.0:2150): avc: denied { kill } for comm="swapper/7" capability=5 scontext=u:r:kernel:s0 tcontext=u:r:kernel:s0 tclass=capability permissive=0
03-14 04:01:08.655 0 0 I auditd : type=1400 audit(0.0:2151): avc: denied { kill } for comm="swapper/7" capability=5 scontext=u:r:kernel:s0 tcontext=u:r:kernel:s0 tclass=capability permissive=0
03-14 04:01:09.655 0 0 I auditd : type=1400 audit(0.0:2152): avc: denied { kill } for comm="swapper/7" capability=5 scontext=u:r:kernel:s0 tcontext=u:r:kernel:s0 tclass=capability permissive=0
03-14 04:01:10.655 0 0 I auditd : type=1400 audit(0.0:2153): avc: denied { kill } for comm="swapper/7" capability=5 scontext=u:r:kernel:s0 tcontext=u:r:kernel:s0 tclass=capability permissive=0
03-14 04:01:11.655 0 0 I auditd : type=1400 audit(0.0:2154): avc: denied { kill } for comm="swapper/7" capability=5 scontext=u:r:kernel:s0 tcontext=u:r:kernel:s0 tclass=capability permissive=0
03-14 04:01:12.659 0 0 I auditd : type=1400 audit(0.0:2155): avc: denied { kill } for comm="swapper/7" capability=5 scontext=u:r:kernel:s0 tcontext=u:r:kernel:s0 tclass=capability permissive=0
03-14 04:01:13.655 0 0 I auditd : type=1400 audit(0.0:2156): avc: denied { kill } for comm="swapper/7" capability=5 scontext=u:r:kernel:s0 tcontext=u:r:kernel:s0 tclass=capability permissive=0
03-14 04:01:14.655 0 0 I auditd : type=1400 audit(0.0:2157): avc: denied { kill } for comm="swapper/7" capability=5 scontext=u:r:kernel:s0 tcontext=u:r:kernel:s0 tclass=capability permissive=0
01-01 12:43:24.268 0 0 I binder : 1523:1788 ioctl 400c620e 75e00335d8 returned -22
03-14 04:01:15.305 1523 1788 D ActivityManager: freezing 2826 com.android.settings:CryptKeeper
03-14 04:01:15.311 1523 1788 E ActivityManager: Unable to freeze binder for 2826 com.android.settings:CryptKeeper
03-14 04:01:15.314 1523 1788 D ActivityManager: froze 2826 com.android.settings:CryptKeeper
03-14 04:01:15.314 1523 1788 I am_freeze: [2826,com.android.settings:CryptKeeper]
03-14 04:01:15.314 1523 1788 E ActivityManager: Unable to freeze binder for 2826 com.android.settings:CryptKeeper
03-14 04:01:15.315 1523 1788 I ActivityManager: Killing 2826:com.android.settings:CryptKeeper/1000 (adj 985): Unable to freeze binder interface
03-14 04:01:15.316 1523 1788 I am_kill : [0,2826,com.android.settings:CryptKeeper,985,Unable to freeze binder interface]
01-01 12:43:24.277 0 0 I binder : 1523:1788 ioctl c00c620f 75e00335b8 returned -22
03-14 04:01:15.334 1523 8272 I am_proc_died: [0,2826,com.android.settings:CryptKeeper,985,19]
03-14 04:01:15.343 1523 1661 I am_pss : [4122,10031,com.android.packageinstaller,21469184,16048128,1191936,108417024,0,15,6]
03-14 04:01:15.655 0 0 I auditd : type=1400 audit(0.0:2158): avc: denied { kill } for comm="swapper/7" capability=5 scontext=u:r:kernel:s0 tcontext=u:r:kernel:s0 tclass=capability permissive=0
03-14 04:01:16.474 1523 1788 D ActivityManager: freezing 3441 com.android.keychain
03-14 04:01:16.474 1523 1788 E ActivityManager: Unable to freeze binder for 3441 com.android.keychain
01-01 12:43:25.437 0 0 I binder : 1523:1788 ioctl 400c620e 75e00335d8 returned -22
03-14 04:01:16.476 1523 1788 D ActivityManager: froze 3441 com.android.keychain
01-01 12:43:25.439 0 0 I binder : 1523:1788 ioctl c00c620f 75e00335b8 returned -22
03-14 04:01:16.476 1523 1788 I am_freeze: [3441,com.android.keychain]
03-14 04:01:16.476 1523 1788 E ActivityManager: Unable to freeze binder for 3441 com.android.keychain
03-14 04:01:16.480 1523 1788 D ActivityManager: freezing 3428 com.android.documentsui
