03-14 03:51:14.543 1523 1523 I SystemServerTiming: OnBootPhase_600_com.android.server.media.projection.MediaProjectionManagerService
03-14 03:51:14.543 1523 1523 I SystemServerTiming: OnBootPhase_600_com.android.server.slice.SliceManagerService$Lifecycle
03-14 03:51:14.543 1523 1523 I SystemServerTiming: OnBootPhase_600_com.android.server.stats.StatsCompanion$Lifecycle
03-14 03:51:14.548 1523 1650 W CarrierConfigManager: Error getting config for subId -1 ICarrierConfigLoader is null
03-14 03:51:14.550 1523 1523 I SystemServerTiming: OnBootPhase_600_com.android.server.scheduling.RebootReadinessManagerService$Lifecycle
03-14 03:51:14.550 1523 1523 I SystemServerTiming: OnBootPhase_600_com.android.server.stats.pull.StatsPullAtomService
03-14 03:51:14.550 1523 1523 I SystemServerTiming: OnBootPhase_600_com.android.server.incident.IncidentCompanionService
03-14 03:51:14.550 1523 1523 I SystemServerTiming: OnBootPhase_600_com.android.server.MmsServiceBroker
03-14 03:51:14.550 1523 1523 I SystemServerTiming: OnBootPhase_600_com.android.server.autofill.AutofillManagerService
03-14 03:51:14.551 1523 1661 D StatsPullAtomService: Registering NetworkStats pullers with statsd
03-14 03:51:14.551 1523 1523 I SystemServerTiming: OnBootPhase_600_com.android.server.clipboard.ClipboardService
03-14 03:51:14.551 1523 1523 I SystemServerTiming: OnBootPhase_600_com.android.server.appbinding.AppBindingService$Lifecycle
03-14 03:51:14.552 1523 1523 I SystemServerTiming: OnBootPhase_600_com.android.server.tracing.TracingServiceProxy
03-14 03:51:14.552 1523 1523 I SystemServerTiming: OnBootPhase_600_com.android.server.policy.PermissionPolicyService
03-14 03:51:14.552 1523 1523 I SystemServerTiming: OnBootPhase_600_com.android.server.pm.StagingManager$Lifecycle
03-14 03:51:14.552 1523 1523 I SystemServerTiming: OnBootPhase_600_com.android.server.app.GameManagerService$Lifecycle
03-14 03:51:14.552 1523 1523 I SystemServerTiming: OnBootPhase_600_com.android.server.appsearch.AppSearchManagerService
03-14 03:51:14.552 1523 1523 I SystemServerTiming: OnBootPhase_600_com.android.server.media.MediaCommunicationService
03-14 03:51:14.552 1523 1523 I SystemServerTiming: StartNetworkStack
03-14 03:51:14.558 1523 1650 D CompatibilityChangeReporter: Compat change id reported: 168936375; UID 1000; state: ENABLED
03-14 03:51:14.559 1523 1663 W ActivityManager: Slow operation: 79ms so far, now at startProcess: returned from zygote!
03-14 03:51:14.559 1523 1663 W ActivityManager: Slow operation: 79ms so far, now at startProcess: done updating battery stats
03-14 03:51:14.559 1523 1663 W ActivityManager: Slow operation: 79ms so far, now at startProcess: building log message
03-14 03:51:14.559 1523 1663 I ActivityManager: Start proc 2487:WebViewLoader-armeabi-v7a/1037 [android.webkit.WebViewLibraryLoader$RelroFileCreator] for null
03-14 03:51:14.559 1523 1663 W ActivityManager: Slow operation: 79ms so far, now at startProcess: starting to update pids map
03-14 03:51:14.559 1523 1663 W ActivityManager: Slow operation: 79ms so far, now at startProcess: done updating pids map
03-14 03:51:14.559 1523 1663 W ActivityManager: Slow operation: 78ms so far, now at startProcess: asking zygote to start proc
03-14 03:51:14.559 1523 1663 W ActivityManager: com.thundercomm.microsettings inode == 0 (b/152760674)
03-14 03:51:14.560 1523 1523 D ConnectivityModuleConnector: Starting networking module android.net.INetworkStackConnector
03-14 03:51:14.560 1523 1523 D ConnectivityModuleConnector: Starting networking module in network_stack process
03-14 03:51:14.562 1523 1523 D CompatibilityChangeReporter: Compat change id reported: 135634846; UID 1073; state: DISABLED
03-14 03:51:14.562 1523 1523 D CompatibilityChangeReporter: Compat change id reported: 177438394; UID 1073; state: DISABLED
03-14 03:51:14.562 1523 1650 D CompatibilityChangeReporter: Compat change id reported: 168936375; UID 1000; state: DISABLED
03-14 03:51:14.562 1523 1523 D CompatibilityChangeReporter: Compat change id reported: 135772972; UID 1073; state: DISABLED
03-14 03:51:14.562 1523 1523 D CompatibilityChangeReporter: Compat change id reported: 135754954; UID 1073; state: ENABLED
03-14 03:51:14.563 1523 1663 W ActivityManager: Slow operation: 82ms so far, now at startProcess: returned from zygote!
03-14 03:51:14.563 1523 1523 D ConnectivityModuleConnector: Networking module service start requested
03-14 03:51:14.563 1523 1663 W ActivityManager: Slow operation: 82ms so far, now at startProcess: done updating battery stats
03-14 03:51:14.563 1523 1663 W ActivityManager: Slow operation: 82ms so far, now at startProcess: building log message
03-14 03:51:14.563 1523 1663 I ActivityManager: Start proc 2488:WebViewLoader-arm64-v8a/1037 [android.webkit.WebViewLibraryLoader$RelroFileCreator] for null
03-14 03:51:14.563 1523 1663 W ActivityManager: Slow operation: 82ms so far, now at startProcess: starting to update pids map
03-14 03:51:14.563 1523 1523 I SystemServerTiming: StartTethering
03-14 03:51:14.563 1523 1663 W ActivityManager: Slow operation: 82ms so far, now at startProcess: done updating pids map
03-14 03:51:14.563 1523 1663 W ActivityManager: com.android.networkstack.tethering inode == 0 (b/152760674)
03-14 03:51:14.563 1523 1523 D ConnectivityModuleConnector: Starting networking module android.net.ITetheringConnector
03-14 03:51:14.564 1523 1523 D ConnectivityModuleConnector: Starting networking module in network_stack process
03-14 03:51:14.565 1523 1523 D ConnectivityModuleConnector: Networking module service start requested
03-14 03:51:14.565 1523 1523 I SystemServerTiming: MakeCountryDetectionServiceReady
03-14 03:51:14.565 1523 1523 I SystemServerTiming: MakeNetworkTimeUpdateReady
03-14 03:51:14.567 1523 1663 I ActivityManager: Start proc 2490:com.android.networkstack.process/1073 for service {com.android.networkstack/com.android.server.NetworkStackService}
03-14 03:51:14.568 1523 1523 I SystemServerTiming: MakeInputManagerServiceReady
03-14 03:51:14.569 1523 1523 I ActivityTaskManager: Config changes=4000 {1.0 ?mcc?mnc [zh_CN] ldltr sw680dp w1586dp h612dp 240dpi lrg long hdr land finger -keyb/v/h -nav/h winConfig={ mBounds=Rect(0, 0 - 2380, 1020) mAppBounds=Rect(0, 0 - 2380, 954) mMaxBounds=Rect(0, 0 - 2380, 1020) mWindowingMode=fullscreen mDisplayWindowingMode=fullscreen mActivityType=undefined mAlwaysOnTop=undefined mRotation=ROTATION_0} s.10 fontWeightAdjustment=0}
03-14 03:51:14.571 1523 1523 I WindowManager: Override config changes=4000 {1.0 ?mcc?mnc [zh_CN] ldltr sw680dp w1586dp h612dp 240dpi lrg long hdr land finger -keyb/v/h -nav/h winConfig={ mBounds=Rect(0, 0 - 2380, 1020) mAppBounds=Rect(0, 0 - 2380, 954) mMaxBounds=Rect(0, 0 - 2380, 1020) mWindowingMode=fullscreen mDisplayWindowingMode=fullscreen mActivityType=undefined mAlwaysOnTop=undefined mRotation=ROTATION_0} s.10 fontWeightAdjustment=0} for displayId=0
01-01 12:33:23.540 0 0 I binder : 2487:2487 ioctl 40046210 ffdfffb8 returned -22
03-14 03:51:14.576 1523 1523 I SystemServerTiming: MakeTelephonyRegistryReady
01-01 12:33:23.542 0 0 I binder : 2488:2488 ioctl 40046210 7fd88fc494 returned -22
03-14 03:51:14.576 1523 1523 D TelephonyRegistry: systemRunning register for intents
03-14 03:51:14.576 1523 1523 I SystemServerTiming: MakeMediaRouterServiceReady
03-14 03:51:14.576 1523 1523 I SystemServerTiming: MakeMmsServiceReady
03-14 03:51:14.576 1523 1523 I MmsServiceBroker: Delay connecting to MmsService until an API is called
03-14 03:51:14.576 1523 1523 I SystemServerTiming: IncidentDaemonReady
03-14 03:51:14.579 1523 1523 I SystemServerTiming: MakeIncrementalServiceReady
03-14 03:51:14.579 1523 1523 I SystemServerTiming: getCurrentUser
03-14 03:51:14.579 1523 1523 I ActivityManager: Current user:0
03-14 03:51:14.579 1523 1523 I SystemServerTiming: ActivityManagerStartApps
03-14 03:51:14.579 1523 1523 I SystemServerTiming: ssm.StartUser-0
03-14 03:51:14.579 1523 1523 I SystemServiceManager: Calling onStartUser 0
03-14 03:51:14.579 1523 1523 I SystemServerTiming: ssm.onStartUser-0_com.android.server.security.FileIntegrityService
03-14 03:51:14.579 1523 1523 I SystemServerTiming: ssm.onStartUser-0_com.android.server.pm.Installer
03-14 03:51:14.579 1523 1523 I SystemServerTiming: ssm.onStartUser-0_com.android.server.os.DeviceIdentifiersPolicyService
03-14 03:51:14.579 1523 1523 I SystemServerTiming: ssm.onStartUser-0_com.android.server.uri.UriGrantsManagerService$Lifecycle
03-14 03:51:14.579 1523 1523 I SystemServerTiming: ssm.onStartUser-0_com.android.server.powerstats.PowerStatsService
03-14 03:51:14.579 1523 1523 I SystemServerTiming: ssm.onStartUser-0_com.android.server.wm.ActivityTaskManagerService$Lifecycle
03-14 03:51:14.579 1523 1523 I SystemServerTiming: ssm.onStartUser-0_com.android.server.am.ActivityManagerService$Lifecycle
03-14 03:51:14.579 1523 1523 I SystemServerTiming: ssm.onStartUser-0_com.android.server.pm.DataLoaderManagerService
03-14 03:51:14.579 1523 1523 I SystemServerTiming: ssm.onStartUser-0_com.android.server.power.PowerManagerService
03-14 03:51:14.579 1523 1523 I SystemServerTiming: ssm.onStartUser-0_com.android.server.power.ThermalManagerService
03-14 03:51:14.579 1523 1523 I SystemServerTiming: ssm.onStartUser-0_com.android.server.power.hint.HintManagerService
03-14 03:51:14.579 1523 1523 I SystemServerTiming: ssm.onStartUser-0_com.android.server.recoverysystem.RecoverySystemService$Lifecycle
03-14 03:51:14.579 1523 1523 I SystemServerTiming: ssm.onStartUser-0_com.android.server.lights.LightsService
03-14 03:51:14.579 1523 1523 I SystemServerTiming: ssm.onStartUser-0_com.android.server.display.DisplayManagerService
03-14 03:51:14.580 1523 1523 I SystemServerTiming: ssm.onStartUser-0_com.android.server.pm.verify.domain.DomainVerificationService
03-14 03:51:14.580 1523 1523 I SystemServerTiming: ssm.onStartUser-0_com.android.server.pm.PackageInstallerService$Lifecycle
03-14 03:51:14.580 1523 1523 I SystemServerTiming: ssm.onStartUser-0_com.android.server.pm.UserManagerService$LifeCycle
03-14 03:51:14.580 1523 1523 I SystemServerTiming: ssm.onStartUser-0_com.android.server.om.OverlayManagerService
03-14 03:51:14.580 1523 1523 I SystemServerTiming: ssm.onStartUser-0_com.android.server.SensorPrivacyService
03-14 03:51:14.580 1523 1523 I SystemServerTiming: ssm.onStartUser-0_com.android.server.thunderperf.ThunderBoostPerfService
03-14 03:51:14.581 1523 1523 I SystemServerTiming: ssm.onStartUser-0_com.android.server.sensors.SensorService
03-14 03:51:14.581 1523 1523 I SystemServerTiming: ssm.onStartUser-0_com.android.server.SystemConfigService
03-14 03:51:14.581 1523 1523 I SystemServerTiming: ssm.onStartUser-0_com.android.server.BatteryService
03-14 03:51:14.581 1523 1523 I SystemServerTiming: ssm.onStartUser-0_com.android.server.usage.UsageStatsService
01-01 12:33:23.544 0 0 E init : Control message: Could not find 'vendor.qti.hardware.iop@2.0::IIop/default' for ctl.interface_start from pid: 507 (/system/bin/hwservicemanager)
03-14 03:51:14.581 1523 1523 I SystemServerTiming: ssm.onStartUser-0_com.android.server.webkit.WebViewUpdateService
03-14 03:51:14.581 1523 1523 I SystemServerTiming: ssm.onStartUser-0_com.android.server.CachedDeviceStateService
03-14 03:51:14.581 1523 1523 I SystemServerTiming: ssm.onStartUser-0_com.android.server.BinderCallsStatsService$LifeCycle
03-14 03:51:14.581 1523 1523 I SystemServerTiming: ssm.onStartUser-0_com.android.server.LooperStatsService$Lifecycle
03-14 03:51:14.581 1523 1523 I SystemServerTiming: ssm.onStartUser-0_com.android.server.rollback.RollbackManagerService
03-14 03:51:14.581 1523 1523 I SystemServerTiming: ssm.onStartUser-0_com.android.server.os.NativeTombstoneManagerService
03-14 03:51:14.581 1523 1523 I SystemServerTiming: ssm.onStartUser-0_com.android.server.os.BugreportManagerService
03-14 03:51:14.581 1523 1523 I SystemServerTiming: ssm.onStartUser-0_com.android.server.gpu.GpuService
03-14 03:51:14.581 1523 1523 I SystemServerTiming: ssm.onStartUser-0_com.android.server.security.KeyChainSystemService
03-14 03:51:14.581 1523 1523 I SystemServerTiming: ssm.onStartUser-0_com.android.server.telecom.TelecomLoaderService
03-14 03:51:14.581 1523 1523 I SystemServerTiming: ssm.onStartUser-0_com.android.server.accounts.AccountManagerService$Lifecycle
03-14 03:51:14.581 1523 1523 I SystemServerTiming: ssm.onStartUser-0_com.android.server.content.ContentService$Lifecycle
03-14 03:51:14.581 1523 1523 I SystemServerTiming: ssm.onStartUser-0_com.android.server.DropBoxManagerService
03-14 03:51:14.582 1523 1523 I SystemServerTiming: ssm.onStartUser-0_com.android.role.RoleService
03-14 03:51:14.590 1523 1930 W PackageManager: Loading a package that does not exist for the calling user. package=null, user=0
01-01 12:33:23.553 0 0 I binder : 2490:2490 ioctl 40046210 7fd88fc494 returned -22
03-14 03:51:14.593 1523 2461 W PackageManager: Loading a package that does not exist for the calling user. package=null, user=0
03-14 03:51:14.595 1523 2426 D CompatibilityChangeReporter: Compat change id reported: 168419799; UID 1073; state: DISABLED
03-14 03:51:14.598 1523 1617 D Fingerprint21: Daemon was null, reconnecting, current operation: null
03-14 03:51:14.598 1523 2426 D CompatibilityChangeReporter: Compat change id reported: 168419799; UID 1073; state: DISABLED
03-14 03:51:14.600 1523 1617 D Fingerprint21: Fingerprint HAL ready, HAL ID: 5326416
03-14 03:51:14.616 1523 1617 I ActivityManager: Process WebViewLoader-armeabi-v7a (pid 2487) has died: psvc PER
01-01 12:33:23.580 0 0 E init : Control message: Could not find 'vendor.qti.hardware.iop@2.0::IIop/default' for ctl.interface_start from pid: 507 (/system/bin/hwservicemanager)
01-01 12:33:23.581 0 0 E init : Control message: Could not find 'vendor.qti.hardware.iop@2.0::IIop/default' for ctl.interface_start from pid: 507 (/system/bin/hwservicemanager)
03-14 03:51:14.619 1523 1671 E KernelCpuSpeedReader: Failed to read cpu-freq: /sys/devices/system/cpu/cpu4/cpufreq/stats/time_in_state: open failed: ENOENT (No such file or directory)
03-14 03:51:14.620 1523 1671 E KernelCpuSpeedReader: Failed to read cpu-freq: /sys/devices/system/cpu/cpu0/cpufreq/stats/time_in_state: open failed: ENOENT (No such file or directory)
01-01 12:33:23.592 0 0 W F2FS-fs (dm-10): Unexpected flush for atomic writes: ino=1591, npages=3
03-14 03:51:14.638 1523 1930 I ActivityManager: Process WebViewLoader-arm64-v8a (pid 2488) has died: psvc PER
01-01 12:33:23.602 0 0 E init : Control message: Could not find 'vendor.qti.hardware.iop@2.0::IIop/default' for ctl.interface_start from pid: 507 (/system/bin/hwservicemanager)
03-14 03:51:14.666 1523 1661 D TelephonyRegistry: listen oscl: mHasNotifySubscriptionInfoChangedOccurred==false no callback
03-14 03:51:14.667 1523 1661 D CountryDetector: Using custom country detector class: com.android.server.location.ComprehensiveCountryDetector
03-14 03:51:14.667 1523 1661 E CountryDetector: Could not instantiate the custom country detector class
03-14 03:51:14.667 1523 1661 D CountryDetector: Using default country detector
03-14 03:51:14.674 1523 1618 D CompatibilityChangeReporter: Compat change id reported: 182478738; UID 1073; state: DISABLED
03-14 03:51:14.678 1523 1523 W SystemServiceManager: Service com.android.role.RoleService took 95 ms in onStartUser-0
03-14 03:51:14.678 1523 1523 I SystemServerTiming: ssm.onStartUser-0_com.android.server.vibrator.VibratorManagerService$Lifecycle
03-14 03:51:14.678 1523 1523 I SystemServerTiming: ssm.onStartUser-0_com.android.server.alarm.AlarmManagerService
03-14 03:51:14.678 1523 1523 I SystemServerTiming: ssm.onStartUser-0_com.android.server.devicestate.DeviceStateManagerService
03-14 03:51:14.678 1523 1523 I SystemServerTiming: ssm.onStartUser-0_com.android.server.camera.CameraServiceProxy
03-14 03:51:14.678 1523 1523 I SystemServerTiming: ssm.onStartUser-0_com.android.server.BluetoothService
03-14 03:51:14.678 1523 1523 I SystemServerTiming: ssm.onStartUser-0_com.android.server.connectivity.IpConnectivityMetrics
03-14 03:51:14.678 1523 1523 I SystemServerTiming: ssm.onStartUser-0_com.android.server.net.watchlist.NetworkWatchlistService$Lifecycle
03-14 03:51:14.678 1523 1523 I SystemServerTiming: ssm.onStartUser-0_com.android.server.PinnerService
03-14 03:51:14.678 1523 1523 I SystemServerTiming: ssm.onStartUser-0_com.google.android.startop.iorap.IorapForwardingService
03-14 03:51:14.678 1523 1523 I SystemServerTiming: ssm.onStartUser-0_com.android.server.ActivityTriggerService
03-14 03:51:14.678 1523 1523 I SystemServerTiming: ssm.onStartUser-0_com.android.server.integrity.AppIntegrityManagerService
03-14 03:51:14.678 1523 1523 I SystemServerTiming: ssm.onStartUser-0_com.android.server.inputmethod.InputMethodManagerService$Lifecycle
03-14 03:51:14.678 1523 1523 I SystemServerTiming: ssm.onStartUser-0_com.android.server.accessibility.AccessibilityManagerService$Lifecycle
03-14 03:51:14.678 1523 1523 I SystemServerTiming: ssm.onStartUser-0_com.android.server.StorageManagerService$Lifecycle
03-14 03:51:14.678 1523 1523 V StorageManagerService: Package com.sohu.inputmethod.sogou.car has legacy storage
03-14 03:51:14.678 1523 1523 V StorageManagerService: Package android.frameworkres.overlay does not have legacy storage
03-14 03:51:14.678 1523 1523 V StorageManagerService: Package com.android.cts.priv.ctsshim does not have legacy storage
03-14 03:51:14.678 1523 1523 V StorageManagerService: Package com.thundercomm.gamemode.provider does not have legacy storage
03-14 03:51:14.678 1523 1523 V StorageManagerService: Package com.thundercomm.gamemode does not have legacy storage
03-14 03:51:14.678 1523 1523 V StorageManagerService: Package com.thundercomm.microservice does not have legacy storage
03-14 03:51:14.678 1523 1523 V StorageManagerService: Package com.android.dynsystem does not have legacy storage
03-14 03:51:14.679 1523 1523 V StorageManagerService: Package com.hht.lebocast does not have legacy storage
03-14 03:51:14.679 1523 1523 V StorageManagerService: Package com.android.providers.calendar does not have legacy storage
03-14 03:51:14.679 1523 1523 V StorageManagerService: Package com.android.providers.media does not have legacy storage
03-14 03:51:14.679 1523 1523 V StorageManagerService: Package com.android.internal.systemui.navbar.gestural_wide_back does not have legacy storage
03-14 03:51:14.679 1523 1523 V StorageManagerService: Package com.android.wallpapercropper does not have legacy storage
03-14 03:51:14.679 1523 1523 V StorageManagerService: Package com.thundercomm.microsettings does not have legacy storage
03-14 03:51:14.679 1523 1523 V StorageManagerService: Package com.qualcomm.qti.gpudrivers.kona.api30 does not have legacy storage
03-14 03:51:14.679 1523 1523 V StorageManagerService: Package com.android.documentsui does not have legacy storage
03-14 03:51:14.679 1523 1523 V StorageManagerService: Package com.android.externalstorage does not have legacy storage
03-14 03:51:14.679 1523 1523 V StorageManagerService: Package com.android.htmlviewer does not have legacy storage
03-14 03:51:14.679 1523 1523 V StorageManagerService: Package com.qualcomm.qti.uceShimService does not have legacy storage
03-14 03:51:14.679 1523 1523 V StorageManagerService: Package com.android.companiondevicemanager does not have legacy storage
03-14 03:51:14.679 1523 1523 V StorageManagerService: Package com.qualcomm.qti.qms.service.connectionsecurity does not have legacy storage
03-14 03:51:14.679 1523 1523 V StorageManagerService: Package com.android.providers.downloads does not have legacy storage
03-14 03:51:14.679 1523 1523 V StorageManagerService: Package com.android.internal.systemui.onehanded.gestural does not have legacy storage
03-14 03:51:14.679 1523 1523 V StorageManagerService: Package vendor.qti.hardware.cacert.server does not have legacy storage
03-14 03:51:14.679 1523 1523 V StorageManagerService: Package com.thundercomm.tchttpserver does not have legacy storage
03-14 03:51:14.679 1523 1523 V StorageManagerService: Package vendor.qti.iwlan does not have legacy storage
03-14 03:51:14.679 1523 1523 V StorageManagerService: Package com.tc.logclient does not have legacy storage
03-14 03:51:14.679 1523 1523 V StorageManagerService: Package android.qvaoverlay.common does not have legacy storage
03-14 03:51:14.679 1523 1523 V StorageManagerService: Package com.android.providers.downloads.ui does not have legacy storage
03-14 03:51:14.679 1523 1523 V StorageManagerService: Package com.android.pacprocessor does not have legacy storage
03-14 03:51:14.679 1523 1523 V StorageManagerService: Package com.android.networkstack does not have legacy storage
03-14 03:51:14.679 1523 1523 V StorageManagerService: Package android.overlay.common does not have legacy storage
03-14 03:51:14.679 1523 1523 V StorageManagerService: Package com.android.connectivity.resources does not have legacy storage
03-14 03:51:14.679 1523 1523 V StorageManagerService: Package com.android.modulemetadata does not have legacy storage
03-14 03:51:14.679 1523 1523 V StorageManagerService: Package com.android.certinstaller does not have legacy storage
03-14 03:51:14.679 1523 1523 V StorageManagerService: Package android does not have legacy storage
03-14 03:51:14.679 1523 1523 V StorageManagerService: Package com.qualcomm.wfd.service does not have legacy storage
03-14 03:51:14.679 1523 1523 V StorageManagerService: Package com.thundercomm.tcsetupwizard does not have legacy storage
03-14 03:51:14.679 1523 1523 V StorageManagerService: Package ts.car.uart does not have legacy storage
03-14 03:51:14.679 1523 1523 V StorageManagerService: Package com.android.egg does not have legacy storage
03-14 03:51:14.679 1523 1523 V StorageManagerService: Package com.android.mtp does not have legacy storage
03-14 03:51:14.679 1523 1523 V StorageManagerService: Package com.android.nfc does not have legacy storage
03-14 03:51:14.679 1523 1523 V StorageManagerService: Package com.android.launcher3 does not have legacy storage
03-14 03:51:14.679 1523 1523 V StorageManagerService: Package com.android.backupconfirm does not have legacy storage
03-14 03:51:14.679 1523 1523 V StorageManagerService: Package vendor.qti.qesdk.sysservice does not have legacy storage
03-14 03:51:14.679 1523 1523 V StorageManagerService: Package com.hryt.hiphishowfsecontrol does not have legacy storage
03-14 03:51:14.679 1523 1523 V StorageManagerService: Package com.android.provision does not have legacy storage
03-14 03:51:14.679 1523 1523 V StorageManagerService: Package com.thundercomm.debugtools does not have legacy storage
03-14 03:51:14.679 1523 1523 V StorageManagerService: Package android.overlay.target does not have legacy storage
03-14 03:51:14.679 1523 1523 V StorageManagerService: Package com.microsoft.emmx does not have legacy storage
03-14 03:51:14.679 1523 1523 V StorageManagerService: Package com.qti.pasrservice does not have legacy storage
03-14 03:51:14.679 1523 1523 V StorageManagerService: Package com.android.settings.intelligence does not have legacy storage
03-14 03:51:14.679 1523 1523 V StorageManagerService: Package com.android.internal.systemui.navbar.gestural_extra_wide_back does not have legacy storage
03-14 03:51:14.679 1523 1523 V StorageManagerService: Package com.qualcomm.qti.dynamicddsservice does not have legacy storage
03-14 03:51:14.679 1523 1523 V StorageManagerService: Package com.qualcomm.qti.xrvd.service does not have legacy storage
03-14 03:51:14.679 1523 1523 V StorageManagerService: Package com.android.providers.settings does not have legacy storage
03-14 03:51:14.679 1523 1523 V StorageManagerService: Package com.android.sharedstoragebackup does not have legacy storage
03-14 03:51:14.680 1523 1523 V StorageManagerService: Package com.android.printspooler does not have legacy storage
03-14 03:51:14.680 1523 1523 V StorageManagerService: Package com.qti.qualcomm.mstatssystemservice does not have legacy storage
03-14 03:51:14.680 1523 1523 V StorageManagerService: Package com.qualcomm.qti.services.systemhelper does not have legacy storage
03-14 03:51:14.680 1523 1523 V StorageManagerService: Package com.android.wifi.resources.overlay.common does not have legacy storage
03-14 03:51:14.680 1523 1523 V StorageManagerService: Package com.android.dreams.basic does not have legacy storage
03-14 03:51:14.680 1523 1523 V StorageManagerService: Package com.android.webview does not have legacy storage
03-14 03:51:14.680 1523 1523 V StorageManagerService: Package com.android.se does not have legacy storage
03-14 03:51:14.680 1523 1523 V StorageManagerService: Package com.android.inputdevices does not have legacy storage
03-14 03:51:14.680 1523 1523 V StorageManagerService: Package com.android.bips does not have legacy storage
03-14 03:51:14.680 1523 1523 V StorageManagerService: Package com.qti.dpmserviceapp does not have legacy storage
03-14 03:51:14.680 1523 1523 V StorageManagerService: Package com.thundercomm.remotecontrolservice does not have legacy storage
03-14 03:51:14.680 1523 1523 V StorageManagerService: Package com.android.musicfx does not have legacy storage
03-14 03:51:14.680 1523 1523 V StorageManagerService: Package com.android.settings.overlay.common does not have legacy storage
03-14 03:51:14.680 1523 1523 V StorageManagerService: Package com.qualcomm.qti.qccnetstat does not have legacy storage
03-14 03:51:14.680 1523 1523 V StorageManagerService: Package android.ext.shared does not have legacy storage
03-14 03:51:14.680 1523 1523 V StorageManagerService: Package com.android.onetimeinitializer does not have legacy storage
03-14 03:51:14.680 1523 1523 V StorageManagerService: Package com.android.server.telecom does not have legacy storage
03-14 03:51:14.680 1523 1523 V StorageManagerService: Package com.android.keychain does not have legacy storage
03-14 03:51:14.680 1523 1523 V StorageManagerService: Package com.qti.snapdragon.qdcm_ff does not have legacy storage
03-14 03:51:14.680 1523 1523 V StorageManagerService: Package com.android.wifi.resources.overlay.target does not have legacy storage
03-14 03:51:14.680 1523 1523 V StorageManagerService: Package com.android.printservice.recommendation does not have legacy storage
03-14 03:51:14.680 1523 1523 V StorageManagerService: Package com.android.gallery3d has legacy storage
03-14 03:51:14.680 1523 1523 V StorageManagerService: Package android.ext.services does not have legacy storage
03-14 03:51:14.680 1523 1523 V StorageManagerService: Package com.android.wifi.resources does not have legacy storage
03-14 03:51:14.680 1523 1523 V StorageManagerService: Package com.baidu.input does not have legacy storage
03-14 03:51:14.680 1523 1523 V StorageManagerService: Package com.android.systemui.overlay.common does not have legacy storage
03-14 03:51:14.680 1523 1523 V StorageManagerService: Package com.android.cameraextensions does not have legacy storage
03-14 03:51:14.680 1523 1523 V StorageManagerService: Package com.thundercomm.tcservice does not have legacy storage
03-14 03:51:14.680 1523 1523 V StorageManagerService: Package com.android.localtransport does not have legacy storage
03-14 03:51:14.680 1523 1523 V StorageManagerService: Package com.android.packageinstaller does not have legacy storage
03-14 03:51:14.680 1523 1523 V StorageManagerService: Package com.qualcomm.qti.devicestatisticsservice does not have legacy storage
03-14 03:51:14.680 1523 1523 V StorageManagerService: Package com.android.theme.font.notoserifsource does not have legacy storage
03-14 03:51:14.680 1523 1523 V StorageManagerService: Package com.android.proxyhandler does not have legacy storage
03-14 03:51:14.680 1523 1523 V StorageManagerService: Package com.android.internal.display.cutout.emulation.waterfall does not have legacy storage
03-14 03:51:14.680 1523 1523 V StorageManagerService: Package com.qualcomm.qti.workloadclassifier does not have legacy storage
03-14 03:51:14.680 1523 1523 V StorageManagerService: Package com.android.inputmethod.latin does not have legacy storage
03-14 03:51:14.680 1523 1523 V StorageManagerService: Package com.android.providers.settings.overlay does not have legacy storage
03-14 03:51:14.680 1523 1523 V StorageManagerService: Package com.android.managedprovisioning does not have legacy storage
03-14 03:51:14.680 1523 1523 V StorageManagerService: Package com.android.networkstack.tethering does not have legacy storage
03-14 03:51:14.680 1523 1523 V StorageManagerService: Package com.android.soundpicker does not have legacy storage
03-14 03:51:14.680 1523 1523 V StorageManagerService: Package com.android.dreams.phototable does not have legacy storage
03-14 03:51:14.680 1523 1523 V StorageManagerService: Package com.thundercomm.screensaver does not have legacy storage
03-14 03:51:14.680 1523 1523 V StorageManagerService: Package com.android.wallpaper.livepicker does not have legacy storage
03-14 03:51:14.680 1523 1523 V StorageManagerService: Package com.android.apps.tag does not have legacy storage
03-14 03:51:14.680 1523 1523 V StorageManagerService: Package com.android.storagemanager does not have legacy storage
03-14 03:51:14.680 1523 1523 V StorageManagerService: Package com.android.bookmarkprovider does not have legacy storage
03-14 03:51:14.680 1523 1523 V StorageManagerService: Package com.android.settings does not have legacy storage
03-14 03:51:14.680 1523 1523 V StorageManagerService: Package com.android.networkstack.permissionconfig does not have legacy storage
03-14 03:51:14.680 1523 1523 V StorageManagerService: Package com.qualcomm.location does not have legacy storage
03-14 03:51:14.681 1523 1523 V StorageManagerService: Package com.android.cts.ctsshim does not have legacy storage
03-14 03:51:14.681 1523 1523 V StorageManagerService: Package com.qti.diagservices does not have legacy storage
03-14 03:51:14.681 1523 1523 V StorageManagerService: Package com.android.vpndialogs does not have legacy storage
03-14 03:51:14.681 1523 1523 V StorageManagerService: Package com.qualcomm.location.XT does not have legacy storage
03-14 03:51:14.681 1523 1523 V StorageManagerService: Package com.android.music does not have legacy storage
03-14 03:51:14.681 1523 1523 V StorageManagerService: Package com.android.shell does not have legacy storage
03-14 03:51:14.681 1523 1523 V StorageManagerService: Package com.android.wallpaperbackup does not have legacy storage
03-14 03:51:14.681 1523 1523 V StorageManagerService: Package com.android.providers.userdictionary does not have legacy storage
03-14 03:51:14.681 1523 1523 V StorageManagerService: Package com.android.providers.media.module does not have legacy storage
03-14 03:51:14.681 1523 1523 V StorageManagerService: Package com.android.emergency does not have legacy storage
03-14 03:51:14.681 1523 1523 V StorageManagerService: Package com.android.hotspot2.osulogin does not have legacy storage
03-14 03:51:14.681 1523 1523 V StorageManagerService: Package com.qualcomm.qti.qdma does not have legacy storage
03-14 03:51:14.681 1523 1523 V StorageManagerService: Package com.qualcomm.qti.xrcb does not have legacy storage
03-14 03:51:14.681 1523 1523 V StorageManagerService: Package com.android.internal.systemui.navbar.gestural does not have legacy storage
03-14 03:51:14.681 1523 1523 V StorageManagerService: Package com.android.location.fused does not have legacy storage
03-14 03:51:14.681 1523 1523 V StorageManagerService: Package com.android.systemui does not have legacy storage
03-14 03:51:14.681 1523 1523 V StorageManagerService: Package com.android.bluetoothmidiservice does not have legacy storage
03-14 03:51:14.681 1523 1523 V StorageManagerService: Package com.qti.ltebc does not have legacy storage
03-14 03:51:14.681 1523 1523 V StorageManagerService: Package com.android.permissioncontroller does not have legacy storage
03-14 03:51:14.681 1523 1523 V StorageManagerService: Package com.android.traceur does not have legacy storage
03-14 03:51:14.681 1523 1523 V StorageManagerService: Package com.qualcomm.qti.qccauthmgr does not have legacy storage
03-14 03:51:14.681 1523 1523 V StorageManagerService: Package com.qualcomm.qti.qms.service.trustzoneaccess does not have legacy storage
03-14 03:51:14.681 1523 1523 V StorageManagerService: Package com.qualcomm.qtil.aptxui does not have legacy storage
03-14 03:51:14.681 1523 1523 V StorageManagerService: Package com.android.bluetooth does not have legacy storage
03-14 03:51:14.681 1523 1523 V StorageManagerService: Package com.qualcomm.timeservice does not have legacy storage
03-14 03:51:14.681 1523 1523 V StorageManagerService: Package com.qualcomm.embms does not have legacy storage
03-14 03:51:14.681 1523 1523 V StorageManagerService: Package com.android.providers.contacts does not have legacy storage
03-14 03:51:14.681 1523 1523 V StorageManagerService: Package com.android.captiveportallogin does not have legacy storage
03-14 03:51:14.681 1523 1523 V StorageManagerService: Package com.android.internal.systemui.navbar.gestural_narrow_back does not have legacy storage
03-14 03:51:14.681 1523 1523 V StorageManagerService: Package com.android.cellbroadcastreceiver.overlay.common does not have legacy storage
03-14 03:51:14.681 1523 1523 I SystemServerTiming: ssm.onStartUser-0_com.android.server.usage.StorageStatsService$Lifecycle
03-14 03:51:14.681 1523 1523 I SystemServerTiming: ssm.onStartUser-0_com.android.server.UiModeManagerService
03-14 03:51:14.681 1523 1523 I SystemServerTiming: ssm.onStartUser-0_com.android.server.locksettings.LockSettingsService$Lifecycle
03-14 03:51:14.681 1523 1523 I SystemServerTiming: ssm.onStartUser-0_com.android.server.PersistentDataBlockService
03-14 03:51:14.681 1523 1523 I SystemServerTiming: ssm.onStartUser-0_com.android.server.testharness.TestHarnessModeService
03-14 03:51:14.681 1523 1523 I SystemServerTiming: ssm.onStartUser-0_com.android.server.oemlock.OemLockService
03-14 03:51:14.681 1523 1523 I SystemServerTiming: ssm.onStartUser-0_com.android.server.DeviceIdleController
03-14 03:51:14.681 1523 1523 I SystemServerTiming: ssm.onStartUser-0_com.android.server.devicepolicy.DevicePolicyManagerService$Lifecycle
03-14 03:51:14.681 1523 1523 I SystemServerTiming: ssm.onStartUser-0_com.android.server.texttospeech.TextToSpeechManagerService
03-14 03:51:14.681 1523 1523 I SystemServerTiming: ssm.onStartUser-0_com.android.server.speech.SpeechRecognitionManagerService
03-14 03:51:14.681 1523 1523 I SystemServerTiming: ssm.onStartUser-0_com.android.server.searchui.SearchUiManagerService
03-14 03:51:14.681 1523 1523 I SystemServerTiming: ssm.onStartUser-0_com.android.server.smartspace.SmartspaceManagerService
03-14 03:51:14.681 1523 1523 I SystemServerTiming: ssm.onStartUser-0_com.android.server.graphics.fonts.FontManagerService$Lifecycle
03-14 03:51:14.681 1523 1523 I SystemServerTiming: ssm.onStartUser-0_com.android.server.textservices.TextServicesManagerService$Lifecycle
03-14 03:51:14.681 1523 1523 I SystemServerTiming: ssm.onStartUser-0_com.android.server.textclassifier.TextClassificationManagerService$Lifecycle
03-14 03:51:14.682 1523 1523 I SystemServerTiming: ssm.onStartUser-0_com.android.server.NetworkScoreService$Lifecycle
03-14 03:51:14.682 1523 1523 I SystemServerTiming: ssm.onStartUser-0_com.android.server.wifi.WifiService
03-14 03:51:14.682 1523 1523 I SystemServerTiming: ssm.onStartUser-0_com.android.server.wifi.scanner.WifiScanningService
03-14 03:51:14.682 1523 1523 I SystemServerTiming: ssm.onStartUser-0_com.android.server.wifi.rtt.RttService
03-14 03:51:14.682 1523 1523 I SystemServerTiming: ssm.onStartUser-0_com.android.server.wifi.aware.WifiAwareService
03-14 03:51:14.682 1523 1523 I SystemServerTiming: ssm.onStartUser-0_com.android.server.wifi.p2p.WifiP2pService
03-14 03:51:14.682 1523 1523 I SystemServerTiming: ssm.onStartUser-0_com.android.server.ethernet.EthernetService
03-14 03:51:14.682 1523 1523 I SystemServerTiming: ssm.onStartUser-0_com.android.server.ConnectivityServiceInitializer
03-14 03:51:14.682 1523 1523 I SystemServerTiming: ssm.onStartUser-0_com.android.server.notification.NotificationManagerService
03-14 03:51:14.682 1523 1523 I SystemServerTiming: ssm.onStartUser-0_com.android.server.storage.DeviceStorageMonitorService
03-14 03:51:14.682 1523 1523 I SystemServerTiming: ssm.onStartUser-0_com.android.server.location.LocationManagerService$Lifecycle
03-14 03:51:14.682 1523 1523 I SystemServerTiming: ssm.onStartUser-0_com.android.server.timedetector.TimeDetectorService$Lifecycle
03-14 03:51:14.682 1523 1523 I SystemServerTiming: ssm.onStartUser-0_com.android.server.timezonedetector.TimeZoneDetectorService$Lifecycle
03-14 03:51:14.682 1523 1523 I SystemServerTiming: ssm.onStartUser-0_com.android.server.timezonedetector.location.LocationTimeZoneManagerService$Lifecycle
03-14 03:51:14.682 1523 1523 I SystemServerTiming: ssm.onStartUser-0_com.android.server.search.SearchManagerService$Lifecycle
03-14 03:51:14.682 1523 1523 I SystemServerTiming: ssm.onStartUser-0_com.android.server.wallpaper.WallpaperManagerService$Lifecycle
03-14 03:51:14.682 1523 1523 I SystemServerTiming: ssm.onStartUser-0_com.android.server.audio.AudioService$Lifecycle
03-14 03:51:14.682 1523 1523 I SystemServerTiming: ssm.onStartUser-0_com.android.server.soundtrigger_middleware.SoundTriggerMiddlewareService$Lifecycle
03-14 03:51:14.682 1523 1523 I SystemServerTiming: ssm.onStartUser-0_com.android.server.DockObserver
03-14 03:51:14.682 1523 1523 I SystemServerTiming: ssm.onStartUser-0_com.android.server.midi.MidiService$Lifecycle
03-14 03:51:14.682 1523 1523 I SystemServerTiming: ssm.onStartUser-0_com.android.server.adb.AdbService$Lifecycle
03-14 03:51:14.682 1523 1523 I SystemServerTiming: ssm.onStartUser-0_com.android.server.usb.UsbService$Lifecycle
03-14 03:51:14.682 1523 1523 I SystemServerTiming: ssm.onStartUser-0_com.android.server.twilight.TwilightService
03-14 03:51:14.682 1523 1523 I SystemServerTiming: ssm.onStartUser-0_com.android.server.display.color.ColorDisplayService
03-14 03:51:14.682 1523 1523 I SystemServerTiming: ssm.onStartUser-0_com.android.server.job.JobSchedulerService
03-14 03:51:14.682 1523 1523 I SystemServerTiming: ssm.onStartUser-0_com.android.server.soundtrigger.SoundTriggerService
03-14 03:51:14.682 1523 1523 I SystemServerTiming: ssm.onStartUser-0_com.android.server.trust.TrustManagerService
03-14 03:51:14.682 1523 1523 I SystemServerTiming: ssm.onStartUser-0_com.android.server.backup.BackupManagerService$Lifecycle
03-14 03:51:14.682 1523 1523 I SystemServerTiming: ssm.onStartUser-0_com.android.server.appwidget.AppWidgetService
03-14 03:51:14.682 1523 1523 I SystemServerTiming: ssm.onStartUser-0_com.android.server.voiceinteraction.VoiceInteractionManagerService
03-14 03:51:14.682 1523 1523 W VoiceInteractionManager: no available voice recognition services found for user 0
03-14 03:51:14.682 1523 1523 I SystemServerTiming: ssm.onStartUser-0_com.android.server.apphibernation.AppHibernationService
03-14 03:51:14.682 1523 1523 I SystemServerTiming: ssm.onStartUser-0_com.android.server.SensorNotificationService
03-14 03:51:14.682 1523 1523 I SystemServerTiming: ssm.onStartUser-0_com.android.server.emergency.EmergencyAffordanceService
03-14 03:51:14.682 1523 1523 I SystemServerTiming: ssm.onStartUser-0_com.android.server.blob.BlobStoreManagerService
03-14 03:51:14.682 1523 1523 I SystemServerTiming: ssm.onStartUser-0_com.android.server.dreams.DreamManagerService
03-14 03:51:14.682 1523 1523 I SystemServerTiming: ssm.onStartUser-0_com.android.server.companion.CompanionDeviceManagerService
03-14 03:51:14.682 1523 1523 I SystemServerTiming: ssm.onStartUser-0_com.android.server.restrictions.RestrictionsManagerService
03-14 03:51:14.682 1523 1523 I SystemServerTiming: ssm.onStartUser-0_com.android.server.media.MediaSessionService
03-14 03:51:14.682 1523 1523 I SystemServerTiming: ssm.onStartUser-0_com.android.server.media.MediaResourceMonitorService
03-14 03:51:14.682 1523 1523 I SystemServerTiming: ssm.onStartUser-0_com.android.server.biometrics.sensors.fingerprint.FingerprintService
03-14 03:51:14.682 1523 1523 I SystemServerTiming: ssm.onStartUser-0_com.android.server.biometrics.BiometricService
03-14 03:51:14.682 1523 1523 I SystemServerTiming: ssm.onStartUser-0_com.android.server.biometrics.AuthService
03-14 03:51:14.682 1523 1523 I SystemServerTiming: ssm.onStartUser-0_com.android.server.pm.ShortcutService$Lifecycle
03-14 03:51:14.682 1523 1523 I SystemServerTiming: ssm.onStartUser-0_com.android.server.pm.LauncherAppsService
03-14 03:51:14.682 1523 1523 I SystemServerTiming: ssm.onStartUser-0_com.android.server.pm.CrossProfileAppsService
03-14 03:51:14.682 1523 1523 I SystemServerTiming: ssm.onStartUser-0_com.android.server.people.PeopleService
03-14 03:51:14.682 1523 1523 I SystemServerTiming: ssm.onStartUser-0_com.android.server.media.metrics.MediaMetricsManagerService
03-14 03:51:14.682 1523 1523 I SystemServerTiming: ssm.onStartUser-0_com.android.server.media.projection.MediaProjectionManagerService
03-14 03:51:14.682 1523 1523 I SystemServerTiming: ssm.onStartUser-0_com.android.server.slice.SliceManagerService$Lifecycle
03-14 03:51:14.682 1523 1523 I SystemServerTiming: ssm.onStartUser-0_com.android.server.stats.StatsCompanion$Lifecycle
03-14 03:51:14.682 1523 1523 I SystemServerTiming: ssm.onStartUser-0_com.android.server.scheduling.RebootReadinessManagerService$Lifecycle
03-14 03:51:14.682 1523 1523 I SystemServerTiming: ssm.onStartUser-0_com.android.server.stats.pull.StatsPullAtomService
03-14 03:51:14.682 1523 1523 I SystemServerTiming: ssm.onStartUser-0_com.android.server.incident.IncidentCompanionService
03-14 03:51:14.682 1523 1523 I SystemServerTiming: ssm.onStartUser-0_com.android.server.MmsServiceBroker
03-14 03:51:14.682 1523 1523 I SystemServerTiming: ssm.onStartUser-0_com.android.server.autofill.AutofillManagerService
03-14 03:51:14.682 1523 1523 I SystemServerTiming: ssm.onStartUser-0_com.android.server.clipboard.ClipboardService
03-14 03:51:14.682 1523 1523 I SystemServerTiming: ssm.onStartUser-0_com.android.server.appbinding.AppBindingService$Lifecycle
03-14 03:51:14.682 1523 1523 W AppBindingService: [Default SMS app] u0 Target package not found
03-14 03:51:14.682 1523 1523 I SystemServerTiming: ssm.onStartUser-0_com.android.server.tracing.TracingServiceProxy
03-14 03:51:14.682 1523 1523 I SystemServerTiming: ssm.onStartUser-0_com.android.server.policy.PermissionPolicyService
03-14 03:51:14.682 1523 1523 I SystemServerTiming: ssm.onStartUser-0_com.android.server.pm.StagingManager$Lifecycle
03-14 03:51:14.682 1523 1523 I SystemServerTiming: ssm.onStartUser-0_com.android.server.app.GameManagerService$Lifecycle
03-14 03:51:14.683 1523 1523 V GameManagerService: Settings file doesn't exists, skip reading
03-14 03:51:14.683 1523 1523 I SystemServerTiming: ssm.onStartUser-0_com.android.server.appsearch.AppSearchManagerService
03-14 03:51:14.683 1523 1523 I SystemServerTiming: ssm.onStartUser-0_com.android.server.media.MediaCommunicationService
03-14 03:51:14.683 1523 1523 I SystemServerTiming: startPersistentApps
03-14 03:51:14.683 1523 1523 D CompatibilityChangeReporter: Compat change id reported: 135634846; UID 1000; state: DISABLED
03-14 03:51:14.683 1523 1523 D CompatibilityChangeReporter: Compat change id reported: 177438394; UID 1000; state: DISABLED
03-14 03:51:14.684 1523 1523 D CompatibilityChangeReporter: Compat change id reported: 135772972; UID 1000; state: DISABLED
03-14 03:51:14.684 1523 1523 D CompatibilityChangeReporter: Compat change id reported: 135754954; UID 1000; state: ENABLED
03-14 03:51:14.684 1523 1663 W ActivityManager: com.thundercomm.microsettings inode == 0 (b/152760674)
03-14 03:51:14.685 1523 1523 D CompatibilityChangeReporter: Compat change id reported: 135634846; UID 1001; state: DISABLED
03-14 03:51:14.685 1523 1523 D CompatibilityChangeReporter: Compat change id reported: 177438394; UID 1001; state: DISABLED
03-14 03:51:14.685 1523 1523 D CompatibilityChangeReporter: Compat change id reported: 135772972; UID 1001; state: DISABLED
03-14 03:51:14.685 1523 1523 D CompatibilityChangeReporter: Compat change id reported: 135754954; UID 1001; state: ENABLED
03-14 03:51:14.685 1523 1523 D CompatibilityChangeReporter: Compat change id reported: 135634846; UID 10057; state: DISABLED
03-14 03:51:14.685 1523 1523 D CompatibilityChangeReporter: Compat change id reported: 177438394; UID 10057; state: DISABLED
03-14 03:51:14.685 1523 1523 D CompatibilityChangeReporter: Compat change id reported: 135772972; UID 10057; state: DISABLED
03-14 03:51:14.685 1523 1523 D CompatibilityChangeReporter: Compat change id reported: 135754954; UID 10057; state: DISABLED
03-14 03:51:14.687 1523 1523 D CompatibilityChangeReporter: Compat change id reported: 135634846; UID 10080; state: DISABLED
03-14 03:51:14.687 1523 1523 D CompatibilityChangeReporter: Compat change id reported: 177438394; UID 10080; state: DISABLED
03-14 03:51:14.687 1523 1523 D CompatibilityChangeReporter: Compat change id reported: 135772972; UID 10080; state: DISABLED
03-14 03:51:14.687 1523 1523 D CompatibilityChangeReporter: Compat change id reported: 135754954; UID 10080; state: DISABLED
03-14 03:51:14.687 1523 1523 D CompatibilityChangeReporter: Compat change id reported: 135634846; UID 1068; state: DISABLED
03-14 03:51:14.688 1523 1523 D CompatibilityChangeReporter: Compat change id reported: 135634846; UID 10061; state: DISABLED
03-14 03:51:14.689 1523 1523 D CompatibilityChangeReporter: Compat change id reported: 177438394; UID 10061; state: DISABLED
03-14 03:51:14.689 1523 1523 D CompatibilityChangeReporter: Compat change id reported: 135772972; UID 10061; state: DISABLED
03-14 03:51:14.689 1523 1523 D CompatibilityChangeReporter: Compat change id reported: 135754954; UID 10061; state: ENABLED
03-14 03:51:14.689 1523 1523 I SystemServerTiming: startHomeOnAllDisplays
03-14 03:51:14.690 1523 1523 I ActivityTaskManager: START u0 {act=android.intent.action.MAIN cat=[android.intent.category.HOME] flg=0x10000100 cmp=com.android.settings/.CryptKeeper (has extras)} from uid 0
03-14 03:51:14.694 1523 1523 D CompatibilityChangeReporter: Compat change id reported: 174042980; UID 1000; state: DISABLED
01-01 12:33:23.662 0 0 I binder : 2567:2567 ioctl 40046210 7fd88fc494 returned -22
03-14 03:51:14.703 1523 2583 W ContextImpl: Calling a method in the system process without a qualified user: android.app.ContextImpl.bindService:1895 android.content.ContextWrapper.bindService:810 com.qualcomm.qti.activityextension.ActivityNotifier.bindToDynamicDDSService:103 com.qualcomm.qti.activityextension.ActivityNotifier.handleSendActivityInvokeNotification:184 com.qualcomm.qti.activityextension.ActivityNotifier.access$300:26
03-14 03:51:14.703 1523 1523 D CompatibilityChangeReporter: Compat change id reported: 168419799; UID 1000; state: DISABLED
03-14 03:51:14.704 1523 1523 I ActivityTaskManager: FOREGROUND_APPLICATION_CHANGED to com.android.settings.CryptKeeper
03-14 03:51:14.705 1523 1523 I SystemServerTiming: showSystemReadyErrorDialogs
03-14 03:51:14.727 1523 1523 I SystemServerTiming: sendUserStartBroadcast
03-14 03:51:14.727 1523 1523 I SystemServerTiming: resumeTopActivities
03-14 03:51:14.728 1523 1523 I SystemServerTiming: sendUserSwitchBroadcasts
03-14 03:51:14.728 1523 1523 I SystemServerTiming: setBinderProxies
03-14 03:51:14.728 1523 1523 I SystemServerTiming: StartSystemUI
03-14 03:51:14.729 1523 1617 I ActivityManager: Start proc 2567:com.thundercomm.gamemode/1000 for added application com.thundercomm.gamemode
01-01 12:33:23.694 0 0 W audit : audit_backlog=65 > audit_backlog_limit=64
01-01 12:33:23.694 0 0 W audit : audit_lost=1 audit_rate_limit=0 audit_backlog_limit=64
01-01 12:33:23.694 0 0 E audit : backlog limit exceeded
01-01 12:33:23.694 0 0 W audit : audit_backlog=65 > audit_backlog_limit=64
01-01 12:33:23.694 0 0 W audit : audit_lost=2 audit_rate_limit=0 audit_backlog_limit=64
01-01 12:33:23.694 0 0 E audit : backlog limit exceeded
01-01 12:33:23.694 0 0 W audit : audit_backlog=65 > audit_backlog_limit=64
01-01 12:33:23.694 0 0 W audit : audit_lost=3 audit_rate_limit=0 audit_backlog_limit=64
01-01 12:33:23.694 0 0 E audit : backlog limit exceeded
01-01 12:33:23.694 0 0 W audit : audit_backlog=65 > audit_backlog_limit=64
03-14 03:51:14.733 1523 2583 W ContextImpl: Calling a method in the system process without a qualified user: android.app.ContextImpl.bindService:1895 android.content.ContextWrapper.bindService:810 com.qualcomm.qti.activityextension.ActivityNotifier.bindToDynamicDDSService:103 com.qualcomm.qti.activityextension.ActivityNotifier.handleSendActivityInvokeNotification:184 com.qualcomm.qti.activityextension.ActivityNotifier.access$300:26
03-14 03:51:14.734 1523 1663 W ActivityManager: com.thundercomm.microsettings inode == 0 (b/152760674)
03-14 03:51:14.735 1523 2583 W ContextImpl: Calling a method in the system process without a qualified user: android.app.ContextImpl.bindService:1895 android.content.ContextWrapper.bindService:810 com.qualcomm.qti.activityextension.ActivityNotifier.bindToDynamicDDSService:103 com.qualcomm.qti.activityextension.ActivityNotifier.handleSendActivityInvokeNotification:184 com.qualcomm.qti.activityextension.ActivityNotifier.access$300:26
03-14 03:51:14.736 1523 1523 I SystemServerTiming: startMicroService
03-14 03:51:14.737 1523 1523 I SystemServerTiming: startRemoteControlService
03-14 03:51:14.737 1523 1523 I SystemServerTiming: startTcService
03-14 03:51:14.737 1523 1523 I SystemServerTiming: startBoostPerfService
03-14 03:51:14.738 1523 1663 W ActivityManager: Slow operation: 53ms so far, now at startProcess: returned from zygote!
03-14 03:51:14.738 1523 1663 W ActivityManager: Slow operation: 54ms so far, now at startProcess: done updating battery stats
03-14 03:51:14.738 1523 1663 W ActivityManager: Slow operation: 54ms so far, now at startProcess: building log message
03-14 03:51:14.738 1523 1663 I ActivityManager: Start proc 2592:com.thundercomm.microservice/1000 for added application com.thundercomm.microservice
