03-14 04:12:57.030 12302 12302 F DEBUG : #04 pc 00030bad /apex/com.android.runtime/lib/bionic/libc.so (scudo::Chunk::loadHeader(unsigned int, void const*, scudo::Chunk::UnpackedHeader*)+204) (BuildId: cc194ef76ee932851b23cc2e4f46d55f)
03-14 04:12:57.030 12302 12302 F DEBUG : #05 pc 0002e219 /apex/com.android.runtime/lib/bionic/libc.so (scudo::Allocator::deallocate(void*, scudo::Chunk::Origin, unsigned long, unsigned long)+48) (BuildId: cc194ef76ee932851b23cc2e4f46d55f)
03-14 04:12:57.030 12302 12302 F DEBUG : #06 pc 0002e1db /apex/com.android.runtime/lib/bionic/libc.so (scudo_free+18) (BuildId: cc194ef76ee932851b23cc2e4f46d55f)
03-14 04:12:57.030 12302 12302 F DEBUG : #07 pc 0000ac87 /system/lib/libutils.so (android::SharedBuffer::release(unsigned int) const+54) (BuildId: 09cd54a3487f009ed36a69a0b05bd664)
03-14 04:12:57.030 12302 12302 F DEBUG : #08 pc 0000c0e1 /system/lib/libutils.so (android::String16::~String16()+24) (BuildId: 09cd54a3487f009ed36a69a0b05bd664)
03-14 04:12:57.030 12302 12302 F DEBUG : #09 pc 00083763 /apex/com.android.runtime/lib/bionic/libc.so (__cxa_finalize+190) (BuildId: cc194ef76ee932851b23cc2e4f46d55f)
03-14 04:12:57.030 12302 12302 F DEBUG : #10 pc 00078b5b /apex/com.android.runtime/lib/bionic/libc.so (exit+10) (BuildId: cc194ef76ee932851b23cc2e4f46d55f)
03-14 04:12:57.030 12302 12302 F DEBUG : #11 pc 000012d7 /data/user/0/com.tencent.android.qqdownloader/app_bin/daemon2_v2.1.4
03-14 04:12:57.030 12302 12302 F DEBUG : #12 pc 000014eb /data/user/0/com.tencent.android.qqdownloader/app_bin/daemon2_v2.1.4
03-14 04:12:57.030 12302 12302 F DEBUG : #13 pc 0003248b /apex/com.android.runtime/lib/bionic/libc.so (__libc_init+54) (BuildId: cc194ef76ee932851b23cc2e4f46d55f)
03-14 04:12:57.030 1523 2953 I am_uid_active: 10093
03-14 04:12:57.032 1523 2465 W NativeCrashListener: Couldn't find ProcessRecord for pid 8717
01-01 12:55:05.996 0 0 I init : Untracked pid 12304 exited with status 0
01-01 12:55:05.996 0 0 I init : Untracked pid 12302 exited with status 0
01-01 12:55:05.996 0 0 I init : Untracked pid 8717 received signal 6
03-14 04:12:57.043 1523 1745 I BootReceiver: Copying /data/tombstones/tombstone_00 to DropBox (SYSTEM_TOMBSTONE)
03-14 04:12:57.043 1523 1745 I DropBoxManagerService: add tag=SYSTEM_TOMBSTONE isTagEnabled=true flags=0x6
03-14 04:12:57.044 1523 11805 V ActivityManager: Got obituary of 8702:com.tencent.android.qqdownloader:cloud
03-14 04:12:57.047 1523 1745 I dropbox_file_copy: [/data/tombstones/tombstone_00,65536,SYSTEM_TOMBSTONE]
03-14 04:12:57.049 1523 1745 I commit_sys_config_file: [log-files,1300077]
03-14 04:12:57.050 1523 1745 I DropBoxManagerService: add tag=SYSTEM_TOMBSTONE_PROTO isTagEnabled=true flags=0x0
03-14 04:12:57.050 1523 1666 I ActivityManager: Process PhantomProcessRecord {f07cfd6 8745:8702:app_d/u0a93} died
03-14 04:12:57.050 1523 1666 I ActivityManager: Process PhantomProcessRecord {d2ae257 8717:8290:app_d/u0a93} died
03-14 04:12:57.052 1523 1745 I commit_sys_config_file: [log-files,1300080]
03-14 04:12:57.066 1523 2953 W FreeFormWindowHelper: Current Display FreeFormTask is null
03-14 04:12:57.086 1523 2953 W ActivityManager: ProcessRecord{48dbd62 0:com.tencent.android.qqdownloader/u0a93} is attached to a previous process 8328
03-14 04:12:57.087 1523 2953 D CompatibilityChangeReporter: Compat change id reported: 135634846; UID 10093; state: DISABLED
03-14 04:12:57.088 1523 3328 V ActivityManager: Got obituary of 8290:com.tencent.android.qqdownloader:daemon
01-01 12:55:06.051 0 0 I binder : undelivered transaction 726836, process died.
01-01 12:55:06.051 0 0 I binder : undelivered transaction 726846, process died.
01-01 12:55:06.051 0 0 I binder : undelivered transaction 726848, process died.
01-01 12:55:06.052 0 0 I binder : undelivered transaction 726832, process died.
01-01 12:55:06.052 0 0 I binder : undelivered transaction 726839, process died.
01-01 12:55:06.052 0 0 I binder : undelivered transaction 727021, process died.
01-01 12:55:06.052 0 0 I binder : undelivered transaction 727022, process died.
03-14 04:12:57.118 1523 10131 V ActivityManager: Got obituary of 8328:com.tencent.android.qqdownloader
01-01 12:55:06.080 0 0 I binder : undelivered TRANSACTION_COMPLETE
03-14 04:12:57.119 1523 1653 W ActivityManager: setHasOverlayUi called on unknown pid: 8328
01-01 12:55:06.084 0 0 I init : Untracked pid 9005 received signal 9
03-14 04:12:57.122 1523 1663 D CompatibilityChangeReporter: Compat change id reported: 143937733; UID 10093; state: DISABLED
03-14 04:12:57.126 1523 1666 I ActivityManager: Process PhantomProcessRecord {178613c 9005:8290:libwatch.so/u0a93} died
03-14 04:12:57.126 1523 1666 I ActivityManager: Process PhantomProcessRecord {e49dec5 9009:8290:libwatch.so/u0a93} died
01-01 12:55:06.085 0 0 I init : Untracked pid 9009 received signal 9
03-14 04:12:57.140 1523 1663 W ActivityManager: Slow operation: 54ms so far, now at startProcess: returned from zygote!
03-14 04:12:57.141 1523 1663 W ActivityManager: Slow operation: 55ms so far, now at startProcess: done updating battery stats
03-14 04:12:57.141 1523 1663 I am_proc_start: [0,12375,10093,com.tencent.android.qqdownloader,content provider,{com.tencent.android.qqdownloader/com.tencent.assistant.db.contentprovider.WallpaperProvider}]
03-14 04:12:57.141 1523 1663 W ActivityManager: Slow operation: 55ms so far, now at startProcess: building log message
03-14 04:12:57.141 1523 1663 I ActivityManager: Start proc 12375:com.tencent.android.qqdownloader/u0a93 for content provider {com.tencent.android.qqdownloader/com.tencent.assistant.db.contentprovider.WallpaperProvider}
03-14 04:12:57.141 1523 1663 W ActivityManager: Slow operation: 55ms so far, now at startProcess: starting to update pids map
03-14 04:12:57.142 1523 1663 W ActivityManager: Slow operation: 55ms so far, now at startProcess: done updating pids map
03-14 04:12:57.139 12376 12376 I auditd : type=1400 audit(0.0:3015): avc: granted { execute } for comm="Thread-9" name="daemon2_v2.1.4" dev="dm-10" ino=3039 scontext=u:r:untrusted_app_27:s0:c512,c768 tcontext=u:object_r:app_data_file:s0:c512,c768 tclass=file app=com.tencent.android.qqdownloader
03-14 04:12:57.139 12376 12376 I auditd : type=1400 audit(0.0:3016): avc: granted { execute_no_trans } for comm="Thread-9" path="/data/user/0/com.tencent.android.qqdownloader/app_bin/daemon2_v2.1.4" dev="dm-10" ino=3039 scontext=u:r:untrusted_app_27:s0:c512,c768 tcontext=u:object_r:app_data_file:s0:c512,c768 tclass=file app=com.tencent.android.qqdownloader
03-14 04:12:57.150 1523 1663 I am_proc_start: [0,12383,10093,com.tencent.android.qqdownloader:cloud,service,{com.tencent.android.qqdownloader/com.live.watermelon.service.SentryAlphaService}]
03-14 04:12:57.150 1523 1663 I ActivityManager: Start proc 12383:com.tencent.android.qqdownloader:cloud/u0a93 for service {com.tencent.android.qqdownloader/com.live.watermelon.service.SentryAlphaService}
01-01 12:55:06.112 0 0 W audit : audit_lost=1646 audit_rate_limit=5 audit_backlog_limit=64
01-01 12:55:06.112 0 0 E audit : rate limit exceeded
03-14 04:12:57.143 12367 12367 I auditd : type=1400 audit(0.0:3017): avc: denied { search } for comm="mount" name="vendor" dev="tmpfs" ino=12314 scontext=u:r:untrusted_app_27:s0:c512,c768 tcontext=u:object_r:mnt_vendor_file:s0 tclass=dir permissive=0
03-14 04:12:57.143 12367 12367 I auditd : type=1400 audit(0.0:3018): avc: denied { search } for comm="mount" name="vendor" dev="tmpfs" ino=12314 scontext=u:r:untrusted_app_27:s0:c512,c768 tcontext=u:object_r:mnt_vendor_file:s0 tclass=dir permissive=0
03-14 04:12:57.143 12367 12367 I auditd : type=1400 audit(0.0:3019): avc: denied { getattr } for comm="mount" path="/metadata" dev="sda11" ino=2 scontext=u:r:untrusted_app_27:s0:c512,c768 tcontext=u:object_r:metadata_file:s0 tclass=dir permissive=0
01-01 12:55:06.124 0 0 I binder : 12383:12383 ioctl 40046210 ffdfffb8 returned -22
01-01 12:55:06.125 0 0 I binder : 12409:12409 ioctl 40046210 ffaf7730 returned -22
03-14 04:12:57.164 1523 2426 I am_proc_bound: [0,12383,com.tencent.android.qqdownloader:cloud]
01-01 12:55:06.127 0 0 I binder : 12375:12375 ioctl 40046210 ffdfffb8 returned -22
03-14 04:12:57.167 1523 2426 I am_proc_bound: [0,12375,com.tencent.android.qqdownloader]
03-14 04:12:57.177 1523 2426 W FreeFormWindowHelper: Current Display FreeFormTask is null
03-14 04:12:57.212 1523 11805 W ProcessStats: Tracking association SourceState{1d3a37a com.tencent.android.qqdownloader:daemon/10093 BTopFgs #1913} whose proc state 2 is better than process ProcessState{d47f72b com.tencent.android.qqdownloader/10093 pkg=com.tencent.android.qqdownloader} proc state 3 (0 skipped)
01-01 12:55:06.225 0 0 I binder : 12508:12508 ioctl 40046210 ffdd56f0 returned -22
01-01 12:55:06.315 0 0 I binder : 12538:12538 ioctl 40046210 7fd0450ef4 returned -22
03-14 04:12:57.665 1523 11805 W FreeFormWindowHelper: Current Display FreeFormTask is null
03-14 04:12:57.668 1523 11805 W FreeFormWindowHelper: Current Display FreeFormTask is null
03-14 04:12:57.669 1523 11805 W FreeFormWindowHelper: Current Display FreeFormTask is null
03-14 04:12:57.762 1523 11805 I wm_finish_activity: [0,9597009,11,com.android.settings/.Settings,remove-task]
03-14 04:12:57.764 1523 11805 I wm_destroy_activity: [0,9597009,11,com.android.settings/.Settings,finish-imm:finishIfPossible]
03-14 04:12:57.767 1523 1653 I ActivityManager: Killing 10281:com.android.settings/1000 (adj 900): remove task
03-14 04:12:57.767 1523 1653 I am_kill : [0,10281,com.android.settings,900,remove task]
03-14 04:12:57.767 1523 11805 W FreeFormWindowHelper: Current Display FreeFormTask is null
03-14 04:12:57.768 1523 1618 W FreeFormWindowHelper: Current Display FreeFormTask is null
03-14 04:12:57.770 1523 1653 I sysui_multi_action: [757,803,799,window_time_0,802,1]
03-14 04:12:57.830 1523 2426 I WindowManager: WIN DEATH: Window{7edef93 u0 com.android.settings/com.android.settings.Settings}
03-14 04:12:57.831 1523 11805 I am_proc_died: [0,10281,com.android.settings,900,19]
03-14 04:12:57.834 1523 11805 I wm_task_removed: [11,removeChild:removeChild last r=ActivityRecord{927051 u0 com.android.settings/.Settings t-1 f}} in t=Task{e172242 #11 type=standard A=1000:com.android.settings.root U=0 visible=false mode=fullscreen translucent=true sz=0}]
03-14 04:12:57.834 1523 11805 I wm_task_removed: [11,removeChild]
03-14 04:12:57.835 1523 1653 W ActivityManager: setHasOverlayUi called on unknown pid: 10281
03-14 04:12:57.837 1523 1654 W ActivityTaskManager: Can't find TaskDisplayArea to determine support for multi window. Task id=11 attached=false
03-14 04:12:57.837 1523 1654 W ActivityTaskManager: Can't find TaskDisplayArea to determine support for multi window. Task id=11 attached=false
03-14 04:12:57.841 1523 1661 W UsageStatsService: Unexpected activity event reported! (com.android.settings/com.android.settings.homepage.SettingsHomepageActivity event : 23 instanceId : 20611050)
03-14 04:12:57.866 1523 2426 W FreeFormWindowHelper: Current Display FreeFormTask is null
03-14 04:12:58.085 1523 2426 W FreeFormWindowHelper: Current Display FreeFormTask is null
03-14 04:12:58.275 12305 12305 I auditd : type=1400 audit(0.0:3371): avc: granted { nlmsg_readpriv } for comm="ark-Looper-Main" scontext=u:r:untrusted_app_27:s0:c512,c768 tcontext=u:r:untrusted_app_27:s0:c512,c768 tclass=netlink_route_socket app=com.tencent.android.qqdownloader
03-14 04:12:58.471 12375 12375 I auditd : type=1400 audit(0.0:3372): avc: denied { read } for comm="pool-10-thread-" name="version" dev="proc" ino=4026532247 scontext=u:r:untrusted_app_27:s0:c512,c768 tcontext=u:object_r:proc_version:s0 tclass=file permissive=0 app=com.tencent.android.qqdownloader
03-14 04:12:58.495 12375 12375 I auditd : type=1400 audit(0.0:3373): avc: denied { read } for comm="pool-10-thread-" name="version" dev="proc" ino=4026532247 scontext=u:r:untrusted_app_27:s0:c512,c768 tcontext=u:object_r:proc_version:s0 tclass=file permissive=0 app=com.tencent.android.qqdownloader
03-14 04:12:58.653 1523 2426 W FreeFormWindowHelper: exitRecentTasks type=0
03-14 04:12:58.655 0 0 I auditd : type=1400 audit(0.0:3374): avc: denied { kill } for comm="swapper/6" capability=5 scontext=u:r:kernel:s0 tcontext=u:r:kernel:s0 tclass=capability permissive=0
03-14 04:12:59.363 12375 12375 I auditd : type=1400 audit(0.0:3375): avc: granted { nlmsg_readpriv } for comm="halley_2800_Tem" scontext=u:r:untrusted_app_27:s0:c512,c768 tcontext=u:r:untrusted_app_27:s0:c512,c768 tclass=netlink_route_socket app=com.tencent.android.qqdownloader
03-14 04:12:59.655 0 0 I auditd : type=1400 audit(0.0:3376): avc: denied { kill } for comm="swapper/6" capability=5 scontext=u:r:kernel:s0 tcontext=u:r:kernel:s0 tclass=capability permissive=0
03-14 04:13:00.096 1523 2311 I GameModeConfig: isGameModeOn = false
03-14 04:13:00.215 12305 12305 I auditd : type=1400 audit(0.0:3377): avc: denied { read } for comm="ark-Looper-Main" name="version" dev="proc" ino=4026532247 scontext=u:r:untrusted_app_27:s0:c512,c768 tcontext=u:object_r:proc_version:s0 tclass=file permissive=0 app=com.tencent.android.qqdownloader
03-14 04:13:00.235 12305 12305 I auditd : type=1400 audit(0.0:3378): avc: denied { read } for comm="ark-Looper-Main" name="version" dev="proc" ino=4026532247 scontext=u:r:untrusted_app_27:s0:c512,c768 tcontext=u:object_r:proc_version:s0 tclass=file permissive=0 app=com.tencent.android.qqdownloader
03-14 04:13:00.443 12375 12375 I auditd : type=1400 audit(0.0:3379): avc: denied { read } for comm="Shark-Looper-Ma" name="version" dev="proc" ino=4026532247 scontext=u:r:untrusted_app_27:s0:c512,c768 tcontext=u:object_r:proc_version:s0 tclass=file permissive=0 app=com.tencent.android.qqdownloader
03-14 04:13:00.463 12375 12375 I auditd : type=1400 audit(0.0:3380): avc: denied { read } for comm="Shark-Looper-Ma" name="version" dev="proc" ino=4026532247 scontext=u:r:untrusted_app_27:s0:c512,c768 tcontext=u:object_r:proc_version:s0 tclass=file permissive=0 app=com.tencent.android.qqdownloader
01-01 12:55:09.622 0 0 W audit : audit_lost=1997 audit_rate_limit=5 audit_backlog_limit=64
01-01 12:55:09.622 0 0 E audit : rate limit exceeded
03-14 04:13:01.547 1523 1700 I commit_sys_config_file: [package-user-0,6]
03-14 04:13:01.655 0 0 I auditd : type=1400 audit(0.0:3382): avc: denied { kill } for comm="swapper/6" capability=5 scontext=u:r:kernel:s0 tcontext=u:r:kernel:s0 tclass=capability permissive=0
03-14 04:13:02.099 12305 12305 I auditd : type=1400 audit(0.0:3383): avc: granted { nlmsg_readpriv } for comm="temporary-2" scontext=u:r:untrusted_app_27:s0:c512,c768 tcontext=u:r:untrusted_app_27:s0:c512,c768 tclass=netlink_route_socket app=com.tencent.android.qqdownloader
03-14 04:13:02.213 1523 11805 D CompatibilityChangeReporter: Compat change id reported: 171306433; UID 10093; state: DISABLED
03-14 04:13:02.219 12305 12305 I auditd : type=1400 audit(0.0:3384): avc: denied { read } for comm="StartThread-47" name="drivers" dev="proc" ino=4026531852 scontext=u:r:untrusted_app_27:s0:c512,c768 tcontext=u:object_r:proc_tty_drivers:s0 tclass=file permissive=0 app=com.tencent.android.qqdownloader
03-14 04:13:02.219 12305 12305 I auditd : type=1400 audit(0.0:3385): avc: denied { read } for comm="qimei-thread-1" name="/" dev="dm-5" ino=2 scontext=u:r:untrusted_app_27:s0:c512,c768 tcontext=u:object_r:rootfs:s0 tclass=dir permissive=0 app=com.tencent.android.qqdownloader
03-14 04:13:02.227 12305 12305 I auditd : type=1400 audit(0.0:3386): avc: granted { nlmsg_readpriv } for comm="qimei-thread-1" scontext=u:r:untrusted_app_27:s0:c512,c768 tcontext=u:r:untrusted_app_27:s0:c512,c768 tclass=netlink_route_socket app=com.tencent.android.qqdownloader
01-01 12:55:11.229 0 0 W audit : audit_lost=1998 audit_rate_limit=5 audit_backlog_limit=64
01-01 12:55:11.229 0 0 E audit : rate limit exceeded
03-14 04:13:02.305 1523 2438 I thunderperf: PlatormCompat.setOverrides: Uid1=10093 Pid1=12305 Uid2=10093 Pid2=12305
03-14 04:13:02.305 1523 2438 I thunderperf: PlatormCompat.setOverrides: needCheck:false
03-14 04:13:02.305 1523 2438 W PackageManager: MATCH_ANY_USER flag requires INTERACT_ACROSS_USERS permission: UID 10093 requires android.permission.INTERACT_ACROSS_USERS_FULL or android.permission.INTERACT_ACROSS_USERS to access user 0.
03-14 04:13:02.306 1523 2438 I ActivityTaskManager: START u0 {flg=0x10010000 cmp=com.tencent.android.qqdownloader/com.tencent.qqdownloader.backgroundstart.BackgroundSupportActivity (has extras)} from uid 10093
03-14 04:13:02.307 1523 2438 W ActivityTaskManager: Background activity start [callingPackage: com.tencent.android.qqdownloader; callingUid: 10093; appSwitchAllowed: false; isCallingUidForeground: false; callingUidHasAnyVisibleWindow: false; callingUidProcState: FOREGROUND_SERVICE; isCallingUidPersistentSystemProcess: false; realCallingUid: 10093; isRealCallingUidForeground: false; realCallingUidHasAnyVisibleWindow: false; realCallingUidProcState: FOREGROUND_SERVICE; isRealCallingUidPersistentSystemProcess: false; originatingPendingIntent: null; allowBackgroundActivityStart: false; intent: Intent { flg=0x10010000 cmp=com.tencent.android.qqdownloader/com.tencent.qqdownloader.backgroundstart.BackgroundSupportActivity (has extras) }; callerApp: ProcessRecord{7d2d126 12305:com.tencent.android.qqdownloader:daemon/u0a93}; inVisibleTask: false]
03-14 04:13:02.307 1523 2438 I sysui_multi_action: [757,1513,758,4,805,1678738382307,1514,10093,1515,com.tencent.android.qqdownloader,1516,1003,1517,0,1518,10093,1519,1003,1520,0,1526,com.tencent.android.qqdownloader/com.tencent.qqdownloader.backgroundstart.BackgroundSupportActivity,1527,0,1529,com.tencent.android.qqdownloader:daemon,1530,1003,1531,0,1532,0,1533,0,1534,0,1535,0,1536,0,1538,5274]
03-14 04:13:02.307 1523 2438 W ActivityTaskManager: Permission Denial: starting Intent { flg=0x10010000 cmp=com.tencent.android.qqdownloader/com.tencent.qqdownloader.backgroundstart.BackgroundSupportActivity (has extras) } from ProcessRecord{7d2d126 12305:com.tencent.android.qqdownloader:daemon/u0a93} (pid=12305, uid=10093) with launchActivityType=assistant
01-01 12:55:11.658 0 0 I msm_vidc: err : ffffffff: .....: DBLP Set: status 0
03-14 04:13:04.329 1523 2295 I netstats_mobile_sample: [0,0,0,0,0,0,0,0,0,0,0,0,1678738384329]
03-14 04:13:04.330 1523 2295 I netstats_wifi_sample: [1021086099,798768,22126584,244037,1021086099,798768,22126584,244037,1028326944,838149,19922240,238464,1678738384329]
03-14 04:13:04.655 0 0 I auditd : type=1400 audit(0.0:3394): avc: denied { kill } for comm="swapper/2" capability=5 scontext=u:r:kernel:s0 tcontext=u:r:kernel:s0 tclass=capability permissive=0
03-14 04:13:05.655 0 0 I auditd : type=1400 audit(0.0:3395): avc: denied { kill } for comm="swapper/2" capability=5 scontext=u:r:kernel:s0 tcontext=u:r:kernel:s0 tclass=capability permissive=0
01-01 12:55:14.635 0 0 I msm_vidc: err : ffffffff: .....: DBLP Set: status 0
03-14 04:13:06.161 1523 2295 I netstats_mobile_sample: [0,0,0,0,0,0,0,0,0,0,0,0,1678738386161]
03-14 04:13:06.162 1523 2295 I netstats_wifi_sample: [1025352039,802795,22528273,245698,1025352039,802795,22528273,245698,1032736101,842351,20319514,240145,1678738386161]
03-14 04:13:06.299 12375 12375 I auditd : type=1400 audit(0.0:3396): avc: denied { read } for comm="qimei-s-thread-" name="u:object_r:wifi_hal_prop:s0" dev="tmpfs" ino=2435 scontext=u:r:untrusted_app_27:s0:c512,c768 tcontext=u:object_r:wifi_hal_prop:s0 tclass=file permissive=0 app=com.tencent.android.qqdownloader
03-14 04:13:06.311 12375 12375 I auditd : type=1400 audit(0.0:3397): avc: denied { read } for comm="qimei-s-thread-" name="ioports" dev="proc" ino=4026532282 scontext=u:r:untrusted_app_27:s0:c512,c768 tcontext=u:object_r:proc:s0 tclass=file permissive=0 app=com.tencent.android.qqdownloader
03-14 04:13:06.343 12375 12375 I auditd : type=1400 audit(0.0:3398): avc: granted { nlmsg_readpriv } for comm="qimei-s-thread-" scontext=u:r:untrusted_app_27:s0:c512,c768 tcontext=u:r:untrusted_app_27:s0:c512,c768 tclass=netlink_route_socket app=com.tencent.android.qqdownloader
03-14 04:13:06.655 0 0 I auditd : type=1400 audit(0.0:3399): avc: denied { kill } for comm="swapper/2" capability=5 scontext=u:r:kernel:s0 tcontext=u:r:kernel:s0 tclass=capability permissive=0
03-14 04:13:06.999 12375 12375 I auditd : type=1400 audit(0.0:3400): avc: granted { execute } for comm="gatherer-1-thre" path="/data/user/0/com.tencent.android.qqdownloader/app_e_qq_com_plugin_new_84e5596443427f53efca4e1d48972f33/libturingga.so" dev="dm-10" ino=5646 scontext=u:r:untrusted_app_27:s0:c512,c768 tcontext=u:object_r:app_data_file:s0:c512,c768 tclass=file app=com.tencent.android.qqdownloader
03-14 04:13:07.031 1523 11805 W ActivityManager: Unable to start service Intent { act=action.com.heytap.openid.OPEN_ID_SERVICE cmp=com.heytap.openid/.IdentifyService } U=0: not found
03-14 04:13:07.198 1523 11805 W ActivityManager: Receiver with filter android.content.IntentFilter@326acc5 already registered for pid 12305, callerPackage is com.tencent.android.qqdownloader
03-14 04:13:07.240 1523 1523 I sysui_multi_action: [757,128,758,5,759,8,793,927683,794,0,795,26967,796,127,806,com.tencent.android.qqdownloader,857,channel_id_default_silent,858,3,946,com.tencent.android.qqdownloader,947,1,1500,26967,1688,1]
03-14 04:13:07.240 1523 1523 I notification_canceled: [0|com.tencent.android.qqdownloader|127|null|10093,8,927683,26967,0,-1,-1,NULL]
03-14 04:13:07.263 1523 1523 I notification_enqueue: [10093,12305,com.tencent.android.qqdownloader,112,NULL,0,Notification(channel=channel_id_default_silent shortcut=null contentView=null vibrate=null sound=null tick defaults=0x0 flags=0x210 color=0x00000000 groupKey=com.tencent.android.qqdownloader vis=PRIVATE),0]
03-14 04:13:07.335 1523 1523 I notification_enqueue: [10093,12305,com.tencent.android.qqdownloader,127,NULL,0,Notification(channel=channel_id_default_silent shortcut=null contentView=com.tencent.android.qqdownloader/0x7f0a01c2 vibrate=null sound=null defaults=0x0 flags=0x2a0 color=0x00000000 groupKey=com.tencent.android.qqdownloader vis=PRIVATE),0]
03-14 04:13:07.338 1523 1523 I sysui_multi_action: [757,128,758,5,759,8,793,3,794,0,795,3,796,127,806,com.tencent.android.qqdownloader,857,channel_id_default_silent,858,3,946,com.tencent.android.qqdownloader,947,1,1500,3]
03-14 04:13:07.338 1523 1523 I notification_canceled: [0|com.tencent.android.qqdownloader|127|null|10093,8,3,3,0,-1,-1,NULL]
03-14 04:13:07.354 1523 1523 I notification_enqueue: [10093,12305,com.tencent.android.qqdownloader,112,NULL,0,Notification(channel=channel_id_default_silent shortcut=null contentView=null vibrate=null sound=null tick defaults=0x0 flags=0x210 color=0x00000000 groupKey=com.tencent.android.qqdownloader vis=PRIVATE),0]
03-14 04:13:07.355 1523 1523 I notification_enqueue: [10093,12305,com.tencent.android.qqdownloader,112,NULL,0,Notification(channel=channel_id_default_silent shortcut=null contentView=null vibrate=null sound=null tick defaults=0x0 flags=0x210 color=0x00000000 groupKey=com.tencent.android.qqdownloader vis=PRIVATE),0]
03-14 04:13:07.464 1523 1523 I GameModeConfig: isGameModeOn = false
03-14 04:13:07.536 1523 1523 I NotificationService: Cannot find enqueued record for key: 0|com.tencent.android.qqdownloader|127|null|10093
03-14 04:13:07.546 1523 2438 W ActivityManager: Unable to start service Intent { act=action.com.heytap.openid.OPEN_ID_SERVICE cmp=com.heytap.openid/.IdentifyService } U=0: not found
03-14 04:13:07.551 12375 12375 I auditd : type=1400 audit(0.0:3401): avc: denied { read } for comm="TuringFdCore_66" name="tcp" dev="proc" ino=4026532265 scontext=u:r:untrusted_app_27:s0:c512,c768 tcontext=u:object_r:proc_net_tcp_udp:s0 tclass=file permissive=0 app=com.tencent.android.qqdownloader
03-14 04:13:07.551 12375 12375 I auditd : type=1400 audit(0.0:3402): avc: denied { read } for comm="TuringFdCore_66" name="tcp6" dev="proc" ino=4026533096 scontext=u:r:untrusted_app_27:s0:c512,c768 tcontext=u:object_r:proc_net_tcp_udp:s0 tclass=file permissive=0 app=com.tencent.android.qqdownloader
03-14 04:13:07.555 1523 1523 I GameModeConfig: isGameModeOn = false
03-14 04:13:07.556 1523 1523 I GameModeConfig: isGameModeOn = false
03-14 04:13:07.620 1523 2438 W ProcessStats: Tracking association SourceState{9501c17 com.tencent.android.qqdownloader/10093 BTopFgs #1953} whose proc state 2 is better than process ProcessState{752804 com.tencent.android.qqdownloader:daemon/10093 pkg=com.tencent.android.qqdownloader} proc state 3 (71 skipped)
03-14 04:13:07.621 1523 2438 D CompatibilityChangeReporter: Compat change id reported: 168419799; UID 10093; state: DISABLED
03-14 04:13:07.635 1523 1661 I am_pss : [12305,10093,com.tencent.android.qqdownloader:daemon,51907584,32665600,209920,136835072,0,4,7]
03-14 04:13:07.645 1523 1661 I am_pss : [12375,10093,com.tencent.android.qqdownloader,72443904,52981760,210944,157679616,0,4,8]
03-14 04:13:07.651 1523 1661 I am_pss : [12383,10093,com.tencent.android.qqdownloader:cloud,23538688,9441280,212992,95903744,0,4,5]
03-14 04:13:07.787 12375 12375 I auditd : type=1400 audit(0.0:3403): avc: granted { nlmsg_readpriv } for comm="TuringFdCore_66" scontext=u:r:untrusted_app_27:s0:c512,c768 tcontext=u:r:untrusted_app_27:s0:c512,c768 tclass=netlink_route_socket app=com.tencent.android.qqdownloader
03-14 04:13:07.791 12375 12375 I auditd : type=1400 audit(0.0:3404): avc: denied { read } for comm="TuringFdCore_66" name="version" dev="proc" ino=4026532247 scontext=u:r:untrusted_app_27:s0:c512,c768 tcontext=u:object_r:proc_version:s0 tclass=file permissive=0 app=com.tencent.android.qqdownloader
01-01 12:55:16.792 0 0 W audit : audit_lost=2005 audit_rate_limit=5 audit_backlog_limit=64
01-01 12:55:16.792 0 0 E audit : rate limit exceeded
03-14 04:13:07.823 12821 12821 I auditd : type=1400 audit(0.0:3405): avc: denied { search } for comm="df" name="vendor" dev="tmpfs" ino=12314 scontext=u:r:untrusted_app_27:s0:c512,c768 tcontext=u:object_r:mnt_vendor_file:s0 tclass=dir permissive=0 app=com.tencent.android.qqdownloader
03-14 04:13:07.823 12821 12821 I auditd : type=1400 audit(0.0:3406): avc: denied { search } for comm="df" name="vendor" dev="tmpfs" ino=12314 scontext=u:r:untrusted_app_27:s0:c512,c768 tcontext=u:object_r:mnt_vendor_file:s0 tclass=dir permissive=0 app=com.tencent.android.qqdownloader
03-14 04:13:07.823 12821 12821 I auditd : type=1400 audit(0.0:3407): avc: denied { getattr } for comm="df" path="/metadata" dev="sda11" ino=2 scontext=u:r:untrusted_app_27:s0:c512,c768 tcontext=u:object_r:metadata_file:s0 tclass=dir permissive=0 app=com.tencent.android.qqdownloader
03-14 04:13:07.823 12821 12821 I auditd : type=1400 audit(0.0:3408): avc: denied { getattr } for comm="df" path="/vendor/firmware_mnt" dev="sde4" ino=1 scontext=u:r:untrusted_app_27:s0:c512,c768 tcontext=u:object_r:firmware_file:s0 tclass=dir permissive=0 app=com.tencent.android.qqdownloader
03-14 04:13:08.348 1523 1523 I notification_enqueue: [10093,12305,com.tencent.android.qqdownloader,127,NULL,0,Notification(channel=channel_id_default_silent shortcut=null contentView=com.tencent.android.qqdownloader/0x7f0a01c2 vibrate=null sound=null defaults=0x0 flags=0x2a0 color=0x00000000 groupKey=com.tencent.android.qqdownloader vis=PRIVATE),0]
03-14 04:13:08.550 1523 1523 I GameModeConfig: isGameModeOn = false
03-14 04:13:09.357 1523 1523 I notification_enqueue: [10093,12305,com.tencent.android.qqdownloader,127,NULL,0,Notification(channel=channel_id_default_silent shortcut=null contentView=com.tencent.android.qqdownloader/0x7f0a01c2 vibrate=null sound=null defaults=0x0 flags=0x2a0 color=0x00000000 groupKey=com.tencent.android.qqdownloader vis=PRIVATE),1]
03-14 04:13:09.560 1523 1523 I GameModeConfig: isGameModeOn = false
03-14 04:13:09.655 0 0 I auditd : type=1400 audit(0.0:3466): avc: denied { kill } for comm="swapper/0" capability=5 scontext=u:r:kernel:s0 tcontext=u:r:kernel:s0 tclass=capability permissive=0
03-14 04:13:10.144 1523 1662 I am_uid_idle: 10083
03-14 04:13:10.367 1523 1523 I notification_enqueue: [10093,12305,com.tencent.android.qqdownloader,127,NULL,0,Notification(channel=channel_id_default_silent shortcut=null contentView=com.tencent.android.qqdownloader/0x7f0a01c2 vibrate=null sound=null defaults=0x0 flags=0x2a0 color=0x00000000 groupKey=com.tencent.android.qqdownloader vis=PRIVATE),1]
03-14 04:13:10.570 1523 1523 I GameModeConfig: isGameModeOn = false
03-14 04:13:10.655 0 0 I auditd : type=1400 audit(0.0:3467): avc: denied { kill } for comm="swapper/0" capability=5 scontext=u:r:kernel:s0 tcontext=u:r:kernel:s0 tclass=capability permissive=0
03-14 04:13:11.655 0 0 I auditd : type=1400 audit(0.0:3468): avc: denied { kill } for comm="swapper/0" capability=5 scontext=u:r:kernel:s0 tcontext=u:r:kernel:s0 tclass=capability permissive=0
03-14 04:13:12.655 0 0 I auditd : type=1400 audit(0.0:3469): avc: denied { kill } for comm="swapper/0" capability=5 scontext=u:r:kernel:s0 tcontext=u:r:kernel:s0 tclass=capability permissive=0
01-01 12:55:22.123 0 0 I msm_vidc: err : ffffffff: .....: DBLP Set: status 0
03-14 04:13:13.655 0 0 I auditd : type=1400 audit(0.0:3470): avc: denied { kill } for comm="swapper/0" capability=5 scontext=u:r:kernel:s0 tcontext=u:r:kernel:s0 tclass=capability permissive=0
03-14 04:13:14.655 0 0 I auditd : type=1400 audit(0.0:3471): avc: denied { kill } for comm="swapper/0" capability=5 scontext=u:r:kernel:s0 tcontext=u:r:kernel:s0 tclass=capability permissive=0
03-14 04:13:15.655 0 0 I auditd : type=1400 audit(0.0:3472): avc: denied { kill } for comm="swapper/0" capability=5 scontext=u:r:kernel:s0 tcontext=u:r:kernel:s0 tclass=capability permissive=0
03-14 04:13:15.678 1523 2313 I storage_state: [41217664-9172-527a-b3d5-edabb50a7d69,0,0,111544659968,118610538496]
03-14 04:13:17.259 1523 1930 I thunderperf: PlatormCompat.setOverrides: Uid1=10074 Pid1=2830 Uid2=10074 Pid2=2830
03-14 04:13:17.259 1523 1930 I thunderperf: PlatormCompat.setOverrides: needCheck:false
03-14 04:13:17.259 1523 1930 I thunderperf: CompatConfig.addOverrideUnsafe: bef-state=1
03-14 04:13:17.260 1523 1930 E thunderperf: CompatConfig.addOverrideUnsafe: exception:java.lang.SecurityException: Cannot override a change on a non-debuggable app and user build.
03-14 04:13:17.260 1523 1930 I thunderperf: CompatConfig.addOverrideUnsafe: aft-state=1
03-14 04:13:17.262 1523 1930 I thunderperf: CompatConfig.addOverrideUnsafe: bef-state=1
03-14 04:13:17.262 1523 1930 E thunderperf: CompatConfig.addOverrideUnsafe: exception:java.lang.SecurityException: Cannot override a change on a non-debuggable app and user build.
03-14 04:13:17.262 1523 1930 I thunderperf: CompatConfig.addOverrideUnsafe: aft-state=1
03-14 04:13:17.263 1523 1930 I thunderperf: CompatConfig.addOverrideUnsafe: bef-state=1
03-14 04:13:17.263 1523 1930 E thunderperf: CompatConfig.addOverrideUnsafe: exception:java.lang.SecurityException: Cannot override a change on a non-debuggable app and user build.
03-14 04:13:17.263 1523 1930 I thunderperf: CompatConfig.addOverrideUnsafe: aft-state=1
03-14 04:13:17.264 1523 1930 I thunderperf: CompatConfig.addOverrideUnsafe: bef-state=1
03-14 04:13:17.264 1523 1930 E thunderperf: CompatConfig.addOverrideUnsafe: exception:java.lang.SecurityException: Cannot override a change on a non-debuggable app and user build.
03-14 04:13:17.264 1523 1930 I thunderperf: CompatConfig.addOverrideUnsafe: aft-state=1
03-14 04:13:17.264 1523 1930 I thunderperf: CompatConfig.addOverrideUnsafe: bef-state=1
03-14 04:13:17.265 1523 1930 E thunderperf: CompatConfig.addOverrideUnsafe: exception:java.lang.SecurityException: Cannot override a change on a non-debuggable app and user build.
03-14 04:13:17.265 1523 1930 I thunderperf: CompatConfig.addOverrideUnsafe: aft-state=1
03-14 04:13:17.265 1523 1930 I thunderperf: CompatConfig.addOverrideUnsafe: bef-state=1
03-14 04:13:17.265 1523 1930 E thunderperf: CompatConfig.addOverrideUnsafe: exception:java.lang.SecurityException: Cannot override a change on a non-debuggable app and user build.
03-14 04:13:17.265 1523 1930 I thunderperf: CompatConfig.addOverrideUnsafe: aft-state=1
03-14 04:13:17.266 1523 1930 I thunderperf: CompatConfig.addOverrideUnsafe: bef-state=1
03-14 04:13:17.266 1523 1930 E thunderperf: CompatConfig.addOverrideUnsafe: exception:java.lang.SecurityException: Cannot override a change on a non-debuggable app and user build.
03-14 04:13:17.266 1523 1930 I thunderperf: CompatConfig.addOverrideUnsafe: aft-state=1
03-14 04:13:17.267 1523 1930 I thunderperf: CompatConfig.addOverrideUnsafe: bef-state=1
03-14 04:13:17.267 1523 1930 E thunderperf: CompatConfig.addOverrideUnsafe: exception:java.lang.SecurityException: Cannot override a change on a non-debuggable app and user build.
03-14 04:13:17.267 1523 1930 I thunderperf: CompatConfig.addOverrideUnsafe: aft-state=1
03-14 04:13:17.268 1523 1930 I thunderperf: CompatConfig.addOverrideUnsafe: bef-state=1
03-14 04:13:17.268 1523 1930 E thunderperf: CompatConfig.addOverrideUnsafe: exception:java.lang.SecurityException: Cannot override a change on a non-debuggable app and user build.
03-14 04:13:17.268 1523 1930 I thunderperf: CompatConfig.addOverrideUnsafe: aft-state=1
03-14 04:13:17.268 1523 1930 I thunderperf: CompatConfig.addOverrideUnsafe: bef-state=1
03-14 04:13:17.269 1523 1930 E thunderperf: CompatConfig.addOverrideUnsafe: exception:java.lang.SecurityException: Cannot override a change on a non-debuggable app and user build.
03-14 04:13:17.269 1523 1930 I thunderperf: CompatConfig.addOverrideUnsafe: aft-state=1
03-14 04:13:17.269 1523 1930 I thunderperf: CompatConfig.addOverrideUnsafe: bef-state=1
03-14 04:13:17.269 1523 1930 E thunderperf: CompatConfig.addOverrideUnsafe: exception:java.lang.SecurityException: Cannot override a change on a non-debuggable app and user build.
03-14 04:13:17.269 1523 1930 I thunderperf: CompatConfig.addOverrideUnsafe: aft-state=1
03-14 04:13:17.270 1523 1930 I thunderperf: CompatConfig.addOverrideUnsafe: bef-state=1
03-14 04:13:17.270 1523 1930 E thunderperf: CompatConfig.addOverrideUnsafe: exception:java.lang.SecurityException: Cannot override a change on a non-debuggable app and user build.
03-14 04:13:17.270 1523 1930 I thunderperf: CompatConfig.addOverrideUnsafe: aft-state=1
03-14 04:13:17.270 1523 1930 I thunderperf: CompatConfig.addOverrideUnsafe: bef-state=1
03-14 04:13:17.271 1523 1930 E thunderperf: CompatConfig.addOverrideUnsafe: exception:java.lang.SecurityException: Cannot override a change on a non-debuggable app and user build.
03-14 04:13:17.271 1523 1930 I thunderperf: CompatConfig.addOverrideUnsafe: aft-state=1
03-14 04:13:17.271 1523 1930 I thunderperf: CompatConfig.addOverrideUnsafe: bef-state=1
03-14 04:13:17.271 1523 1930 E thunderperf: CompatConfig.addOverrideUnsafe: exception:java.lang.SecurityException: Cannot override a change on a non-debuggable app and user build.
03-14 04:13:17.271 1523 1930 I thunderperf: CompatConfig.addOverrideUnsafe: aft-state=1
03-14 04:13:17.276 1523 1930 I ActivityTaskManager: START u0 {act=android.intent.action.MAIN cat=[android.intent.category.LAUNCHER] flg=0x10200000 cmp=com.tencent.mobileqq/.activity.SplashActivity bnds=[388,358][664,632]} from uid 10074
03-14 04:13:17.282 1523 1930 I wm_task_created: [26,-1]
03-14 04:13:17.282 1523 1930 W ActivityTaskManager: Can't find TaskDisplayArea to determine support for multi window. Task id=26 attached=false
03-14 04:13:17.284 1523 1930 D CompatibilityChangeReporter: Compat change id reported: 174042980; UID 10098; state: DISABLED
03-14 04:13:17.284 1523 1930 D CompatibilityChangeReporter: Compat change id reported: 184838306; UID 10098; state: DISABLED
03-14 04:13:17.284 1523 1930 D CompatibilityChangeReporter: Compat change id reported: 185004937; UID 10098; state: DISABLED
03-14 04:13:17.285 1523 1930 D CompatibilityChangeReporter: Compat change id reported: 181136395; UID 10098; state: DISABLED
03-14 04:13:17.285 1523 1930 D CompatibilityChangeReporter: Compat change id reported: 174042936; UID 10098; state: DISABLED
03-14 04:13:17.285 1523 1930 I wm_task_moved: [26,1,6]
03-14 04:13:17.285 1523 1930 I wm_task_to_front: [0,26]
03-14 04:13:17.286 1523 1930 I wm_create_task: [0,26]
03-14 04:13:17.286 1523 1930 I wm_create_activity: [0,202380586,26,com.tencent.mobileqq/.activity.SplashActivity,android.intent.action.MAIN,NULL,NULL,270532608]
03-14 04:13:17.286 1523 1930 I wm_task_moved: [26,1,6]
03-14 04:13:17.287 1523 1930 I wm_pause_activity: [0,245748760,com.android.launcher3/.uioverrides.QuickstepLauncher,userLeaving=true,pauseBackTasks]
03-14 04:13:17.289 1523 12352 W FreeFormWindowHelper: Current Display FreeFormTask is null
03-14 04:13:17.290 1523 1653 I am_uid_running: 10098
03-14 04:13:17.290 1523 1653 D CompatibilityChangeReporter: Compat change id reported: 135634846; UID 10098; state: DISABLED
03-14 04:13:17.290 1523 1653 D CompatibilityChangeReporter: Compat change id reported: 177438394; UID 10098; state: DISABLED
03-14 04:13:17.290 1523 1653 D CompatibilityChangeReporter: Compat change id reported: 135772972; UID 10098; state: DISABLED
03-14 04:13:17.290 1523 1653 D CompatibilityChangeReporter: Compat change id reported: 135754954; UID 10098; state: DISABLED
03-14 04:13:17.290 1523 1663 D CompatibilityChangeReporter: Compat change id reported: 143937733; UID 10098; state: DISABLED
03-14 04:13:17.294 2371 2446 W StartingSurfaceDrawer: Window background does not exist, using android.graphics.drawable.ColorDrawable@d6e5902
03-14 04:13:17.294 2830 2830 I wm_on_top_resumed_lost_called: [245748760,com.android.launcher3.uioverrides.QuickstepLauncher,topStateChangedWhenResumed]
03-14 04:13:17.295 2830 2830 I wm_on_paused_called: [245748760,com.android.launcher3.uioverrides.QuickstepLauncher,performPause]
03-14 04:13:17.295 1523 12352 I ActivityTaskManager: FOREGROUND_APPLICATION_CHANGED to com.tencent.mobileqq.activity.SplashActivity
03-14 04:13:17.296 1523 12352 I wm_add_to_stopping: [0,245748760,com.android.launcher3/.uioverrides.QuickstepLauncher,makeInvisible]
03-14 04:13:17.298 1523 1663 I am_proc_start: [0,12834,10098,com.tencent.mobileqq,pre-top-activity,{com.tencent.mobileqq/com.tencent.mobileqq.activity.SplashActivity}]
03-14 04:13:17.298 1523 1663 I ActivityManager: Start proc 12834:com.tencent.mobileqq/u0a98 for pre-top-activity {com.tencent.mobileqq/com.tencent.mobileqq.activity.SplashActivity}
03-14 04:13:17.299 1523 1653 I sysui_multi_action: [757,803,799,window_time_0,802,20]
03-14 04:13:17.299 1523 12835 W ContextImpl: Calling a method in the system process without a qualified user: android.app.ContextImpl.sendBroadcast:1173 com.qualcomm.qti.Performance$SendGameLaunchBroadcast.run:217 java.lang.Thread.run:920
03-14 04:13:17.308 1523 1661 I am_pss : [10188,10062,com.thundercomm.gamemode.provider,11545600,4370432,5693440,57851904,0,19,5]
01-01 12:55:26.271 0 0 I binder : 12834:12834 ioctl 40046210 7fd88fc494 returned -22
03-14 04:13:17.310 1523 12352 I am_proc_bound: [0,12834,com.tencent.mobileqq]
03-14 04:13:17.310 1523 1996 I input_focus: [Focus leaving 96bde3e com.android.launcher3/com.android.launcher3.uioverrides.QuickstepLauncher (server),reason=NO_WINDOW]
03-14 04:13:17.313 1523 12352 I wm_restart_activity: [0,202380586,26,com.tencent.mobileqq/.activity.SplashActivity]
03-14 04:13:17.314 1523 12352 I wm_set_resumed_activity: [0,com.tencent.mobileqq/.activity.SplashActivity,minimalResumeActivityLocked]
03-14 04:13:17.314 1523 1653 I am_uid_active: 10098
03-14 04:13:17.398 1523 3328 W FreeFormWindowHelper: Current Display FreeFormTask is null
03-14 04:13:17.403 12834 12834 I auditd : type=1400 audit(0.0:3473): avc: denied { read } for comm="qm-thread-2" name="/" dev="dm-5" ino=2 scontext=u:r:untrusted_app_27:s0:c512,c768 tcontext=u:object_r:rootfs:s0 tclass=dir permissive=0 app=com.tencent.mobileqq
03-14 04:13:17.423 12834 12834 I auditd : type=1400 audit(0.0:3474): avc: denied { read } for comm="qm-thread-2" name="/" dev="dm-5" ino=2 scontext=u:r:untrusted_app_27:s0:c512,c768 tcontext=u:object_r:rootfs:s0 tclass=dir permissive=0 app=com.tencent.mobileqq
03-14 04:13:17.468 1523 8272 I sysui_multi_action: [757,859,758,6,806,com.tencent.mobileqq,860,GROUP_ID_TOP]
03-14 04:13:17.468 1523 8272 I sysui_multi_action: [757,856,758,1,806,com.tencent.mobileqq,857,CHANNEL_ID_SHOW_BADGE,858,4]
03-14 04:13:17.469 1523 8272 I sysui_multi_action: [757,856,758,1,806,com.tencent.mobileqq,857,CHANNEL_ID_OTHER,858,4]
03-14 04:13:17.469 1523 8272 I sysui_multi_action: [757,856,758,1,806,com.tencent.mobileqq,857,CHANNEL_ID_HIDE_BADGE,858,2]
03-14 04:13:17.498 12834 12834 I wm_on_create_called: [202380586,com.tencent.mobileqq.activity.SplashActivity,performCreate]
03-14 04:13:17.498 12834 12834 I wm_on_start_called: [202380586,com.tencent.mobileqq.activity.SplashActivity,handleStartActivity]
03-14 04:13:17.501 12834 12834 I wm_on_resume_called: [202380586,com.tencent.mobileqq.activity.SplashActivity,RESUME_ACTIVITY]
03-14 04:13:17.505 1523 8272 W WindowManager: Failed looking up window session=Session{44de4b5 12834:u0a10098} callers=com.android.server.wm.WindowManagerService.windowForClientLocked:5628 com.android.server.wm.Session.insetsModified:629 android.view.IWindowSession$Stub.onTransact:1151
03-14 04:13:17.506 12834 12834 I wm_on_top_resumed_gained_called: [202380586,com.tencent.mobileqq.activity.SplashActivity,topStateChangedWhenResumed]
03-14 04:13:17.514 1523 1654 I input_focus: [Focus request 26cc7d8 com.tencent.mobileqq/com.tencent.mobileqq.activity.SplashActivity,reason=UpdateInputWindows]
01-01 12:55:26.488 0 0 I binder : 12834:12895 ioctl 40046210 75ea4db1f4 returned -22
03-14 04:13:17.555 1523 1650 I sysui_multi_action: [319,44,321,41,322,275,325,1347,757,761,758,7,759,1,806,com.tencent.mobileqq,871,com.tencent.mobileqq.activity.SplashActivity,904,com.android.launcher3,905,0,945,36,1320,4,1321,4]
03-14 04:13:17.556 1523 1650 I wm_activity_launch_time: [0,202380586,com.tencent.mobileqq/.activity.SplashActivity,275]
03-14 04:13:17.562 1523 1996 I input_focus: [Focus entering 26cc7d8 com.tencent.mobileqq/com.tencent.mobileqq.activity.SplashActivity (server),reason=Window became focusable. Previous reason: NOT_VISIBLE]
03-14 04:13:17.637 1523 1766 I commit_sys_config_file: [settings-3-0,10]
03-14 04:13:17.651 1523 1654 I input_focus: [Focus request 8026525 com.tencent.mobileqq/com.tencent.mobileqq.activity.SplashActivity,reason=UpdateInputWindows]
03-14 04:13:17.655 0 0 I auditd : type=1400 audit(0.0:3475): avc: denied { kill } for comm="swapper/0" capability=5 scontext=u:r:kernel:s0 tcontext=u:r:kernel:s0 tclass=capability permissive=0
03-14 04:13:17.679 1523 1996 I input_focus: [Focus leaving 26cc7d8 com.tencent.mobileqq/com.tencent.mobileqq.activity.SplashActivity (server),reason=Waiting for window because NOT_VISIBLE]
03-14 04:13:17.696 1523 1996 I input_focus: [Focus entering 8026525 com.tencent.mobileqq/com.tencent.mobileqq.activity.SplashActivity (server),reason=Window became focusable. Previous reason: NOT_VISIBLE]
03-14 04:13:17.721 1523 1652 I commit_sys_config_file: [notification-policy,1323410]
03-14 04:13:17.846 1523 1653 I wm_stop_activity: [0,245748760,com.android.launcher3/.uioverrides.QuickstepLauncher]
03-14 04:13:17.857 1523 1661 I am_pss : [12375,10093,com.tencent.android.qqdownloader,100586496,81145856,209920,186548224,0,4,9]
03-14 04:13:17.864 2830 2830 I wm_on_stop_called: [245748760,com.android.launcher3.uioverrides.QuickstepLauncher,STOP_ACTIVITY_ITEM]
03-14 04:13:17.865 1523 1661 I am_pss : [12305,10093,com.tencent.android.qqdownloader:daemon,52605952,33599488,209920,137879552,0,4,7]
03-14 04:13:17.870 1523 1661 I am_pss : [12383,10093,com.tencent.android.qqdownloader:cloud,23566336,9539584,212992,95993856,0,4,5]
03-14 04:13:18.608 1523 7582 W BroadcastQueue: Background execution not allowed: receiving Intent { act=com.tencent.android.qqdownloader.action.SCHEDULE_JOB flg=0x14 (has extras) } to com.tencent.android.qqdownloader/com.tencent.assistant.module.timer.ScheduleJobReceiver
03-14 04:13:18.655 0 0 I auditd : type=1400 audit(0.0:3476): avc: denied { kill } for comm="swapper/0" capability=5 scontext=u:r:kernel:s0 tcontext=u:r:kernel:s0 tclass=capability permissive=0
03-14 04:13:18.740 1523 1996 I input_interaction: Interaction with: 8026525 com.tencent.mobileqq/com.tencent.mobileqq.activity.SplashActivity (server), edge-swipe (server), swipe-up (server), PointerEventDispatcher0 (server),
03-14 04:13:18.885 1523 1654 I input_focus: [Focus request 26cc7d8 com.tencent.mobileqq/com.tencent.mobileqq.activity.SplashActivity,reason=UpdateInputWindows]
03-14 04:13:18.900 1523 1996 I input_focus: [Focus entering 26cc7d8 com.tencent.mobileqq/com.tencent.mobileqq.activity.SplashActivity (server),reason=setFocusedWindow]
03-14 04:13:19.349 1523 7582 D CompatibilityChangeReporter: Compat change id reported: 135634846; UID 10098; state: DISABLED
03-14 04:13:19.349 1523 7582 D CompatibilityChangeReporter: Compat change id reported: 177438394; UID 10098; state: DISABLED
03-14 04:13:19.349 1523 7582 D CompatibilityChangeReporter: Compat change id reported: 135772972; UID 10098; state: DISABLED
03-14 04:13:19.349 1523 7582 D CompatibilityChangeReporter: Compat change id reported: 135754954; UID 10098; state: DISABLED
03-14 04:13:19.349 1523 1663 D CompatibilityChangeReporter: Compat change id reported: 143937733; UID 10098; state: DISABLED
03-14 04:13:19.355 1523 1663 I am_proc_start: [0,12982,10098,com.tencent.mobileqq:MSF,service,{com.tencent.mobileqq/com.tencent.mobileqq.msf.service.MsfService}]
03-14 04:13:19.355 1523 1663 I ActivityManager: Start proc 12982:com.tencent.mobileqq:MSF/u0a98 for service {com.tencent.mobileqq/com.tencent.mobileqq.msf.service.MsfService}
01-01 12:55:28.327 0 0 I binder : 12982:12982 ioctl 40046210 7fd88fc494 returned -22
03-14 04:13:19.368 1523 7582 I am_proc_bound: [0,12982,com.tencent.mobileqq:MSF]
03-14 04:13:19.395 12834 12834 I auditd : type=1400 audit(0.0:3477): avc: granted { nlmsg_readpriv } for comm="qm-thread-3" scontext=u:r:untrusted_app_27:s0:c512,c768 tcontext=u:r:untrusted_app_27:s0:c512,c768 tclass=netlink_route_socket app=com.tencent.mobileqq
03-14 04:13:19.507 1523 11805 D CompatibilityChangeReporter: Compat change id reported: 149924527; UID 10098; state: ENABLED
03-14 04:13:19.507 1523 11805 D CompatibilityChangeReporter: Compat change id reported: 132649864; UID 10098; state: DISABLED
03-14 04:13:19.573 12982 12982 E ActivityThread: Failed to find provider info for telephony
03-14 04:13:19.639 1523 8272 D CompatibilityChangeReporter: Compat change id reported: 182734110; UID 10098; state: DISABLED
03-14 04:13:19.641 1523 8272 D CompatibilityChangeReporter: Compat change id reported: 172100307; UID 10098; state: DISABLED
03-14 04:13:19.870 1523 1652 I commit_sys_config_file: [notification-policy,1325559]
03-14 04:13:20.659 0 0 I auditd : type=1400 audit(0.0:3478): avc: denied { kill } for comm="swapper/7" capability=5 scontext=u:r:kernel:s0 tcontext=u:r:kernel:s0 tclass=capability permissive=0
03-14 04:13:21.563 1523 8272 I thunderperf: PlatormCompat.setOverrides: Uid1=10098 Pid1=12834 Uid2=10098 Pid2=12834
03-14 04:13:21.563 1523 8272 I thunderperf: PlatormCompat.setOverrides: needCheck:false
03-14 04:13:21.564 1523 8272 W PackageManager: MATCH_ANY_USER flag requires INTERACT_ACROSS_USERS permission: UID 10098 requires android.permission.INTERACT_ACROSS_USERS_FULL or android.permission.INTERACT_ACROSS_USERS to access user 0.
03-14 04:13:21.565 1523 8272 I ActivityTaskManager: START u0 {flg=0x40000 cmp=com.tencent.mobileqq/.activity.LoginActivity (has extras)} from uid 10098
03-14 04:13:21.570 1523 8272 I wm_task_moved: [26,1,6]
03-14 04:13:21.570 1523 8272 I wm_set_resumed_activity: [0,com.tencent.mobileqq/.activity.SplashActivity,positionChildAt]
03-14 04:13:21.570 1523 8272 I wm_create_activity: [0,206362136,26,com.tencent.mobileqq/.activity.LoginActivity,NULL,NULL,NULL,262144]
03-14 04:13:21.570 1523 8272 I wm_pause_activity: [0,202380586,com.tencent.mobileqq/.activity.SplashActivity,userLeaving=false,resumeTopActivityInnerLocked]
03-14 04:13:21.573 1523 8272 I wm_finish_activity: [0,202380586,26,com.tencent.mobileqq/.activity.SplashActivity,app-request]
03-14 04:13:21.576 12834 12834 I wm_on_top_resumed_lost_called: [202380586,com.tencent.mobileqq.activity.SplashActivity,topStateChangedWhenResumed]
03-14 04:13:21.577 12834 12834 I wm_on_paused_called: [202380586,com.tencent.mobileqq.activity.SplashActivity,performPause]
03-14 04:13:21.577 1523 7582 I wm_add_to_stopping: [0,202380586,com.tencent.mobileqq/.activity.SplashActivity,completeFinishing]
03-14 04:13:21.577 1523 7582 I ActivityTaskManager: FOREGROUND_APPLICATION_CHANGED to com.tencent.mobileqq.activity.LoginActivity
03-14 04:13:21.578 1523 7582 I ActivityTaskManager: The Process com.tencent.mobileqq Already Exists in BG. So sending its PID: 12834
03-14 04:13:21.578 1523 7582 W ActivityTaskManager: Tried to set launchTime (0) < mLastActivityLaunchTime (1347259)
03-14 04:13:21.578 1523 7582 I wm_restart_activity: [0,206362136,26,com.tencent.mobileqq/.activity.LoginActivity]
03-14 04:13:21.579 1523 7582 I wm_set_resumed_activity: [0,com.tencent.mobileqq/.activity.LoginActivity,minimalResumeActivityLocked]
03-14 04:13:21.580 1523 1653 I sysui_multi_action: [757,803,799,window_time_0,802,4]
03-14 04:13:21.591 12834 12834 I wm_on_create_called: [206362136,com.tencent.mobileqq.activity.LoginActivity,performCreate]
03-14 04:13:21.595 12834 12834 I auditd : type=1400 audit(0.0:3479): avc: granted { nlmsg_readpriv } for comm="thread_sp_net_1" scontext=u:r:untrusted_app_27:s0:c512,c768 tcontext=u:r:untrusted_app_27:s0:c512,c768 tclass=netlink_route_socket app=com.tencent.mobileqq
03-14 04:13:21.595 12834 12834 I auditd : type=1400 audit(0.0:3480): avc: granted { nlmsg_readpriv } for comm="thread_sp_net_1" scontext=u:r:untrusted_app_27:s0:c512,c768 tcontext=u:r:untrusted_app_27:s0:c512,c768 tclass=netlink_route_socket app=com.tencent.mobileqq
03-14 04:13:21.604 1523 1996 I input_focus: [Focus leaving 26cc7d8 com.tencent.mobileqq/com.tencent.mobileqq.activity.SplashActivity (server),reason=NO_WINDOW]
