03-14 04:12:40.906 1523 2369 I thunderperf: CompatConfig.addOverrideUnsafe: aft-state=1
03-14 04:12:40.906 1523 2369 I thunderperf: CompatConfig.addOverrideUnsafe: bef-state=1
03-14 04:12:40.907 1523 2369 E thunderperf: CompatConfig.addOverrideUnsafe: exception:java.lang.SecurityException: Cannot override a change on a non-debuggable app and user build.
03-14 04:12:40.907 1523 2369 I thunderperf: CompatConfig.addOverrideUnsafe: aft-state=1
03-14 04:12:40.910 1523 2369 I ActivityTaskManager: START u0 {act=android.intent.action.MAIN cat=[android.intent.category.LAUNCHER] flg=0x10000000 pkg=com.tencent.mtt cmp=com.tencent.mtt/.SplashActivity} from uid 10031
03-14 04:12:40.915 1523 2369 I wm_task_created: [24,-1]
03-14 04:12:40.915 1523 2369 W ActivityTaskManager: Can't find TaskDisplayArea to determine support for multi window. Task id=24 attached=false
03-14 04:12:40.917 1523 2369 D CompatibilityChangeReporter: Compat change id reported: 174042980; UID 10099; state: DISABLED
03-14 04:12:40.917 1523 2369 D CompatibilityChangeReporter: Compat change id reported: 184838306; UID 10099; state: DISABLED
03-14 04:12:40.917 1523 2369 D CompatibilityChangeReporter: Compat change id reported: 185004937; UID 10099; state: DISABLED
03-14 04:12:40.917 1523 2369 D CompatibilityChangeReporter: Compat change id reported: 181136395; UID 10099; state: DISABLED
03-14 04:12:40.918 1523 2369 D CompatibilityChangeReporter: Compat change id reported: 174042936; UID 10099; state: DISABLED
03-14 04:12:40.918 1523 2369 I wm_task_moved: [24,1,9]
03-14 04:12:40.918 1523 2369 I wm_task_to_front: [0,24]
03-14 04:12:40.918 1523 2369 I wm_create_task: [0,24]
03-14 04:12:40.918 1523 2369 I wm_create_activity: [0,234375912,24,com.tencent.mtt/.SplashActivity,android.intent.action.MAIN,NULL,NULL,268435456]
03-14 04:12:40.918 1523 2369 I wm_task_moved: [24,1,9]
03-14 04:12:40.920 1523 2369 I wm_pause_activity: [0,121060191,com.android.packageinstaller/.InstallSuccess,userLeaving=true,pauseBackTasks]
03-14 04:12:40.922 1523 7582 I wm_finish_activity: [0,121060191,23,com.android.packageinstaller/.InstallSuccess,app-request]
03-14 04:12:40.923 4122 4122 I wm_on_top_resumed_lost_called: [121060191,com.android.packageinstaller.InstallSuccess,topStateChangedWhenResumed]
03-14 04:12:40.923 4122 4122 I wm_on_paused_called: [121060191,com.android.packageinstaller.InstallSuccess,performPause]
03-14 04:12:40.923 1523 1653 I am_uid_running: 10099
03-14 04:12:40.924 1523 1653 D CompatibilityChangeReporter: Compat change id reported: 135634846; UID 10099; state: DISABLED
03-14 04:12:40.924 1523 1653 D CompatibilityChangeReporter: Compat change id reported: 177438394; UID 10099; state: DISABLED
03-14 04:12:40.924 1523 7580 I wm_add_to_stopping: [0,121060191,com.android.packageinstaller/.InstallSuccess,completeFinishing]
03-14 04:12:40.924 1523 1653 D CompatibilityChangeReporter: Compat change id reported: 135772972; UID 10099; state: DISABLED
03-14 04:12:40.924 1523 1653 D CompatibilityChangeReporter: Compat change id reported: 135754954; UID 10099; state: DISABLED
03-14 04:12:40.924 1523 7580 I ActivityTaskManager: FOREGROUND_APPLICATION_CHANGED to com.tencent.mtt.SplashActivity
03-14 04:12:40.925 1523 1663 D CompatibilityChangeReporter: Compat change id reported: 143937733; UID 10099; state: DISABLED
03-14 04:12:40.926 1523 7580 I wm_add_to_stopping: [0,18318676,com.android.packageinstaller/.DeleteStagedFileOnResult,makeInvisible]
03-14 04:12:40.926 1523 7580 I wm_add_to_stopping: [0,214900054,com.tencent.android.qqdownloader/com.tencent.pangu.activity.InstallerListenerActivity,makeInvisible]
03-14 04:12:40.926 1523 7580 I wm_add_to_stopping: [0,233904099,com.tencent.android.qqdownloader/com.tencent.pangu.activity.DownloadActivity,makeInvisible]
03-14 04:12:40.931 1523 1653 I sysui_multi_action: [757,803,799,window_time_0,802,4]
03-14 04:12:40.931 1523 1663 I am_proc_start: [0,11116,10099,com.tencent.mtt,pre-top-activity,{com.tencent.mtt/com.tencent.mtt.SplashActivity}]
03-14 04:12:40.931 1523 1663 I ActivityManager: Start proc 11116:com.tencent.mtt/u0a99 for pre-top-activity {com.tencent.mtt/com.tencent.mtt.SplashActivity}
03-14 04:12:40.932 1523 11117 W ContextImpl: Calling a method in the system process without a qualified user: android.app.ContextImpl.sendBroadcast:1173 com.qualcomm.qti.Performance$SendGameLaunchBroadcast.run:217 java.lang.Thread.run:920
03-14 04:12:40.942 1523 7580 I am_proc_bound: [0,11116,com.tencent.mtt]
03-14 04:12:40.944 1523 7580 I wm_restart_activity: [0,234375912,24,com.tencent.mtt/.SplashActivity]
03-14 04:12:40.945 1523 7580 I wm_set_resumed_activity: [0,com.tencent.mtt/.SplashActivity,minimalResumeActivityLocked]
03-14 04:12:40.945 1523 1653 I am_uid_active: 10099
01-01 12:54:49.902 0 0 I binder : 11116:11116 ioctl 40046210 7fd88fc494 returned -22
01-01 12:54:49.905 0 0 W perfetto: enabled ftrace
03-14 04:12:40.960 1523 1996 I input_focus: [Focus leaving 5828cd4 com.android.packageinstaller/com.android.packageinstaller.InstallSuccess (server),reason=NO_WINDOW]
03-14 04:12:41.027 1523 7582 W FreeFormWindowHelper: Current Display FreeFormTask is null
03-14 04:12:41.137 1523 7580 I thunderperf: PlatormCompat.setOverrides: Uid1=10099 Pid1=11116 Uid2=10099 Pid2=11116
03-14 04:12:41.137 1523 7580 I thunderperf: PlatormCompat.setOverrides: needCheck:false
03-14 04:12:41.137 1523 7580 W PackageManager: MATCH_ANY_USER flag requires INTERACT_ACROSS_USERS permission: UID 10099 requires android.permission.INTERACT_ACROSS_USERS_FULL or android.permission.INTERACT_ACROSS_USERS to access user 0.
03-14 04:12:41.138 1523 7580 I ActivityTaskManager: START u0 {flg=0x10000 cmp=com.tencent.mtt/.MainActivity (has extras)} from uid 10099
03-14 04:12:41.140 1523 7580 I wm_task_moved: [24,1,9]
03-14 04:12:41.141 1523 7580 I wm_set_resumed_activity: [0,com.tencent.mtt/.SplashActivity,positionChildAt]
03-14 04:12:41.141 1523 7580 I wm_create_activity: [0,86206111,24,com.tencent.mtt/.MainActivity,NULL,NULL,NULL,268500992]
03-14 04:12:41.141 1523 7580 I wm_pause_activity: [0,234375912,com.tencent.mtt/.SplashActivity,userLeaving=true,resumeTopActivityInnerLocked]
03-14 04:12:41.145 1523 7580 I wm_finish_activity: [0,234375912,24,com.tencent.mtt/.SplashActivity,app-request]
03-14 04:12:41.146 11116 11116 I wm_on_create_called: [234375912,com.tencent.mtt.SplashActivity,performCreate]
03-14 04:12:41.157 1523 7582 I wm_add_to_stopping: [0,234375912,com.tencent.mtt/.SplashActivity,completeFinishing]
03-14 04:12:41.157 1523 7582 I ActivityTaskManager: FOREGROUND_APPLICATION_CHANGED to com.tencent.mtt.MainActivity
03-14 04:12:41.158 1523 7582 I ActivityTaskManager: The Process com.tencent.mtt Already Exists in BG. So sending its PID: 11116
03-14 04:12:41.158 1523 7582 W ActivityTaskManager: Tried to set launchTime (0) < mLastActivityLaunchTime (1310890)
03-14 04:12:41.159 1523 7582 I wm_restart_activity: [0,86206111,24,com.tencent.mtt/.MainActivity]
03-14 04:12:41.160 1523 7582 I wm_set_resumed_activity: [0,com.tencent.mtt/.MainActivity,minimalResumeActivityLocked]
03-14 04:12:41.164 1523 1653 I sysui_multi_action: [757,803,799,window_time_0,802,1]
03-14 04:12:41.172 1523 3737 I ActivityTaskManager: START u0 {act=com.tencent.QQBrowser.action.BDTIPS flg=0x10000000 pkg=com.tencent.mtt cmp=com.tencent.mtt/.BlockActivity (has extras)} from uid 10099
03-14 04:12:41.174 1523 3737 I wm_task_moved: [24,1,9]
03-14 04:12:41.174 1523 3737 I wm_set_resumed_activity: [0,com.tencent.mtt/.MainActivity,positionChildAt]
03-14 04:12:41.174 1523 3737 I wm_create_activity: [0,134092016,24,com.tencent.mtt/.BlockActivity,com.tencent.QQBrowser.action.BDTIPS,NULL,NULL,268435456]
03-14 04:12:41.175 1523 3737 I wm_pause_activity: [0,86206111,com.tencent.mtt/.MainActivity,userLeaving=true,resumeTopActivityInnerLocked]
03-14 04:12:41.178 1523 3737 I wm_finish_activity: [0,86206111,24,com.tencent.mtt/.MainActivity,app-request]
03-14 04:12:41.178 11116 11116 I wm_on_create_called: [86206111,com.tencent.mtt.MainActivity,performCreate]
03-14 04:12:41.179 1523 1653 D CompatibilityChangeReporter: Compat change id reported: 135634846; UID 10099; state: DISABLED
03-14 04:12:41.179 1523 1653 D CompatibilityChangeReporter: Compat change id reported: 177438394; UID 10099; state: DISABLED
03-14 04:12:41.179 1523 1653 D CompatibilityChangeReporter: Compat change id reported: 135772972; UID 10099; state: DISABLED
03-14 04:12:41.179 1523 2369 I wm_add_to_stopping: [0,86206111,com.tencent.mtt/.MainActivity,completeFinishing]
03-14 04:12:41.180 1523 1653 D CompatibilityChangeReporter: Compat change id reported: 135754954; UID 10099; state: DISABLED
03-14 04:12:41.180 1523 1663 D CompatibilityChangeReporter: Compat change id reported: 143937733; UID 10099; state: DISABLED
03-14 04:12:41.180 1523 2369 I ActivityTaskManager: FOREGROUND_APPLICATION_CHANGED to com.tencent.mtt.BlockActivity
03-14 04:12:41.182 1523 1653 I sysui_multi_action: [757,803,799,window_time_0,802,0]
03-14 04:12:41.185 1523 1663 I am_proc_start: [0,11269,10099,com.tencent.mtt:block,pre-top-activity,{com.tencent.mtt/com.tencent.mtt.BlockActivity}]
03-14 04:12:41.185 1523 1663 I ActivityManager: Start proc 11269:com.tencent.mtt:block/u0a99 for pre-top-activity {com.tencent.mtt/com.tencent.mtt.BlockActivity}
03-14 04:12:41.186 1523 11270 W ContextImpl: Calling a method in the system process without a qualified user: android.app.ContextImpl.sendBroadcast:1173 com.qualcomm.qti.Performance$SendGameLaunchBroadcast.run:217 java.lang.Thread.run:920
01-01 12:54:50.159 0 0 I binder : 11269:11269 ioctl 40046210 7fd88fc494 returned -22
03-14 04:12:41.199 1523 3737 I am_proc_bound: [0,11269,com.tencent.mtt:block]
03-14 04:12:41.201 1523 3737 I wm_restart_activity: [0,134092016,24,com.tencent.mtt/.BlockActivity]
03-14 04:12:41.201 1523 3737 I wm_set_resumed_activity: [0,com.tencent.mtt/.BlockActivity,minimalResumeActivityLocked]
03-14 04:12:41.281 1523 7580 W FreeFormWindowHelper: Current Display FreeFormTask is null
03-14 04:12:41.332 11269 11269 I wm_on_create_called: [134092016,com.tencent.mtt.BlockActivity,performCreate]
03-14 04:12:41.333 11269 11269 I wm_on_start_called: [134092016,com.tencent.mtt.BlockActivity,handleStartActivity]
03-14 04:12:41.335 11269 11269 I wm_on_resume_called: [134092016,com.tencent.mtt.BlockActivity,RESUME_ACTIVITY]
03-14 04:12:41.339 1523 2369 W WindowManager: Failed looking up window session=Session{7039a4e 11269:u0a10099} callers=com.android.server.wm.WindowManagerService.windowForClientLocked:5628 com.android.server.wm.Session.insetsModified:629 android.view.IWindowSession$Stub.onTransact:1151
03-14 04:12:41.341 11269 11269 I wm_on_top_resumed_gained_called: [134092016,com.tencent.mtt.BlockActivity,topStateChangedWhenResumed]
03-14 04:12:41.346 1523 1654 I input_focus: [Focus request 9f78905 com.tencent.mtt/com.tencent.mtt.BlockActivity,reason=UpdateInputWindows]
01-01 12:54:50.329 0 0 I binder : 11269:11333 ioctl 40046210 75ed1ce1f4 returned -22
03-14 04:12:41.387 1523 1650 I sysui_multi_action: [319,48,321,37,322,474,325,1310,757,761,758,7,759,1,806,com.tencent.mtt,871,com.tencent.mtt.BlockActivity,904,com.tencent.mtt,905,0,945,290,1320,4,1321,4]
03-14 04:12:41.387 1523 1650 I wm_activity_launch_time: [0,134092016,com.tencent.mtt/.BlockActivity,474]
03-14 04:12:41.392 1523 1996 I input_focus: [Focus entering 9f78905 com.tencent.mtt/com.tencent.mtt.BlockActivity (server),reason=Window became focusable. Previous reason: NOT_VISIBLE]
03-14 04:12:41.421 1523 1654 I input_focus: [Focus request ff92d7b com.tencent.mtt/com.tencent.mtt.BlockActivity,reason=UpdateInputWindows]
03-14 04:12:41.442 1523 1996 I input_focus: [Focus leaving 9f78905 com.tencent.mtt/com.tencent.mtt.BlockActivity (server),reason=setFocusedWindow]
03-14 04:12:41.442 1523 1996 I input_focus: [Focus entering ff92d7b com.tencent.mtt/com.tencent.mtt.BlockActivity (server),reason=setFocusedWindow]
03-14 04:12:41.445 1523 1653 I wm_destroy_activity: [0,86206111,24,com.tencent.mtt/.MainActivity,finish-imm:idle]
03-14 04:12:41.448 11116 11116 I wm_on_destroy_called: [86206111,com.tencent.mtt.MainActivity,performDestroy]
03-14 04:12:41.448 1523 1653 I wm_destroy_activity: [0,234375912,24,com.tencent.mtt/.SplashActivity,finish-imm:idle]
03-14 04:12:41.449 11116 11116 I wm_on_destroy_called: [234375912,com.tencent.mtt.SplashActivity,performDestroy]
03-14 04:12:41.449 1523 1653 I wm_stop_activity: [0,233904099,com.tencent.android.qqdownloader/com.tencent.pangu.activity.DownloadActivity]
03-14 04:12:41.449 1523 1653 I wm_stop_activity: [0,214900054,com.tencent.android.qqdownloader/com.tencent.pangu.activity.InstallerListenerActivity]
03-14 04:12:41.450 1523 1653 I wm_stop_activity: [0,18318676,com.android.packageinstaller/.DeleteStagedFileOnResult]
03-14 04:12:41.450 1523 1653 I wm_destroy_activity: [0,121060191,23,com.android.packageinstaller/.InstallSuccess,finish-imm:idle]
03-14 04:12:41.466 4122 4122 I wm_on_stop_called: [18318676,com.android.packageinstaller.DeleteStagedFileOnResult,STOP_ACTIVITY_ITEM]
03-14 04:12:41.468 4122 4122 I wm_on_stop_called: [121060191,com.android.packageinstaller.InstallSuccess,LIFECYCLER_STOP_ACTIVITY]
03-14 04:12:41.468 4122 4122 I wm_on_destroy_called: [121060191,com.android.packageinstaller.InstallSuccess,performDestroy]
03-14 04:12:41.472 8328 8328 I wm_on_stop_called: [233904099,com.tencent.pangu.activity.DownloadActivity,STOP_ACTIVITY_ITEM]
03-14 04:12:41.474 8328 8328 I wm_on_stop_called: [214900054,com.tencent.pangu.activity.InstallerListenerActivity,STOP_ACTIVITY_ITEM]
03-14 04:12:41.655 0 0 I auditd : type=1400 audit(0.0:2878): avc: denied { kill } for comm="swapper/2" capability=5 scontext=u:r:kernel:s0 tcontext=u:r:kernel:s0 tclass=capability permissive=0
03-14 04:12:42.019 1523 1996 I input_interaction: Interaction with: ff92d7b com.tencent.mtt/com.tencent.mtt.BlockActivity (server), edge-swipe (server), swipe-up (server), PointerEventDispatcher0 (server),
03-14 04:12:42.028 1523 3737 W FreeFormWindowHelper: Current Display FreeFormTask is null
03-14 04:12:42.028 1523 3737 W FreeFormWindowHelper: Current Display FreeFormTask is null
03-14 04:12:42.029 1523 7582 W FreeFormWindowHelper: Current Display FreeFormTask is null
03-14 04:12:42.029 1523 3737 I wm_task_moved: [1,0,0]
03-14 04:12:42.029 1523 3737 I wm_task_moved: [1,0,8]
03-14 04:12:42.032 1523 7580 W FreeFormWindowHelper: Current Display FreeFormTask is null
03-14 04:12:42.035 2830 2830 I wm_on_restart_called: [245748760,com.android.launcher3.uioverrides.QuickstepLauncher,performRestartActivity]
03-14 04:12:42.035 1523 3737 W FreeFormWindowHelper: Current Display FreeFormTask is null
03-14 04:12:42.035 1523 3737 W FreeFormWindowHelper: Current Display FreeFormTask is null
03-14 04:12:42.035 1523 7582 W FreeFormWindowHelper: Current Display FreeFormTask is null
03-14 04:12:42.070 2830 2830 I wm_on_start_called: [245748760,com.android.launcher3.uioverrides.QuickstepLauncher,handleStartActivity]
03-14 04:12:42.081 1523 7582 W ActivityTaskManager: getTaskSnapshot: taskId=-704 not found
03-14 04:12:42.082 1523 7582 W ActivityTaskManager: getTaskSnapshot: taskId=-702 not found
03-14 04:12:42.083 1523 7582 W ActivityTaskManager: getTaskSnapshot: taskId=-702 not found
03-14 04:12:42.084 1523 7582 W FreeFormWindowHelper: Current Display FreeFormTask is null
03-14 04:12:42.085 1523 7582 W FreeFormWindowHelper: Current Display FreeFormTask is null
03-14 04:12:42.094 1523 3737 W FreeFormWindowHelper: Current Display FreeFormTask is null
03-14 04:12:42.094 1523 3737 W FreeFormWindowHelper: Current Display FreeFormTask is null
03-14 04:12:42.096 1523 1650 I sysui_multi_action: [319,3,322,64,325,1311,757,761,758,9,759,5,806,com.android.launcher3,871,com.android.launcher3.uioverrides.QuickstepLauncher,905,0,1320,4,1321,1]
03-14 04:12:42.109 1523 7582 W FreeFormWindowHelper: Current Display FreeFormTask is null
03-14 04:12:42.109 1523 7582 W FreeFormWindowHelper: Current Display FreeFormTask is null
03-14 04:12:42.134 11269 11269 I view_enqueue_input_event: [Motion - Cancel,com.tencent.mtt/com.tencent.mtt.BlockActivity]
03-14 04:12:42.136 2830 2830 I sysui_latency: [1,67]
03-14 04:12:42.136 1523 2369 W FreeFormWindowHelper: Current Display FreeFormTask is null
03-14 04:12:42.136 1523 1654 I input_focus: [Focus request recents_animation_input_consumer,reason=UpdateInputWindows]
03-14 04:12:42.137 1523 7580 W FreeFormWindowHelper: Current Display FreeFormTask is null
03-14 04:12:42.139 1523 7580 W ActivityTaskManager: getTaskSnapshot: taskId=-599 not found
03-14 04:12:42.139 1523 7580 W ActivityTaskManager: getTaskSnapshot: taskId=-598 not found
03-14 04:12:42.140 1523 7580 W ActivityTaskManager: getTaskSnapshot: taskId=-598 not found
03-14 04:12:42.142 1523 7580 W FreeFormWindowHelper: Current Display FreeFormTask is null
03-14 04:12:42.142 1523 7580 W FreeFormWindowHelper: Current Display FreeFormTask is null
03-14 04:12:42.150 1523 1996 I input_interaction: Interaction with: edge-swipe (server), swipe-up (server), PointerEventDispatcher0 (server),
03-14 04:12:42.160 1523 1996 I input_focus: [Focus leaving ff92d7b com.tencent.mtt/com.tencent.mtt.BlockActivity (server),reason=NOT_FOCUSABLE]
03-14 04:12:42.160 1523 1996 I input_focus: [Focus entering recents_animation_input_consumer (server),reason=setFocusedWindow]
03-14 04:12:42.160 1523 2369 W FreeFormWindowHelper: Current Display FreeFormTask is null
03-14 04:12:42.160 1523 2369 W FreeFormWindowHelper: Current Display FreeFormTask is null
03-14 04:12:42.235 1523 1523 W WindowManager: removeWindowToken: Attempted to remove non-existing token: android.os.Binder@6f50940
03-14 04:12:42.269 1523 1766 I commit_sys_config_file: [settings-1-0,1]
03-14 04:12:42.395 1523 1661 I sysui_latency: [8,74]
03-14 04:12:42.469 1523 7582 W FreeFormWindowHelper: Current Display FreeFormTask is null
03-14 04:12:42.469 1523 7580 W FreeFormWindowHelper: Current Display FreeFormTask is null
03-14 04:12:42.470 1523 2369 W FreeFormWindowHelper: Current Display FreeFormTask is null
03-14 04:12:42.655 0 0 I auditd : type=1400 audit(0.0:2879): avc: denied { kill } for comm="swapper/4" capability=5 scontext=u:r:kernel:s0 tcontext=u:r:kernel:s0 tclass=capability permissive=0
03-14 04:12:42.845 1523 2369 I wm_task_moved: [1,1,9]
03-14 04:12:42.845 1523 2369 I wm_focused_root_task: [0,0,1,24,RecentsAnimation.onAnimationFinished()]
03-14 04:12:42.846 11269 11269 I wm_on_top_resumed_lost_called: [134092016,com.tencent.mtt.BlockActivity,topStateChangedWhenResumed]
03-14 04:12:42.846 1523 2369 I wm_pause_activity: [0,134092016,com.tencent.mtt/.BlockActivity,userLeaving=false,pauseBackTasks]
03-14 04:12:42.847 1523 2369 I ActivityTaskManager: FOREGROUND_APPLICATION_CHANGED to com.android.launcher3.uioverrides.QuickstepLauncher
03-14 04:12:42.847 1523 2369 I wm_set_resumed_activity: [0,com.android.launcher3/.uioverrides.QuickstepLauncher,resumeTopActivityInnerLocked]
03-14 04:12:42.848 1523 2369 I wm_resume_activity: [0,245748760,10,com.android.launcher3/.uioverrides.QuickstepLauncher]
03-14 04:12:42.848 1523 2369 I wm_add_to_stopping: [0,134092016,com.tencent.mtt/.BlockActivity,makeInvisible]
03-14 04:12:42.848 2830 2830 I wm_on_resume_called: [245748760,com.android.launcher3.uioverrides.QuickstepLauncher,RESUME_ACTIVITY]
03-14 04:12:42.851 1523 1654 I input_focus: [Focus request 96bde3e com.android.launcher3/com.android.launcher3.uioverrides.QuickstepLauncher,reason=UpdateInputWindows]
03-14 04:12:42.852 11269 11269 I wm_on_paused_called: [134092016,com.tencent.mtt.BlockActivity,performPause]
03-14 04:12:42.852 1523 1653 I sysui_multi_action: [757,803,799,window_time_0,802,1]
03-14 04:12:42.853 1523 3737 I wm_stop_activity: [0,134092016,com.tencent.mtt/.BlockActivity]
03-14 04:12:42.853 1523 3737 W FreeFormWindowHelper: Current Display FreeFormTask is null
03-14 04:12:42.853 1523 7580 W FreeFormWindowHelper: Current Display FreeFormTask is null
03-14 04:12:42.854 1523 7580 W FreeFormWindowHelper: Current Display FreeFormTask is null
03-14 04:12:42.855 1523 1653 I sysui_multi_action: [757,803,799,window_time_0,802,0]
03-14 04:12:42.862 1523 1996 I input_focus: [Focus leaving recents_animation_input_consumer (server),reason=NOT_VISIBLE]
03-14 04:12:42.868 1523 3737 W FreeFormWindowHelper: Current Display FreeFormTask is null
03-14 04:12:42.868 1523 3737 W FreeFormWindowHelper: Current Display FreeFormTask is null
03-14 04:12:42.871 2830 2830 I wm_on_top_resumed_gained_called: [245748760,com.android.launcher3.uioverrides.QuickstepLauncher,topStateChangedWhenResumed]
03-14 04:12:42.878 1523 1996 I input_focus: [Focus entering 96bde3e com.android.launcher3/com.android.launcher3.uioverrides.QuickstepLauncher (server),reason=setFocusedWindow]
03-14 04:12:42.897 11269 11269 I wm_on_stop_called: [134092016,com.tencent.mtt.BlockActivity,STOP_ACTIVITY_ITEM]
03-14 04:12:42.951 1523 7580 W FreeFormWindowHelper: Current Display FreeFormTask is null
03-14 04:12:43.064 1523 1766 I commit_sys_config_file: [settings-1-0,2]
03-14 04:12:43.608 1523 1662 W BroadcastQueue: Background execution not allowed: receiving Intent { act=com.tencent.assistant.st.report.PluginLogProcessorReceiver.TIME flg=0x14 (has extras) } to com.tencent.android.qqdownloader/com.tencent.assistant.st.report.PluginLogProcessorReceiver
03-14 04:12:43.655 0 0 I auditd : type=1400 audit(0.0:2880): avc: denied { kill } for comm="swapper/4" capability=5 scontext=u:r:kernel:s0 tcontext=u:r:kernel:s0 tclass=capability permissive=0
03-14 04:12:44.173 1523 1996 I input_interaction: Interaction with: 96bde3e com.android.launcher3/com.android.launcher3.uioverrides.QuickstepLauncher (server), cb93b28 com.android.systemui.ImageWallpaper (server), edge-swipe (server), swipe-up (server), PointerEventDispatcher0 (server),
03-14 04:12:44.323 1523 8272 D FreeFormWindowHelper: Add freeform task=Task{969aed7 #24 type=standard A=10099:com.tencent.mtt U=0 visible=false mode=freeform translucent=true sz=1}
03-14 04:12:44.324 1523 8272 I ActivityTaskManager: clear resize flag in freeform mode
03-14 04:12:44.327 1523 8272 I wm_task_moved: [1,1,9]
03-14 04:12:44.327 1523 8272 I wm_set_resumed_activity: [0,com.android.launcher3/.uioverrides.QuickstepLauncher,positionChildAt]
03-14 04:12:44.328 1523 8272 I wm_task_moved: [24,1,9]
03-14 04:12:44.328 1523 8272 I wm_focused_root_task: [0,0,24,1,moveTaskToFront findTaskToMoveToFront]
03-14 04:12:44.329 1523 8272 I wm_set_resumed_activity: [0,com.tencent.mtt/.BlockActivity,moveTaskToFront findTaskToMoveToFront]
03-14 04:12:44.330 1523 8272 I ActivityTaskManager: FOREGROUND_APPLICATION_CHANGED to com.tencent.mtt.BlockActivity
03-14 04:12:44.331 1523 8272 I wm_set_resumed_activity: [0,com.tencent.mtt/.BlockActivity,resumeTopActivityInnerLocked]
03-14 04:12:44.333 1523 8272 I wm_resume_activity: [0,134092016,24,com.tencent.mtt/.BlockActivity]
03-14 04:12:44.345 1523 3737 W WindowManager: updateScale : 0.79357797
03-14 04:12:44.346 2830 2830 I wm_on_top_resumed_lost_called: [245748760,com.android.launcher3.uioverrides.QuickstepLauncher,topStateChangedWhenResumed]
03-14 04:12:44.353 1523 1654 I input_focus: [Focus request ff92d7b com.tencent.mtt/com.tencent.mtt.BlockActivity,reason=UpdateInputWindows]
03-14 04:12:44.353 1523 1654 W WindowManager: updateScale : 0.79357797
03-14 04:12:44.356 1523 2369 W WindowManager: updateScale : 0.79357797
03-14 04:12:44.356 1523 2369 W WindowManager: updateScale : 0.79357797
03-14 04:12:44.358 1523 1654 W WindowManager: updateScale : 0.79357797
03-14 04:12:44.358 1523 1654 W WindowManager: updateScale : 0.79357797
03-14 04:12:44.362 1523 8272 W FreeFormWindowHelper: exitRecentTasks type=1
03-14 04:12:44.366 1523 1996 I input_focus: [Focus leaving 96bde3e com.android.launcher3/com.android.launcher3.uioverrides.QuickstepLauncher (server),reason=Waiting for window because NOT_VISIBLE]
03-14 04:12:44.396 11269 11269 I wm_on_restart_called: [134092016,com.tencent.mtt.BlockActivity,performRestartActivity]
03-14 04:12:44.397 11269 11269 I wm_on_start_called: [134092016,com.tencent.mtt.BlockActivity,handleStartActivity]
03-14 04:12:44.398 11269 11269 I wm_on_resume_called: [134092016,com.tencent.mtt.BlockActivity,RESUME_ACTIVITY]
03-14 04:12:44.400 1523 3737 W WindowManager: updateScale : 0.79357797
03-14 04:12:44.400 1523 3737 W WindowManager: updateScale : 0.79357797
03-14 04:12:44.406 1523 3737 W WindowManager: updateScale : 0.79357797
03-14 04:12:44.406 1523 3737 W WindowManager: updateScale : 0.79357797
03-14 04:12:44.423 11269 11269 I wm_on_top_resumed_gained_called: [134092016,com.tencent.mtt.BlockActivity,topStateChangedWhenResumed]
03-14 04:12:44.423 1523 1654 W WindowManager: updateScale : 0.79357797
03-14 04:12:44.423 1523 1654 W WindowManager: updateScale : 0.79357797
03-14 04:12:44.425 1523 1654 W WindowManager: updateScale : 0.79357797
03-14 04:12:44.425 1523 1654 W WindowManager: updateScale : 0.79357797
03-14 04:12:44.431 1523 8272 W WindowManager: updateScale : 0.79357797
03-14 04:12:44.431 1523 8272 W WindowManager: updateScale : 0.79357797
03-14 04:12:44.432 1523 1650 I sysui_multi_action: [319,96,322,73,325,1314,757,761,758,9,759,2,806,com.tencent.mtt,871,com.tencent.mtt.BlockActivity,904,com.tencent.mtt,905,0,1320,4,1321,4]
03-14 04:12:44.433 1523 1996 I input_focus: [Focus entering ff92d7b com.tencent.mtt/com.tencent.mtt.BlockActivity (server),reason=Window became focusable. Previous reason: NOT_VISIBLE]
03-14 04:12:44.655 0 0 I auditd : type=1400 audit(0.0:2881): avc: denied { kill } for comm="swapper/4" capability=5 scontext=u:r:kernel:s0 tcontext=u:r:kernel:s0 tclass=capability permissive=0
03-14 04:12:45.655 0 0 I auditd : type=1400 audit(0.0:2882): avc: denied { kill } for comm="swapper/0" capability=5 scontext=u:r:kernel:s0 tcontext=u:r:kernel:s0 tclass=capability permissive=0
01-01 12:54:54.905 0 0 W perfetto: disabled ftrace
03-14 04:12:45.959 1156 11112 I iorapd : Perfetto TraceBuffer saved to file: /data/misc/iorapd/com.tencent.mtt/13710500/com.tencent.mtt.SplashActivity/raw_traces/1678738365955230440.perfetto_trace.pb
03-14 04:12:46.153 1523 1996 I input_interaction: Interaction with: ff92d7b com.tencent.mtt/com.tencent.mtt.BlockActivity (server), edge-swipe (server), swipe-up (server), PointerEventDispatcher0 (server),
03-14 04:12:46.262 1523 7582 D CompatibilityChangeReporter: Compat change id reported: 135634846; UID 10099; state: DISABLED
03-14 04:12:46.262 1523 7582 D CompatibilityChangeReporter: Compat change id reported: 177438394; UID 10099; state: DISABLED
03-14 04:12:46.262 1523 7582 D CompatibilityChangeReporter: Compat change id reported: 135772972; UID 10099; state: DISABLED
03-14 04:12:46.262 1523 7582 D CompatibilityChangeReporter: Compat change id reported: 135754954; UID 10099; state: DISABLED
03-14 04:12:46.262 1523 1663 D CompatibilityChangeReporter: Compat change id reported: 143937733; UID 10099; state: DISABLED
03-14 04:12:46.267 1523 7582 W WindowManager: updateScale : 0.79357797
03-14 04:12:46.267 1523 7582 W WindowManager: updateScale : 0.79357797
03-14 04:12:46.270 1523 1663 I am_proc_start: [0,11403,10099,com.tencent.mtt:service,content provider,{com.tencent.mtt/com.tencent.mtt.ServiceProvider}]
03-14 04:12:46.270 1523 1663 I ActivityManager: Start proc 11403:com.tencent.mtt:service/u0a99 for content provider {com.tencent.mtt/com.tencent.mtt.ServiceProvider}
03-14 04:12:46.274 1523 1654 I input_focus: [Focus request 9f78905 com.tencent.mtt/com.tencent.mtt.BlockActivity,reason=UpdateInputWindows]
01-01 12:54:55.244 0 0 I binder : 11403:11403 ioctl 40046210 7fd88fc494 returned -22
03-14 04:12:46.284 1523 7582 I am_proc_bound: [0,11403,com.tencent.mtt:service]
03-14 04:12:46.291 1523 1996 I input_focus: [Focus entering 9f78905 com.tencent.mtt/com.tencent.mtt.BlockActivity (server),reason=setFocusedWindow]
03-14 04:12:46.297 1523 3624 I thunderperf: PlatormCompat.setOverrides: Uid1=10099 Pid1=11269 Uid2=10099 Pid2=11269
03-14 04:12:46.297 1523 3624 I thunderperf: PlatormCompat.setOverrides: needCheck:false
03-14 04:12:46.297 1523 3624 W PackageManager: MATCH_ANY_USER flag requires INTERACT_ACROSS_USERS permission: UID 10099 requires android.permission.INTERACT_ACROSS_USERS_FULL or android.permission.INTERACT_ACROSS_USERS to access user 0.
03-14 04:12:46.298 1523 3624 I ActivityTaskManager: START u0 {flg=0x10010000 cmp=com.tencent.mtt/.MainActivity (has extras)} from uid 10099
03-14 04:12:46.307 1523 3624 I wm_task_moved: [24,1,9]
03-14 04:12:46.307 1523 3624 I wm_set_resumed_activity: [0,com.tencent.mtt/.BlockActivity,positionChildAt]
03-14 04:12:46.307 1523 3624 I wm_create_activity: [0,94694970,24,com.tencent.mtt/.MainActivity,NULL,NULL,NULL,268500992]
03-14 04:12:46.308 1523 3624 I wm_pause_activity: [0,134092016,com.tencent.mtt/.BlockActivity,userLeaving=true,resumeTopActivityInnerLocked]
03-14 04:12:46.308 1523 3624 W WindowManager: updateScale : 0.79357797
03-14 04:12:46.308 1523 3624 W WindowManager: updateScale : 0.79357797
03-14 04:12:46.312 11269 11269 I wm_on_top_resumed_lost_called: [134092016,com.tencent.mtt.BlockActivity,topStateChangedWhenResumed]
03-14 04:12:46.313 11269 11269 I wm_on_paused_called: [134092016,com.tencent.mtt.BlockActivity,performPause]
03-14 04:12:46.314 1523 3624 I ActivityTaskManager: FOREGROUND_APPLICATION_CHANGED to com.tencent.mtt.MainActivity
03-14 04:12:46.314 1523 3624 I ActivityTaskManager: The Process com.tencent.mtt Already Exists in BG. So sending its PID: 11116
03-14 04:12:46.314 1523 3624 W ActivityTaskManager: Tried to set launchTime (0) < mLastActivityLaunchTime (1311105)
03-14 04:12:46.315 1523 3624 I wm_restart_activity: [0,94694970,24,com.tencent.mtt/.MainActivity]
03-14 04:12:46.316 1523 3624 I wm_set_resumed_activity: [0,com.tencent.mtt/.MainActivity,minimalResumeActivityLocked]
03-14 04:12:46.319 1523 1653 I sysui_multi_action: [757,803,799,window_time_0,802,4]
03-14 04:12:46.336 11116 11116 I wm_on_create_called: [94694970,com.tencent.mtt.MainActivity,performCreate]
03-14 04:12:46.335 11430 11430 I auditd : type=1400 audit(0.0:2883): avc: denied { getattr } for comm="stat" path="/mnt/sdcard" dev="tmpfs" ino=14601 scontext=u:r:untrusted_app_29:s0:c99,c256,c512,c768 tcontext=u:object_r:mnt_sdcard_file:s0 tclass=lnk_file permissive=0 app=com.tencent.mtt
03-14 04:12:46.339 11116 11116 I wm_on_start_called: [94694970,com.tencent.mtt.MainActivity,handleStartActivity]
03-14 04:12:46.335 11269 11269 I auditd : type=1400 audit(0.0:2884): avc: denied { getattr } for comm="qm-thread-2" path="/mnt/sdcard" dev="tmpfs" ino=14601 scontext=u:r:untrusted_app_29:s0:c99,c256,c512,c768 tcontext=u:object_r:mnt_sdcard_file:s0 tclass=lnk_file permissive=0 app=com.tencent.mtt
03-14 04:12:46.335 11269 11269 I auditd : type=1400 audit(0.0:2885): avc: denied { getattr } for comm="qm-thread-2" path="/mnt/sdcard" dev="tmpfs" ino=14601 scontext=u:r:untrusted_app_29:s0:c99,c256,c512,c768 tcontext=u:object_r:mnt_sdcard_file:s0 tclass=lnk_file permissive=0 app=com.tencent.mtt
03-14 04:12:46.343 11269 11269 I auditd : type=1400 audit(0.0:2886): avc: denied { read } for comm="qm-thread-2" name="/" dev="dm-5" ino=2 scontext=u:r:untrusted_app_29:s0:c99,c256,c512,c768 tcontext=u:object_r:rootfs:s0 tclass=dir permissive=0 app=com.tencent.mtt
03-14 04:12:46.343 11269 11269 I auditd : type=1400 audit(0.0:2887): avc: denied { read } for comm="CoreTask" name="/" dev="dm-5" ino=2 scontext=u:r:untrusted_app_29:s0:c99,c256,c512,c768 tcontext=u:object_r:rootfs:s0 tclass=dir permissive=0 app=com.tencent.mtt
03-14 04:12:46.373 1523 7582 D CompatibilityChangeReporter: Compat change id reported: 149924527; UID 10099; state: ENABLED
03-14 04:12:46.373 1523 8272 D CompatibilityChangeReporter: Compat change id reported: 132649864; UID 10099; state: DISABLED
03-14 04:12:46.371 11269 11269 I auditd : type=1400 audit(0.0:2888): avc: denied { read } for comm="qm-thread-2" name="/" dev="dm-5" ino=2 scontext=u:r:untrusted_app_29:s0:c99,c256,c512,c768 tcontext=u:object_r:rootfs:s0 tclass=dir permissive=0 app=com.tencent.mtt
03-14 04:12:46.399 11269 11381 E ActivityThread: Failed to find provider info for com.tencent.mm.external.fileprovider
03-14 04:12:46.400 11269 11381 E ActivityThread: Failed to find provider info for com.tencent.mm.external.fileprovider
03-14 04:12:46.401 1523 8272 W ContentProviderHelper: Permission Denial: opening provider android.support.v4.content.FileProvider from ProcessRecord{38b0cee 11269:com.tencent.mtt:block/u0a99} (pid=11269, uid=10099) that is not exported from UID 10098
03-14 04:12:46.402 1523 8272 W ContentProviderHelper: Permission Denial: opening provider android.support.v4.content.FileProvider from ProcessRecord{38b0cee 11269:com.tencent.mtt:block/u0a99} (pid=11269, uid=10099) that is not exported from UID 10098
03-14 04:12:46.410 1523 8272 W WindowManager: Failed looking up window session=Session{45888f4 11116:u0a10099} callers=com.android.server.wm.WindowManagerService.windowForClientLocked:5628 com.android.server.wm.Session.insetsModified:629 android.view.IWindowSession$Stub.onTransact:1151
03-14 04:12:46.419 1523 1654 W WindowManager: updateScale : 0.79357797
03-14 04:12:46.419 1523 1654 W WindowManager: updateScale : 0.79357797
03-14 04:12:46.419 1523 1654 W WindowManager: updateScale : 0.79357797
03-14 04:12:46.420 1523 3737 W FreeFormWindowHelper: Current Display FreeFormTask is Task{969aed7 #24 type=standard A=10099:com.tencent.mtt U=0 visible=true mode=freeform translucent=false sz=2}
03-14 04:12:46.420 1523 7580 W FreeFormWindowHelper: Current Display FreeFormTask is Task{969aed7 #24 type=standard A=10099:com.tencent.mtt U=0 visible=true mode=freeform translucent=false sz=2}
03-14 04:12:46.460 11116 11116 I wm_on_resume_called: [94694970,com.tencent.mtt.MainActivity,RESUME_ACTIVITY]
03-14 04:12:46.464 11116 11116 I wm_on_top_resumed_gained_called: [94694970,com.tencent.mtt.MainActivity,topStateChangedWhenResumed]
03-14 04:12:46.469 1523 7582 W WindowManager: updateScale : 0.79357797
03-14 04:12:46.469 1523 7582 W WindowManager: updateScale : 0.79357797
03-14 04:12:46.469 1523 7582 W WindowManager: updateScale : 0.79357797
03-14 04:12:46.469 1523 7582 W WindowManager: updateScale : 0.79357797
03-14 04:12:46.471 1523 1654 I input_focus: [Focus request d542c63 com.tencent.mtt/com.tencent.mtt.MainActivity,reason=UpdateInputWindows]
03-14 04:12:46.487 1523 1654 W WindowManager: updateScale : 0.79357797
03-14 04:12:46.487 1523 1654 W WindowManager: updateScale : 0.79357797
01-01 12:54:55.452 0 0 W audit : audit_lost=1550 audit_rate_limit=5 audit_backlog_limit=64
01-01 12:54:55.452 0 0 E audit : rate limit exceeded
01-01 12:54:55.458 0 0 I binder : 11116:11224 ioctl 40046210 75d7dc21f4 returned -22
03-14 04:12:46.503 1523 1654 W WindowManager: updateScale : 0.79357797
03-14 04:12:46.503 1523 1654 W WindowManager: updateScale : 0.79357797
03-14 04:12:46.504 1523 1996 I input_focus: [Focus leaving 9f78905 com.tencent.mtt/com.tencent.mtt.BlockActivity (server),reason=Waiting for window because NOT_VISIBLE]
03-14 04:12:46.521 11116 11158 E ActivityThread: Failed to find provider info for com.tencent.mm.external.fileprovider
03-14 04:12:46.526 11116 11158 E ActivityThread: Failed to find provider info for com.tencent.mm.external.fileprovider
03-14 04:12:46.531 1523 3624 W WindowManager: updateScale : 0.79357797
03-14 04:12:46.531 1523 3624 W WindowManager: updateScale : 0.79357797
03-14 04:12:46.531 1523 3624 W WindowManager: updateScale : 0.79357797
03-14 04:12:46.542 1523 1766 I commit_sys_config_file: [settings-3-0,27]
03-14 04:12:46.543 1523 2369 W WindowManager: updateScale : 0.79357797
03-14 04:12:46.543 1523 2369 W WindowManager: updateScale : 0.79357797
03-14 04:12:46.547 1523 2369 W WindowManager: updateScale : 0.79357797
03-14 04:12:46.547 1523 2369 W WindowManager: updateScale : 0.79357797
03-14 04:12:46.548 1523 2369 W WindowManager: updateScale : 0.79357797
03-14 04:12:46.548 1523 2369 W WindowManager: updateScale : 0.79357797
03-14 04:12:46.550 1523 1654 I input_focus: [Focus request b50119a com.tencent.mtt/com.tencent.mtt.MainActivity,reason=UpdateInputWindows]
03-14 04:12:46.550 1523 1650 I sysui_multi_action: [319,248,322,248,325,1316,757,761,758,8,759,2,806,com.tencent.mtt,871,com.tencent.mtt.MainActivity,904,com.tencent.mtt,905,0,1320,4,1321,4]
03-14 04:12:46.550 1523 1650 I wm_activity_launch_time: [0,94694970,com.tencent.mtt/.MainActivity,248]
03-14 04:12:46.554 1523 3624 W WindowManager: Failed looking up window session=Session{45888f4 11116:u0a10099} callers=com.android.server.wm.WindowManagerService.windowForClientLocked:5628 com.android.server.wm.WindowManagerService.finishDrawingWindow:2652 com.android.server.wm.Session.finishDrawing:261
03-14 04:12:46.572 1523 1996 I input_focus: [Focus entering b50119a com.tencent.mtt/com.tencent.mtt.MainActivity (server),reason=setFocusedWindow]
03-14 04:12:46.598 1523 1662 W BroadcastQueue: Permission Denial: broadcasting Intent { act=android.net.conn.CONNECTIVITY_CHANGE flg=0x4200010 (has extras) } from null (pid=-1, uid=-1) requires com.tencent.mtt.broadcast due to registered receiver BroadcastFilter{f02a038 10099/u0 ReceiverList{a0c449b 11116 com.tencent.mtt/10099/u0 remote:44c00aa}}
03-14 04:12:46.605 1523 1654 W WindowManager: updateScale : 0.79357797
03-14 04:12:46.605 1523 1654 W WindowManager: updateScale : 0.79357797
03-14 04:12:46.629 1523 1662 W BroadcastQueue: Permission Denial: broadcasting Intent { act=android.net.conn.CONNECTIVITY_CHANGE flg=0x4200010 (has extras) } from null (pid=-1, uid=-1) requires com.tencent.mtt.broadcast due to registered receiver BroadcastFilter{612a5b9 10099/u0 ReceiverList{a4db80 11403 com.tencent.mtt:service/10099/u0 remote:280c003}}
03-14 04:12:46.636 1523 8272 W WindowManager: updateScale : 0.79357797
03-14 04:12:46.636 1523 8272 W WindowManager: updateScale : 0.79357797
03-14 04:12:46.818 1523 10131 W WindowManager: updateScale : 0.79357797
03-14 04:12:46.818 1523 10131 W WindowManager: updateScale : 0.79357797
03-14 04:12:47.157 11116 11174 E ActivityThread: Failed to find provider info for com.huawei.appmarket.commondata
03-14 04:12:47.160 11116 11174 E ActivityThread: Failed to find provider info for com.huawei.appmarket.commondata
03-14 04:12:47.208 11116 11695 I liblog : 264
03-14 04:12:47.304 1523 1996 I input_interaction: Interaction with: b50119a com.tencent.mtt/com.tencent.mtt.MainActivity (server), edge-swipe (server), swipe-up (server), PointerEventDispatcher0 (server),
03-14 04:12:47.350 1523 7580 D CompatibilityChangeReporter: Compat change id reported: 171306433; UID 10099; state: DISABLED
03-14 04:12:47.403 1523 7580 W WindowManager: updateScale : 0.79357797
03-14 04:12:47.404 1523 7580 I wm_finish_activity: [0,134092016,24,com.tencent.mtt/.BlockActivity,finish-activity]
03-14 04:12:47.405 1523 7580 I wm_destroy_activity: [0,134092016,24,com.tencent.mtt/.BlockActivity,finish-imm:finishIfPossible]
03-14 04:12:47.408 1523 7580 I wm_finish_activity: [0,94694970,24,com.tencent.mtt/.MainActivity,finish-activity]
03-14 04:12:47.408 1523 7580 I wm_task_moved: [1,1,9]
03-14 04:12:47.408 1523 7580 I wm_set_resumed_activity: [0,com.android.launcher3/.uioverrides.QuickstepLauncher,positionChildAt]
03-14 04:12:47.408 1523 7580 I wm_task_moved: [10,1,2147483647]
03-14 04:12:47.408 1523 7580 I wm_task_to_front: [0,10]
03-14 04:12:47.408 1523 7580 I wm_focused_root_task: [0,0,1,-1,finish-top adjustFocusToNextFocusableTask]
03-14 04:12:47.408 1523 7580 I wm_set_resumed_activity: [0,com.android.launcher3/.uioverrides.QuickstepLauncher,finish-top]
03-14 04:12:47.408 1523 7580 I wm_pause_activity: [0,94694970,com.tencent.mtt/.MainActivity,userLeaving=false,finish]
03-14 04:12:47.409 1523 1996 I input_focus: [Focus leaving b50119a com.tencent.mtt/com.tencent.mtt.MainActivity (server),reason=NOT_VISIBLE]
03-14 04:12:47.411 11116 11116 I wm_on_top_resumed_lost_called: [94694970,com.tencent.mtt.MainActivity,topStateChangedWhenResumed]
03-14 04:12:47.426 1523 1654 I input_focus: [Focus request 96bde3e com.android.launcher3/com.android.launcher3.uioverrides.QuickstepLauncher,reason=UpdateInputWindows]
03-14 04:12:47.427 2830 2830 I wm_on_top_resumed_gained_called: [245748760,com.android.launcher3.uioverrides.QuickstepLauncher,topStateChangedWhenResumed]
03-14 04:12:47.430 1523 1653 I sysui_multi_action: [757,803,799,window_time_2,802,1]
03-14 04:12:47.432 1523 1996 I input_focus: [Focus entering 96bde3e com.android.launcher3/com.android.launcher3.uioverrides.QuickstepLauncher (server),reason=setFocusedWindow]
03-14 04:12:47.460 11116 11116 I wm_on_paused_called: [94694970,com.tencent.mtt.MainActivity,performPause]
03-14 04:12:47.461 1523 3624 I ActivityTaskManager: FOREGROUND_APPLICATION_CHANGED to com.android.launcher3.uioverrides.QuickstepLauncher
03-14 04:12:47.461 1523 3624 I wm_destroy_activity: [0,94694970,24,com.tencent.mtt/.MainActivity,finish-imm:completePausedLocked]
03-14 04:12:47.465 1523 1653 I sysui_multi_action: [757,803,799,window_time_0,802,0]
03-14 04:12:47.547 11116 11116 I auditd : type=1400 audit(0.0:2978): avc: denied { read } for comm="WUPOnTime" name="/" dev="dm-5" ino=2 scontext=u:r:untrusted_app_29:s0:c99,c256,c512,c768 tcontext=u:object_r:rootfs:s0 tclass=dir permissive=0 app=com.tencent.mtt
03-14 04:12:47.563 1523 10131 W FreeFormWindowHelper: Current Display FreeFormTask is Task{969aed7 #24 type=standard A=10099:com.tencent.mtt U=0 visible=false mode=freeform translucent=true sz=2}
03-14 04:12:47.567 11269 11269 I wm_on_stop_called: [134092016,com.tencent.mtt.BlockActivity,LIFECYCLER_STOP_ACTIVITY]
03-14 04:12:47.579 11116 11116 I auditd : type=1400 audit(0.0:2979): avc: denied { read } for comm="com.tencent.mtt" name="/" dev="dm-5" ino=2 scontext=u:r:untrusted_app_29:s0:c99,c256,c512,c768 tcontext=u:object_r:rootfs:s0 tclass=dir permissive=0 app=com.tencent.mtt
03-14 04:12:47.636 11269 11269 I wm_on_destroy_called: [134092016,com.tencent.mtt.BlockActivity,performDestroy]
03-14 04:12:47.694 11116 11175 I liblog : 90
03-14 04:12:47.700 11116 11160 I liblog : 35
03-14 04:12:47.700 11116 11160 I liblog : 9
03-14 04:12:47.700 11116 11160 I liblog : 1
03-14 04:12:47.721 11116 11154 I liblog : 27
03-14 04:12:47.767 11116 11116 I auditd : type=1400 audit(0.0:2980): avc: denied { read } for comm="WUPOnTime" name="/" dev="dm-5" ino=2 scontext=u:r:untrusted_app_29:s0:c99,c256,c512,c768 tcontext=u:object_r:rootfs:s0 tclass=dir permissive=0 app=com.tencent.mtt
03-14 04:12:47.771 11116 11116 I auditd : type=1400 audit(0.0:2981): avc: denied { read } for comm="pool-15-thread-" name="version" dev="proc" ino=4026532247 scontext=u:r:untrusted_app_29:s0:c99,c256,c512,c768 tcontext=u:object_r:proc_version:s0 tclass=file permissive=0 app=com.tencent.mtt
03-14 04:12:47.843 1523 1996 I input_interaction: Interaction with: 96bde3e com.android.launcher3/com.android.launcher3.uioverrides.QuickstepLauncher (server), cb93b28 com.android.systemui.ImageWallpaper (server), edge-swipe (server), swipe-up (server), PointerEventDispatcher0 (server),
03-14 04:12:47.883 11116 11116 I auditd : type=1400 audit(0.0:2982): avc: denied { read } for comm="ThreadPool_thre" name="/" dev="dm-5" ino=2 scontext=u:r:untrusted_app_29:s0:c99,c256,c512,c768 tcontext=u:object_r:rootfs:s0 tclass=dir permissive=0 app=com.tencent.mtt
03-14 04:12:47.924 11116 11116 I wm_on_stop_called: [94694970,com.tencent.mtt.MainActivity,LIFECYCLER_STOP_ACTIVITY]
03-14 04:12:47.924 1523 7580 I sysui_multi_action: [757,127,758,1]
03-14 04:12:47.924 1523 7580 I sysui_multi_action: [757,804,799,note_load,801,2,802,1]
03-14 04:12:47.925 1523 7580 I notification_panel_revealed: 2
03-14 04:12:47.929 1523 1654 I input_focus: [Focus request ff5a202 NotificationShade,reason=UpdateInputWindows]
03-14 04:12:47.935 1523 7580 I sysui_multi_action: [757,128,758,1,793,1236999,794,0,795,1236999,796,26,798,0,806,android,857,DEVELOPER_IMPORTANT,858,4,947,0,1395,2,1500,1236796,1688,1]
03-14 04:12:47.935 1523 7580 I sysui_multi_action: [757,804,799,note_freshness,801,1236999,802,1]
03-14 04:12:47.935 1523 7580 I notification_visibility: [-1|android|26|null|1000,1,1236999,1236999,0,0]
03-14 04:12:47.935 1523 7580 I sysui_multi_action: [757,128,758,1,793,1291753,794,0,795,1291753,796,32,798,1,806,android,857,USB,858,1,947,0,1395,2,1500,1291709,1688,1]
03-14 04:12:47.935 1523 7580 I sysui_multi_action: [757,804,799,note_freshness,801,1291753,802,1]
03-14 04:12:47.935 1523 7580 I notification_visibility: [-1|android|32|null|1000,1,1291753,1291753,0,1]
03-14 04:12:47.943 1523 1996 I input_focus: [Focus leaving 96bde3e com.android.launcher3/com.android.launcher3.uioverrides.QuickstepLauncher (server),reason=setFocusedWindow]
03-14 04:12:47.943 1523 1996 I input_focus: [Focus entering ff5a202 NotificationShade (server),reason=setFocusedWindow]
03-14 04:12:47.945 1523 1996 I input_interaction: Interaction with: 96bde3e com.android.launcher3/com.android.launcher3.uioverrides.QuickstepLauncher (server), cb93b28 com.android.systemui.ImageWallpaper (server), ff5a202 NotificationShade (server), edge-swipe (server), swipe-up (server), PointerEventDispatcher0 (server),
03-14 04:12:47.945 2830 2830 I view_enqueue_input_event: [Motion - Cancel,com.android.launcher3/com.android.launcher3.uioverrides.QuickstepLauncher]
03-14 04:12:47.946 11116 11116 I wm_on_destroy_called: [94694970,com.tencent.mtt.MainActivity,performDestroy]
03-14 04:12:47.950 1523 7580 I wm_task_removed: [24,removeChild:removeChild last r=ActivityRecord{5a4ee3a u0 com.tencent.mtt/.MainActivity t-1 f}} in t=Task{969aed7 #24 type=standard A=10099:com.tencent.mtt U=0 visible=false mode=freeform translucent=true sz=0}]
03-14 04:12:47.950 1523 7580 I wm_task_removed: [24,removeChild]
03-14 04:12:47.950 1523 7580 D FreeFormWindowHelper: Remove freefrom task=Task{969aed7 #24 type=standard A=10099:com.tencent.mtt U=0 visible=false mode=freeform translucent=true sz=0}
03-14 04:12:47.952 1523 1996 I input_interaction: Interaction with: cb93b28 com.android.systemui.ImageWallpaper (server), ff5a202 NotificationShade (server), edge-swipe (server), swipe-up (server), PointerEventDispatcher0 (server),
03-14 04:12:47.977 1523 1654 I input_focus: [Focus request 96bde3e com.android.launcher3/com.android.launcher3.uioverrides.QuickstepLauncher,reason=UpdateInputWindows]
03-14 04:12:47.990 1523 1654 I input_focus: [Focus request ff5a202 NotificationShade,reason=UpdateInputWindows]
03-14 04:12:47.994 1523 1996 I input_focus: [Focus leaving ff5a202 NotificationShade (server),reason=NOT_FOCUSABLE]
03-14 04:12:47.994 1523 1996 I input_focus: [Focus entering 96bde3e com.android.launcher3/com.android.launcher3.uioverrides.QuickstepLauncher (server),reason=setFocusedWindow]
03-14 04:12:48.011 1523 1996 I input_focus: [Focus leaving 96bde3e com.android.launcher3/com.android.launcher3.uioverrides.QuickstepLauncher (server),reason=setFocusedWindow]
03-14 04:12:48.011 1523 1996 I input_focus: [Focus entering ff5a202 NotificationShade (server),reason=setFocusedWindow]
03-14 04:12:48.037 2371 2371 I sysui_multi_action: [757,111,758,1]
03-14 04:12:48.038 2371 2371 I sysui_multi_action: [757,126,758,1,759,126,927,0,928,1,1593,0]
03-14 04:12:48.038 2371 2371 I sysui_multi_action: [757,113,758,1,759,113,927,1,928,1,1593,0]
03-14 04:12:48.038 2371 2371 I sysui_multi_action: [757,0,758,1,759,0,927,2,928,0,1593,0]
03-14 04:12:48.038 2371 2371 I sysui_multi_action: [757,0,758,1,759,0,927,3,928,0,1593,0]
03-14 04:12:48.038 2371 2371 I sysui_multi_action: [757,491,758,1,759,491,927,4,928,0,1311,-1,1593,0]
03-14 04:12:48.038 2371 2371 I sysui_multi_action: [757,0,758,1,759,0,927,5,928,0,1593,0]
03-14 04:12:48.038 2371 2371 I sysui_multi_action: [757,111,758,1]
03-14 04:12:48.038 2371 2371 I sysui_multi_action: [757,126,758,1,759,126,927,0,928,1,1593,0]
03-14 04:12:48.038 2371 2371 I sysui_multi_action: [757,113,758,1,759,113,927,1,928,1,1593,0]
03-14 04:12:48.038 2371 2371 I sysui_multi_action: [757,0,758,1,759,0,927,2,928,0,1593,0]
03-14 04:12:48.038 2371 2371 I sysui_multi_action: [757,0,758,1,759,0,927,3,928,0,1593,0]
03-14 04:12:48.056 1523 3737 I sysui_multi_action: [757,856,758,1,806,com.tencent.mtt,857,1003,858,2]
01-01 12:54:57.171 0 0 W audit : audit_lost=1639 audit_rate_limit=5 audit_backlog_limit=64
01-01 12:54:57.171 0 0 E audit : rate limit exceeded
03-14 04:12:48.210 11116 11173 I liblog : 37
03-14 04:12:48.264 11116 11173 I liblog : 354
03-14 04:12:48.419 1523 1652 I commit_sys_config_file: [notification-policy,1294108]
03-14 04:12:48.499 1523 2295 I netstats_mobile_sample: [0,0,0,0,0,0,0,0,0,0,0,0,1678738368498]
03-14 04:12:48.499 1523 2295 I netstats_wifi_sample: [981726507,767674,20637810,229447,981706795,767659,20637598,229442,988929527,806617,18463512,223967,1678738368498]
03-14 04:12:48.655 0 0 I auditd : type=1400 audit(0.0:2986): avc: denied { kill } for comm="swapper/7" capability=5 scontext=u:r:kernel:s0 tcontext=u:r:kernel:s0 tclass=capability permissive=0
03-14 04:12:48.688 1523 3737 I thunderperf: PlatormCompat.setOverrides: Uid1=10099 Pid1=11116 Uid2=10099 Pid2=11116
03-14 04:12:48.688 1523 3737 I thunderperf: PlatormCompat.setOverrides: needCheck:false
03-14 04:12:48.688 1523 3737 W PackageManager: MATCH_ANY_USER flag requires INTERACT_ACROSS_USERS permission: UID 10099 requires android.permission.INTERACT_ACROSS_USERS_FULL or android.permission.INTERACT_ACROSS_USERS to access user 0.
03-14 04:12:48.689 1523 3737 I ActivityTaskManager: START u0 {act=android.intent.action.MAIN cat=[android.intent.category.LAUNCHER] flg=0x14000000 pkg=com.tencent.mtt cmp=com.tencent.mtt/.SplashActivity (has extras)} from uid 10099
03-14 04:12:48.692 1523 3737 I wm_task_created: [25,-1]
03-14 04:12:48.692 1523 3737 W ActivityTaskManager: Can't find TaskDisplayArea to determine support for multi window. Task id=25 attached=false
03-14 04:12:48.694 1523 3737 I wm_task_moved: [25,1,9]
03-14 04:12:48.695 1523 3737 I wm_task_to_front: [0,25]
03-14 04:12:48.695 1523 3737 I wm_create_task: [0,25]
03-14 04:12:48.695 1523 3737 I wm_create_activity: [0,221776884,25,com.tencent.mtt/.SplashActivity,android.intent.action.MAIN,NULL,NULL,335544320]
