03-14 03:58:26.784 1523 2350 E DisplayDeviceConfig: requesting nits when no mapping exists.
03-14 03:58:26.785 1523 2350 E DisplayDeviceConfig: requesting nits when no mapping exists.
03-14 03:58:26.785 1523 1662 I am_wtf : [0,1523,system_server,-1,DisplayDeviceConfig,requesting nits when no mapping exists.]
03-14 03:58:26.786 1523 1662 I am_wtf : [0,1523,system_server,-1,DisplayDeviceConfig,requesting nits when no mapping exists.]
03-14 03:58:26.802 1523 2350 E DisplayDeviceConfig: requesting nits when no mapping exists.
03-14 03:58:26.802 1523 2350 E DisplayDeviceConfig: requesting nits when no mapping exists.
03-14 03:58:26.802 1523 1662 I am_wtf : [0,1523,system_server,-1,DisplayDeviceConfig,requesting nits when no mapping exists.]
03-14 03:58:26.803 1523 1662 I am_wtf : [0,1523,system_server,-1,DisplayDeviceConfig,requesting nits when no mapping exists.]
03-14 03:58:26.818 1523 2350 E DisplayDeviceConfig: requesting nits when no mapping exists.
03-14 03:58:26.819 1523 2350 E DisplayDeviceConfig: requesting nits when no mapping exists.
03-14 03:58:26.819 1523 1662 I am_wtf : [0,1523,system_server,-1,DisplayDeviceConfig,requesting nits when no mapping exists.]
03-14 03:58:26.820 1523 1662 I am_wtf : [0,1523,system_server,-1,DisplayDeviceConfig,requesting nits when no mapping exists.]
03-14 03:58:26.834 1523 2350 E DisplayDeviceConfig: requesting nits when no mapping exists.
03-14 03:58:26.835 1523 2350 E DisplayDeviceConfig: requesting nits when no mapping exists.
03-14 03:58:26.835 1523 1662 I am_wtf : [0,1523,system_server,-1,DisplayDeviceConfig,requesting nits when no mapping exists.]
03-14 03:58:26.835 1523 1662 I am_wtf : [0,1523,system_server,-1,DisplayDeviceConfig,requesting nits when no mapping exists.]
03-14 03:58:26.851 1523 2350 E DisplayDeviceConfig: requesting nits when no mapping exists.
03-14 03:58:26.851 1523 2350 E DisplayDeviceConfig: requesting nits when no mapping exists.
03-14 03:58:26.851 1523 1662 I am_wtf : [0,1523,system_server,-1,DisplayDeviceConfig,requesting nits when no mapping exists.]
03-14 03:58:26.852 1523 1662 I am_wtf : [0,1523,system_server,-1,DisplayDeviceConfig,requesting nits when no mapping exists.]
03-14 03:58:26.867 1523 2350 E DisplayDeviceConfig: requesting nits when no mapping exists.
03-14 03:58:26.868 1523 2350 E DisplayDeviceConfig: requesting nits when no mapping exists.
03-14 03:58:26.868 1523 1662 I am_wtf : [0,1523,system_server,-1,DisplayDeviceConfig,requesting nits when no mapping exists.]
03-14 03:58:26.869 1523 1662 I am_wtf : [0,1523,system_server,-1,DisplayDeviceConfig,requesting nits when no mapping exists.]
03-14 03:58:26.884 1523 2350 E DisplayDeviceConfig: requesting nits when no mapping exists.
03-14 03:58:26.885 1523 2350 E DisplayDeviceConfig: requesting nits when no mapping exists.
03-14 03:58:26.885 1523 1662 I am_wtf : [0,1523,system_server,-1,DisplayDeviceConfig,requesting nits when no mapping exists.]
03-14 03:58:26.886 1523 1662 I am_wtf : [0,1523,system_server,-1,DisplayDeviceConfig,requesting nits when no mapping exists.]
03-14 03:58:26.901 1523 2350 E DisplayDeviceConfig: requesting nits when no mapping exists.
03-14 03:58:26.901 1523 2350 E DisplayDeviceConfig: requesting nits when no mapping exists.
03-14 03:58:26.901 1523 1662 I am_wtf : [0,1523,system_server,-1,DisplayDeviceConfig,requesting nits when no mapping exists.]
03-14 03:58:26.903 1523 1662 I am_wtf : [0,1523,system_server,-1,DisplayDeviceConfig,requesting nits when no mapping exists.]
03-14 03:58:26.918 1523 2350 E DisplayDeviceConfig: requesting nits when no mapping exists.
03-14 03:58:26.918 1523 2350 E DisplayDeviceConfig: requesting nits when no mapping exists.
03-14 03:58:26.918 1523 1662 I am_wtf : [0,1523,system_server,-1,DisplayDeviceConfig,requesting nits when no mapping exists.]
03-14 03:58:26.919 1523 1662 I am_wtf : [0,1523,system_server,-1,DisplayDeviceConfig,requesting nits when no mapping exists.]
03-14 03:58:26.935 1523 2350 E DisplayDeviceConfig: requesting nits when no mapping exists.
03-14 03:58:26.935 1523 2350 E DisplayDeviceConfig: requesting nits when no mapping exists.
03-14 03:58:26.935 1523 1662 I am_wtf : [0,1523,system_server,-1,DisplayDeviceConfig,requesting nits when no mapping exists.]
03-14 03:58:26.936 1523 1662 I am_wtf : [0,1523,system_server,-1,DisplayDeviceConfig,requesting nits when no mapping exists.]
03-14 03:58:26.951 1523 2350 E DisplayDeviceConfig: requesting nits when no mapping exists.
03-14 03:58:26.952 1523 2350 E DisplayDeviceConfig: requesting nits when no mapping exists.
03-14 03:58:26.952 1523 1662 I am_wtf : [0,1523,system_server,-1,DisplayDeviceConfig,requesting nits when no mapping exists.]
03-14 03:58:26.953 1523 1662 I am_wtf : [0,1523,system_server,-1,DisplayDeviceConfig,requesting nits when no mapping exists.]
03-14 03:58:26.968 1523 2350 E DisplayDeviceConfig: requesting nits when no mapping exists.
03-14 03:58:26.969 1523 2350 E DisplayDeviceConfig: requesting nits when no mapping exists.
03-14 03:58:26.969 1523 1662 I am_wtf : [0,1523,system_server,-1,DisplayDeviceConfig,requesting nits when no mapping exists.]
03-14 03:58:26.971 1523 1662 I am_wtf : [0,1523,system_server,-1,DisplayDeviceConfig,requesting nits when no mapping exists.]
03-14 03:58:26.985 1523 2350 E DisplayDeviceConfig: requesting nits when no mapping exists.
03-14 03:58:26.985 1523 2350 E DisplayDeviceConfig: requesting nits when no mapping exists.
03-14 03:58:26.985 1523 1662 I am_wtf : [0,1523,system_server,-1,DisplayDeviceConfig,requesting nits when no mapping exists.]
03-14 03:58:26.986 1523 1662 I am_wtf : [0,1523,system_server,-1,DisplayDeviceConfig,requesting nits when no mapping exists.]
03-14 03:58:27.001 1523 2350 E DisplayDeviceConfig: requesting nits when no mapping exists.
03-14 03:58:27.002 1523 2350 E DisplayDeviceConfig: requesting nits when no mapping exists.
03-14 03:58:27.002 1523 1662 I am_wtf : [0,1523,system_server,-1,DisplayDeviceConfig,requesting nits when no mapping exists.]
03-14 03:58:27.003 1523 1662 I am_wtf : [0,1523,system_server,-1,DisplayDeviceConfig,requesting nits when no mapping exists.]
03-14 03:58:27.156 1523 2295 I netstats_mobile_sample: [0,0,0,0,0,0,0,0,0,0,0,0,1678737507156]
03-14 03:58:27.156 1523 2295 I netstats_wifi_sample: [818116866,617779,11394397,175481,817976933,617673,11391349,175414,818957225,624173,10935231,174092,1678737507156]
03-14 03:58:27.655 1971 1971 I auditd : type=1400 audit(0.0:1992): avc: denied { kill } for comm="dp_rx_thread_0" capability=5 scontext=u:r:kernel:s0 tcontext=u:r:kernel:s0 tclass=capability permissive=0
03-14 03:58:28.365 1523 2295 I netstats_mobile_sample: [0,0,0,0,0,0,0,0,0,0,0,0,1678737508365]
03-14 03:58:28.365 1523 2295 I netstats_wifi_sample: [832720400,628516,11550040,178616,832720400,628516,11550040,178616,833739417,635099,11088542,177288,1678737508365]
03-14 03:58:29.532 1523 2295 I netstats_mobile_sample: [0,0,0,0,0,0,0,0,0,0,0,0,1678737509531]
03-14 03:58:29.532 1523 2295 I netstats_wifi_sample: [848189493,639863,11707566,181982,848189493,639863,11707566,181982,849230860,646488,11240758,180648,1678737509531]
03-14 03:58:30.655 0 0 I auditd : type=1400 audit(0.0:1993): avc: denied { kill } for comm="swapper/0" capability=5 scontext=u:r:kernel:s0 tcontext=u:r:kernel:s0 tclass=capability permissive=0
03-14 03:58:30.683 1523 2295 I netstats_mobile_sample: [0,0,0,0,0,0,0,0,0,0,0,0,1678737510683]
03-14 03:58:30.683 1523 2295 I netstats_wifi_sample: [863470155,650878,11836770,184647,863470155,650878,11836770,184647,864516587,657570,11364144,183296,1678737510683]
03-14 03:58:31.655 0 0 I auditd : type=1400 audit(0.0:1994): avc: denied { kill } for comm="swapper/0" capability=5 scontext=u:r:kernel:s0 tcontext=u:r:kernel:s0 tclass=capability permissive=0
03-14 03:58:31.831 1523 2295 I service_manager_stats: [117,61,5661]
03-14 03:58:31.846 1523 2295 I netstats_mobile_sample: [0,0,0,0,0,0,0,0,0,0,0,0,1678737511846]
03-14 03:58:31.846 1523 2295 I netstats_wifi_sample: [878671239,662321,12020845,188580,878671239,662321,12020845,188580,879690293,669093,11545979,187202,1678737511846]
03-14 03:58:32.655 9 9 I auditd : type=1400 audit(0.0:1995): avc: denied { kill } for comm="ksoftirqd/0" capability=5 scontext=u:r:kernel:s0 tcontext=u:r:kernel:s0 tclass=capability permissive=0
03-14 03:58:33.029 1523 2295 I netstats_mobile_sample: [0,0,0,0,0,0,0,0,0,0,0,0,1678737513029]
03-14 03:58:33.029 1523 2295 I netstats_wifi_sample: [895499656,674793,12259711,193564,895489464,674786,12259635,193563,896538009,681629,11781700,192182,1678737513029]
03-14 03:58:33.044 1523 1691 I PowerManagerService: Napping display group (groupId=0, uid=1000)...
03-14 03:58:33.044 1523 1691 I PowerManagerService: Nap time (uid 1000)...
03-14 03:58:33.045 1523 1691 I DreamManagerService: Entering dreamland.
03-14 03:58:33.055 1523 1691 I PowerManagerService: Dreaming...
03-14 03:58:33.059 1523 1650 I DreamController: Starting dream: name=ComponentInfo{com.thundercomm.screensaver/com.thundercomm.screensaver.service.SystemDream}, isTest=false, canDoze=false, userId=0
03-14 03:58:33.059 1523 1650 I sysui_multi_action: [757,222,758,1]
03-14 03:58:33.061 1523 1650 I am_uid_active: 10049
03-14 03:58:33.070 1523 1661 I am_pss : [4122,10031,com.android.packageinstaller,35142656,29704192,1156096,122707968,0,2,6]
03-14 03:58:33.072 1523 1617 I ActivityTaskManager: START u0 {flg=0x10000000 pkg=com.thundercomm.screensaver cmp=com.thundercomm.screensaver/android.service.dreams.DreamActivity (has extras)} from uid 10049
03-14 03:58:33.079 1523 1617 I wm_task_created: [21,-1]
03-14 03:58:33.079 1523 1617 W ActivityTaskManager: Can't find TaskDisplayArea to determine support for multi window. Task id=21 attached=false
03-14 03:58:33.083 1523 1617 I wm_task_moved: [21,1,9]
03-14 03:58:33.083 1523 1617 I wm_task_to_front: [0,21]
03-14 03:58:33.083 1523 1617 I wm_create_task: [0,21]
03-14 03:58:33.083 1523 1617 I wm_create_activity: [0,231467847,21,com.thundercomm.screensaver/android.service.dreams.DreamActivity,NULL,NULL,NULL,276824064]
03-14 03:58:33.083 1523 1617 I wm_task_moved: [21,1,9]
03-14 03:58:33.083 4122 4122 I wm_on_top_resumed_lost_called: [123763887,com.android.packageinstaller.PackageInstallerActivity,topStateChangedWhenResumed]
03-14 03:58:33.084 1523 1617 I wm_pause_activity: [0,123763887,com.android.packageinstaller/.PackageInstallerActivity,userLeaving=true,pauseBackTasks]
03-14 03:58:33.086 4122 4122 I wm_on_paused_called: [123763887,com.android.packageinstaller.PackageInstallerActivity,performPause]
03-14 03:58:33.087 1523 1617 I ActivityTaskManager: FOREGROUND_APPLICATION_CHANGED to android.service.dreams.DreamActivity
03-14 03:58:33.088 1523 1617 I ActivityTaskManager: The Process com.thundercomm.screensaver Already Exists in BG. So sending its PID: 6318
03-14 03:58:33.088 1523 1617 W ActivityTaskManager: Tried to set launchTime (0) < mLastActivityLaunchTime (291763)
03-14 03:58:33.088 1523 1617 I wm_add_to_stopping: [0,123763887,com.android.packageinstaller/.PackageInstallerActivity,makeInvisible]
03-14 03:58:33.088 1523 1617 I wm_add_to_stopping: [0,185896118,com.android.packageinstaller/.DeleteStagedFileOnResult,makeInvisible]
03-14 03:58:33.088 1523 1617 I wm_add_to_stopping: [0,31544979,com.tencent.android.qqdownloader/com.tencent.pangu.activity.InstallerListenerActivity,makeInvisible]
03-14 03:58:33.088 1523 1617 I wm_add_to_stopping: [0,233904099,com.tencent.android.qqdownloader/com.tencent.pangu.activity.DownloadActivity,makeInvisible]
03-14 03:58:33.088 1523 1617 I wm_restart_activity: [0,231467847,21,com.thundercomm.screensaver/android.service.dreams.DreamActivity]
03-14 03:58:33.090 1523 1617 I wm_set_resumed_activity: [0,com.thundercomm.screensaver/android.service.dreams.DreamActivity,minimalResumeActivityLocked]
03-14 03:58:33.094 1523 1653 I sysui_multi_action: [757,803,799,window_time_0,802,31]
03-14 03:58:33.096 6318 6318 I wm_on_create_called: [231467847,android.service.dreams.DreamActivity,performCreate]
03-14 03:58:33.096 6318 6318 I wm_on_start_called: [231467847,android.service.dreams.DreamActivity,handleStartActivity]
03-14 03:58:33.097 6318 6318 I wm_on_resume_called: [231467847,android.service.dreams.DreamActivity,RESUME_ACTIVITY]
03-14 03:58:33.098 1523 7581 W WindowManager: Failed looking up window session=Session{68c608a 6318:u0a10049} callers=com.android.server.wm.WindowManagerService.windowForClientLocked:5628 com.android.server.wm.Session.insetsModified:629 android.view.IWindowSession$Stub.onTransact:1151
03-14 03:58:33.099 6318 6318 I wm_on_top_resumed_gained_called: [231467847,android.service.dreams.DreamActivity,topStateChangedWhenResumed]
03-14 03:58:33.111 1523 1654 I input_focus: [Focus request ba4fc3f com.thundercomm.screensaver/android.service.dreams.DreamActivity,reason=UpdateInputWindows]
03-14 03:58:33.120 1523 1996 I input_focus: [Focus leaving f389e16 com.android.packageinstaller/com.android.packageinstaller.PackageInstallerActivity (server),reason=NO_WINDOW]
03-14 03:58:33.151 1523 1691 V DisplayPowerController[0]: Brightness [1.0] reason changing to: 'manual', previous reason: 'manual [ dim ]'.
03-14 03:58:33.151 1523 1691 I sysui_multi_action: [757,1696,758,6,759,3]
03-14 03:58:33.168 1523 2350 E DisplayDeviceConfig: requesting nits when no mapping exists.
03-14 03:58:33.168 1523 2350 E DisplayDeviceConfig: requesting nits when no mapping exists.
03-14 03:58:33.168 1523 1662 I am_wtf : [0,1523,system_server,-1,DisplayDeviceConfig,requesting nits when no mapping exists.]
03-14 03:58:33.169 1523 1662 I am_wtf : [0,1523,system_server,-1,DisplayDeviceConfig,requesting nits when no mapping exists.]
03-14 03:58:33.170 1523 1996 I input_focus: [Focus entering ba4fc3f com.thundercomm.screensaver/android.service.dreams.DreamActivity (server),reason=Window became focusable. Previous reason: NOT_VISIBLE]
03-14 03:58:33.184 1523 1650 I sysui_multi_action: [319,76,322,49,325,463,757,761,758,8,759,2,806,com.thundercomm.screensaver,871,android.service.dreams.DreamActivity,904,com.thundercomm.screensaver,905,0,1320,4,1321,2]
03-14 03:58:33.185 1523 2350 E DisplayDeviceConfig: requesting nits when no mapping exists.
03-14 03:58:33.185 1523 2350 E DisplayDeviceConfig: requesting nits when no mapping exists.
03-14 03:58:33.185 1523 1662 I am_wtf : [0,1523,system_server,-1,DisplayDeviceConfig,requesting nits when no mapping exists.]
03-14 03:58:33.186 1523 1650 I wm_activity_launch_time: [0,231467847,com.thundercomm.screensaver/android.service.dreams.DreamActivity,49]
03-14 03:58:33.190 1523 1662 I am_wtf : [0,1523,system_server,-1,DisplayDeviceConfig,requesting nits when no mapping exists.]
03-14 03:58:33.191 1523 1618 W FreeFormWindowHelper: Current Display FreeFormTask is null
03-14 03:58:33.202 1523 2350 E DisplayDeviceConfig: requesting nits when no mapping exists.
03-14 03:58:33.203 1523 2350 E DisplayDeviceConfig: requesting nits when no mapping exists.
03-14 03:58:33.203 1523 1662 I am_wtf : [0,1523,system_server,-1,DisplayDeviceConfig,requesting nits when no mapping exists.]
03-14 03:58:33.203 1523 1662 I am_wtf : [0,1523,system_server,-1,DisplayDeviceConfig,requesting nits when no mapping exists.]
03-14 03:58:33.218 1523 2350 E DisplayDeviceConfig: requesting nits when no mapping exists.
03-14 03:58:33.218 1523 2350 E DisplayDeviceConfig: requesting nits when no mapping exists.
03-14 03:58:33.218 1523 1662 I am_wtf : [0,1523,system_server,-1,DisplayDeviceConfig,requesting nits when no mapping exists.]
03-14 03:58:33.219 1523 1662 I am_wtf : [0,1523,system_server,-1,DisplayDeviceConfig,requesting nits when no mapping exists.]
03-14 03:58:33.235 1523 2350 E DisplayDeviceConfig: requesting nits when no mapping exists.
03-14 03:58:33.235 1523 2350 E DisplayDeviceConfig: requesting nits when no mapping exists.
03-14 03:58:33.235 1523 1662 I am_wtf : [0,1523,system_server,-1,DisplayDeviceConfig,requesting nits when no mapping exists.]
03-14 03:58:33.236 1523 1662 I am_wtf : [0,1523,system_server,-1,DisplayDeviceConfig,requesting nits when no mapping exists.]
03-14 03:58:33.252 1523 2350 E DisplayDeviceConfig: requesting nits when no mapping exists.
03-14 03:58:33.252 1523 2350 E DisplayDeviceConfig: requesting nits when no mapping exists.
03-14 03:58:33.252 1523 1662 I am_wtf : [0,1523,system_server,-1,DisplayDeviceConfig,requesting nits when no mapping exists.]
03-14 03:58:33.252 1523 1662 I am_wtf : [0,1523,system_server,-1,DisplayDeviceConfig,requesting nits when no mapping exists.]
03-14 03:58:33.268 1523 2350 E DisplayDeviceConfig: requesting nits when no mapping exists.
03-14 03:58:33.268 1523 2350 E DisplayDeviceConfig: requesting nits when no mapping exists.
03-14 03:58:33.268 1523 1662 I am_wtf : [0,1523,system_server,-1,DisplayDeviceConfig,requesting nits when no mapping exists.]
03-14 03:58:33.269 1523 1662 I am_wtf : [0,1523,system_server,-1,DisplayDeviceConfig,requesting nits when no mapping exists.]
03-14 03:58:33.285 1523 2350 E DisplayDeviceConfig: requesting nits when no mapping exists.
03-14 03:58:33.285 1523 2350 E DisplayDeviceConfig: requesting nits when no mapping exists.
03-14 03:58:33.285 1523 1662 I am_wtf : [0,1523,system_server,-1,DisplayDeviceConfig,requesting nits when no mapping exists.]
03-14 03:58:33.285 1523 1662 I am_wtf : [0,1523,system_server,-1,DisplayDeviceConfig,requesting nits when no mapping exists.]
03-14 03:58:33.301 1523 2350 E DisplayDeviceConfig: requesting nits when no mapping exists.
03-14 03:58:33.302 1523 2350 E DisplayDeviceConfig: requesting nits when no mapping exists.
03-14 03:58:33.302 1523 1662 I am_wtf : [0,1523,system_server,-1,DisplayDeviceConfig,requesting nits when no mapping exists.]
03-14 03:58:33.302 1523 1662 I am_wtf : [0,1523,system_server,-1,DisplayDeviceConfig,requesting nits when no mapping exists.]
03-14 03:58:33.318 1523 2350 E DisplayDeviceConfig: requesting nits when no mapping exists.
03-14 03:58:33.318 1523 2350 E DisplayDeviceConfig: requesting nits when no mapping exists.
03-14 03:58:33.318 1523 1662 I am_wtf : [0,1523,system_server,-1,DisplayDeviceConfig,requesting nits when no mapping exists.]
03-14 03:58:33.319 1523 1662 I am_wtf : [0,1523,system_server,-1,DisplayDeviceConfig,requesting nits when no mapping exists.]
03-14 03:58:33.335 1523 2350 E DisplayDeviceConfig: requesting nits when no mapping exists.
03-14 03:58:33.335 1523 2350 E DisplayDeviceConfig: requesting nits when no mapping exists.
03-14 03:58:33.335 1523 1662 I am_wtf : [0,1523,system_server,-1,DisplayDeviceConfig,requesting nits when no mapping exists.]
03-14 03:58:33.335 1523 1662 I am_wtf : [0,1523,system_server,-1,DisplayDeviceConfig,requesting nits when no mapping exists.]
03-14 03:58:33.352 1523 2350 E DisplayDeviceConfig: requesting nits when no mapping exists.
03-14 03:58:33.352 1523 2350 E DisplayDeviceConfig: requesting nits when no mapping exists.
03-14 03:58:33.352 1523 1662 I am_wtf : [0,1523,system_server,-1,DisplayDeviceConfig,requesting nits when no mapping exists.]
03-14 03:58:33.352 1523 1662 I am_wtf : [0,1523,system_server,-1,DisplayDeviceConfig,requesting nits when no mapping exists.]
03-14 03:58:33.369 1523 2350 E DisplayDeviceConfig: requesting nits when no mapping exists.
03-14 03:58:33.369 1523 2350 E DisplayDeviceConfig: requesting nits when no mapping exists.
03-14 03:58:33.369 1523 1662 I am_wtf : [0,1523,system_server,-1,DisplayDeviceConfig,requesting nits when no mapping exists.]
03-14 03:58:33.369 1523 1662 I am_wtf : [0,1523,system_server,-1,DisplayDeviceConfig,requesting nits when no mapping exists.]
03-14 03:58:33.385 1523 2350 E DisplayDeviceConfig: requesting nits when no mapping exists.
03-14 03:58:33.385 1523 1662 I am_wtf : [0,1523,system_server,-1,DisplayDeviceConfig,requesting nits when no mapping exists.]
03-14 03:58:33.385 1523 2350 E DisplayDeviceConfig: requesting nits when no mapping exists.
03-14 03:58:33.385 1523 1662 I am_wtf : [0,1523,system_server,-1,DisplayDeviceConfig,requesting nits when no mapping exists.]
03-14 03:58:33.402 1523 2350 E DisplayDeviceConfig: requesting nits when no mapping exists.
03-14 03:58:33.402 1523 1662 I am_wtf : [0,1523,system_server,-1,DisplayDeviceConfig,requesting nits when no mapping exists.]
03-14 03:58:33.402 1523 2350 E DisplayDeviceConfig: requesting nits when no mapping exists.
03-14 03:58:33.402 1523 1662 I am_wtf : [0,1523,system_server,-1,DisplayDeviceConfig,requesting nits when no mapping exists.]
03-14 03:58:33.418 1523 2350 E DisplayDeviceConfig: requesting nits when no mapping exists.
03-14 03:58:33.419 1523 2350 E DisplayDeviceConfig: requesting nits when no mapping exists.
03-14 03:58:33.419 1523 1662 I am_wtf : [0,1523,system_server,-1,DisplayDeviceConfig,requesting nits when no mapping exists.]
03-14 03:58:33.419 1523 1662 I am_wtf : [0,1523,system_server,-1,DisplayDeviceConfig,requesting nits when no mapping exists.]
03-14 03:58:33.435 1523 2350 E DisplayDeviceConfig: requesting nits when no mapping exists.
03-14 03:58:33.435 1523 2350 E DisplayDeviceConfig: requesting nits when no mapping exists.
03-14 03:58:33.435 1523 1662 I am_wtf : [0,1523,system_server,-1,DisplayDeviceConfig,requesting nits when no mapping exists.]
03-14 03:58:33.436 1523 1662 I am_wtf : [0,1523,system_server,-1,DisplayDeviceConfig,requesting nits when no mapping exists.]
03-14 03:58:33.452 1523 2350 E DisplayDeviceConfig: requesting nits when no mapping exists.
03-14 03:58:33.452 1523 2350 E DisplayDeviceConfig: requesting nits when no mapping exists.
03-14 03:58:33.452 1523 1662 I am_wtf : [0,1523,system_server,-1,DisplayDeviceConfig,requesting nits when no mapping exists.]
03-14 03:58:33.453 1523 1662 I am_wtf : [0,1523,system_server,-1,DisplayDeviceConfig,requesting nits when no mapping exists.]
03-14 03:58:33.469 1523 2350 E DisplayDeviceConfig: requesting nits when no mapping exists.
03-14 03:58:33.469 1523 2350 E DisplayDeviceConfig: requesting nits when no mapping exists.
03-14 03:58:33.469 1523 1662 I am_wtf : [0,1523,system_server,-1,DisplayDeviceConfig,requesting nits when no mapping exists.]
03-14 03:58:33.469 1523 1662 I am_wtf : [0,1523,system_server,-1,DisplayDeviceConfig,requesting nits when no mapping exists.]
03-14 03:58:33.485 1523 2350 E DisplayDeviceConfig: requesting nits when no mapping exists.
03-14 03:58:33.485 1523 1662 I am_wtf : [0,1523,system_server,-1,DisplayDeviceConfig,requesting nits when no mapping exists.]
03-14 03:58:33.485 1523 2350 E DisplayDeviceConfig: requesting nits when no mapping exists.
03-14 03:58:33.486 1523 1662 I am_wtf : [0,1523,system_server,-1,DisplayDeviceConfig,requesting nits when no mapping exists.]
03-14 03:58:33.502 1523 2350 E DisplayDeviceConfig: requesting nits when no mapping exists.
03-14 03:58:33.502 1523 2350 E DisplayDeviceConfig: requesting nits when no mapping exists.
03-14 03:58:33.502 1523 1662 I am_wtf : [0,1523,system_server,-1,DisplayDeviceConfig,requesting nits when no mapping exists.]
03-14 03:58:33.502 1523 1662 I am_wtf : [0,1523,system_server,-1,DisplayDeviceConfig,requesting nits when no mapping exists.]
03-14 03:58:33.519 1523 2350 E DisplayDeviceConfig: requesting nits when no mapping exists.
03-14 03:58:33.519 1523 2350 E DisplayDeviceConfig: requesting nits when no mapping exists.
03-14 03:58:33.519 1523 1662 I am_wtf : [0,1523,system_server,-1,DisplayDeviceConfig,requesting nits when no mapping exists.]
03-14 03:58:33.519 1523 1662 I am_wtf : [0,1523,system_server,-1,DisplayDeviceConfig,requesting nits when no mapping exists.]
03-14 03:58:33.535 1523 2350 E DisplayDeviceConfig: requesting nits when no mapping exists.
03-14 03:58:33.535 1523 2350 E DisplayDeviceConfig: requesting nits when no mapping exists.
03-14 03:58:33.535 1523 1662 I am_wtf : [0,1523,system_server,-1,DisplayDeviceConfig,requesting nits when no mapping exists.]
03-14 03:58:33.536 1523 1662 I am_wtf : [0,1523,system_server,-1,DisplayDeviceConfig,requesting nits when no mapping exists.]
03-14 03:58:33.552 1523 2350 E DisplayDeviceConfig: requesting nits when no mapping exists.
03-14 03:58:33.552 1523 1662 I am_wtf : [0,1523,system_server,-1,DisplayDeviceConfig,requesting nits when no mapping exists.]
03-14 03:58:33.552 1523 2350 E DisplayDeviceConfig: requesting nits when no mapping exists.
03-14 03:58:33.552 1523 1662 I am_wtf : [0,1523,system_server,-1,DisplayDeviceConfig,requesting nits when no mapping exists.]
03-14 03:58:33.569 1523 2350 E DisplayDeviceConfig: requesting nits when no mapping exists.
03-14 03:58:33.569 1523 1662 I am_wtf : [0,1523,system_server,-1,DisplayDeviceConfig,requesting nits when no mapping exists.]
03-14 03:58:33.569 1523 2350 E DisplayDeviceConfig: requesting nits when no mapping exists.
03-14 03:58:33.569 1523 1662 I am_wtf : [0,1523,system_server,-1,DisplayDeviceConfig,requesting nits when no mapping exists.]
03-14 03:58:33.585 1523 2350 E DisplayDeviceConfig: requesting nits when no mapping exists.
03-14 03:58:33.586 1523 2350 E DisplayDeviceConfig: requesting nits when no mapping exists.
03-14 03:58:33.586 1523 1662 I am_wtf : [0,1523,system_server,-1,DisplayDeviceConfig,requesting nits when no mapping exists.]
03-14 03:58:33.586 1523 1662 I am_wtf : [0,1523,system_server,-1,DisplayDeviceConfig,requesting nits when no mapping exists.]
03-14 03:58:33.602 1523 2350 E DisplayDeviceConfig: requesting nits when no mapping exists.
03-14 03:58:33.602 1523 2350 E DisplayDeviceConfig: requesting nits when no mapping exists.
03-14 03:58:33.602 1523 1662 I am_wtf : [0,1523,system_server,-1,DisplayDeviceConfig,requesting nits when no mapping exists.]
03-14 03:58:33.603 1523 1662 I am_wtf : [0,1523,system_server,-1,DisplayDeviceConfig,requesting nits when no mapping exists.]
03-14 03:58:33.619 1523 2350 E DisplayDeviceConfig: requesting nits when no mapping exists.
03-14 03:58:33.619 1523 2350 E DisplayDeviceConfig: requesting nits when no mapping exists.
03-14 03:58:33.619 1523 1662 I am_wtf : [0,1523,system_server,-1,DisplayDeviceConfig,requesting nits when no mapping exists.]
03-14 03:58:33.619 1523 1662 I am_wtf : [0,1523,system_server,-1,DisplayDeviceConfig,requesting nits when no mapping exists.]
03-14 03:58:33.635 1523 2350 E DisplayDeviceConfig: requesting nits when no mapping exists.
03-14 03:58:33.636 1523 2350 E DisplayDeviceConfig: requesting nits when no mapping exists.
03-14 03:58:33.636 1523 1662 I am_wtf : [0,1523,system_server,-1,DisplayDeviceConfig,requesting nits when no mapping exists.]
03-14 03:58:33.636 1523 1662 I am_wtf : [0,1523,system_server,-1,DisplayDeviceConfig,requesting nits when no mapping exists.]
03-14 03:58:33.636 1523 1653 I wm_stop_activity: [0,185896118,com.android.packageinstaller/.DeleteStagedFileOnResult]
03-14 03:58:33.636 1523 1653 I wm_stop_activity: [0,123763887,com.android.packageinstaller/.PackageInstallerActivity]
03-14 03:58:33.637 1523 1653 I wm_stop_activity: [0,233904099,com.tencent.android.qqdownloader/com.tencent.pangu.activity.DownloadActivity]
03-14 03:58:33.637 1523 1653 I wm_stop_activity: [0,31544979,com.tencent.android.qqdownloader/com.tencent.pangu.activity.InstallerListenerActivity]
03-14 03:58:33.645 8328 8328 I wm_on_stop_called: [233904099,com.tencent.pangu.activity.DownloadActivity,STOP_ACTIVITY_ITEM]
03-14 03:58:33.645 8328 8328 I wm_on_stop_called: [31544979,com.tencent.pangu.activity.InstallerListenerActivity,STOP_ACTIVITY_ITEM]
03-14 03:58:33.652 1523 2350 E DisplayDeviceConfig: requesting nits when no mapping exists.
03-14 03:58:33.652 1523 2350 E DisplayDeviceConfig: requesting nits when no mapping exists.
03-14 03:58:33.653 1523 1662 I am_wtf : [0,1523,system_server,-1,DisplayDeviceConfig,requesting nits when no mapping exists.]
03-14 03:58:33.653 1523 1662 I am_wtf : [0,1523,system_server,-1,DisplayDeviceConfig,requesting nits when no mapping exists.]
03-14 03:58:33.660 4122 4122 I wm_on_stop_called: [185896118,com.android.packageinstaller.DeleteStagedFileOnResult,STOP_ACTIVITY_ITEM]
03-14 03:58:33.661 4122 4122 I wm_on_stop_called: [123763887,com.android.packageinstaller.PackageInstallerActivity,STOP_ACTIVITY_ITEM]
03-14 03:58:33.669 1523 2350 E DisplayDeviceConfig: requesting nits when no mapping exists.
03-14 03:58:33.669 1523 1662 I am_wtf : [0,1523,system_server,-1,DisplayDeviceConfig,requesting nits when no mapping exists.]
03-14 03:58:33.669 1523 2350 E DisplayDeviceConfig: requesting nits when no mapping exists.
03-14 03:58:33.670 1523 1662 I am_wtf : [0,1523,system_server,-1,DisplayDeviceConfig,requesting nits when no mapping exists.]
03-14 03:58:33.686 1523 2350 E DisplayDeviceConfig: requesting nits when no mapping exists.
03-14 03:58:33.686 1523 2350 E DisplayDeviceConfig: requesting nits when no mapping exists.
03-14 03:58:33.686 1523 1662 I am_wtf : [0,1523,system_server,-1,DisplayDeviceConfig,requesting nits when no mapping exists.]
03-14 03:58:33.687 1523 1662 I am_wtf : [0,1523,system_server,-1,DisplayDeviceConfig,requesting nits when no mapping exists.]
03-14 03:58:33.702 1523 2350 E DisplayDeviceConfig: requesting nits when no mapping exists.
03-14 03:58:33.703 1523 2350 E DisplayDeviceConfig: requesting nits when no mapping exists.
03-14 03:58:33.703 1523 1662 I am_wtf : [0,1523,system_server,-1,DisplayDeviceConfig,requesting nits when no mapping exists.]
03-14 03:58:33.703 1523 1662 I am_wtf : [0,1523,system_server,-1,DisplayDeviceConfig,requesting nits when no mapping exists.]
03-14 03:58:33.719 1523 2350 E DisplayDeviceConfig: requesting nits when no mapping exists.
03-14 03:58:33.719 1523 2350 E DisplayDeviceConfig: requesting nits when no mapping exists.
03-14 03:58:33.719 1523 1662 I am_wtf : [0,1523,system_server,-1,DisplayDeviceConfig,requesting nits when no mapping exists.]
03-14 03:58:33.720 1523 1662 I am_wtf : [0,1523,system_server,-1,DisplayDeviceConfig,requesting nits when no mapping exists.]
03-14 03:58:33.736 1523 2350 E DisplayDeviceConfig: requesting nits when no mapping exists.
03-14 03:58:33.736 1523 2350 E DisplayDeviceConfig: requesting nits when no mapping exists.
03-14 03:58:33.736 1523 1662 I am_wtf : [0,1523,system_server,-1,DisplayDeviceConfig,requesting nits when no mapping exists.]
03-14 03:58:33.736 1523 1662 I am_wtf : [0,1523,system_server,-1,DisplayDeviceConfig,requesting nits when no mapping exists.]
03-14 03:58:33.752 1523 2350 E DisplayDeviceConfig: requesting nits when no mapping exists.
03-14 03:58:33.753 1523 2350 E DisplayDeviceConfig: requesting nits when no mapping exists.
03-14 03:58:33.753 1523 1662 I am_wtf : [0,1523,system_server,-1,DisplayDeviceConfig,requesting nits when no mapping exists.]
03-14 03:58:33.753 1523 1662 I am_wtf : [0,1523,system_server,-1,DisplayDeviceConfig,requesting nits when no mapping exists.]
03-14 03:58:33.769 1523 2350 E DisplayDeviceConfig: requesting nits when no mapping exists.
03-14 03:58:33.769 1523 2350 E DisplayDeviceConfig: requesting nits when no mapping exists.
03-14 03:58:33.769 1523 1662 I am_wtf : [0,1523,system_server,-1,DisplayDeviceConfig,requesting nits when no mapping exists.]
03-14 03:58:33.770 1523 1662 I am_wtf : [0,1523,system_server,-1,DisplayDeviceConfig,requesting nits when no mapping exists.]
03-14 03:58:33.786 1523 2350 E DisplayDeviceConfig: requesting nits when no mapping exists.
03-14 03:58:33.786 1523 2350 E DisplayDeviceConfig: requesting nits when no mapping exists.
03-14 03:58:33.786 1523 1662 I am_wtf : [0,1523,system_server,-1,DisplayDeviceConfig,requesting nits when no mapping exists.]
03-14 03:58:33.786 1523 1662 I am_wtf : [0,1523,system_server,-1,DisplayDeviceConfig,requesting nits when no mapping exists.]
03-14 03:58:33.803 1523 2350 E DisplayDeviceConfig: requesting nits when no mapping exists.
03-14 03:58:33.803 1523 2350 E DisplayDeviceConfig: requesting nits when no mapping exists.
03-14 03:58:33.803 1523 1662 I am_wtf : [0,1523,system_server,-1,DisplayDeviceConfig,requesting nits when no mapping exists.]
03-14 03:58:33.804 1523 1662 I am_wtf : [0,1523,system_server,-1,DisplayDeviceConfig,requesting nits when no mapping exists.]
03-14 03:58:33.819 1523 2350 E DisplayDeviceConfig: requesting nits when no mapping exists.
03-14 03:58:33.820 1523 2350 E DisplayDeviceConfig: requesting nits when no mapping exists.
03-14 03:58:33.820 1523 1662 I am_wtf : [0,1523,system_server,-1,DisplayDeviceConfig,requesting nits when no mapping exists.]
03-14 03:58:33.820 1523 1662 I am_wtf : [0,1523,system_server,-1,DisplayDeviceConfig,requesting nits when no mapping exists.]
03-14 03:58:33.836 1523 2350 E DisplayDeviceConfig: requesting nits when no mapping exists.
03-14 03:58:33.836 1523 2350 E DisplayDeviceConfig: requesting nits when no mapping exists.
03-14 03:58:33.836 1523 1662 I am_wtf : [0,1523,system_server,-1,DisplayDeviceConfig,requesting nits when no mapping exists.]
03-14 03:58:33.837 1523 1662 I am_wtf : [0,1523,system_server,-1,DisplayDeviceConfig,requesting nits when no mapping exists.]
03-14 03:58:33.853 1523 2350 E DisplayDeviceConfig: requesting nits when no mapping exists.
03-14 03:58:33.853 1523 2350 E DisplayDeviceConfig: requesting nits when no mapping exists.
03-14 03:58:33.853 1523 1662 I am_wtf : [0,1523,system_server,-1,DisplayDeviceConfig,requesting nits when no mapping exists.]
03-14 03:58:33.853 1523 1662 I am_wtf : [0,1523,system_server,-1,DisplayDeviceConfig,requesting nits when no mapping exists.]
03-14 03:58:33.869 1523 2350 E DisplayDeviceConfig: requesting nits when no mapping exists.
03-14 03:58:33.869 1523 2350 E DisplayDeviceConfig: requesting nits when no mapping exists.
03-14 03:58:33.869 1523 1662 I am_wtf : [0,1523,system_server,-1,DisplayDeviceConfig,requesting nits when no mapping exists.]
03-14 03:58:33.870 1523 1662 I am_wtf : [0,1523,system_server,-1,DisplayDeviceConfig,requesting nits when no mapping exists.]
03-14 03:58:33.886 1523 2350 E DisplayDeviceConfig: requesting nits when no mapping exists.
03-14 03:58:33.886 1523 2350 E DisplayDeviceConfig: requesting nits when no mapping exists.
03-14 03:58:33.886 1523 1662 I am_wtf : [0,1523,system_server,-1,DisplayDeviceConfig,requesting nits when no mapping exists.]
03-14 03:58:33.886 1523 1662 I am_wtf : [0,1523,system_server,-1,DisplayDeviceConfig,requesting nits when no mapping exists.]
03-14 03:58:33.903 1523 2350 E DisplayDeviceConfig: requesting nits when no mapping exists.
03-14 03:58:33.903 1523 1662 I am_wtf : [0,1523,system_server,-1,DisplayDeviceConfig,requesting nits when no mapping exists.]
03-14 03:58:33.903 1523 2350 E DisplayDeviceConfig: requesting nits when no mapping exists.
03-14 03:58:33.903 1523 1662 I am_wtf : [0,1523,system_server,-1,DisplayDeviceConfig,requesting nits when no mapping exists.]
03-14 03:58:33.919 1523 2350 E DisplayDeviceConfig: requesting nits when no mapping exists.
03-14 03:58:33.920 1523 2350 E DisplayDeviceConfig: requesting nits when no mapping exists.
03-14 03:58:33.920 1523 1662 I am_wtf : [0,1523,system_server,-1,DisplayDeviceConfig,requesting nits when no mapping exists.]
03-14 03:58:33.920 1523 1662 I am_wtf : [0,1523,system_server,-1,DisplayDeviceConfig,requesting nits when no mapping exists.]
03-14 03:58:33.936 1523 2350 E DisplayDeviceConfig: requesting nits when no mapping exists.
03-14 03:58:33.936 1523 2350 E DisplayDeviceConfig: requesting nits when no mapping exists.
03-14 03:58:33.936 1523 1662 I am_wtf : [0,1523,system_server,-1,DisplayDeviceConfig,requesting nits when no mapping exists.]
03-14 03:58:33.936 1523 1662 I am_wtf : [0,1523,system_server,-1,DisplayDeviceConfig,requesting nits when no mapping exists.]
03-14 03:58:33.953 1523 2350 E DisplayDeviceConfig: requesting nits when no mapping exists.
03-14 03:58:33.953 1523 2350 E DisplayDeviceConfig: requesting nits when no mapping exists.
03-14 03:58:33.953 1523 1662 I am_wtf : [0,1523,system_server,-1,DisplayDeviceConfig,requesting nits when no mapping exists.]
03-14 03:58:33.953 1523 1662 I am_wtf : [0,1523,system_server,-1,DisplayDeviceConfig,requesting nits when no mapping exists.]
03-14 03:58:33.970 1523 2350 E DisplayDeviceConfig: requesting nits when no mapping exists.
03-14 03:58:33.970 1523 2350 E DisplayDeviceConfig: requesting nits when no mapping exists.
03-14 03:58:33.970 1523 1662 I am_wtf : [0,1523,system_server,-1,DisplayDeviceConfig,requesting nits when no mapping exists.]
03-14 03:58:33.970 1523 1662 I am_wtf : [0,1523,system_server,-1,DisplayDeviceConfig,requesting nits when no mapping exists.]
03-14 03:58:33.986 1523 2350 E DisplayDeviceConfig: requesting nits when no mapping exists.
03-14 03:58:33.986 1523 2350 E DisplayDeviceConfig: requesting nits when no mapping exists.
03-14 03:58:33.986 1523 1662 I am_wtf : [0,1523,system_server,-1,DisplayDeviceConfig,requesting nits when no mapping exists.]
03-14 03:58:33.987 1523 1662 I am_wtf : [0,1523,system_server,-1,DisplayDeviceConfig,requesting nits when no mapping exists.]
03-14 03:58:34.003 1523 2350 E DisplayDeviceConfig: requesting nits when no mapping exists.
03-14 03:58:34.003 1523 2350 E DisplayDeviceConfig: requesting nits when no mapping exists.
03-14 03:58:34.003 1523 1662 I am_wtf : [0,1523,system_server,-1,DisplayDeviceConfig,requesting nits when no mapping exists.]
03-14 03:58:34.003 1523 1662 I am_wtf : [0,1523,system_server,-1,DisplayDeviceConfig,requesting nits when no mapping exists.]
03-14 03:58:34.020 1523 2350 E DisplayDeviceConfig: requesting nits when no mapping exists.
03-14 03:58:34.020 1523 2350 E DisplayDeviceConfig: requesting nits when no mapping exists.
03-14 03:58:34.020 1523 1662 I am_wtf : [0,1523,system_server,-1,DisplayDeviceConfig,requesting nits when no mapping exists.]
03-14 03:58:34.020 1523 1662 I am_wtf : [0,1523,system_server,-1,DisplayDeviceConfig,requesting nits when no mapping exists.]
03-14 03:58:34.036 1523 2350 E DisplayDeviceConfig: requesting nits when no mapping exists.
03-14 03:58:34.036 1523 2350 E DisplayDeviceConfig: requesting nits when no mapping exists.
03-14 03:58:34.036 1523 1662 I am_wtf : [0,1523,system_server,-1,DisplayDeviceConfig,requesting nits when no mapping exists.]
03-14 03:58:34.037 1523 1662 I am_wtf : [0,1523,system_server,-1,DisplayDeviceConfig,requesting nits when no mapping exists.]
03-14 03:58:34.053 1523 2350 E DisplayDeviceConfig: requesting nits when no mapping exists.
03-14 03:58:34.053 1523 2350 E DisplayDeviceConfig: requesting nits when no mapping exists.
03-14 03:58:34.053 1523 1662 I am_wtf : [0,1523,system_server,-1,DisplayDeviceConfig,requesting nits when no mapping exists.]
03-14 03:58:34.054 1523 1662 I am_wtf : [0,1523,system_server,-1,DisplayDeviceConfig,requesting nits when no mapping exists.]
03-14 03:58:34.070 1523 2350 E DisplayDeviceConfig: requesting nits when no mapping exists.
03-14 03:58:34.070 1523 2350 E DisplayDeviceConfig: requesting nits when no mapping exists.
03-14 03:58:34.070 1523 1662 I am_wtf : [0,1523,system_server,-1,DisplayDeviceConfig,requesting nits when no mapping exists.]
03-14 03:58:34.070 1523 1662 I am_wtf : [0,1523,system_server,-1,DisplayDeviceConfig,requesting nits when no mapping exists.]
03-14 03:58:34.086 1523 2350 E DisplayDeviceConfig: requesting nits when no mapping exists.
03-14 03:58:34.087 1523 2350 E DisplayDeviceConfig: requesting nits when no mapping exists.
03-14 03:58:34.087 1523 1662 I am_wtf : [0,1523,system_server,-1,DisplayDeviceConfig,requesting nits when no mapping exists.]
03-14 03:58:34.087 1523 1662 I am_wtf : [0,1523,system_server,-1,DisplayDeviceConfig,requesting nits when no mapping exists.]
03-14 03:58:34.103 1523 2350 E DisplayDeviceConfig: requesting nits when no mapping exists.
03-14 03:58:34.103 1523 2350 E DisplayDeviceConfig: requesting nits when no mapping exists.
03-14 03:58:34.103 1523 1662 I am_wtf : [0,1523,system_server,-1,DisplayDeviceConfig,requesting nits when no mapping exists.]
03-14 03:58:34.104 1523 1662 I am_wtf : [0,1523,system_server,-1,DisplayDeviceConfig,requesting nits when no mapping exists.]
03-14 03:58:34.192 1523 2295 I netstats_mobile_sample: [0,0,0,0,0,0,0,0,0,0,0,0,1678737514192]
03-14 03:58:34.192 1523 2295 I netstats_wifi_sample: [910916629,686049,12511365,198302,910916629,686049,12511365,198302,912002780,692941,12031491,196929,1678737514192]
03-14 03:58:34.655 0 0 I auditd : type=1400 audit(0.0:1996): avc: denied { kill } for comm="swapper/6" capability=5 scontext=u:r:kernel:s0 tcontext=u:r:kernel:s0 tclass=capability permissive=0
03-14 03:58:35.173 8290 9491 W PackageParsing: Unknown element under : supports-gl-texture at /storage/emulated/0/Android/data/com.tencent.android.qqdownloader/files/tassistant/apk/com.baidu.searchbox_116655488.apk Binary XML file line #183
03-14 03:58:35.173 8290 9491 W PackageParsing: Unknown element under : supports-gl-texture at /storage/emulated/0/Android/data/com.tencent.android.qqdownloader/files/tassistant/apk/com.baidu.searchbox_116655488.apk Binary XML file line #184
03-14 03:58:35.181 8290 9491 W PackageParsing: No actions in intent-filter at /storage/emulated/0/Android/data/com.tencent.android.qqdownloader/files/tassistant/apk/com.baidu.searchbox_116655488.apk Binary XML file line #2051
03-14 03:58:35.181 8290 9491 W PackageParsing: No actions in intent-filter at /storage/emulated/0/Android/data/com.tencent.android.qqdownloader/files/tassistant/apk/com.baidu.searchbox_116655488.apk Binary XML file line #2080
03-14 03:58:35.190 8290 9491 W PackageParsing: No actions in intent-filter at /storage/emulated/0/Android/data/com.tencent.android.qqdownloader/files/tassistant/apk/com.baidu.searchbox_116655488.apk Binary XML file line #4523
03-14 03:58:35.199 1523 1523 I notification_enqueue: [10093,8328,com.tencent.android.qqdownloader,101,NULL,0,Notification(channel=channel_id_default_silent shortcut=null contentView=null vibrate=null sound=null tick defaults=0x0 flags=0x240 color=0x00000000 groupKey=com.tencent.android.qqdownloader vis=PRIVATE),1]
03-14 03:58:35.202 8290 9491 W PackageParsing: No actions in intent-filter at /storage/emulated/0/Android/data/com.tencent.android.qqdownloader/files/tassistant/apk/com.baidu.searchbox_116655488.apk Binary XML file line #8542
03-14 03:58:35.203 8290 9491 W PackageParsing: No actions in intent-filter at /storage/emulated/0/Android/data/com.tencent.android.qqdownloader/files/tassistant/apk/com.baidu.searchbox_116655488.apk Binary XML file line #9057
03-14 03:58:35.205 8328 8964 W PackageParsing: Unknown element under : supports-gl-texture at /storage/emulated/0/Android/data/com.tencent.android.qqdownloader/files/tassistant/apk/com.baidu.searchbox_116655488.apk Binary XML file line #183
03-14 03:58:35.205 8328 8964 W PackageParsing: Unknown element under : supports-gl-texture at /storage/emulated/0/Android/data/com.tencent.android.qqdownloader/files/tassistant/apk/com.baidu.searchbox_116655488.apk Binary XML file line #184
03-14 03:58:35.209 8328 8429 W PackageParsing: Unknown element under : supports-gl-texture at /storage/emulated/0/Android/data/com.tencent.android.qqdownloader/files/tassistant/apk/com.baidu.searchbox_116655488.apk Binary XML file line #183
03-14 03:58:35.209 8328 8429 W PackageParsing: Unknown element under : supports-gl-texture at /storage/emulated/0/Android/data/com.tencent.android.qqdownloader/files/tassistant/apk/com.baidu.searchbox_116655488.apk Binary XML file line #184
03-14 03:58:35.212 8328 8964 W PackageParsing: No actions in intent-filter at /storage/emulated/0/Android/data/com.tencent.android.qqdownloader/files/tassistant/apk/com.baidu.searchbox_116655488.apk Binary XML file line #2051
03-14 03:58:35.212 8328 8964 W PackageParsing: No actions in intent-filter at /storage/emulated/0/Android/data/com.tencent.android.qqdownloader/files/tassistant/apk/com.baidu.searchbox_116655488.apk Binary XML file line #2080
03-14 03:58:35.217 8328 8429 W PackageParsing: No actions in intent-filter at /storage/emulated/0/Android/data/com.tencent.android.qqdownloader/files/tassistant/apk/com.baidu.searchbox_116655488.apk Binary XML file line #2051
03-14 03:58:35.217 8328 8429 W PackageParsing: No actions in intent-filter at /storage/emulated/0/Android/data/com.tencent.android.qqdownloader/files/tassistant/apk/com.baidu.searchbox_116655488.apk Binary XML file line #2080
03-14 03:58:35.217 8290 9491 W PackageParsing: Unknown element under : supports-gl-texture at /storage/emulated/0/Android/data/com.tencent.android.qqdownloader/files/tassistant/apk/com.baidu.searchbox_116655488.apk Binary XML file line #183
03-14 03:58:35.217 8290 9491 W PackageParsing: Unknown element under : supports-gl-texture at /storage/emulated/0/Android/data/com.tencent.android.qqdownloader/files/tassistant/apk/com.baidu.searchbox_116655488.apk Binary XML file line #184
03-14 03:58:35.220 8328 8964 W PackageParsing: No actions in intent-filter at /storage/emulated/0/Android/data/com.tencent.android.qqdownloader/files/tassistant/apk/com.baidu.searchbox_116655488.apk Binary XML file line #4523
03-14 03:58:35.221 8290 9491 W PackageParsing: No actions in intent-filter at /storage/emulated/0/Android/data/com.tencent.android.qqdownloader/files/tassistant/apk/com.baidu.searchbox_116655488.apk Binary XML file line #2051
03-14 03:58:35.222 8290 9491 W PackageParsing: No actions in intent-filter at /storage/emulated/0/Android/data/com.tencent.android.qqdownloader/files/tassistant/apk/com.baidu.searchbox_116655488.apk Binary XML file line #2080
03-14 03:58:35.225 8328 8429 W PackageParsing: No actions in intent-filter at /storage/emulated/0/Android/data/com.tencent.android.qqdownloader/files/tassistant/apk/com.baidu.searchbox_116655488.apk Binary XML file line #4523
03-14 03:58:35.227 8290 9491 W PackageParsing: No actions in intent-filter at /storage/emulated/0/Android/data/com.tencent.android.qqdownloader/files/tassistant/apk/com.baidu.searchbox_116655488.apk Binary XML file line #4523
03-14 03:58:35.236 8328 8964 W PackageParsing: No actions in intent-filter at /storage/emulated/0/Android/data/com.tencent.android.qqdownloader/files/tassistant/apk/com.baidu.searchbox_116655488.apk Binary XML file line #8542
03-14 03:58:35.236 8290 9491 W PackageParsing: No actions in intent-filter at /storage/emulated/0/Android/data/com.tencent.android.qqdownloader/files/tassistant/apk/com.baidu.searchbox_116655488.apk Binary XML file line #8542
03-14 03:58:35.237 8328 8964 W PackageParsing: No actions in intent-filter at /storage/emulated/0/Android/data/com.tencent.android.qqdownloader/files/tassistant/apk/com.baidu.searchbox_116655488.apk Binary XML file line #9057
03-14 03:58:35.237 8290 9491 W PackageParsing: No actions in intent-filter at /storage/emulated/0/Android/data/com.tencent.android.qqdownloader/files/tassistant/apk/com.baidu.searchbox_116655488.apk Binary XML file line #9057
03-14 03:58:35.240 8328 8429 W PackageParsing: No actions in intent-filter at /storage/emulated/0/Android/data/com.tencent.android.qqdownloader/files/tassistant/apk/com.baidu.searchbox_116655488.apk Binary XML file line #8542
03-14 03:58:35.242 8328 8429 W PackageParsing: No actions in intent-filter at /storage/emulated/0/Android/data/com.tencent.android.qqdownloader/files/tassistant/apk/com.baidu.searchbox_116655488.apk Binary XML file line #9057
03-14 03:58:35.247 8290 9491 W PackageParsing: Unknown element under : supports-gl-texture at /storage/emulated/0/Android/data/com.tencent.android.qqdownloader/files/tassistant/apk/com.baidu.searchbox_116655488.apk Binary XML file line #183
03-14 03:58:35.247 8290 9491 W PackageParsing: Unknown element under : supports-gl-texture at /storage/emulated/0/Android/data/com.tencent.android.qqdownloader/files/tassistant/apk/com.baidu.searchbox_116655488.apk Binary XML file line #184
03-14 03:58:35.252 8290 9491 W PackageParsing: No actions in intent-filter at /storage/emulated/0/Android/data/com.tencent.android.qqdownloader/files/tassistant/apk/com.baidu.searchbox_116655488.apk Binary XML file line #2051
03-14 03:58:35.252 8290 9491 W PackageParsing: No actions in intent-filter at /storage/emulated/0/Android/data/com.tencent.android.qqdownloader/files/tassistant/apk/com.baidu.searchbox_116655488.apk Binary XML file line #2080
03-14 03:58:35.258 8290 9491 W PackageParsing: No actions in intent-filter at /storage/emulated/0/Android/data/com.tencent.android.qqdownloader/files/tassistant/apk/com.baidu.searchbox_116655488.apk Binary XML file line #4523
03-14 03:58:35.268 8290 9491 W PackageParsing: No actions in intent-filter at /storage/emulated/0/Android/data/com.tencent.android.qqdownloader/files/tassistant/apk/com.baidu.searchbox_116655488.apk Binary XML file line #8542
03-14 03:58:35.269 8290 9491 W PackageParsing: No actions in intent-filter at /storage/emulated/0/Android/data/com.tencent.android.qqdownloader/files/tassistant/apk/com.baidu.searchbox_116655488.apk Binary XML file line #9057
03-14 03:58:35.283 8290 9491 W PackageParsing: Unknown element under : supports-gl-texture at /storage/emulated/0/Android/data/com.tencent.android.qqdownloader/files/tassistant/apk/com.baidu.searchbox_116655488.apk Binary XML file line #183
03-14 03:58:35.283 8290 9491 W PackageParsing: Unknown element under : supports-gl-texture at /storage/emulated/0/Android/data/com.tencent.android.qqdownloader/files/tassistant/apk/com.baidu.searchbox_116655488.apk Binary XML file line #184
03-14 03:58:35.287 8290 9491 W PackageParsing: No actions in intent-filter at /storage/emulated/0/Android/data/com.tencent.android.qqdownloader/files/tassistant/apk/com.baidu.searchbox_116655488.apk Binary XML file line #2051
03-14 03:58:35.287 8290 9491 W PackageParsing: No actions in intent-filter at /storage/emulated/0/Android/data/com.tencent.android.qqdownloader/files/tassistant/apk/com.baidu.searchbox_116655488.apk Binary XML file line #2080
03-14 03:58:35.292 8290 9491 W PackageParsing: No actions in intent-filter at /storage/emulated/0/Android/data/com.tencent.android.qqdownloader/files/tassistant/apk/com.baidu.searchbox_116655488.apk Binary XML file line #4523
03-14 03:58:35.302 8290 9491 W PackageParsing: No actions in intent-filter at /storage/emulated/0/Android/data/com.tencent.android.qqdownloader/files/tassistant/apk/com.baidu.searchbox_116655488.apk Binary XML file line #8542
