03-14 04:11:43.907 1523 1661 W VoiceInteractionManager: no available voice recognition services found for user 0
03-14 04:11:43.923 1523 2438 I wm_task_moved: [20,1,8]
03-14 04:11:43.923 1523 2438 I wm_set_resumed_activity: [0,com.android.packageinstaller/.InstallInstalling,positionChildAt]
03-14 04:11:43.923 1523 2438 I wm_create_activity: [0,260768288,20,com.android.packageinstaller/.InstallSuccess,NULL,NULL,file:///data/user_de/0/com.android.packageinstaller/no_backup/package3406435459678609990.apk,33554432]
03-14 04:11:43.925 1523 2438 I wm_pause_activity: [0,12762243,com.android.packageinstaller/.InstallInstalling,userLeaving=true,resumeTopActivityInnerLocked]
03-14 04:11:43.929 1523 2953 I wm_finish_activity: [0,12762243,20,com.android.packageinstaller/.InstallInstalling,app-request]
03-14 04:11:43.929 4122 4122 I wm_on_top_resumed_lost_called: [12762243,com.android.packageinstaller.InstallInstalling,topStateChangedWhenResumed]
03-14 04:11:43.931 4122 4122 I wm_on_paused_called: [12762243,com.android.packageinstaller.InstallInstalling,performPause]
03-14 04:11:43.932 1523 7580 I wm_add_to_stopping: [0,12762243,com.android.packageinstaller/.InstallInstalling,completeFinishing]
03-14 04:11:43.932 1523 7580 I ActivityTaskManager: FOREGROUND_APPLICATION_CHANGED to com.android.packageinstaller.InstallSuccess
03-14 04:11:43.933 1523 7580 I ActivityTaskManager: The Process com.android.packageinstaller Already Exists in BG. So sending its PID: 4122
03-14 04:11:43.936 1523 7580 W ActivityTaskManager: Tried to set launchTime (0) < mLastActivityLaunchTime (1246820)
03-14 04:11:43.943 1523 7580 I wm_restart_activity: [0,260768288,20,com.android.packageinstaller/.InstallSuccess]
03-14 04:11:43.949 1523 7580 I wm_set_resumed_activity: [0,com.android.packageinstaller/.InstallSuccess,minimalResumeActivityLocked]
03-14 04:11:43.963 1523 1653 I sysui_multi_action: [757,803,799,window_time_0,802,7]
03-14 04:11:43.971 1523 1996 I input_focus: [Focus leaving 737ed18 com.android.packageinstaller/com.android.packageinstaller.InstallInstalling (server),reason=NO_WINDOW]
03-14 04:11:43.983 1523 1661 W VoiceInteractionManager: no available voice recognition services found for user 0
03-14 04:11:43.983 4122 4122 I wm_on_create_called: [260768288,com.android.packageinstaller.InstallSuccess,performCreate]
03-14 04:11:43.983 4122 4122 I wm_on_start_called: [260768288,com.android.packageinstaller.InstallSuccess,handleStartActivity]
03-14 04:11:43.986 4122 4122 I wm_on_resume_called: [260768288,com.android.packageinstaller.InstallSuccess,RESUME_ACTIVITY]
03-14 04:11:43.988 4122 4122 I wm_on_top_resumed_gained_called: [260768288,com.android.packageinstaller.InstallSuccess,topStateChangedWhenResumed]
03-14 04:11:44.000 1523 1523 I notification_enqueue: [10093,8328,com.tencent.android.qqdownloader,2608,NULL,0,Notification(channel=channel_id_default_silent shortcut=null contentView=null vibrate=null sound=null tick defaults=0x0 flags=0x210 color=0x00000000 groupKey=com.tencent.android.qqdownloader vis=PRIVATE),0]
03-14 04:11:44.017 1523 1654 I input_focus: [Focus request 63a1c68 com.android.packageinstaller/com.android.packageinstaller.InstallSuccess,reason=UpdateInputWindows]
03-14 04:11:44.032 1523 1650 I wm_activity_launch_time: [0,260768288,com.android.packageinstaller/.InstallSuccess,128]
03-14 04:11:44.032 1523 1653 I wm_destroy_activity: [0,12762243,20,com.android.packageinstaller/.InstallInstalling,finish-imm:transit]
03-14 04:11:44.041 1523 1996 I input_focus: [Focus entering 63a1c68 com.android.packageinstaller/com.android.packageinstaller.InstallSuccess (server),reason=Window became focusable. Previous reason: NOT_VISIBLE]
03-14 04:11:44.044 4122 4122 I wm_on_stop_called: [12762243,com.android.packageinstaller.InstallInstalling,LIFECYCLER_STOP_ACTIVITY]
03-14 04:11:44.044 4122 4122 I wm_on_destroy_called: [12762243,com.android.packageinstaller.InstallInstalling,performDestroy]
03-14 04:11:44.052 1523 8272 W FreeFormWindowHelper: Current Display FreeFormTask is null
03-14 04:11:44.200 1523 1523 I GameModeConfig: isGameModeOn = false
03-14 04:11:44.263 1523 2461 W WindowManager: Unable to start animation, surface is null or no children.
03-14 04:11:44.277 1523 1523 W NotificationService: Removed summary didn't match old notification: old=0|com.tencent.android.qqdownloader|127|null|10093, removed=0|com.tencent.android.qqdownloader|2608|null|10093
03-14 04:11:44.278 1523 1523 I notification_enqueue: [10093,8290,com.tencent.android.qqdownloader,127,NULL,0,Notification(channel=channel_id_default_silent shortcut=null contentView=com.tencent.android.qqdownloader/0x7f0a01c2 vibrate=null sound=null defaults=0x0 flags=0x2a0 color=0x00000000 groupKey=com.tencent.android.qqdownloader vis=PRIVATE),1]
03-14 04:11:44.412 8290 8290 E ActivityThread: Failed to find provider info for com.android.badge
03-14 04:11:44.468 8290 8290 E ActivityThread: Failed to find provider info for com.android.badge
03-14 04:11:44.474 8290 8290 E ActivityThread: Failed to find provider info for com.android.badge
03-14 04:11:44.479 1523 1523 I GameModeConfig: isGameModeOn = false
03-14 04:11:44.625 8290 8290 E ActivityThread: Failed to find provider info for com.android.badge
03-14 04:11:44.632 8290 8290 E ActivityThread: Failed to find provider info for com.android.badge
03-14 04:11:44.644 8290 8290 E ActivityThread: Failed to find provider info for com.android.badge
03-14 04:11:44.655 0 0 I auditd : type=1400 audit(0.0:2835): avc: denied { kill } for comm="swapper/3" capability=5 scontext=u:r:kernel:s0 tcontext=u:r:kernel:s0 tclass=capability permissive=0
03-14 04:11:45.283 1523 1523 I notification_enqueue: [10093,8290,com.tencent.android.qqdownloader,127,NULL,0,Notification(channel=channel_id_default_silent shortcut=null contentView=com.tencent.android.qqdownloader/0x7f0a01c2 vibrate=null sound=null defaults=0x0 flags=0x2a0 color=0x00000000 groupKey=com.tencent.android.qqdownloader vis=PRIVATE),1]
03-14 04:11:45.485 1523 1523 I GameModeConfig: isGameModeOn = false
03-14 04:11:45.655 0 0 I auditd : type=1400 audit(0.0:2836): avc: denied { kill } for comm="swapper/3" capability=5 scontext=u:r:kernel:s0 tcontext=u:r:kernel:s0 tclass=capability permissive=0
03-14 04:11:46.294 1523 1523 I notification_enqueue: [10093,8290,com.tencent.android.qqdownloader,127,NULL,0,Notification(channel=channel_id_default_silent shortcut=null contentView=com.tencent.android.qqdownloader/0x7f0a01c2 vibrate=null sound=null defaults=0x0 flags=0x2a0 color=0x00000000 groupKey=com.tencent.android.qqdownloader vis=PRIVATE),1]
03-14 04:11:46.497 1523 1523 I GameModeConfig: isGameModeOn = false
03-14 04:11:46.655 0 0 I auditd : type=1400 audit(0.0:2837): avc: denied { kill } for comm="swapper/3" capability=5 scontext=u:r:kernel:s0 tcontext=u:r:kernel:s0 tclass=capability permissive=0
03-14 04:11:47.305 1523 1523 I notification_enqueue: [10093,8290,com.tencent.android.qqdownloader,127,NULL,0,Notification(channel=channel_id_default_silent shortcut=null contentView=com.tencent.android.qqdownloader/0x7f0a01c2 vibrate=null sound=null defaults=0x0 flags=0x2a0 color=0x00000000 groupKey=com.tencent.android.qqdownloader vis=PRIVATE),1]
03-14 04:11:47.508 1523 1523 I GameModeConfig: isGameModeOn = false
03-14 04:11:47.655 0 0 I auditd : type=1400 audit(0.0:2838): avc: denied { kill } for comm="swapper/3" capability=5 scontext=u:r:kernel:s0 tcontext=u:r:kernel:s0 tclass=capability permissive=0
03-14 04:11:47.771 1523 8272 W NotificationService: Toast already killed. pkg=com.tencent.android.qqdownloader token=android.os.BinderProxy@5c55686
03-14 04:11:48.381 1523 1523 W WindowManager: removeWindowToken: Attempted to remove non-existing token: android.os.Binder@6274e17
03-14 04:11:49.242 1523 1662 I am_uid_idle: 10049
03-14 04:11:49.655 0 0 I auditd : type=1400 audit(0.0:2839): avc: denied { kill } for comm="swapper/3" capability=5 scontext=u:r:kernel:s0 tcontext=u:r:kernel:s0 tclass=capability permissive=0
03-14 04:11:49.991 1523 2311 I GameModeConfig: isGameModeOn = false
03-14 04:11:50.655 0 0 I auditd : type=1400 audit(0.0:2840): avc: denied { kill } for comm="swapper/3" capability=5 scontext=u:r:kernel:s0 tcontext=u:r:kernel:s0 tclass=capability permissive=0
03-14 04:11:51.655 0 0 I auditd : type=1400 audit(0.0:2841): avc: denied { kill } for comm="swapper/3" capability=5 scontext=u:r:kernel:s0 tcontext=u:r:kernel:s0 tclass=capability permissive=0
01-01 12:54:01.547 0 0 I msm_vidc: err : ffffffff: .....: DBLP Set: status 0
03-14 04:11:52.655 0 0 I auditd : type=1400 audit(0.0:2842): avc: denied { kill } for comm="swapper/3" capability=5 scontext=u:r:kernel:s0 tcontext=u:r:kernel:s0 tclass=capability permissive=0
03-14 04:11:53.655 0 0 I auditd : type=1400 audit(0.0:2843): avc: denied { kill } for comm="swapper/3" capability=5 scontext=u:r:kernel:s0 tcontext=u:r:kernel:s0 tclass=capability permissive=0
03-14 04:11:53.930 1523 1661 I am_pss : [10622,10090,com.android.permissioncontroller,13827072,10600448,68608,98631680,0,6,12]
03-14 04:11:54.655 0 0 I auditd : type=1400 audit(0.0:2844): avc: denied { kill } for comm="swapper/3" capability=5 scontext=u:r:kernel:s0 tcontext=u:r:kernel:s0 tclass=capability permissive=0
03-14 04:11:55.655 0 0 I auditd : type=1400 audit(0.0:2845): avc: denied { kill } for comm="swapper/3" capability=5 scontext=u:r:kernel:s0 tcontext=u:r:kernel:s0 tclass=capability permissive=0
03-14 04:11:57.655 0 0 I auditd : type=1400 audit(0.0:2846): avc: denied { kill } for comm="swapper/3" capability=5 scontext=u:r:kernel:s0 tcontext=u:r:kernel:s0 tclass=capability permissive=0
03-14 04:11:58.655 0 0 I auditd : type=1400 audit(0.0:2847): avc: denied { kill } for comm="swapper/3" capability=5 scontext=u:r:kernel:s0 tcontext=u:r:kernel:s0 tclass=capability permissive=0
03-14 04:11:58.763 1523 1523 W WindowManager: removeWindowToken: Attempted to remove non-existing token: android.os.Binder@613ae57
03-14 04:11:59.655 0 0 I auditd : type=1400 audit(0.0:2848): avc: denied { kill } for comm="swapper/3" capability=5 scontext=u:r:kernel:s0 tcontext=u:r:kernel:s0 tclass=capability permissive=0
03-14 04:12:00.655 0 0 I auditd : type=1400 audit(0.0:2849): avc: denied { kill } for comm="swapper/3" capability=5 scontext=u:r:kernel:s0 tcontext=u:r:kernel:s0 tclass=capability permissive=0
03-14 04:12:01.655 0 0 I auditd : type=1400 audit(0.0:2850): avc: denied { kill } for comm="swapper/3" capability=5 scontext=u:r:kernel:s0 tcontext=u:r:kernel:s0 tclass=capability permissive=0
01-01 12:54:11.563 0 0 I msm_vidc: err : ffffffff: .....: DBLP Set: status 0
03-14 04:12:02.655 0 0 I auditd : type=1400 audit(0.0:2851): avc: denied { kill } for comm="swapper/3" capability=5 scontext=u:r:kernel:s0 tcontext=u:r:kernel:s0 tclass=capability permissive=0
03-14 04:12:03.277 1523 1996 I input_interaction: Interaction with: 63a1c68 com.android.packageinstaller/com.android.packageinstaller.InstallSuccess (server), edge-swipe (server), swipe-up (server), PointerEventDispatcher0 (server),
03-14 04:12:03.655 0 0 I auditd : type=1400 audit(0.0:2852): avc: denied { kill } for comm="swapper/3" capability=5 scontext=u:r:kernel:s0 tcontext=u:r:kernel:s0 tclass=capability permissive=0
03-14 04:12:04.035 1523 2369 I wm_finish_activity: [0,260768288,20,com.android.packageinstaller/.InstallSuccess,app-request]
03-14 04:12:04.063 1523 2369 I wm_pause_activity: [0,260768288,com.android.packageinstaller/.InstallSuccess,userLeaving=false,finish]
03-14 04:12:04.075 4122 4122 I wm_on_top_resumed_lost_called: [260768288,com.android.packageinstaller.InstallSuccess,topStateChangedWhenResumed]
03-14 04:12:04.076 4122 4122 I wm_on_paused_called: [260768288,com.android.packageinstaller.InstallSuccess,performPause]
03-14 04:12:04.076 1523 2461 I wm_add_to_stopping: [0,260768288,com.android.packageinstaller/.InstallSuccess,completeFinishing]
03-14 04:12:04.077 1523 2461 I ActivityTaskManager: FOREGROUND_APPLICATION_CHANGED to com.android.packageinstaller.DeleteStagedFileOnResult
03-14 04:12:04.081 1523 2461 I wm_set_resumed_activity: [0,com.android.packageinstaller/.DeleteStagedFileOnResult,resumeTopActivityInnerLocked]
03-14 04:12:04.084 1523 2461 I wm_resume_activity: [0,234770862,20,com.android.packageinstaller/.DeleteStagedFileOnResult]
03-14 04:12:04.097 1523 1654 I input_focus: [Focus request f82f69d com.android.packageinstaller/com.android.packageinstaller.DeleteStagedFileOnResult,reason=UpdateInputWindows]
03-14 04:12:04.097 1523 1653 I sysui_multi_action: [757,803,799,window_time_0,802,21]
03-14 04:12:04.101 1523 1653 I wm_destroy_activity: [0,260768288,20,com.android.packageinstaller/.InstallSuccess,finish-imm:transit]
03-14 04:12:04.102 1523 2461 I wm_finish_activity: [0,234770862,20,com.android.packageinstaller/.DeleteStagedFileOnResult,app-request]
03-14 04:12:04.105 1523 1996 I input_focus: [Focus leaving 63a1c68 com.android.packageinstaller/com.android.packageinstaller.InstallSuccess (server),reason=NO_WINDOW]
03-14 04:12:04.105 1523 1996 I input_focus: [Focus entering f82f69d com.android.packageinstaller/com.android.packageinstaller.DeleteStagedFileOnResult (server),reason=setFocusedWindow]
03-14 04:12:04.107 1523 1661 I am_pss : [4122,10031,com.android.packageinstaller,92094464,72503296,7051264,180645888,0,2,8]
03-14 04:12:04.118 1523 2461 I wm_pause_activity: [0,234770862,com.android.packageinstaller/.DeleteStagedFileOnResult,userLeaving=false,finish]
03-14 04:12:04.121 4122 4122 I wm_on_activity_result_called: [234770862,com.android.packageinstaller.DeleteStagedFileOnResult,ACTIVITY_RESULT]
03-14 04:12:04.127 4122 4122 I wm_on_stop_called: [260768288,com.android.packageinstaller.InstallSuccess,LIFECYCLER_STOP_ACTIVITY]
03-14 04:12:04.128 4122 4122 I wm_on_destroy_called: [260768288,com.android.packageinstaller.InstallSuccess,performDestroy]
03-14 04:12:04.136 1523 8272 I wm_set_resumed_activity: [0,com.android.packageinstaller/.DeleteStagedFileOnResult,resumeTopActivityInnerLocked]
03-14 04:12:04.136 1523 1996 I input_focus: [Focus leaving f82f69d com.android.packageinstaller/com.android.packageinstaller.DeleteStagedFileOnResult (server),reason=NO_WINDOW]
03-14 04:12:04.137 1523 8272 I wm_resume_activity: [0,102823060,20,com.android.packageinstaller/.DeleteStagedFileOnResult]
03-14 04:12:04.154 1523 1654 I input_focus: [Focus request 5627e39 com.android.packageinstaller/com.android.packageinstaller.DeleteStagedFileOnResult,reason=UpdateInputWindows]
03-14 04:12:04.155 1523 8272 I wm_finish_activity: [0,102823060,20,com.android.packageinstaller/.DeleteStagedFileOnResult,app-request]
03-14 04:12:04.163 1523 8272 I wm_pause_activity: [0,102823060,com.android.packageinstaller/.DeleteStagedFileOnResult,userLeaving=false,finish]
03-14 04:12:04.165 4122 4122 I wm_on_activity_result_called: [102823060,com.android.packageinstaller.DeleteStagedFileOnResult,ACTIVITY_RESULT]
03-14 04:12:04.166 1523 1653 I sysui_multi_action: [757,803,799,window_time_0,802,0]
03-14 04:12:04.173 1523 2461 I ActivityTaskManager: FOREGROUND_APPLICATION_CHANGED to com.android.packageinstaller.PackageInstallerActivity
03-14 04:12:04.175 1523 1996 I input_focus: [Focus entering 5627e39 com.android.packageinstaller/com.android.packageinstaller.DeleteStagedFileOnResult (server),reason=setFocusedWindow]
03-14 04:12:04.175 1523 2461 I wm_set_resumed_activity: [0,com.android.packageinstaller/.PackageInstallerActivity,resumeTopActivityInnerLocked]
03-14 04:12:04.177 1523 2461 I wm_resume_activity: [0,123763887,20,com.android.packageinstaller/.PackageInstallerActivity]
03-14 04:12:04.184 1523 1654 I input_focus: [Focus request 9db496c com.android.packageinstaller/com.android.packageinstaller.PackageInstallerActivity,reason=UpdateInputWindows]
03-14 04:12:04.186 1523 1653 I sysui_multi_action: [757,803,799,window_time_0,802,0]
03-14 04:12:04.189 4122 4122 I wm_on_resume_called: [123763887,com.android.packageinstaller.PackageInstallerActivity,RESUME_ACTIVITY]
03-14 04:12:04.189 4122 4122 I wm_on_top_resumed_gained_called: [123763887,com.android.packageinstaller.PackageInstallerActivity,topWhenResuming]
03-14 04:12:04.192 1523 1996 I input_focus: [Focus leaving 5627e39 com.android.packageinstaller/com.android.packageinstaller.DeleteStagedFileOnResult (server),reason=NO_WINDOW]
03-14 04:12:04.203 1523 1996 I input_focus: [Focus entering 9db496c com.android.packageinstaller/com.android.packageinstaller.PackageInstallerActivity (server),reason=setFocusedWindow]
03-14 04:12:04.252 1523 7582 I wm_destroy_activity: [0,234770862,20,com.android.packageinstaller/.DeleteStagedFileOnResult,finish-idle]
03-14 04:12:04.252 4122 4122 I wm_on_stop_called: [234770862,com.android.packageinstaller.DeleteStagedFileOnResult,LIFECYCLER_STOP_ACTIVITY]
03-14 04:12:04.253 4122 4122 I wm_on_destroy_called: [234770862,com.android.packageinstaller.DeleteStagedFileOnResult,performDestroy]
03-14 04:12:04.253 1523 7582 I wm_destroy_activity: [0,102823060,20,com.android.packageinstaller/.DeleteStagedFileOnResult,finish-idle]
03-14 04:12:04.258 4122 4122 I wm_on_stop_called: [102823060,com.android.packageinstaller.DeleteStagedFileOnResult,LIFECYCLER_STOP_ACTIVITY]
03-14 04:12:04.258 4122 4122 I wm_on_destroy_called: [102823060,com.android.packageinstaller.DeleteStagedFileOnResult,performDestroy]
03-14 04:12:04.282 1523 2745 W FreeFormWindowHelper: Current Display FreeFormTask is null
03-14 04:12:04.289 1523 1661 I am_pss : [10281,1000,com.android.settings,130993152,121135104,762880,243769344,0,15,12]
03-14 04:12:04.295 1523 1661 I am_pss : [10649,10065,com.android.gallery3d,9351168,5111808,1002496,87916544,0,19,5]
03-14 04:12:04.302 1523 1661 I am_pss : [10308,10083,com.qualcomm.qti.qccauthmgr,7291904,4026368,1014784,84594688,0,19,6]
03-14 04:12:04.308 1523 1661 I am_pss : [10188,10062,com.thundercomm.gamemode.provider,8501248,5337088,973824,85139456,0,19,5]
03-14 04:12:04.655 0 0 I auditd : type=1400 audit(0.0:2853): avc: denied { kill } for comm="swapper/3" capability=5 scontext=u:r:kernel:s0 tcontext=u:r:kernel:s0 tclass=capability permissive=0
03-14 04:12:04.877 1523 1662 I am_uid_idle: 10083
03-14 04:12:05.655 0 0 I auditd : type=1400 audit(0.0:2854): avc: denied { kill } for comm="swapper/3" capability=5 scontext=u:r:kernel:s0 tcontext=u:r:kernel:s0 tclass=capability permissive=0
03-14 04:12:06.655 0 0 I auditd : type=1400 audit(0.0:2855): avc: denied { kill } for comm="swapper/3" capability=5 scontext=u:r:kernel:s0 tcontext=u:r:kernel:s0 tclass=capability permissive=0
03-14 04:12:06.735 1523 1996 I input_interaction: Interaction with: 9db496c com.android.packageinstaller/com.android.packageinstaller.PackageInstallerActivity (server), edge-swipe (server), swipe-up (server), PointerEventDispatcher0 (server),
03-14 04:12:06.907 1523 2745 I ActivityTaskManager: START u0 {act=android.settings.MANAGE_UNKNOWN_APP_SOURCES dat=package:com.tencent.android.qqdownloader flg=0x40000000 cmp=com.android.settings/.Settings$ManageAppExternalSourcesActivity} from uid 10031
03-14 04:12:06.912 1523 2745 I wm_task_moved: [20,1,8]
03-14 04:12:06.912 1523 2745 I wm_set_resumed_activity: [0,com.android.packageinstaller/.PackageInstallerActivity,positionChildAt]
03-14 04:12:06.912 1523 2745 I wm_create_activity: [0,28805532,20,com.android.settings/.Settings$ManageAppExternalSourcesActivity,android.settings.MANAGE_UNKNOWN_APP_SOURCES,NULL,package:com.tencent.android.qqdownloader,1073741824]
03-14 04:12:06.913 1523 2745 I wm_pause_activity: [0,123763887,com.android.packageinstaller/.PackageInstallerActivity,userLeaving=true,resumeTopActivityInnerLocked]
03-14 04:12:06.926 4122 4122 I wm_on_top_resumed_lost_called: [123763887,com.android.packageinstaller.PackageInstallerActivity,topStateChangedWhenResumed]
03-14 04:12:06.926 1523 1654 I input_focus: [Focus request 2979b69 com.android.packageinstaller/com.android.packageinstaller.PackageInstallerActivity,reason=UpdateInputWindows]
03-14 04:12:06.926 4122 4122 I wm_on_paused_called: [123763887,com.android.packageinstaller.PackageInstallerActivity,performPause]
03-14 04:12:06.927 1523 2745 I ActivityTaskManager: FOREGROUND_APPLICATION_CHANGED to com.android.settings.Settings$ManageAppExternalSourcesActivity
03-14 04:12:06.927 1523 2745 I ActivityTaskManager: The Process com.android.settings Already Exists in BG. So sending its PID: 10281
03-14 04:12:06.927 1523 2745 W ActivityTaskManager: Tried to set launchTime (0) < mLastActivityLaunchTime (1211094)
03-14 04:12:06.927 1523 2745 I wm_add_to_stopping: [0,123763887,com.android.packageinstaller/.PackageInstallerActivity,makeInvisible]
03-14 04:12:06.927 1523 2745 I wm_add_to_stopping: [0,185896118,com.android.packageinstaller/.DeleteStagedFileOnResult,makeInvisible]
03-14 04:12:06.927 1523 2745 I wm_add_to_stopping: [0,62681421,com.tencent.android.qqdownloader/com.tencent.pangu.activity.InstallerListenerActivity,makeInvisible]
03-14 04:12:06.927 1523 2745 I wm_add_to_stopping: [0,259568225,com.tencent.android.qqdownloader/com.tencent.pangu.activity.InstallerListenerActivity,makeInvisible]
03-14 04:12:06.927 1523 2745 I wm_add_to_stopping: [0,173550321,com.tencent.android.qqdownloader/com.tencent.pangu.activity.InstallerListenerActivity,makeInvisible]
03-14 04:12:06.927 1523 2745 I wm_add_to_stopping: [0,204038234,com.tencent.android.qqdownloader/com.tencent.pangu.activity.InstallerListenerActivity,makeInvisible]
03-14 04:12:06.927 1523 2745 I wm_add_to_stopping: [0,31544979,com.tencent.android.qqdownloader/com.tencent.pangu.activity.InstallerListenerActivity,makeInvisible]
03-14 04:12:06.927 1523 2745 I wm_add_to_stopping: [0,233904099,com.tencent.android.qqdownloader/com.tencent.pangu.activity.DownloadActivity,makeInvisible]
03-14 04:12:06.928 1523 2745 I wm_restart_activity: [0,28805532,20,com.android.settings/.Settings$ManageAppExternalSourcesActivity]
03-14 04:12:06.929 1523 2745 I wm_set_resumed_activity: [0,com.android.settings/.Settings$ManageAppExternalSourcesActivity,minimalResumeActivityLocked]
03-14 04:12:06.933 1523 1653 I sysui_multi_action: [757,803,799,window_time_0,802,2]
03-14 04:12:06.940 1523 2745 I am_uid_active: 10083
03-14 04:12:06.945 1523 1996 I input_focus: [Focus entering 2979b69 com.android.packageinstaller/com.android.packageinstaller.PackageInstallerActivity (server),reason=setFocusedWindow]
03-14 04:12:06.948 1523 8272 I thunderperf: PlatormCompat.setOverrides: Uid1=1000 Pid1=10281 Uid2=1000 Pid2=10281
03-14 04:12:06.948 1523 8272 I thunderperf: PlatormCompat.setOverrides: needCheck:false
03-14 04:12:06.948 1523 8272 I thunderperf: CompatConfig.addOverrideUnsafe: bef-state=0
03-14 04:12:06.948 1523 8272 I thunderperf: CompatConfig.addOverrideUnsafe: aft-state=0
03-14 04:12:06.948 1523 8272 I thunderperf: CompatConfig.addOverrideUnsafe: bef-state=0
03-14 04:12:06.948 1523 8272 I thunderperf: CompatConfig.addOverrideUnsafe: aft-state=0
03-14 04:12:06.948 1523 8272 I thunderperf: CompatConfig.addOverrideUnsafe: bef-state=0
03-14 04:12:06.948 1523 8272 I thunderperf: CompatConfig.addOverrideUnsafe: aft-state=0
03-14 04:12:06.949 1523 8272 I thunderperf: CompatConfig.addOverrideUnsafe: bef-state=0
03-14 04:12:06.949 1523 8272 I thunderperf: CompatConfig.addOverrideUnsafe: aft-state=0
03-14 04:12:06.949 1523 8272 I thunderperf: CompatConfig.addOverrideUnsafe: bef-state=0
03-14 04:12:06.949 1523 8272 I thunderperf: CompatConfig.addOverrideUnsafe: aft-state=0
03-14 04:12:06.949 1523 8272 I thunderperf: CompatConfig.addOverrideUnsafe: bef-state=0
03-14 04:12:06.949 1523 8272 I thunderperf: CompatConfig.addOverrideUnsafe: aft-state=0
03-14 04:12:06.949 1523 8272 I thunderperf: CompatConfig.addOverrideUnsafe: bef-state=0
03-14 04:12:06.949 1523 8272 I thunderperf: CompatConfig.addOverrideUnsafe: aft-state=0
03-14 04:12:06.949 1523 8272 I thunderperf: CompatConfig.addOverrideUnsafe: bef-state=0
03-14 04:12:06.949 1523 8272 I thunderperf: CompatConfig.addOverrideUnsafe: aft-state=0
03-14 04:12:06.950 1523 8272 I thunderperf: CompatConfig.addOverrideUnsafe: bef-state=0
03-14 04:12:06.950 1523 8272 I thunderperf: CompatConfig.addOverrideUnsafe: aft-state=0
03-14 04:12:06.950 1523 8272 I thunderperf: CompatConfig.addOverrideUnsafe: bef-state=0
03-14 04:12:06.950 1523 8272 I thunderperf: CompatConfig.addOverrideUnsafe: aft-state=0
03-14 04:12:06.950 1523 8272 I thunderperf: CompatConfig.addOverrideUnsafe: bef-state=0
03-14 04:12:06.950 1523 8272 I thunderperf: CompatConfig.addOverrideUnsafe: aft-state=0
03-14 04:12:06.950 1523 8272 I thunderperf: CompatConfig.addOverrideUnsafe: bef-state=0
03-14 04:12:06.950 1523 8272 I thunderperf: CompatConfig.addOverrideUnsafe: aft-state=0
03-14 04:12:06.950 1523 8272 I thunderperf: CompatConfig.addOverrideUnsafe: bef-state=0
03-14 04:12:06.950 1523 8272 I thunderperf: CompatConfig.addOverrideUnsafe: aft-state=0
03-14 04:12:06.951 1523 8272 I thunderperf: CompatConfig.addOverrideUnsafe: bef-state=0
03-14 04:12:06.951 1523 8272 I thunderperf: CompatConfig.addOverrideUnsafe: aft-state=0
03-14 04:12:06.952 1523 8272 I ActivityTaskManager: START u0 {act=android.settings.MANAGE_UNKNOWN_APP_SOURCES dat=package:com.tencent.android.qqdownloader flg=0x40000000 cmp=com.android.settings/.homepage.SettingsHomepageActivity (has extras)} from uid 1000
03-14 04:12:06.952 1523 8272 I wm_task_moved: [11,1,8]
03-14 04:12:06.952 1523 8272 I wm_task_to_front: [0,11]
03-14 04:12:06.953 1523 8272 I wm_focused_root_task: [0,0,11,20,bringingFoundTaskToFront]
03-14 04:12:06.953 1523 8272 I wm_set_resumed_activity: [0,com.android.settings/.Settings,bringingFoundTaskToFront]
03-14 04:12:06.953 1523 8272 I wm_new_intent: [0,9597009,11,com.android.settings/.Settings,android.intent.action.MAIN,NULL,NULL,270532608]
03-14 04:12:06.954 1523 8272 I wm_pause_activity: [0,28805532,com.android.settings/.Settings$ManageAppExternalSourcesActivity,userLeaving=true,pauseBackTasks]
03-14 04:12:06.955 1523 8272 I wm_finish_activity: [0,28805532,20,com.android.settings/.Settings$ManageAppExternalSourcesActivity,app-request]
03-14 04:12:06.956 10281 10281 I wm_on_create_called: [28805532,com.android.settings.Settings$ManageAppExternalSourcesActivity,performCreate]
03-14 04:12:06.957 1523 2438 I wm_add_to_stopping: [0,28805532,com.android.settings/.Settings$ManageAppExternalSourcesActivity,completeFinishing]
03-14 04:12:06.957 1523 2438 I ActivityTaskManager: FOREGROUND_APPLICATION_CHANGED to com.android.settings.homepage.SettingsHomepageActivity
03-14 04:12:06.958 1523 2438 I wm_set_resumed_activity: [0,com.android.settings/.Settings,resumeTopActivityInnerLocked]
03-14 04:12:06.959 1523 1996 I input_focus: [Focus leaving 2979b69 com.android.packageinstaller/com.android.packageinstaller.PackageInstallerActivity (server),reason=NO_WINDOW]
03-14 04:12:06.959 1523 2438 I wm_resume_activity: [0,9597009,11,com.android.settings/.Settings]
03-14 04:12:06.961 1523 1653 I wm_destroy_activity: [0,28805532,20,com.android.settings/.Settings$ManageAppExternalSourcesActivity,finish-imm:idle]
03-14 04:12:06.961 10281 10281 I wm_on_restart_called: [9597009,com.android.settings.Settings,performRestartActivity]
03-14 04:12:06.963 1523 1653 I sysui_multi_action: [757,803,799,window_time_0,802,0]
03-14 04:12:06.964 10281 10281 I wm_on_start_called: [9597009,com.android.settings.Settings,handleStartActivity]
03-14 04:12:06.965 10281 10281 I snet_event_log: [120484087,-1,]
03-14 04:12:06.966 10281 10281 I wm_on_resume_called: [9597009,com.android.settings.Settings,RESUME_ACTIVITY]
03-14 04:12:06.966 10281 10281 I sysui_multi_action: [757,35,758,1,833,0,1089,0]
03-14 04:12:06.968 10281 10281 I sysui_multi_action: [757,808,758,1,833,0,1089,0]
03-14 04:12:06.974 10281 10281 I wm_on_top_resumed_gained_called: [9597009,com.android.settings.Settings,topWhenResuming]
03-14 04:12:06.993 1523 1654 I input_focus: [Focus request 7edef93 com.android.settings/com.android.settings.Settings,reason=UpdateInputWindows]
03-14 04:12:07.015 10281 10281 I wm_on_destroy_called: [28805532,com.android.settings.Settings$ManageAppExternalSourcesActivity,performDestroy]
03-14 04:12:07.057 1523 1650 I sysui_multi_action: [319,148,322,110,325,1276,757,761,758,8,759,2,806,com.android.settings,871,com.android.settings.Settings,904,com.android.launcher3,905,0,1320,4,1321,1]
03-14 04:12:07.057 1523 1650 I wm_activity_launch_time: [0,9597009,com.android.settings/.Settings,110]
03-14 04:12:07.060 1523 1996 I input_focus: [Focus entering 7edef93 com.android.settings/com.android.settings.Settings (server),reason=Window became focusable. Previous reason: NOT_VISIBLE]
03-14 04:12:07.061 1523 2438 W FreeFormWindowHelper: Current Display FreeFormTask is null
03-14 04:12:07.179 10281 10281 I sysui_multi_action: [757,808,758,2,1089,211]
03-14 04:12:07.183 1523 8272 E UserRestrictionsUtils: Unknown restriction queried by uid 1000 (com.thundercomm.microsettings et al): null
03-14 04:12:07.195 10281 10281 I sysui_multi_action: [757,808,758,1,833,0,1089,14]
03-14 04:12:07.509 1523 1653 I wm_stop_activity: [0,185896118,com.android.packageinstaller/.DeleteStagedFileOnResult]
03-14 04:12:07.509 1523 1653 I wm_stop_activity: [0,123763887,com.android.packageinstaller/.PackageInstallerActivity]
03-14 04:12:07.510 1523 1653 I wm_stop_activity: [0,233904099,com.tencent.android.qqdownloader/com.tencent.pangu.activity.DownloadActivity]
03-14 04:12:07.510 1523 1653 I wm_stop_activity: [0,31544979,com.tencent.android.qqdownloader/com.tencent.pangu.activity.InstallerListenerActivity]
03-14 04:12:07.510 1523 1653 I wm_stop_activity: [0,204038234,com.tencent.android.qqdownloader/com.tencent.pangu.activity.InstallerListenerActivity]
03-14 04:12:07.511 1523 1653 I wm_stop_activity: [0,173550321,com.tencent.android.qqdownloader/com.tencent.pangu.activity.InstallerListenerActivity]
03-14 04:12:07.511 1523 1653 I wm_stop_activity: [0,259568225,com.tencent.android.qqdownloader/com.tencent.pangu.activity.InstallerListenerActivity]
03-14 04:12:07.511 1523 1653 I wm_stop_activity: [0,62681421,com.tencent.android.qqdownloader/com.tencent.pangu.activity.InstallerListenerActivity]
03-14 04:12:07.532 4122 4122 I wm_on_stop_called: [185896118,com.android.packageinstaller.DeleteStagedFileOnResult,STOP_ACTIVITY_ITEM]
03-14 04:12:07.532 4122 4122 I wm_on_stop_called: [123763887,com.android.packageinstaller.PackageInstallerActivity,STOP_ACTIVITY_ITEM]
03-14 04:12:07.539 8328 8328 I wm_on_stop_called: [233904099,com.tencent.pangu.activity.DownloadActivity,STOP_ACTIVITY_ITEM]
03-14 04:12:07.540 8328 8328 I wm_on_stop_called: [31544979,com.tencent.pangu.activity.InstallerListenerActivity,STOP_ACTIVITY_ITEM]
03-14 04:12:07.540 8328 8328 I wm_on_stop_called: [204038234,com.tencent.pangu.activity.InstallerListenerActivity,STOP_ACTIVITY_ITEM]
03-14 04:12:07.541 8328 8328 I wm_on_stop_called: [173550321,com.tencent.pangu.activity.InstallerListenerActivity,STOP_ACTIVITY_ITEM]
03-14 04:12:07.541 8328 8328 I wm_on_stop_called: [259568225,com.tencent.pangu.activity.InstallerListenerActivity,STOP_ACTIVITY_ITEM]
03-14 04:12:07.543 1523 1661 W UsageStatsService: Unexpected activity event reported! (com.android.packageinstaller/com.android.packageinstaller.DeleteStagedFileOnResult event : 23 instanceId : 205798481)
03-14 04:12:07.543 8328 8328 I wm_on_stop_called: [62681421,com.tencent.pangu.activity.InstallerListenerActivity,STOP_ACTIVITY_ITEM]
03-14 04:12:07.548 1523 1661 W UsageStatsService: Unexpected activity event reported! (com.tencent.android.qqdownloader/com.tencent.pangu.activity.DownloadActivity event : 23 instanceId : 177107986)
03-14 04:12:07.549 1523 1661 W UsageStatsService: Unexpected activity event reported! (com.tencent.android.qqdownloader/com.tencent.pangu.activity.InstallerListenerActivity event : 23 instanceId : 258250852)
03-14 04:12:07.549 1523 1661 W UsageStatsService: Unexpected activity event reported! (com.tencent.android.qqdownloader/com.tencent.pangu.activity.InstallerListenerActivity event : 23 instanceId : 212110959)
03-14 04:12:07.550 1523 1661 W UsageStatsService: Unexpected activity event reported! (com.tencent.android.qqdownloader/com.tencent.pangu.activity.InstallerListenerActivity event : 23 instanceId : 114610840)
03-14 04:12:07.550 1523 1661 W UsageStatsService: Unexpected activity event reported! (com.tencent.android.qqdownloader/com.tencent.pangu.activity.InstallerListenerActivity event : 23 instanceId : 149819848)
03-14 04:12:07.551 1523 1661 W UsageStatsService: Unexpected activity event reported! (com.tencent.android.qqdownloader/com.tencent.pangu.activity.InstallerListenerActivity event : 23 instanceId : 142018788)
03-14 04:12:07.655 0 0 I auditd : type=1400 audit(0.0:2856): avc: denied { kill } for comm="swapper/3" capability=5 scontext=u:r:kernel:s0 tcontext=u:r:kernel:s0 tclass=capability permissive=0
03-14 04:12:09.172 1523 1996 I input_interaction: Interaction with: 7edef93 com.android.settings/com.android.settings.Settings (server), edge-swipe (server), swipe-up (server), PointerEventDispatcher0 (server),
03-14 04:12:09.283 10281 10281 I view_enqueue_input_event: [Motion - Cancel,com.android.settings/com.android.settings.Settings]
03-14 04:12:09.288 1523 1996 I input_interaction: Interaction with: edge-swipe (server), swipe-up (server), PointerEventDispatcher0 (server),
03-14 04:12:09.536 1523 7582 I sysui_multi_action: [757,803,799,key_back_press,802,1]
03-14 04:12:09.543 1523 1996 I input_interaction: Interaction with: 7edef93 com.android.settings/com.android.settings.Settings (server), PointerEventDispatcher0 (server),
03-14 04:12:09.546 1523 7582 I ActivityTaskManager: moveTaskToBack: Task{e172242 #11 type=standard A=1000:com.android.settings.root U=0 visible=true mode=fullscreen translucent=false sz=1}
03-14 04:12:09.546 1523 7582 I wm_task_moved: [11,0,0]
03-14 04:12:09.550 1523 7582 I wm_focused_root_task: [0,0,20,11,moveTaskToBackLocked]
03-14 04:12:09.552 1523 7582 I wm_add_to_stopping: [0,9597009,com.android.settings/.Settings,makeInvisible]
03-14 04:12:09.554 1523 7582 I wm_pause_activity: [0,9597009,com.android.settings/.Settings,userLeaving=false,pauseBackTasks]
03-14 04:12:09.556 10281 10281 I wm_on_top_resumed_lost_called: [9597009,com.android.settings.Settings,topStateChangedWhenResumed]
03-14 04:12:09.558 10281 10281 I sysui_multi_action: [757,35,758,2,1089,2592]
03-14 04:12:09.560 10281 10281 I sysui_multi_action: [757,808,758,2,1089,2364]
03-14 04:12:09.560 10281 10281 I wm_on_paused_called: [9597009,com.android.settings.Settings,performPause]
03-14 04:12:09.562 1523 8272 I ActivityTaskManager: FOREGROUND_APPLICATION_CHANGED to com.android.packageinstaller.PackageInstallerActivity
03-14 04:12:09.564 1523 8272 I wm_set_resumed_activity: [0,com.android.packageinstaller/.PackageInstallerActivity,resumeTopActivityInnerLocked]
03-14 04:12:09.565 1523 1996 I input_focus: [Focus leaving 7edef93 com.android.settings/com.android.settings.Settings (server),reason=NO_WINDOW]
03-14 04:12:09.569 1523 8272 I wm_resume_activity: [0,123763887,20,com.android.packageinstaller/.PackageInstallerActivity]
03-14 04:12:09.576 8328 8328 I wm_on_restart_called: [62681421,com.tencent.pangu.activity.InstallerListenerActivity,performRestartActivity]
03-14 04:12:09.576 8328 8328 I wm_on_start_called: [62681421,com.tencent.pangu.activity.InstallerListenerActivity,handleStartActivity]
03-14 04:12:09.577 8328 8328 I wm_on_restart_called: [259568225,com.tencent.pangu.activity.InstallerListenerActivity,performRestartActivity]
03-14 04:12:09.577 8328 8328 I wm_on_start_called: [259568225,com.tencent.pangu.activity.InstallerListenerActivity,handleStartActivity]
03-14 04:12:09.577 8328 8328 I wm_on_restart_called: [173550321,com.tencent.pangu.activity.InstallerListenerActivity,performRestartActivity]
03-14 04:12:09.578 8328 8328 I wm_on_start_called: [173550321,com.tencent.pangu.activity.InstallerListenerActivity,handleStartActivity]
03-14 04:12:09.578 8328 8328 I wm_on_restart_called: [204038234,com.tencent.pangu.activity.InstallerListenerActivity,performRestartActivity]
03-14 04:12:09.578 8328 8328 I wm_on_start_called: [204038234,com.tencent.pangu.activity.InstallerListenerActivity,handleStartActivity]
03-14 04:12:09.578 8328 8328 I wm_on_restart_called: [31544979,com.tencent.pangu.activity.InstallerListenerActivity,performRestartActivity]
03-14 04:12:09.578 8328 8328 I wm_on_start_called: [31544979,com.tencent.pangu.activity.InstallerListenerActivity,handleStartActivity]
03-14 04:12:09.578 8328 8328 I wm_on_restart_called: [233904099,com.tencent.pangu.activity.DownloadActivity,performRestartActivity]
03-14 04:12:09.579 4122 4122 I wm_on_restart_called: [185896118,com.android.packageinstaller.DeleteStagedFileOnResult,performRestartActivity]
03-14 04:12:09.579 4122 4122 I wm_on_start_called: [185896118,com.android.packageinstaller.DeleteStagedFileOnResult,handleStartActivity]
03-14 04:12:09.579 1523 1653 I sysui_multi_action: [757,803,799,window_time_0,802,3]
03-14 04:12:09.580 8328 8328 I wm_on_start_called: [233904099,com.tencent.pangu.activity.DownloadActivity,handleStartActivity]
03-14 04:12:09.580 1523 8272 I wm_finish_activity: [0,123763887,20,com.android.packageinstaller/.PackageInstallerActivity,app-request]
03-14 04:12:09.580 1523 8272 I wm_pause_activity: [0,123763887,com.android.packageinstaller/.PackageInstallerActivity,userLeaving=false,finish]
03-14 04:12:09.581 4122 4122 I wm_on_activity_result_called: [123763887,com.android.packageinstaller.PackageInstallerActivity,ACTIVITY_RESULT]
03-14 04:12:09.581 4122 4122 I wm_on_restart_called: [123763887,com.android.packageinstaller.PackageInstallerActivity,performRestartActivity]
03-14 04:12:09.600 1523 8272 I wm_add_to_stopping: [0,123763887,com.android.packageinstaller/.PackageInstallerActivity,completeFinishing]
03-14 04:12:09.601 1523 8272 I ActivityTaskManager: FOREGROUND_APPLICATION_CHANGED to com.android.packageinstaller.DeleteStagedFileOnResult
03-14 04:12:09.602 1523 8272 I wm_set_resumed_activity: [0,com.android.packageinstaller/.DeleteStagedFileOnResult,resumeTopActivityInnerLocked]
03-14 04:12:09.603 1523 8272 I wm_resume_activity: [0,185896118,20,com.android.packageinstaller/.DeleteStagedFileOnResult]
03-14 04:12:09.605 1523 1654 I input_focus: [Focus request a2e8045 com.android.packageinstaller/com.android.packageinstaller.DeleteStagedFileOnResult,reason=UpdateInputWindows]
03-14 04:12:09.607 1523 1653 I sysui_multi_action: [757,803,799,window_time_0,802,0]
03-14 04:12:09.607 1523 2745 I wm_finish_activity: [0,185896118,20,com.android.packageinstaller/.DeleteStagedFileOnResult,app-request]
03-14 04:12:09.607 1523 2745 I wm_task_moved: [19,1,8]
03-14 04:12:09.607 1523 2745 I wm_task_to_front: [0,19]
03-14 04:12:09.609 1523 2745 I wm_pause_activity: [0,185896118,com.android.packageinstaller/.DeleteStagedFileOnResult,userLeaving=false,finish]
03-14 04:12:09.610 4122 4122 I wm_on_activity_result_called: [185896118,com.android.packageinstaller.DeleteStagedFileOnResult,ACTIVITY_RESULT]
03-14 04:12:09.610 1523 1654 I input_focus: [Focus request f4b3079 com.tencent.android.qqdownloader/com.tencent.pangu.activity.InstallerListenerActivity,reason=UpdateInputWindows]
03-14 04:12:09.613 1523 8272 I wm_add_to_stopping: [0,185896118,com.android.packageinstaller/.DeleteStagedFileOnResult,completeFinishing]
03-14 04:12:09.613 1523 8272 I ActivityTaskManager: FOREGROUND_APPLICATION_CHANGED to com.tencent.pangu.activity.InstallerListenerActivity
03-14 04:12:09.614 1523 8272 I wm_set_resumed_activity: [0,com.tencent.android.qqdownloader/com.tencent.pangu.activity.InstallerListenerActivity,resumeTopActivityInnerLocked]
03-14 04:12:09.616 1523 8272 I wm_resume_activity: [0,62681421,19,com.tencent.android.qqdownloader/com.tencent.pangu.activity.InstallerListenerActivity]
03-14 04:12:09.624 1523 1653 I sysui_multi_action: [757,803,799,window_time_0,802,0]
03-14 04:12:09.638 8328 8328 I wm_on_resume_called: [62681421,com.tencent.pangu.activity.InstallerListenerActivity,RESUME_ACTIVITY]
03-14 04:12:09.638 8328 8328 I wm_on_top_resumed_gained_called: [62681421,com.tencent.pangu.activity.InstallerListenerActivity,topWhenResuming]
03-14 04:12:09.660 1523 2369 I wm_destroy_activity: [0,185896118,20,com.android.packageinstaller/.DeleteStagedFileOnResult,finish-imm:idle]
03-14 04:12:09.660 4122 4122 I wm_on_stop_called: [185896118,com.android.packageinstaller.DeleteStagedFileOnResult,LIFECYCLER_STOP_ACTIVITY]
03-14 04:12:09.660 1523 2369 I wm_destroy_activity: [0,123763887,20,com.android.packageinstaller/.PackageInstallerActivity,finish-imm:idle]
03-14 04:12:09.661 4122 4122 I wm_on_destroy_called: [185896118,com.android.packageinstaller.DeleteStagedFileOnResult,performDestroy]
03-14 04:12:09.668 1523 1996 I input_focus: [Focus entering f4b3079 com.tencent.android.qqdownloader/com.tencent.pangu.activity.InstallerListenerActivity (server),reason=Window became focusable. Previous reason: NOT_VISIBLE]
03-14 04:12:09.671 4122 4122 I wm_on_destroy_called: [123763887,com.android.packageinstaller.PackageInstallerActivity,performDestroy]
03-14 04:12:09.680 1523 7582 I wm_task_removed: [20,removeChild:removeChild last r=ActivityRecord{7607caf u0 com.android.packageinstaller/.PackageInstallerActivity t-1 f}} in t=Task{cc36b65 #20 type=standard A=10031:com.android.packageinstaller U=0 visible=false mode=fullscreen translucent=true sz=0}]
03-14 04:12:09.680 1523 7582 I wm_task_removed: [20,removeChild]
03-14 04:12:09.681 1523 1654 W ActivityTaskManager: Can't find TaskDisplayArea to determine support for multi window. Task id=20 attached=false
03-14 04:12:09.681 1523 1654 W ActivityTaskManager: Can't find TaskDisplayArea to determine support for multi window. Task id=20 attached=false
03-14 04:12:09.719 1523 2745 W FreeFormWindowHelper: Current Display FreeFormTask is null
03-14 04:12:10.136 1523 1653 I wm_stop_activity: [0,9597009,com.android.settings/.Settings]
03-14 04:12:10.142 1523 7582 I wm_finish_activity: [0,62681421,19,com.tencent.android.qqdownloader/com.tencent.pangu.activity.InstallerListenerActivity,app-request]
03-14 04:12:10.157 1523 7582 I wm_pause_activity: [0,62681421,com.tencent.android.qqdownloader/com.tencent.pangu.activity.InstallerListenerActivity,userLeaving=false,finish]
03-14 04:12:10.157 8328 8328 I wm_on_top_resumed_lost_called: [62681421,com.tencent.pangu.activity.InstallerListenerActivity,topStateChangedWhenResumed]
03-14 04:12:10.170 8328 8328 I wm_on_paused_called: [62681421,com.tencent.pangu.activity.InstallerListenerActivity,performPause]
03-14 04:12:10.173 1523 1996 I input_focus: [Focus leaving f4b3079 com.tencent.android.qqdownloader/com.tencent.pangu.activity.InstallerListenerActivity (server),reason=NO_WINDOW]
03-14 04:12:10.176 1523 8272 I wm_set_resumed_activity: [0,com.tencent.android.qqdownloader/com.tencent.pangu.activity.InstallerListenerActivity,resumeTopActivityInnerLocked]
03-14 04:12:10.179 1523 8272 I wm_resume_activity: [0,259568225,19,com.tencent.android.qqdownloader/com.tencent.pangu.activity.InstallerListenerActivity]
03-14 04:12:10.190 10281 10281 I wm_on_stop_called: [9597009,com.android.settings.Settings,STOP_ACTIVITY_ITEM]
03-14 04:12:10.190 1523 1654 I input_focus: [Focus request 42bbed com.tencent.android.qqdownloader/com.tencent.pangu.activity.InstallerListenerActivity,reason=UpdateInputWindows]
03-14 04:12:10.192 1523 1653 I sysui_multi_action: [757,803,799,window_time_0,802,1]
03-14 04:12:10.193 8328 8328 I wm_on_activity_result_called: [259568225,com.tencent.pangu.activity.InstallerListenerActivity,ACTIVITY_RESULT]
03-14 04:12:10.194 8328 8328 I wm_on_resume_called: [259568225,com.tencent.pangu.activity.InstallerListenerActivity,RESUME_ACTIVITY]
03-14 04:12:10.194 8328 8328 I wm_on_top_resumed_gained_called: [259568225,com.tencent.pangu.activity.InstallerListenerActivity,topWhenResuming]
03-14 04:12:10.201 1523 1996 I input_focus: [Focus entering 42bbed com.tencent.android.qqdownloader/com.tencent.pangu.activity.InstallerListenerActivity (server),reason=setFocusedWindow]
03-14 04:12:10.208 1523 2745 I wm_destroy_activity: [0,62681421,19,com.tencent.android.qqdownloader/com.tencent.pangu.activity.InstallerListenerActivity,finish-idle]
03-14 04:12:10.209 8328 8328 I wm_on_stop_called: [62681421,com.tencent.pangu.activity.InstallerListenerActivity,LIFECYCLER_STOP_ACTIVITY]
03-14 04:12:10.212 8328 8328 I wm_on_destroy_called: [62681421,com.tencent.pangu.activity.InstallerListenerActivity,performDestroy]
03-14 04:12:10.284 1523 2369 W FreeFormWindowHelper: Current Display FreeFormTask is null
03-14 04:12:10.655 0 0 I auditd : type=1400 audit(0.0:2857): avc: denied { kill } for comm="swapper/7" capability=5 scontext=u:r:kernel:s0 tcontext=u:r:kernel:s0 tclass=capability permissive=0
03-14 04:12:10.695 1523 2745 I wm_finish_activity: [0,259568225,19,com.tencent.android.qqdownloader/com.tencent.pangu.activity.InstallerListenerActivity,app-request]
03-14 04:12:10.703 1523 2745 I wm_pause_activity: [0,259568225,com.tencent.android.qqdownloader/com.tencent.pangu.activity.InstallerListenerActivity,userLeaving=false,finish]
03-14 04:12:10.703 8328 8328 I wm_on_top_resumed_lost_called: [259568225,com.tencent.pangu.activity.InstallerListenerActivity,topStateChangedWhenResumed]
03-14 04:12:10.709 8328 8328 I wm_on_paused_called: [259568225,com.tencent.pangu.activity.InstallerListenerActivity,performPause]
03-14 04:12:10.714 1523 2745 I wm_set_resumed_activity: [0,com.tencent.android.qqdownloader/com.tencent.pangu.activity.InstallerListenerActivity,resumeTopActivityInnerLocked]
03-14 04:12:10.718 1523 2745 I wm_resume_activity: [0,173550321,19,com.tencent.android.qqdownloader/com.tencent.pangu.activity.InstallerListenerActivity]
03-14 04:12:10.730 1523 1654 I input_focus: [Focus request 3d77a5d com.tencent.android.qqdownloader/com.tencent.pangu.activity.InstallerListenerActivity,reason=UpdateInputWindows]
03-14 04:12:10.732 1523 1653 I sysui_multi_action: [757,803,799,window_time_0,802,0]
03-14 04:12:10.732 8328 8328 I wm_on_activity_result_called: [173550321,com.tencent.pangu.activity.InstallerListenerActivity,ACTIVITY_RESULT]
03-14 04:12:10.735 8328 8328 I wm_on_resume_called: [173550321,com.tencent.pangu.activity.InstallerListenerActivity,RESUME_ACTIVITY]
03-14 04:12:10.735 8328 8328 I wm_on_top_resumed_gained_called: [173550321,com.tencent.pangu.activity.InstallerListenerActivity,topWhenResuming]
03-14 04:12:10.736 1523 1996 I input_focus: [Focus leaving 42bbed com.tencent.android.qqdownloader/com.tencent.pangu.activity.InstallerListenerActivity (server),reason=NO_WINDOW]
03-14 04:12:10.736 1523 1996 I input_focus: [Focus entering 3d77a5d com.tencent.android.qqdownloader/com.tencent.pangu.activity.InstallerListenerActivity (server),reason=setFocusedWindow]
03-14 04:12:10.756 1523 2745 I wm_destroy_activity: [0,259568225,19,com.tencent.android.qqdownloader/com.tencent.pangu.activity.InstallerListenerActivity,finish-idle]
03-14 04:12:10.757 8328 8328 I wm_on_stop_called: [259568225,com.tencent.pangu.activity.InstallerListenerActivity,LIFECYCLER_STOP_ACTIVITY]
03-14 04:12:10.761 8328 8328 I wm_on_destroy_called: [259568225,com.tencent.pangu.activity.InstallerListenerActivity,performDestroy]
03-14 04:12:10.827 1523 2369 W FreeFormWindowHelper: Current Display FreeFormTask is null
03-14 04:12:11.236 1523 7582 I wm_finish_activity: [0,173550321,19,com.tencent.android.qqdownloader/com.tencent.pangu.activity.InstallerListenerActivity,app-request]
03-14 04:12:11.245 1523 7582 I wm_pause_activity: [0,173550321,com.tencent.android.qqdownloader/com.tencent.pangu.activity.InstallerListenerActivity,userLeaving=false,finish]
03-14 04:12:11.246 8328 8328 I wm_on_top_resumed_lost_called: [173550321,com.tencent.pangu.activity.InstallerListenerActivity,topStateChangedWhenResumed]
03-14 04:12:11.253 8328 8328 I wm_on_paused_called: [173550321,com.tencent.pangu.activity.InstallerListenerActivity,performPause]
03-14 04:12:11.259 1523 2745 I wm_set_resumed_activity: [0,com.tencent.android.qqdownloader/com.tencent.pangu.activity.InstallerListenerActivity,resumeTopActivityInnerLocked]
03-14 04:12:11.261 1523 2745 I wm_resume_activity: [0,204038234,19,com.tencent.android.qqdownloader/com.tencent.pangu.activity.InstallerListenerActivity]
03-14 04:12:11.271 1523 1653 I sysui_multi_action: [757,803,799,window_time_0,802,1]
03-14 04:12:11.272 1523 1996 I input_focus: [Focus leaving 3d77a5d com.tencent.android.qqdownloader/com.tencent.pangu.activity.InstallerListenerActivity (server),reason=NO_WINDOW]
03-14 04:12:11.273 1523 1654 I input_focus: [Focus request 349572a com.tencent.android.qqdownloader/com.tencent.pangu.activity.InstallerListenerActivity,reason=UpdateInputWindows]
03-14 04:12:11.274 8328 8328 I wm_on_activity_result_called: [204038234,com.tencent.pangu.activity.InstallerListenerActivity,ACTIVITY_RESULT]
03-14 04:12:11.277 8328 8328 I wm_on_resume_called: [204038234,com.tencent.pangu.activity.InstallerListenerActivity,RESUME_ACTIVITY]
03-14 04:12:11.277 8328 8328 I wm_on_top_resumed_gained_called: [204038234,com.tencent.pangu.activity.InstallerListenerActivity,topWhenResuming]
03-14 04:12:11.292 1523 7582 I wm_destroy_activity: [0,173550321,19,com.tencent.android.qqdownloader/com.tencent.pangu.activity.InstallerListenerActivity,finish-idle]
03-14 04:12:11.295 8328 8328 I wm_on_stop_called: [173550321,com.tencent.pangu.activity.InstallerListenerActivity,LIFECYCLER_STOP_ACTIVITY]
03-14 04:12:11.299 8328 8328 I wm_on_destroy_called: [173550321,com.tencent.pangu.activity.InstallerListenerActivity,performDestroy]
03-14 04:12:11.303 1523 1996 I input_focus: [Focus entering 349572a com.tencent.android.qqdownloader/com.tencent.pangu.activity.InstallerListenerActivity (server),reason=setFocusedWindow]
03-14 04:12:11.363 1523 2745 W FreeFormWindowHelper: Current Display FreeFormTask is null
03-14 04:12:11.452 1523 1996 I input_interaction: Interaction with: 349572a com.tencent.android.qqdownloader/com.tencent.pangu.activity.InstallerListenerActivity (server), edge-swipe (server), swipe-up (server), PointerEventDispatcher0 (server),
