03-22 10:29:14.191 0 0 I auditd : type=1400 audit(0.0:19725): avc: denied { kill } for comm="swapper/0" capability=5 scontext=u:r:kernel:s0 tcontext=u:r:kernel:s0 tclass=capability permissive=0
03-22 10:29:15.187 0 0 I auditd : type=1400 audit(0.0:19726): avc: denied { kill } for comm="swapper/0" capability=5 scontext=u:r:kernel:s0 tcontext=u:r:kernel:s0 tclass=capability permissive=0
01-01 16:54:04.579 0 0 E DTC_ETH,link_delay_work_func: 3003, SQI=0, link=0
03-22 10:29:16.187 0 0 I auditd : type=1400 audit(0.0:19727): avc: denied { kill } for comm="swapper/0" capability=5 scontext=u:r:kernel:s0 tcontext=u:r:kernel:s0 tclass=capability permissive=0
03-22 10:29:17.191 0 0 I auditd : type=1400 audit(0.0:19728): avc: denied { kill } for comm="swapper/0" capability=5 scontext=u:r:kernel:s0 tcontext=u:r:kernel:s0 tclass=capability permissive=0
03-22 10:29:18.187 0 0 I auditd : type=1400 audit(0.0:19729): avc: denied { kill } for comm="swapper/0" capability=5 scontext=u:r:kernel:s0 tcontext=u:r:kernel:s0 tclass=capability permissive=0
03-22 10:29:19.187 0 0 I auditd : type=1400 audit(0.0:19730): avc: denied { kill } for comm="swapper/0" capability=5 scontext=u:r:kernel:s0 tcontext=u:r:kernel:s0 tclass=capability permissive=0
03-22 10:29:20.191 0 0 I auditd : type=1400 audit(0.0:19731): avc: denied { kill } for comm="swapper/0" capability=5 scontext=u:r:kernel:s0 tcontext=u:r:kernel:s0 tclass=capability permissive=0
01-01 16:54:09.483 0 0 E DTC_Display: screen not ready
01-01 16:54:09.699 0 0 E DTC_ETH,link_delay_work_func: 3003, SQI=0, link=0
03-22 10:29:21.187 0 0 I auditd : type=1400 audit(0.0:19732): avc: denied { kill } for comm="swapper/0" capability=5 scontext=u:r:kernel:s0 tcontext=u:r:kernel:s0 tclass=capability permissive=0
03-22 10:29:22.187 1527 1527 I auditd : type=1400 audit(0.0:19733): avc: denied { kill } for comm="kworker/u16:8" capability=5 scontext=u:r:kernel:s0 tcontext=u:r:kernel:s0 tclass=capability permissive=0
03-22 10:29:23.187 0 0 I auditd : type=1400 audit(0.0:19734): avc: denied { kill } for comm="swapper/0" capability=5 scontext=u:r:kernel:s0 tcontext=u:r:kernel:s0 tclass=capability permissive=0
03-22 10:29:24.187 0 0 I auditd : type=1400 audit(0.0:19735): avc: denied { kill } for comm="swapper/0" capability=5 scontext=u:r:kernel:s0 tcontext=u:r:kernel:s0 tclass=capability permissive=0
03-22 10:29:25.187 0 0 I auditd : type=1400 audit(0.0:19736): avc: denied { kill } for comm="swapper/0" capability=5 scontext=u:r:kernel:s0 tcontext=u:r:kernel:s0 tclass=capability permissive=0
01-01 16:54:14.819 0 0 E DTC_ETH,link_delay_work_func: 3003, SQI=0, link=0
03-22 10:29:26.191 0 0 I auditd : type=1400 audit(0.0:19737): avc: denied { kill } for comm="swapper/0" capability=5 scontext=u:r:kernel:s0 tcontext=u:r:kernel:s0 tclass=capability permissive=0
03-22 10:29:27.191 0 0 I auditd : type=1400 audit(0.0:19738): avc: denied { kill } for comm="swapper/0" capability=5 scontext=u:r:kernel:s0 tcontext=u:r:kernel:s0 tclass=capability permissive=0
03-22 10:29:27.319 22192 22192 I auditd : type=1400 audit(0.0:19739): avc: denied { search } for comm="Thread-3" name="asound" dev="proc" ino=4026532151 scontext=u:r:untrusted_app_29:s0:c102,c256,c512,c768 tcontext=u:object_r:proc_asound:s0 tclass=dir permissive=0 app=com.tencent.qqmusic
03-22 10:29:27.363 22192 22192 I auditd : type=1400 audit(0.0:19740): avc: denied { search } for comm="Thread-3" name="asound" dev="proc" ino=4026532151 scontext=u:r:untrusted_app_29:s0:c102,c256,c512,c768 tcontext=u:object_r:proc_asound:s0 tclass=dir permissive=0 app=com.tencent.qqmusic
03-22 10:29:27.439 22192 22192 I auditd : type=1400 audit(0.0:19741): avc: denied { read } for comm="Thread-3" name="tcp" dev="proc" ino=4026532265 scontext=u:r:untrusted_app_29:s0:c102,c256,c512,c768 tcontext=u:object_r:proc_net_tcp_udp:s0 tclass=file permissive=0 app=com.tencent.qqmusic
01-01 16:54:17.235 0 0 E DTC_Display: screen not ready
03-22 10:29:28.187 0 0 I auditd : type=1400 audit(0.0:19742): avc: denied { kill } for comm="swapper/0" capability=5 scontext=u:r:kernel:s0 tcontext=u:r:kernel:s0 tclass=capability permissive=0
03-22 10:29:28.215 22192 22192 I auditd : type=1400 audit(0.0:19743): avc: denied { read } for comm="Thread-3" name="misc" dev="proc" ino=4026531991 scontext=u:r:untrusted_app_29:s0:c102,c256,c512,c768 tcontext=u:object_r:proc_misc:s0 tclass=file permissive=0 app=com.tencent.qqmusic
03-22 10:29:29.191 0 0 I auditd : type=1400 audit(0.0:19744): avc: denied { kill } for comm="swapper/0" capability=5 scontext=u:r:kernel:s0 tcontext=u:r:kernel:s0 tclass=capability permissive=0
03-22 10:29:30.187 0 0 I auditd : type=1400 audit(0.0:19745): avc: denied { kill } for comm="swapper/0" capability=5 scontext=u:r:kernel:s0 tcontext=u:r:kernel:s0 tclass=capability permissive=0
01-01 16:54:19.939 0 0 E DTC_ETH,link_delay_work_func: 3003, SQI=0, link=0
03-22 10:29:31.187 0 0 I auditd : type=1400 audit(0.0:19746): avc: denied { kill } for comm="swapper/0" capability=5 scontext=u:r:kernel:s0 tcontext=u:r:kernel:s0 tclass=capability permissive=0
03-22 10:29:32.187 0 0 I auditd : type=1400 audit(0.0:19747): avc: denied { kill } for comm="swapper/0" capability=5 scontext=u:r:kernel:s0 tcontext=u:r:kernel:s0 tclass=capability permissive=0
03-22 10:29:33.191 0 0 I auditd : type=1400 audit(0.0:19748): avc: denied { kill } for comm="swapper/0" capability=5 scontext=u:r:kernel:s0 tcontext=u:r:kernel:s0 tclass=capability permissive=0
03-22 10:29:34.191 0 0 I auditd : type=1400 audit(0.0:19749): avc: denied { kill } for comm="swapper/0" capability=5 scontext=u:r:kernel:s0 tcontext=u:r:kernel:s0 tclass=capability permissive=0
03-22 10:29:34.990 1512 1697 I input_interaction: Interaction with: ecb397f com.thundercomm.screensaver/android.service.dreams.DreamActivity (server), swipe-up (server), edge-swipe (server), PointerEventDispatcher0 (server),
03-22 10:29:34.994 1512 5089 I wm_finish_activity: [0,162695366,108,com.thundercomm.screensaver/android.service.dreams.DreamActivity,finish-activity]
03-22 10:29:34.995 1512 5089 I wm_task_moved: [96,1,9]
03-22 10:29:34.995 1512 5089 I wm_task_to_front: [0,96]
03-22 10:29:34.996 1512 5089 I wm_focused_root_task: [0,0,96,108,finish-top adjustFocusToNextFocusableTask]
03-22 10:29:34.998 1512 5089 I wm_pause_activity: [0,162695366,com.thundercomm.screensaver/android.service.dreams.DreamActivity,userLeaving=false,finish]
03-22 10:29:35.002 1512 1512 I service_manager_slow: [10,phone]
03-22 10:29:35.006 29039 29039 I wm_on_top_resumed_lost_called: [162695366,android.service.dreams.DreamActivity,topStateChangedWhenResumed]
03-22 10:29:35.007 29039 29039 I wm_on_paused_called: [162695366,android.service.dreams.DreamActivity,performPause]
03-22 10:29:35.009 1512 1610 I sysui_multi_action: [757,803,799,window_time_0,802,3207]
03-22 10:29:35.010 1512 1546 I wm_add_to_stopping: [0,162695366,com.thundercomm.screensaver/android.service.dreams.DreamActivity,completeFinishing]
03-22 10:29:35.016 1512 1546 I wm_set_resumed_activity: [0,com.thundersoft.notificationtest1/.MainActivity,resumeTopActivityInnerLocked]
03-22 10:29:35.019 1512 1546 I wm_resume_activity: [0,4748242,96,com.thundersoft.notificationtest1/.MainActivity]
03-22 10:29:35.023 1512 1610 I am_uid_active: 10104
03-22 10:29:35.025 1512 1610 I sysui_multi_action: [757,803,799,window_time_0,802,0]
03-22 10:29:35.035 27356 27356 I wm_on_restart_called: [4748242,com.thundersoft.notificationtest1.MainActivity,performRestartActivity]
03-22 10:29:35.035 27356 27356 I wm_on_start_called: [4748242,com.thundersoft.notificationtest1.MainActivity,handleStartActivity]
03-22 10:29:35.036 27356 27356 I wm_on_resume_called: [4748242,com.thundersoft.notificationtest1.MainActivity,RESUME_ACTIVITY]
03-22 10:29:35.036 27356 27356 I wm_on_top_resumed_gained_called: [4748242,com.thundersoft.notificationtest1.MainActivity,topWhenResuming]
03-22 10:29:35.037 1512 1546 I am_uid_running: 10063
03-22 10:29:35.044 1512 1618 I am_pss : [1132,10102,com.tencent.qqmusic:QQPlayerService,69440512,27021312,49152,208523264,0,17,12]
03-22 10:29:35.044 1512 1620 I am_proc_start: [0,2116,10063,com.thundercomm.gamemode.provider,content provider,{com.thundercomm.gamemode.provider/com.thundercomm.gamemode.provider.SettingsProvider}]
03-22 10:29:35.052 1512 1618 I am_pss : [1914,10030,com.android.documentsui,12563456,9433088,50176,102727680,0,19,6]
03-22 10:29:35.055 29039 29039 I view_enqueue_input_event: [Motion - Cancel,com.thundercomm.screensaver/android.service.dreams.DreamActivity]
03-22 10:29:35.055 1512 1697 I input_focus: [Focus leaving ecb397f com.thundercomm.screensaver/android.service.dreams.DreamActivity (server),reason=NO_WINDOW]
03-22 10:29:35.057 1512 1611 I input_focus: [Focus request 6c9be78 com.thundersoft.notificationtest1/com.thundersoft.notificationtest1.MainActivity,reason=UpdateInputWindows]
01-01 16:54:24.160 0 0 I binder : 2116:2116 ioctl 40046210 7fff294234 returned -22
03-22 10:29:35.062 1512 1618 I am_pss : [1094,1000,com.android.settings,25852928,13877248,49152,116842496,0,19,7]
03-22 10:29:35.070 1512 2683 I am_proc_bound: [0,2116,com.thundercomm.gamemode.provider]
03-22 10:29:35.070 1512 1618 I am_pss : [32361,1000,com.qti.diagservices,6810624,4083712,49152,90017792,0,10,6]
03-22 10:29:35.080 1512 2683 I am_uid_active: 10063
03-22 10:29:35.087 1512 1697 I input_focus: [Focus entering 6c9be78 com.thundersoft.notificationtest1/com.thundersoft.notificationtest1.MainActivity (server),reason=Window became focusable. Previous reason: NOT_VISIBLE]
03-22 10:29:35.594 1512 1610 I wm_destroy_activity: [0,162695366,108,com.thundercomm.screensaver/android.service.dreams.DreamActivity,finish-imm:idle]
03-22 10:29:35.615 29039 29039 I wm_on_stop_called: [162695366,android.service.dreams.DreamActivity,LIFECYCLER_STOP_ACTIVITY]
03-22 10:29:35.619 29039 29039 I wm_on_destroy_called: [162695366,android.service.dreams.DreamActivity,performDestroy]
03-22 10:29:35.622 1512 1607 I sysui_multi_action: [757,222,758,2]
03-22 10:29:35.622 1512 1607 I sysui_multi_action: [757,804,799,dreaming_minutes,801,53,802,1]
03-22 10:29:35.638 1512 1546 I wm_task_removed: [108,removeChild:removeChild last r=ActivityRecord{9b288c6 u0 com.thundercomm.screensaver/android.service.dreams.DreamActivity t-1 f}} in t=Task{e63ee9b #108 type=dream A=10046:android:com.thundercomm.screensaver/dream U=0 visible=false mode=fullscreen translucent=true sz=0}]
03-22 10:29:35.638 1512 1546 I wm_task_removed: [108,removeChild]
03-22 10:29:35.864 1512 1697 I input_interaction: Interaction with: 637a09c StatusBar (server), swipe-up (server), edge-swipe (server), PointerEventDispatcher0 (server),
01-01 16:54:24.971 0 0 E DTC_Display: screen not ready
01-01 16:54:25.059 0 0 E DTC_ETH,link_delay_work_func: 3003, SQI=0, link=0
03-22 10:29:35.967 1512 2683 I sysui_multi_action: [757,127,758,1]
03-22 10:29:35.967 1512 2683 I sysui_multi_action: [757,804,799,note_load,801,3,802,1]
03-22 10:29:35.967 1512 2683 I notification_panel_revealed: 3
03-22 10:29:35.985 1512 2683 I sysui_multi_action: [757,128,758,1,793,8811127,794,0,795,8811127,796,26,798,0,806,android,857,DEVELOPER_IMPORTANT,858,4,947,0,1395,3,1500,8810921,1688,1]
03-22 10:29:35.985 1512 2683 I sysui_multi_action: [757,804,799,note_freshness,801,8811127,802,1]
03-22 10:29:35.985 1512 2683 I notification_visibility: [-1|android|26|null|1000,1,8811127,8811127,0,0]
03-22 10:29:35.985 1512 2683 I sysui_multi_action: [757,128,758,1,793,7883441,794,0,795,7638581,796,17303299,797,com.android.wifi,798,1,806,android,857,NETWORK_AVAILABLE,858,2,947,0,1395,3,1500,3811879,1688,1]
03-22 10:29:35.985 1512 2683 I sysui_multi_action: [757,1501,758,1,793,7883441,794,0,795,7638581,796,17303299,797,com.android.wifi,806,android,857,NETWORK_AVAILABLE,858,2,947,0,1500,0,1688,1]
03-22 10:29:35.985 1512 2683 I sysui_multi_action: [757,804,799,note_interruptive,801,0,802,1]
03-22 10:29:35.985 1512 2683 I sysui_multi_action: [757,804,799,note_freshness,801,7638581,802,1]
03-22 10:29:35.985 1512 2683 I notification_visibility: [0|android|17303299|com.android.wifi|1000,1,7883441,7638581,0,1]
03-22 10:29:35.986 1512 2683 I sysui_multi_action: [757,128,758,1,793,8811132,794,0,795,8811132,796,32,798,2,806,android,857,USB,858,1,947,0,1395,3,1500,8810929,1688,1]
03-22 10:29:35.986 1512 2683 I sysui_multi_action: [757,804,799,note_freshness,801,8811132,802,1]
03-22 10:29:35.986 1512 2683 I notification_visibility: [-1|android|32|null|1000,1,8811132,8811132,0,2]
03-22 10:29:35.998 1512 1611 I input_focus: [Focus request 92dbd17 NotificationShade,reason=UpdateInputWindows]
03-22 10:29:36.027 1512 1697 I input_focus: [Focus leaving 6c9be78 com.thundersoft.notificationtest1/com.thundersoft.notificationtest1.MainActivity (server),reason=setFocusedWindow]
03-22 10:29:36.027 1982 1982 I sysui_multi_action: [757,111,758,1]
03-22 10:29:36.027 1512 1697 I input_focus: [Focus entering 92dbd17 NotificationShade (server),reason=setFocusedWindow]
03-22 10:29:36.028 1982 1982 I sysui_multi_action: [757,126,758,1,759,126,927,0,928,1,1593,0]
03-22 10:29:36.028 1982 1982 I sysui_multi_action: [757,113,758,1,759,113,927,1,928,1,1593,0]
03-22 10:29:36.028 1982 1982 I sysui_multi_action: [757,0,758,1,759,0,927,2,928,0,1593,0]
03-22 10:29:36.028 1982 1982 I sysui_multi_action: [757,0,758,1,759,0,927,3,928,0,1593,0]
03-22 10:29:36.029 1982 1982 I sysui_multi_action: [757,491,758,1,759,491,927,4,928,0,1311,1,1593,0]
03-22 10:29:36.029 1982 1982 I sysui_multi_action: [757,0,758,1,759,0,927,5,928,0,1593,0]
03-22 10:29:36.029 1982 1982 I sysui_multi_action: [757,111,758,1]
03-22 10:29:36.029 1982 1982 I sysui_multi_action: [757,126,758,1,759,126,927,0,928,1,1593,0]
03-22 10:29:36.029 1982 1982 I sysui_multi_action: [757,113,758,1,759,113,927,1,928,1,1593,0]
03-22 10:29:36.029 1982 1982 I sysui_multi_action: [757,0,758,1,759,0,927,2,928,0,1593,0]
03-22 10:29:36.029 1982 1982 I sysui_multi_action: [757,0,758,1,759,0,927,3,928,0,1593,0]
03-22 10:29:36.187 0 0 I auditd : type=1400 audit(0.0:19750): avc: denied { kill } for comm="swapper/0" capability=5 scontext=u:r:kernel:s0 tcontext=u:r:kernel:s0 tclass=capability permissive=0
03-22 10:29:37.191 0 0 I auditd : type=1400 audit(0.0:19751): avc: denied { kill } for comm="swapper/0" capability=5 scontext=u:r:kernel:s0 tcontext=u:r:kernel:s0 tclass=capability permissive=0
03-22 10:29:37.245 1512 1697 I input_interaction: Interaction with: 92dbd17 NotificationShade (server), swipe-up (server), edge-swipe (server), PointerEventDispatcher0 (server),
03-22 10:29:37.342 1982 1982 I sysui_multi_action: [757,407,758,4,759,1]
03-22 10:29:37.516 1512 1546 I sysui_multi_action: [757,128,758,3,793,7884972,794,1531,795,7640112,796,17303299,797,com.android.wifi,806,android,857,NETWORK_AVAILABLE,858,2,947,0,1500,1531,1688,1]
03-22 10:29:38.187 0 0 I auditd : type=1400 audit(0.0:19752): avc: denied { kill } for comm="swapper/0" capability=5 scontext=u:r:kernel:s0 tcontext=u:r:kernel:s0 tclass=capability permissive=0
03-22 10:29:38.701 1982 1982 I sysui_multi_action: [757,407,758,4,759,1]
03-22 10:29:39.187 0 0 I auditd : type=1400 audit(0.0:19753): avc: denied { kill } for comm="swapper/0" capability=5 scontext=u:r:kernel:s0 tcontext=u:r:kernel:s0 tclass=capability permissive=0
03-22 10:29:39.505 1512 1697 I input_interaction: Interaction with: 92dbd17 NotificationShade (server), PointerEventDispatcher0 (server),
03-22 10:29:40.187 0 0 I auditd : type=1400 audit(0.0:19754): avc: denied { kill } for comm="swapper/0" capability=5 scontext=u:r:kernel:s0 tcontext=u:r:kernel:s0 tclass=capability permissive=0
01-01 16:54:30.179 0 0 E DTC_ETH,link_delay_work_func: 3003, SQI=0, link=0
03-22 10:29:42.187 0 0 I auditd : type=1400 audit(0.0:19755): avc: denied { kill } for comm="swapper/0" capability=5 scontext=u:r:kernel:s0 tcontext=u:r:kernel:s0 tclass=capability permissive=0
01-01 16:54:32.755 0 0 E DTC_Display: screen not ready
03-22 10:29:44.187 28847 28847 I auditd : type=1400 audit(0.0:19756): avc: denied { kill } for comm="kworker/u16:7" capability=5 scontext=u:r:kernel:s0 tcontext=u:r:kernel:s0 tclass=capability permissive=0
03-22 10:29:46.187 0 0 I auditd : type=1400 audit(0.0:19757): avc: denied { kill } for comm="swapper/2" capability=5 scontext=u:r:kernel:s0 tcontext=u:r:kernel:s0 tclass=capability permissive=0
01-01 16:54:35.299 0 0 E DTC_ETH,link_delay_work_func: 3003, SQI=0, link=0
03-22 10:29:47.187 0 0 I auditd : type=1400 audit(0.0:19758): avc: denied { kill } for comm="swapper/2" capability=5 scontext=u:r:kernel:s0 tcontext=u:r:kernel:s0 tclass=capability permissive=0
03-22 10:29:48.975 1512 1697 I input_interaction: Interaction with: 92dbd17 NotificationShade (server), swipe-up (server), edge-swipe (server), PointerEventDispatcher0 (server),
03-22 10:29:49.642 1512 2153 I sysui_multi_action: [757,128,758,2,793,8824784,794,13657,795,8824784,796,26,798,0,806,android,857,DEVELOPER_IMPORTANT,858,4,947,0,1395,3,1500,8824578,1688,1]
03-22 10:29:49.642 1512 2153 I notification_visibility: [-1|android|26|null|1000,0,8824784,8824784,0,0]
03-22 10:29:49.642 1512 2153 I sysui_multi_action: [757,128,758,2,793,7897098,794,13657,795,7652238,796,17303299,797,com.android.wifi,798,1,806,android,857,NETWORK_AVAILABLE,858,2,947,0,1395,3,1500,13657,1688,1]
03-22 10:29:49.642 1512 2153 I notification_visibility: [0|android|17303299|com.android.wifi|1000,0,7897098,7652238,0,1]
03-22 10:29:49.643 1512 2153 I sysui_multi_action: [757,128,758,2,793,8824788,794,13656,795,8824788,796,32,798,2,806,android,857,USB,858,1,947,0,1395,3,1500,8824585,1688,1]
03-22 10:29:49.643 1512 2153 I notification_visibility: [-1|android|32|null|1000,0,8824788,8824788,0,2]
03-22 10:29:51.187 0 0 I auditd : type=1400 audit(0.0:19759): avc: denied { kill } for comm="swapper/3" capability=5 scontext=u:r:kernel:s0 tcontext=u:r:kernel:s0 tclass=capability permissive=0
01-01 16:54:40.419 0 0 E DTC_ETH,link_delay_work_func: 3003, SQI=0, link=0
01-01 16:54:40.759 0 0 E DTC_Display: Abnormal voltage: 0mV
01-01 16:54:40.759 0 0 E DTC_Display: screen not ready
03-22 10:29:52.163 1512 13247 I sysui_multi_action: [757,128,758,1,793,8827305,794,0,795,8827305,796,26,798,0,806,android,857,DEVELOPER_IMPORTANT,858,4,947,0,1395,3,1500,8827099,1688,1]
03-22 10:29:52.163 1512 13247 I sysui_multi_action: [757,804,799,note_freshness,801,8827305,802,1]
03-22 10:29:52.163 1512 13247 I notification_visibility: [-1|android|26|null|1000,1,8827305,8827305,0,0]
03-22 10:29:52.163 1512 13247 I sysui_multi_action: [757,128,758,1,793,7899619,794,0,795,7654759,796,17303299,797,com.android.wifi,798,1,806,android,857,NETWORK_AVAILABLE,858,2,947,0,1395,3,1500,16178,1688,1]
03-22 10:29:52.163 1512 13247 I sysui_multi_action: [757,1501,758,1,793,7899619,794,0,795,7654759,796,17303299,797,com.android.wifi,806,android,857,NETWORK_AVAILABLE,858,2,947,0,1500,0,1688,1]
03-22 10:29:52.163 1512 13247 I sysui_multi_action: [757,804,799,note_interruptive,801,0,802,1]
03-22 10:29:52.164 1512 13247 I sysui_multi_action: [757,804,799,note_freshness,801,7654759,802,1]
03-22 10:29:52.164 1512 13247 I notification_visibility: [0|android|17303299|com.android.wifi|1000,1,7899619,7654759,0,1]
03-22 10:29:52.164 1512 13247 I sysui_multi_action: [757,128,758,1,793,8827310,794,0,795,8827310,796,32,798,2,806,android,857,USB,858,1,947,0,1395,3,1500,8827107,1688,1]
03-22 10:29:52.164 1512 13247 I sysui_multi_action: [757,804,799,note_freshness,801,8827310,802,1]
03-22 10:29:52.164 1512 13247 I notification_visibility: [-1|android|32|null|1000,1,8827310,8827310,0,2]
03-22 10:29:53.187 0 0 I auditd : type=1400 audit(0.0:19760): avc: denied { kill } for comm="swapper/0" capability=5 scontext=u:r:kernel:s0 tcontext=u:r:kernel:s0 tclass=capability permissive=0
03-22 10:29:54.187 0 0 I auditd : type=1400 audit(0.0:19761): avc: denied { kill } for comm="swapper/0" capability=5 scontext=u:r:kernel:s0 tcontext=u:r:kernel:s0 tclass=capability permissive=0
03-22 10:29:54.568 1512 1512 I notification_enqueue: [10078,1982,com.android.systemui,2048,NULL,0,Notification(channel=updateNotification shortcut=null contentView=null vibrate=null sound=null defaults=0x0 flags=0x0 color=0x00000000 vis=PRIVATE),1]
03-22 10:29:54.569 1982 1982 I sysui_multi_action: [757,111,758,2]
03-22 10:29:54.570 1982 1982 I sysui_multi_action: [757,111,758,2]
03-22 10:29:54.768 1512 1611 I input_focus: [Focus request 6c9be78 com.thundersoft.notificationtest1/com.thundersoft.notificationtest1.MainActivity,reason=UpdateInputWindows]
03-22 10:29:54.780 1512 5089 I sysui_multi_action: [757,128,758,2,793,8829922,794,2617,795,8829922,796,26,798,0,806,android,857,DEVELOPER_IMPORTANT,858,4,947,0,1395,3,1500,8829716,1688,1]
03-22 10:29:54.780 1512 5089 I notification_visibility: [-1|android|26|null|1000,0,8829922,8829922,0,0]
03-22 10:29:54.780 1512 5089 I sysui_multi_action: [757,128,758,2,793,7902236,794,2617,795,7657376,796,17303299,797,com.android.wifi,798,1,806,android,857,NETWORK_AVAILABLE,858,2,947,0,1395,3,1500,2617,1688,1]
03-22 10:29:54.780 1512 5089 I notification_visibility: [0|android|17303299|com.android.wifi|1000,0,7902236,7657376,0,1]
03-22 10:29:54.780 1512 5089 I sysui_multi_action: [757,128,758,2,793,8829926,794,2616,795,8829926,796,32,798,2,806,android,857,USB,858,1,947,0,1395,3,1500,8829723,1688,1]
03-22 10:29:54.780 1512 5089 I notification_visibility: [-1|android|32|null|1000,0,8829926,8829926,0,2]
03-22 10:29:54.781 1512 13247 I sysui_multi_action: [757,127,758,2]
03-22 10:29:54.781 1512 13247 I notification_panel_hidden:
03-22 10:29:54.789 1512 1697 I input_focus: [Focus leaving 92dbd17 NotificationShade (server),reason=NOT_FOCUSABLE]
03-22 10:29:54.789 1512 1697 I input_focus: [Focus entering 6c9be78 com.thundersoft.notificationtest1/com.thundersoft.notificationtest1.MainActivity (server),reason=setFocusedWindow]
03-22 10:29:55.187 0 0 I auditd : type=1400 audit(0.0:19762): avc: denied { kill } for comm="swapper/0" capability=5 scontext=u:r:kernel:s0 tcontext=u:r:kernel:s0 tclass=capability permissive=0
03-22 10:29:56.187 0 0 I auditd : type=1400 audit(0.0:19763): avc: denied { kill } for comm="swapper/0" capability=5 scontext=u:r:kernel:s0 tcontext=u:r:kernel:s0 tclass=capability permissive=0
01-01 16:54:45.539 0 0 E DTC_ETH,link_delay_work_func: 3003, SQI=0, link=0
03-22 10:29:57.187 0 0 I auditd : type=1400 audit(0.0:19764): avc: denied { kill } for comm="swapper/0" capability=5 scontext=u:r:kernel:s0 tcontext=u:r:kernel:s0 tclass=capability permissive=0
03-22 10:29:58.187 0 0 I auditd : type=1400 audit(0.0:19765): avc: denied { kill } for comm="swapper/0" capability=5 scontext=u:r:kernel:s0 tcontext=u:r:kernel:s0 tclass=capability permissive=0
03-22 10:29:59.187 0 0 I auditd : type=1400 audit(0.0:19766): avc: denied { kill } for comm="swapper/0" capability=5 scontext=u:r:kernel:s0 tcontext=u:r:kernel:s0 tclass=capability permissive=0
01-01 16:54:48.820 0 0 E DTC_Display: screen not ready
01-01 16:54:48.820 0 0 E DTC_Display: Backlight abnormal: 0x7b
03-22 10:30:01.191 0 0 I auditd : type=1400 audit(0.0:19767): avc: denied { kill } for comm="swapper/0" capability=5 scontext=u:r:kernel:s0 tcontext=u:r:kernel:s0 tclass=capability permissive=0
01-01 16:54:50.659 0 0 E DTC_ETH,link_delay_work_func: 3003, SQI=0, link=0
03-22 10:30:02.187 0 0 I auditd : type=1400 audit(0.0:19768): avc: denied { kill } for comm="swapper/0" capability=5 scontext=u:r:kernel:s0 tcontext=u:r:kernel:s0 tclass=capability permissive=0
03-22 10:30:03.187 0 0 I auditd : type=1400 audit(0.0:19769): avc: denied { kill } for comm="swapper/0" capability=5 scontext=u:r:kernel:s0 tcontext=u:r:kernel:s0 tclass=capability permissive=0
03-22 10:30:04.187 0 0 I auditd : type=1400 audit(0.0:19770): avc: denied { kill } for comm="swapper/0" capability=5 scontext=u:r:kernel:s0 tcontext=u:r:kernel:s0 tclass=capability permissive=0
03-22 10:30:05.187 0 0 I auditd : type=1400 audit(0.0:19771): avc: denied { kill } for comm="swapper/0" capability=5 scontext=u:r:kernel:s0 tcontext=u:r:kernel:s0 tclass=capability permissive=0
03-22 10:30:06.187 0 0 I auditd : type=1400 audit(0.0:19772): avc: denied { kill } for comm="swapper/0" capability=5 scontext=u:r:kernel:s0 tcontext=u:r:kernel:s0 tclass=capability permissive=0
01-01 16:54:55.779 0 0 E DTC_ETH,link_delay_work_func: 3003, SQI=0, link=0
03-22 10:30:07.187 0 0 I auditd : type=1400 audit(0.0:19773): avc: denied { kill } for comm="swapper/0" capability=5 scontext=u:r:kernel:s0 tcontext=u:r:kernel:s0 tclass=capability permissive=0
01-01 16:54:56.771 0 0 E DTC_Display: screen not ready
03-22 10:30:08.187 0 0 I auditd : type=1400 audit(0.0:19774): avc: denied { kill } for comm="swapper/0" capability=5 scontext=u:r:kernel:s0 tcontext=u:r:kernel:s0 tclass=capability permissive=0
03-22 10:30:09.187 288 288 I auditd : type=1400 audit(0.0:19775): avc: denied { kill } for comm="kgsl_worker_thr" capability=5 scontext=u:r:kernel:s0 tcontext=u:r:kernel:s0 tclass=capability permissive=0
03-22 10:30:10.187 0 0 I auditd : type=1400 audit(0.0:19776): avc: denied { kill } for comm="swapper/0" capability=5 scontext=u:r:kernel:s0 tcontext=u:r:kernel:s0 tclass=capability permissive=0
03-22 10:30:11.187 0 0 I auditd : type=1400 audit(0.0:19777): avc: denied { kill } for comm="swapper/0" capability=5 scontext=u:r:kernel:s0 tcontext=u:r:kernel:s0 tclass=capability permissive=0
01-01 16:55:00.899 0 0 E DTC_ETH,link_delay_work_func: 3003, SQI=0, link=0
03-22 10:30:12.187 0 0 I auditd : type=1400 audit(0.0:19778): avc: denied { kill } for comm="swapper/0" capability=5 scontext=u:r:kernel:s0 tcontext=u:r:kernel:s0 tclass=capability permissive=0
03-22 10:30:13.831 1512 1697 I input_interaction: Interaction with: 637a09c StatusBar (server), swipe-up (server), edge-swipe (server), PointerEventDispatcher0 (server),
03-22 10:30:13.835 1982 1982 I sysui_multi_action: [757,803,799,panel_open,802,1]
03-22 10:30:13.836 1982 1982 I sysui_multi_action: [757,1328,758,4,1326,70,1327,1,1329,0]
03-22 10:30:13.844 1512 13247 I sysui_multi_action: [757,127,758,1]
03-22 10:30:13.844 1512 13247 I sysui_multi_action: [757,804,799,note_load,801,3,802,1]
03-22 10:30:13.844 1512 13247 I notification_panel_revealed: 3
03-22 10:30:13.855 1512 1611 I input_focus: [Focus request 92dbd17 NotificationShade,reason=UpdateInputWindows]
03-22 10:30:13.864 1512 13247 I sysui_multi_action: [757,128,758,1,793,8849007,794,0,795,8849007,796,26,798,0,806,android,857,DEVELOPER_IMPORTANT,858,4,947,0,1395,3,1500,8848801,1688,1]
03-22 10:30:13.864 1512 13247 I sysui_multi_action: [757,804,799,note_freshness,801,8849007,802,1]
03-22 10:30:13.864 1512 13247 I notification_visibility: [-1|android|26|null|1000,1,8849007,8849007,0,0]
03-22 10:30:13.864 1512 13247 I sysui_multi_action: [757,128,758,1,793,7921320,794,0,795,7676460,796,17303299,797,com.android.wifi,798,1,806,android,857,NETWORK_AVAILABLE,858,2,947,0,1395,3,1500,21701,1688,1]
03-22 10:30:13.864 1512 13247 I sysui_multi_action: [757,1501,758,1,793,7921320,794,0,795,7676460,796,17303299,797,com.android.wifi,806,android,857,NETWORK_AVAILABLE,858,2,947,0,1500,0,1688,1]
03-22 10:30:13.864 1512 13247 I sysui_multi_action: [757,804,799,note_interruptive,801,0,802,1]
03-22 10:30:13.864 1512 13247 I sysui_multi_action: [757,804,799,note_freshness,801,7676460,802,1]
03-22 10:30:13.864 1512 13247 I notification_visibility: [0|android|17303299|com.android.wifi|1000,1,7921320,7676460,0,1]
03-22 10:30:13.865 1512 13247 I sysui_multi_action: [757,128,758,1,793,8849011,794,0,795,8849011,796,32,798,2,806,android,857,USB,858,1,947,0,1395,3,1500,8848808,1688,1]
03-22 10:30:13.865 1512 13247 I sysui_multi_action: [757,804,799,note_freshness,801,8849011,802,1]
03-22 10:30:13.865 1512 13247 I notification_visibility: [-1|android|32|null|1000,1,8849011,8849011,0,2]
03-22 10:30:13.886 1512 1697 I input_focus: [Focus leaving 6c9be78 com.thundersoft.notificationtest1/com.thundersoft.notificationtest1.MainActivity (server),reason=setFocusedWindow]
03-22 10:30:13.886 1512 1697 I input_focus: [Focus entering 92dbd17 NotificationShade (server),reason=setFocusedWindow]
03-22 10:30:13.894 1982 1982 I sysui_multi_action: [757,111,758,1]
03-22 10:30:13.894 1982 1982 I sysui_multi_action: [757,126,758,1,759,126,927,0,928,1,1593,0]
03-22 10:30:13.894 1982 1982 I sysui_multi_action: [757,113,758,1,759,113,927,1,928,1,1593,0]
03-22 10:30:13.894 1982 1982 I sysui_multi_action: [757,0,758,1,759,0,927,2,928,0,1593,0]
03-22 10:30:13.894 1982 1982 I sysui_multi_action: [757,0,758,1,759,0,927,3,928,0,1593,0]
03-22 10:30:13.895 1982 1982 I sysui_multi_action: [757,491,758,1,759,491,927,4,928,0,1311,1,1593,0]
03-22 10:30:13.895 1982 1982 I sysui_multi_action: [757,0,758,1,759,0,927,5,928,0,1593,0]
03-22 10:30:13.895 1982 1982 I sysui_multi_action: [757,111,758,1]
03-22 10:30:13.895 1982 1982 I sysui_multi_action: [757,126,758,1,759,126,927,0,928,1,1593,0]
03-22 10:30:13.895 1982 1982 I sysui_multi_action: [757,113,758,1,759,113,927,1,928,1,1593,0]
03-22 10:30:13.895 1982 1982 I sysui_multi_action: [757,0,758,1,759,0,927,2,928,0,1593,0]
03-22 10:30:13.895 1982 1982 I sysui_multi_action: [757,0,758,1,759,0,927,3,928,0,1593,0]
03-22 10:30:14.187 0 0 I auditd : type=1400 audit(0.0:19779): avc: denied { kill } for comm="swapper/0" capability=5 scontext=u:r:kernel:s0 tcontext=u:r:kernel:s0 tclass=capability permissive=0
03-22 10:30:14.649 1512 1697 I input_interaction: Interaction with: 92dbd17 NotificationShade (server), swipe-up (server), edge-swipe (server), PointerEventDispatcher0 (server),
03-22 10:30:15.033 1512 1512 I notification_enqueue: [10078,1982,com.android.systemui,2048,NULL,0,Notification(channel=updateNotification shortcut=null contentView=null vibrate=null sound=null defaults=0x0 flags=0x0 color=0x00000000 vis=PRIVATE),1]
03-22 10:30:15.033 1982 1982 I sysui_multi_action: [757,111,758,2]
03-22 10:30:15.033 1982 1982 I sysui_multi_action: [757,111,758,2]
03-22 10:30:15.189 1512 1611 I input_focus: [Focus request 6c9be78 com.thundersoft.notificationtest1/com.thundersoft.notificationtest1.MainActivity,reason=UpdateInputWindows]
03-22 10:30:15.191 1512 13247 I sysui_multi_action: [757,128,758,2,793,8850334,794,1327,795,8850334,796,26,798,0,806,android,857,DEVELOPER_IMPORTANT,858,4,947,0,1395,3,1500,8850128,1688,1]
03-22 10:30:15.192 1512 13247 I notification_visibility: [-1|android|26|null|1000,0,8850334,8850334,0,0]
03-22 10:30:15.192 1512 13247 I sysui_multi_action: [757,128,758,2,793,7922648,794,1328,795,7677788,796,17303299,797,com.android.wifi,798,1,806,android,857,NETWORK_AVAILABLE,858,2,947,0,1395,3,1500,1328,1688,1]
03-22 10:30:15.192 1512 13247 I notification_visibility: [0|android|17303299|com.android.wifi|1000,0,7922648,7677788,0,1]
03-22 10:30:15.192 1512 13247 I sysui_multi_action: [757,128,758,2,793,8850338,794,1327,795,8850338,796,32,798,2,806,android,857,USB,858,1,947,0,1395,3,1500,8850135,1688,1]
03-22 10:30:15.192 1512 13247 I notification_visibility: [-1|android|32|null|1000,0,8850338,8850338,0,2]
03-22 10:30:15.193 1512 2153 I sysui_multi_action: [757,127,758,2]
03-22 10:30:15.194 1512 2153 I notification_panel_hidden:
03-22 10:30:15.221 1512 1697 I input_focus: [Focus leaving 92dbd17 NotificationShade (server),reason=NO_WINDOW]
03-22 10:30:15.221 1512 1697 I input_focus: [Focus entering 6c9be78 com.thundersoft.notificationtest1/com.thundersoft.notificationtest1.MainActivity (server),reason=setFocusedWindow]
01-01 16:55:04.527 0 0 E DTC_Display: screen not ready
03-22 10:30:16.187 0 0 I auditd : type=1400 audit(0.0:19780): avc: denied { kill } for comm="swapper/3" capability=5 scontext=u:r:kernel:s0 tcontext=u:r:kernel:s0 tclass=capability permissive=0
01-01 16:55:06.019 0 0 E DTC_ETH,link_delay_work_func: 3003, SQI=0, link=0
03-22 10:30:17.187 0 0 I auditd : type=1400 audit(0.0:19781): avc: denied { kill } for comm="swapper/3" capability=5 scontext=u:r:kernel:s0 tcontext=u:r:kernel:s0 tclass=capability permissive=0
03-22 10:30:18.187 0 0 I auditd : type=1400 audit(0.0:19782): avc: denied { kill } for comm="swapper/3" capability=5 scontext=u:r:kernel:s0 tcontext=u:r:kernel:s0 tclass=capability permissive=0
03-22 10:30:19.187 0 0 I auditd : type=1400 audit(0.0:19783): avc: denied { kill } for comm="swapper/3" capability=5 scontext=u:r:kernel:s0 tcontext=u:r:kernel:s0 tclass=capability permissive=0
03-22 10:30:20.187 0 0 I auditd : type=1400 audit(0.0:19784): avc: denied { kill } for comm="swapper/3" capability=5 scontext=u:r:kernel:s0 tcontext=u:r:kernel:s0 tclass=capability permissive=0
03-22 10:30:21.187 0 0 I auditd : type=1400 audit(0.0:19785): avc: denied { kill } for comm="swapper/3" capability=5 scontext=u:r:kernel:s0 tcontext=u:r:kernel:s0 tclass=capability permissive=0
01-01 16:55:11.139 0 0 E DTC_ETH,link_delay_work_func: 3003, SQI=0, link=0
03-22 10:30:22.187 0 0 I auditd : type=1400 audit(0.0:19786): avc: denied { kill } for comm="swapper/3" capability=5 scontext=u:r:kernel:s0 tcontext=u:r:kernel:s0 tclass=capability permissive=0
03-22 10:30:23.187 0 0 I auditd : type=1400 audit(0.0:19787): avc: denied { kill } for comm="swapper/3" capability=5 scontext=u:r:kernel:s0 tcontext=u:r:kernel:s0 tclass=capability permissive=0
01-01 16:55:12.579 0 0 E DTC_Display: screen not ready
03-22 10:30:24.187 0 0 I auditd : type=1400 audit(0.0:19788): avc: denied { kill } for comm="swapper/3" capability=5 scontext=u:r:kernel:s0 tcontext=u:r:kernel:s0 tclass=capability permissive=0
03-22 10:30:25.191 0 0 I auditd : type=1400 audit(0.0:19789): avc: denied { kill } for comm="swapper/3" capability=5 scontext=u:r:kernel:s0 tcontext=u:r:kernel:s0 tclass=capability permissive=0
03-22 10:30:26.187 0 0 I auditd : type=1400 audit(0.0:19790): avc: denied { kill } for comm="swapper/3" capability=5 scontext=u:r:kernel:s0 tcontext=u:r:kernel:s0 tclass=capability permissive=0
01-01 16:55:16.259 0 0 E DTC_ETH,link_delay_work_func: 3003, SQI=0, link=0
03-22 10:30:27.187 0 0 I auditd : type=1400 audit(0.0:19791): avc: denied { kill } for comm="swapper/3" capability=5 scontext=u:r:kernel:s0 tcontext=u:r:kernel:s0 tclass=capability permissive=0
03-22 10:30:28.191 0 0 I auditd : type=1400 audit(0.0:19792): avc: denied { kill } for comm="swapper/3" capability=5 scontext=u:r:kernel:s0 tcontext=u:r:kernel:s0 tclass=capability permissive=0
03-22 10:30:29.187 0 0 I auditd : type=1400 audit(0.0:19793): avc: denied { kill } for comm="swapper/3" capability=5 scontext=u:r:kernel:s0 tcontext=u:r:kernel:s0 tclass=capability permissive=0
03-22 10:30:30.187 0 0 I auditd : type=1400 audit(0.0:19794): avc: denied { kill } for comm="swapper/3" capability=5 scontext=u:r:kernel:s0 tcontext=u:r:kernel:s0 tclass=capability permissive=0
03-22 10:30:31.191 0 0 I auditd : type=1400 audit(0.0:19795): avc: denied { kill } for comm="swapper/3" capability=5 scontext=u:r:kernel:s0 tcontext=u:r:kernel:s0 tclass=capability permissive=0
01-01 16:55:20.539 0 0 E DTC_Display: screen not ready
03-22 10:30:32.191 0 0 I auditd : type=1400 audit(0.0:19796): avc: denied { kill } for comm="swapper/3" capability=5 scontext=u:r:kernel:s0 tcontext=u:r:kernel:s0 tclass=capability permissive=0
01-01 16:55:21.379 0 0 E DTC_ETH,link_delay_work_func: 3003, SQI=0, link=0
03-22 10:30:33.187 0 0 I auditd : type=1400 audit(0.0:19797): avc: denied { kill } for comm="swapper/3" capability=5 scontext=u:r:kernel:s0 tcontext=u:r:kernel:s0 tclass=capability permissive=0
03-22 10:30:34.187 0 0 I auditd : type=1400 audit(0.0:19798): avc: denied { kill } for comm="swapper/3" capability=5 scontext=u:r:kernel:s0 tcontext=u:r:kernel:s0 tclass=capability permissive=0
03-22 10:30:34.412 1512 1697 I input_interaction: Interaction with: 6c9be78 com.thundersoft.notificationtest1/com.thundersoft.notificationtest1.MainActivity (server), swipe-up (server), edge-swipe (server), PointerEventDispatcher0 (server),
03-22 10:30:34.425 27356 27356 I view_enqueue_input_event: [Motion - Cancel,com.thundersoft.notificationtest1/com.thundersoft.notificationtest1.MainActivity]
03-22 10:30:34.425 1512 1546 I wm_task_moved: [1,0,0]
03-22 10:30:34.427 1512 1546 I wm_task_moved: [1,0,8]
03-22 10:30:34.431 1512 1697 I input_interaction: Interaction with: swipe-up (server), edge-swipe (server), PointerEventDispatcher0 (server),
03-22 10:30:34.442 1512 1611 I input_focus: [Focus request recents_animation_input_consumer,reason=UpdateInputWindows]
03-22 10:30:34.446 2573 2573 I wm_on_restart_called: [70633193,com.android.launcher3.uioverrides.QuickstepLauncher,performRestartActivity]
03-22 10:30:34.463 1512 1697 I input_focus: [Focus leaving 6c9be78 com.thundersoft.notificationtest1/com.thundersoft.notificationtest1.MainActivity (server),reason=NOT_FOCUSABLE]
03-22 10:30:34.463 1512 1697 I input_focus: [Focus entering recents_animation_input_consumer (server),reason=setFocusedWindow]
03-22 10:30:34.491 2573 2573 I wm_on_start_called: [70633193,com.android.launcher3.uioverrides.QuickstepLauncher,handleStartActivity]
03-22 10:30:34.508 2573 2573 I sysui_latency: [1,97]
03-22 10:30:34.522 1512 1607 I sysui_multi_action: [319,8,322,90,325,28157,757,761,758,9,759,5,806,com.android.launcher3,871,com.android.launcher3.uioverrides.QuickstepLauncher,905,0,1320,8,1321,5]
03-22 10:30:34.693 1512 1684 I commit_sys_config_file: [settings-1-0,4]
03-22 10:30:34.818 1512 1618 I sysui_latency: [8,99]
03-22 10:30:35.058 1512 1697 I input_interaction: Interaction with: 637a09c StatusBar (server), swipe-up (server), edge-swipe (server), PointerEventDispatcher0 (server),
03-22 10:30:35.060 1982 1982 I sysui_multi_action: [757,803,799,panel_open,802,1]
03-22 10:30:35.061 1982 1982 I sysui_multi_action: [757,1328,758,4,1326,70,1327,1,1329,0]
03-22 10:30:35.085 1512 13247 I sysui_multi_action: [757,127,758,1]
03-22 10:30:35.086 1512 13247 I sysui_multi_action: [757,804,799,note_load,801,3,802,1]
03-22 10:30:35.086 1512 13247 I notification_panel_revealed: 3
03-22 10:30:35.102 1512 1611 I input_focus: [Focus request 92dbd17 NotificationShade,reason=UpdateInputWindows]
03-22 10:30:35.112 1512 2153 I sysui_multi_action: [757,128,758,1,793,8870255,794,0,795,8870255,796,26,798,0,806,android,857,DEVELOPER_IMPORTANT,858,4,947,0,1395,3,1500,8870049,1688,1]
03-22 10:30:35.112 1512 2153 I sysui_multi_action: [757,804,799,note_freshness,801,8870255,802,1]
03-22 10:30:35.112 1512 2153 I notification_visibility: [-1|android|26|null|1000,1,8870255,8870255,0,0]
03-22 10:30:35.112 1512 2153 I sysui_multi_action: [757,128,758,1,793,7942568,794,0,795,7697708,796,17303299,797,com.android.wifi,798,1,806,android,857,NETWORK_AVAILABLE,858,2,947,0,1395,3,1500,21248,1688,1]
03-22 10:30:35.113 1512 2153 I sysui_multi_action: [757,1501,758,1,793,7942569,794,1,795,7697709,796,17303299,797,com.android.wifi,806,android,857,NETWORK_AVAILABLE,858,2,947,0,1500,0,1688,1]
03-22 10:30:35.113 1512 2153 I sysui_multi_action: [757,804,799,note_interruptive,801,0,802,1]
03-22 10:30:35.113 1512 2153 I sysui_multi_action: [757,804,799,note_freshness,801,7697708,802,1]
03-22 10:30:35.113 1512 2153 I notification_visibility: [0|android|17303299|com.android.wifi|1000,1,7942568,7697708,0,1]
03-22 10:30:35.113 1512 2153 I sysui_multi_action: [757,128,758,1,793,8870259,794,0,795,8870259,796,32,798,2,806,android,857,USB,858,1,947,0,1395,3,1500,8870056,1688,1]
03-22 10:30:35.114 1512 2153 I sysui_multi_action: [757,804,799,note_freshness,801,8870259,802,1]
03-22 10:30:35.114 1512 2153 I notification_visibility: [-1|android|32|null|1000,1,8870259,8870259,0,2]
03-22 10:30:35.121 1512 2153 I wm_task_moved: [1,1,9]
03-22 10:30:35.121 1512 2153 I wm_task_moved: [32,1,2147483647]
03-22 10:30:35.121 1512 2153 I wm_task_to_front: [0,32]
03-22 10:30:35.121 1512 2153 I wm_focused_root_task: [0,0,1,96,RecentsAnimation.onAnimationFinished()]
03-22 10:30:35.121 1512 2153 I wm_set_resumed_activity: [0,com.android.launcher3/.uioverrides.QuickstepLauncher,RecentsAnimation.onAnimationFinished()]
03-22 10:30:35.122 1512 2153 I wm_pause_activity: [0,4748242,com.thundersoft.notificationtest1/.MainActivity,userLeaving=true,pauseBackTasks]
03-22 10:30:35.122 27356 27356 I wm_on_top_resumed_lost_called: [4748242,com.thundersoft.notificationtest1.MainActivity,topStateChangedWhenResumed]
03-22 10:30:35.122 1512 2153 I wm_add_to_stopping: [0,4748242,com.thundersoft.notificationtest1/.MainActivity,makeInvisible]
03-22 10:30:35.123 1512 2153 I wm_set_resumed_activity: [0,com.android.launcher3/.uioverrides.QuickstepLauncher,resumeTopActivityInnerLocked]
03-22 10:30:35.126 1512 2153 I wm_resume_activity: [0,70633193,32,com.android.launcher3/.uioverrides.QuickstepLauncher]
03-22 10:30:35.129 2573 2573 I wm_on_resume_called: [70633193,com.android.launcher3.uioverrides.QuickstepLauncher,RESUME_ACTIVITY]
03-22 10:30:35.131 2573 2573 I wm_on_top_resumed_gained_called: [70633193,com.android.launcher3.uioverrides.QuickstepLauncher,topStateChangedWhenResumed]
03-22 10:30:35.131 27356 27356 I wm_on_paused_called: [4748242,com.thundersoft.notificationtest1.MainActivity,performPause]
03-22 10:30:35.132 1512 1697 I input_focus: [Focus leaving recents_animation_input_consumer (server),reason=NOT_VISIBLE]
03-22 10:30:35.132 1512 1697 I input_focus: [Focus entering 92dbd17 NotificationShade (server),reason=setFocusedWindow]
03-22 10:30:35.133 1512 13247 I wm_stop_activity: [0,4748242,com.thundersoft.notificationtest1/.MainActivity]
03-22 10:30:35.136 1512 1610 I sysui_multi_action: [757,803,799,window_time_0,802,60]
03-22 10:30:35.137 1512 1610 I sysui_multi_action: [757,803,799,window_time_0,802,0]
03-22 10:30:35.150 1982 1982 I sysui_multi_action: [757,111,758,1]
03-22 10:30:35.150 1982 1982 I sysui_multi_action: [757,126,758,1,759,126,927,0,928,1,1593,0]
03-22 10:30:35.150 1982 1982 I sysui_multi_action: [757,113,758,1,759,113,927,1,928,1,1593,0]
03-22 10:30:35.150 1982 1982 I sysui_multi_action: [757,0,758,1,759,0,927,2,928,0,1593,0]
03-22 10:30:35.150 1982 1982 I sysui_multi_action: [757,0,758,1,759,0,927,3,928,0,1593,0]
03-22 10:30:35.151 1982 1982 I sysui_multi_action: [757,491,758,1,759,491,927,4,928,0,1311,1,1593,0]
03-22 10:30:35.151 1982 1982 I sysui_multi_action: [757,0,758,1,759,0,927,5,928,0,1593,0]
03-22 10:30:35.151 1982 1982 I sysui_multi_action: [757,111,758,1]
03-22 10:30:35.151 1982 1982 I sysui_multi_action: [757,126,758,1,759,126,927,0,928,1,1593,0]
03-22 10:30:35.151 1982 1982 I sysui_multi_action: [757,113,758,1,759,113,927,1,928,1,1593,0]
03-22 10:30:35.151 1982 1982 I sysui_multi_action: [757,0,758,1,759,0,927,2,928,0,1593,0]
03-22 10:30:35.151 1982 1982 I sysui_multi_action: [757,0,758,1,759,0,927,3,928,0,1593,0]
03-22 10:30:35.154 1512 1618 I am_pss : [2116,10063,com.thundercomm.gamemode.provider,8321024,5828608,50176,91783168,0,19,7]
03-22 10:30:35.165 1512 1618 I am_pss : [29039,10046,com.thundercomm.screensaver,38770688,32468992,49152,146644992,0,19,9]
03-22 10:30:35.168 27356 27356 I wm_on_stop_called: [4748242,com.thundersoft.notificationtest1.MainActivity,STOP_ACTIVITY_ITEM]
03-22 10:30:35.173 1512 1618 I am_pss : [1914,10030,com.android.documentsui,12472320,9433088,50176,102727680,0,19,7]
03-22 10:30:35.187 0 0 I auditd : type=1400 audit(0.0:19799): avc: denied { kill } for comm="swapper/3" capability=5 scontext=u:r:kernel:s0 tcontext=u:r:kernel:s0 tclass=capability permissive=0
03-22 10:30:35.626 1512 1619 I am_uid_idle: 10046
03-22 10:30:36.187 0 0 I auditd : type=1400 audit(0.0:19800): avc: denied { kill } for comm="swapper/3" capability=5 scontext=u:r:kernel:s0 tcontext=u:r:kernel:s0 tclass=capability permissive=0
03-22 10:30:36.193 1512 1697 I input_interaction: Interaction with: 92dbd17 NotificationShade (server), swipe-up (server), edge-swipe (server), PointerEventDispatcher0 (server),
03-22 10:30:36.321 1982 1982 I sysui_multi_action: [757,925,758,4,759,0,927,3,928,0,1592,0,1593,1]
03-22 10:30:36.357 1512 1546 I wm_task_created: [109,-1]
03-22 10:30:36.360 1512 1546 I wm_task_moved: [109,1,10]
03-22 10:30:36.360 1512 1546 I wm_task_to_front: [0,109]
03-22 10:30:36.360 1512 1546 I wm_create_task: [0,109]
03-22 10:30:36.360 1512 1546 I wm_create_activity: [0,104862232,109,com.android.systemui/.screenrecord.ScreenRecordDialog,NULL,NULL,NULL,276824064]
03-22 10:30:36.360 1512 1546 I wm_task_moved: [109,1,10]
03-22 10:30:36.360 2573 2573 I wm_on_top_resumed_lost_called: [70633193,com.android.launcher3.uioverrides.QuickstepLauncher,topStateChangedWhenResumed]
03-22 10:30:36.361 1512 1546 I wm_pause_activity: [0,70633193,com.android.launcher3/.uioverrides.QuickstepLauncher,userLeaving=true,pauseBackTasks]
03-22 10:30:36.363 2573 2573 I wm_on_paused_called: [70633193,com.android.launcher3.uioverrides.QuickstepLauncher,performPause]
03-22 10:30:36.366 1512 1611 I input_focus: [Focus request a81a7d0 com.android.launcher3/com.android.launcher3.uioverrides.QuickstepLauncher,reason=UpdateInputWindows]
03-22 10:30:36.368 1512 1546 I wm_restart_activity: [0,104862232,109,com.android.systemui/.screenrecord.ScreenRecordDialog]
03-22 10:30:36.368 1512 1546 I wm_set_resumed_activity: [0,com.android.systemui/.screenrecord.ScreenRecordDialog,minimalResumeActivityLocked]
03-22 10:30:36.373 1512 1610 I sysui_multi_action: [757,803,799,window_time_0,802,1]
03-22 10:30:36.384 1512 1697 I input_focus: [Focus leaving 92dbd17 NotificationShade (server),reason=NOT_FOCUSABLE]
03-22 10:30:36.384 1512 1697 I input_focus: [Focus entering a81a7d0 com.android.launcher3/com.android.launcher3.uioverrides.QuickstepLauncher (server),reason=setFocusedWindow]
03-22 10:30:36.395 1982 1982 I wm_on_create_called: [104862232,com.android.systemui.screenrecord.ScreenRecordDialog,performCreate]
03-22 10:30:36.395 1982 1982 I wm_on_start_called: [104862232,com.android.systemui.screenrecord.ScreenRecordDialog,handleStartActivity]
03-22 10:30:36.395 1982 1982 I wm_on_resume_called: [104862232,com.android.systemui.screenrecord.ScreenRecordDialog,RESUME_ACTIVITY]
03-22 10:30:36.397 1982 1982 I wm_on_top_resumed_gained_called: [104862232,com.android.systemui.screenrecord.ScreenRecordDialog,topStateChangedWhenResumed]
03-22 10:30:36.408 1512 1611 I input_focus: [Focus request 268f62e com.android.systemui/com.android.systemui.screenrecord.ScreenRecordDialog,reason=UpdateInputWindows]
03-22 10:30:36.418 1512 1607 I sysui_multi_action: [319,62,322,62,325,28159,757,761,758,8,759,2,806,com.android.systemui,871,com.android.systemui.screenrecord.ScreenRecordDialog,904,com.android.systemui,905,0,1320,8,1321,5]
03-22 10:30:36.418 1512 1607 I wm_activity_launch_time: [0,104862232,com.android.systemui/.screenrecord.ScreenRecordDialog,62]
03-22 10:30:36.419 1512 1697 I input_focus: [Focus leaving a81a7d0 com.android.launcher3/com.android.launcher3.uioverrides.QuickstepLauncher (server),reason=Waiting for window because NOT_VISIBLE]
03-22 10:30:36.434 1512 1697 I input_focus: [Focus entering 268f62e com.android.systemui/com.android.systemui.screenrecord.ScreenRecordDialog (server),reason=Window became focusable. Previous reason: NOT_VISIBLE]
03-22 10:30:36.668 1512 1512 I notification_enqueue: [10078,1982,com.android.systemui,2048,NULL,0,Notification(channel=updateNotification shortcut=null contentView=null vibrate=null sound=null defaults=0x0 flags=0x0 color=0x00000000 vis=PRIVATE),1]
03-22 10:30:36.668 1982 1982 I sysui_multi_action: [757,111,758,2]
03-22 10:30:36.668 1982 1982 I sysui_multi_action: [757,111,758,2]
03-22 10:30:36.871 1512 5089 I sysui_multi_action: [757,128,758,2,793,8872014,794,1759,795,8872014,796,26,798,0,806,android,857,DEVELOPER_IMPORTANT,858,4,947,0,1395,3,1500,8871808,1688,1]
03-22 10:30:36.871 1512 5089 I notification_visibility: [-1|android|26|null|1000,0,8872014,8872014,0,0]
03-22 10:30:36.871 1512 5089 I sysui_multi_action: [757,128,758,2,793,7944327,794,1759,795,7699467,796,17303299,797,com.android.wifi,798,1,806,android,857,NETWORK_AVAILABLE,858,2,947,0,1395,3,1500,1758,1688,1]
03-22 10:30:36.871 1512 5089 I notification_visibility: [0|android|17303299|com.android.wifi|1000,0,7944327,7699467,0,1]
03-22 10:30:36.871 1512 5089 I sysui_multi_action: [757,128,758,2,793,8872017,794,1758,795,8872017,796,32,798,2,806,android,857,USB,858,1,947,0,1395,3,1500,8871814,1688,1]
03-22 10:30:36.871 1512 5089 I notification_visibility: [-1|android|32|null|1000,0,8872017,8872017,0,2]
03-22 10:30:36.872 1512 1546 I sysui_multi_action: [757,127,758,2]
03-22 10:30:36.872 1512 1546 I notification_panel_hidden:
03-22 10:30:37.187 0 0 I auditd : type=1400 audit(0.0:19801): avc: denied { kill } for comm="swapper/3" capability=5 scontext=u:r:kernel:s0 tcontext=u:r:kernel:s0 tclass=capability permissive=0
01-01 16:55:26.499 0 0 E DTC_ETH,link_delay_work_func: 3003, SQI=0, link=0
03-22 10:30:37.918 1512 1697 I input_interaction: Interaction with: 268f62e com.android.systemui/com.android.systemui.screenrecord.ScreenRecordDialog (server), swipe-up (server), edge-swipe (server), PointerEventDispatcher0 (server),
03-22 10:30:37.958 1982 1982 I view_enqueue_input_event: [Motion - Cancel,com.android.systemui/com.android.systemui.screenrecord.ScreenRecordDialog]
03-22 10:30:37.968 1512 1697 I input_interaction: Interaction with: swipe-up (server), edge-swipe (server), PointerEventDispatcher0 (server),
03-22 10:30:37.991 2573 2573 I sysui_latency: [1,3]
03-22 10:30:37.991 1512 1611 I input_focus: [Focus request recents_animation_input_consumer,reason=UpdateInputWindows]
03-22 10:30:38.022 1512 1697 I input_focus: [Focus leaving 268f62e com.android.systemui/com.android.systemui.screenrecord.ScreenRecordDialog (server),reason=NOT_FOCUSABLE]
03-22 10:30:38.022 1512 1697 I input_focus: [Focus entering recents_animation_input_consumer (server),reason=setFocusedWindow]
03-22 10:30:38.191 1512 1684 I commit_sys_config_file: [settings-1-0,2]
03-22 10:30:38.745 1512 2683 I wm_task_moved: [1,0,9]
03-22 10:30:38.749 1512 1611 I input_focus: [Focus request 268f62e com.android.systemui/com.android.systemui.screenrecord.ScreenRecordDialog,reason=UpdateInputWindows]
03-22 10:30:38.774 1512 1697 I input_focus: [Focus leaving recents_animation_input_consumer (server),reason=NOT_VISIBLE]
