01-01 17:09:54.798 0 0 E DTC_Display: screen not ready
03-22 10:45:06.187 0 0 I auditd : type=1400 audit(0.0:20730): avc: denied { kill } for comm="swapper/3" capability=5 scontext=u:r:kernel:s0 tcontext=u:r:kernel:s0 tclass=capability permissive=0
03-22 10:45:07.187 0 0 I auditd : type=1400 audit(0.0:20731): avc: denied { kill } for comm="swapper/3" capability=5 scontext=u:r:kernel:s0 tcontext=u:r:kernel:s0 tclass=capability permissive=0
01-01 17:09:56.899 0 0 E DTC_ETH,link_delay_work_func: 3003, SQI=0, link=0
03-22 10:45:08.191 0 0 I auditd : type=1400 audit(0.0:20732): avc: denied { kill } for comm="swapper/3" capability=5 scontext=u:r:kernel:s0 tcontext=u:r:kernel:s0 tclass=capability permissive=0
03-22 10:45:09.191 0 0 I auditd : type=1400 audit(0.0:20733): avc: denied { kill } for comm="swapper/3" capability=5 scontext=u:r:kernel:s0 tcontext=u:r:kernel:s0 tclass=capability permissive=0
03-22 10:45:10.191 0 0 I auditd : type=1400 audit(0.0:20734): avc: denied { kill } for comm="swapper/3" capability=5 scontext=u:r:kernel:s0 tcontext=u:r:kernel:s0 tclass=capability permissive=0
03-22 10:45:11.187 0 0 I auditd : type=1400 audit(0.0:20735): avc: denied { kill } for comm="swapper/3" capability=5 scontext=u:r:kernel:s0 tcontext=u:r:kernel:s0 tclass=capability permissive=0
03-22 10:45:12.187 0 0 I auditd : type=1400 audit(0.0:20736): avc: denied { kill } for comm="swapper/3" capability=5 scontext=u:r:kernel:s0 tcontext=u:r:kernel:s0 tclass=capability permissive=0
01-01 17:10:02.019 0 0 E DTC_ETH,link_delay_work_func: 3003, SQI=0, link=0
03-22 10:45:13.187 0 0 I auditd : type=1400 audit(0.0:20737): avc: denied { kill } for comm="swapper/3" capability=5 scontext=u:r:kernel:s0 tcontext=u:r:kernel:s0 tclass=capability permissive=0
01-01 17:10:02.747 0 0 E DTC_Display: screen not ready
03-22 10:45:14.191 0 0 I auditd : type=1400 audit(0.0:20738): avc: denied { kill } for comm="swapper/3" capability=5 scontext=u:r:kernel:s0 tcontext=u:r:kernel:s0 tclass=capability permissive=0
03-22 10:45:15.191 0 0 I auditd : type=1400 audit(0.0:20739): avc: denied { kill } for comm="swapper/3" capability=5 scontext=u:r:kernel:s0 tcontext=u:r:kernel:s0 tclass=capability permissive=0
03-22 10:45:16.191 0 0 I auditd : type=1400 audit(0.0:20740): avc: denied { kill } for comm="swapper/3" capability=5 scontext=u:r:kernel:s0 tcontext=u:r:kernel:s0 tclass=capability permissive=0
03-22 10:45:17.187 0 0 I auditd : type=1400 audit(0.0:20741): avc: denied { kill } for comm="swapper/3" capability=5 scontext=u:r:kernel:s0 tcontext=u:r:kernel:s0 tclass=capability permissive=0
01-01 17:10:07.139 0 0 E DTC_ETH,link_delay_work_func: 3003, SQI=0, link=0
03-22 10:45:18.187 0 0 I auditd : type=1400 audit(0.0:20742): avc: denied { kill } for comm="swapper/3" capability=5 scontext=u:r:kernel:s0 tcontext=u:r:kernel:s0 tclass=capability permissive=0
03-22 10:45:19.187 0 0 I auditd : type=1400 audit(0.0:20743): avc: denied { kill } for comm="swapper/3" capability=5 scontext=u:r:kernel:s0 tcontext=u:r:kernel:s0 tclass=capability permissive=0
03-22 10:45:20.187 0 0 I auditd : type=1400 audit(0.0:20744): avc: denied { kill } for comm="swapper/3" capability=5 scontext=u:r:kernel:s0 tcontext=u:r:kernel:s0 tclass=capability permissive=0
03-22 10:45:21.187 0 0 I auditd : type=1400 audit(0.0:20745): avc: denied { kill } for comm="swapper/3" capability=5 scontext=u:r:kernel:s0 tcontext=u:r:kernel:s0 tclass=capability permissive=0
01-01 17:10:10.787 0 0 E DTC_Display: screen not ready
03-22 10:45:22.191 0 0 I auditd : type=1400 audit(0.0:20746): avc: denied { kill } for comm="swapper/3" capability=5 scontext=u:r:kernel:s0 tcontext=u:r:kernel:s0 tclass=capability permissive=0
01-01 17:10:12.259 0 0 E DTC_ETH,link_delay_work_func: 3003, SQI=0, link=0
03-22 10:45:23.187 0 0 I auditd : type=1400 audit(0.0:20747): avc: denied { kill } for comm="swapper/3" capability=5 scontext=u:r:kernel:s0 tcontext=u:r:kernel:s0 tclass=capability permissive=0
03-22 10:45:24.191 0 0 I auditd : type=1400 audit(0.0:20748): avc: denied { kill } for comm="swapper/3" capability=5 scontext=u:r:kernel:s0 tcontext=u:r:kernel:s0 tclass=capability permissive=0
03-22 10:45:25.191 0 0 I auditd : type=1400 audit(0.0:20749): avc: denied { kill } for comm="swapper/3" capability=5 scontext=u:r:kernel:s0 tcontext=u:r:kernel:s0 tclass=capability permissive=0
03-22 10:45:26.191 0 0 I auditd : type=1400 audit(0.0:20750): avc: denied { kill } for comm="swapper/3" capability=5 scontext=u:r:kernel:s0 tcontext=u:r:kernel:s0 tclass=capability permissive=0
03-22 10:45:27.187 0 0 I auditd : type=1400 audit(0.0:20751): avc: denied { kill } for comm="swapper/3" capability=5 scontext=u:r:kernel:s0 tcontext=u:r:kernel:s0 tclass=capability permissive=0
03-22 10:45:28.187 0 0 I auditd : type=1400 audit(0.0:20752): avc: denied { kill } for comm="swapper/3" capability=5 scontext=u:r:kernel:s0 tcontext=u:r:kernel:s0 tclass=capability permissive=0
01-01 17:10:17.379 0 0 E DTC_ETH,link_delay_work_func: 3003, SQI=0, link=0
03-22 10:45:29.187 0 0 I auditd : type=1400 audit(0.0:20753): avc: denied { kill } for comm="swapper/3" capability=5 scontext=u:r:kernel:s0 tcontext=u:r:kernel:s0 tclass=capability permissive=0
01-01 17:10:18.851 0 0 E DTC_Display: Abnormal voltage: 0mV
01-01 17:10:18.851 0 0 E DTC_Display: screen not ready
03-22 10:45:30.187 0 0 I auditd : type=1400 audit(0.0:20754): avc: denied { kill } for comm="swapper/3" capability=5 scontext=u:r:kernel:s0 tcontext=u:r:kernel:s0 tclass=capability permissive=0
03-22 10:45:31.187 0 0 I auditd : type=1400 audit(0.0:20755): avc: denied { kill } for comm="swapper/3" capability=5 scontext=u:r:kernel:s0 tcontext=u:r:kernel:s0 tclass=capability permissive=0
03-22 10:45:32.191 0 0 I auditd : type=1400 audit(0.0:20756): avc: denied { kill } for comm="swapper/3" capability=5 scontext=u:r:kernel:s0 tcontext=u:r:kernel:s0 tclass=capability permissive=0
03-22 10:45:33.191 0 0 I auditd : type=1400 audit(0.0:20757): avc: denied { kill } for comm="swapper/3" capability=5 scontext=u:r:kernel:s0 tcontext=u:r:kernel:s0 tclass=capability permissive=0
01-01 17:10:22.499 0 0 E DTC_ETH,link_delay_work_func: 3003, SQI=0, link=0
03-22 10:45:34.187 0 0 I auditd : type=1400 audit(0.0:20758): avc: denied { kill } for comm="swapper/3" capability=5 scontext=u:r:kernel:s0 tcontext=u:r:kernel:s0 tclass=capability permissive=0
03-22 10:45:35.187 0 0 I auditd : type=1400 audit(0.0:20759): avc: denied { kill } for comm="swapper/3" capability=5 scontext=u:r:kernel:s0 tcontext=u:r:kernel:s0 tclass=capability permissive=0
03-22 10:45:36.187 0 0 I auditd : type=1400 audit(0.0:20760): avc: denied { kill } for comm="swapper/3" capability=5 scontext=u:r:kernel:s0 tcontext=u:r:kernel:s0 tclass=capability permissive=0
03-22 10:45:37.187 0 0 I auditd : type=1400 audit(0.0:20761): avc: denied { kill } for comm="swapper/3" capability=5 scontext=u:r:kernel:s0 tcontext=u:r:kernel:s0 tclass=capability permissive=0
01-01 17:10:26.707 0 0 E DTC_Display: screen not ready
03-22 10:45:38.191 0 0 I auditd : type=1400 audit(0.0:20762): avc: denied { kill } for comm="swapper/3" capability=5 scontext=u:r:kernel:s0 tcontext=u:r:kernel:s0 tclass=capability permissive=0
01-01 17:10:27.619 0 0 E DTC_ETH,link_delay_work_func: 3003, SQI=0, link=0
03-22 10:45:39.187 0 0 I auditd : type=1400 audit(0.0:20763): avc: denied { kill } for comm="swapper/3" capability=5 scontext=u:r:kernel:s0 tcontext=u:r:kernel:s0 tclass=capability permissive=0
03-22 10:45:40.187 0 0 I auditd : type=1400 audit(0.0:20764): avc: denied { kill } for comm="swapper/3" capability=5 scontext=u:r:kernel:s0 tcontext=u:r:kernel:s0 tclass=capability permissive=0
03-22 10:45:41.187 0 0 I auditd : type=1400 audit(0.0:20765): avc: denied { kill } for comm="swapper/3" capability=5 scontext=u:r:kernel:s0 tcontext=u:r:kernel:s0 tclass=capability permissive=0
03-22 10:45:42.191 0 0 I auditd : type=1400 audit(0.0:20766): avc: denied { kill } for comm="swapper/3" capability=5 scontext=u:r:kernel:s0 tcontext=u:r:kernel:s0 tclass=capability permissive=0
03-22 10:45:43.187 0 0 I auditd : type=1400 audit(0.0:20767): avc: denied { kill } for comm="swapper/3" capability=5 scontext=u:r:kernel:s0 tcontext=u:r:kernel:s0 tclass=capability permissive=0
01-01 17:10:32.739 0 0 E DTC_ETH,link_delay_work_func: 3003, SQI=0, link=0
03-22 10:45:44.191 0 0 I auditd : type=1400 audit(0.0:20768): avc: denied { kill } for comm="swapper/3" capability=5 scontext=u:r:kernel:s0 tcontext=u:r:kernel:s0 tclass=capability permissive=0
03-22 10:45:45.191 0 0 I auditd : type=1400 audit(0.0:20769): avc: denied { kill } for comm="swapper/3" capability=5 scontext=u:r:kernel:s0 tcontext=u:r:kernel:s0 tclass=capability permissive=0
01-01 17:10:34.444 0 0 E DTC_Display: screen not ready
03-22 10:45:46.187 0 0 I auditd : type=1400 audit(0.0:20770): avc: denied { kill } for comm="swapper/3" capability=5 scontext=u:r:kernel:s0 tcontext=u:r:kernel:s0 tclass=capability permissive=0
03-22 10:45:47.191 0 0 I auditd : type=1400 audit(0.0:20771): avc: denied { kill } for comm="swapper/3" capability=5 scontext=u:r:kernel:s0 tcontext=u:r:kernel:s0 tclass=capability permissive=0
03-22 10:45:48.191 0 0 I auditd : type=1400 audit(0.0:20772): avc: denied { kill } for comm="swapper/3" capability=5 scontext=u:r:kernel:s0 tcontext=u:r:kernel:s0 tclass=capability permissive=0
01-01 17:10:37.859 0 0 E DTC_ETH,link_delay_work_func: 3003, SQI=0, link=0
03-22 10:45:49.191 0 0 I auditd : type=1400 audit(0.0:20773): avc: denied { kill } for comm="swapper/3" capability=5 scontext=u:r:kernel:s0 tcontext=u:r:kernel:s0 tclass=capability permissive=0
03-22 10:45:50.187 0 0 I auditd : type=1400 audit(0.0:20774): avc: denied { kill } for comm="swapper/3" capability=5 scontext=u:r:kernel:s0 tcontext=u:r:kernel:s0 tclass=capability permissive=0
03-22 10:45:52.191 0 0 I auditd : type=1400 audit(0.0:20775): avc: denied { kill } for comm="swapper/3" capability=5 scontext=u:r:kernel:s0 tcontext=u:r:kernel:s0 tclass=capability permissive=0
01-01 17:10:42.187 0 0 E DTC_Display: screen not ready
03-22 10:45:53.187 0 0 I auditd : type=1400 audit(0.0:20776): avc: denied { kill } for comm="swapper/3" capability=5 scontext=u:r:kernel:s0 tcontext=u:r:kernel:s0 tclass=capability permissive=0
01-01 17:10:42.979 0 0 E DTC_ETH,link_delay_work_func: 3003, SQI=0, link=0
03-22 10:45:54.191 0 0 I auditd : type=1400 audit(0.0:20777): avc: denied { kill } for comm="swapper/3" capability=5 scontext=u:r:kernel:s0 tcontext=u:r:kernel:s0 tclass=capability permissive=0
03-22 10:45:55.191 647 647 I auditd : type=1400 audit(0.0:20778): avc: denied { kill } for comm="vendor.ts.uart@" capability=5 scontext=u:r:uart_service_deamon:s0 tcontext=u:r:uart_service_deamon:s0 tclass=capability permissive=0
03-22 10:45:56.191 0 0 I auditd : type=1400 audit(0.0:20779): avc: denied { kill } for comm="swapper/3" capability=5 scontext=u:r:kernel:s0 tcontext=u:r:kernel:s0 tclass=capability permissive=0
03-22 10:45:57.187 0 0 I auditd : type=1400 audit(0.0:20780): avc: denied { kill } for comm="swapper/3" capability=5 scontext=u:r:kernel:s0 tcontext=u:r:kernel:s0 tclass=capability permissive=0
03-22 10:45:58.191 0 0 I auditd : type=1400 audit(0.0:20781): avc: denied { kill } for comm="swapper/3" capability=5 scontext=u:r:kernel:s0 tcontext=u:r:kernel:s0 tclass=capability permissive=0
01-01 17:10:48.099 0 0 E DTC_ETH,link_delay_work_func: 3003, SQI=0, link=0
03-22 10:45:59.191 0 0 I auditd : type=1400 audit(0.0:20782): avc: denied { kill } for comm="swapper/3" capability=5 scontext=u:r:kernel:s0 tcontext=u:r:kernel:s0 tclass=capability permissive=0
03-22 10:46:00.191 0 0 I auditd : type=1400 audit(0.0:20783): avc: denied { kill } for comm="swapper/3" capability=5 scontext=u:r:kernel:s0 tcontext=u:r:kernel:s0 tclass=capability permissive=0
01-01 17:10:49.931 0 0 E DTC_Display: screen not ready
03-22 10:46:01.051 22192 22192 I auditd : type=1400 audit(0.0:20784): avc: granted { nlmsg_readpriv } for comm="tmesec-report" scontext=u:r:untrusted_app_29:s0:c102,c256,c512,c768 tcontext=u:r:untrusted_app_29:s0:c102,c256,c512,c768 tclass=netlink_route_socket app=com.tencent.qqmusic
03-22 10:46:01.079 22192 22192 I auditd : type=1400 audit(0.0:20785): avc: denied { read } for comm="tmesec-report" name="u:object_r:oem_unlock_prop:s0" dev="tmpfs" ino=11544 scontext=u:r:untrusted_app_29:s0:c102,c256,c512,c768 tcontext=u:object_r:oem_unlock_prop:s0 tclass=file permissive=0 app=com.tencent.qqmusic
03-22 10:46:01.187 0 0 I auditd : type=1400 audit(0.0:20786): avc: denied { kill } for comm="swapper/3" capability=5 scontext=u:r:kernel:s0 tcontext=u:r:kernel:s0 tclass=capability permissive=0
03-22 10:46:02.187 0 0 I auditd : type=1400 audit(0.0:20787): avc: denied { kill } for comm="swapper/3" capability=5 scontext=u:r:kernel:s0 tcontext=u:r:kernel:s0 tclass=capability permissive=0
01-01 17:10:51.685 0 0 I msm_vidc: err : ffffffff: .....: DBLP Set: status 0
03-22 10:46:03.187 0 0 I auditd : type=1400 audit(0.0:20788): avc: denied { kill } for comm="swapper/3" capability=5 scontext=u:r:kernel:s0 tcontext=u:r:kernel:s0 tclass=capability permissive=0
01-01 17:10:53.219 0 0 E DTC_ETH,link_delay_work_func: 3003, SQI=0, link=0
03-22 10:46:05.187 0 0 I auditd : type=1400 audit(0.0:20789): avc: denied { kill } for comm="swapper/3" capability=5 scontext=u:r:kernel:s0 tcontext=u:r:kernel:s0 tclass=capability permissive=0
03-22 10:46:06.187 0 0 I auditd : type=1400 audit(0.0:20790): avc: denied { kill } for comm="swapper/3" capability=5 scontext=u:r:kernel:s0 tcontext=u:r:kernel:s0 tclass=capability permissive=0
03-22 10:46:07.187 0 0 I auditd : type=1400 audit(0.0:20791): avc: denied { kill } for comm="swapper/3" capability=5 scontext=u:r:kernel:s0 tcontext=u:r:kernel:s0 tclass=capability permissive=0
03-22 10:46:08.191 0 0 I auditd : type=1400 audit(0.0:20792): avc: denied { kill } for comm="swapper/3" capability=5 scontext=u:r:kernel:s0 tcontext=u:r:kernel:s0 tclass=capability permissive=0
01-01 17:10:57.883 0 0 E DTC_Display: screen not ready
03-22 10:46:09.187 0 0 I auditd : type=1400 audit(0.0:20793): avc: denied { kill } for comm="swapper/3" capability=5 scontext=u:r:kernel:s0 tcontext=u:r:kernel:s0 tclass=capability permissive=0
01-01 17:10:58.339 0 0 E DTC_ETH,link_delay_work_func: 3003, SQI=0, link=0
03-22 10:46:09.855 1512 1636 V DisplayPowerController[0]: Brightness [0.05] reason changing to: 'manual [ dim ]', previous reason: 'manual'.
03-22 10:46:09.855 1512 1636 I sysui_multi_action: [757,1696,758,6,759,2]
03-22 10:46:09.857 1512 1899 E DisplayDeviceConfig: requesting nits when no mapping exists.
03-22 10:46:09.857 1512 1899 E DisplayDeviceConfig: requesting nits when no mapping exists.
03-22 10:46:09.857 1512 1619 I am_wtf : [0,1512,system_server,-1,DisplayDeviceConfig,requesting nits when no mapping exists.]
03-22 10:46:09.860 1512 1619 I DropBoxManagerService: add tag=system_server_wtf isTagEnabled=true flags=0x2
03-22 10:46:09.863 1512 1619 I am_wtf : [0,1512,system_server,-1,DisplayDeviceConfig,requesting nits when no mapping exists.]
03-22 10:46:09.864 1512 1619 I DropBoxManagerService: add tag=system_server_wtf isTagEnabled=true flags=0x2
03-22 10:46:09.871 1512 1899 E DisplayDeviceConfig: requesting nits when no mapping exists.
03-22 10:46:09.872 1512 1619 I am_wtf : [0,1512,system_server,-1,DisplayDeviceConfig,requesting nits when no mapping exists.]
03-22 10:46:09.872 1512 1899 E DisplayDeviceConfig: requesting nits when no mapping exists.
03-22 10:46:09.873 1512 1619 I DropBoxManagerService: add tag=system_server_wtf isTagEnabled=true flags=0x2
03-22 10:46:09.874 1512 1619 I am_wtf : [0,1512,system_server,-1,DisplayDeviceConfig,requesting nits when no mapping exists.]
03-22 10:46:09.875 1512 1619 I DropBoxManagerService: add tag=system_server_wtf isTagEnabled=true flags=0x2
03-22 10:46:09.888 1512 1899 E DisplayDeviceConfig: requesting nits when no mapping exists.
03-22 10:46:09.889 1512 1899 E DisplayDeviceConfig: requesting nits when no mapping exists.
03-22 10:46:09.889 1512 1619 I am_wtf : [0,1512,system_server,-1,DisplayDeviceConfig,requesting nits when no mapping exists.]
03-22 10:46:09.889 1512 1619 I DropBoxManagerService: add tag=system_server_wtf isTagEnabled=true flags=0x2
03-22 10:46:09.890 1512 1619 I am_wtf : [0,1512,system_server,-1,DisplayDeviceConfig,requesting nits when no mapping exists.]
03-22 10:46:09.905 1512 1899 E DisplayDeviceConfig: requesting nits when no mapping exists.
03-22 10:46:09.906 1512 1899 E DisplayDeviceConfig: requesting nits when no mapping exists.
03-22 10:46:09.906 1512 1619 I am_wtf : [0,1512,system_server,-1,DisplayDeviceConfig,requesting nits when no mapping exists.]
03-22 10:46:09.906 1512 1619 I am_wtf : [0,1512,system_server,-1,DisplayDeviceConfig,requesting nits when no mapping exists.]
03-22 10:46:09.922 1512 1899 E DisplayDeviceConfig: requesting nits when no mapping exists.
03-22 10:46:09.923 1512 1899 E DisplayDeviceConfig: requesting nits when no mapping exists.
03-22 10:46:09.923 1512 1619 I am_wtf : [0,1512,system_server,-1,DisplayDeviceConfig,requesting nits when no mapping exists.]
03-22 10:46:09.924 1512 1619 I am_wtf : [0,1512,system_server,-1,DisplayDeviceConfig,requesting nits when no mapping exists.]
03-22 10:46:09.939 1512 1899 E DisplayDeviceConfig: requesting nits when no mapping exists.
03-22 10:46:09.939 1512 1899 E DisplayDeviceConfig: requesting nits when no mapping exists.
03-22 10:46:09.939 1512 1619 I am_wtf : [0,1512,system_server,-1,DisplayDeviceConfig,requesting nits when no mapping exists.]
03-22 10:46:09.940 1512 1619 I am_wtf : [0,1512,system_server,-1,DisplayDeviceConfig,requesting nits when no mapping exists.]
03-22 10:46:09.955 1512 1899 E DisplayDeviceConfig: requesting nits when no mapping exists.
03-22 10:46:09.956 1512 1899 E DisplayDeviceConfig: requesting nits when no mapping exists.
03-22 10:46:09.956 1512 1619 I am_wtf : [0,1512,system_server,-1,DisplayDeviceConfig,requesting nits when no mapping exists.]
03-22 10:46:09.957 1512 1619 I am_wtf : [0,1512,system_server,-1,DisplayDeviceConfig,requesting nits when no mapping exists.]
03-22 10:46:09.972 1512 1899 E DisplayDeviceConfig: requesting nits when no mapping exists.
03-22 10:46:09.972 1512 1899 E DisplayDeviceConfig: requesting nits when no mapping exists.
03-22 10:46:09.972 1512 1619 I am_wtf : [0,1512,system_server,-1,DisplayDeviceConfig,requesting nits when no mapping exists.]
03-22 10:46:09.973 1512 1619 I am_wtf : [0,1512,system_server,-1,DisplayDeviceConfig,requesting nits when no mapping exists.]
03-22 10:46:09.989 1512 1899 E DisplayDeviceConfig: requesting nits when no mapping exists.
03-22 10:46:09.989 1512 1899 E DisplayDeviceConfig: requesting nits when no mapping exists.
03-22 10:46:09.989 1512 1619 I am_wtf : [0,1512,system_server,-1,DisplayDeviceConfig,requesting nits when no mapping exists.]
03-22 10:46:09.990 1512 1619 I am_wtf : [0,1512,system_server,-1,DisplayDeviceConfig,requesting nits when no mapping exists.]
03-22 10:46:10.005 1512 1899 E DisplayDeviceConfig: requesting nits when no mapping exists.
03-22 10:46:10.006 1512 1899 E DisplayDeviceConfig: requesting nits when no mapping exists.
03-22 10:46:10.006 1512 1619 I am_wtf : [0,1512,system_server,-1,DisplayDeviceConfig,requesting nits when no mapping exists.]
03-22 10:46:10.007 1512 1619 I am_wtf : [0,1512,system_server,-1,DisplayDeviceConfig,requesting nits when no mapping exists.]
03-22 10:46:10.022 1512 1899 E DisplayDeviceConfig: requesting nits when no mapping exists.
03-22 10:46:10.023 1512 1619 I am_wtf : [0,1512,system_server,-1,DisplayDeviceConfig,requesting nits when no mapping exists.]
03-22 10:46:10.023 1512 1899 E DisplayDeviceConfig: requesting nits when no mapping exists.
03-22 10:46:10.024 1512 1619 I am_wtf : [0,1512,system_server,-1,DisplayDeviceConfig,requesting nits when no mapping exists.]
03-22 10:46:10.039 1512 1899 E DisplayDeviceConfig: requesting nits when no mapping exists.
03-22 10:46:10.040 1512 1899 E DisplayDeviceConfig: requesting nits when no mapping exists.
03-22 10:46:10.040 1512 1619 I am_wtf : [0,1512,system_server,-1,DisplayDeviceConfig,requesting nits when no mapping exists.]
03-22 10:46:10.041 1512 1619 I am_wtf : [0,1512,system_server,-1,DisplayDeviceConfig,requesting nits when no mapping exists.]
03-22 10:46:10.056 1512 1899 E DisplayDeviceConfig: requesting nits when no mapping exists.
03-22 10:46:10.057 1512 1899 E DisplayDeviceConfig: requesting nits when no mapping exists.
03-22 10:46:10.057 1512 1619 I am_wtf : [0,1512,system_server,-1,DisplayDeviceConfig,requesting nits when no mapping exists.]
03-22 10:46:10.057 1512 1619 I am_wtf : [0,1512,system_server,-1,DisplayDeviceConfig,requesting nits when no mapping exists.]
03-22 10:46:10.073 1512 1899 E DisplayDeviceConfig: requesting nits when no mapping exists.
03-22 10:46:10.073 1512 1899 E DisplayDeviceConfig: requesting nits when no mapping exists.
03-22 10:46:10.073 1512 1619 I am_wtf : [0,1512,system_server,-1,DisplayDeviceConfig,requesting nits when no mapping exists.]
03-22 10:46:10.075 1512 1619 I am_wtf : [0,1512,system_server,-1,DisplayDeviceConfig,requesting nits when no mapping exists.]
03-22 10:46:10.089 1512 1899 E DisplayDeviceConfig: requesting nits when no mapping exists.
03-22 10:46:10.089 1512 1899 E DisplayDeviceConfig: requesting nits when no mapping exists.
03-22 10:46:10.089 1512 1619 I am_wtf : [0,1512,system_server,-1,DisplayDeviceConfig,requesting nits when no mapping exists.]
03-22 10:46:10.090 1512 1619 I am_wtf : [0,1512,system_server,-1,DisplayDeviceConfig,requesting nits when no mapping exists.]
03-22 10:46:10.105 1512 1899 E DisplayDeviceConfig: requesting nits when no mapping exists.
03-22 10:46:10.106 1512 1899 E DisplayDeviceConfig: requesting nits when no mapping exists.
03-22 10:46:10.106 1512 1619 I am_wtf : [0,1512,system_server,-1,DisplayDeviceConfig,requesting nits when no mapping exists.]
03-22 10:46:10.107 1512 1619 I am_wtf : [0,1512,system_server,-1,DisplayDeviceConfig,requesting nits when no mapping exists.]
03-22 10:46:10.122 1512 1899 E DisplayDeviceConfig: requesting nits when no mapping exists.
03-22 10:46:10.123 1512 1899 E DisplayDeviceConfig: requesting nits when no mapping exists.
03-22 10:46:10.123 1512 1619 I am_wtf : [0,1512,system_server,-1,DisplayDeviceConfig,requesting nits when no mapping exists.]
03-22 10:46:10.124 1512 1619 I am_wtf : [0,1512,system_server,-1,DisplayDeviceConfig,requesting nits when no mapping exists.]
03-22 10:46:10.139 1512 1899 E DisplayDeviceConfig: requesting nits when no mapping exists.
03-22 10:46:10.140 1512 1899 E DisplayDeviceConfig: requesting nits when no mapping exists.
03-22 10:46:10.140 1512 1619 I am_wtf : [0,1512,system_server,-1,DisplayDeviceConfig,requesting nits when no mapping exists.]
03-22 10:46:10.141 1512 1619 I am_wtf : [0,1512,system_server,-1,DisplayDeviceConfig,requesting nits when no mapping exists.]
03-22 10:46:10.156 1512 1899 E DisplayDeviceConfig: requesting nits when no mapping exists.
03-22 10:46:10.156 1512 1899 E DisplayDeviceConfig: requesting nits when no mapping exists.
03-22 10:46:10.156 1512 1619 I am_wtf : [0,1512,system_server,-1,DisplayDeviceConfig,requesting nits when no mapping exists.]
03-22 10:46:10.157 1512 1619 I am_wtf : [0,1512,system_server,-1,DisplayDeviceConfig,requesting nits when no mapping exists.]
03-22 10:46:10.172 1512 1899 E DisplayDeviceConfig: requesting nits when no mapping exists.
03-22 10:46:10.173 1512 1899 E DisplayDeviceConfig: requesting nits when no mapping exists.
03-22 10:46:10.173 1512 1619 I am_wtf : [0,1512,system_server,-1,DisplayDeviceConfig,requesting nits when no mapping exists.]
03-22 10:46:10.174 1512 1619 I am_wtf : [0,1512,system_server,-1,DisplayDeviceConfig,requesting nits when no mapping exists.]
03-22 10:46:10.189 1512 1899 E DisplayDeviceConfig: requesting nits when no mapping exists.
03-22 10:46:10.190 1512 1899 E DisplayDeviceConfig: requesting nits when no mapping exists.
03-22 10:46:10.190 1512 1619 I am_wtf : [0,1512,system_server,-1,DisplayDeviceConfig,requesting nits when no mapping exists.]
03-22 10:46:10.191 1512 1619 I am_wtf : [0,1512,system_server,-1,DisplayDeviceConfig,requesting nits when no mapping exists.]
03-22 10:46:10.206 1512 1899 E DisplayDeviceConfig: requesting nits when no mapping exists.
03-22 10:46:10.207 1512 1899 E DisplayDeviceConfig: requesting nits when no mapping exists.
03-22 10:46:10.207 1512 1619 I am_wtf : [0,1512,system_server,-1,DisplayDeviceConfig,requesting nits when no mapping exists.]
03-22 10:46:10.208 1512 1619 I am_wtf : [0,1512,system_server,-1,DisplayDeviceConfig,requesting nits when no mapping exists.]
03-22 10:46:10.223 1512 1899 E DisplayDeviceConfig: requesting nits when no mapping exists.
03-22 10:46:10.223 1512 1899 E DisplayDeviceConfig: requesting nits when no mapping exists.
03-22 10:46:10.223 1512 1619 I am_wtf : [0,1512,system_server,-1,DisplayDeviceConfig,requesting nits when no mapping exists.]
03-22 10:46:10.224 1512 1619 I am_wtf : [0,1512,system_server,-1,DisplayDeviceConfig,requesting nits when no mapping exists.]
03-22 10:46:10.239 1512 1899 E DisplayDeviceConfig: requesting nits when no mapping exists.
03-22 10:46:10.240 1512 1899 E DisplayDeviceConfig: requesting nits when no mapping exists.
03-22 10:46:10.240 1512 1619 I am_wtf : [0,1512,system_server,-1,DisplayDeviceConfig,requesting nits when no mapping exists.]
03-22 10:46:10.240 1512 1619 I am_wtf : [0,1512,system_server,-1,DisplayDeviceConfig,requesting nits when no mapping exists.]
03-22 10:46:10.256 1512 1899 E DisplayDeviceConfig: requesting nits when no mapping exists.
03-22 10:46:10.256 1512 1899 E DisplayDeviceConfig: requesting nits when no mapping exists.
03-22 10:46:10.256 1512 1619 I am_wtf : [0,1512,system_server,-1,DisplayDeviceConfig,requesting nits when no mapping exists.]
03-22 10:46:10.257 1512 1619 I am_wtf : [0,1512,system_server,-1,DisplayDeviceConfig,requesting nits when no mapping exists.]
03-22 10:46:10.273 1512 1899 E DisplayDeviceConfig: requesting nits when no mapping exists.
03-22 10:46:10.273 1512 1619 I am_wtf : [0,1512,system_server,-1,DisplayDeviceConfig,requesting nits when no mapping exists.]
03-22 10:46:10.273 1512 1899 E DisplayDeviceConfig: requesting nits when no mapping exists.
03-22 10:46:10.274 1512 1619 I am_wtf : [0,1512,system_server,-1,DisplayDeviceConfig,requesting nits when no mapping exists.]
03-22 10:46:10.289 1512 1899 E DisplayDeviceConfig: requesting nits when no mapping exists.
03-22 10:46:10.290 1512 1899 E DisplayDeviceConfig: requesting nits when no mapping exists.
03-22 10:46:10.290 1512 1619 I am_wtf : [0,1512,system_server,-1,DisplayDeviceConfig,requesting nits when no mapping exists.]
03-22 10:46:10.291 1512 1619 I am_wtf : [0,1512,system_server,-1,DisplayDeviceConfig,requesting nits when no mapping exists.]
03-22 10:46:11.187 0 0 I auditd : type=1400 audit(0.0:20794): avc: denied { kill } for comm="swapper/3" capability=5 scontext=u:r:kernel:s0 tcontext=u:r:kernel:s0 tclass=capability permissive=0
03-22 10:46:12.191 0 0 I auditd : type=1400 audit(0.0:20795): avc: denied { kill } for comm="swapper/3" capability=5 scontext=u:r:kernel:s0 tcontext=u:r:kernel:s0 tclass=capability permissive=0
03-22 10:46:13.191 0 0 I auditd : type=1400 audit(0.0:20796): avc: denied { kill } for comm="swapper/3" capability=5 scontext=u:r:kernel:s0 tcontext=u:r:kernel:s0 tclass=capability permissive=0
03-22 10:46:14.191 0 0 I auditd : type=1400 audit(0.0:20797): avc: denied { kill } for comm="swapper/3" capability=5 scontext=u:r:kernel:s0 tcontext=u:r:kernel:s0 tclass=capability permissive=0
01-01 17:11:03.459 0 0 E DTC_ETH,link_delay_work_func: 3003, SQI=0, link=0
03-22 10:46:15.191 0 0 I auditd : type=1400 audit(0.0:20798): avc: denied { kill } for comm="swapper/3" capability=5 scontext=u:r:kernel:s0 tcontext=u:r:kernel:s0 tclass=capability permissive=0
03-22 10:46:16.191 0 0 I auditd : type=1400 audit(0.0:20799): avc: denied { kill } for comm="swapper/3" capability=5 scontext=u:r:kernel:s0 tcontext=u:r:kernel:s0 tclass=capability permissive=0
01-01 17:11:05.923 0 0 E DTC_Display: Abnormal voltage: 0mV
01-01 17:11:05.923 0 0 E DTC_Display: screen not ready
01-01 17:11:05.923 0 0 E DTC_Display: Backlight abnormal: 0x7b
03-22 10:46:17.191 0 0 I auditd : type=1400 audit(0.0:20800): avc: denied { kill } for comm="swapper/3" capability=5 scontext=u:r:kernel:s0 tcontext=u:r:kernel:s0 tclass=capability permissive=0
03-22 10:46:18.187 0 0 I auditd : type=1400 audit(0.0:20801): avc: denied { kill } for comm="swapper/3" capability=5 scontext=u:r:kernel:s0 tcontext=u:r:kernel:s0 tclass=capability permissive=0
01-01 17:11:08.579 0 0 E DTC_ETH,link_delay_work_func: 3003, SQI=0, link=0
03-22 10:46:20.191 0 0 I auditd : type=1400 audit(0.0:20802): avc: denied { kill } for comm="swapper/3" capability=5 scontext=u:r:kernel:s0 tcontext=u:r:kernel:s0 tclass=capability permissive=0
03-22 10:46:20.261 1512 1636 I PowerManagerService: Napping display group (groupId=0, uid=1000)...
03-22 10:46:20.261 1512 1636 I PowerManagerService: Nap time (uid 1000)...
03-22 10:46:20.263 1512 1636 I DreamManagerService: Entering dreamland.
03-22 10:46:20.265 1512 1636 I PowerManagerService: Dreaming...
03-22 10:46:20.268 1512 1607 I DreamController: Starting dream: name=ComponentInfo{com.thundercomm.screensaver/com.thundercomm.screensaver.service.SystemDream}, isTest=false, canDoze=false, userId=0
03-22 10:46:20.269 1512 1607 I sysui_multi_action: [757,222,758,1]
03-22 10:46:20.272 1512 1607 I am_uid_running: 10046
03-22 10:46:20.273 1512 1607 D CompatibilityChangeReporter: Compat change id reported: 135634846; UID 10046; state: DISABLED
03-22 10:46:20.274 1512 1607 D CompatibilityChangeReporter: Compat change id reported: 177438394; UID 10046; state: DISABLED
03-22 10:46:20.274 1512 1607 D CompatibilityChangeReporter: Compat change id reported: 135772972; UID 10046; state: DISABLED
03-22 10:46:20.274 1512 1607 D CompatibilityChangeReporter: Compat change id reported: 135754954; UID 10046; state: ENABLED
03-22 10:46:20.275 1512 1620 D CompatibilityChangeReporter: Compat change id reported: 143937733; UID 10046; state: ENABLED
03-22 10:46:20.294 1512 1620 I am_proc_start: [0,4557,10046,com.thundercomm.screensaver,service,{com.thundercomm.screensaver/com.thundercomm.screensaver.service.SystemDream}]
03-22 10:46:20.294 1512 1620 I ActivityManager: Start proc 4557:com.thundercomm.screensaver/u0a46 for service {com.thundercomm.screensaver/com.thundercomm.screensaver.service.SystemDream}
03-22 10:46:20.315 1512 1618 I am_pss : [4051,10102,com.tencent.qqmusic:QQPlayerService,68784128,25997312,49152,208158720,0,17,13]
03-22 10:46:20.324 1512 1618 I am_pss : [4315,1000,com.android.settings,35500032,33157120,49152,116842496,0,19,9]
01-01 17:11:09.429 0 0 I binder : 4557:4557 ioctl 40046210 7fff294234 returned -22
03-22 10:46:20.332 1512 1618 I am_pss : [2116,10063,com.thundercomm.gamemode.provider,8369152,5832704,50176,91787264,0,19,7]
03-22 10:46:20.333 1512 11966 I am_proc_bound: [0,4557,com.thundercomm.screensaver]
03-22 10:46:20.335 1512 11966 D CompatibilityChangeReporter: Compat change id reported: 168419799; UID 10046; state: DISABLED
03-22 10:46:20.337 1512 11966 I am_uid_active: 10046
03-22 10:46:20.376 4557 4557 D MicroServiceManager: add linkToDeath
03-22 10:46:20.376 4557 4557 D MicroServiceManager: bindMicroService: called already get service
03-22 10:46:20.377 4557 4557 I MicroServiceManager: addCommonCallbackListener add listener
03-22 10:46:20.377 4557 4557 I MicroServiceManager: addConnectChangedListener add listener
03-22 10:46:20.381 1512 11966 I ActivityTaskManager: START u0 {flg=0x10000000 pkg=com.thundercomm.screensaver cmp=com.thundercomm.screensaver/android.service.dreams.DreamActivity (has extras)} from uid 10046
03-22 10:46:20.382 1512 11966 D CompatibilityChangeReporter: Compat change id reported: 184838306; UID 10046; state: DISABLED
03-22 10:46:20.383 1512 11966 D CompatibilityChangeReporter: Compat change id reported: 185004937; UID 10046; state: DISABLED
03-22 10:46:20.383 1512 11966 D CompatibilityChangeReporter: Compat change id reported: 181136395; UID 10046; state: DISABLED
03-22 10:46:20.384 1512 11966 D CompatibilityChangeReporter: Compat change id reported: 174042936; UID 10046; state: DISABLED
03-22 10:46:20.384 1512 11966 D CompatibilityChangeReporter: Compat change id reported: 174042980; UID 10046; state: DISABLED
03-22 10:46:20.385 1512 11966 I wm_task_created: [110,-1]
03-22 10:46:20.385 1512 11966 W ActivityTaskManager: Can't find TaskDisplayArea to determine support for multi window. Task id=110 attached=false
03-22 10:46:20.390 1512 11966 I wm_task_moved: [110,1,10]
03-22 10:46:20.391 1512 11966 I wm_task_to_front: [0,110]
03-22 10:46:20.391 1512 11966 I wm_create_task: [0,110]
03-22 10:46:20.391 1512 11966 I wm_create_activity: [0,101410825,110,com.thundercomm.screensaver/android.service.dreams.DreamActivity,NULL,NULL,NULL,276824064]
03-22 10:46:20.391 1512 11966 I wm_task_moved: [110,1,10]
03-22 10:46:20.391 2573 2573 I wm_on_top_resumed_lost_called: [70633193,com.android.launcher3.uioverrides.QuickstepLauncher,topStateChangedWhenResumed]
03-22 10:46:20.391 1512 11966 I wm_pause_activity: [0,70633193,com.android.launcher3/.uioverrides.QuickstepLauncher,userLeaving=true,pauseBackTasks]
03-22 10:46:20.393 4557 4557 I MicroServiceManager: requestResult(requestOperationInfo) parameters isnull.
03-22 10:46:20.393 2573 2573 I wm_on_paused_called: [70633193,com.android.launcher3.uioverrides.QuickstepLauncher,performPause]
03-22 10:46:20.395 1512 1546 I ActivityTaskManager: FOREGROUND_APPLICATION_CHANGED to android.service.dreams.DreamActivity
03-22 10:46:20.395 1512 1546 I ActivityTaskManager: The Process com.thundercomm.screensaver Already Exists in BG. So sending its PID: 4557
03-22 10:46:20.396 1512 1546 I wm_add_to_stopping: [0,70633193,com.android.launcher3/.uioverrides.QuickstepLauncher,makeInvisible]
03-22 10:46:20.396 1512 1546 I wm_restart_activity: [0,101410825,110,com.thundercomm.screensaver/android.service.dreams.DreamActivity]
03-22 10:46:20.396 1512 1546 I wm_set_resumed_activity: [0,com.thundercomm.screensaver/android.service.dreams.DreamActivity,minimalResumeActivityLocked]
03-22 10:46:20.399 1512 1610 I sysui_multi_action: [757,803,799,window_time_0,802,620]
03-22 10:46:20.401 1512 11966 I am_uid_active: 10063
03-22 10:46:20.405 4557 4557 I wm_on_create_called: [101410825,android.service.dreams.DreamActivity,performCreate]
03-22 10:46:20.405 4557 4557 I wm_on_start_called: [101410825,android.service.dreams.DreamActivity,handleStartActivity]
03-22 10:46:20.405 4557 4557 I wm_on_resume_called: [101410825,android.service.dreams.DreamActivity,RESUME_ACTIVITY]
03-22 10:46:20.409 1512 6982 W WindowManager: Failed looking up window session=Session{64e5c4b 4557:u0a10046} callers=com.android.server.wm.WindowManagerService.windowForClientLocked:5628 com.android.server.wm.Session.insetsModified:629 android.view.IWindowSession$Stub.onTransact:1151
03-22 10:46:20.411 4557 4557 I wm_on_top_resumed_gained_called: [101410825,android.service.dreams.DreamActivity,topStateChangedWhenResumed]
03-22 10:46:20.431 1512 1697 I input_focus: [Focus leaving a81a7d0 com.android.launcher3/com.android.launcher3.uioverrides.QuickstepLauncher (server),reason=NO_WINDOW]
03-22 10:46:20.431 1512 1611 I input_focus: [Focus request 8d17ce6 com.thundercomm.screensaver/android.service.dreams.DreamActivity,reason=UpdateInputWindows]
01-01 17:11:09.543 0 0 I binder : 4557:4580 ioctl 40046210 7325b701f4 returned -22
03-22 10:46:20.454 1512 1607 I sysui_multi_action: [319,72,322,71,325,29103,757,761,758,8,759,2,806,com.thundercomm.screensaver,871,android.service.dreams.DreamActivity,904,com.thundercomm.screensaver,905,0,1320,4,1321,2]
03-22 10:46:20.455 1512 1607 I wm_activity_launch_time: [0,101410825,com.thundercomm.screensaver/android.service.dreams.DreamActivity,71]
03-22 10:46:20.455 1512 1636 V DisplayPowerController[0]: Brightness [0.47474748] reason changing to: 'manual', previous reason: 'manual [ dim ]'.
03-22 10:46:20.455 1512 1636 I sysui_multi_action: [757,1696,758,6,759,3]
03-22 10:46:20.467 1512 1899 E DisplayDeviceConfig: requesting nits when no mapping exists.
03-22 10:46:20.467 1512 1899 E DisplayDeviceConfig: requesting nits when no mapping exists.
03-22 10:46:20.467 1512 1619 I am_wtf : [0,1512,system_server,-1,DisplayDeviceConfig,requesting nits when no mapping exists.]
03-22 10:46:20.468 1512 1619 I DropBoxManagerService: add tag=system_server_wtf isTagEnabled=true flags=0x2
03-22 10:46:20.468 1512 1546 W ActivityTaskManager: Request to remove task ignored for non-existent task 109
03-22 10:46:20.468 1512 1619 I am_wtf : [0,1512,system_server,-1,DisplayDeviceConfig,requesting nits when no mapping exists.]
03-22 10:46:20.469 1512 1619 I DropBoxManagerService: add tag=system_server_wtf isTagEnabled=true flags=0x2
03-22 10:46:20.469 1512 1697 I input_focus: [Focus entering 8d17ce6 com.thundercomm.screensaver/android.service.dreams.DreamActivity (server),reason=Window became focusable. Previous reason: NOT_VISIBLE]
03-22 10:46:20.484 1512 1899 E DisplayDeviceConfig: requesting nits when no mapping exists.
03-22 10:46:20.484 1512 1899 E DisplayDeviceConfig: requesting nits when no mapping exists.
03-22 10:46:20.484 1512 1619 I am_wtf : [0,1512,system_server,-1,DisplayDeviceConfig,requesting nits when no mapping exists.]
03-22 10:46:20.485 1512 1619 I DropBoxManagerService: add tag=system_server_wtf isTagEnabled=true flags=0x2
03-22 10:46:20.485 1512 1619 I am_wtf : [0,1512,system_server,-1,DisplayDeviceConfig,requesting nits when no mapping exists.]
03-22 10:46:20.485 1512 1619 I DropBoxManagerService: add tag=system_server_wtf isTagEnabled=true flags=0x2
03-22 10:46:20.498 1512 11966 W FreeFormWindowHelper: Current Display FreeFormTask is null
03-22 10:46:20.500 1512 1899 E DisplayDeviceConfig: requesting nits when no mapping exists.
03-22 10:46:20.500 1512 1899 E DisplayDeviceConfig: requesting nits when no mapping exists.
03-22 10:46:20.500 1512 1619 I am_wtf : [0,1512,system_server,-1,DisplayDeviceConfig,requesting nits when no mapping exists.]
03-22 10:46:20.501 1512 1619 I DropBoxManagerService: add tag=system_server_wtf isTagEnabled=true flags=0x2
03-22 10:46:20.501 1512 1619 I am_wtf : [0,1512,system_server,-1,DisplayDeviceConfig,requesting nits when no mapping exists.]
03-22 10:46:20.517 1512 1899 E DisplayDeviceConfig: requesting nits when no mapping exists.
03-22 10:46:20.517 1512 1899 E DisplayDeviceConfig: requesting nits when no mapping exists.
03-22 10:46:20.517 1512 1619 I am_wtf : [0,1512,system_server,-1,DisplayDeviceConfig,requesting nits when no mapping exists.]
03-22 10:46:20.518 1512 1619 I am_wtf : [0,1512,system_server,-1,DisplayDeviceConfig,requesting nits when no mapping exists.]
03-22 10:46:20.534 1512 1899 E DisplayDeviceConfig: requesting nits when no mapping exists.
03-22 10:46:20.534 1512 1899 E DisplayDeviceConfig: requesting nits when no mapping exists.
03-22 10:46:20.534 1512 1619 I am_wtf : [0,1512,system_server,-1,DisplayDeviceConfig,requesting nits when no mapping exists.]
03-22 10:46:20.534 1512 1619 I am_wtf : [0,1512,system_server,-1,DisplayDeviceConfig,requesting nits when no mapping exists.]
03-22 10:46:20.551 1512 1899 E DisplayDeviceConfig: requesting nits when no mapping exists.
03-22 10:46:20.551 1512 1899 E DisplayDeviceConfig: requesting nits when no mapping exists.
03-22 10:46:20.551 1512 1619 I am_wtf : [0,1512,system_server,-1,DisplayDeviceConfig,requesting nits when no mapping exists.]
03-22 10:46:20.551 1512 1619 I am_wtf : [0,1512,system_server,-1,DisplayDeviceConfig,requesting nits when no mapping exists.]
03-22 10:46:20.567 1512 1899 E DisplayDeviceConfig: requesting nits when no mapping exists.
03-22 10:46:20.567 1512 1899 E DisplayDeviceConfig: requesting nits when no mapping exists.
03-22 10:46:20.568 1512 1619 I am_wtf : [0,1512,system_server,-1,DisplayDeviceConfig,requesting nits when no mapping exists.]
03-22 10:46:20.568 1512 1619 I am_wtf : [0,1512,system_server,-1,DisplayDeviceConfig,requesting nits when no mapping exists.]
03-22 10:46:20.584 1512 1899 E DisplayDeviceConfig: requesting nits when no mapping exists.
03-22 10:46:20.584 1512 1899 E DisplayDeviceConfig: requesting nits when no mapping exists.
03-22 10:46:20.584 1512 1619 I am_wtf : [0,1512,system_server,-1,DisplayDeviceConfig,requesting nits when no mapping exists.]
03-22 10:46:20.584 1512 1619 I service_manager_stats: [100,48,620311]
03-22 10:46:20.584 1512 1619 I am_wtf : [0,1512,system_server,-1,DisplayDeviceConfig,requesting nits when no mapping exists.]
03-22 10:46:20.601 1512 1899 E DisplayDeviceConfig: requesting nits when no mapping exists.
03-22 10:46:20.601 1512 1899 E DisplayDeviceConfig: requesting nits when no mapping exists.
03-22 10:46:20.601 1512 1619 I am_wtf : [0,1512,system_server,-1,DisplayDeviceConfig,requesting nits when no mapping exists.]
03-22 10:46:20.601 1512 1619 I am_wtf : [0,1512,system_server,-1,DisplayDeviceConfig,requesting nits when no mapping exists.]
03-22 10:46:20.617 1512 1899 E DisplayDeviceConfig: requesting nits when no mapping exists.
03-22 10:46:20.617 1512 1899 E DisplayDeviceConfig: requesting nits when no mapping exists.
03-22 10:46:20.617 1512 1619 I am_wtf : [0,1512,system_server,-1,DisplayDeviceConfig,requesting nits when no mapping exists.]
03-22 10:46:20.618 1512 1619 I am_wtf : [0,1512,system_server,-1,DisplayDeviceConfig,requesting nits when no mapping exists.]
03-22 10:46:20.634 1512 1899 E DisplayDeviceConfig: requesting nits when no mapping exists.
03-22 10:46:20.634 1512 1899 E DisplayDeviceConfig: requesting nits when no mapping exists.
03-22 10:46:20.634 1512 1619 I am_wtf : [0,1512,system_server,-1,DisplayDeviceConfig,requesting nits when no mapping exists.]
03-22 10:46:20.635 1512 1619 I am_wtf : [0,1512,system_server,-1,DisplayDeviceConfig,requesting nits when no mapping exists.]
03-22 10:46:20.651 1512 1899 E DisplayDeviceConfig: requesting nits when no mapping exists.
03-22 10:46:20.651 1512 1899 E DisplayDeviceConfig: requesting nits when no mapping exists.
03-22 10:46:20.651 1512 1619 I am_wtf : [0,1512,system_server,-1,DisplayDeviceConfig,requesting nits when no mapping exists.]
03-22 10:46:20.651 1512 1619 I am_wtf : [0,1512,system_server,-1,DisplayDeviceConfig,requesting nits when no mapping exists.]
03-22 10:46:20.668 1512 1899 E DisplayDeviceConfig: requesting nits when no mapping exists.
03-22 10:46:20.668 1512 1899 E DisplayDeviceConfig: requesting nits when no mapping exists.
03-22 10:46:20.668 1512 1619 I am_wtf : [0,1512,system_server,-1,DisplayDeviceConfig,requesting nits when no mapping exists.]
03-22 10:46:20.668 1512 1619 I am_wtf : [0,1512,system_server,-1,DisplayDeviceConfig,requesting nits when no mapping exists.]
03-22 10:46:20.684 1512 1899 E DisplayDeviceConfig: requesting nits when no mapping exists.
03-22 10:46:20.684 1512 1899 E DisplayDeviceConfig: requesting nits when no mapping exists.
03-22 10:46:20.684 1512 1619 I am_wtf : [0,1512,system_server,-1,DisplayDeviceConfig,requesting nits when no mapping exists.]
03-22 10:46:20.685 1512 1619 I am_wtf : [0,1512,system_server,-1,DisplayDeviceConfig,requesting nits when no mapping exists.]
03-22 10:46:20.701 1512 1899 E DisplayDeviceConfig: requesting nits when no mapping exists.
03-22 10:46:20.701 1512 1899 E DisplayDeviceConfig: requesting nits when no mapping exists.
03-22 10:46:20.701 1512 1619 I am_wtf : [0,1512,system_server,-1,DisplayDeviceConfig,requesting nits when no mapping exists.]
03-22 10:46:20.701 1512 1619 I am_wtf : [0,1512,system_server,-1,DisplayDeviceConfig,requesting nits when no mapping exists.]
03-22 10:46:20.718 1512 1899 E DisplayDeviceConfig: requesting nits when no mapping exists.
03-22 10:46:20.718 1512 1899 E DisplayDeviceConfig: requesting nits when no mapping exists.
03-22 10:46:20.718 1512 1619 I am_wtf : [0,1512,system_server,-1,DisplayDeviceConfig,requesting nits when no mapping exists.]
03-22 10:46:20.718 1512 1619 I am_wtf : [0,1512,system_server,-1,DisplayDeviceConfig,requesting nits when no mapping exists.]
03-22 10:46:20.734 1512 1899 E DisplayDeviceConfig: requesting nits when no mapping exists.
03-22 10:46:20.734 1512 1899 E DisplayDeviceConfig: requesting nits when no mapping exists.
03-22 10:46:20.734 1512 1619 I am_wtf : [0,1512,system_server,-1,DisplayDeviceConfig,requesting nits when no mapping exists.]
03-22 10:46:20.735 1512 1619 I am_wtf : [0,1512,system_server,-1,DisplayDeviceConfig,requesting nits when no mapping exists.]
03-22 10:46:20.752 1512 1899 E DisplayDeviceConfig: requesting nits when no mapping exists.
03-22 10:46:20.752 1512 1899 E DisplayDeviceConfig: requesting nits when no mapping exists.
03-22 10:46:20.752 1512 1619 I am_wtf : [0,1512,system_server,-1,DisplayDeviceConfig,requesting nits when no mapping exists.]
03-22 10:46:20.752 1512 1619 I am_wtf : [0,1512,system_server,-1,DisplayDeviceConfig,requesting nits when no mapping exists.]
03-22 10:46:20.753 1512 1610 I wm_stop_activity: [0,70633193,com.android.launcher3/.uioverrides.QuickstepLauncher]
03-22 10:46:20.768 1512 1899 E DisplayDeviceConfig: requesting nits when no mapping exists.
03-22 10:46:20.768 1512 1899 E DisplayDeviceConfig: requesting nits when no mapping exists.
03-22 10:46:20.768 1512 1619 I am_wtf : [0,1512,system_server,-1,DisplayDeviceConfig,requesting nits when no mapping exists.]
03-22 10:46:20.769 1512 1619 I am_wtf : [0,1512,system_server,-1,DisplayDeviceConfig,requesting nits when no mapping exists.]
03-22 10:46:20.773 2573 2573 I wm_on_stop_called: [70633193,com.android.launcher3.uioverrides.QuickstepLauncher,STOP_ACTIVITY_ITEM]
03-22 10:46:20.785 1512 1899 E DisplayDeviceConfig: requesting nits when no mapping exists.
03-22 10:46:20.785 1512 1899 E DisplayDeviceConfig: requesting nits when no mapping exists.
03-22 10:46:20.785 1512 1619 I am_wtf : [0,1512,system_server,-1,DisplayDeviceConfig,requesting nits when no mapping exists.]
03-22 10:46:20.785 1512 1619 I am_wtf : [0,1512,system_server,-1,DisplayDeviceConfig,requesting nits when no mapping exists.]
03-22 10:46:20.801 1512 1899 E DisplayDeviceConfig: requesting nits when no mapping exists.
03-22 10:46:20.801 1512 1899 E DisplayDeviceConfig: requesting nits when no mapping exists.
03-22 10:46:20.801 1512 1619 I am_wtf : [0,1512,system_server,-1,DisplayDeviceConfig,requesting nits when no mapping exists.]
03-22 10:46:20.802 1512 1619 I am_wtf : [0,1512,system_server,-1,DisplayDeviceConfig,requesting nits when no mapping exists.]
03-22 10:46:20.818 1512 1899 E DisplayDeviceConfig: requesting nits when no mapping exists.
03-22 10:46:20.818 1512 1899 E DisplayDeviceConfig: requesting nits when no mapping exists.
03-22 10:46:20.818 1512 1619 I am_wtf : [0,1512,system_server,-1,DisplayDeviceConfig,requesting nits when no mapping exists.]
03-22 10:46:20.818 1512 1619 I am_wtf : [0,1512,system_server,-1,DisplayDeviceConfig,requesting nits when no mapping exists.]
03-22 10:46:20.832 1512 1899 E DisplayDeviceConfig: requesting nits when no mapping exists.
03-22 10:46:20.832 1512 1899 E DisplayDeviceConfig: requesting nits when no mapping exists.
03-22 10:46:20.832 1512 1619 I am_wtf : [0,1512,system_server,-1,DisplayDeviceConfig,requesting nits when no mapping exists.]
03-22 10:46:20.832 1512 1619 I am_wtf : [0,1512,system_server,-1,DisplayDeviceConfig,requesting nits when no mapping exists.]
03-22 10:46:20.849 1512 1899 E DisplayDeviceConfig: requesting nits when no mapping exists.
03-22 10:46:20.849 1512 1619 I am_wtf : [0,1512,system_server,-1,DisplayDeviceConfig,requesting nits when no mapping exists.]
03-22 10:46:20.849 1512 1899 E DisplayDeviceConfig: requesting nits when no mapping exists.
03-22 10:46:20.849 1512 1619 I am_wtf : [0,1512,system_server,-1,DisplayDeviceConfig,requesting nits when no mapping exists.]
03-22 10:46:20.866 1512 1899 E DisplayDeviceConfig: requesting nits when no mapping exists.
03-22 10:46:20.866 1512 1899 E DisplayDeviceConfig: requesting nits when no mapping exists.
03-22 10:46:20.866 1512 1619 I am_wtf : [0,1512,system_server,-1,DisplayDeviceConfig,requesting nits when no mapping exists.]
03-22 10:46:20.866 1512 1619 I am_wtf : [0,1512,system_server,-1,DisplayDeviceConfig,requesting nits when no mapping exists.]
03-22 10:46:20.882 1512 1899 E DisplayDeviceConfig: requesting nits when no mapping exists.
03-22 10:46:20.882 1512 1619 I am_wtf : [0,1512,system_server,-1,DisplayDeviceConfig,requesting nits when no mapping exists.]
03-22 10:46:20.882 1512 1899 E DisplayDeviceConfig: requesting nits when no mapping exists.
03-22 10:46:20.883 1512 1619 I am_wtf : [0,1512,system_server,-1,DisplayDeviceConfig,requesting nits when no mapping exists.]
03-22 10:46:21.191 0 0 I auditd : type=1400 audit(0.0:20803): avc: denied { kill } for comm="swapper/3" capability=5 scontext=u:r:kernel:s0 tcontext=u:r:kernel:s0 tclass=capability permissive=0
03-22 10:46:22.191 0 0 I auditd : type=1400 audit(0.0:20804): avc: denied { kill } for comm="swapper/3" capability=5 scontext=u:r:kernel:s0 tcontext=u:r:kernel:s0 tclass=capability permissive=0
03-22 10:46:23.187 0 0 I auditd : type=1400 audit(0.0:20805): avc: denied { kill } for comm="swapper/3" capability=5 scontext=u:r:kernel:s0 tcontext=u:r:kernel:s0 tclass=capability permissive=0
01-01 17:11:12.691 0 0 I qcom_rpmh DRV: apps_rsc TCS Busy, retrying RPMH message send: addr=0x41b08
03-22 10:46:24.187 0 0 I auditd : type=1400 audit(0.0:20806): avc: denied { kill } for comm="swapper/3" capability=5 scontext=u:r:kernel:s0 tcontext=u:r:kernel:s0 tclass=capability permissive=0
01-01 17:11:13.699 0 0 E DTC_ETH,link_delay_work_func: 3003, SQI=0, link=0
01-01 17:11:13.991 0 0 E DTC_Display: screen not ready
01-01 17:11:13.991 0 0 E DTC_Display: Backlight abnormal: 0x7a
03-22 10:46:25.191 0 0 I auditd : type=1400 audit(0.0:20807): avc: denied { kill } for comm="swapper/3" capability=5 scontext=u:r:kernel:s0 tcontext=u:r:kernel:s0 tclass=capability permissive=0
