01-01 14:21:44.815 0 0 I binder : 16338:16338 ioctl 40046210 7fff293b54 returned -22
01-01 14:21:45.379 0 0 E DTC_ETH,link_delay_work_func: 3003, SQI=0, link=0
01-01 14:21:48.939 0 0 I sdcardfs: removing com.thundersoft.notificationtest1
01-01 14:21:48.944 0 0 I logd : start watching /data/system/packages.list ...
01-01 14:21:48.945 0 0 I logd : ReadPackageList, total packages: 106
01-01 14:21:49.447 0 0 E DTC_Display: screen not ready
01-01 14:21:50.499 0 0 E DTC_ETH,link_delay_work_func: 3003, SQI=0, link=0
01-01 14:21:55.622 0 0 E DTC_ETH,link_delay_work_func: 3003, SQI=0, link=0
01-01 14:21:57.411 0 0 E DTC_Display: screen not ready
01-01 14:21:58.985 0 0 I logd : start watching /data/system/packages.list ...
01-01 14:21:58.987 0 0 I logd : ReadPackageList, total packages: 106
01-01 14:22:00.739 0 0 E DTC_ETH,link_delay_work_func: 3003, SQI=0, link=0
01-01 14:22:04.193 0 0 I qcom_rpmh DRV: apps_rsc TCS Busy, retrying RPMH message send: addr=0x50000
01-01 14:22:04.193 0 0 I qcom_rpmh DRV: apps_rsc TCS Busy, retrying RPMH message send: addr=0x50000
01-01 14:22:04.193 0 0 I qcom_rpmh DRV: apps_rsc TCS Busy, retrying RPMH message send: addr=0x50000
01-01 14:22:04.194 0 0 I qcom_rpmh DRV: apps_rsc TCS Busy, retrying RPMH message send: addr=0x50000
01-01 14:22:05.272 0 0 E DTC_Display: screen not ready
01-01 14:22:05.859 0 0 E DTC_ETH,link_delay_work_func: 3003, SQI=0, link=0
01-01 14:22:10.979 0 0 E DTC_ETH,link_delay_work_func: 3003, SQI=0, link=0
01-01 14:22:13.316 0 0 E DTC_Display: screen not ready
01-01 14:22:14.356 0 0 I msm-dwc3 a600000.ssusb: DWC3 exited from low power mode
01-01 14:22:14.374 0 0 W usb_extcon_detect_cable@108: vbus=1
01-01 14:22:14.375 0 0 E msm-dwc3 a600000.ssusb: Could not get usb psy
01-01 14:22:14.383 0 0 I xhci-hcd.0.auto: remove, state 4
01-01 14:22:14.383 0 0 I usb3 : USB disconnect, device number 1
01-01 14:22:14.383 0 0 I msm-dwc3 a800000.ssusb: DWC3 exited from low power mode
01-01 14:22:14.383 0 0 I xhci-hcd.1.auto: remove, state 4
01-01 14:22:14.385 0 0 I xhci-hcd.0.auto: USB bus 3 deregistered
01-01 14:22:14.385 0 0 I usb4 : USB disconnect, device number 1
01-01 14:22:14.389 0 0 I xhci-hcd.0.auto: remove, state 4
01-01 14:22:14.389 0 0 I usb1 : USB disconnect, device number 1
01-01 14:22:14.390 0 0 I xhci-hcd.1.auto: USB bus 4 deregistered
01-01 14:22:14.392 0 0 I xhci-hcd.1.auto: remove, state 4
01-01 14:22:14.392 0 0 I usb2 : USB disconnect, device number 1
01-01 14:22:14.392 0 0 I xhci-hcd.0.auto: USB bus 1 deregistered
01-01 14:22:14.395 0 0 I xhci-hcd.1.auto: USB bus 2 deregistered
01-01 14:22:14.395 0 0 I msm-dwc3 a600000.ssusb: DWC3 in low power mode
01-01 14:22:14.395 0 0 E msm-dwc3 a600000.ssusb: Could not get usb psy
01-01 14:22:14.396 0 0 E msm-dwc3 a600000.ssusb: Could not get usb psy
01-01 14:22:14.396 0 0 I msm-dwc3 a800000.ssusb: DWC3 in low power mode
01-01 14:22:14.455 0 0 I msm-dwc3 a800000.ssusb: DWC3 exited from low power mode
01-01 14:22:14.455 0 0 I msm-dwc3 a600000.ssusb: DWC3 exited from low power mode
01-01 14:22:14.575 0 0 E msm-dwc3 a600000.ssusb: Could not get usb psy
01-01 14:22:14.669 0 0 E msm-dwc3 a600000.ssusb: Could not get usb psy
01-01 14:22:14.758 0 0 I android_work: sent uevent USB_STATE=CONNECTED
01-01 14:22:14.779 0 0 E msm-dwc3 a600000.ssusb: Could not get usb psy
01-01 14:22:14.794 0 0 I configfs-gadget gadget: high-speed config #1: b
01-01 14:22:14.794 0 0 E msm-dwc3 a600000.ssusb: Could not get usb psy
01-01 14:22:14.795 0 0 I android_work: sent uevent USB_STATE=CONFIGURED
01-01 14:22:16.099 0 0 E DTC_ETH,link_delay_work_func: 3003, SQI=0, link=0
01-01 14:22:17.407 0 0 I logd : start watching /data/system/packages.list ...
01-01 14:22:17.409 0 0 I logd : ReadPackageList, total packages: 107
01-01 14:22:18.465 0 0 I binder : 16427:16427 ioctl 40046210 7fff294234 returned -22
01-01 14:22:21.219 0 0 E DTC_ETH,link_delay_work_func: 3003, SQI=0, link=0
01-01 14:22:21.387 0 0 E DTC_Display: screen not ready
01-01 14:22:22.577 0 0 W perfetto: enabled ftrace
01-01 14:22:22.580 0 0 I binder : 16460:16460 ioctl 40046210 ffe79348 returned -22
01-01 14:22:22.630 0 0 I binder : 16494:16494 ioctl 40046210 ffe79348 returned -22
01-01 14:22:22.725 0 0 W audit : audit_lost=3165 audit_rate_limit=5 audit_backlog_limit=64
01-01 14:22:22.725 0 0 E audit : rate limit exceeded
01-01 14:22:22.728 0 0 I binder : 16460:16512 ioctl 40046210 c1ddcd38 returned -22
01-01 14:22:23.879 0 0 W audit : audit_lost=3507 audit_rate_limit=5 audit_backlog_limit=64
01-01 14:22:23.879 0 0 E audit : rate limit exceeded
01-01 14:22:25.038 0 0 W audit : audit_lost=3572 audit_rate_limit=5 audit_backlog_limit=64
01-01 14:22:25.038 0 0 E audit : rate limit exceeded
01-01 14:22:25.639 0 0 I binder : 16494:16620 ioctl 40046210 c0eced38 returned -22
01-01 14:22:25.849 0 0 I binder : 16849:16849 ioctl 40046210 ffe79348 returned -22
01-01 14:22:25.859 0 0 I binder : 16864:16864 ioctl 40046210 ffe78a98 returned -22
01-01 14:22:26.341 0 0 E DTC_ETH,link_delay_work_func: 3003, SQI=0, link=0
01-01 14:22:26.695 0 0 I binder : 16953:16953 ioctl 40046210 ffe79348 returned -22
01-01 14:22:26.715 0 0 I binder : 16970:16970 ioctl 40046210 ff9f0800 returned -22
01-01 14:22:26.765 0 0 W audit : audit_lost=3630 audit_rate_limit=5 audit_backlog_limit=64
01-01 14:22:26.765 0 0 E audit : rate limit exceeded
01-01 14:22:26.774 0 0 I binder : 17001:17001 ioctl 40046210 ffacf500 returned -22
01-01 14:22:27.503 0 0 I binder : 16460:16560 transaction failed 29201/-28, size 1204112-8 line 3240
01-01 14:22:27.503 0 0 I binder : 16460:16560 transaction failed 29201/-28, size 1204112-8 line 3240
01-01 14:22:27.579 0 0 W perfetto: disabled ftrace
01-01 14:22:29.459 0 0 E DTC_Display: Abnormal voltage: 0mV
01-01 14:22:29.459 0 0 E DTC_Display: screen not ready
01-01 14:22:31.459 0 0 E DTC_ETH,link_delay_work_func: 3003, SQI=0, link=0
01-01 14:22:36.579 0 0 E DTC_ETH,link_delay_work_func: 3003, SQI=0, link=0
01-01 14:22:37.511 0 0 E DTC_Display: screen not ready
01-01 14:22:37.511 0 0 E DTC_Display: Backlight abnormal: 0x7b
01-01 14:22:41.699 0 0 E DTC_ETH,link_delay_work_func: 3003, SQI=0, link=0
01-01 14:22:45.595 0 0 E DTC_Display: screen not ready
01-01 14:22:46.819 0 0 E DTC_ETH,link_delay_work_func: 3003, SQI=0, link=0
01-01 14:22:48.362 0 0 W usb_extcon_detect_cable@108: vbus=0
01-01 14:22:48.363 0 0 E msm-dwc3 a600000.ssusb: Could not get usb psy
01-01 14:22:48.373 0 0 I android_work: sent uevent USB_STATE=DISCONNECTED
01-01 14:22:48.373 0 0 I msm-dwc3 a800000.ssusb: DWC3 in low power mode
01-01 14:22:48.374 0 0 I msm-dwc3 a600000.ssusb: DWC3 in low power mode
01-01 14:22:48.435 0 0 I msm-dwc3 a600000.ssusb: DWC3 exited from low power mode
01-01 14:22:48.435 0 0 I msm-dwc3 a800000.ssusb: DWC3 exited from low power mode
01-01 14:22:48.437 0 0 I xhci-hcd.0.auto: xHCI Host Controller
01-01 14:22:48.437 0 0 I xhci-hcd.0.auto: new USB bus registered, assigned bus number 1
01-01 14:22:48.437 0 0 I xhci-hcd.1.auto: xHCI Host Controller
01-01 14:22:48.437 0 0 I xhci-hcd.1.auto: new USB bus registered, assigned bus number 2
01-01 14:22:48.437 0 0 I xhci-hcd.0.auto: hcc params 0x0230ffe5 hci version 0x110 quirks 0x0000000000010010
01-01 14:22:48.437 0 0 I xhci-hcd.0.auto: irq 347, io mem 0x0a600000
01-01 14:22:48.437 0 0 I xhci-hcd.1.auto: hcc params 0x0230ffe5 hci version 0x110 quirks 0x0000000000010810
01-01 14:22:48.437 0 0 I xhci-hcd.1.auto: irq 349, io mem 0x0a800000
01-01 14:22:48.438 0 0 I usb1 : New USB device found, idVendor=1d6b, idProduct=0002, bcdDevice= 4.19
01-01 14:22:48.438 0 0 I usb1 : New USB device strings: Mfr=3, Product=2, SerialNumber=1
01-01 14:22:48.438 0 0 I usb1 : Product: xHCI Host Controller
01-01 14:22:48.438 0 0 I usb1 : Manufacturer: Linux 4.19.157-perf+ xhci-hcd
01-01 14:22:48.438 0 0 I usb1 : SerialNumber: xhci-hcd.0.auto
01-01 14:22:48.440 0 0 I hub 1-0 : 1.0: USB hub found
01-01 14:22:48.440 0 0 I hub 1-0 : 1.0: 1 port detected
01-01 14:22:48.445 0 0 E : [drm:dp_display_init_aux_switch][msm-dp-err][15116]failed to register notifier (-22)
01-01 14:22:48.445 0 0 E register_client_adhoc: find path.src 1 dest 589
01-01 14:22:48.445 0 0 E register_client_adhoc: Failed to find path.src 1 dest 589
01-01 14:22:48.448 0 0 I usb2 : New USB device found, idVendor=1d6b, idProduct=0002, bcdDevice= 4.19
01-01 14:22:48.448 0 0 I usb2 : New USB device strings: Mfr=3, Product=2, SerialNumber=1
01-01 14:22:48.448 0 0 I usb2 : Product: xHCI Host Controller
01-01 14:22:48.448 0 0 I usb2 : Manufacturer: Linux 4.19.157-perf+ xhci-hcd
01-01 14:22:48.448 0 0 I usb2 : SerialNumber: xhci-hcd.1.auto
01-01 14:22:48.450 0 0 I hub 2-0 : 1.0: USB hub found
01-01 14:22:48.450 0 0 I hub 2-0 : 1.0: 1 port detected
01-01 14:22:48.451 0 0 I xhci-hcd.1.auto: xHCI Host Controller
01-01 14:22:48.451 0 0 I xhci-hcd.1.auto: new USB bus registered, assigned bus number 3
01-01 14:22:48.451 0 0 I xhci-hcd.1.auto: Host supports USB 3.1 Enhanced SuperSpeed
01-01 14:22:48.453 0 0 I usb3 : New USB device found, idVendor=1d6b, idProduct=0003, bcdDevice= 4.19
01-01 14:22:48.453 0 0 I usb3 : New USB device strings: Mfr=3, Product=2, SerialNumber=1
01-01 14:22:48.453 0 0 I usb3 : Product: xHCI Host Controller
01-01 14:22:48.453 0 0 I usb3 : Manufacturer: Linux 4.19.157-perf+ xhci-hcd
01-01 14:22:48.453 0 0 I usb3 : SerialNumber: xhci-hcd.1.auto
01-01 14:22:48.455 0 0 I hub 3-0 : 1.0: USB hub found
01-01 14:22:48.455 0 0 I hub 3-0 : 1.0: 1 port detected
01-01 14:22:48.455 0 0 I xhci-hcd.0.auto: xHCI Host Controller
01-01 14:22:48.456 0 0 I xhci-hcd.0.auto: new USB bus registered, assigned bus number 4
01-01 14:22:48.456 0 0 I xhci-hcd.0.auto: Host supports USB 3.1 Enhanced SuperSpeed
01-01 14:22:48.456 0 0 I usb4 : We don't know the algorithms for LPM for this host, disabling LPM.
01-01 14:22:48.456 0 0 I usb4 : New USB device found, idVendor=1d6b, idProduct=0003, bcdDevice= 4.19
01-01 14:22:48.456 0 0 I usb4 : New USB device strings: Mfr=3, Product=2, SerialNumber=1
01-01 14:22:48.456 0 0 I usb4 : Product: xHCI Host Controller
01-01 14:22:48.456 0 0 I usb4 : Manufacturer: Linux 4.19.157-perf+ xhci-hcd
01-01 14:22:48.456 0 0 I usb4 : SerialNumber: xhci-hcd.0.auto
01-01 14:22:48.457 0 0 E swr-wcd rx_swr_ctrl: swrm_get_logical_dev_num: device 0xd01170224 is not ready
01-01 14:22:48.457 0 0 E swr_get_logical_dev_num: Error -22 to get logical addr for device d01170224
01-01 14:22:48.457 0 0 E swr-wcd rx_swr_ctrl: swrm_get_logical_dev_num: device 0xd01170224 is not ready
01-01 14:22:48.457 0 0 E swr_get_logical_dev_num: Error -22 to get logical addr for device d01170224
01-01 14:22:48.457 0 0 E swr-wcd rx_swr_ctrl: swrm_get_logical_dev_num: device 0xd01170224 is not ready
01-01 14:22:48.457 0 0 E swr_get_logical_dev_num: Error -22 to get logical addr for device d01170224
01-01 14:22:48.458 0 0 E swr-wcd rx_swr_ctrl: swrm_get_logical_dev_num: device 0xd01170224 is not ready
01-01 14:22:48.458 0 0 E swr_get_logical_dev_num: Error -22 to get logical addr for device d01170224
01-01 14:22:48.458 0 0 E swr-wcd rx_swr_ctrl: swrm_get_logical_dev_num: device 0xd01170224 is not ready
01-01 14:22:48.458 0 0 E swr_get_logical_dev_num: Error -22 to get logical addr for device d01170224
01-01 14:22:48.458 0 0 E wcd938x_codec wcd938x-codec: wcd938x_bind: Slave bind failed, ret = -517
01-01 14:22:48.459 0 0 E : [drm:dp_display_init_aux_switch][msm-dp-err][15116]failed to register notifier (-22)
01-01 14:22:48.459 0 0 E register_client_adhoc: find path.src 1 dest 589
01-01 14:22:48.459 0 0 E register_client_adhoc: Failed to find path.src 1 dest 589
01-01 14:22:48.459 0 0 I hub 4-0 : 1.0: USB hub found
01-01 14:22:48.459 0 0 I hub 4-0 : 1.0: 1 port detected
01-01 14:22:48.464 0 0 E swr-wcd rx_swr_ctrl: swrm_get_logical_dev_num: device 0xd01170224 is not ready
01-01 14:22:48.464 0 0 E swr_get_logical_dev_num: Error -22 to get logical addr for device d01170224
01-01 14:22:48.465 0 0 E swr-wcd rx_swr_ctrl: swrm_get_logical_dev_num: device 0xd01170224 is not ready
01-01 14:22:48.465 0 0 E swr_get_logical_dev_num: Error -22 to get logical addr for device d01170224
01-01 14:22:48.465 0 0 E swr-wcd rx_swr_ctrl: swrm_get_logical_dev_num: device 0xd01170224 is not ready
01-01 14:22:48.465 0 0 E swr_get_logical_dev_num: Error -22 to get logical addr for device d01170224
01-01 14:22:48.465 0 0 E swr-wcd rx_swr_ctrl: swrm_get_logical_dev_num: device 0xd01170224 is not ready
01-01 14:22:48.465 0 0 E swr_get_logical_dev_num: Error -22 to get logical addr for device d01170224
01-01 14:22:48.465 0 0 E swr-wcd rx_swr_ctrl: swrm_get_logical_dev_num: device 0xd01170224 is not ready
01-01 14:22:48.465 0 0 E swr_get_logical_dev_num: Error -22 to get logical addr for device d01170224
01-01 14:22:48.465 0 0 E wcd938x_codec wcd938x-codec: wcd938x_bind: Slave bind failed, ret = -517
01-01 14:22:48.466 0 0 E : [drm:dp_display_init_aux_switch][msm-dp-err][15116]failed to register notifier (-22)
01-01 14:22:48.466 0 0 E register_client_adhoc: find path.src 1 dest 589
01-01 14:22:48.466 0 0 E register_client_adhoc: Failed to find path.src 1 dest 589
01-01 14:22:48.471 0 0 E swr-wcd rx_swr_ctrl: swrm_get_logical_dev_num: device 0xd01170224 is not ready
01-01 14:22:48.471 0 0 E swr_get_logical_dev_num: Error -22 to get logical addr for device d01170224
01-01 14:22:48.471 0 0 E swr-wcd rx_swr_ctrl: swrm_get_logical_dev_num: device 0xd01170224 is not ready
01-01 14:22:48.471 0 0 E swr_get_logical_dev_num: Error -22 to get logical addr for device d01170224
01-01 14:22:48.472 0 0 E swr-wcd rx_swr_ctrl: swrm_get_logical_dev_num: device 0xd01170224 is not ready
01-01 14:22:48.472 0 0 E swr_get_logical_dev_num: Error -22 to get logical addr for device d01170224
01-01 14:22:48.472 0 0 E swr-wcd rx_swr_ctrl: swrm_get_logical_dev_num: device 0xd01170224 is not ready
01-01 14:22:48.472 0 0 E swr_get_logical_dev_num: Error -22 to get logical addr for device d01170224
01-01 14:22:48.472 0 0 E swr-wcd rx_swr_ctrl: swrm_get_logical_dev_num: device 0xd01170224 is not ready
01-01 14:22:48.472 0 0 E swr_get_logical_dev_num: Error -22 to get logical addr for device d01170224
01-01 14:22:48.472 0 0 E wcd938x_codec wcd938x-codec: wcd938x_bind: Slave bind failed, ret = -517
01-01 14:22:48.488 0 0 I : read descriptors
01-01 14:22:48.488 0 0 I : read strings
01-01 14:22:48.490 0 0 I init : processing action (sys.usb.config=adb && sys.usb.configfs=1 && sys.usb.ffs.ready=1) from (/system/etc/init/hw/init.usb.configfs.rc:20)
01-01 14:22:48.493 0 0 I init : Command 'symlink /config/usb_gadget/g1/functions/ffs.adb /config/usb_gadget/g1/configs/b.1/f1' action=sys.usb.config=adb && sys.usb.configfs=1 && sys.usb.ffs.ready=1 (/system/etc/init/hw/init.usb.configfs.rc:22) took 0ms and failed: symlink() failed: File exists
01-01 14:22:48.498 0 0 I android_work: did not send uevent (0 0 0000000000000000)
01-01 14:22:49.573 0 0 I msm-dwc3 a800000.ssusb: DWC3 in low power mode
01-01 14:22:49.574 0 0 I msm-dwc3 a600000.ssusb: DWC3 in low power mode
01-01 14:22:51.939 0 0 E DTC_ETH,link_delay_work_func: 3003, SQI=0, link=0
01-01 14:22:53.651 0 0 E DTC_Display: Abnormal voltage: 0mV
01-01 14:22:53.651 0 0 E DTC_Display: screen not ready
01-01 14:22:57.059 0 0 E DTC_ETH,link_delay_work_func: 3003, SQI=0, link=0
01-01 14:22:59.625 0 0 I init : Untracked pid 17001 received signal 9
01-01 14:22:59.649 0 0 I init : Untracked pid 16970 exited with status 0
01-01 14:22:59.666 0 0 I binder : 17441:17441 ioctl 40046210 7feb0eef34 returned -22
01-01 14:22:59.684 0 0 I sdcardfs: removing com.tencent.android.qqdownloader
01-01 14:22:59.687 0 0 I logd : start watching /data/system/packages.list ...
01-01 14:22:59.688 0 0 I logd : ReadPackageList, total packages: 106
01-01 14:22:59.700 0 0 I init : Untracked pid 17147 exited with status 255
01-01 14:22:59.712 0 0 I binder : release 16460:16460 transaction 2837927 out, still active
01-01 14:22:59.712 0 0 I binder : undelivered TRANSACTION_COMPLETE
01-01 14:22:59.712 0 0 I binder : release 16460:17007 transaction 2837994 out, still active
01-01 14:22:59.712 0 0 I binder : undelivered TRANSACTION_COMPLETE
01-01 14:22:59.712 0 0 I binder : undelivered transaction 2838013, process died.
01-01 14:22:59.735 0 0 I binder : send failed reply for transaction 2837927, target dead
01-01 14:22:59.735 0 0 I binder : send failed reply for transaction 2837994, target dead
01-01 14:22:59.748 0 0 I init : Untracked pid 17149 received signal 9
01-01 14:23:01.711 0 0 E DTC_Display: screen not ready
01-01 14:23:02.179 0 0 E DTC_ETH,link_delay_work_func: 3003, SQI=0, link=0
01-01 14:23:07.299 0 0 E DTC_ETH,link_delay_work_func: 3003, SQI=0, link=0
01-01 14:23:09.747 0 0 I logd : start watching /data/system/packages.list ...
01-01 14:23:09.748 0 0 I logd : ReadPackageList, total packages: 106
01-01 14:23:09.767 0 0 E DTC_Display: screen not ready
01-01 14:23:12.419 0 0 E DTC_ETH,link_delay_work_func: 3003, SQI=0, link=0
01-01 14:23:17.539 0 0 E DTC_ETH,link_delay_work_func: 3003, SQI=0, link=0
01-01 14:23:17.828 0 0 E DTC_Display: screen not ready
01-01 14:23:20.831 0 0 W usb_extcon_detect_cable@108: vbus=1
01-01 14:23:20.832 0 0 E msm-dwc3 a600000.ssusb: Could not get usb psy
01-01 14:23:20.832 0 0 I msm-dwc3 a600000.ssusb: DWC3 exited from low power mode
01-01 14:23:20.833 0 0 I xhci-hcd.0.auto: remove, state 4
01-01 14:23:20.833 0 0 I usb4 : USB disconnect, device number 1
01-01 14:23:20.833 0 0 I msm-dwc3 a800000.ssusb: DWC3 exited from low power mode
01-01 14:23:20.833 0 0 I xhci-hcd.1.auto: remove, state 4
01-01 14:23:20.836 0 0 I xhci-hcd.0.auto: USB bus 4 deregistered
01-01 14:23:20.836 0 0 I usb3 : USB disconnect, device number 1
01-01 14:23:20.836 0 0 I xhci-hcd.0.auto: remove, state 4
01-01 14:23:20.838 0 0 I xhci-hcd.1.auto: USB bus 3 deregistered
01-01 14:23:20.838 0 0 I usb1 : USB disconnect, device number 1
01-01 14:23:20.842 0 0 I xhci-hcd.1.auto: remove, state 4
01-01 14:23:20.842 0 0 I usb2 : USB disconnect, device number 1
01-01 14:23:20.842 0 0 I xhci-hcd.0.auto: USB bus 1 deregistered
01-01 14:23:20.844 0 0 I xhci-hcd.1.auto: USB bus 2 deregistered
01-01 14:23:20.846 0 0 I msm-dwc3 a600000.ssusb: DWC3 in low power mode
01-01 14:23:20.846 0 0 E msm-dwc3 a600000.ssusb: Could not get usb psy
01-01 14:23:20.846 0 0 E msm-dwc3 a600000.ssusb: Could not get usb psy
01-01 14:23:20.847 0 0 I msm-dwc3 a800000.ssusb: DWC3 in low power mode
01-01 14:23:20.907 0 0 I msm-dwc3 a800000.ssusb: DWC3 exited from low power mode
01-01 14:23:20.907 0 0 I msm-dwc3 a600000.ssusb: DWC3 exited from low power mode
01-01 14:23:21.027 0 0 E msm-dwc3 a600000.ssusb: Could not get usb psy
01-01 14:23:21.124 0 0 E msm-dwc3 a600000.ssusb: Could not get usb psy
01-01 14:23:21.214 0 0 I android_work: sent uevent USB_STATE=CONNECTED
01-01 14:23:21.231 0 0 E msm-dwc3 a600000.ssusb: Could not get usb psy
01-01 14:23:21.245 0 0 I configfs-gadget gadget: high-speed config #1: b
01-01 14:23:21.245 0 0 E msm-dwc3 a600000.ssusb: Could not get usb psy
01-01 14:23:21.245 0 0 I android_work: sent uevent USB_STATE=CONFIGURED
01-01 14:23:22.659 0 0 E DTC_ETH,link_delay_work_func: 3003, SQI=0, link=0
01-01 14:23:22.907 0 0 I logd : start watching /data/system/packages.list ...
01-01 14:23:22.908 0 0 I logd : ReadPackageList, total packages: 107
01-01 14:23:22.932 0 0 W audit : audit_lost=3633 audit_rate_limit=5 audit_backlog_limit=64
01-01 14:23:22.932 0 0 E audit : rate limit exceeded
01-01 14:23:25.903 0 0 E DTC_Display: screen not ready
01-01 14:23:27.779 0 0 E DTC_ETH,link_delay_work_func: 3003, SQI=0, link=0
01-01 14:23:28.719 0 0 I qcom_rpmh DRV: apps_rsc TCS Busy, retrying RPMH message send: addr=0x40d08
01-01 14:23:28.939 0 0 W usb_extcon_detect_cable@108: vbus=0
01-01 14:23:28.939 0 0 E msm-dwc3 a600000.ssusb: Could not get usb psy
01-01 14:23:28.940 0 0 I msm-dwc3 a800000.ssusb: DWC3 in low power mode
01-01 14:23:28.940 0 0 I android_work: sent uevent USB_STATE=DISCONNECTED
01-01 14:23:28.943 0 0 I msm-dwc3 a600000.ssusb: DWC3 in low power mode
01-01 14:23:29.003 0 0 I msm-dwc3 a600000.ssusb: DWC3 exited from low power mode
01-01 14:23:29.004 0 0 I xhci-hcd.0.auto: xHCI Host Controller
01-01 14:23:29.004 0 0 I xhci-hcd.0.auto: new USB bus registered, assigned bus number 1
01-01 14:23:29.004 0 0 I xhci-hcd.0.auto: hcc params 0x0230ffe5 hci version 0x110 quirks 0x0000000000010010
01-01 14:23:29.004 0 0 I xhci-hcd.0.auto: irq 347, io mem 0x0a600000
01-01 14:23:29.005 0 0 I usb1 : New USB device found, idVendor=1d6b, idProduct=0002, bcdDevice= 4.19
01-01 14:23:29.005 0 0 I usb1 : New USB device strings: Mfr=3, Product=2, SerialNumber=1
01-01 14:23:29.005 0 0 I usb1 : Product: xHCI Host Controller
01-01 14:23:29.005 0 0 I usb1 : Manufacturer: Linux 4.19.157-perf+ xhci-hcd
01-01 14:23:29.005 0 0 I usb1 : SerialNumber: xhci-hcd.0.auto
01-01 14:23:29.006 0 0 I hub 1-0 : 1.0: USB hub found
01-01 14:23:29.006 0 0 I hub 1-0 : 1.0: 1 port detected
01-01 14:23:29.008 0 0 E : [drm:dp_display_init_aux_switch][msm-dp-err][15899]failed to register notifier (-22)
01-01 14:23:29.009 0 0 E register_client_adhoc: find path.src 1 dest 589
01-01 14:23:29.009 0 0 E register_client_adhoc: Failed to find path.src 1 dest 589
01-01 14:23:29.010 0 0 I msm-dwc3 a800000.ssusb: DWC3 exited from low power mode
01-01 14:23:29.011 0 0 I xhci-hcd.0.auto: xHCI Host Controller
01-01 14:23:29.011 0 0 I xhci-hcd.0.auto: new USB bus registered, assigned bus number 2
01-01 14:23:29.011 0 0 I xhci-hcd.0.auto: Host supports USB 3.1 Enhanced SuperSpeed
01-01 14:23:29.011 0 0 I usb2 : We don't know the algorithms for LPM for this host, disabling LPM.
01-01 14:23:29.011 0 0 I usb2 : New USB device found, idVendor=1d6b, idProduct=0003, bcdDevice= 4.19
01-01 14:23:29.011 0 0 I usb2 : New USB device strings: Mfr=3, Product=2, SerialNumber=1
01-01 14:23:29.011 0 0 I usb2 : Product: xHCI Host Controller
01-01 14:23:29.011 0 0 I usb2 : Manufacturer: Linux 4.19.157-perf+ xhci-hcd
01-01 14:23:29.011 0 0 I usb2 : SerialNumber: xhci-hcd.0.auto
01-01 14:23:29.012 0 0 I xhci-hcd.1.auto: xHCI Host Controller
01-01 14:23:29.012 0 0 I hub 2-0 : 1.0: USB hub found
01-01 14:23:29.012 0 0 I hub 2-0 : 1.0: 1 port detected
01-01 14:23:29.013 0 0 I xhci-hcd.1.auto: new USB bus registered, assigned bus number 3
01-01 14:23:29.014 0 0 I xhci-hcd.1.auto: hcc params 0x0230ffe5 hci version 0x110 quirks 0x0000000000010810
01-01 14:23:29.014 0 0 I xhci-hcd.1.auto: irq 349, io mem 0x0a800000
01-01 14:23:29.014 0 0 I usb3 : New USB device found, idVendor=1d6b, idProduct=0002, bcdDevice= 4.19
01-01 14:23:29.014 0 0 I usb3 : New USB device strings: Mfr=3, Product=2, SerialNumber=1
01-01 14:23:29.014 0 0 I usb3 : Product: xHCI Host Controller
01-01 14:23:29.014 0 0 I usb3 : Manufacturer: Linux 4.19.157-perf+ xhci-hcd
01-01 14:23:29.014 0 0 I usb3 : SerialNumber: xhci-hcd.1.auto
01-01 14:23:29.015 0 0 I hub 3-0 : 1.0: USB hub found
01-01 14:23:29.015 0 0 I hub 3-0 : 1.0: 1 port detected
01-01 14:23:29.017 0 0 I xhci-hcd.1.auto: xHCI Host Controller
01-01 14:23:29.017 0 0 I xhci-hcd.1.auto: new USB bus registered, assigned bus number 4
01-01 14:23:29.017 0 0 I xhci-hcd.1.auto: Host supports USB 3.1 Enhanced SuperSpeed
01-01 14:23:29.017 0 0 I usb4 : New USB device found, idVendor=1d6b, idProduct=0003, bcdDevice= 4.19
01-01 14:23:29.017 0 0 I usb4 : New USB device strings: Mfr=3, Product=2, SerialNumber=1
01-01 14:23:29.017 0 0 I usb4 : Product: xHCI Host Controller
01-01 14:23:29.017 0 0 I usb4 : Manufacturer: Linux 4.19.157-perf+ xhci-hcd
01-01 14:23:29.017 0 0 I usb4 : SerialNumber: xhci-hcd.1.auto
01-01 14:23:29.018 0 0 E swr-wcd rx_swr_ctrl: swrm_get_logical_dev_num: device 0xd01170224 is not ready
01-01 14:23:29.018 0 0 I hub 4-0 : 1.0: USB hub found
01-01 14:23:29.018 0 0 E swr_get_logical_dev_num: Error -22 to get logical addr for device d01170224
01-01 14:23:29.018 0 0 I hub 4-0 : 1.0: 1 port detected
01-01 14:23:29.018 0 0 E swr-wcd rx_swr_ctrl: swrm_get_logical_dev_num: device 0xd01170224 is not ready
01-01 14:23:29.018 0 0 E swr_get_logical_dev_num: Error -22 to get logical addr for device d01170224
01-01 14:23:29.019 0 0 E swr-wcd rx_swr_ctrl: swrm_get_logical_dev_num: device 0xd01170224 is not ready
01-01 14:23:29.019 0 0 E swr_get_logical_dev_num: Error -22 to get logical addr for device d01170224
01-01 14:23:29.019 0 0 E swr-wcd rx_swr_ctrl: swrm_get_logical_dev_num: device 0xd01170224 is not ready
01-01 14:23:29.019 0 0 E swr_get_logical_dev_num: Error -22 to get logical addr for device d01170224
01-01 14:23:29.019 0 0 E swr-wcd rx_swr_ctrl: swrm_get_logical_dev_num: device 0xd01170224 is not ready
01-01 14:23:29.019 0 0 E swr_get_logical_dev_num: Error -22 to get logical addr for device d01170224
01-01 14:23:29.019 0 0 E wcd938x_codec wcd938x-codec: wcd938x_bind: Slave bind failed, ret = -517
01-01 14:23:29.020 0 0 E : [drm:dp_display_init_aux_switch][msm-dp-err][15899]failed to register notifier (-22)
01-01 14:23:29.020 0 0 E register_client_adhoc: find path.src 1 dest 589
01-01 14:23:29.020 0 0 E register_client_adhoc: Failed to find path.src 1 dest 589
01-01 14:23:29.025 0 0 E swr-wcd rx_swr_ctrl: swrm_get_logical_dev_num: device 0xd01170224 is not ready
01-01 14:23:29.025 0 0 E swr_get_logical_dev_num: Error -22 to get logical addr for device d01170224
01-01 14:23:29.025 0 0 E swr-wcd rx_swr_ctrl: swrm_get_logical_dev_num: device 0xd01170224 is not ready
01-01 14:23:29.025 0 0 E swr_get_logical_dev_num: Error -22 to get logical addr for device d01170224
01-01 14:23:29.026 0 0 E swr-wcd rx_swr_ctrl: swrm_get_logical_dev_num: device 0xd01170224 is not ready
01-01 14:23:29.026 0 0 E swr_get_logical_dev_num: Error -22 to get logical addr for device d01170224
01-01 14:23:29.026 0 0 E swr-wcd rx_swr_ctrl: swrm_get_logical_dev_num: device 0xd01170224 is not ready
01-01 14:23:29.026 0 0 E swr_get_logical_dev_num: Error -22 to get logical addr for device d01170224
01-01 14:23:29.026 0 0 E swr-wcd rx_swr_ctrl: swrm_get_logical_dev_num: device 0xd01170224 is not ready
01-01 14:23:29.026 0 0 E swr_get_logical_dev_num: Error -22 to get logical addr for device d01170224
01-01 14:23:29.026 0 0 E wcd938x_codec wcd938x-codec: wcd938x_bind: Slave bind failed, ret = -517
01-01 14:23:29.027 0 0 E : [drm:dp_display_init_aux_switch][msm-dp-err][15899]failed to register notifier (-22)
01-01 14:23:29.027 0 0 E register_client_adhoc: find path.src 1 dest 589
01-01 14:23:29.027 0 0 E register_client_adhoc: Failed to find path.src 1 dest 589
01-01 14:23:29.032 0 0 E swr-wcd rx_swr_ctrl: swrm_get_logical_dev_num: device 0xd01170224 is not ready
01-01 14:23:29.032 0 0 E swr_get_logical_dev_num: Error -22 to get logical addr for device d01170224
01-01 14:23:29.032 0 0 E swr-wcd rx_swr_ctrl: swrm_get_logical_dev_num: device 0xd01170224 is not ready
01-01 14:23:29.032 0 0 E swr_get_logical_dev_num: Error -22 to get logical addr for device d01170224
01-01 14:23:29.032 0 0 E swr-wcd rx_swr_ctrl: swrm_get_logical_dev_num: device 0xd01170224 is not ready
01-01 14:23:29.032 0 0 E swr_get_logical_dev_num: Error -22 to get logical addr for device d01170224
01-01 14:23:29.033 0 0 E swr-wcd rx_swr_ctrl: swrm_get_logical_dev_num: device 0xd01170224 is not ready
01-01 14:23:29.033 0 0 E swr_get_logical_dev_num: Error -22 to get logical addr for device d01170224
01-01 14:23:29.033 0 0 E swr-wcd rx_swr_ctrl: swrm_get_logical_dev_num: device 0xd01170224 is not ready
01-01 14:23:29.033 0 0 E swr_get_logical_dev_num: Error -22 to get logical addr for device d01170224
01-01 14:23:29.033 0 0 E wcd938x_codec wcd938x-codec: wcd938x_bind: Slave bind failed, ret = -517
01-01 14:23:29.059 0 0 I : read descriptors
01-01 14:23:29.059 0 0 I : read strings
01-01 14:23:29.061 0 0 I init : processing action (sys.usb.config=adb && sys.usb.configfs=1 && sys.usb.ffs.ready=1) from (/system/etc/init/hw/init.usb.configfs.rc:20)
01-01 14:23:29.062 0 0 I init : Command 'symlink /config/usb_gadget/g1/functions/ffs.adb /config/usb_gadget/g1/configs/b.1/f1' action=sys.usb.config=adb && sys.usb.configfs=1 && sys.usb.ffs.ready=1 (/system/etc/init/hw/init.usb.configfs.rc:22) took 0ms and failed: symlink() failed: File exists
01-01 14:23:29.064 0 0 I android_work: did not send uevent (0 0 0000000000000000)
01-01 14:23:30.563 0 0 I msm-dwc3 a800000.ssusb: DWC3 in low power mode
01-01 14:23:30.597 0 0 I msm-dwc3 a600000.ssusb: DWC3 in low power mode
01-01 14:23:32.899 0 0 E DTC_ETH,link_delay_work_func: 3003, SQI=0, link=0
01-01 14:23:33.118 0 0 W perfetto: enabled ftrace
01-01 14:23:33.136 0 0 I binder : 17526:17526 ioctl 40046210 7fff293b54 returned -22
01-01 14:23:33.277 0 0 I binder : 17526:17547 ioctl 40046210 7326d351f4 returned -22
01-01 14:23:33.967 0 0 E DTC_Display: screen not ready
01-01 14:23:38.019 0 0 E DTC_ETH,link_delay_work_func: 3003, SQI=0, link=0
01-01 14:23:38.116 0 0 W perfetto: disabled ftrace
01-01 14:23:42.024 0 0 E DTC_Display: screen not ready
01-01 14:23:43.139 0 0 E DTC_ETH,link_delay_work_func: 3003, SQI=0, link=0
01-01 14:23:48.259 0 0 E DTC_ETH,link_delay_work_func: 3003, SQI=0, link=0
01-01 14:23:50.084 0 0 E DTC_Display: screen not ready
01-01 14:23:53.383 0 0 E DTC_ETH,link_delay_work_func: 3003, SQI=0, link=0
01-01 14:23:55.553 0 0 I qcom_rpmh DRV: apps_rsc TCS Busy, retrying RPMH message send: addr=0x50000
01-01 14:23:55.553 0 0 I qcom_rpmh DRV: apps_rsc TCS Busy, retrying RPMH message send: addr=0x50000
01-01 14:23:55.553 0 0 I qcom_rpmh DRV: apps_rsc TCS Busy, retrying RPMH message send: addr=0x50000
01-01 14:23:55.553 0 0 I qcom_rpmh DRV: apps_rsc TCS Busy, retrying RPMH message send: addr=0x50000
01-01 14:23:58.043 0 0 E DTC_Display: screen not ready
01-01 14:23:58.499 0 0 E DTC_ETH,link_delay_work_func: 3003, SQI=0, link=0
01-01 14:24:03.619 0 0 E DTC_ETH,link_delay_work_func: 3003, SQI=0, link=0
01-01 14:24:05.776 0 0 E DTC_Display: screen not ready
01-01 14:24:08.739 0 0 E DTC_ETH,link_delay_work_func: 3003, SQI=0, link=0
01-01 14:24:13.516 0 0 E DTC_Display: screen not ready
01-01 14:24:13.859 0 0 E DTC_ETH,link_delay_work_func: 3003, SQI=0, link=0
01-01 14:24:18.979 0 0 E DTC_ETH,link_delay_work_func: 3003, SQI=0, link=0
01-01 14:24:21.259 0 0 E DTC_Display: screen not ready
01-01 14:24:24.099 0 0 E DTC_ETH,link_delay_work_func: 3003, SQI=0, link=0
01-01 14:24:29.011 0 0 E DTC_Display: screen not ready
01-01 14:24:29.219 0 0 E DTC_ETH,link_delay_work_func: 3003, SQI=0, link=0
01-01 14:24:31.708 0 0 I [dp_rx_][0x556b8aa45b][07:59:42.608006] wlan: [7717:I:QDF] DHCP-D RX: SA:f2:ad:4b:cf:e5:66 DA:ff:ff:ff:ff:ff:ff
01-01 14:24:32.647 0 0 I [dp_rx_][0x556c9dd09e][07:59:43.547262] wlan: [7717:I:QDF] DHCP-D RX: SA:f2:ad:4b:cf:e5:66 DA:ff:ff:ff:ff:ff:ff
01-01 14:24:34.339 0 0 E DTC_ETH,link_delay_work_func: 3003, SQI=0, link=0
01-01 14:24:36.763 0 0 E DTC_Display: screen not ready
01-01 14:24:39.459 0 0 E DTC_ETH,link_delay_work_func: 3003, SQI=0, link=0
01-01 14:24:44.495 0 0 E DTC_Display: screen not ready
01-01 14:24:44.579 0 0 E DTC_ETH,link_delay_work_func: 3003, SQI=0, link=0
01-01 14:24:49.699 0 0 E DTC_ETH,link_delay_work_func: 3003, SQI=0, link=0
01-01 14:24:52.443 0 0 E DTC_Display: screen not ready
01-01 14:24:54.819 0 0 E DTC_ETH,link_delay_work_func: 3003, SQI=0, link=0
01-01 14:24:59.939 0 0 E DTC_ETH,link_delay_work_func: 3003, SQI=0, link=0
01-01 14:25:00.483 0 0 E DTC_Display: screen not ready
01-01 14:25:05.059 0 0 E DTC_ETH,link_delay_work_func: 3003, SQI=0, link=0
01-01 14:25:08.555 0 0 E DTC_Display: screen not ready
01-01 14:25:10.179 0 0 E DTC_ETH,link_delay_work_func: 3003, SQI=0, link=0
01-01 14:25:15.299 0 0 E DTC_ETH,link_delay_work_func: 3003, SQI=0, link=0
01-01 14:25:16.616 0 0 E DTC_Display: screen not ready
01-01 14:25:19.011 0 0 I qcom_rpmh DRV: apps_rsc TCS Busy, retrying RPMH message send: addr=0x50000
01-01 14:25:19.011 0 0 I qcom_rpmh DRV: apps_rsc TCS Busy, retrying RPMH message send: addr=0x50000
01-01 14:25:19.011 0 0 I qcom_rpmh DRV: apps_rsc TCS Busy, retrying RPMH message send: addr=0x50000
01-01 14:25:20.419 0 0 E DTC_ETH,link_delay_work_func: 3003, SQI=0, link=0
01-01 14:25:24.675 0 0 E DTC_Display: screen not ready
01-01 14:25:25.539 0 0 E DTC_ETH,link_delay_work_func: 3003, SQI=0, link=0
01-01 14:25:30.659 0 0 E DTC_ETH,link_delay_work_func: 3003, SQI=0, link=0
01-01 14:25:32.427 0 0 E DTC_Display: screen not ready
01-01 14:25:35.779 0 0 E DTC_ETH,link_delay_work_func: 3003, SQI=0, link=0
01-01 14:25:39.491 0 0 I qcom_rpmh DRV: apps_rsc TCS Busy, retrying RPMH message send: addr=0x50000
01-01 14:25:39.491 0 0 I qcom_rpmh DRV: apps_rsc TCS Busy, retrying RPMH message send: addr=0x50000
01-01 14:25:40.175 0 0 E DTC_Display: screen not ready
01-01 14:25:40.899 0 0 E DTC_ETH,link_delay_work_func: 3003, SQI=0, link=0
01-01 14:25:46.019 0 0 E DTC_ETH,link_delay_work_func: 3003, SQI=0, link=0
01-01 14:25:47.919 0 0 E DTC_Display: screen not ready
01-01 14:25:51.139 0 0 E DTC_ETH,link_delay_work_func: 3003, SQI=0, link=0
01-01 14:25:55.663 0 0 E DTC_Display: screen not ready
01-01 14:25:56.259 0 0 E DTC_ETH,link_delay_work_func: 3003, SQI=0, link=0
01-01 14:26:01.379 0 0 E DTC_ETH,link_delay_work_func: 3003, SQI=0, link=0
01-01 14:26:03.403 0 0 E DTC_Display: screen not ready
01-01 14:26:06.499 0 0 E DTC_ETH,link_delay_work_func: 3003, SQI=0, link=0
01-01 14:26:11.148 0 0 E DTC_Display: screen not ready
01-01 14:26:11.619 0 0 E DTC_ETH,link_delay_work_func: 3003, SQI=0, link=0
01-01 14:26:14.010 0 0 I [dp_rx_][0x55e09dbe1b][08:01:24.909362] wlan: [7717:I:QDF] DHCP-D RX: SA:36:fb:24:41:08:e5 DA:ff:ff:ff:ff:ff:ff
01-01 14:26:14.213 0 0 I [dp_rx_][0x55e0d93caa][08:01:25.112436] wlan: [7717:I:QDF] DHCP-R RX: SA:36:fb:24:41:08:e5 DA:ff:ff:ff:ff:ff:ff
01-01 14:26:16.739 0 0 E DTC_ETH,link_delay_work_func: 3003, SQI=0, link=0
01-01 14:26:18.891 0 0 E DTC_Display: screen not ready
01-01 14:26:21.859 0 0 E DTC_ETH,link_delay_work_func: 3003, SQI=0, link=0
01-01 14:26:26.636 0 0 E DTC_Display: screen not ready
01-01 14:26:26.979 0 0 E DTC_ETH,link_delay_work_func: 3003, SQI=0, link=0
01-01 14:26:32.099 0 0 E DTC_ETH,link_delay_work_func: 3003, SQI=0, link=0
01-01 14:26:34.483 0 0 E DTC_Display: screen not ready
01-01 14:26:37.219 0 0 E DTC_ETH,link_delay_work_func: 3003, SQI=0, link=0
01-01 14:26:42.339 0 0 E DTC_ETH,link_delay_work_func: 3003, SQI=0, link=0
01-01 14:26:42.531 0 0 E DTC_Display: screen not ready
01-01 14:26:45.992 0 0 I qcom_rpmh DRV: apps_rsc TCS Busy, retrying RPMH message send: addr=0x30010
01-01 14:26:45.992 0 0 I qcom_rpmh DRV: apps_rsc TCS Busy, retrying RPMH message send: addr=0x30010
01-01 14:26:47.459 0 0 E DTC_ETH,link_delay_work_func: 3003, SQI=0, link=0
01-01 14:26:50.395 0 0 E DTC_Display: screen not ready
01-01 14:26:52.579 0 0 E DTC_ETH,link_delay_work_func: 3003, SQI=0, link=0
01-01 14:26:57.699 0 0 E DTC_ETH,link_delay_work_func: 3003, SQI=0, link=0
01-01 14:26:58.331 0 0 E DTC_Display: screen not ready
01-01 14:27:02.819 0 0 E DTC_ETH,link_delay_work_func: 3003, SQI=0, link=0
01-01 14:27:06.372 0 0 E DTC_Display: screen not ready
01-01 14:27:07.939 0 0 E DTC_ETH,link_delay_work_func: 3003, SQI=0, link=0
01-01 14:27:13.059 0 0 E DTC_ETH,link_delay_work_func: 3003, SQI=0, link=0
01-01 14:27:14.436 0 0 E DTC_Display: screen not ready
01-01 14:27:18.179 0 0 E DTC_ETH,link_delay_work_func: 3003, SQI=0, link=0
01-01 14:27:22.499 0 0 E DTC_Display: screen not ready
01-01 14:27:23.299 0 0 E DTC_ETH,link_delay_work_func: 3003, SQI=0, link=0
01-01 14:27:27.336 0 0 I [dp_rx_][0x56348813c0][08:02:38.235730] wlan: [7717:I:QDF] DHCP-D RX: SA:36:fb:24:41:08:e5 DA:ff:ff:ff:ff:ff:ff
01-01 14:27:28.419 0 0 E DTC_ETH,link_delay_work_func: 3003, SQI=0, link=0
01-01 14:27:28.454 0 0 I [dp_rx_][0x5635cfae36][08:02:39.353950] wlan: [7717:I:QDF] DHCP-D RX: SA:36:fb:24:41:08:e5 DA:ff:ff:ff:ff:ff:ff
01-01 14:27:28.558 0 0 I [dp_rx_][0x5635edf90c][08:02:39.457347] wlan: [7717:I:QDF] DHCP-R RX: SA:36:fb:24:41:08:e5 DA:ff:ff:ff:ff:ff:ff
01-01 14:27:29.697 0 0 I [dp_rx_][0x56373bcafb][08:02:40.596787] wlan: [7717:I:QDF] DHCP-R RX: SA:36:fb:24:41:08:e5 DA:ff:ff:ff:ff:ff:ff
01-01 14:27:30.564 0 0 E DTC_Display: screen not ready
01-01 14:27:33.539 0 0 E DTC_ETH,link_delay_work_func: 3003, SQI=0, link=0
01-01 14:27:33.575 0 0 W usb_extcon_detect_cable@108: vbus=1
01-01 14:27:33.576 0 0 E msm-dwc3 a600000.ssusb: Could not get usb psy
01-01 14:27:33.577 0 0 I msm-dwc3 a600000.ssusb: DWC3 exited from low power mode
01-01 14:27:33.577 0 0 I xhci-hcd.0.auto: remove, state 4
01-01 14:27:33.577 0 0 I msm-dwc3 a800000.ssusb: DWC3 exited from low power mode
01-01 14:27:33.577 0 0 I usb2 : USB disconnect, device number 1
01-01 14:27:33.577 0 0 I xhci-hcd.1.auto: remove, state 4
01-01 14:27:33.580 0 0 I xhci-hcd.0.auto: USB bus 2 deregistered
01-01 14:27:33.581 0 0 I xhci-hcd.0.auto: remove, state 4
01-01 14:27:33.581 0 0 I usb1 : USB disconnect, device number 1
01-01 14:27:33.584 0 0 I usb4 : USB disconnect, device number 1
01-01 14:27:33.585 0 0 I xhci-hcd.0.auto: USB bus 1 deregistered
01-01 14:27:33.589 0 0 I xhci-hcd.1.auto: USB bus 4 deregistered
01-01 14:27:33.589 0 0 I xhci-hcd.1.auto: remove, state 4
01-01 14:27:33.589 0 0 I usb3 : USB disconnect, device number 1
01-01 14:27:33.591 0 0 I msm-dwc3 a600000.ssusb: DWC3 in low power mode
01-01 14:27:33.591 0 0 E msm-dwc3 a600000.ssusb: Could not get usb psy
01-01 14:27:33.591 0 0 E msm-dwc3 a600000.ssusb: Could not get usb psy
01-01 14:27:33.595 0 0 I xhci-hcd.1.auto: USB bus 3 deregistered
01-01 14:27:33.597 0 0 I msm-dwc3 a800000.ssusb: DWC3 in low power mode
01-01 14:27:33.651 0 0 I msm-dwc3 a600000.ssusb: DWC3 exited from low power mode
01-01 14:27:33.657 0 0 I msm-dwc3 a800000.ssusb: DWC3 exited from low power mode
01-01 14:27:33.771 0 0 E msm-dwc3 a600000.ssusb: Could not get usb psy
01-01 14:27:33.865 0 0 E msm-dwc3 a600000.ssusb: Could not get usb psy
01-01 14:27:33.954 0 0 I android_work: sent uevent USB_STATE=CONNECTED
01-01 14:27:33.972 0 0 E msm-dwc3 a600000.ssusb: Could not get usb psy
01-01 14:27:33.984 0 0 I configfs-gadget gadget: high-speed config #1: b
01-01 14:27:33.984 0 0 E msm-dwc3 a600000.ssusb: Could not get usb psy
01-01 14:27:33.985 0 0 I android_work: sent uevent USB_STATE=CONFIGURED
01-01 14:27:38.632 0 0 E DTC_Display: screen not ready
01-01 14:27:38.659 0 0 E DTC_ETH,link_delay_work_func: 3003, SQI=0, link=0
01-01 14:27:40.354 0 0 I binder : 17614:17614 ioctl 40046210 7fd903e394 returned -22
01-01 14:27:40.388 0 0 I binder : 17614:17634 ioctl 40046210 79b29c1484 returned -22
01-01 14:27:40.393 0 0 I msm_vidc: high: 00000001: ....e: Opening video instance: 0000000000000000, 0
01-01 14:27:40.393 0 0 I msm_vidc: err : 00000001: ....e: Failed to create debugfs for msm_vidc
01-01 14:27:40.543 0 0 I binder : 17631:17631 ioctl 40046210 7fddbd5b84 returned -22
01-01 14:27:41.664 0 0 I [dp_rx_][0x5644eddc84][08:02:52.564167] wlan: [7717:I:QDF] DHCP-R RX: SA:36:fb:24:41:08:e5 DA:ff:ff:ff:ff:ff:ff
01-01 14:27:43.013 0 0 I msm_vidc: err : ffffffff: .....: DBLP Set: status 0
01-01 14:27:43.779 0 0 E DTC_ETH,link_delay_work_func: 3003, SQI=0, link=0
01-01 14:27:46.699 0 0 E DTC_Display: screen not ready
01-01 14:27:46.699 0 0 E DTC_Display: Backlight abnormal: 0x7b
01-01 14:27:48.899 0 0 E DTC_ETH,link_delay_work_func: 3003, SQI=0, link=0
01-01 14:27:51.717 0 0 I msm_vidc: err : ffffffff: .....: DBLP Set: status 0
01-01 14:27:54.019 0 0 E DTC_ETH,link_delay_work_func: 3003, SQI=0, link=0
01-01 14:27:54.760 0 0 E DTC_Display: screen not ready
01-01 14:27:59.139 0 0 E DTC_ETH,link_delay_work_func: 3003, SQI=0, link=0
01-01 14:28:02.835 0 0 E DTC_Display: screen not ready
01-01 14:28:04.259 0 0 E DTC_ETH,link_delay_work_func: 3003, SQI=0, link=0
01-01 14:28:05.558 0 0 I binder : 17669:17669 ioctl 40046210 7fff294234 returned -22
01-01 14:28:05.656 0 0 W audit : audit_lost=3637 audit_rate_limit=5 audit_backlog_limit=64
01-01 14:28:05.656 0 0 E audit : rate limit exceeded
01-01 14:28:05.688 0 0 I binder : 16226:17662 ioctl 40046210 738d5f61f4 returned -22
03-22 08:03:16.776 1512 1546 D TelephonyRegistry: listen oscl: mHasNotifySubscriptionInfoChangedOccurred==false no callback
03-22 08:03:16.778 1512 1546 D TelephonyRegistry: listen oscl: mHasNotifySubscriptionInfoChangedOccurred==false no callback
01-01 14:28:09.379 0 0 E DTC_ETH,link_delay_work_func: 3003, SQI=0, link=0
01-01 14:28:09.428 0 0 I [dp_rx_][0x5664b3a444][08:03:20.327470] wlan: [7717:I:QDF] DHCP-D RX: SA:36:fb:24:41:08:e5 DA:ff:ff:ff:ff:ff:ff
01-01 14:28:09.488 0 0 I binder : 17750:17750 ioctl 40046210 7fff293b54 returned -22
01-01 14:28:10.547 0 0 I [dp_rx_][0x5665fb966a][08:03:21.446859] wlan: [7717:I:QDF] DHCP-D RX: SA:36:fb:24:41:08:e5 DA:ff:ff:ff:ff:ff:ff
01-01 14:28:10.551 0 0 I [dp_rx_][0x5665fcc811][08:03:21.450934] wlan: [7717:I:QDF] DHCP-R RX: SA:36:fb:24:41:08:e5 DA:ff:ff:ff:ff:ff:ff
01-01 14:28:10.887 0 0 E DTC_Display: screen not ready
01-01 14:28:11.566 0 0 I [dp_rx_][0x5667261697][08:03:22.465741] wlan: [7717:I:QDF] DHCP-R RX: SA:36:fb:24:41:08:e5 DA:ff:ff:ff:ff:ff:ff
01-01 14:28:14.499 0 0 E DTC_ETH,link_delay_work_func: 3003, SQI=0, link=0
03-22 08:03:25.663 1512 11405 D TelephonyRegistry: listen oscl: mHasNotifySubscriptionInfoChangedOccurred==false no callback
03-22 08:03:25.664 1512 2683 D TelephonyRegistry: listen oscl: mHasNotifySubscriptionInfoChangedOccurred==false no callback
01-01 14:28:14.791 0 0 W audit : audit_lost=3737 audit_rate_limit=5 audit_backlog_limit=64
01-01 14:28:14.791 0 0 E audit : rate limit exceeded
01-01 14:28:18.963 0 0 E DTC_Display: Abnormal voltage: 0mV
01-01 14:28:18.963 0 0 E DTC_Display: screen not ready
03-22 08:03:30.397 1512 2089 D TelephonyRegistry: listen oscl: mHasNotifySubscriptionInfoChangedOccurred==false no callback
03-22 08:03:30.398 1512 2089 D TelephonyRegistry: listen oscl: mHasNotifySubscriptionInfoChangedOccurred==false no callback
01-01 14:28:19.619 0 0 E DTC_ETH,link_delay_work_func: 3003, SQI=0, link=0
01-01 14:28:21.651 0 0 I binder : 17750:17873 ioctl 40046210 738d6131f4 returned -22
03-22 08:03:34.502 1512 2109 D TelephonyRegistry: listen oscl: mHasNotifySubscriptionInfoChangedOccurred==false no callback
03-22 08:03:34.503 1512 2089 D TelephonyRegistry: listen oscl: mHasNotifySubscriptionInfoChangedOccurred==false no callback
01-01 14:28:24.739 0 0 E DTC_ETH,link_delay_work_func: 3003, SQI=0, link=0
01-01 14:28:27.019 0 0 E DTC_Display: screen not ready
01-01 14:28:29.859 0 0 E DTC_ETH,link_delay_work_func: 3003, SQI=0, link=0
01-01 14:28:34.979 0 0 E DTC_ETH,link_delay_work_func: 3003, SQI=0, link=0
01-01 14:28:35.099 0 0 E DTC_Display: screen not ready
01-01 14:28:36.022 0 0 I binder : 17992:17992 ioctl 40046210 7fff293b54 returned -22
03-22 08:03:48.578 1512 5223 D TelephonyRegistry: listen oscl: mHasNotifySubscriptionInfoChangedOccurred==false no callback
03-22 08:03:48.579 1512 5223 D TelephonyRegistry: listen oscl: mHasNotifySubscriptionInfoChangedOccurred==false no callback
01-01 14:28:38.293 0 0 W audit : audit_lost=3739 audit_rate_limit=5 audit_backlog_limit=64
01-01 14:28:38.293 0 0 E audit : rate limit exceeded
01-01 14:28:40.099 0 0 E DTC_ETH,link_delay_work_func: 3003, SQI=0, link=0
01-01 14:28:42.363 0 0 I binder : undelivered transaction 2913284, process died.
01-01 14:28:42.422 0 0 I binder : 18047:18047 ioctl 40046210 7fff294234 returned -22
01-01 14:28:43.147 0 0 E DTC_Display: screen not ready
01-01 14:28:43.469 0 0 I binder : 17992:18071 ioctl 40046210 738d5fa1f4 returned -22
01-01 14:28:45.219 0 0 E DTC_ETH,link_delay_work_func: 3003, SQI=0, link=0
01-01 14:28:45.475 0 0 I binder : 18047:18096 ioctl 40046210 73245c71f4 returned -22
03-22 08:03:56.551 1512 5223 D TelephonyRegistry: listen oscl: mHasNotifySubscriptionInfoChangedOccurred==false no callback
03-22 08:03:56.554 1512 5223 D TelephonyRegistry: listen oscl: mHasNotifySubscriptionInfoChangedOccurred==false no callback
01-01 14:28:45.663 0 0 W audit : audit_lost=3740 audit_rate_limit=5 audit_backlog_limit=64
01-01 14:28:45.663 0 0 E audit : rate limit exceeded
03-22 08:04:00.590 18047 18047 W CarrierConfigManager: Error getting config for subId -1 ICarrierConfigLoader is null
03-22 08:04:00.627 1512 2909 D TelephonyRegistry: listen oscl: mHasNotifySubscriptionInfoChangedOccurred==false no callback
03-22 08:04:00.631 1512 2909 D TelephonyRegistry: listen oscl: mHasNotifySubscriptionInfoChangedOccurred==false no callback
01-01 14:28:49.786 0 0 I [schedu][0x5692e3839c][08:04:00.686288] wlan: [7715:I:OSIF] scan start scan id 40966
01-01 14:28:50.339 0 0 E DTC_ETH,link_delay_work_func: 3003, SQI=0, link=0
01-01 14:28:51.215 0 0 E DTC_Display: screen not ready
01-01 14:28:51.896 0 0 I [schedu][0x56954d8576][08:04:02.795753] wlan: [7715:I:OSIF] vdev 0, scan id 40966 type COMPLETED(1) reason COMPLETED(1) scan found 75 bss
03-22 08:04:05.416 1512 2909 D TelephonyRegistry: listen oscl: mHasNotifySubscriptionInfoChangedOccurred==false no callback
01-01 14:28:55.459 0 0 E DTC_ETH,link_delay_work_func: 3003, SQI=0, link=0
01-01 14:28:59.279 0 0 E DTC_Display: screen not ready
01-01 14:29:00.579 0 0 E DTC_ETH,link_delay_work_func: 3003, SQI=0, link=0
01-01 14:29:05.572 0 0 I msm_vidc: err : ffffffff: .....: DBLP Set: status 0
01-01 14:29:05.699 0 0 E DTC_ETH,link_delay_work_func: 3003, SQI=0, link=0
01-01 14:29:07.338 0 0 E DTC_Display: screen not ready
01-01 14:29:10.819 0 0 E DTC_ETH,link_delay_work_func: 3003, SQI=0, link=0
01-01 14:29:13.123 0 0 D cnss : Host time = 19389564050 us, device time = 7217483630 us, offset = 12172080420 us
01-01 14:29:13.123 0 0 D cnss : Updated time sync regs [0x984] = 0xd5833524, [0x988] = 0x2
01-01 14:29:15.399 0 0 E DTC_Display: screen not ready
01-01 14:29:15.939 0 0 E DTC_ETH,link_delay_work_func: 3003, SQI=0, link=0
01-01 14:29:21.059 0 0 E DTC_ETH,link_delay_work_func: 3003, SQI=0, link=0
01-01 14:29:23.483 0 0 E DTC_Display: screen not ready
01-01 14:29:26.179 0 0 E DTC_ETH,link_delay_work_func: 3003, SQI=0, link=0
01-01 14:29:28.869 0 0 I msm_vidc: err : ffffffff: .....: DBLP Set: status 0
01-01 14:29:31.299 0 0 E DTC_ETH,link_delay_work_func: 3003, SQI=0, link=0
01-01 14:29:31.531 0 0 E DTC_Display: screen not ready
01-01 14:29:36.424 0 0 E DTC_ETH,link_delay_work_func: 3003, SQI=0, link=0
01-01 14:29:39.619 0 0 E DTC_Display: screen not ready
01-01 14:29:39.619 0 0 E DTC_Display: Backlight abnormal: 0x7b
01-01 14:29:41.539 0 0 E DTC_ETH,link_delay_work_func: 3003, SQI=0, link=0
01-01 14:29:46.659 0 0 E DTC_ETH,link_delay_work_func: 3003, SQI=0, link=0
01-01 14:29:47.703 0 0 E DTC_Display: screen not ready
01-01 14:29:47.949 0 0 I [dp_rx_][0x56d5736bec][08:04:58.849173] wlan: [7717:I:QDF] DHCP-R RX: SA:d2:9a:f2:06:ac:37 DA:ff:ff:ff:ff:ff:ff
01-01 14:29:51.779 0 0 E DTC_ETH,link_delay_work_func: 3003, SQI=0, link=0
01-01 14:29:55.775 0 0 E DTC_Display: screen not ready
01-01 14:29:56.899 0 0 E DTC_ETH,link_delay_work_func: 3003, SQI=0, link=0
01-01 14:30:02.019 0 0 E DTC_ETH,link_delay_work_func: 3003, SQI=0, link=0
01-01 14:30:03.895 0 0 E DTC_Display: screen not ready
01-01 14:30:07.139 0 0 E DTC_ETH,link_delay_work_func: 3003, SQI=0, link=0
01-01 14:30:11.976 0 0 E DTC_Display: screen not ready
01-01 14:30:12.259 0 0 E DTC_ETH,link_delay_work_func: 3003, SQI=0, link=0
01-01 14:30:17.379 0 0 E DTC_ETH,link_delay_work_func: 3003, SQI=0, link=0
01-01 14:30:20.069 0 0 E DTC_Display: screen not ready
01-01 14:30:20.069 0 0 E DTC_Display: Backlight abnormal: 0x7b
01-01 14:30:20.185 0 0 I [dp_rx_][0x56fa576583][08:05:31.084607] wlan: [7717:I:QDF] DHCP-D RX: SA:36:fb:24:41:08:e5 DA:ff:ff:ff:ff:ff:ff
01-01 14:30:21.107 0 0 I [dp_rx_][0x56fb656f25][08:05:32.006336] wlan: [7717:I:QDF] DHCP-D RX: SA:36:fb:24:41:08:e5 DA:ff:ff:ff:ff:ff:ff
01-01 14:30:22.499 0 0 E DTC_ETH,link_delay_work_func: 3003, SQI=0, link=0
01-01 14:30:27.620 0 0 E DTC_ETH,link_delay_work_func: 3003, SQI=0, link=0
01-01 14:30:28.147 0 0 E DTC_Display: screen not ready
01-01 14:30:31.874 0 0 I [dp_rx_][0x5707b807f6][08:05:42.774027] wlan: [7717:I:QDF] DHCP-D RX: SA:0a:a1:b6:04:95:8a DA:ff:ff:ff:ff:ff:ff
01-01 14:30:32.739 0 0 E DTC_ETH,link_delay_work_func: 3003, SQI=0, link=0
01-01 14:30:32.887 0 0 I [dp_rx_][0x5708e0b217][08:05:43.786641] wlan: [7717:I:QDF] DHCP-D RX: SA:0a:a1:b6:04:95:8a DA:ff:ff:ff:ff:ff:ff
01-01 14:30:33.911 0 0 I [dp_rx_][0x570a0c9f09][08:05:44.810387] wlan: [7717:I:QDF] DHCP-R RX: SA:0a:a1:b6:04:95:8a DA:ff:ff:ff:ff:ff:ff
01-01 14:30:36.160 0 0 I [dp_rx_][0x570c9f8cc8][08:05:47.059531] wlan: [7717:I:QDF] DHCP-R RX: SA:0a:a1:b6:04:95:8a DA:ff:ff:ff:ff:ff:ff
01-01 14:30:36.227 0 0 E DTC_Display: screen not ready
01-01 14:30:37.859 0 0 E DTC_ETH,link_delay_work_func: 3003, SQI=0, link=0
01-01 14:30:41.791 0 0 I [dp_rx_][0x57131168df][08:05:52.691052] wlan: [7717:I:QDF] DHCP-R RX: SA:36:fb:24:41:08:e5 DA:ff:ff:ff:ff:ff:ff
01-01 14:30:42.979 0 0 E DTC_ETH,link_delay_work_func: 3003, SQI=0, link=0
01-01 14:30:44.315 0 0 E DTC_Display: screen not ready
01-01 14:30:48.099 0 0 E DTC_ETH,link_delay_work_func: 3003, SQI=0, link=0
01-01 14:30:51.716 0 0 I msm_vidc: err : ffffffff: .....: DBLP Set: status 0
01-01 14:30:52.359 0 0 E DTC_Display: screen not ready
01-01 14:30:53.219 0 0 E DTC_ETH,link_delay_work_func: 3003, SQI=0, link=0
01-01 14:30:58.339 0 0 E DTC_ETH,link_delay_work_func: 3003, SQI=0, link=0
01-01 14:30:58.689 0 0 I [dp_rx_][0x572667d6c7][08:06:09.588517] wlan: [7717:I:QDF] DHCP-R RX: SA:36:fb:24:41:08:e5 DA:ff:ff:ff:ff:ff:ff
01-01 14:31:00.423 0 0 E DTC_Display: screen not ready
01-01 14:31:03.459 0 0 E DTC_ETH,link_delay_work_func: 3003, SQI=0, link=0
01-01 14:31:04.324 0 0 I [dp_rx_][0x572cdae1d7][08:06:15.224078] wlan: [7717:I:QDF] DHCP-R RX: SA:0a:a1:b6:04:95:8a DA:ff:ff:ff:ff:ff:ff
01-01 14:31:08.483 0 0 E DTC_Display: Abnormal voltage: 0mV
01-01 14:31:08.483 0 0 E DTC_Display: screen not ready
01-01 14:31:08.579 0 0 E DTC_ETH,link_delay_work_func: 3003, SQI=0, link=0
01-01 14:31:13.699 0 0 E DTC_ETH,link_delay_work_func: 3003, SQI=0, link=0
01-01 14:31:16.551 0 0 E DTC_Display: screen not ready
01-01 14:31:18.819 0 0 E DTC_ETH,link_delay_work_func: 3003, SQI=0, link=0
01-01 14:31:22.038 0 0 I [dp_rx_][0x5741206ef8][08:06:32.937746] wlan: [7717:I:QDF] DHCP-D RX: SA:36:fb:24:41:08:e5 DA:ff:ff:ff:ff:ff:ff
