03-22 10:39:11.359 22192 22192 I auditd : type=1400 audit(0.0:20321): avc: denied { search } for comm="Thread-3" name="asound" dev="proc" ino=4026532151 scontext=u:r:untrusted_app_29:s0:c102,c256,c512,c768 tcontext=u:object_r:proc_asound:s0 tclass=dir permissive=0 app=com.tencent.qqmusic
03-22 10:39:11.407 22192 22192 I auditd : type=1400 audit(0.0:20322): avc: denied { search } for comm="Thread-3" name="asound" dev="proc" ino=4026532151 scontext=u:r:untrusted_app_29:s0:c102,c256,c512,c768 tcontext=u:object_r:proc_asound:s0 tclass=dir permissive=0 app=com.tencent.qqmusic
03-22 10:39:11.483 22192 22192 I auditd : type=1400 audit(0.0:20323): avc: denied { read } for comm="Thread-3" name="tcp" dev="proc" ino=4026532265 scontext=u:r:untrusted_app_29:s0:c102,c256,c512,c768 tcontext=u:object_r:proc_net_tcp_udp:s0 tclass=file permissive=0 app=com.tencent.qqmusic
03-22 10:39:12.187 0 0 I auditd : type=1400 audit(0.0:20324): avc: denied { kill } for comm="swapper/2" capability=5 scontext=u:r:kernel:s0 tcontext=u:r:kernel:s0 tclass=capability permissive=0
03-22 10:39:12.259 22192 22192 I auditd : type=1400 audit(0.0:20325): avc: denied { read } for comm="Thread-3" name="misc" dev="proc" ino=4026531991 scontext=u:r:untrusted_app_29:s0:c102,c256,c512,c768 tcontext=u:object_r:proc_misc:s0 tclass=file permissive=0 app=com.tencent.qqmusic
03-22 10:39:13.191 0 0 I auditd : type=1400 audit(0.0:20326): avc: denied { kill } for comm="swapper/2" capability=5 scontext=u:r:kernel:s0 tcontext=u:r:kernel:s0 tclass=capability permissive=0
03-22 10:39:14.191 0 0 I auditd : type=1400 audit(0.0:20327): avc: denied { kill } for comm="swapper/2" capability=5 scontext=u:r:kernel:s0 tcontext=u:r:kernel:s0 tclass=capability permissive=0
01-01 17:04:03.619 0 0 E DTC_ETH,link_delay_work_func: 3003, SQI=0, link=0
03-22 10:39:15.187 0 0 I auditd : type=1400 audit(0.0:20328): avc: denied { kill } for comm="swapper/2" capability=5 scontext=u:r:kernel:s0 tcontext=u:r:kernel:s0 tclass=capability permissive=0
03-22 10:39:16.191 0 0 I auditd : type=1400 audit(0.0:20329): avc: denied { kill } for comm="swapper/2" capability=5 scontext=u:r:kernel:s0 tcontext=u:r:kernel:s0 tclass=capability permissive=0
03-22 10:39:17.191 0 0 I auditd : type=1400 audit(0.0:20330): avc: denied { kill } for comm="swapper/2" capability=5 scontext=u:r:kernel:s0 tcontext=u:r:kernel:s0 tclass=capability permissive=0
01-01 17:04:06.791 0 0 E DTC_Display: screen not ready
01-01 17:04:06.791 0 0 E DTC_Display: Backlight abnormal: 0x7b
03-22 10:39:18.191 0 0 I auditd : type=1400 audit(0.0:20331): avc: denied { kill } for comm="swapper/2" capability=5 scontext=u:r:kernel:s0 tcontext=u:r:kernel:s0 tclass=capability permissive=0
03-22 10:39:19.187 0 0 I auditd : type=1400 audit(0.0:20332): avc: denied { kill } for comm="swapper/2" capability=5 scontext=u:r:kernel:s0 tcontext=u:r:kernel:s0 tclass=capability permissive=0
01-01 17:04:08.739 0 0 E DTC_ETH,link_delay_work_func: 3003, SQI=0, link=0
03-22 10:39:20.191 0 0 I auditd : type=1400 audit(0.0:20333): avc: denied { kill } for comm="swapper/2" capability=5 scontext=u:r:kernel:s0 tcontext=u:r:kernel:s0 tclass=capability permissive=0
03-22 10:39:21.187 0 0 I auditd : type=1400 audit(0.0:20334): avc: denied { kill } for comm="swapper/2" capability=5 scontext=u:r:kernel:s0 tcontext=u:r:kernel:s0 tclass=capability permissive=0
03-22 10:39:22.187 0 0 I auditd : type=1400 audit(0.0:20335): avc: denied { kill } for comm="swapper/2" capability=5 scontext=u:r:kernel:s0 tcontext=u:r:kernel:s0 tclass=capability permissive=0
03-22 10:39:23.191 0 0 I auditd : type=1400 audit(0.0:20336): avc: denied { kill } for comm="swapper/2" capability=5 scontext=u:r:kernel:s0 tcontext=u:r:kernel:s0 tclass=capability permissive=0
03-22 10:39:24.187 0 0 I auditd : type=1400 audit(0.0:20337): avc: denied { kill } for comm="swapper/2" capability=5 scontext=u:r:kernel:s0 tcontext=u:r:kernel:s0 tclass=capability permissive=0
01-01 17:04:13.859 0 0 E DTC_ETH,link_delay_work_func: 3003, SQI=0, link=0
03-22 10:39:25.187 0 0 I auditd : type=1400 audit(0.0:20338): avc: denied { kill } for comm="swapper/2" capability=5 scontext=u:r:kernel:s0 tcontext=u:r:kernel:s0 tclass=capability permissive=0
01-01 17:04:14.747 0 0 E DTC_Display: screen not ready
03-22 10:39:26.187 0 0 I auditd : type=1400 audit(0.0:20339): avc: denied { kill } for comm="swapper/2" capability=5 scontext=u:r:kernel:s0 tcontext=u:r:kernel:s0 tclass=capability permissive=0
03-22 10:39:28.191 0 0 I auditd : type=1400 audit(0.0:20340): avc: denied { kill } for comm="swapper/2" capability=5 scontext=u:r:kernel:s0 tcontext=u:r:kernel:s0 tclass=capability permissive=0
03-22 10:39:29.191 0 0 I auditd : type=1400 audit(0.0:20341): avc: denied { kill } for comm="swapper/2" capability=5 scontext=u:r:kernel:s0 tcontext=u:r:kernel:s0 tclass=capability permissive=0
01-01 17:04:18.979 0 0 E DTC_ETH,link_delay_work_func: 3003, SQI=0, link=0
03-22 10:39:30.187 0 0 I auditd : type=1400 audit(0.0:20342): avc: denied { kill } for comm="swapper/2" capability=5 scontext=u:r:kernel:s0 tcontext=u:r:kernel:s0 tclass=capability permissive=0
03-22 10:39:31.191 0 0 I auditd : type=1400 audit(0.0:20343): avc: denied { kill } for comm="swapper/2" capability=5 scontext=u:r:kernel:s0 tcontext=u:r:kernel:s0 tclass=capability permissive=0
03-22 10:39:32.187 0 0 I auditd : type=1400 audit(0.0:20344): avc: denied { kill } for comm="swapper/2" capability=5 scontext=u:r:kernel:s0 tcontext=u:r:kernel:s0 tclass=capability permissive=0
03-22 10:39:33.191 0 0 I auditd : type=1400 audit(0.0:20345): avc: denied { kill } for comm="swapper/2" capability=5 scontext=u:r:kernel:s0 tcontext=u:r:kernel:s0 tclass=capability permissive=0
01-01 17:04:22.479 0 0 E DTC_Display: screen not ready
03-22 10:39:34.187 0 0 I auditd : type=1400 audit(0.0:20346): avc: denied { kill } for comm="swapper/2" capability=5 scontext=u:r:kernel:s0 tcontext=u:r:kernel:s0 tclass=capability permissive=0
01-01 17:04:24.099 0 0 E DTC_ETH,link_delay_work_func: 3003, SQI=0, link=0
03-22 10:39:35.187 0 0 I auditd : type=1400 audit(0.0:20347): avc: denied { kill } for comm="swapper/2" capability=5 scontext=u:r:kernel:s0 tcontext=u:r:kernel:s0 tclass=capability permissive=0
01-01 17:04:24.758 0 0 I binder : 1512:1685 ioctl 400c620e 72e577c5d8 returned -22
03-22 10:39:35.660 1512 1685 I am_freeze: [29039,com.thundercomm.screensaver]
01-01 17:04:24.761 0 0 I binder : 1512:1685 ioctl c00c620f 72e577c5b8 returned -22
03-22 10:39:35.662 1512 1685 I am_kill : [0,29039,com.thundercomm.screensaver,925,Unable to freeze binder interface]
03-22 10:39:35.714 1512 2680 I am_proc_died: [0,29039,com.thundercomm.screensaver,925,19]
03-22 10:39:35.715 1512 2680 I am_uid_stopped: 10046
03-22 10:39:35.730 1512 1618 I am_pss : [1132,10102,com.tencent.qqmusic:QQPlayerService,69105664,26480640,51200,207982592,0,17,13]
03-22 10:39:36.187 0 0 I auditd : type=1400 audit(0.0:20348): avc: denied { kill } for comm="swapper/2" capability=5 scontext=u:r:kernel:s0 tcontext=u:r:kernel:s0 tclass=capability permissive=0
03-22 10:39:37.191 0 0 I auditd : type=1400 audit(0.0:20349): avc: denied { kill } for comm="swapper/2" capability=5 scontext=u:r:kernel:s0 tcontext=u:r:kernel:s0 tclass=capability permissive=0
03-22 10:39:38.187 0 0 I auditd : type=1400 audit(0.0:20350): avc: denied { kill } for comm="swapper/2" capability=5 scontext=u:r:kernel:s0 tcontext=u:r:kernel:s0 tclass=capability permissive=0
03-22 10:39:39.191 0 0 I auditd : type=1400 audit(0.0:20351): avc: denied { kill } for comm="swapper/2" capability=5 scontext=u:r:kernel:s0 tcontext=u:r:kernel:s0 tclass=capability permissive=0
01-01 17:04:29.219 0 0 E DTC_ETH,link_delay_work_func: 3003, SQI=0, link=0
03-22 10:39:40.187 0 0 I auditd : type=1400 audit(0.0:20352): avc: denied { kill } for comm="swapper/2" capability=5 scontext=u:r:kernel:s0 tcontext=u:r:kernel:s0 tclass=capability permissive=0
01-01 17:04:30.219 0 0 E DTC_Display: screen not ready
03-22 10:39:41.187 0 0 I auditd : type=1400 audit(0.0:20353): avc: denied { kill } for comm="swapper/2" capability=5 scontext=u:r:kernel:s0 tcontext=u:r:kernel:s0 tclass=capability permissive=0
03-22 10:39:43.187 0 0 I auditd : type=1400 audit(0.0:20354): avc: denied { kill } for comm="swapper/2" capability=5 scontext=u:r:kernel:s0 tcontext=u:r:kernel:s0 tclass=capability permissive=0
03-22 10:39:45.187 0 0 I auditd : type=1400 audit(0.0:20355): avc: denied { kill } for comm="swapper/2" capability=5 scontext=u:r:kernel:s0 tcontext=u:r:kernel:s0 tclass=capability permissive=0
01-01 17:04:34.339 0 0 E DTC_ETH,link_delay_work_func: 3003, SQI=0, link=0
03-22 10:39:46.191 0 0 I auditd : type=1400 audit(0.0:20356): avc: denied { kill } for comm="swapper/2" capability=5 scontext=u:r:kernel:s0 tcontext=u:r:kernel:s0 tclass=capability permissive=0
03-22 10:39:47.187 0 0 I auditd : type=1400 audit(0.0:20357): avc: denied { kill } for comm="swapper/2" capability=5 scontext=u:r:kernel:s0 tcontext=u:r:kernel:s0 tclass=capability permissive=0
03-22 10:39:48.191 0 0 I auditd : type=1400 audit(0.0:20358): avc: denied { kill } for comm="swapper/2" capability=5 scontext=u:r:kernel:s0 tcontext=u:r:kernel:s0 tclass=capability permissive=0
01-01 17:04:37.963 0 0 E DTC_Display: screen not ready
03-22 10:39:49.187 0 0 I auditd : type=1400 audit(0.0:20359): avc: denied { kill } for comm="swapper/2" capability=5 scontext=u:r:kernel:s0 tcontext=u:r:kernel:s0 tclass=capability permissive=0
03-22 10:39:50.191 0 0 I auditd : type=1400 audit(0.0:20360): avc: denied { kill } for comm="swapper/2" capability=5 scontext=u:r:kernel:s0 tcontext=u:r:kernel:s0 tclass=capability permissive=0
01-01 17:04:39.459 0 0 E DTC_ETH,link_delay_work_func: 3003, SQI=0, link=0
03-22 10:39:51.191 0 0 I auditd : type=1400 audit(0.0:20361): avc: denied { kill } for comm="swapper/2" capability=5 scontext=u:r:kernel:s0 tcontext=u:r:kernel:s0 tclass=capability permissive=0
03-22 10:39:52.191 0 0 I auditd : type=1400 audit(0.0:20362): avc: denied { kill } for comm="swapper/2" capability=5 scontext=u:r:kernel:s0 tcontext=u:r:kernel:s0 tclass=capability permissive=0
03-22 10:39:53.187 0 0 I auditd : type=1400 audit(0.0:20363): avc: denied { kill } for comm="swapper/2" capability=5 scontext=u:r:kernel:s0 tcontext=u:r:kernel:s0 tclass=capability permissive=0
03-22 10:39:54.187 0 0 I auditd : type=1400 audit(0.0:20364): avc: denied { kill } for comm="swapper/2" capability=5 scontext=u:r:kernel:s0 tcontext=u:r:kernel:s0 tclass=capability permissive=0
03-22 10:39:55.191 0 0 I auditd : type=1400 audit(0.0:20365): avc: denied { kill } for comm="swapper/2" capability=5 scontext=u:r:kernel:s0 tcontext=u:r:kernel:s0 tclass=capability permissive=0
01-01 17:04:44.579 0 0 E DTC_ETH,link_delay_work_func: 3003, SQI=0, link=0
03-22 10:39:56.187 0 0 I auditd : type=1400 audit(0.0:20366): avc: denied { kill } for comm="swapper/2" capability=5 scontext=u:r:kernel:s0 tcontext=u:r:kernel:s0 tclass=capability permissive=0
01-01 17:04:45.707 0 0 E DTC_Display: screen not ready
03-22 10:39:57.187 0 0 I auditd : type=1400 audit(0.0:20367): avc: denied { kill } for comm="swapper/2" capability=5 scontext=u:r:kernel:s0 tcontext=u:r:kernel:s0 tclass=capability permissive=0
03-22 10:39:58.191 0 0 I auditd : type=1400 audit(0.0:20368): avc: denied { kill } for comm="swapper/2" capability=5 scontext=u:r:kernel:s0 tcontext=u:r:kernel:s0 tclass=capability permissive=0
03-22 10:39:59.187 0 0 I auditd : type=1400 audit(0.0:20369): avc: denied { kill } for comm="swapper/2" capability=5 scontext=u:r:kernel:s0 tcontext=u:r:kernel:s0 tclass=capability permissive=0
03-22 10:40:00.187 0 0 I auditd : type=1400 audit(0.0:20370): avc: denied { kill } for comm="swapper/2" capability=5 scontext=u:r:kernel:s0 tcontext=u:r:kernel:s0 tclass=capability permissive=0
01-01 17:04:49.699 0 0 E DTC_ETH,link_delay_work_func: 3003, SQI=0, link=0
03-22 10:40:01.187 0 0 I auditd : type=1400 audit(0.0:20371): avc: denied { kill } for comm="swapper/2" capability=5 scontext=u:r:kernel:s0 tcontext=u:r:kernel:s0 tclass=capability permissive=0
03-22 10:40:02.187 0 0 I auditd : type=1400 audit(0.0:20372): avc: denied { kill } for comm="swapper/2" capability=5 scontext=u:r:kernel:s0 tcontext=u:r:kernel:s0 tclass=capability permissive=0
01-01 17:04:51.685 0 0 I msm_vidc: err : ffffffff: .....: DBLP Set: status 0
03-22 10:40:03.191 0 0 I auditd : type=1400 audit(0.0:20373): avc: denied { kill } for comm="swapper/2" capability=5 scontext=u:r:kernel:s0 tcontext=u:r:kernel:s0 tclass=capability permissive=0
03-22 10:40:04.187 0 0 I auditd : type=1400 audit(0.0:20374): avc: denied { kill } for comm="swapper/2" capability=5 scontext=u:r:kernel:s0 tcontext=u:r:kernel:s0 tclass=capability permissive=0
01-01 17:04:53.451 0 0 E DTC_Display: screen not ready
03-22 10:40:05.187 0 0 I auditd : type=1400 audit(0.0:20375): avc: denied { kill } for comm="swapper/2" capability=5 scontext=u:r:kernel:s0 tcontext=u:r:kernel:s0 tclass=capability permissive=0
01-01 17:04:54.819 0 0 E DTC_ETH,link_delay_work_func: 3003, SQI=0, link=0
03-22 10:40:06.191 0 0 I auditd : type=1400 audit(0.0:20376): avc: denied { kill } for comm="swapper/2" capability=5 scontext=u:r:kernel:s0 tcontext=u:r:kernel:s0 tclass=capability permissive=0
03-22 10:40:07.187 0 0 I auditd : type=1400 audit(0.0:20377): avc: denied { kill } for comm="swapper/2" capability=5 scontext=u:r:kernel:s0 tcontext=u:r:kernel:s0 tclass=capability permissive=0
03-22 10:40:08.191 0 0 I auditd : type=1400 audit(0.0:20378): avc: denied { kill } for comm="swapper/2" capability=5 scontext=u:r:kernel:s0 tcontext=u:r:kernel:s0 tclass=capability permissive=0
03-22 10:40:09.187 0 0 I auditd : type=1400 audit(0.0:20379): avc: denied { kill } for comm="swapper/2" capability=5 scontext=u:r:kernel:s0 tcontext=u:r:kernel:s0 tclass=capability permissive=0
03-22 10:40:10.187 0 0 I auditd : type=1400 audit(0.0:20380): avc: denied { kill } for comm="swapper/2" capability=5 scontext=u:r:kernel:s0 tcontext=u:r:kernel:s0 tclass=capability permissive=0
01-01 17:04:59.939 0 0 E DTC_ETH,link_delay_work_func: 3003, SQI=0, link=0
03-22 10:40:11.187 0 0 I auditd : type=1400 audit(0.0:20381): avc: denied { kill } for comm="swapper/2" capability=5 scontext=u:r:kernel:s0 tcontext=u:r:kernel:s0 tclass=capability permissive=0
01-01 17:05:01.195 0 0 E DTC_Display: screen not ready
03-22 10:40:12.191 0 0 I auditd : type=1400 audit(0.0:20382): avc: denied { kill } for comm="swapper/2" capability=5 scontext=u:r:kernel:s0 tcontext=u:r:kernel:s0 tclass=capability permissive=0
03-22 10:40:13.187 0 0 I auditd : type=1400 audit(0.0:20383): avc: denied { kill } for comm="swapper/2" capability=5 scontext=u:r:kernel:s0 tcontext=u:r:kernel:s0 tclass=capability permissive=0
03-22 10:40:14.187 0 0 I auditd : type=1400 audit(0.0:20384): avc: denied { kill } for comm="swapper/2" capability=5 scontext=u:r:kernel:s0 tcontext=u:r:kernel:s0 tclass=capability permissive=0
03-22 10:40:15.187 0 0 I auditd : type=1400 audit(0.0:20385): avc: denied { kill } for comm="swapper/2" capability=5 scontext=u:r:kernel:s0 tcontext=u:r:kernel:s0 tclass=capability permissive=0
01-01 17:05:05.059 0 0 E DTC_ETH,link_delay_work_func: 3003, SQI=0, link=0
03-22 10:40:16.187 0 0 I auditd : type=1400 audit(0.0:20386): avc: denied { kill } for comm="swapper/2" capability=5 scontext=u:r:kernel:s0 tcontext=u:r:kernel:s0 tclass=capability permissive=0
03-22 10:40:17.187 0 0 I auditd : type=1400 audit(0.0:20387): avc: denied { kill } for comm="swapper/2" capability=5 scontext=u:r:kernel:s0 tcontext=u:r:kernel:s0 tclass=capability permissive=0
03-22 10:40:18.187 0 0 I auditd : type=1400 audit(0.0:20388): avc: denied { kill } for comm="swapper/2" capability=5 scontext=u:r:kernel:s0 tcontext=u:r:kernel:s0 tclass=capability permissive=0
03-22 10:40:19.187 0 0 I auditd : type=1400 audit(0.0:20389): avc: denied { kill } for comm="swapper/2" capability=5 scontext=u:r:kernel:s0 tcontext=u:r:kernel:s0 tclass=capability permissive=0
01-01 17:05:08.939 0 0 E DTC_Display: screen not ready
03-22 10:40:20.187 0 0 I auditd : type=1400 audit(0.0:20390): avc: denied { kill } for comm="swapper/2" capability=5 scontext=u:r:kernel:s0 tcontext=u:r:kernel:s0 tclass=capability permissive=0
01-01 17:05:10.179 0 0 E DTC_ETH,link_delay_work_func: 3003, SQI=0, link=0
03-22 10:40:21.191 0 0 I auditd : type=1400 audit(0.0:20391): avc: denied { kill } for comm="swapper/2" capability=5 scontext=u:r:kernel:s0 tcontext=u:r:kernel:s0 tclass=capability permissive=0
03-22 10:40:22.191 0 0 I auditd : type=1400 audit(0.0:20392): avc: denied { kill } for comm="swapper/2" capability=5 scontext=u:r:kernel:s0 tcontext=u:r:kernel:s0 tclass=capability permissive=0
03-22 10:40:23.191 0 0 I auditd : type=1400 audit(0.0:20393): avc: denied { kill } for comm="swapper/2" capability=5 scontext=u:r:kernel:s0 tcontext=u:r:kernel:s0 tclass=capability permissive=0
03-22 10:40:24.191 0 0 I auditd : type=1400 audit(0.0:20394): avc: denied { kill } for comm="swapper/2" capability=5 scontext=u:r:kernel:s0 tcontext=u:r:kernel:s0 tclass=capability permissive=0
03-22 10:40:25.187 0 0 I auditd : type=1400 audit(0.0:20395): avc: denied { kill } for comm="swapper/2" capability=5 scontext=u:r:kernel:s0 tcontext=u:r:kernel:s0 tclass=capability permissive=0
03-22 10:40:26.191 0 0 I auditd : type=1400 audit(0.0:20396): avc: denied { kill } for comm="swapper/2" capability=5 scontext=u:r:kernel:s0 tcontext=u:r:kernel:s0 tclass=capability permissive=0
01-01 17:05:15.299 0 0 E DTC_ETH,link_delay_work_func: 3003, SQI=0, link=0
03-22 10:40:27.187 0 0 I auditd : type=1400 audit(0.0:20397): avc: denied { kill } for comm="swapper/2" capability=5 scontext=u:r:kernel:s0 tcontext=u:r:kernel:s0 tclass=capability permissive=0
01-01 17:05:16.683 0 0 E DTC_Display: screen not ready
03-22 10:40:28.187 0 0 I auditd : type=1400 audit(0.0:20398): avc: denied { kill } for comm="swapper/2" capability=5 scontext=u:r:kernel:s0 tcontext=u:r:kernel:s0 tclass=capability permissive=0
03-22 10:40:30.191 0 0 I auditd : type=1400 audit(0.0:20399): avc: denied { kill } for comm="swapper/2" capability=5 scontext=u:r:kernel:s0 tcontext=u:r:kernel:s0 tclass=capability permissive=0
03-22 10:40:31.191 0 0 I auditd : type=1400 audit(0.0:20400): avc: denied { kill } for comm="swapper/2" capability=5 scontext=u:r:kernel:s0 tcontext=u:r:kernel:s0 tclass=capability permissive=0
01-01 17:05:20.419 0 0 E DTC_ETH,link_delay_work_func: 3003, SQI=0, link=0
03-22 10:40:32.187 0 0 I auditd : type=1400 audit(0.0:20401): avc: denied { kill } for comm="swapper/2" capability=5 scontext=u:r:kernel:s0 tcontext=u:r:kernel:s0 tclass=capability permissive=0
03-22 10:40:33.191 0 0 I auditd : type=1400 audit(0.0:20402): avc: denied { kill } for comm="swapper/2" capability=5 scontext=u:r:kernel:s0 tcontext=u:r:kernel:s0 tclass=capability permissive=0
03-22 10:40:34.187 0 0 I auditd : type=1400 audit(0.0:20403): avc: denied { kill } for comm="swapper/2" capability=5 scontext=u:r:kernel:s0 tcontext=u:r:kernel:s0 tclass=capability permissive=0
03-22 10:40:35.191 0 0 I auditd : type=1400 audit(0.0:20404): avc: denied { kill } for comm="swapper/2" capability=5 scontext=u:r:kernel:s0 tcontext=u:r:kernel:s0 tclass=capability permissive=0
01-01 17:05:24.740 0 0 E DTC_Display: screen not ready
03-22 10:40:36.187 0 0 I auditd : type=1400 audit(0.0:20405): avc: denied { kill } for comm="swapper/2" capability=5 scontext=u:r:kernel:s0 tcontext=u:r:kernel:s0 tclass=capability permissive=0
01-01 17:05:25.539 0 0 E DTC_ETH,link_delay_work_func: 3003, SQI=0, link=0
03-22 10:40:37.191 0 0 I auditd : type=1400 audit(0.0:20406): avc: denied { kill } for comm="swapper/2" capability=5 scontext=u:r:kernel:s0 tcontext=u:r:kernel:s0 tclass=capability permissive=0
03-22 10:40:38.187 0 0 I auditd : type=1400 audit(0.0:20407): avc: denied { kill } for comm="swapper/2" capability=5 scontext=u:r:kernel:s0 tcontext=u:r:kernel:s0 tclass=capability permissive=0
03-22 10:40:39.191 0 0 I auditd : type=1400 audit(0.0:20408): avc: denied { kill } for comm="swapper/2" capability=5 scontext=u:r:kernel:s0 tcontext=u:r:kernel:s0 tclass=capability permissive=0
03-22 10:40:40.187 0 0 I auditd : type=1400 audit(0.0:20409): avc: denied { kill } for comm="swapper/2" capability=5 scontext=u:r:kernel:s0 tcontext=u:r:kernel:s0 tclass=capability permissive=0
03-22 10:40:41.187 0 0 I auditd : type=1400 audit(0.0:20410): avc: denied { kill } for comm="swapper/2" capability=5 scontext=u:r:kernel:s0 tcontext=u:r:kernel:s0 tclass=capability permissive=0
01-01 17:05:30.659 0 0 E DTC_ETH,link_delay_work_func: 3003, SQI=0, link=0
03-22 10:40:43.191 0 0 I auditd : type=1400 audit(0.0:20411): avc: denied { kill } for comm="swapper/2" capability=5 scontext=u:r:kernel:s0 tcontext=u:r:kernel:s0 tclass=capability permissive=0
01-01 17:05:32.804 0 0 E DTC_Display: screen not ready
03-22 10:40:44.187 0 0 I auditd : type=1400 audit(0.0:20412): avc: denied { kill } for comm="swapper/2" capability=5 scontext=u:r:kernel:s0 tcontext=u:r:kernel:s0 tclass=capability permissive=0
03-22 10:40:45.187 0 0 I auditd : type=1400 audit(0.0:20413): avc: denied { kill } for comm="swapper/2" capability=5 scontext=u:r:kernel:s0 tcontext=u:r:kernel:s0 tclass=capability permissive=0
03-22 10:40:46.187 0 0 I auditd : type=1400 audit(0.0:20414): avc: denied { kill } for comm="swapper/2" capability=5 scontext=u:r:kernel:s0 tcontext=u:r:kernel:s0 tclass=capability permissive=0
01-01 17:05:35.779 0 0 E DTC_ETH,link_delay_work_func: 3003, SQI=0, link=0
03-22 10:40:47.187 0 0 I auditd : type=1400 audit(0.0:20415): avc: denied { kill } for comm="swapper/2" capability=5 scontext=u:r:kernel:s0 tcontext=u:r:kernel:s0 tclass=capability permissive=0
03-22 10:40:48.191 0 0 I auditd : type=1400 audit(0.0:20416): avc: denied { kill } for comm="swapper/2" capability=5 scontext=u:r:kernel:s0 tcontext=u:r:kernel:s0 tclass=capability permissive=0
03-22 10:40:49.187 0 0 I auditd : type=1400 audit(0.0:20417): avc: denied { kill } for comm="swapper/2" capability=5 scontext=u:r:kernel:s0 tcontext=u:r:kernel:s0 tclass=capability permissive=0
03-22 10:40:50.187 0 0 I auditd : type=1400 audit(0.0:20418): avc: denied { kill } for comm="swapper/2" capability=5 scontext=u:r:kernel:s0 tcontext=u:r:kernel:s0 tclass=capability permissive=0
03-22 10:40:51.191 0 0 I auditd : type=1400 audit(0.0:20419): avc: denied { kill } for comm="swapper/2" capability=5 scontext=u:r:kernel:s0 tcontext=u:r:kernel:s0 tclass=capability permissive=0
01-01 17:05:40.867 0 0 E DTC_Display: screen not ready
01-01 17:05:40.899 0 0 E DTC_ETH,link_delay_work_func: 3003, SQI=0, link=0
03-22 10:40:52.187 0 0 I auditd : type=1400 audit(0.0:20420): avc: denied { kill } for comm="swapper/2" capability=5 scontext=u:r:kernel:s0 tcontext=u:r:kernel:s0 tclass=capability permissive=0
03-22 10:40:53.187 0 0 I auditd : type=1400 audit(0.0:20421): avc: denied { kill } for comm="swapper/2" capability=5 scontext=u:r:kernel:s0 tcontext=u:r:kernel:s0 tclass=capability permissive=0
03-22 10:40:54.187 0 0 I auditd : type=1400 audit(0.0:20422): avc: denied { kill } for comm="swapper/2" capability=5 scontext=u:r:kernel:s0 tcontext=u:r:kernel:s0 tclass=capability permissive=0
03-22 10:40:55.191 0 0 I auditd : type=1400 audit(0.0:20423): avc: denied { kill } for comm="swapper/2" capability=5 scontext=u:r:kernel:s0 tcontext=u:r:kernel:s0 tclass=capability permissive=0
03-22 10:40:56.187 0 0 I auditd : type=1400 audit(0.0:20424): avc: denied { kill } for comm="swapper/2" capability=5 scontext=u:r:kernel:s0 tcontext=u:r:kernel:s0 tclass=capability permissive=0
01-01 17:05:46.019 0 0 E DTC_ETH,link_delay_work_func: 3003, SQI=0, link=0
03-22 10:40:57.191 0 0 I auditd : type=1400 audit(0.0:20425): avc: denied { kill } for comm="swapper/2" capability=5 scontext=u:r:kernel:s0 tcontext=u:r:kernel:s0 tclass=capability permissive=0
03-22 10:40:58.191 0 0 I auditd : type=1400 audit(0.0:20426): avc: denied { kill } for comm="swapper/2" capability=5 scontext=u:r:kernel:s0 tcontext=u:r:kernel:s0 tclass=capability permissive=0
03-22 10:40:59.191 0 0 I auditd : type=1400 audit(0.0:20427): avc: denied { kill } for comm="swapper/2" capability=5 scontext=u:r:kernel:s0 tcontext=u:r:kernel:s0 tclass=capability permissive=0
01-01 17:05:48.932 0 0 E DTC_Display: screen not ready
03-22 10:41:00.191 0 0 I auditd : type=1400 audit(0.0:20428): avc: denied { kill } for comm="swapper/2" capability=5 scontext=u:r:kernel:s0 tcontext=u:r:kernel:s0 tclass=capability permissive=0
03-22 10:41:00.963 22192 22192 I auditd : type=1400 audit(0.0:20429): avc: granted { nlmsg_readpriv } for comm="tmesec-report" scontext=u:r:untrusted_app_29:s0:c102,c256,c512,c768 tcontext=u:r:untrusted_app_29:s0:c102,c256,c512,c768 tclass=netlink_route_socket app=com.tencent.qqmusic
03-22 10:41:00.991 22192 22192 I auditd : type=1400 audit(0.0:20430): avc: denied { read } for comm="tmesec-report" name="u:object_r:oem_unlock_prop:s0" dev="tmpfs" ino=11544 scontext=u:r:untrusted_app_29:s0:c102,c256,c512,c768 tcontext=u:object_r:oem_unlock_prop:s0 tclass=file permissive=0 app=com.tencent.qqmusic
01-01 17:05:51.139 0 0 E DTC_ETH,link_delay_work_func: 3003, SQI=0, link=0
03-22 10:41:02.187 0 0 I auditd : type=1400 audit(0.0:20431): avc: denied { kill } for comm="swapper/0" capability=5 scontext=u:r:kernel:s0 tcontext=u:r:kernel:s0 tclass=capability permissive=0
01-01 17:05:51.685 0 0 I msm_vidc: err : ffffffff: .....: DBLP Set: status 0
03-22 10:41:03.187 0 0 I auditd : type=1400 audit(0.0:20432): avc: denied { kill } for comm="swapper/0" capability=5 scontext=u:r:kernel:s0 tcontext=u:r:kernel:s0 tclass=capability permissive=0
03-22 10:41:04.191 0 0 I auditd : type=1400 audit(0.0:20433): avc: denied { kill } for comm="swapper/0" capability=5 scontext=u:r:kernel:s0 tcontext=u:r:kernel:s0 tclass=capability permissive=0
03-22 10:41:05.187 0 0 I auditd : type=1400 audit(0.0:20434): avc: denied { kill } for comm="swapper/0" capability=5 scontext=u:r:kernel:s0 tcontext=u:r:kernel:s0 tclass=capability permissive=0
03-22 10:41:06.191 2155 2155 I auditd : type=1400 audit(0.0:20435): avc: denied { kill } for comm="kworker/u16:11" capability=5 scontext=u:r:kernel:s0 tcontext=u:r:kernel:s0 tclass=capability permissive=0
01-01 17:05:56.259 0 0 E DTC_ETH,link_delay_work_func: 3003, SQI=0, link=0
03-22 10:41:07.191 0 0 I auditd : type=1400 audit(0.0:20436): avc: denied { kill } for comm="swapper/0" capability=5 scontext=u:r:kernel:s0 tcontext=u:r:kernel:s0 tclass=capability permissive=0
01-01 17:05:56.891 0 0 E DTC_Display: screen not ready
03-22 10:41:08.191 0 0 I auditd : type=1400 audit(0.0:20437): avc: denied { kill } for comm="swapper/0" capability=5 scontext=u:r:kernel:s0 tcontext=u:r:kernel:s0 tclass=capability permissive=0
03-22 10:41:09.191 0 0 I auditd : type=1400 audit(0.0:20438): avc: denied { kill } for comm="swapper/0" capability=5 scontext=u:r:kernel:s0 tcontext=u:r:kernel:s0 tclass=capability permissive=0
03-22 10:41:10.191 0 0 I auditd : type=1400 audit(0.0:20439): avc: denied { kill } for comm="swapper/0" capability=5 scontext=u:r:kernel:s0 tcontext=u:r:kernel:s0 tclass=capability permissive=0
03-22 10:41:11.187 0 0 I auditd : type=1400 audit(0.0:20440): avc: denied { kill } for comm="swapper/0" capability=5 scontext=u:r:kernel:s0 tcontext=u:r:kernel:s0 tclass=capability permissive=0
03-22 10:41:12.187 0 0 I auditd : type=1400 audit(0.0:20441): avc: denied { kill } for comm="swapper/0" capability=5 scontext=u:r:kernel:s0 tcontext=u:r:kernel:s0 tclass=capability permissive=0
01-01 17:06:01.379 0 0 E DTC_ETH,link_delay_work_func: 3003, SQI=0, link=0
03-22 10:41:13.187 0 0 I auditd : type=1400 audit(0.0:20442): avc: denied { kill } for comm="swapper/0" capability=5 scontext=u:r:kernel:s0 tcontext=u:r:kernel:s0 tclass=capability permissive=0
03-22 10:41:14.191 0 0 I auditd : type=1400 audit(0.0:20443): avc: denied { kill } for comm="swapper/0" capability=5 scontext=u:r:kernel:s0 tcontext=u:r:kernel:s0 tclass=capability permissive=0
03-22 10:41:15.191 0 0 I auditd : type=1400 audit(0.0:20444): avc: denied { kill } for comm="swapper/0" capability=5 scontext=u:r:kernel:s0 tcontext=u:r:kernel:s0 tclass=capability permissive=0
01-01 17:06:04.619 0 0 E DTC_Display: screen not ready
03-22 10:41:16.187 0 0 I auditd : type=1400 audit(0.0:20445): avc: denied { kill } for comm="swapper/0" capability=5 scontext=u:r:kernel:s0 tcontext=u:r:kernel:s0 tclass=capability permissive=0
03-22 10:41:17.011 570 570 I auditd : type=1400 audit(0.0:20446): avc: denied { read } for comm="Binder:570_2" name="wakeup58" dev="sysfs" ino=72355 scontext=u:r:system_suspend:s0 tcontext=u:object_r:sysfs:s0 tclass=dir permissive=0
03-22 10:41:17.015 570 570 I auditd : type=1400 audit(0.0:20447): avc: denied { read } for comm="Binder:570_2" name="wakeup48" dev="sysfs" ino=68019 scontext=u:r:system_suspend:s0 tcontext=u:object_r:sysfs:s0 tclass=dir permissive=0
03-22 10:41:17.015 570 570 I auditd : type=1400 audit(0.0:20448): avc: denied { read } for comm="Binder:570_2" name="wakeup4" dev="sysfs" ino=47037 scontext=u:r:system_suspend:s0 tcontext=u:object_r:sysfs:s0 tclass=dir permissive=0
03-22 10:41:17.015 570 570 I auditd : type=1400 audit(0.0:20449): avc: denied { read } for comm="Binder:570_2" name="wakeup76" dev="sysfs" ino=77323 scontext=u:r:system_suspend:s0 tcontext=u:object_r:sysfs:s0 tclass=dir permissive=0
03-22 10:41:17.015 570 570 I auditd : type=1400 audit(0.0:20450): avc: denied { read } for comm="Binder:570_2" name="wakeup28" dev="sysfs" ino=53242 scontext=u:r:system_suspend:s0 tcontext=u:object_r:sysfs:s0 tclass=dir permissive=0
03-22 10:41:17.015 570 570 I auditd : type=1400 audit(0.0:20451): avc: denied { read } for comm="Binder:570_2" name="wakeup56" dev="sysfs" ino=72283 scontext=u:r:system_suspend:s0 tcontext=u:object_r:sysfs:s0 tclass=dir permissive=0
03-22 10:41:17.019 570 570 I auditd : type=1400 audit(0.0:20452): avc: denied { read } for comm="Binder:570_2" name="wakeup2" dev="sysfs" ino=46561 scontext=u:r:system_suspend:s0 tcontext=u:object_r:sysfs:s0 tclass=dir permissive=0
01-01 17:06:06.124 0 0 W audit : audit_lost=4399 audit_rate_limit=5 audit_backlog_limit=64
01-01 17:06:06.124 0 0 E audit : rate limit exceeded
03-22 10:41:17.058 1512 1618 I commit_sys_config_file: [batterystats,5]
03-22 10:41:17.059 1512 1618 I commit_sys_config_file: [batterystats,1]
01-01 17:06:06.499 0 0 E DTC_ETH,link_delay_work_func: 3003, SQI=0, link=0
03-22 10:41:18.191 0 0 I auditd : type=1400 audit(0.0:20496): avc: denied { kill } for comm="swapper/0" capability=5 scontext=u:r:kernel:s0 tcontext=u:r:kernel:s0 tclass=capability permissive=0
03-22 10:41:19.187 0 0 I auditd : type=1400 audit(0.0:20497): avc: denied { kill } for comm="swapper/0" capability=5 scontext=u:r:kernel:s0 tcontext=u:r:kernel:s0 tclass=capability permissive=0
03-22 10:41:20.187 0 0 I auditd : type=1400 audit(0.0:20498): avc: denied { kill } for comm="swapper/0" capability=5 scontext=u:r:kernel:s0 tcontext=u:r:kernel:s0 tclass=capability permissive=0
03-22 10:41:21.187 0 0 I auditd : type=1400 audit(0.0:20499): avc: denied { kill } for comm="swapper/0" capability=5 scontext=u:r:kernel:s0 tcontext=u:r:kernel:s0 tclass=capability permissive=0
03-22 10:41:22.191 0 0 I auditd : type=1400 audit(0.0:20500): avc: denied { kill } for comm="swapper/0" capability=5 scontext=u:r:kernel:s0 tcontext=u:r:kernel:s0 tclass=capability permissive=0
01-01 17:06:11.619 0 0 E DTC_ETH,link_delay_work_func: 3003, SQI=0, link=0
03-22 10:41:23.187 0 0 I auditd : type=1400 audit(0.0:20501): avc: denied { kill } for comm="swapper/0" capability=5 scontext=u:r:kernel:s0 tcontext=u:r:kernel:s0 tclass=capability permissive=0
01-01 17:06:12.364 0 0 E DTC_Display: screen not ready
03-22 10:41:24.187 0 0 I auditd : type=1400 audit(0.0:20502): avc: denied { kill } for comm="swapper/0" capability=5 scontext=u:r:kernel:s0 tcontext=u:r:kernel:s0 tclass=capability permissive=0
03-22 10:41:25.191 0 0 I auditd : type=1400 audit(0.0:20503): avc: denied { kill } for comm="swapper/0" capability=5 scontext=u:r:kernel:s0 tcontext=u:r:kernel:s0 tclass=capability permissive=0
03-22 10:41:25.297 1512 1512 I sysui_multi_action: [757,803,799,note_enqueued,802,630]
03-22 10:41:25.297 1512 1512 I sysui_multi_action: [757,803,799,note_post,802,282]
03-22 10:41:25.298 1512 1512 I sysui_multi_action: [757,803,799,note_update,802,345]
03-22 10:41:25.298 1512 1512 I sysui_multi_action: [757,803,799,note_remove,802,31]
03-22 10:41:25.298 1512 1512 I sysui_multi_action: [757,803,799,people_cache_hit,802,10669]
03-22 10:41:25.298 1512 1512 I sysui_multi_action: [757,803,799,note_with_actions,802,84]
03-22 10:41:25.298 1512 1512 I sysui_multi_action: [757,803,799,note_private,802,587]
03-22 10:41:25.298 1512 1512 I sysui_multi_action: [757,803,799,note_big_pic,802,2]
03-22 10:41:25.299 1512 1512 I sysui_multi_action: [757,803,799,note_fg,802,91]
03-22 10:41:25.299 1512 1512 I sysui_multi_action: [757,803,799,note_ongoing,802,42]
03-22 10:41:25.299 1512 1512 I sysui_multi_action: [757,803,799,note_auto,802,11]
03-22 10:41:25.299 1512 1512 I sysui_multi_action: [757,803,799,note_large_icon,802,328]
03-22 10:41:25.299 1512 1512 I sysui_multi_action: [757,803,799,note_media,802,76]
03-22 10:41:25.299 1512 1512 I sysui_multi_action: [757,803,799,note_title,802,386]
03-22 10:41:25.299 1512 1512 I sysui_multi_action: [757,803,799,note_text,802,381]
03-22 10:41:25.300 1512 1512 I sysui_multi_action: [757,803,799,note_over_quota,802,6]
03-22 10:41:25.300 1512 1512 I sysui_multi_action: [757,803,799,note_imp_noisy_default,802,477]
03-22 10:41:25.300 1512 1512 I sysui_multi_action: [757,803,799,note_imp_quiet_default,802,55]
03-22 10:41:25.300 1512 1512 I sysui_multi_action: [757,803,799,note_imp_quiet_high,802,95]
03-22 10:41:25.300 1512 1512 I sysui_multi_action: [757,803,799,note_importance_min,802,3]
03-22 10:41:25.300 1512 1512 I sysui_multi_action: [757,803,799,note_importance_low,802,77]
03-22 10:41:25.300 1512 1512 I sysui_multi_action: [757,803,799,note_importance_default,802,541]
03-22 10:41:25.301 1512 1512 I sysui_multi_action: [757,803,799,note_importance_high,802,6]
03-22 10:41:26.191 0 0 I auditd : type=1400 audit(0.0:20504): avc: denied { kill } for comm="swapper/0" capability=5 scontext=u:r:kernel:s0 tcontext=u:r:kernel:s0 tclass=capability permissive=0
03-22 10:41:27.187 0 0 I auditd : type=1400 audit(0.0:20505): avc: denied { kill } for comm="swapper/0" capability=5 scontext=u:r:kernel:s0 tcontext=u:r:kernel:s0 tclass=capability permissive=0
01-01 17:06:16.739 0 0 E DTC_ETH,link_delay_work_func: 3003, SQI=0, link=0
03-22 10:41:28.187 0 0 I auditd : type=1400 audit(0.0:20506): avc: denied { kill } for comm="swapper/0" capability=5 scontext=u:r:kernel:s0 tcontext=u:r:kernel:s0 tclass=capability permissive=0
03-22 10:41:29.191 0 0 I auditd : type=1400 audit(0.0:20507): avc: denied { kill } for comm="swapper/0" capability=5 scontext=u:r:kernel:s0 tcontext=u:r:kernel:s0 tclass=capability permissive=0
03-22 10:41:30.191 0 0 I auditd : type=1400 audit(0.0:20508): avc: denied { kill } for comm="swapper/0" capability=5 scontext=u:r:kernel:s0 tcontext=u:r:kernel:s0 tclass=capability permissive=0
03-22 10:41:31.191 0 0 I auditd : type=1400 audit(0.0:20509): avc: denied { kill } for comm="swapper/0" capability=5 scontext=u:r:kernel:s0 tcontext=u:r:kernel:s0 tclass=capability permissive=0
01-01 17:06:20.419 0 0 E DTC_Display: screen not ready
03-22 10:41:32.187 0 0 I auditd : type=1400 audit(0.0:20510): avc: denied { kill } for comm="swapper/0" capability=5 scontext=u:r:kernel:s0 tcontext=u:r:kernel:s0 tclass=capability permissive=0
01-01 17:06:21.859 0 0 E DTC_ETH,link_delay_work_func: 3003, SQI=0, link=0
03-22 10:41:33.191 0 0 I auditd : type=1400 audit(0.0:20511): avc: denied { kill } for comm="swapper/0" capability=5 scontext=u:r:kernel:s0 tcontext=u:r:kernel:s0 tclass=capability permissive=0
03-22 10:41:34.187 0 0 I auditd : type=1400 audit(0.0:20512): avc: denied { kill } for comm="swapper/0" capability=5 scontext=u:r:kernel:s0 tcontext=u:r:kernel:s0 tclass=capability permissive=0
03-22 10:41:35.191 0 0 I auditd : type=1400 audit(0.0:20513): avc: denied { kill } for comm="swapper/0" capability=5 scontext=u:r:kernel:s0 tcontext=u:r:kernel:s0 tclass=capability permissive=0
03-22 10:41:37.187 0 0 I auditd : type=1400 audit(0.0:20514): avc: denied { kill } for comm="swapper/0" capability=5 scontext=u:r:kernel:s0 tcontext=u:r:kernel:s0 tclass=capability permissive=0
01-01 17:06:26.347 0 0 I init : Untracked pid 3861 exited with status 0
03-22 10:41:37.347 22192 22192 I auditd : type=1400 audit(0.0:20515): avc: denied { search } for comm="Thread-3" name="asound" dev="proc" ino=4026532151 scontext=u:r:untrusted_app_29:s0:c102,c256,c512,c768 tcontext=u:object_r:proc_asound:s0 tclass=dir permissive=0 app=com.tencent.qqmusic
03-22 10:41:37.391 22192 22192 I auditd : type=1400 audit(0.0:20516): avc: denied { search } for comm="Thread-3" name="asound" dev="proc" ino=4026532151 scontext=u:r:untrusted_app_29:s0:c102,c256,c512,c768 tcontext=u:object_r:proc_asound:s0 tclass=dir permissive=0 app=com.tencent.qqmusic
03-22 10:41:37.467 22192 22192 I auditd : type=1400 audit(0.0:20517): avc: denied { read } for comm="Thread-3" name="tcp" dev="proc" ino=4026532265 scontext=u:r:untrusted_app_29:s0:c102,c256,c512,c768 tcontext=u:object_r:proc_net_tcp_udp:s0 tclass=file permissive=0 app=com.tencent.qqmusic
01-01 17:06:26.979 0 0 E DTC_ETH,link_delay_work_func: 3003, SQI=0, link=0
03-22 10:41:38.187 0 0 I auditd : type=1400 audit(0.0:20518): avc: denied { kill } for comm="swapper/0" capability=5 scontext=u:r:kernel:s0 tcontext=u:r:kernel:s0 tclass=capability permissive=0
03-22 10:41:38.243 22192 22192 I auditd : type=1400 audit(0.0:20519): avc: denied { read } for comm="Thread-3" name="misc" dev="proc" ino=4026531991 scontext=u:r:untrusted_app_29:s0:c102,c256,c512,c768 tcontext=u:object_r:proc_misc:s0 tclass=file permissive=0 app=com.tencent.qqmusic
03-22 10:41:38.399 3871 3871 I auditd : type=1400 audit(0.0:20520): avc: denied { read } for comm="ls" name="/" dev="dm-5" ino=2 scontext=u:r:system_app:s0 tcontext=u:object_r:rootfs:s0 tclass=dir permissive=0
03-22 10:41:38.443 3874 3874 I auditd : type=1400 audit(0.0:20521): avc: denied { read } for comm="ls" name="/" dev="dm-5" ino=2 scontext=u:r:system_app:s0 tcontext=u:object_r:rootfs:s0 tclass=dir permissive=0
03-22 10:41:39.187 0 0 I auditd : type=1400 audit(0.0:20522): avc: denied { kill } for comm="swapper/0" capability=5 scontext=u:r:kernel:s0 tcontext=u:r:kernel:s0 tclass=capability permissive=0
01-01 17:06:28.483 0 0 E DTC_Display: screen not ready
03-22 10:41:40.191 0 0 I auditd : type=1400 audit(0.0:20523): avc: denied { kill } for comm="swapper/0" capability=5 scontext=u:r:kernel:s0 tcontext=u:r:kernel:s0 tclass=capability permissive=0
03-22 10:41:41.187 0 0 I auditd : type=1400 audit(0.0:20524): avc: denied { kill } for comm="swapper/0" capability=5 scontext=u:r:kernel:s0 tcontext=u:r:kernel:s0 tclass=capability permissive=0
03-22 10:41:42.191 0 0 I auditd : type=1400 audit(0.0:20525): avc: denied { kill } for comm="swapper/0" capability=5 scontext=u:r:kernel:s0 tcontext=u:r:kernel:s0 tclass=capability permissive=0
01-01 17:06:32.099 0 0 E DTC_ETH,link_delay_work_func: 3003, SQI=0, link=0
03-22 10:41:43.187 0 0 I auditd : type=1400 audit(0.0:20526): avc: denied { kill } for comm="swapper/0" capability=5 scontext=u:r:kernel:s0 tcontext=u:r:kernel:s0 tclass=capability permissive=0
03-22 10:41:44.187 0 0 I auditd : type=1400 audit(0.0:20527): avc: denied { kill } for comm="swapper/0" capability=5 scontext=u:r:kernel:s0 tcontext=u:r:kernel:s0 tclass=capability permissive=0
03-22 10:41:45.187 0 0 I auditd : type=1400 audit(0.0:20528): avc: denied { kill } for comm="swapper/0" capability=5 scontext=u:r:kernel:s0 tcontext=u:r:kernel:s0 tclass=capability permissive=0
03-22 10:41:45.872 1512 1685 I am_freeze: [27356,com.thundersoft.notificationtest1]
01-01 17:06:34.970 0 0 I binder : 1512:1685 ioctl 400c620e 72e577c5d8 returned -22
01-01 17:06:34.973 0 0 I binder : 1512:1685 ioctl c00c620f 72e577c5b8 returned -22
03-22 10:41:45.873 1512 1685 I am_kill : [0,27356,com.thundersoft.notificationtest1,900,Unable to freeze binder interface]
03-22 10:41:45.909 1512 1546 I am_proc_died: [0,27356,com.thundersoft.notificationtest1,900,16]
03-22 10:41:45.913 1512 1546 I am_uid_stopped: 10104
03-22 10:41:45.918 1512 1610 I am_uid_running: 10104
03-22 10:41:45.920 1512 1610 I am_uid_running: 10030
03-22 10:41:45.934 1512 1620 I am_proc_start: [0,3904,10104,com.thundersoft.notificationtest1,NULL,]
03-22 10:41:45.948 1512 1620 I am_proc_start: [0,3905,10030,com.android.documentsui,NULL,]
01-01 17:06:35.074 0 0 I binder : 3905:3905 ioctl 40046210 7fff294234 returned -22
03-22 10:41:45.980 1512 1546 I am_proc_bound: [0,3905,com.android.documentsui]
01-01 17:06:35.082 0 0 I binder : 3904:3904 ioctl 40046210 7fff293b54 returned -22
03-22 10:41:45.990 1512 2909 I am_proc_bound: [0,3904,com.thundersoft.notificationtest1]
03-22 10:41:46.187 0 0 I auditd : type=1400 audit(0.0:20529): avc: denied { kill } for comm="swapper/0" capability=5 scontext=u:r:kernel:s0 tcontext=u:r:kernel:s0 tclass=capability permissive=0
03-22 10:41:47.187 0 0 I auditd : type=1400 audit(0.0:20530): avc: denied { kill } for comm="swapper/0" capability=5 scontext=u:r:kernel:s0 tcontext=u:r:kernel:s0 tclass=capability permissive=0
01-01 17:06:36.547 0 0 E DTC_Display: Abnormal voltage: 0mV
01-01 17:06:36.547 0 0 E DTC_Display: screen not ready
01-01 17:06:37.219 0 0 E DTC_ETH,link_delay_work_func: 3003, SQI=0, link=0
03-22 10:41:48.191 0 0 I auditd : type=1400 audit(0.0:20531): avc: denied { kill } for comm="swapper/0" capability=5 scontext=u:r:kernel:s0 tcontext=u:r:kernel:s0 tclass=capability permissive=0
01-01 17:06:37.573 0 0 I msm_vidc: err : ffffffff: .....: DBLP Set: status 0
03-22 10:41:49.187 0 0 I auditd : type=1400 audit(0.0:20532): avc: denied { kill } for comm="swapper/0" capability=5 scontext=u:r:kernel:s0 tcontext=u:r:kernel:s0 tclass=capability permissive=0
03-22 10:41:50.187 0 0 I auditd : type=1400 audit(0.0:20533): avc: denied { kill } for comm="swapper/0" capability=5 scontext=u:r:kernel:s0 tcontext=u:r:kernel:s0 tclass=capability permissive=0
03-22 10:41:51.187 0 0 I auditd : type=1400 audit(0.0:20534): avc: denied { kill } for comm="swapper/0" capability=5 scontext=u:r:kernel:s0 tcontext=u:r:kernel:s0 tclass=capability permissive=0
03-22 10:41:52.187 0 0 I auditd : type=1400 audit(0.0:20535): avc: denied { kill } for comm="swapper/0" capability=5 scontext=u:r:kernel:s0 tcontext=u:r:kernel:s0 tclass=capability permissive=0
03-22 10:41:53.187 0 0 I auditd : type=1400 audit(0.0:20536): avc: denied { kill } for comm="swapper/0" capability=5 scontext=u:r:kernel:s0 tcontext=u:r:kernel:s0 tclass=capability permissive=0
01-01 17:06:42.339 0 0 E DTC_ETH,link_delay_work_func: 3003, SQI=0, link=0
03-22 10:41:54.187 0 0 I auditd : type=1400 audit(0.0:20537): avc: denied { kill } for comm="swapper/0" capability=5 scontext=u:r:kernel:s0 tcontext=u:r:kernel:s0 tclass=capability permissive=0
03-22 10:41:55.187 0 0 I auditd : type=1400 audit(0.0:20538): avc: denied { kill } for comm="swapper/0" capability=5 scontext=u:r:kernel:s0 tcontext=u:r:kernel:s0 tclass=capability permissive=0
01-01 17:06:44.404 0 0 E DTC_Display: screen not ready
03-22 10:41:56.187 24509 24509 I auditd : type=1400 audit(0.0:20539): avc: denied { kill } for comm="kworker/u16:5" capability=5 scontext=u:r:kernel:s0 tcontext=u:r:kernel:s0 tclass=capability permissive=0
03-22 10:41:57.187 0 0 I auditd : type=1400 audit(0.0:20540): avc: denied { kill } for comm="swapper/0" capability=5 scontext=u:r:kernel:s0 tcontext=u:r:kernel:s0 tclass=capability permissive=0
03-22 10:41:58.191 0 0 I auditd : type=1400 audit(0.0:20541): avc: denied { kill } for comm="swapper/0" capability=5 scontext=u:r:kernel:s0 tcontext=u:r:kernel:s0 tclass=capability permissive=0
01-01 17:06:47.459 0 0 E DTC_ETH,link_delay_work_func: 3003, SQI=0, link=0
03-22 10:41:59.187 0 0 I auditd : type=1400 audit(0.0:20542): avc: denied { kill } for comm="swapper/0" capability=5 scontext=u:r:kernel:s0 tcontext=u:r:kernel:s0 tclass=capability permissive=0
03-22 10:42:00.187 0 0 I auditd : type=1400 audit(0.0:20543): avc: denied { kill } for comm="swapper/0" capability=5 scontext=u:r:kernel:s0 tcontext=u:r:kernel:s0 tclass=capability permissive=0
03-22 10:42:02.191 0 0 I auditd : type=1400 audit(0.0:20544): avc: denied { kill } for comm="swapper/0" capability=5 scontext=u:r:kernel:s0 tcontext=u:r:kernel:s0 tclass=capability permissive=0
01-01 17:06:51.685 0 0 I msm_vidc: err : ffffffff: .....: DBLP Set: status 0
03-22 10:42:03.191 0 0 I auditd : type=1400 audit(0.0:20545): avc: denied { kill } for comm="swapper/0" capability=5 scontext=u:r:kernel:s0 tcontext=u:r:kernel:s0 tclass=capability permissive=0
01-01 17:06:52.347 0 0 E DTC_Display: screen not ready
01-01 17:06:52.579 0 0 E DTC_ETH,link_delay_work_func: 3003, SQI=0, link=0
03-22 10:42:04.191 0 0 I auditd : type=1400 audit(0.0:20546): avc: denied { kill } for comm="swapper/0" capability=5 scontext=u:r:kernel:s0 tcontext=u:r:kernel:s0 tclass=capability permissive=0
03-22 10:42:05.191 0 0 I auditd : type=1400 audit(0.0:20547): avc: denied { kill } for comm="swapper/0" capability=5 scontext=u:r:kernel:s0 tcontext=u:r:kernel:s0 tclass=capability permissive=0
03-22 10:42:06.187 0 0 I auditd : type=1400 audit(0.0:20548): avc: denied { kill } for comm="swapper/0" capability=5 scontext=u:r:kernel:s0 tcontext=u:r:kernel:s0 tclass=capability permissive=0
03-22 10:42:07.191 0 0 I auditd : type=1400 audit(0.0:20549): avc: denied { kill } for comm="swapper/0" capability=5 scontext=u:r:kernel:s0 tcontext=u:r:kernel:s0 tclass=capability permissive=0
03-22 10:42:08.187 0 0 I auditd : type=1400 audit(0.0:20550): avc: denied { kill } for comm="swapper/0" capability=5 scontext=u:r:kernel:s0 tcontext=u:r:kernel:s0 tclass=capability permissive=0
01-01 17:06:57.699 0 0 E DTC_ETH,link_delay_work_func: 3003, SQI=0, link=0
03-22 10:42:09.191 0 0 I auditd : type=1400 audit(0.0:20551): avc: denied { kill } for comm="swapper/0" capability=5 scontext=u:r:kernel:s0 tcontext=u:r:kernel:s0 tclass=capability permissive=0
03-22 10:42:10.187 0 0 I auditd : type=1400 audit(0.0:20552): avc: denied { kill } for comm="swapper/0" capability=5 scontext=u:r:kernel:s0 tcontext=u:r:kernel:s0 tclass=capability permissive=0
03-22 10:42:11.187 0 0 I auditd : type=1400 audit(0.0:20553): avc: denied { kill } for comm="swapper/0" capability=5 scontext=u:r:kernel:s0 tcontext=u:r:kernel:s0 tclass=capability permissive=0
01-01 17:07:00.387 0 0 E DTC_Display: screen not ready
03-22 10:42:12.191 0 0 I auditd : type=1400 audit(0.0:20554): avc: denied { kill } for comm="swapper/0" capability=5 scontext=u:r:kernel:s0 tcontext=u:r:kernel:s0 tclass=capability permissive=0
03-22 10:42:13.191 0 0 I auditd : type=1400 audit(0.0:20555): avc: denied { kill } for comm="swapper/0" capability=5 scontext=u:r:kernel:s0 tcontext=u:r:kernel:s0 tclass=capability permissive=0
01-01 17:07:02.819 0 0 E DTC_ETH,link_delay_work_func: 3003, SQI=0, link=0
03-22 10:42:14.191 0 0 I auditd : type=1400 audit(0.0:20556): avc: denied { kill } for comm="swapper/0" capability=5 scontext=u:r:kernel:s0 tcontext=u:r:kernel:s0 tclass=capability permissive=0
03-22 10:42:15.187 0 0 I auditd : type=1400 audit(0.0:20557): avc: denied { kill } for comm="swapper/0" capability=5 scontext=u:r:kernel:s0 tcontext=u:r:kernel:s0 tclass=capability permissive=0
03-22 10:42:16.191 0 0 I auditd : type=1400 audit(0.0:20558): avc: denied { kill } for comm="swapper/0" capability=5 scontext=u:r:kernel:s0 tcontext=u:r:kernel:s0 tclass=capability permissive=0
03-22 10:42:16.214 1512 1722 I netstats_mobile_sample: [0,0,0,0,0,0,0,0,0,0,0,0,1679452936214]
03-22 10:42:16.215 1512 1722 I netstats_wifi_sample: [3671256580,2748432,84125587,995408,3671256580,2748432,84125587,995408,7160460911,5339484,105524912,1796066,1679452936214]
01-01 17:07:05.360 0 0 I [schedu][0x8105b5e633][10:42:16.260079] wlan: [7715:I:OSIF] scan start scan id 41014
03-22 10:42:17.191 0 0 I auditd : type=1400 audit(0.0:20559): avc: denied { kill } for comm="swapper/0" capability=5 scontext=u:r:kernel:s0 tcontext=u:r:kernel:s0 tclass=capability permissive=0
01-01 17:07:06.539 0 0 I [schedu][0x81070f3720][10:42:17.438758] wlan: [7715:I:OSIF] vdev 0, scan id 41014 type COMPLETED(1) reason COMPLETED(1) scan found 85 bss
03-22 10:42:18.191 0 0 I auditd : type=1400 audit(0.0:20560): avc: denied { kill } for comm="swapper/0" capability=5 scontext=u:r:kernel:s0 tcontext=u:r:kernel:s0 tclass=capability permissive=0
01-01 17:07:07.939 0 0 E DTC_ETH,link_delay_work_func: 3003, SQI=0, link=0
03-22 10:42:19.187 0 0 I auditd : type=1400 audit(0.0:20561): avc: denied { kill } for comm="swapper/0" capability=5 scontext=u:r:kernel:s0 tcontext=u:r:kernel:s0 tclass=capability permissive=0
01-01 17:07:08.455 0 0 E DTC_Display: screen not ready
03-22 10:42:20.187 0 0 I auditd : type=1400 audit(0.0:20562): avc: denied { kill } for comm="swapper/0" capability=5 scontext=u:r:kernel:s0 tcontext=u:r:kernel:s0 tclass=capability permissive=0
03-22 10:42:21.187 0 0 I auditd : type=1400 audit(0.0:20563): avc: denied { kill } for comm="swapper/0" capability=5 scontext=u:r:kernel:s0 tcontext=u:r:kernel:s0 tclass=capability permissive=0
03-22 10:42:22.187 0 0 I auditd : type=1400 audit(0.0:20564): avc: denied { kill } for comm="swapper/0" capability=5 scontext=u:r:kernel:s0 tcontext=u:r:kernel:s0 tclass=capability permissive=0
03-22 10:42:23.191 0 0 I auditd : type=1400 audit(0.0:20565): avc: denied { kill } for comm="swapper/0" capability=5 scontext=u:r:kernel:s0 tcontext=u:r:kernel:s0 tclass=capability permissive=0
01-01 17:07:13.059 0 0 E DTC_ETH,link_delay_work_func: 3003, SQI=0, link=0
03-22 10:42:24.187 0 0 I auditd : type=1400 audit(0.0:20566): avc: denied { kill } for comm="swapper/0" capability=5 scontext=u:r:kernel:s0 tcontext=u:r:kernel:s0 tclass=capability permissive=0
