03-22 11:03:03.252 1512 2124 E UserRestrictionsUtils: Unknown restriction queried by uid 1000 (com.hryt.hiphishowfsecontrol et al): null
03-22 11:03:03.253 1512 2109 E UserRestrictionsUtils: Unknown restriction queried by uid 1000 (com.hryt.hiphishowfsecontrol et al): null
03-22 11:03:03.253 1512 13247 E UserRestrictionsUtils: Unknown restriction queried by uid 1000 (com.hryt.hiphishowfsecontrol et al): null
03-22 11:03:03.254 1512 9151 E UserRestrictionsUtils: Unknown restriction queried by uid 1000 (com.hryt.hiphishowfsecontrol et al): null
03-22 11:03:03.255 5270 5270 I auditd : type=1400 audit(0.0:21912): avc: denied { read } for comm="ndroid.settings" name="pagetypeinfo" dev="proc" ino=4026531857 scontext=u:r:system_app:s0 tcontext=u:object_r:proc_pagetypeinfo:s0 tclass=file permissive=0
03-22 11:03:03.255 5270 5270 I auditd : type=1400 audit(0.0:21913): avc: denied { search } for comm="ndroid.settings" name="zram0" dev="sysfs" ino=56830 scontext=u:r:system_app:s0 tcontext=u:object_r:sysfs_zram:s0 tclass=dir permissive=0
03-22 11:03:03.255 5270 5270 I auditd : type=1400 audit(0.0:21914): avc: denied { search } for comm="ndroid.settings" name="zram0" dev="sysfs" ino=56830 scontext=u:r:system_app:s0 tcontext=u:object_r:sysfs_zram:s0 tclass=dir permissive=0
03-22 11:03:03.282 5270 5270 I sysui_multi_action: [757,39,758,1,833,0,1089,40]
03-22 11:03:03.282 1512 2109 D TelephonyRegistry: listen oscl: mHasNotifySubscriptionInfoChangedOccurred==false no callback
03-22 11:03:03.284 1512 2109 D TelephonyRegistry: listen oscl: mHasNotifySubscriptionInfoChangedOccurred==false no callback
03-22 11:03:03.283 5270 5270 I auditd : type=1400 audit(0.0:21915): avc: denied { read } for comm="pool-2-thread-2" name="pagetypeinfo" dev="proc" ino=4026531857 scontext=u:r:system_app:s0 tcontext=u:object_r:proc_pagetypeinfo:s0 tclass=file permissive=0
01-01 17:27:52.389 0 0 W audit : audit_lost=4538 audit_rate_limit=5 audit_backlog_limit=64
03-22 11:03:03.283 5270 5270 I auditd : type=1400 audit(0.0:21916): avc: denied { search } for comm="pool-2-thread-2" name="zram0" dev="sysfs" ino=56830 scontext=u:r:system_app:s0 tcontext=u:object_r:sysfs_zram:s0 tclass=dir permissive=0
01-01 17:27:52.389 0 0 E audit : rate limit exceeded
03-22 11:03:03.301 5270 5270 I sysui_multi_action: [757,1729,758,4,854,isParalleledControllers:false,1089,60]
03-22 11:03:03.412 1512 11766 I sysui_multi_action: [757,128,758,2,793,10818555,794,3920,795,10818555,796,26,798,0,806,android,857,DEVELOPER_IMPORTANT,858,4,947,0,1395,2,1500,10818349,1688,1]
03-22 11:03:03.412 1512 11766 I notification_visibility: [-1|android|26|null|1000,0,10818555,10818555,0,0]
03-22 11:03:03.528 1512 1751 I GameModeConfig: isGameModeOn = false
03-22 11:03:03.528 1512 1751 I GameModeConfig: isGameModeOn = false
03-22 11:03:03.528 1512 1751 I GameModeConfig: isGameModeOn = false
03-22 11:03:03.528 1512 1751 I GameModeConfig: isGameModeOn = false
03-22 11:03:03.528 1512 1751 I GameModeConfig: isGameModeOn = false
03-22 11:03:03.528 1512 1610 I wm_stop_activity: [0,70633193,com.android.launcher3/.uioverrides.QuickstepLauncher]
03-22 11:03:03.528 1512 1512 I notification_enqueue: [10078,1982,com.android.systemui,2048,NULL,0,Notification(channel=updateNotification shortcut=null contentView=null vibrate=null sound=null defaults=0x0 flags=0x0 color=0x00000000 vis=PRIVATE),1]
03-22 11:03:03.529 1982 1982 I sysui_multi_action: [757,111,758,2]
03-22 11:03:03.529 1982 1982 I sysui_multi_action: [757,111,758,2]
03-22 11:03:03.533 1512 1611 I input_focus: [Focus request d75dead com.android.settings/com.android.settings.homepage.SettingsHomepageActivity,reason=UpdateInputWindows]
03-22 11:03:03.538 1512 11966 I sysui_multi_action: [757,128,758,2,793,10818684,794,4045,795,10818684,796,32,798,1,806,android,857,USB,858,1,947,0,1395,2,1500,10818481,1688,1]
03-22 11:03:03.538 1512 11966 I notification_visibility: [-1|android|32|null|1000,0,10818684,10818684,0,1]
03-22 11:03:03.539 1512 11966 I sysui_multi_action: [757,127,758,2]
03-22 11:03:03.540 1512 11966 I notification_panel_hidden:
03-22 11:03:03.545 1512 1697 I input_focus: [Focus leaving 92dbd17 NotificationShade (server),reason=NOT_FOCUSABLE]
03-22 11:03:03.545 1512 1697 I input_focus: [Focus entering d75dead com.android.settings/com.android.settings.homepage.SettingsHomepageActivity (server),reason=setFocusedWindow]
03-22 11:03:03.546 1512 1610 I wm_destroy_activity: [0,239039180,112,com.android.settings/.Settings$DevelopmentSettingsDashboardActivity,finish-imm:idle]
03-22 11:03:03.548 2573 2573 I wm_on_stop_called: [70633193,com.android.launcher3.uioverrides.QuickstepLauncher,STOP_ACTIVITY_ITEM]
03-22 11:03:03.560 5270 5270 I wm_on_destroy_called: [239039180,com.android.settings.Settings$DevelopmentSettingsDashboardActivity,performDestroy]
03-22 11:03:03.562 1512 1546 I wm_task_removed: [112,removeChild:removeChild last r=ActivityRecord{e3f72cc u0 com.android.settings/.Settings$DevelopmentSettingsDashboardActivity t-1 f}} in t=Task{6674f64 #112 type=standard A=1000:com.android.settings U=0 visible=false mode=fullscreen translucent=true sz=0}]
03-22 11:03:03.562 1512 1546 I wm_task_removed: [112,removeChild]
03-22 11:03:03.564 1512 1611 W ActivityTaskManager: Can't find TaskDisplayArea to determine support for multi window. Task id=112 attached=false
03-22 11:03:03.564 1512 1611 W ActivityTaskManager: Can't find TaskDisplayArea to determine support for multi window. Task id=112 attached=false
03-22 11:03:03.729 1512 1512 I GameModeConfig: isGameModeOn = false
03-22 11:03:04.487 1512 1697 I input_interaction: Interaction with: d75dead com.android.settings/com.android.settings.homepage.SettingsHomepageActivity (server), swipe-up (server), edge-swipe (server), PointerEventDispatcher0 (server),
03-22 11:03:04.490 1512 1546 W FreeFormWindowHelper: Current Display FreeFormTask is null
03-22 11:03:04.490 1512 2124 I wm_task_moved: [1,0,0]
03-22 11:03:04.490 1512 2124 I wm_task_moved: [1,0,8]
03-22 11:03:04.491 1512 1546 W FreeFormWindowHelper: Current Display FreeFormTask is null
03-22 11:03:04.493 2573 2573 I wm_on_restart_called: [70633193,com.android.launcher3.uioverrides.QuickstepLauncher,performRestartActivity]
03-22 11:03:04.493 1512 11766 W FreeFormWindowHelper: Current Display FreeFormTask is null
03-22 11:03:04.494 1512 11766 W FreeFormWindowHelper: Current Display FreeFormTask is null
03-22 11:03:04.525 2573 2573 I wm_on_start_called: [70633193,com.android.launcher3.uioverrides.QuickstepLauncher,handleStartActivity]
03-22 11:03:04.529 1512 11766 W FreeFormWindowHelper: Current Display FreeFormTask is null
03-22 11:03:04.529 1512 11766 W FreeFormWindowHelper: Current Display FreeFormTask is null
03-22 11:03:04.535 1512 1607 I sysui_multi_action: [319,3,322,42,325,30107,757,761,758,9,759,5,806,com.android.launcher3,871,com.android.launcher3.uioverrides.QuickstepLauncher,905,0,1320,8,1321,5]
03-22 11:03:04.538 1512 11966 W ActivityTaskManager: getTaskSnapshot: taskId=755 not found
03-22 11:03:04.545 1512 11966 W FreeFormWindowHelper: Current Display FreeFormTask is null
03-22 11:03:04.546 1512 11766 W FreeFormWindowHelper: Current Display FreeFormTask is null
03-22 11:03:04.562 1512 11966 W FreeFormWindowHelper: Current Display FreeFormTask is null
03-22 11:03:04.562 1512 11966 W FreeFormWindowHelper: Current Display FreeFormTask is null
03-22 11:03:04.568 5270 5270 I view_enqueue_input_event: [Motion - Cancel,com.android.settings/com.android.settings.homepage.SettingsHomepageActivity]
03-22 11:03:04.569 2573 2573 I sysui_latency: [1,42]
03-22 11:03:04.569 1512 11966 W FreeFormWindowHelper: Current Display FreeFormTask is null
03-22 11:03:04.569 1512 1611 I input_focus: [Focus request recents_animation_input_consumer,reason=UpdateInputWindows]
03-22 11:03:04.570 1512 11766 W FreeFormWindowHelper: Current Display FreeFormTask is null
03-22 11:03:04.579 1512 1697 I input_interaction: Interaction with: swipe-up (server), edge-swipe (server), PointerEventDispatcher0 (server),
03-22 11:03:04.579 1512 11766 W FreeFormWindowHelper: Current Display FreeFormTask is null
03-22 11:03:04.579 1512 1546 W FreeFormWindowHelper: Current Display FreeFormTask is null
03-22 11:03:04.597 1512 1697 I input_focus: [Focus leaving d75dead com.android.settings/com.android.settings.homepage.SettingsHomepageActivity (server),reason=NOT_FOCUSABLE]
03-22 11:03:04.597 1512 1697 I input_focus: [Focus entering recents_animation_input_consumer (server),reason=setFocusedWindow]
03-22 11:03:04.613 1512 2124 W FreeFormWindowHelper: exitRecentTasks type=0
03-22 11:03:04.623 1512 11766 W FreeFormWindowHelper: Current Display FreeFormTask is null
03-22 11:03:04.623 1512 11766 W FreeFormWindowHelper: Current Display FreeFormTask is null
03-22 11:03:04.627 1512 11966 W ActivityTaskManager: getTaskSnapshot: taskId=834 not found
03-22 11:03:04.630 1512 11966 W FreeFormWindowHelper: Current Display FreeFormTask is null
03-22 11:03:04.630 1512 1546 W FreeFormWindowHelper: Current Display FreeFormTask is null
03-22 11:03:04.646 1512 11966 W FreeFormWindowHelper: Current Display FreeFormTask is null
03-22 11:03:04.646 1512 11766 W FreeFormWindowHelper: Current Display FreeFormTask is null
03-22 11:03:04.726 1512 1684 I commit_sys_config_file: [settings-1-0,2]
03-22 11:03:04.834 1512 1618 I sysui_latency: [8,44]
03-22 11:03:05.187 0 0 I auditd : type=1400 audit(0.0:21919): avc: denied { kill } for comm="swapper/2" capability=5 scontext=u:r:kernel:s0 tcontext=u:r:kernel:s0 tclass=capability permissive=0
03-22 11:03:05.247 1512 5087 W FreeFormWindowHelper: Current Display FreeFormTask is null
03-22 11:03:05.248 1512 5087 W FreeFormWindowHelper: Current Display FreeFormTask is null
03-22 11:03:05.252 1512 11766 I wm_task_moved: [1,1,9]
03-22 11:03:05.255 1512 11766 I wm_task_moved: [32,1,2147483647]
03-22 11:03:05.255 1512 11766 I wm_task_to_front: [0,32]
03-22 11:03:05.255 1512 11766 I wm_focused_root_task: [0,0,1,105,RecentsAnimation.onAnimationFinished()]
03-22 11:03:05.256 1512 11766 I wm_set_resumed_activity: [0,com.android.launcher3/.uioverrides.QuickstepLauncher,RecentsAnimation.onAnimationFinished()]
03-22 11:03:05.256 5270 5270 I wm_on_top_resumed_lost_called: [3193235,com.android.settings.homepage.SettingsHomepageActivity,topStateChangedWhenResumed]
03-22 11:03:05.257 1512 11766 I wm_pause_activity: [0,3193235,com.android.settings/.homepage.SettingsHomepageActivity,userLeaving=true,pauseBackTasks]
03-22 11:03:05.258 1512 11766 I wm_add_to_stopping: [0,3193235,com.android.settings/.homepage.SettingsHomepageActivity,makeInvisible]
03-22 11:03:05.258 1512 11766 I ActivityTaskManager: FOREGROUND_APPLICATION_CHANGED to com.android.launcher3.uioverrides.QuickstepLauncher
03-22 11:03:05.259 1512 11766 I wm_set_resumed_activity: [0,com.android.launcher3/.uioverrides.QuickstepLauncher,resumeTopActivityInnerLocked]
03-22 11:03:05.261 1512 11766 I wm_resume_activity: [0,70633193,32,com.android.launcher3/.uioverrides.QuickstepLauncher]
03-22 11:03:05.263 2573 2573 I wm_on_resume_called: [70633193,com.android.launcher3.uioverrides.QuickstepLauncher,RESUME_ACTIVITY]
03-22 11:03:05.267 1512 1611 I input_focus: [Focus request a81a7d0 com.android.launcher3/com.android.launcher3.uioverrides.QuickstepLauncher,reason=UpdateInputWindows]
03-22 11:03:05.269 5270 5270 I sysui_multi_action: [757,35,758,2,1089,2218]
03-22 11:03:05.270 5270 5270 I sysui_multi_action: [757,39,758,2,1089,1989]
03-22 11:03:05.270 5270 5270 I wm_on_paused_called: [3193235,com.android.settings.homepage.SettingsHomepageActivity,performPause]
03-22 11:03:05.273 2573 2573 I wm_on_top_resumed_gained_called: [70633193,com.android.launcher3.uioverrides.QuickstepLauncher,topStateChangedWhenResumed]
03-22 11:03:05.278 1512 2101 I wm_stop_activity: [0,3193235,com.android.settings/.homepage.SettingsHomepageActivity]
03-22 11:03:05.285 1512 1697 I input_focus: [Focus leaving recents_animation_input_consumer (server),reason=NOT_VISIBLE]
03-22 11:03:05.285 1512 1697 I input_focus: [Focus entering a81a7d0 com.android.launcher3/com.android.launcher3.uioverrides.QuickstepLauncher (server),reason=setFocusedWindow]
03-22 11:03:05.291 1512 1610 I sysui_multi_action: [757,803,799,window_time_0,802,2]
03-22 11:03:05.291 5270 5270 I wm_on_stop_called: [3193235,com.android.settings.homepage.SettingsHomepageActivity,STOP_ACTIVITY_ITEM]
03-22 11:03:05.295 1512 1610 I sysui_multi_action: [757,803,799,window_time_0,802,0]
03-22 11:03:05.368 1512 11766 W FreeFormWindowHelper: Current Display FreeFormTask is null
03-22 11:03:05.392 1512 1697 I input_interaction: Interaction with: a81a7d0 com.android.launcher3/com.android.launcher3.uioverrides.QuickstepLauncher (server), d87d679 com.android.systemui.ImageWallpaper (server), swipe-up (server), edge-swipe (server), PointerEventDispatcher0 (server),
03-22 11:03:05.468 1512 5087 I sysui_multi_action: [757,127,758,1]
03-22 11:03:05.468 1512 5087 I sysui_multi_action: [757,804,799,note_load,801,2,802,1]
03-22 11:03:05.469 1512 5087 I notification_panel_revealed: 2
03-22 11:03:05.481 1512 1611 I input_focus: [Focus request 92dbd17 NotificationShade,reason=UpdateInputWindows]
03-22 11:03:05.491 1512 2101 I sysui_multi_action: [757,128,758,1,793,10820634,794,0,795,10820634,796,26,798,0,806,android,857,DEVELOPER_IMPORTANT,858,4,947,0,1395,2,1500,10820428,1688,1]
03-22 11:03:05.491 1512 2101 I sysui_multi_action: [757,804,799,note_freshness,801,10820634,802,1]
03-22 11:03:05.491 1512 2101 I notification_visibility: [-1|android|26|null|1000,1,10820634,10820634,0,0]
03-22 11:03:05.492 1512 2101 I sysui_multi_action: [757,128,758,1,793,10820638,794,0,795,10820638,796,32,798,1,806,android,857,USB,858,1,947,0,1395,2,1500,10820435,1688,1]
03-22 11:03:05.492 1512 2101 I sysui_multi_action: [757,804,799,note_freshness,801,10820638,802,1]
03-22 11:03:05.492 1512 2101 I notification_visibility: [-1|android|32|null|1000,1,10820638,10820638,0,1]
03-22 11:03:05.503 1512 1697 I input_focus: [Focus leaving a81a7d0 com.android.launcher3/com.android.launcher3.uioverrides.QuickstepLauncher (server),reason=setFocusedWindow]
03-22 11:03:05.504 1512 1697 I input_focus: [Focus entering 92dbd17 NotificationShade (server),reason=setFocusedWindow]
03-22 11:03:05.508 1512 1697 I input_interaction: Interaction with: a81a7d0 com.android.launcher3/com.android.launcher3.uioverrides.QuickstepLauncher (server), d87d679 com.android.systemui.ImageWallpaper (server), 92dbd17 NotificationShade (server), swipe-up (server), edge-swipe (server), PointerEventDispatcher0 (server),
03-22 11:03:05.508 2573 2573 I view_enqueue_input_event: [Motion - Cancel,com.android.launcher3/com.android.launcher3.uioverrides.QuickstepLauncher]
03-22 11:03:05.519 1512 1697 I input_interaction: Interaction with: d87d679 com.android.systemui.ImageWallpaper (server), 92dbd17 NotificationShade (server), swipe-up (server), edge-swipe (server), PointerEventDispatcher0 (server),
03-22 11:03:05.538 1512 1611 I input_focus: [Focus request a81a7d0 com.android.launcher3/com.android.launcher3.uioverrides.QuickstepLauncher,reason=UpdateInputWindows]
03-22 11:03:05.557 1512 1611 I input_focus: [Focus request 92dbd17 NotificationShade,reason=UpdateInputWindows]
03-22 11:03:05.571 1512 1697 I input_focus: [Focus leaving 92dbd17 NotificationShade (server),reason=NOT_FOCUSABLE]
03-22 11:03:05.571 1512 1697 I input_focus: [Focus entering a81a7d0 com.android.launcher3/com.android.launcher3.uioverrides.QuickstepLauncher (server),reason=setFocusedWindow]
03-22 11:03:05.587 1512 1697 I input_focus: [Focus leaving a81a7d0 com.android.launcher3/com.android.launcher3.uioverrides.QuickstepLauncher (server),reason=setFocusedWindow]
03-22 11:03:05.587 1512 1697 I input_focus: [Focus entering 92dbd17 NotificationShade (server),reason=setFocusedWindow]
03-22 11:03:05.602 1982 1982 I sysui_multi_action: [757,111,758,1]
03-22 11:03:05.602 1982 1982 I sysui_multi_action: [757,126,758,1,759,126,927,0,928,1,1593,1]
03-22 11:03:05.602 1982 1982 I sysui_multi_action: [757,113,758,1,759,113,927,1,928,1,1593,1]
03-22 11:03:05.602 1982 1982 I sysui_multi_action: [757,0,758,1,759,0,927,2,928,0,1593,1]
03-22 11:03:05.602 1982 1982 I sysui_multi_action: [757,0,758,1,759,0,927,3,928,0,1593,1]
03-22 11:03:05.603 1982 1982 I sysui_multi_action: [757,491,758,1,759,491,927,4,928,0,1311,1,1593,0]
03-22 11:03:05.603 1982 1982 I sysui_multi_action: [757,0,758,1,759,0,927,5,928,0,1593,0]
03-22 11:03:05.603 1982 1982 I sysui_multi_action: [757,111,758,1]
03-22 11:03:05.603 1982 1982 I sysui_multi_action: [757,126,758,1,759,126,927,0,928,1,1593,1]
03-22 11:03:05.603 1982 1982 I sysui_multi_action: [757,113,758,1,759,113,927,1,928,1,1593,1]
03-22 11:03:05.603 1982 1982 I sysui_multi_action: [757,0,758,1,759,0,927,2,928,0,1593,1]
03-22 11:03:05.603 1982 1982 I sysui_multi_action: [757,0,758,1,759,0,927,3,928,0,1593,1]
03-22 11:03:05.979 1512 1687 W ActivityManager: Background start not allowed: service Intent { flg=0x4 cmp=com.tencent.qqmusic/.business.unicom.TrafficStatisticsService (has extras) } to com.tencent.qqmusic/.business.unicom.TrafficStatisticsService from pid=-1 uid=10102 pkg=com.tencent.qqmusic startFg?=false
03-22 11:03:06.187 0 0 I auditd : type=1400 audit(0.0:21920): avc: denied { kill } for comm="swapper/2" capability=5 scontext=u:r:kernel:s0 tcontext=u:r:kernel:s0 tclass=capability permissive=0
03-22 11:03:07.033 1512 1697 I input_interaction: Interaction with: 92dbd17 NotificationShade (server), swipe-up (server), edge-swipe (server), PointerEventDispatcher0 (server),
03-22 11:03:07.484 1512 1751 I GameModeConfig: isGameModeOn = false
03-22 11:03:07.503 1512 1751 I GameModeConfig: isGameModeOn = false
03-22 11:03:07.503 1512 1751 I GameModeConfig: isGameModeOn = false
03-22 11:03:07.503 1512 1751 I GameModeConfig: isGameModeOn = false
03-22 11:03:07.503 1512 1751 I GameModeConfig: isGameModeOn = false
03-22 11:03:07.503 1512 1751 I GameModeConfig: isGameModeOn = false
03-22 11:03:07.506 1512 1512 I notification_enqueue: [10078,1982,com.android.systemui,2048,NULL,0,Notification(channel=updateNotification shortcut=null contentView=null vibrate=null sound=null defaults=0x0 flags=0x0 color=0x00000000 vis=PRIVATE),1]
03-22 11:03:07.506 1982 1982 I sysui_multi_action: [757,111,758,2]
03-22 11:03:07.507 1982 1982 I sysui_multi_action: [757,111,758,2]
03-22 11:03:07.664 1512 1611 I input_focus: [Focus request a81a7d0 com.android.launcher3/com.android.launcher3.uioverrides.QuickstepLauncher,reason=UpdateInputWindows]
03-22 11:03:07.666 1512 1751 I GameModeConfig: isGameModeOn = false
03-22 11:03:07.668 1512 5087 I sysui_multi_action: [757,128,758,2,793,10822811,794,2177,795,10822811,796,26,798,0,806,android,857,DEVELOPER_IMPORTANT,858,4,947,0,1395,2,1500,10822605,1688,1]
03-22 11:03:07.668 1512 5087 I notification_visibility: [-1|android|26|null|1000,0,10822811,10822811,0,0]
03-22 11:03:07.670 1512 5087 I sysui_multi_action: [757,128,758,2,793,10822814,794,2176,795,10822814,796,32,798,1,806,android,857,USB,858,1,947,0,1395,2,1500,10822611,1688,1]
03-22 11:03:07.670 1512 5087 I notification_visibility: [-1|android|32|null|1000,0,10822814,10822814,0,1]
03-22 11:03:07.671 1512 2124 I sysui_multi_action: [757,127,758,2]
03-22 11:03:07.671 1512 2124 I notification_panel_hidden:
03-22 11:03:07.692 1512 1697 I input_focus: [Focus leaving 92dbd17 NotificationShade (server),reason=NO_WINDOW]
03-22 11:03:07.692 1512 1697 I input_focus: [Focus entering a81a7d0 com.android.launcher3/com.android.launcher3.uioverrides.QuickstepLauncher (server),reason=setFocusedWindow]
03-22 11:03:07.708 1512 1512 I GameModeConfig: isGameModeOn = false
01-01 17:27:57.123 0 0 E DTC_Display: screen not ready
01-01 17:27:57.219 0 0 E DTC_ETH,link_delay_work_func: 3003, SQI=0, link=0
03-22 11:03:08.187 0 0 I auditd : type=1400 audit(0.0:21921): avc: denied { kill } for comm="swapper/1" capability=5 scontext=u:r:kernel:s0 tcontext=u:r:kernel:s0 tclass=capability permissive=0
03-22 11:03:09.187 0 0 I auditd : type=1400 audit(0.0:21922): avc: denied { kill } for comm="swapper/1" capability=5 scontext=u:r:kernel:s0 tcontext=u:r:kernel:s0 tclass=capability permissive=0
03-22 11:03:09.558 1512 1751 I GameModeConfig: isGameModeOn = false
03-22 11:03:09.755 1512 1751 I GameModeConfig: isGameModeOn = false
03-22 11:03:10.187 0 0 I auditd : type=1400 audit(0.0:21923): avc: denied { kill } for comm="swapper/1" capability=5 scontext=u:r:kernel:s0 tcontext=u:r:kernel:s0 tclass=capability permissive=0
03-22 11:03:10.485 1512 1697 I input_interaction: Interaction with: a81a7d0 com.android.launcher3/com.android.launcher3.uioverrides.QuickstepLauncher (server), d87d679 com.android.systemui.ImageWallpaper (server), swipe-up (server), edge-swipe (server), PointerEventDispatcher0 (server),
01-01 17:27:59.749 0 0 I msm_vidc: err : ffffffff: .....: DBLP Set: status 0
03-22 11:03:10.699 1512 2101 I sysui_multi_action: [757,127,758,1]
03-22 11:03:10.699 1512 2101 I sysui_multi_action: [757,804,799,note_load,801,2,802,1]
03-22 11:03:10.699 1512 2101 I notification_panel_revealed: 2
03-22 11:03:10.707 1512 1611 I input_focus: [Focus request 92dbd17 NotificationShade,reason=UpdateInputWindows]
03-22 11:03:10.716 1512 2101 I sysui_multi_action: [757,128,758,1,793,10825859,794,0,795,10825859,796,26,798,0,806,android,857,DEVELOPER_IMPORTANT,858,4,947,0,1395,2,1500,10825653,1688,1]
03-22 11:03:10.716 1512 2101 I sysui_multi_action: [757,804,799,note_freshness,801,10825859,802,1]
03-22 11:03:10.716 1512 2101 I notification_visibility: [-1|android|26|null|1000,1,10825859,10825859,0,0]
03-22 11:03:10.717 1512 2101 I sysui_multi_action: [757,128,758,1,793,10825863,794,0,795,10825863,796,32,798,1,806,android,857,USB,858,1,947,0,1395,2,1500,10825660,1688,1]
03-22 11:03:10.717 1512 2101 I sysui_multi_action: [757,804,799,note_freshness,801,10825863,802,1]
03-22 11:03:10.717 1512 2101 I notification_visibility: [-1|android|32|null|1000,1,10825863,10825863,0,1]
03-22 11:03:10.732 1512 1697 I input_focus: [Focus leaving a81a7d0 com.android.launcher3/com.android.launcher3.uioverrides.QuickstepLauncher (server),reason=setFocusedWindow]
03-22 11:03:10.732 1512 1697 I input_focus: [Focus entering 92dbd17 NotificationShade (server),reason=setFocusedWindow]
03-22 11:03:10.743 1512 1697 I input_interaction: Interaction with: a81a7d0 com.android.launcher3/com.android.launcher3.uioverrides.QuickstepLauncher (server), d87d679 com.android.systemui.ImageWallpaper (server), 92dbd17 NotificationShade (server), swipe-up (server), edge-swipe (server), PointerEventDispatcher0 (server),
03-22 11:03:10.744 2573 2573 I view_enqueue_input_event: [Motion - Cancel,com.android.launcher3/com.android.launcher3.uioverrides.QuickstepLauncher]
03-22 11:03:10.745 1512 1697 I input_interaction: Interaction with: d87d679 com.android.systemui.ImageWallpaper (server), 92dbd17 NotificationShade (server), swipe-up (server), edge-swipe (server), PointerEventDispatcher0 (server),
03-22 11:03:10.758 1982 1982 I sysui_multi_action: [757,803,799,panel_open,802,1]
03-22 11:03:10.758 1982 1982 I sysui_multi_action: [757,1328,758,4,1326,41,1327,44,1329,0]
03-22 11:03:10.777 1982 1982 I sysui_multi_action: [757,111,758,1]
03-22 11:03:10.777 1982 1982 I sysui_multi_action: [757,126,758,1,759,126,927,0,928,1,1593,0]
03-22 11:03:10.777 1982 1982 I sysui_multi_action: [757,113,758,1,759,113,927,1,928,1,1593,0]
03-22 11:03:10.777 1982 1982 I sysui_multi_action: [757,0,758,1,759,0,927,2,928,0,1593,0]
03-22 11:03:10.777 1982 1982 I sysui_multi_action: [757,0,758,1,759,0,927,3,928,0,1593,0]
03-22 11:03:10.777 1982 1982 I sysui_multi_action: [757,491,758,1,759,491,927,4,928,0,1311,1,1593,0]
03-22 11:03:10.778 1982 1982 I sysui_multi_action: [757,0,758,1,759,0,927,5,928,0,1593,0]
03-22 11:03:10.778 1982 1982 I sysui_multi_action: [757,111,758,1]
03-22 11:03:10.778 1982 1982 I sysui_multi_action: [757,126,758,1,759,126,927,0,928,1,1593,0]
03-22 11:03:10.778 1982 1982 I sysui_multi_action: [757,113,758,1,759,113,927,1,928,1,1593,0]
03-22 11:03:10.778 1982 1982 I sysui_multi_action: [757,0,758,1,759,0,927,2,928,0,1593,0]
03-22 11:03:10.778 1982 1982 I sysui_multi_action: [757,0,758,1,759,0,927,3,928,0,1593,0]
03-22 11:03:11.187 0 0 I auditd : type=1400 audit(0.0:21924): avc: denied { kill } for comm="swapper/1" capability=5 scontext=u:r:kernel:s0 tcontext=u:r:kernel:s0 tclass=capability permissive=0
03-22 11:03:11.620 1512 1685 D ActivityManager: freezing 4051 com.tencent.qqmusic:QQPlayerService
03-22 11:03:11.620 1512 1685 E ActivityManager: Unable to freeze binder for 4051 com.tencent.qqmusic:QQPlayerService
01-01 17:28:00.720 0 0 I binder : 1512:1685 ioctl 400c620e 72e577c5d8 returned -22
01-01 17:28:00.724 0 0 I binder : 1512:1685 ioctl c00c620f 72e577c5b8 returned -22
03-22 11:03:11.623 1512 1685 D ActivityManager: froze 4051 com.tencent.qqmusic:QQPlayerService
03-22 11:03:11.623 1512 1685 I am_freeze: [4051,com.tencent.qqmusic:QQPlayerService]
03-22 11:03:11.623 1512 1685 E ActivityManager: Unable to freeze binder for 4051 com.tencent.qqmusic:QQPlayerService
03-22 11:03:11.624 1512 1685 I ActivityManager: Killing 4051:com.tencent.qqmusic:QQPlayerService/u0a102 (adj 910): Unable to freeze binder interface
03-22 11:03:11.624 1512 1685 I am_kill : [0,4051,com.tencent.qqmusic:QQPlayerService,910,Unable to freeze binder interface]
03-22 11:03:11.690 1512 2124 I am_proc_died: [0,4051,com.tencent.qqmusic:QQPlayerService,910,17]
03-22 11:03:11.692 1512 2124 W ActivityManager: Scheduling restart of crashed service com.tencent.qqmusic/com.tencent.qqmusicplayerprocess.servicenew.QQPlayerServiceNew in 1000ms for connection
03-22 11:03:11.692 1512 2124 I am_schedule_service_restart: [0,com.tencent.qqmusic/com.tencent.qqmusicplayerprocess.servicenew.QQPlayerServiceNew,1000]
03-22 11:03:11.709 1512 1618 I am_pss : [4427,10033,com.baidu.input,113297408,103469056,49152,236515328,0,7,13]
03-22 11:03:11.718 1512 1618 I am_pss : [1957,1002,com.android.bluetooth,20933632,17743872,50176,113057792,0,0,8]
03-22 11:03:11.725 1512 1618 I am_pss : [2995,10091,com.android.providers.media.module,20065280,16830464,50176,111415296,0,0,7]
03-22 11:03:11.732 1512 1618 I am_pss : [3569,2000,com.android.shell,19373056,413696,17954816,45346816,0,19,6]
03-22 11:03:11.739 1512 1618 I am_pss : [2393,10092,android.ext.services,17648640,11309056,50176,107184128,0,5,6]
03-22 11:03:11.745 1512 1618 I am_pss : [3060,10069,com.qualcomm.location.XT,6227968,4231168,51200,85905408,0,6,5]
03-22 11:03:11.750 1512 1618 I am_pss : [3435,10021,com.android.managedprovisioning,19409920,569344,17922048,43757568,0,19,5]
03-22 11:03:11.757 1512 1618 I am_pss : [2990,10084,com.qualcomm.qti.workloadclassifier,11987968,9621504,51200,94498816,0,0,5]
03-22 11:03:11.763 1512 1618 I am_pss : [2981,10079,com.qualcomm.qti.qccnetstat,5903360,3973120,51200,84234240,0,0,6]
03-22 11:03:11.770 1512 1618 I am_pss : [2959,10071,com.qualcomm.qti.services.systemhelper:systemhelper_service,5909504,4009984,50176,83951616,0,0,6]
03-22 11:03:11.776 1512 1618 I am_pss : [2935,10054,.pasr,5534720,3641344,51200,82436096,0,0,5]
03-22 11:03:11.783 1512 1618 I am_pss : [2831,1000,com.hryt.hiphishowfsecontrol,6976512,4730880,50176,90398720,0,0,7]
03-22 11:03:11.788 1512 1618 I am_pss : [2815,10058,ts.car.uart,5637120,3735552,51200,82931712,0,0,5]
03-22 11:03:11.795 1512 1618 I am_pss : [2805,10085,com.hht.lebocast,36645888,18927616,291840,91262976,0,0,6]
03-22 11:03:11.802 1512 1618 I am_pss : [2735,10077,com.qualcomm.location,9968640,7311360,51200,96030720,0,0,6]
03-22 11:03:11.809 1512 1618 I am_pss : [2385,1000,com.qualcomm.qti.qdma,14359552,11571200,50176,103190528,0,0,7]
03-22 11:03:11.817 1512 1618 I am_pss : [3214,10062,com.qualcomm.qti.devicestatisticsservice,5519360,3629056,51200,82300928,0,0,6]
03-22 11:03:11.823 1512 1618 I am_pss : [2363,1000,com.thundercomm.tcservice,26364928,24186880,50176,108593152,0,0,6]
03-22 11:03:11.829 1512 1618 I am_pss : [2324,1000,com.thundercomm.remotecontrolservice,7348224,5238784,50176,87883776,0,0,5]
03-22 11:03:11.834 1512 1618 I am_pss : [2285,10080,com.qti.qualcomm.mstatssystemservice,5642240,3747840,51200,82972672,0,0,5]
03-22 11:03:11.839 1512 1618 I am_pss : [2295,1068,com.android.se,5848064,3899392,51200,84447232,0,0,5]
03-22 11:03:11.845 1512 1618 I am_pss : [2254,1000,com.thundercomm.tcsetupwizard,5703680,3813376,50176,82939904,0,0,5]
03-22 11:03:11.850 1512 1618 I am_pss : [2256,1000,vendor.qti.qesdk.sysservice,5752832,3817472,50176,83927040,0,0,4]
03-22 11:03:11.855 1512 1618 I am_pss : [2224,1000,com.tc.logclient,7403520,5386240,50176,88117248,0,0,5]
03-22 11:03:11.860 1512 1618 I am_pss : [2225,1073,com.android.networkstack.process,13227008,10502144,50176,100036608,0,0,5]
03-22 11:03:11.866 1512 1618 I am_pss : [2211,10053,.qtidataservices,5816320,3911680,51200,83300352,0,0,4]
03-22 11:03:11.871 1512 1618 I am_pss : [2221,1000,com.thundercomm.tchttpserver,6068224,4124672,50176,84393984,0,0,5]
03-22 11:03:11.876 1512 1618 I am_pss : [2179,1001,.dataservices,7803904,5758976,51200,87711744,0,0,4]
03-22 11:03:11.881 1512 1618 I am_pss : [2164,1000,com.thundercomm.microsettings,6879232,4788224,50176,87482368,0,0,5]
03-22 11:03:11.885 1512 1618 I am_pss : [2156,1000,com.thundercomm.microservice,6552576,4558848,50176,85602304,0,0,4]
03-22 11:03:11.891 1512 1618 I am_pss : [2085,1000,com.thundercomm.gamemode,15984640,12742656,48128,110133248,0,0,5]
03-22 11:03:11.919 1512 1618 I am_pss : [1982,10078,com.android.systemui,529246208,514342912,44032,658751488,0,1,27]
03-22 11:03:11.932 1512 1697 I input_interaction: Interaction with: 92dbd17 NotificationShade (server), swipe-up (server), edge-swipe (server), PointerEventDispatcher0 (server),
03-22 11:03:11.940 1512 1618 I am_pss : [1512,1000,system,206450688,120045568,47104,488579072,0,0,20]
03-22 11:03:12.335 1982 1982 I sysui_multi_action: [757,366,758,4,759,126,927,0,928,1,1592,0,1593,1]
03-22 11:03:12.345 1512 2124 I ActivityTaskManager: START u0 {act=android.settings.WIFI_SETTINGS flg=0x14000000 cmp=com.android.settings/.homepage.SettingsHomepageActivity} from uid 10078
03-22 11:03:12.348 1512 2124 I wm_task_moved: [105,1,9]
03-22 11:03:12.348 1512 2124 I wm_task_to_front: [0,105]
03-22 11:03:12.349 1512 2124 I wm_focused_root_task: [0,0,105,1,bringingFoundTaskToFront]
03-22 11:03:12.349 2573 2573 I wm_on_top_resumed_lost_called: [70633193,com.android.launcher3.uioverrides.QuickstepLauncher,topStateChangedWhenResumed]
03-22 11:03:12.349 1512 2124 I wm_set_resumed_activity: [0,com.android.settings/.homepage.SettingsHomepageActivity,bringingFoundTaskToFront]
03-22 11:03:12.349 1512 2124 I wm_new_intent: [0,3193235,105,com.android.settings/.homepage.SettingsHomepageActivity,android.settings.APPLICATION_DEVELOPMENT_SETTINGS,NULL,NULL,272662528]
03-22 11:03:12.351 1512 2124 I wm_pause_activity: [0,70633193,com.android.launcher3/.uioverrides.QuickstepLauncher,userLeaving=true,pauseBackTasks]
03-22 11:03:12.359 2573 2573 I wm_on_paused_called: [70633193,com.android.launcher3.uioverrides.QuickstepLauncher,performPause]
03-22 11:03:12.360 1512 2124 I ActivityTaskManager: FOREGROUND_APPLICATION_CHANGED to com.android.settings.homepage.SettingsHomepageActivity
03-22 11:03:12.361 1512 2124 I wm_set_resumed_activity: [0,com.android.settings/.homepage.SettingsHomepageActivity,resumeTopActivityInnerLocked]
03-22 11:03:12.361 1512 2124 I wm_add_to_stopping: [0,70633193,com.android.launcher3/.uioverrides.QuickstepLauncher,makeInvisible]
03-22 11:03:12.362 1512 2124 I wm_resume_activity: [0,3193235,105,com.android.settings/.homepage.SettingsHomepageActivity]
03-22 11:03:12.372 1512 1610 I sysui_multi_action: [757,803,799,window_time_0,802,7]
03-22 11:03:12.383 5270 5270 I wm_on_restart_called: [3193235,com.android.settings.homepage.SettingsHomepageActivity,performRestartActivity]
03-22 11:03:12.388 5270 5270 I wm_on_start_called: [3193235,com.android.settings.homepage.SettingsHomepageActivity,handleStartActivity]
03-22 11:03:12.388 5270 5270 I snet_event_log: [120484087,-1,]
03-22 11:03:12.388 5270 5270 I wm_on_resume_called: [3193235,com.android.settings.homepage.SettingsHomepageActivity,RESUME_ACTIVITY]
03-22 11:03:12.388 5270 5270 I sysui_multi_action: [757,35,758,1,833,0,1089,0]
03-22 11:03:12.390 5270 5270 I sysui_multi_action: [757,39,758,1,833,0,1089,0]
03-22 11:03:12.391 1512 13247 D TelephonyRegistry: listen oscl: mHasNotifySubscriptionInfoChangedOccurred==false no callback
03-22 11:03:12.392 1512 2124 D TelephonyRegistry: listen oscl: mHasNotifySubscriptionInfoChangedOccurred==false no callback
03-22 11:03:12.391 5270 5270 I auditd : type=1400 audit(0.0:21925): avc: denied { read } for comm="pool-2-thread-6" name="pagetypeinfo" dev="proc" ino=4026531857 scontext=u:r:system_app:s0 tcontext=u:object_r:proc_pagetypeinfo:s0 tclass=file permissive=0
03-22 11:03:12.391 5270 5270 I auditd : type=1400 audit(0.0:21926): avc: denied { search } for comm="pool-2-thread-6" name="zram0" dev="sysfs" ino=56830 scontext=u:r:system_app:s0 tcontext=u:object_r:sysfs_zram:s0 tclass=dir permissive=0
03-22 11:03:12.391 5270 5270 I auditd : type=1400 audit(0.0:21927): avc: denied { search } for comm="pool-2-thread-6" name="zram0" dev="sysfs" ino=56830 scontext=u:r:system_app:s0 tcontext=u:object_r:sysfs_zram:s0 tclass=dir permissive=0
03-22 11:03:12.412 5270 5270 I wm_on_top_resumed_gained_called: [3193235,com.android.settings.homepage.SettingsHomepageActivity,topWhenResuming]
03-22 11:03:12.441 1512 1607 I sysui_multi_action: [319,90,322,85,325,30115,757,761,758,9,759,2,806,com.android.settings,871,com.android.settings.homepage.SettingsHomepageActivity,904,com.android.settings,905,0,1320,8,1321,5]
03-22 11:03:12.446 1982 1982 W StartingSurfaceDrawer: Window background is transparent, fill background with black color
03-22 11:03:12.468 1512 11966 W FreeFormWindowHelper: Current Display FreeFormTask is null
03-22 11:03:12.589 5270 5270 I sysui_multi_action: [757,39,758,2,1089,199]
03-22 11:03:12.600 1512 5087 I netstats_mobile_sample: [0,0,0,0,0,0,0,0,0,0,0,0,1679454192600]
03-22 11:03:12.600 1512 5087 I netstats_wifi_sample: [3671256580,2748432,84125587,995408,3671256580,2748432,84125587,995408,7160460911,5339484,105524912,1796066,1679454192600]
03-22 11:03:12.607 1512 5087 I netstats_mobile_sample: [0,0,0,0,0,0,0,0,0,0,0,0,1679454192607]
03-22 11:03:12.607 1512 5087 I netstats_wifi_sample: [3671256580,2748432,84125587,995408,3671256580,2748432,84125587,995408,7160460911,5339484,105524912,1796066,1679454192607]
03-22 11:03:12.624 5270 5270 I sysui_multi_action: [757,103,758,1,833,0,1089,33]
03-22 11:03:12.692 1512 1619 D CompatibilityChangeReporter: Compat change id reported: 135634846; UID 10102; state: DISABLED
03-22 11:03:12.692 1512 1619 D CompatibilityChangeReporter: Compat change id reported: 177438394; UID 10102; state: DISABLED
03-22 11:03:12.692 1512 1619 D CompatibilityChangeReporter: Compat change id reported: 135772972; UID 10102; state: DISABLED
03-22 11:03:12.692 1512 1619 D CompatibilityChangeReporter: Compat change id reported: 135754954; UID 10102; state: DISABLED
03-22 11:03:12.693 1512 1620 D CompatibilityChangeReporter: Compat change id reported: 143937733; UID 10102; state: DISABLED
03-22 11:03:12.699 1512 1620 I am_proc_start: [0,6197,10102,com.tencent.qqmusic:QQPlayerService,service,{com.tencent.qqmusic/com.tencent.qqmusicplayerprocess.servicenew.QQPlayerServiceNew}]
03-22 11:03:12.699 1512 1620 I ActivityManager: Start proc 6197:com.tencent.qqmusic:QQPlayerService/u0a102 for service {com.tencent.qqmusic/com.tencent.qqmusicplayerprocess.servicenew.QQPlayerServiceNew}
01-01 17:28:01.809 0 0 I [schedu][0x86a39a1a6e][11:03:12.708775] wlan: [7715:I:OSIF] scan start scan id 41019
01-01 17:28:01.814 0 0 I binder : 6197:6197 ioctl 40046210 7fff294234 returned -22
03-22 11:03:12.717 1512 5087 I am_proc_bound: [0,6197,com.tencent.qqmusic:QQPlayerService]
03-22 11:03:12.718 1512 5087 D CompatibilityChangeReporter: Compat change id reported: 168419799; UID 10102; state: DISABLED
03-22 11:03:12.913 6197 6223 E ActivityThread: Failed to find provider info for com.oplus.cardservice.repository.provider.CardServiceServerProvider
03-22 11:03:12.953 1512 1751 I GameModeConfig: isGameModeOn = false
03-22 11:03:12.953 1512 1751 I GameModeConfig: isGameModeOn = false
03-22 11:03:12.953 1512 1751 I GameModeConfig: isGameModeOn = false
03-22 11:03:12.953 1512 1751 I GameModeConfig: isGameModeOn = false
03-22 11:03:12.954 1512 1751 I GameModeConfig: isGameModeOn = false
03-22 11:03:12.954 1982 1982 I sysui_multi_action: [757,111,758,2]
03-22 11:03:12.955 1512 1512 I notification_enqueue: [10078,1982,com.android.systemui,2048,NULL,0,Notification(channel=updateNotification shortcut=null contentView=null vibrate=null sound=null defaults=0x0 flags=0x0 color=0x00000000 vis=PRIVATE),1]
03-22 11:03:12.955 1982 1982 I sysui_multi_action: [757,111,758,2]
03-22 11:03:12.961 1512 1610 I wm_stop_activity: [0,70633193,com.android.launcher3/.uioverrides.QuickstepLauncher]
03-22 11:03:12.979 1512 1611 I input_focus: [Focus request d75dead com.android.settings/com.android.settings.homepage.SettingsHomepageActivity,reason=UpdateInputWindows]
03-22 11:03:12.980 2573 2573 I wm_on_stop_called: [70633193,com.android.launcher3.uioverrides.QuickstepLauncher,STOP_ACTIVITY_ITEM]
03-22 11:03:12.985 1512 1697 I input_focus: [Focus leaving 92dbd17 NotificationShade (server),reason=NOT_FOCUSABLE]
03-22 11:03:12.985 1512 1697 I input_focus: [Focus entering d75dead com.android.settings/com.android.settings.homepage.SettingsHomepageActivity (server),reason=setFocusedWindow]
03-22 11:03:12.989 1512 5087 I sysui_multi_action: [757,128,758,2,793,10828132,794,2273,795,10828132,796,26,798,0,806,android,857,DEVELOPER_IMPORTANT,858,4,947,0,1395,2,1500,10827926,1688,1]
03-22 11:03:12.989 1512 5087 I notification_visibility: [-1|android|26|null|1000,0,10828132,10828132,0,0]
03-22 11:03:12.989 1512 5087 I sysui_multi_action: [757,128,758,2,793,10828135,794,2272,795,10828135,796,32,798,1,806,android,857,USB,858,1,947,0,1395,2,1500,10827932,1688,1]
03-22 11:03:12.989 1512 5087 I notification_visibility: [-1|android|32|null|1000,0,10828135,10828135,0,1]
03-22 11:03:12.989 1512 13247 I sysui_multi_action: [757,127,758,2]
03-22 11:03:12.990 1512 13247 I notification_panel_hidden:
03-22 11:03:13.002 1982 1982 I view_enqueue_input_event: [Motion - Cancel,NotificationShade]
03-22 11:03:13.047 6197 6197 I auditd : type=1400 audit(0.0:21928): avc: granted { nlmsg_readpriv } for comm="QQPlayerService" scontext=u:r:untrusted_app_29:s0:c102,c256,c512,c768 tcontext=u:r:untrusted_app_29:s0:c102,c256,c512,c768 tclass=netlink_route_socket app=com.tencent.qqmusic
03-22 11:03:13.157 1512 1512 I GameModeConfig: isGameModeOn = false
01-01 17:28:02.342 0 0 E DTC_ETH,link_delay_work_func: 3003, SQI=0, link=0
03-22 11:03:13.289 1512 9151 D CompatibilityChangeReporter: Compat change id reported: 157233955; UID 10102; state: DISABLED
03-22 11:03:13.361 1512 5087 W ActivityManager: Background start not allowed: service Intent { cmp=com.tencent.qqmusic/.service.MainService } to com.tencent.qqmusic/.service.MainService from pid=6197 uid=10102 pkg=com.tencent.qqmusic startFg?=false
03-22 11:03:13.503 1512 9151 W ActivityManager: Background start not allowed: service Intent { cmp=com.tencent.qqmusic/.service.MainService } to com.tencent.qqmusic/.service.MainService from pid=6197 uid=10102 pkg=com.tencent.qqmusic startFg?=false
03-22 11:03:13.503 1512 1684 I commit_sys_config_file: [settings-2-0,3]
03-22 11:03:13.530 1512 1751 I GameModeConfig: isGameModeOn = false
03-22 11:03:13.650 1512 9151 W ActivityManager: Background start not allowed: service Intent { cmp=com.tencent.qqmusic/.service.MainService } to com.tencent.qqmusic/.service.MainService from pid=6197 uid=10102 pkg=com.tencent.qqmusic startFg?=false
03-22 11:03:13.731 1512 1751 I GameModeConfig: isGameModeOn = false
03-22 11:03:13.784 1512 9151 W ActivityManager: Background start not allowed: service Intent { cmp=com.tencent.qqmusic/.service.MainService } to com.tencent.qqmusic/.service.MainService from pid=6197 uid=10102 pkg=com.tencent.qqmusic startFg?=false
01-01 17:28:02.996 0 0 I [schedu][0x86a4f5de6d][11:03:13.895815] wlan: [7715:I:OSIF] vdev 0, scan id 41019 type COMPLETED(1) reason COMPLETED(1) scan found 93 bss
03-22 11:03:13.914 1290 20989 I liblog : 31
03-22 11:03:13.915 1290 20989 I liblog : 1
03-22 11:03:13.924 1512 5087 W ActivityManager: Background start not allowed: service Intent { cmp=com.tencent.qqmusic/.service.MainService } to com.tencent.qqmusic/.service.MainService from pid=6197 uid=10102 pkg=com.tencent.qqmusic startFg?=false
03-22 11:03:13.925 1290 20989 I liblog : 8
03-22 11:03:14.068 1512 5087 W ActivityManager: Background start not allowed: service Intent { cmp=com.tencent.qqmusic/.service.MainService } to com.tencent.qqmusic/.service.MainService from pid=6197 uid=10102 pkg=com.tencent.qqmusic startFg?=false
03-22 11:03:14.209 1512 2124 W ActivityManager: Background start not allowed: service Intent { cmp=com.tencent.qqmusic/.service.MainService } to com.tencent.qqmusic/.service.MainService from pid=6197 uid=10102 pkg=com.tencent.qqmusic startFg?=false
03-22 11:03:14.316 1512 2124 W ActivityManager: Background start not allowed: service Intent { cmp=com.tencent.qqmusic/.service.MainService } to com.tencent.qqmusic/.service.MainService from pid=6197 uid=10102 pkg=com.tencent.qqmusic startFg?=false
03-22 11:03:14.435 1512 2124 W ActivityManager: Background start not allowed: service Intent { cmp=com.tencent.qqmusic/.service.MainService } to com.tencent.qqmusic/.service.MainService from pid=6197 uid=10102 pkg=com.tencent.qqmusic startFg?=false
03-22 11:03:14.541 1512 2124 W ActivityManager: Background start not allowed: service Intent { cmp=com.tencent.qqmusic/.service.MainService } to com.tencent.qqmusic/.service.MainService from pid=6197 uid=10102 pkg=com.tencent.qqmusic startFg?=false
03-22 11:03:14.678 1512 2124 W ActivityManager: Background start not allowed: service Intent { cmp=com.tencent.qqmusic/.service.MainService } to com.tencent.qqmusic/.service.MainService from pid=6197 uid=10102 pkg=com.tencent.qqmusic startFg?=false
03-22 11:03:14.819 1512 5087 W ActivityManager: Background start not allowed: service Intent { cmp=com.tencent.qqmusic/.service.MainService } to com.tencent.qqmusic/.service.MainService from pid=6197 uid=10102 pkg=com.tencent.qqmusic startFg?=false
03-22 11:03:14.961 1512 5087 W ActivityManager: Background start not allowed: service Intent { cmp=com.tencent.qqmusic/.service.MainService } to com.tencent.qqmusic/.service.MainService from pid=6197 uid=10102 pkg=com.tencent.qqmusic startFg?=false
03-22 11:03:15.105 1512 5087 W ActivityManager: Background start not allowed: service Intent { cmp=com.tencent.qqmusic/.service.MainService } to com.tencent.qqmusic/.service.MainService from pid=6197 uid=10102 pkg=com.tencent.qqmusic startFg?=false
03-22 11:03:15.248 1512 5087 W ActivityManager: Background start not allowed: service Intent { cmp=com.tencent.qqmusic/.service.MainService } to com.tencent.qqmusic/.service.MainService from pid=6197 uid=10102 pkg=com.tencent.qqmusic startFg?=false
03-22 11:03:15.389 1512 5087 W ActivityManager: Background start not allowed: service Intent { cmp=com.tencent.qqmusic/.service.MainService } to com.tencent.qqmusic/.service.MainService from pid=6197 uid=10102 pkg=com.tencent.qqmusic startFg?=false
03-22 11:03:15.503 1512 5087 W ActivityManager: Background start not allowed: service Intent { cmp=com.tencent.qqmusic/.service.MainService } to com.tencent.qqmusic/.service.MainService from pid=6197 uid=10102 pkg=com.tencent.qqmusic startFg?=false
01-01 17:28:04.683 0 0 E DTC_Display: screen not ready
03-22 11:03:15.610 1512 5087 W ActivityManager: Background start not allowed: service Intent { cmp=com.tencent.qqmusic/.service.MainService } to com.tencent.qqmusic/.service.MainService from pid=6197 uid=10102 pkg=com.tencent.qqmusic startFg?=false
03-22 11:03:15.747 1512 5087 W ActivityManager: Background start not allowed: service Intent { cmp=com.tencent.qqmusic/.service.MainService } to com.tencent.qqmusic/.service.MainService from pid=6197 uid=10102 pkg=com.tencent.qqmusic startFg?=false
03-22 11:03:15.885 1512 5087 W ActivityManager: Background start not allowed: service Intent { cmp=com.tencent.qqmusic/.service.MainService } to com.tencent.qqmusic/.service.MainService from pid=6197 uid=10102 pkg=com.tencent.qqmusic startFg?=false
03-22 11:03:15.994 1512 5087 W ActivityManager: Background start not allowed: service Intent { cmp=com.tencent.qqmusic/.service.MainService } to com.tencent.qqmusic/.service.MainService from pid=6197 uid=10102 pkg=com.tencent.qqmusic startFg?=false
03-22 11:03:16.103 1512 5087 W ActivityManager: Background start not allowed: service Intent { cmp=com.tencent.qqmusic/.service.MainService } to com.tencent.qqmusic/.service.MainService from pid=6197 uid=10102 pkg=com.tencent.qqmusic startFg?=false
03-22 11:03:16.251 1512 5087 W ActivityManager: Background start not allowed: service Intent { cmp=com.tencent.qqmusic/.service.MainService } to com.tencent.qqmusic/.service.MainService from pid=6197 uid=10102 pkg=com.tencent.qqmusic startFg?=false
03-22 11:03:16.386 1512 5087 W ActivityManager: Background start not allowed: service Intent { cmp=com.tencent.qqmusic/.service.MainService } to com.tencent.qqmusic/.service.MainService from pid=6197 uid=10102 pkg=com.tencent.qqmusic startFg?=false
03-22 11:03:16.491 1512 5087 W ActivityManager: Background start not allowed: service Intent { cmp=com.tencent.qqmusic/.service.MainService } to com.tencent.qqmusic/.service.MainService from pid=6197 uid=10102 pkg=com.tencent.qqmusic startFg?=false
03-22 11:03:16.608 1512 5087 W ActivityManager: Background start not allowed: service Intent { cmp=com.tencent.qqmusic/.service.MainService } to com.tencent.qqmusic/.service.MainService from pid=6197 uid=10102 pkg=com.tencent.qqmusic startFg?=false
03-22 11:03:16.726 1512 5087 W ActivityManager: Background start not allowed: service Intent { cmp=com.tencent.qqmusic/.service.MainService } to com.tencent.qqmusic/.service.MainService from pid=6197 uid=10102 pkg=com.tencent.qqmusic startFg?=false
03-22 11:03:16.868 1512 5087 W ActivityManager: Background start not allowed: service Intent { cmp=com.tencent.qqmusic/.service.MainService } to com.tencent.qqmusic/.service.MainService from pid=6197 uid=10102 pkg=com.tencent.qqmusic startFg?=false
03-22 11:03:16.978 1512 5087 W ActivityManager: Background start not allowed: service Intent { cmp=com.tencent.qqmusic/.service.MainService } to com.tencent.qqmusic/.service.MainService from pid=6197 uid=10102 pkg=com.tencent.qqmusic startFg?=false
03-22 11:03:17.096 1512 5087 W ActivityManager: Background start not allowed: service Intent { cmp=com.tencent.qqmusic/.service.MainService } to com.tencent.qqmusic/.service.MainService from pid=6197 uid=10102 pkg=com.tencent.qqmusic startFg?=false
03-22 11:03:17.187 0 0 I auditd : type=1400 audit(0.0:21929): avc: denied { kill } for comm="swapper/1" capability=5 scontext=u:r:kernel:s0 tcontext=u:r:kernel:s0 tclass=capability permissive=0
03-22 11:03:17.217 1512 5087 W ActivityManager: Background start not allowed: service Intent { cmp=com.tencent.qqmusic/.service.MainService } to com.tencent.qqmusic/.service.MainService from pid=6197 uid=10102 pkg=com.tencent.qqmusic startFg?=false
03-22 11:03:17.325 1512 5087 W ActivityManager: Background start not allowed: service Intent { cmp=com.tencent.qqmusic/.service.MainService } to com.tencent.qqmusic/.service.MainService from pid=6197 uid=10102 pkg=com.tencent.qqmusic startFg?=false
03-22 11:03:17.443 1512 5087 W ActivityManager: Background start not allowed: service Intent { cmp=com.tencent.qqmusic/.service.MainService } to com.tencent.qqmusic/.service.MainService from pid=6197 uid=10102 pkg=com.tencent.qqmusic startFg?=false
03-22 11:03:17.523 1512 1751 I GameModeConfig: isGameModeOn = false
03-22 11:03:17.555 1512 5087 W ActivityManager: Background start not allowed: service Intent { cmp=com.tencent.qqmusic/.service.MainService } to com.tencent.qqmusic/.service.MainService from pid=6197 uid=10102 pkg=com.tencent.qqmusic startFg?=false
03-22 11:03:17.678 1512 5087 W ActivityManager: Background start not allowed: service Intent { cmp=com.tencent.qqmusic/.service.MainService } to com.tencent.qqmusic/.service.MainService from pid=6197 uid=10102 pkg=com.tencent.qqmusic startFg?=false
03-22 11:03:17.710 1512 1751 I GameModeConfig: isGameModeOn = false
03-22 11:03:17.820 1512 5087 W ActivityManager: Background start not allowed: service Intent { cmp=com.tencent.qqmusic/.service.MainService } to com.tencent.qqmusic/.service.MainService from pid=6197 uid=10102 pkg=com.tencent.qqmusic startFg?=false
03-22 11:03:17.928 1512 5087 W ActivityManager: Background start not allowed: service Intent { cmp=com.tencent.qqmusic/.service.MainService } to com.tencent.qqmusic/.service.MainService from pid=6197 uid=10102 pkg=com.tencent.qqmusic startFg?=false
03-22 11:03:18.044 1512 5087 W ActivityManager: Background start not allowed: service Intent { cmp=com.tencent.qqmusic/.service.MainService } to com.tencent.qqmusic/.service.MainService from pid=6197 uid=10102 pkg=com.tencent.qqmusic startFg?=false
03-22 11:03:18.156 1512 5087 W ActivityManager: Background start not allowed: service Intent { cmp=com.tencent.qqmusic/.service.MainService } to com.tencent.qqmusic/.service.MainService from pid=6197 uid=10102 pkg=com.tencent.qqmusic startFg?=false
03-22 11:03:18.191 0 0 I auditd : type=1400 audit(0.0:21930): avc: denied { kill } for comm="swapper/1" capability=5 scontext=u:r:kernel:s0 tcontext=u:r:kernel:s0 tclass=capability permissive=0
03-22 11:03:18.283 1512 5087 W ActivityManager: Background start not allowed: service Intent { cmp=com.tencent.qqmusic/.service.MainService } to com.tencent.qqmusic/.service.MainService from pid=6197 uid=10102 pkg=com.tencent.qqmusic startFg?=false
01-01 17:28:07.459 0 0 E DTC_ETH,link_delay_work_func: 3003, SQI=0, link=0
