03-22 10:42:25.191 0 0 I auditd : type=1400 audit(0.0:20567): avc: denied { kill } for comm="swapper/0" capability=5 scontext=u:r:kernel:s0 tcontext=u:r:kernel:s0 tclass=capability permissive=0
03-22 10:42:26.191 0 0 I auditd : type=1400 audit(0.0:20568): avc: denied { kill } for comm="swapper/0" capability=5 scontext=u:r:kernel:s0 tcontext=u:r:kernel:s0 tclass=capability permissive=0
03-22 10:42:27.191 0 0 I auditd : type=1400 audit(0.0:20569): avc: denied { kill } for comm="swapper/0" capability=5 scontext=u:r:kernel:s0 tcontext=u:r:kernel:s0 tclass=capability permissive=0
01-01 17:07:16.516 0 0 E DTC_Display: screen not ready
03-22 10:42:28.187 0 0 I auditd : type=1400 audit(0.0:20570): avc: denied { kill } for comm="swapper/0" capability=5 scontext=u:r:kernel:s0 tcontext=u:r:kernel:s0 tclass=capability permissive=0
01-01 17:07:18.179 0 0 E DTC_ETH,link_delay_work_func: 3003, SQI=0, link=0
03-22 10:42:29.187 0 0 I auditd : type=1400 audit(0.0:20571): avc: denied { kill } for comm="swapper/0" capability=5 scontext=u:r:kernel:s0 tcontext=u:r:kernel:s0 tclass=capability permissive=0
03-22 10:42:30.187 0 0 I auditd : type=1400 audit(0.0:20572): avc: denied { kill } for comm="swapper/0" capability=5 scontext=u:r:kernel:s0 tcontext=u:r:kernel:s0 tclass=capability permissive=0
03-22 10:42:31.187 0 0 I auditd : type=1400 audit(0.0:20573): avc: denied { kill } for comm="swapper/0" capability=5 scontext=u:r:kernel:s0 tcontext=u:r:kernel:s0 tclass=capability permissive=0
03-22 10:42:32.187 0 0 I auditd : type=1400 audit(0.0:20574): avc: denied { kill } for comm="swapper/0" capability=5 scontext=u:r:kernel:s0 tcontext=u:r:kernel:s0 tclass=capability permissive=0
03-22 10:42:33.187 0 0 I auditd : type=1400 audit(0.0:20575): avc: denied { kill } for comm="swapper/0" capability=5 scontext=u:r:kernel:s0 tcontext=u:r:kernel:s0 tclass=capability permissive=0
03-22 10:42:34.191 0 0 I auditd : type=1400 audit(0.0:20576): avc: denied { kill } for comm="swapper/0" capability=5 scontext=u:r:kernel:s0 tcontext=u:r:kernel:s0 tclass=capability permissive=0
01-01 17:07:23.299 0 0 E DTC_ETH,link_delay_work_func: 3003, SQI=0, link=0
03-22 10:42:35.187 0 0 I auditd : type=1400 audit(0.0:20577): avc: denied { kill } for comm="swapper/0" capability=5 scontext=u:r:kernel:s0 tcontext=u:r:kernel:s0 tclass=capability permissive=0
01-01 17:07:24.579 0 0 E DTC_Display: screen not ready
03-22 10:42:36.191 0 0 I auditd : type=1400 audit(0.0:20578): avc: denied { kill } for comm="swapper/0" capability=5 scontext=u:r:kernel:s0 tcontext=u:r:kernel:s0 tclass=capability permissive=0
03-22 10:42:37.191 0 0 I auditd : type=1400 audit(0.0:20579): avc: denied { kill } for comm="swapper/0" capability=5 scontext=u:r:kernel:s0 tcontext=u:r:kernel:s0 tclass=capability permissive=0
03-22 10:42:38.187 0 0 I auditd : type=1400 audit(0.0:20580): avc: denied { kill } for comm="swapper/0" capability=5 scontext=u:r:kernel:s0 tcontext=u:r:kernel:s0 tclass=capability permissive=0
03-22 10:42:39.187 0 0 I auditd : type=1400 audit(0.0:20581): avc: denied { kill } for comm="swapper/0" capability=5 scontext=u:r:kernel:s0 tcontext=u:r:kernel:s0 tclass=capability permissive=0
01-01 17:07:28.419 0 0 E DTC_ETH,link_delay_work_func: 3003, SQI=0, link=0
03-22 10:42:40.187 0 0 I auditd : type=1400 audit(0.0:20582): avc: denied { kill } for comm="swapper/0" capability=5 scontext=u:r:kernel:s0 tcontext=u:r:kernel:s0 tclass=capability permissive=0
03-22 10:42:41.187 0 0 I auditd : type=1400 audit(0.0:20583): avc: denied { kill } for comm="swapper/0" capability=5 scontext=u:r:kernel:s0 tcontext=u:r:kernel:s0 tclass=capability permissive=0
03-22 10:42:42.187 0 0 I auditd : type=1400 audit(0.0:20584): avc: denied { kill } for comm="swapper/0" capability=5 scontext=u:r:kernel:s0 tcontext=u:r:kernel:s0 tclass=capability permissive=0
03-22 10:42:43.187 0 0 I auditd : type=1400 audit(0.0:20585): avc: denied { kill } for comm="swapper/0" capability=5 scontext=u:r:kernel:s0 tcontext=u:r:kernel:s0 tclass=capability permissive=0
01-01 17:07:32.643 0 0 E DTC_Display: screen not ready
03-22 10:42:44.191 0 0 I auditd : type=1400 audit(0.0:20586): avc: denied { kill } for comm="swapper/0" capability=5 scontext=u:r:kernel:s0 tcontext=u:r:kernel:s0 tclass=capability permissive=0
01-01 17:07:33.539 0 0 E DTC_ETH,link_delay_work_func: 3003, SQI=0, link=0
03-22 10:42:45.187 0 0 I auditd : type=1400 audit(0.0:20587): avc: denied { kill } for comm="swapper/0" capability=5 scontext=u:r:kernel:s0 tcontext=u:r:kernel:s0 tclass=capability permissive=0
03-22 10:42:46.191 0 0 I auditd : type=1400 audit(0.0:20588): avc: denied { kill } for comm="swapper/0" capability=5 scontext=u:r:kernel:s0 tcontext=u:r:kernel:s0 tclass=capability permissive=0
03-22 10:42:47.187 0 0 I auditd : type=1400 audit(0.0:20589): avc: denied { kill } for comm="swapper/0" capability=5 scontext=u:r:kernel:s0 tcontext=u:r:kernel:s0 tclass=capability permissive=0
03-22 10:42:48.191 0 0 I auditd : type=1400 audit(0.0:20590): avc: denied { kill } for comm="swapper/0" capability=5 scontext=u:r:kernel:s0 tcontext=u:r:kernel:s0 tclass=capability permissive=0
03-22 10:42:49.187 0 0 I auditd : type=1400 audit(0.0:20591): avc: denied { kill } for comm="swapper/0" capability=5 scontext=u:r:kernel:s0 tcontext=u:r:kernel:s0 tclass=capability permissive=0
01-01 17:07:38.659 0 0 E DTC_ETH,link_delay_work_func: 3003, SQI=0, link=0
03-22 10:42:50.191 0 0 I auditd : type=1400 audit(0.0:20592): avc: denied { kill } for comm="swapper/0" capability=5 scontext=u:r:kernel:s0 tcontext=u:r:kernel:s0 tclass=capability permissive=0
03-22 10:42:51.187 0 0 I auditd : type=1400 audit(0.0:20593): avc: denied { kill } for comm="swapper/0" capability=5 scontext=u:r:kernel:s0 tcontext=u:r:kernel:s0 tclass=capability permissive=0
01-01 17:07:40.711 0 0 E DTC_Display: screen not ready
03-22 10:42:52.191 9 9 I auditd : type=1400 audit(0.0:20594): avc: denied { kill } for comm="ksoftirqd/0" capability=5 scontext=u:r:kernel:s0 tcontext=u:r:kernel:s0 tclass=capability permissive=0
03-22 10:42:53.187 0 0 I auditd : type=1400 audit(0.0:20595): avc: denied { kill } for comm="swapper/0" capability=5 scontext=u:r:kernel:s0 tcontext=u:r:kernel:s0 tclass=capability permissive=0
03-22 10:42:54.191 0 0 I auditd : type=1400 audit(0.0:20596): avc: denied { kill } for comm="swapper/0" capability=5 scontext=u:r:kernel:s0 tcontext=u:r:kernel:s0 tclass=capability permissive=0
01-01 17:07:43.779 0 0 E DTC_ETH,link_delay_work_func: 3003, SQI=0, link=0
03-22 10:42:55.187 0 0 I auditd : type=1400 audit(0.0:20597): avc: denied { kill } for comm="swapper/0" capability=5 scontext=u:r:kernel:s0 tcontext=u:r:kernel:s0 tclass=capability permissive=0
03-22 10:42:56.187 0 0 I auditd : type=1400 audit(0.0:20598): avc: denied { kill } for comm="swapper/0" capability=5 scontext=u:r:kernel:s0 tcontext=u:r:kernel:s0 tclass=capability permissive=0
03-22 10:42:57.187 0 0 I auditd : type=1400 audit(0.0:20599): avc: denied { kill } for comm="swapper/0" capability=5 scontext=u:r:kernel:s0 tcontext=u:r:kernel:s0 tclass=capability permissive=0
03-22 10:42:58.191 0 0 I auditd : type=1400 audit(0.0:20600): avc: denied { kill } for comm="swapper/0" capability=5 scontext=u:r:kernel:s0 tcontext=u:r:kernel:s0 tclass=capability permissive=0
01-01 17:07:48.772 0 0 E DTC_Display: screen not ready
01-01 17:07:48.899 0 0 E DTC_ETH,link_delay_work_func: 3003, SQI=0, link=0
03-22 10:43:00.187 0 0 I auditd : type=1400 audit(0.0:20601): avc: denied { kill } for comm="swapper/0" capability=5 scontext=u:r:kernel:s0 tcontext=u:r:kernel:s0 tclass=capability permissive=0
03-22 10:43:01.187 0 0 I auditd : type=1400 audit(0.0:20602): avc: denied { kill } for comm="swapper/0" capability=5 scontext=u:r:kernel:s0 tcontext=u:r:kernel:s0 tclass=capability permissive=0
03-22 10:43:02.191 0 0 I auditd : type=1400 audit(0.0:20603): avc: denied { kill } for comm="swapper/0" capability=5 scontext=u:r:kernel:s0 tcontext=u:r:kernel:s0 tclass=capability permissive=0
01-01 17:07:51.684 0 0 I msm_vidc: err : ffffffff: .....: DBLP Set: status 0
03-22 10:43:03.187 0 0 I auditd : type=1400 audit(0.0:20604): avc: denied { kill } for comm="swapper/0" capability=5 scontext=u:r:kernel:s0 tcontext=u:r:kernel:s0 tclass=capability permissive=0
03-22 10:43:04.191 0 0 I auditd : type=1400 audit(0.0:20605): avc: denied { kill } for comm="swapper/0" capability=5 scontext=u:r:kernel:s0 tcontext=u:r:kernel:s0 tclass=capability permissive=0
01-01 17:07:54.019 0 0 E DTC_ETH,link_delay_work_func: 3003, SQI=0, link=0
03-22 10:43:05.191 0 0 I auditd : type=1400 audit(0.0:20606): avc: denied { kill } for comm="swapper/0" capability=5 scontext=u:r:kernel:s0 tcontext=u:r:kernel:s0 tclass=capability permissive=0
03-22 10:43:06.191 0 0 I auditd : type=1400 audit(0.0:20607): avc: denied { kill } for comm="swapper/0" capability=5 scontext=u:r:kernel:s0 tcontext=u:r:kernel:s0 tclass=capability permissive=0
03-22 10:43:07.191 0 0 I auditd : type=1400 audit(0.0:20608): avc: denied { kill } for comm="swapper/0" capability=5 scontext=u:r:kernel:s0 tcontext=u:r:kernel:s0 tclass=capability permissive=0
01-01 17:07:56.627 0 0 E DTC_Display: screen not ready
03-22 10:43:08.187 0 0 I auditd : type=1400 audit(0.0:20609): avc: denied { kill } for comm="swapper/0" capability=5 scontext=u:r:kernel:s0 tcontext=u:r:kernel:s0 tclass=capability permissive=0
03-22 10:43:09.191 0 0 I auditd : type=1400 audit(0.0:20610): avc: denied { kill } for comm="swapper/0" capability=5 scontext=u:r:kernel:s0 tcontext=u:r:kernel:s0 tclass=capability permissive=0
01-01 17:07:59.139 0 0 E DTC_ETH,link_delay_work_func: 3003, SQI=0, link=0
03-22 10:43:10.191 0 0 I auditd : type=1400 audit(0.0:20611): avc: denied { kill } for comm="swapper/0" capability=5 scontext=u:r:kernel:s0 tcontext=u:r:kernel:s0 tclass=capability permissive=0
03-22 10:43:11.187 0 0 I auditd : type=1400 audit(0.0:20612): avc: denied { kill } for comm="swapper/0" capability=5 scontext=u:r:kernel:s0 tcontext=u:r:kernel:s0 tclass=capability permissive=0
01-01 17:08:00.713 0 0 I binder : 1512:1685 ioctl 400c620e 72e577c5d8 returned -22
03-22 10:43:11.615 1512 1685 I am_freeze: [1132,com.tencent.qqmusic:QQPlayerService]
03-22 10:43:11.616 1512 1685 I am_kill : [0,1132,com.tencent.qqmusic:QQPlayerService,910,Unable to freeze binder interface]
01-01 17:08:00.716 0 0 I binder : 1512:1685 ioctl c00c620f 72e577c5b8 returned -22
03-22 10:43:11.661 1512 11766 I am_proc_died: [0,1132,com.tencent.qqmusic:QQPlayerService,910,17]
03-22 10:43:11.662 1512 11766 I am_schedule_service_restart: [0,com.tencent.qqmusic/com.tencent.qqmusicplayerprocess.servicenew.QQPlayerServiceNew,1000]
03-22 10:43:11.671 1512 1618 I am_pss : [3904,10104,com.thundersoft.notificationtest1,18078720,13385728,52224,101580800,0,19,7]
03-22 10:43:11.678 1512 1618 I am_pss : [3905,10030,com.android.documentsui,12946432,9519104,52224,102825984,0,19,6]
03-22 10:43:12.691 1512 1620 I am_proc_start: [0,4051,10102,com.tencent.qqmusic:QQPlayerService,service,{com.tencent.qqmusic/com.tencent.qqmusicplayerprocess.servicenew.QQPlayerServiceNew}]
01-01 17:08:01.820 0 0 I binder : 4051:4051 ioctl 40046210 7fff294234 returned -22
03-22 10:43:12.725 1512 11766 I am_proc_bound: [0,4051,com.tencent.qqmusic:QQPlayerService]
03-22 10:43:12.995 4051 4051 I auditd : type=1400 audit(0.0:20613): avc: granted { nlmsg_readpriv } for comm="QQPlayerService" scontext=u:r:untrusted_app_29:s0:c102,c256,c512,c768 tcontext=u:r:untrusted_app_29:s0:c102,c256,c512,c768 tclass=netlink_route_socket app=com.tencent.qqmusic
03-22 10:43:13.390 1512 1684 I commit_sys_config_file: [settings-2-0,4]
03-22 10:43:14.191 0 0 I auditd : type=1400 audit(0.0:20614): avc: denied { kill } for comm="swapper/3" capability=5 scontext=u:r:kernel:s0 tcontext=u:r:kernel:s0 tclass=capability permissive=0
01-01 17:08:04.259 0 0 E DTC_ETH,link_delay_work_func: 3003, SQI=0, link=0
03-22 10:43:15.191 0 0 I auditd : type=1400 audit(0.0:20615): avc: denied { kill } for comm="swapper/3" capability=5 scontext=u:r:kernel:s0 tcontext=u:r:kernel:s0 tclass=capability permissive=0
01-01 17:08:04.375 0 0 E DTC_Display: screen not ready
03-22 10:43:16.187 0 0 I auditd : type=1400 audit(0.0:20616): avc: denied { kill } for comm="swapper/3" capability=5 scontext=u:r:kernel:s0 tcontext=u:r:kernel:s0 tclass=capability permissive=0
03-22 10:43:17.187 0 0 I auditd : type=1400 audit(0.0:20617): avc: denied { kill } for comm="swapper/3" capability=5 scontext=u:r:kernel:s0 tcontext=u:r:kernel:s0 tclass=capability permissive=0
03-22 10:43:18.187 0 0 I auditd : type=1400 audit(0.0:20618): avc: denied { kill } for comm="swapper/3" capability=5 scontext=u:r:kernel:s0 tcontext=u:r:kernel:s0 tclass=capability permissive=0
03-22 10:43:19.187 0 0 I auditd : type=1400 audit(0.0:20619): avc: denied { kill } for comm="swapper/3" capability=5 scontext=u:r:kernel:s0 tcontext=u:r:kernel:s0 tclass=capability permissive=0
03-22 10:43:20.187 0 0 I auditd : type=1400 audit(0.0:20620): avc: denied { kill } for comm="swapper/3" capability=5 scontext=u:r:kernel:s0 tcontext=u:r:kernel:s0 tclass=capability permissive=0
01-01 17:08:09.379 0 0 E DTC_ETH,link_delay_work_func: 3003, SQI=0, link=0
03-22 10:43:21.191 0 0 I auditd : type=1400 audit(0.0:20621): avc: denied { kill } for comm="swapper/3" capability=5 scontext=u:r:kernel:s0 tcontext=u:r:kernel:s0 tclass=capability permissive=0
03-22 10:43:22.187 0 0 I auditd : type=1400 audit(0.0:20622): avc: denied { kill } for comm="swapper/3" capability=5 scontext=u:r:kernel:s0 tcontext=u:r:kernel:s0 tclass=capability permissive=0
01-01 17:08:12.108 0 0 E DTC_Display: screen not ready
03-22 10:43:23.187 0 0 I auditd : type=1400 audit(0.0:20623): avc: denied { kill } for comm="swapper/3" capability=5 scontext=u:r:kernel:s0 tcontext=u:r:kernel:s0 tclass=capability permissive=0
03-22 10:43:24.187 0 0 I auditd : type=1400 audit(0.0:20624): avc: denied { kill } for comm="swapper/3" capability=5 scontext=u:r:kernel:s0 tcontext=u:r:kernel:s0 tclass=capability permissive=0
03-22 10:43:25.191 0 0 I auditd : type=1400 audit(0.0:20625): avc: denied { kill } for comm="swapper/3" capability=5 scontext=u:r:kernel:s0 tcontext=u:r:kernel:s0 tclass=capability permissive=0
01-01 17:08:14.499 0 0 E DTC_ETH,link_delay_work_func: 3003, SQI=0, link=0
03-22 10:43:26.191 0 0 I auditd : type=1400 audit(0.0:20626): avc: denied { kill } for comm="swapper/3" capability=5 scontext=u:r:kernel:s0 tcontext=u:r:kernel:s0 tclass=capability permissive=0
03-22 10:43:27.187 0 0 I auditd : type=1400 audit(0.0:20627): avc: denied { kill } for comm="swapper/3" capability=5 scontext=u:r:kernel:s0 tcontext=u:r:kernel:s0 tclass=capability permissive=0
03-22 10:43:28.187 0 0 I auditd : type=1400 audit(0.0:20628): avc: denied { kill } for comm="swapper/3" capability=5 scontext=u:r:kernel:s0 tcontext=u:r:kernel:s0 tclass=capability permissive=0
03-22 10:43:29.187 0 0 I auditd : type=1400 audit(0.0:20629): avc: denied { kill } for comm="swapper/3" capability=5 scontext=u:r:kernel:s0 tcontext=u:r:kernel:s0 tclass=capability permissive=0
03-22 10:43:30.191 0 0 I auditd : type=1400 audit(0.0:20630): avc: denied { kill } for comm="swapper/3" capability=5 scontext=u:r:kernel:s0 tcontext=u:r:kernel:s0 tclass=capability permissive=0
01-01 17:08:19.619 0 0 E DTC_ETH,link_delay_work_func: 3003, SQI=0, link=0
01-01 17:08:20.164 0 0 E DTC_Display: screen not ready
03-22 10:43:31.187 0 0 I auditd : type=1400 audit(0.0:20631): avc: denied { kill } for comm="swapper/3" capability=5 scontext=u:r:kernel:s0 tcontext=u:r:kernel:s0 tclass=capability permissive=0
03-22 10:43:32.191 0 0 I auditd : type=1400 audit(0.0:20632): avc: denied { kill } for comm="swapper/3" capability=5 scontext=u:r:kernel:s0 tcontext=u:r:kernel:s0 tclass=capability permissive=0
03-22 10:43:33.187 0 0 I auditd : type=1400 audit(0.0:20633): avc: denied { kill } for comm="swapper/3" capability=5 scontext=u:r:kernel:s0 tcontext=u:r:kernel:s0 tclass=capability permissive=0
03-22 10:43:34.187 0 0 I auditd : type=1400 audit(0.0:20634): avc: denied { kill } for comm="swapper/3" capability=5 scontext=u:r:kernel:s0 tcontext=u:r:kernel:s0 tclass=capability permissive=0
03-22 10:43:35.187 0 0 I auditd : type=1400 audit(0.0:20635): avc: denied { kill } for comm="swapper/3" capability=5 scontext=u:r:kernel:s0 tcontext=u:r:kernel:s0 tclass=capability permissive=0 --------- beginning of system
03-22 10:43:35.434 1512 6982 W ActivityManager: Background start not allowed: service Intent { cmp=com.tencent.qqmusic/.service.MainService } to com.tencent.qqmusic/.service.MainService from pid=4051 uid=10102 pkg=com.tencent.qqmusic startFg?=false
03-22 10:43:35.558 1512 6982 W ActivityManager: Background start not allowed: service Intent { cmp=com.tencent.qqmusic/.service.MainService } to com.tencent.qqmusic/.service.MainService from pid=4051 uid=10102 pkg=com.tencent.qqmusic startFg?=false
01-01 17:08:24.739 0 0 E DTC_ETH,link_delay_work_func: 3003, SQI=0, link=0
03-22 10:43:35.675 1512 6982 W ActivityManager: Background start not allowed: service Intent { cmp=com.tencent.qqmusic/.service.MainService } to com.tencent.qqmusic/.service.MainService from pid=4051 uid=10102 pkg=com.tencent.qqmusic startFg?=false
03-22 10:43:35.792 1512 6982 W ActivityManager: Background start not allowed: service Intent { cmp=com.tencent.qqmusic/.service.MainService } to com.tencent.qqmusic/.service.MainService from pid=4051 uid=10102 pkg=com.tencent.qqmusic startFg?=false
03-22 10:43:35.909 1512 6982 W ActivityManager: Background start not allowed: service Intent { cmp=com.tencent.qqmusic/.service.MainService } to com.tencent.qqmusic/.service.MainService from pid=4051 uid=10102 pkg=com.tencent.qqmusic startFg?=false
03-22 10:43:36.025 1512 6982 W ActivityManager: Background start not allowed: service Intent { cmp=com.tencent.qqmusic/.service.MainService } to com.tencent.qqmusic/.service.MainService from pid=4051 uid=10102 pkg=com.tencent.qqmusic startFg?=false
03-22 10:43:36.159 1512 6982 W ActivityManager: Background start not allowed: service Intent { cmp=com.tencent.qqmusic/.service.MainService } to com.tencent.qqmusic/.service.MainService from pid=4051 uid=10102 pkg=com.tencent.qqmusic startFg?=false
03-22 10:43:36.187 0 0 I auditd : type=1400 audit(0.0:20636): avc: denied { kill } for comm="swapper/3" capability=5 scontext=u:r:kernel:s0 tcontext=u:r:kernel:s0 tclass=capability permissive=0
03-22 10:43:36.265 1512 6982 W ActivityManager: Background start not allowed: service Intent { cmp=com.tencent.qqmusic/.service.MainService } to com.tencent.qqmusic/.service.MainService from pid=4051 uid=10102 pkg=com.tencent.qqmusic startFg?=false
03-22 10:43:36.374 1512 6982 W ActivityManager: Background start not allowed: service Intent { cmp=com.tencent.qqmusic/.service.MainService } to com.tencent.qqmusic/.service.MainService from pid=4051 uid=10102 pkg=com.tencent.qqmusic startFg?=false
03-22 10:43:36.517 1512 6982 W ActivityManager: Background start not allowed: service Intent { cmp=com.tencent.qqmusic/.service.MainService } to com.tencent.qqmusic/.service.MainService from pid=4051 uid=10102 pkg=com.tencent.qqmusic startFg?=false
03-22 10:43:36.636 1512 6982 W ActivityManager: Background start not allowed: service Intent { cmp=com.tencent.qqmusic/.service.MainService } to com.tencent.qqmusic/.service.MainService from pid=4051 uid=10102 pkg=com.tencent.qqmusic startFg?=false
03-22 10:43:36.745 1512 6982 W ActivityManager: Background start not allowed: service Intent { cmp=com.tencent.qqmusic/.service.MainService } to com.tencent.qqmusic/.service.MainService from pid=4051 uid=10102 pkg=com.tencent.qqmusic startFg?=false
03-22 10:43:36.880 1512 6982 W ActivityManager: Background start not allowed: service Intent { cmp=com.tencent.qqmusic/.service.MainService } to com.tencent.qqmusic/.service.MainService from pid=4051 uid=10102 pkg=com.tencent.qqmusic startFg?=false
03-22 10:43:36.993 1512 6982 W ActivityManager: Background start not allowed: service Intent { cmp=com.tencent.qqmusic/.service.MainService } to com.tencent.qqmusic/.service.MainService from pid=4051 uid=10102 pkg=com.tencent.qqmusic startFg?=false
03-22 10:43:37.135 1512 6982 W ActivityManager: Background start not allowed: service Intent { cmp=com.tencent.qqmusic/.service.MainService } to com.tencent.qqmusic/.service.MainService from pid=4051 uid=10102 pkg=com.tencent.qqmusic startFg?=false
03-22 10:43:37.191 0 0 I auditd : type=1400 audit(0.0:20637): avc: denied { kill } for comm="swapper/3" capability=5 scontext=u:r:kernel:s0 tcontext=u:r:kernel:s0 tclass=capability permissive=0
03-22 10:43:37.277 1512 6982 W ActivityManager: Background start not allowed: service Intent { cmp=com.tencent.qqmusic/.service.MainService } to com.tencent.qqmusic/.service.MainService from pid=4051 uid=10102 pkg=com.tencent.qqmusic startFg?=false
03-22 10:43:37.398 1512 6982 W ActivityManager: Background start not allowed: service Intent { cmp=com.tencent.qqmusic/.service.MainService } to com.tencent.qqmusic/.service.MainService from pid=4051 uid=10102 pkg=com.tencent.qqmusic startFg?=false
03-22 10:43:37.520 1512 6982 W ActivityManager: Background start not allowed: service Intent { cmp=com.tencent.qqmusic/.service.MainService } to com.tencent.qqmusic/.service.MainService from pid=4051 uid=10102 pkg=com.tencent.qqmusic startFg?=false
03-22 10:43:37.642 1512 6982 W ActivityManager: Background start not allowed: service Intent { cmp=com.tencent.qqmusic/.service.MainService } to com.tencent.qqmusic/.service.MainService from pid=4051 uid=10102 pkg=com.tencent.qqmusic startFg?=false
03-22 10:43:37.784 1512 6982 W ActivityManager: Background start not allowed: service Intent { cmp=com.tencent.qqmusic/.service.MainService } to com.tencent.qqmusic/.service.MainService from pid=4051 uid=10102 pkg=com.tencent.qqmusic startFg?=false
03-22 10:43:37.915 1512 6982 W ActivityManager: Background start not allowed: service Intent { cmp=com.tencent.qqmusic/.service.MainService } to com.tencent.qqmusic/.service.MainService from pid=4051 uid=10102 pkg=com.tencent.qqmusic startFg?=false
03-22 10:43:38.035 1512 6982 W ActivityManager: Background start not allowed: service Intent { cmp=com.tencent.qqmusic/.service.MainService } to com.tencent.qqmusic/.service.MainService from pid=4051 uid=10102 pkg=com.tencent.qqmusic startFg?=false
03-22 10:43:38.141 1512 6982 W ActivityManager: Background start not allowed: service Intent { cmp=com.tencent.qqmusic/.service.MainService } to com.tencent.qqmusic/.service.MainService from pid=4051 uid=10102 pkg=com.tencent.qqmusic startFg?=false
03-22 10:43:38.191 0 0 I auditd : type=1400 audit(0.0:20638): avc: denied { kill } for comm="swapper/3" capability=5 scontext=u:r:kernel:s0 tcontext=u:r:kernel:s0 tclass=capability permissive=0
03-22 10:43:38.263 1512 6982 W ActivityManager: Background start not allowed: service Intent { cmp=com.tencent.qqmusic/.service.MainService } to com.tencent.qqmusic/.service.MainService from pid=4051 uid=10102 pkg=com.tencent.qqmusic startFg?=false
03-22 10:43:38.384 1512 6982 W ActivityManager: Background start not allowed: service Intent { cmp=com.tencent.qqmusic/.service.MainService } to com.tencent.qqmusic/.service.MainService from pid=4051 uid=10102 pkg=com.tencent.qqmusic startFg?=false
03-22 10:43:38.506 1512 6982 W ActivityManager: Background start not allowed: service Intent { cmp=com.tencent.qqmusic/.service.MainService } to com.tencent.qqmusic/.service.MainService from pid=4051 uid=10102 pkg=com.tencent.qqmusic startFg?=false
03-22 10:43:38.627 1512 6982 W ActivityManager: Background start not allowed: service Intent { cmp=com.tencent.qqmusic/.service.MainService } to com.tencent.qqmusic/.service.MainService from pid=4051 uid=10102 pkg=com.tencent.qqmusic startFg?=false
03-22 10:43:38.748 1512 6982 W ActivityManager: Background start not allowed: service Intent { cmp=com.tencent.qqmusic/.service.MainService } to com.tencent.qqmusic/.service.MainService from pid=4051 uid=10102 pkg=com.tencent.qqmusic startFg?=false
03-22 10:43:38.870 1512 6982 W ActivityManager: Background start not allowed: service Intent { cmp=com.tencent.qqmusic/.service.MainService } to com.tencent.qqmusic/.service.MainService from pid=4051 uid=10102 pkg=com.tencent.qqmusic startFg?=false
03-22 10:43:38.992 1512 6982 W ActivityManager: Background start not allowed: service Intent { cmp=com.tencent.qqmusic/.service.MainService } to com.tencent.qqmusic/.service.MainService from pid=4051 uid=10102 pkg=com.tencent.qqmusic startFg?=false
03-22 10:43:39.114 1512 6982 W ActivityManager: Background start not allowed: service Intent { cmp=com.tencent.qqmusic/.service.MainService } to com.tencent.qqmusic/.service.MainService from pid=4051 uid=10102 pkg=com.tencent.qqmusic startFg?=false
01-01 17:08:28.232 0 0 E DTC_Display: screen not ready
03-22 10:43:39.187 0 0 I auditd : type=1400 audit(0.0:20639): avc: denied { kill } for comm="swapper/3" capability=5 scontext=u:r:kernel:s0 tcontext=u:r:kernel:s0 tclass=capability permissive=0
03-22 10:43:39.235 1512 6982 W ActivityManager: Background start not allowed: service Intent { cmp=com.tencent.qqmusic/.service.MainService } to com.tencent.qqmusic/.service.MainService from pid=4051 uid=10102 pkg=com.tencent.qqmusic startFg?=false
03-22 10:43:39.358 1512 6982 W ActivityManager: Background start not allowed: service Intent { cmp=com.tencent.qqmusic/.service.MainService } to com.tencent.qqmusic/.service.MainService from pid=4051 uid=10102 pkg=com.tencent.qqmusic startFg?=false
03-22 10:43:39.499 1512 6982 W ActivityManager: Background start not allowed: service Intent { cmp=com.tencent.qqmusic/.service.MainService } to com.tencent.qqmusic/.service.MainService from pid=4051 uid=10102 pkg=com.tencent.qqmusic startFg?=false
03-22 10:43:39.640 1512 6982 W ActivityManager: Background start not allowed: service Intent { cmp=com.tencent.qqmusic/.service.MainService } to com.tencent.qqmusic/.service.MainService from pid=4051 uid=10102 pkg=com.tencent.qqmusic startFg?=false
03-22 10:43:39.783 1512 6982 W ActivityManager: Background start not allowed: service Intent { cmp=com.tencent.qqmusic/.service.MainService } to com.tencent.qqmusic/.service.MainService from pid=4051 uid=10102 pkg=com.tencent.qqmusic startFg?=false
03-22 10:43:39.916 1512 6982 W ActivityManager: Background start not allowed: service Intent { cmp=com.tencent.qqmusic/.service.MainService } to com.tencent.qqmusic/.service.MainService from pid=4051 uid=10102 pkg=com.tencent.qqmusic startFg?=false
03-22 10:43:40.053 1512 6982 W ActivityManager: Background start not allowed: service Intent { cmp=com.tencent.qqmusic/.service.MainService } to com.tencent.qqmusic/.service.MainService from pid=4051 uid=10102 pkg=com.tencent.qqmusic startFg?=false
03-22 10:43:40.191 0 0 I auditd : type=1400 audit(0.0:20640): avc: denied { kill } for comm="swapper/3" capability=5 scontext=u:r:kernel:s0 tcontext=u:r:kernel:s0 tclass=capability permissive=0
03-22 10:43:40.195 1512 6982 W ActivityManager: Background start not allowed: service Intent { cmp=com.tencent.qqmusic/.service.MainService } to com.tencent.qqmusic/.service.MainService from pid=4051 uid=10102 pkg=com.tencent.qqmusic startFg?=false
03-22 10:43:40.337 1512 6982 W ActivityManager: Background start not allowed: service Intent { cmp=com.tencent.qqmusic/.service.MainService } to com.tencent.qqmusic/.service.MainService from pid=4051 uid=10102 pkg=com.tencent.qqmusic startFg?=false
03-22 10:43:40.478 1512 6982 W ActivityManager: Background start not allowed: service Intent { cmp=com.tencent.qqmusic/.service.MainService } to com.tencent.qqmusic/.service.MainService from pid=4051 uid=10102 pkg=com.tencent.qqmusic startFg?=false
03-22 10:43:40.618 1512 6982 W ActivityManager: Background start not allowed: service Intent { cmp=com.tencent.qqmusic/.service.MainService } to com.tencent.qqmusic/.service.MainService from pid=4051 uid=10102 pkg=com.tencent.qqmusic startFg?=false
03-22 10:43:40.762 1512 6982 W ActivityManager: Background start not allowed: service Intent { cmp=com.tencent.qqmusic/.service.MainService } to com.tencent.qqmusic/.service.MainService from pid=4051 uid=10102 pkg=com.tencent.qqmusic startFg?=false
01-01 17:08:29.859 0 0 E DTC_ETH,link_delay_work_func: 3003, SQI=0, link=0
03-22 10:43:41.191 0 0 I auditd : type=1400 audit(0.0:20641): avc: denied { kill } for comm="swapper/3" capability=5 scontext=u:r:kernel:s0 tcontext=u:r:kernel:s0 tclass=capability permissive=0
03-22 10:43:42.187 0 0 I auditd : type=1400 audit(0.0:20642): avc: denied { kill } for comm="swapper/3" capability=5 scontext=u:r:kernel:s0 tcontext=u:r:kernel:s0 tclass=capability permissive=0
03-22 10:43:43.191 0 0 I auditd : type=1400 audit(0.0:20643): avc: denied { kill } for comm="swapper/3" capability=5 scontext=u:r:kernel:s0 tcontext=u:r:kernel:s0 tclass=capability permissive=0
03-22 10:43:44.187 0 0 I auditd : type=1400 audit(0.0:20644): avc: denied { kill } for comm="swapper/3" capability=5 scontext=u:r:kernel:s0 tcontext=u:r:kernel:s0 tclass=capability permissive=0
03-22 10:43:45.191 0 0 I auditd : type=1400 audit(0.0:20645): avc: denied { kill } for comm="swapper/3" capability=5 scontext=u:r:kernel:s0 tcontext=u:r:kernel:s0 tclass=capability permissive=0
01-01 17:08:34.983 0 0 E DTC_ETH,link_delay_work_func: 3003, SQI=0, link=0
03-22 10:43:46.187 0 0 I auditd : type=1400 audit(0.0:20646): avc: denied { kill } for comm="swapper/3" capability=5 scontext=u:r:kernel:s0 tcontext=u:r:kernel:s0 tclass=capability permissive=0
03-22 10:43:47.187 0 0 I auditd : type=1400 audit(0.0:20647): avc: denied { kill } for comm="swapper/3" capability=5 scontext=u:r:kernel:s0 tcontext=u:r:kernel:s0 tclass=capability permissive=0
01-01 17:08:36.292 0 0 E DTC_Display: screen not ready
03-22 10:43:48.187 0 0 I auditd : type=1400 audit(0.0:20648): avc: denied { kill } for comm="swapper/3" capability=5 scontext=u:r:kernel:s0 tcontext=u:r:kernel:s0 tclass=capability permissive=0
03-22 10:43:49.191 0 0 I auditd : type=1400 audit(0.0:20649): avc: denied { kill } for comm="swapper/3" capability=5 scontext=u:r:kernel:s0 tcontext=u:r:kernel:s0 tclass=capability permissive=0
03-22 10:43:50.187 0 0 I auditd : type=1400 audit(0.0:20650): avc: denied { kill } for comm="swapper/3" capability=5 scontext=u:r:kernel:s0 tcontext=u:r:kernel:s0 tclass=capability permissive=0
01-01 17:08:40.099 0 0 E DTC_ETH,link_delay_work_func: 3003, SQI=0, link=0
03-22 10:43:51.187 0 0 I auditd : type=1400 audit(0.0:20651): avc: denied { kill } for comm="swapper/3" capability=5 scontext=u:r:kernel:s0 tcontext=u:r:kernel:s0 tclass=capability permissive=0
03-22 10:43:52.187 0 0 I auditd : type=1400 audit(0.0:20652): avc: denied { kill } for comm="swapper/3" capability=5 scontext=u:r:kernel:s0 tcontext=u:r:kernel:s0 tclass=capability permissive=0
03-22 10:43:53.187 0 0 I auditd : type=1400 audit(0.0:20653): avc: denied { kill } for comm="swapper/3" capability=5 scontext=u:r:kernel:s0 tcontext=u:r:kernel:s0 tclass=capability permissive=0
03-22 10:43:54.187 0 0 I auditd : type=1400 audit(0.0:20654): avc: denied { kill } for comm="swapper/3" capability=5 scontext=u:r:kernel:s0 tcontext=u:r:kernel:s0 tclass=capability permissive=0
01-01 17:08:44.151 0 0 E DTC_Display: screen not ready
03-22 10:43:55.187 0 0 I auditd : type=1400 audit(0.0:20655): avc: denied { kill } for comm="swapper/3" capability=5 scontext=u:r:kernel:s0 tcontext=u:r:kernel:s0 tclass=capability permissive=0
01-01 17:08:45.219 0 0 E DTC_ETH,link_delay_work_func: 3003, SQI=0, link=0
03-22 10:43:56.191 0 0 I auditd : type=1400 audit(0.0:20656): avc: denied { kill } for comm="swapper/3" capability=5 scontext=u:r:kernel:s0 tcontext=u:r:kernel:s0 tclass=capability permissive=0
03-22 10:43:57.191 0 0 I auditd : type=1400 audit(0.0:20657): avc: denied { kill } for comm="swapper/3" capability=5 scontext=u:r:kernel:s0 tcontext=u:r:kernel:s0 tclass=capability permissive=0
03-22 10:43:58.187 0 0 I auditd : type=1400 audit(0.0:20658): avc: denied { kill } for comm="swapper/3" capability=5 scontext=u:r:kernel:s0 tcontext=u:r:kernel:s0 tclass=capability permissive=0
03-22 10:43:59.187 0 0 I auditd : type=1400 audit(0.0:20659): avc: denied { kill } for comm="swapper/3" capability=5 scontext=u:r:kernel:s0 tcontext=u:r:kernel:s0 tclass=capability permissive=0
03-22 10:44:00.187 0 0 I auditd : type=1400 audit(0.0:20660): avc: denied { kill } for comm="swapper/3" capability=5 scontext=u:r:kernel:s0 tcontext=u:r:kernel:s0 tclass=capability permissive=0
03-22 10:44:01.191 0 0 I auditd : type=1400 audit(0.0:20661): avc: denied { kill } for comm="swapper/3" capability=5 scontext=u:r:kernel:s0 tcontext=u:r:kernel:s0 tclass=capability permissive=0
01-01 17:08:50.339 0 0 E DTC_ETH,link_delay_work_func: 3003, SQI=0, link=0
01-01 17:08:50.828 0 0 I binder : 1512:1685 ioctl 400c620e 72e577c5d8 returned -22
03-22 10:44:01.728 1512 1685 D ActivityManager: freezing 3136 com.android.settings
03-22 10:44:01.728 1512 1685 E ActivityManager: Unable to freeze binder for 3136 com.android.settings
03-22 10:44:01.730 1512 1685 D ActivityManager: froze 3136 com.android.settings
03-22 10:44:01.730 1512 1685 I am_freeze: [3136,com.android.settings]
03-22 10:44:01.730 1512 1685 E ActivityManager: Unable to freeze binder for 3136 com.android.settings
03-22 10:44:01.731 1512 1685 I ActivityManager: Killing 3136:com.android.settings/1000 (adj 935): Unable to freeze binder interface
03-22 10:44:01.731 1512 1685 I am_kill : [0,3136,com.android.settings,935,Unable to freeze binder interface]
01-01 17:08:50.831 0 0 I binder : 1512:1685 ioctl c00c620f 72e577c5b8 returned -22
03-22 10:44:01.765 1512 11966 I am_proc_died: [0,3136,com.android.settings,935,19]
03-22 10:44:01.779 1512 1610 D CompatibilityChangeReporter: Compat change id reported: 135634846; UID 1000; state: DISABLED
03-22 10:44:01.780 1512 1610 D CompatibilityChangeReporter: Compat change id reported: 177438394; UID 1000; state: DISABLED
03-22 10:44:01.780 1512 1610 D CompatibilityChangeReporter: Compat change id reported: 135772972; UID 1000; state: DISABLED
03-22 10:44:01.780 1512 1610 D CompatibilityChangeReporter: Compat change id reported: 135754954; UID 1000; state: ENABLED
03-22 10:44:01.791 1512 1618 I am_pss : [4051,10102,com.tencent.qqmusic:QQPlayerService,69733376,26820608,51200,208982016,0,17,20]
03-22 10:44:01.799 1512 1620 I am_proc_start: [0,4315,1000,com.android.settings,NULL,]
03-22 10:44:01.799 1512 1620 I ActivityManager: Start proc 4315:com.android.settings/1000 for null
03-22 10:44:01.801 1512 1618 I am_pss : [3904,10104,com.thundersoft.notificationtest1,17975296,13385728,51200,101580800,0,19,8]
03-22 10:44:01.809 1512 1618 I am_pss : [3905,10030,com.android.documentsui,12829696,9519104,51200,102825984,0,19,7]
01-01 17:08:50.937 0 0 I binder : 4315:4315 ioctl 40046210 7fff294234 returned -22
03-22 10:44:01.840 1512 11966 I am_proc_bound: [0,4315,com.android.settings]
03-22 10:44:02.187 0 0 I auditd : type=1400 audit(0.0:20662): avc: denied { kill } for comm="swapper/3" capability=5 scontext=u:r:kernel:s0 tcontext=u:r:kernel:s0 tclass=capability permissive=0
01-01 17:08:51.685 0 0 I msm_vidc: err : ffffffff: .....: DBLP Set: status 0
01-01 17:08:51.887 0 0 E DTC_Display: screen not ready
03-22 10:44:03.187 0 0 I auditd : type=1400 audit(0.0:20663): avc: denied { kill } for comm="swapper/3" capability=5 scontext=u:r:kernel:s0 tcontext=u:r:kernel:s0 tclass=capability permissive=0
03-22 10:44:03.311 22192 22192 I auditd : type=1400 audit(0.0:20664): avc: denied { search } for comm="Thread-3" name="asound" dev="proc" ino=4026532151 scontext=u:r:untrusted_app_29:s0:c102,c256,c512,c768 tcontext=u:object_r:proc_asound:s0 tclass=dir permissive=0 app=com.tencent.qqmusic
03-22 10:44:03.355 22192 22192 I auditd : type=1400 audit(0.0:20665): avc: denied { search } for comm="Thread-3" name="asound" dev="proc" ino=4026532151 scontext=u:r:untrusted_app_29:s0:c102,c256,c512,c768 tcontext=u:object_r:proc_asound:s0 tclass=dir permissive=0 app=com.tencent.qqmusic
03-22 10:44:03.439 22192 22192 I auditd : type=1400 audit(0.0:20666): avc: denied { read } for comm="Thread-3" name="tcp" dev="proc" ino=4026532265 scontext=u:r:untrusted_app_29:s0:c102,c256,c512,c768 tcontext=u:object_r:proc_net_tcp_udp:s0 tclass=file permissive=0 app=com.tencent.qqmusic
03-22 10:44:04.187 0 0 I auditd : type=1400 audit(0.0:20667): avc: denied { kill } for comm="swapper/3" capability=5 scontext=u:r:kernel:s0 tcontext=u:r:kernel:s0 tclass=capability permissive=0
03-22 10:44:04.211 22192 22192 I auditd : type=1400 audit(0.0:20668): avc: denied { read } for comm="Thread-3" name="misc" dev="proc" ino=4026531991 scontext=u:r:untrusted_app_29:s0:c102,c256,c512,c768 tcontext=u:object_r:proc_misc:s0 tclass=file permissive=0 app=com.tencent.qqmusic
03-22 10:44:05.191 0 0 I auditd : type=1400 audit(0.0:20669): avc: denied { kill } for comm="swapper/3" capability=5 scontext=u:r:kernel:s0 tcontext=u:r:kernel:s0 tclass=capability permissive=0
03-22 10:44:06.187 0 0 I auditd : type=1400 audit(0.0:20670): avc: denied { kill } for comm="swapper/3" capability=5 scontext=u:r:kernel:s0 tcontext=u:r:kernel:s0 tclass=capability permissive=0
01-01 17:08:55.459 0 0 E DTC_ETH,link_delay_work_func: 3003, SQI=0, link=0
03-22 10:44:07.187 0 0 I auditd : type=1400 audit(0.0:20671): avc: denied { kill } for comm="swapper/3" capability=5 scontext=u:r:kernel:s0 tcontext=u:r:kernel:s0 tclass=capability permissive=0
03-22 10:44:08.187 0 0 I auditd : type=1400 audit(0.0:20672): avc: denied { kill } for comm="swapper/3" capability=5 scontext=u:r:kernel:s0 tcontext=u:r:kernel:s0 tclass=capability permissive=0
03-22 10:44:09.187 0 0 I auditd : type=1400 audit(0.0:20673): avc: denied { kill } for comm="swapper/3" capability=5 scontext=u:r:kernel:s0 tcontext=u:r:kernel:s0 tclass=capability permissive=0
03-22 10:44:10.187 0 0 I auditd : type=1400 audit(0.0:20674): avc: denied { kill } for comm="swapper/3" capability=5 scontext=u:r:kernel:s0 tcontext=u:r:kernel:s0 tclass=capability permissive=0
01-01 17:08:59.731 0 0 E DTC_Display: screen not ready
03-22 10:44:11.191 0 0 I auditd : type=1400 audit(0.0:20675): avc: denied { kill } for comm="swapper/3" capability=5 scontext=u:r:kernel:s0 tcontext=u:r:kernel:s0 tclass=capability permissive=0
01-01 17:09:00.579 0 0 E DTC_ETH,link_delay_work_func: 3003, SQI=0, link=0
03-22 10:44:12.187 0 0 I auditd : type=1400 audit(0.0:20676): avc: denied { kill } for comm="swapper/3" capability=5 scontext=u:r:kernel:s0 tcontext=u:r:kernel:s0 tclass=capability permissive=0
03-22 10:44:13.191 0 0 I auditd : type=1400 audit(0.0:20677): avc: denied { kill } for comm="swapper/3" capability=5 scontext=u:r:kernel:s0 tcontext=u:r:kernel:s0 tclass=capability permissive=0
03-22 10:44:14.187 0 0 I auditd : type=1400 audit(0.0:20678): avc: denied { kill } for comm="swapper/3" capability=5 scontext=u:r:kernel:s0 tcontext=u:r:kernel:s0 tclass=capability permissive=0
03-22 10:44:15.187 0 0 I auditd : type=1400 audit(0.0:20679): avc: denied { kill } for comm="swapper/3" capability=5 scontext=u:r:kernel:s0 tcontext=u:r:kernel:s0 tclass=capability permissive=0
03-22 10:44:16.187 0 0 I auditd : type=1400 audit(0.0:20680): avc: denied { kill } for comm="swapper/3" capability=5 scontext=u:r:kernel:s0 tcontext=u:r:kernel:s0 tclass=capability permissive=0
01-01 17:09:05.699 0 0 E DTC_ETH,link_delay_work_func: 3003, SQI=0, link=0
03-22 10:44:17.187 0 0 I auditd : type=1400 audit(0.0:20681): avc: denied { kill } for comm="swapper/3" capability=5 scontext=u:r:kernel:s0 tcontext=u:r:kernel:s0 tclass=capability permissive=0
03-22 10:44:18.191 0 0 I auditd : type=1400 audit(0.0:20682): avc: denied { kill } for comm="swapper/3" capability=5 scontext=u:r:kernel:s0 tcontext=u:r:kernel:s0 tclass=capability permissive=0
01-01 17:09:07.780 0 0 E DTC_Display: Abnormal voltage: 0mV
01-01 17:09:07.780 0 0 E DTC_Display: screen not ready
03-22 10:44:19.187 0 0 I auditd : type=1400 audit(0.0:20683): avc: denied { kill } for comm="swapper/3" capability=5 scontext=u:r:kernel:s0 tcontext=u:r:kernel:s0 tclass=capability permissive=0
03-22 10:44:20.191 0 0 I auditd : type=1400 audit(0.0:20684): avc: denied { kill } for comm="swapper/3" capability=5 scontext=u:r:kernel:s0 tcontext=u:r:kernel:s0 tclass=capability permissive=0
03-22 10:44:21.191 0 0 I auditd : type=1400 audit(0.0:20685): avc: denied { kill } for comm="swapper/3" capability=5 scontext=u:r:kernel:s0 tcontext=u:r:kernel:s0 tclass=capability permissive=0
01-01 17:09:10.823 0 0 E DTC_ETH,link_delay_work_func: 3003, SQI=0, link=0
03-22 10:44:22.191 0 0 I auditd : type=1400 audit(0.0:20686): avc: denied { kill } for comm="swapper/3" capability=5 scontext=u:r:kernel:s0 tcontext=u:r:kernel:s0 tclass=capability permissive=0
03-22 10:44:23.187 0 0 I auditd : type=1400 audit(0.0:20687): avc: denied { kill } for comm="swapper/3" capability=5 scontext=u:r:kernel:s0 tcontext=u:r:kernel:s0 tclass=capability permissive=0
03-22 10:44:24.187 0 0 I auditd : type=1400 audit(0.0:20688): avc: denied { kill } for comm="swapper/3" capability=5 scontext=u:r:kernel:s0 tcontext=u:r:kernel:s0 tclass=capability permissive=0
03-22 10:44:25.187 0 0 I auditd : type=1400 audit(0.0:20689): avc: denied { kill } for comm="swapper/3" capability=5 scontext=u:r:kernel:s0 tcontext=u:r:kernel:s0 tclass=capability permissive=0
03-22 10:44:26.191 0 0 I auditd : type=1400 audit(0.0:20690): avc: denied { kill } for comm="swapper/3" capability=5 scontext=u:r:kernel:s0 tcontext=u:r:kernel:s0 tclass=capability permissive=0
01-01 17:09:15.843 0 0 E DTC_Display: screen not ready
01-01 17:09:15.939 0 0 E DTC_ETH,link_delay_work_func: 3003, SQI=0, link=0
03-22 10:44:27.191 0 0 I auditd : type=1400 audit(0.0:20691): avc: denied { kill } for comm="swapper/3" capability=5 scontext=u:r:kernel:s0 tcontext=u:r:kernel:s0 tclass=capability permissive=0
03-22 10:44:28.191 0 0 I auditd : type=1400 audit(0.0:20692): avc: denied { kill } for comm="swapper/3" capability=5 scontext=u:r:kernel:s0 tcontext=u:r:kernel:s0 tclass=capability permissive=0
03-22 10:44:29.187 0 0 I auditd : type=1400 audit(0.0:20693): avc: denied { kill } for comm="swapper/3" capability=5 scontext=u:r:kernel:s0 tcontext=u:r:kernel:s0 tclass=capability permissive=0
03-22 10:44:30.187 0 0 I auditd : type=1400 audit(0.0:20694): avc: denied { kill } for comm="swapper/3" capability=5 scontext=u:r:kernel:s0 tcontext=u:r:kernel:s0 tclass=capability permissive=0
03-22 10:44:31.187 0 0 I auditd : type=1400 audit(0.0:20695): avc: denied { kill } for comm="swapper/3" capability=5 scontext=u:r:kernel:s0 tcontext=u:r:kernel:s0 tclass=capability permissive=0
01-01 17:09:21.059 0 0 E DTC_ETH,link_delay_work_func: 3003, SQI=0, link=0
03-22 10:44:32.191 0 0 I auditd : type=1400 audit(0.0:20696): avc: denied { kill } for comm="swapper/3" capability=5 scontext=u:r:kernel:s0 tcontext=u:r:kernel:s0 tclass=capability permissive=0
03-22 10:44:33.187 0 0 I auditd : type=1400 audit(0.0:20697): avc: denied { kill } for comm="swapper/3" capability=5 scontext=u:r:kernel:s0 tcontext=u:r:kernel:s0 tclass=capability permissive=0
03-22 10:44:34.187 0 0 I auditd : type=1400 audit(0.0:20698): avc: denied { kill } for comm="swapper/3" capability=5 scontext=u:r:kernel:s0 tcontext=u:r:kernel:s0 tclass=capability permissive=0
01-01 17:09:23.808 0 0 E DTC_Display: screen not ready
03-22 10:44:35.191 0 0 I auditd : type=1400 audit(0.0:20699): avc: denied { kill } for comm="swapper/3" capability=5 scontext=u:r:kernel:s0 tcontext=u:r:kernel:s0 tclass=capability permissive=0
03-22 10:44:36.187 0 0 I auditd : type=1400 audit(0.0:20700): avc: denied { kill } for comm="swapper/3" capability=5 scontext=u:r:kernel:s0 tcontext=u:r:kernel:s0 tclass=capability permissive=0
01-01 17:09:26.179 0 0 E DTC_ETH,link_delay_work_func: 3003, SQI=0, link=0
03-22 10:44:37.191 0 0 I auditd : type=1400 audit(0.0:20701): avc: denied { kill } for comm="swapper/3" capability=5 scontext=u:r:kernel:s0 tcontext=u:r:kernel:s0 tclass=capability permissive=0
03-22 10:44:38.191 0 0 I auditd : type=1400 audit(0.0:20702): avc: denied { kill } for comm="swapper/3" capability=5 scontext=u:r:kernel:s0 tcontext=u:r:kernel:s0 tclass=capability permissive=0
03-22 10:44:39.187 0 0 I auditd : type=1400 audit(0.0:20703): avc: denied { kill } for comm="swapper/3" capability=5 scontext=u:r:kernel:s0 tcontext=u:r:kernel:s0 tclass=capability permissive=0
03-22 10:44:40.187 0 0 I auditd : type=1400 audit(0.0:20704): avc: denied { kill } for comm="swapper/3" capability=5 scontext=u:r:kernel:s0 tcontext=u:r:kernel:s0 tclass=capability permissive=0
03-22 10:44:41.187 0 0 I auditd : type=1400 audit(0.0:20705): avc: denied { kill } for comm="swapper/3" capability=5 scontext=u:r:kernel:s0 tcontext=u:r:kernel:s0 tclass=capability permissive=0
03-22 10:44:42.191 0 0 I auditd : type=1400 audit(0.0:20706): avc: denied { kill } for comm="swapper/3" capability=5 scontext=u:r:kernel:s0 tcontext=u:r:kernel:s0 tclass=capability permissive=0
01-01 17:09:31.299 0 0 E DTC_ETH,link_delay_work_func: 3003, SQI=0, link=0
01-01 17:09:31.567 0 0 E DTC_Display: screen not ready
03-22 10:44:43.191 0 0 I auditd : type=1400 audit(0.0:20707): avc: denied { kill } for comm="swapper/3" capability=5 scontext=u:r:kernel:s0 tcontext=u:r:kernel:s0 tclass=capability permissive=0
03-22 10:44:44.187 0 0 I auditd : type=1400 audit(0.0:20708): avc: denied { kill } for comm="swapper/3" capability=5 scontext=u:r:kernel:s0 tcontext=u:r:kernel:s0 tclass=capability permissive=0
03-22 10:44:45.187 0 0 I auditd : type=1400 audit(0.0:20709): avc: denied { kill } for comm="swapper/3" capability=5 scontext=u:r:kernel:s0 tcontext=u:r:kernel:s0 tclass=capability permissive=0
03-22 10:44:46.191 0 0 I auditd : type=1400 audit(0.0:20710): avc: denied { kill } for comm="swapper/3" capability=5 scontext=u:r:kernel:s0 tcontext=u:r:kernel:s0 tclass=capability permissive=0
03-22 10:44:47.187 0 0 I auditd : type=1400 audit(0.0:20711): avc: denied { kill } for comm="swapper/3" capability=5 scontext=u:r:kernel:s0 tcontext=u:r:kernel:s0 tclass=capability permissive=0
01-01 17:09:36.419 0 0 E DTC_ETH,link_delay_work_func: 3003, SQI=0, link=0
03-22 10:44:48.187 0 0 I auditd : type=1400 audit(0.0:20712): avc: denied { kill } for comm="swapper/3" capability=5 scontext=u:r:kernel:s0 tcontext=u:r:kernel:s0 tclass=capability permissive=0
03-22 10:44:49.187 0 0 I auditd : type=1400 audit(0.0:20713): avc: denied { kill } for comm="swapper/3" capability=5 scontext=u:r:kernel:s0 tcontext=u:r:kernel:s0 tclass=capability permissive=0
03-22 10:44:50.191 0 0 I auditd : type=1400 audit(0.0:20714): avc: denied { kill } for comm="swapper/3" capability=5 scontext=u:r:kernel:s0 tcontext=u:r:kernel:s0 tclass=capability permissive=0
01-01 17:09:39.307 0 0 E DTC_Display: screen not ready
03-22 10:44:51.187 0 0 I auditd : type=1400 audit(0.0:20715): avc: denied { kill } for comm="swapper/3" capability=5 scontext=u:r:kernel:s0 tcontext=u:r:kernel:s0 tclass=capability permissive=0
03-22 10:44:52.191 0 0 I auditd : type=1400 audit(0.0:20716): avc: denied { kill } for comm="swapper/3" capability=5 scontext=u:r:kernel:s0 tcontext=u:r:kernel:s0 tclass=capability permissive=0
01-01 17:09:41.539 0 0 E DTC_ETH,link_delay_work_func: 3003, SQI=0, link=0
03-22 10:44:53.191 0 0 I auditd : type=1400 audit(0.0:20717): avc: denied { kill } for comm="swapper/3" capability=5 scontext=u:r:kernel:s0 tcontext=u:r:kernel:s0 tclass=capability permissive=0
03-22 10:44:54.191 0 0 I auditd : type=1400 audit(0.0:20718): avc: denied { kill } for comm="swapper/3" capability=5 scontext=u:r:kernel:s0 tcontext=u:r:kernel:s0 tclass=capability permissive=0
03-22 10:44:55.187 0 0 I auditd : type=1400 audit(0.0:20719): avc: denied { kill } for comm="swapper/3" capability=5 scontext=u:r:kernel:s0 tcontext=u:r:kernel:s0 tclass=capability permissive=0
03-22 10:44:56.191 0 0 I auditd : type=1400 audit(0.0:20720): avc: denied { kill } for comm="swapper/3" capability=5 scontext=u:r:kernel:s0 tcontext=u:r:kernel:s0 tclass=capability permissive=0
03-22 10:44:57.187 0 0 I auditd : type=1400 audit(0.0:20721): avc: denied { kill } for comm="swapper/3" capability=5 scontext=u:r:kernel:s0 tcontext=u:r:kernel:s0 tclass=capability permissive=0
01-01 17:09:46.659 0 0 E DTC_ETH,link_delay_work_func: 3003, SQI=0, link=0
01-01 17:09:47.052 0 0 E DTC_Display: screen not ready
03-22 10:44:58.187 0 0 I auditd : type=1400 audit(0.0:20722): avc: denied { kill } for comm="swapper/3" capability=5 scontext=u:r:kernel:s0 tcontext=u:r:kernel:s0 tclass=capability permissive=0
03-22 10:44:59.191 0 0 I auditd : type=1400 audit(0.0:20723): avc: denied { kill } for comm="swapper/3" capability=5 scontext=u:r:kernel:s0 tcontext=u:r:kernel:s0 tclass=capability permissive=0
03-22 10:45:00.187 0 0 I auditd : type=1400 audit(0.0:20724): avc: denied { kill } for comm="swapper/3" capability=5 scontext=u:r:kernel:s0 tcontext=u:r:kernel:s0 tclass=capability permissive=0
03-22 10:45:01.187 0 0 I auditd : type=1400 audit(0.0:20725): avc: denied { kill } for comm="swapper/3" capability=5 scontext=u:r:kernel:s0 tcontext=u:r:kernel:s0 tclass=capability permissive=0
03-22 10:45:02.187 0 0 I auditd : type=1400 audit(0.0:20726): avc: denied { kill } for comm="swapper/3" capability=5 scontext=u:r:kernel:s0 tcontext=u:r:kernel:s0 tclass=capability permissive=0
01-01 17:09:51.685 0 0 I msm_vidc: err : ffffffff: .....: DBLP Set: status 0
01-01 17:09:51.779 0 0 E DTC_ETH,link_delay_work_func: 3003, SQI=0, link=0
03-22 10:45:03.187 0 0 I auditd : type=1400 audit(0.0:20727): avc: denied { kill } for comm="swapper/3" capability=5 scontext=u:r:kernel:s0 tcontext=u:r:kernel:s0 tclass=capability permissive=0
03-22 10:45:04.191 0 0 I auditd : type=1400 audit(0.0:20728): avc: denied { kill } for comm="swapper/3" capability=5 scontext=u:r:kernel:s0 tcontext=u:r:kernel:s0 tclass=capability permissive=0
03-22 10:45:05.187 0 0 I auditd : type=1400 audit(0.0:20729): avc: denied { kill } for comm="swapper/3" capability=5 scontext=u:r:kernel:s0 tcontext=u:r:kernel:s0 tclass=capability permissive=0
