03-22 10:32:40.187 0 0 I auditd : type=1400 audit(0.0:19922): avc: denied { kill } for comm="swapper/3" capability=5 scontext=u:r:kernel:s0 tcontext=u:r:kernel:s0 tclass=capability permissive=0
01-01 16:57:29.379 0 0 E DTC_ETH,link_delay_work_func: 3003, SQI=0, link=0
03-22 10:32:41.187 0 0 I auditd : type=1400 audit(0.0:19923): avc: denied { kill } for comm="swapper/3" capability=5 scontext=u:r:kernel:s0 tcontext=u:r:kernel:s0 tclass=capability permissive=0
03-22 10:32:42.191 0 0 I auditd : type=1400 audit(0.0:19924): avc: denied { kill } for comm="swapper/3" capability=5 scontext=u:r:kernel:s0 tcontext=u:r:kernel:s0 tclass=capability permissive=0
03-22 10:32:43.187 0 0 I auditd : type=1400 audit(0.0:19925): avc: denied { kill } for comm="swapper/3" capability=5 scontext=u:r:kernel:s0 tcontext=u:r:kernel:s0 tclass=capability permissive=0
03-22 10:32:44.187 0 0 I auditd : type=1400 audit(0.0:19926): avc: denied { kill } for comm="swapper/3" capability=5 scontext=u:r:kernel:s0 tcontext=u:r:kernel:s0 tclass=capability permissive=0
01-01 16:57:33.500 0 0 E DTC_Display: screen not ready
03-22 10:32:45.191 0 0 I auditd : type=1400 audit(0.0:19927): avc: denied { kill } for comm="swapper/3" capability=5 scontext=u:r:kernel:s0 tcontext=u:r:kernel:s0 tclass=capability permissive=0
01-01 16:57:34.499 0 0 E DTC_ETH,link_delay_work_func: 3003, SQI=0, link=0
03-22 10:32:46.187 0 0 I auditd : type=1400 audit(0.0:19928): avc: denied { kill } for comm="swapper/3" capability=5 scontext=u:r:kernel:s0 tcontext=u:r:kernel:s0 tclass=capability permissive=0
03-22 10:32:47.187 0 0 I auditd : type=1400 audit(0.0:19929): avc: denied { kill } for comm="swapper/3" capability=5 scontext=u:r:kernel:s0 tcontext=u:r:kernel:s0 tclass=capability permissive=0
03-22 10:32:48.187 0 0 I auditd : type=1400 audit(0.0:19930): avc: denied { kill } for comm="swapper/3" capability=5 scontext=u:r:kernel:s0 tcontext=u:r:kernel:s0 tclass=capability permissive=0
03-22 10:32:49.191 0 0 I auditd : type=1400 audit(0.0:19931): avc: denied { kill } for comm="swapper/3" capability=5 scontext=u:r:kernel:s0 tcontext=u:r:kernel:s0 tclass=capability permissive=0
03-22 10:32:50.187 0 0 I auditd : type=1400 audit(0.0:19932): avc: denied { kill } for comm="swapper/3" capability=5 scontext=u:r:kernel:s0 tcontext=u:r:kernel:s0 tclass=capability permissive=0
01-01 16:57:39.619 0 0 E DTC_ETH,link_delay_work_func: 3003, SQI=0, link=0
03-22 10:32:51.187 0 0 I auditd : type=1400 audit(0.0:19933): avc: denied { kill } for comm="swapper/3" capability=5 scontext=u:r:kernel:s0 tcontext=u:r:kernel:s0 tclass=capability permissive=0
03-22 10:32:51.882 1512 1619 I am_uid_idle: 10063
03-22 10:32:52.187 0 0 I auditd : type=1400 audit(0.0:19934): avc: denied { kill } for comm="swapper/3" capability=5 scontext=u:r:kernel:s0 tcontext=u:r:kernel:s0 tclass=capability permissive=0
01-01 16:57:41.539 0 0 E DTC_Display: screen not ready
03-22 10:32:53.187 0 0 I auditd : type=1400 audit(0.0:19935): avc: denied { kill } for comm="swapper/3" capability=5 scontext=u:r:kernel:s0 tcontext=u:r:kernel:s0 tclass=capability permissive=0
03-22 10:32:54.187 0 0 I auditd : type=1400 audit(0.0:19936): avc: denied { kill } for comm="swapper/3" capability=5 scontext=u:r:kernel:s0 tcontext=u:r:kernel:s0 tclass=capability permissive=0
03-22 10:32:55.191 0 0 I auditd : type=1400 audit(0.0:19937): avc: denied { kill } for comm="swapper/3" capability=5 scontext=u:r:kernel:s0 tcontext=u:r:kernel:s0 tclass=capability permissive=0
01-01 16:57:44.739 0 0 E DTC_ETH,link_delay_work_func: 3003, SQI=0, link=0
01-01 16:57:45.347 0 0 I [schedu][0x7e84d37853][10:32:56.246667] wlan: [7715:I:OSIF] scan start scan id 41012
03-22 10:32:57.187 0 0 I auditd : type=1400 audit(0.0:19938): avc: denied { kill } for comm="swapper/3" capability=5 scontext=u:r:kernel:s0 tcontext=u:r:kernel:s0 tclass=capability permissive=0
01-01 16:57:46.512 0 0 I [schedu][0x7e8628ddb0][10:32:57.411966] wlan: [7715:I:OSIF] vdev 0, scan id 41012 type COMPLETED(1) reason COMPLETED(1) scan found 97 bss
03-22 10:32:58.191 0 0 I auditd : type=1400 audit(0.0:19939): avc: denied { kill } for comm="swapper/3" capability=5 scontext=u:r:kernel:s0 tcontext=u:r:kernel:s0 tclass=capability permissive=0
03-22 10:32:59.191 0 0 I auditd : type=1400 audit(0.0:19940): avc: denied { kill } for comm="swapper/3" capability=5 scontext=u:r:kernel:s0 tcontext=u:r:kernel:s0 tclass=capability permissive=0
03-22 10:33:00.187 0 0 I auditd : type=1400 audit(0.0:19941): avc: denied { kill } for comm="swapper/3" capability=5 scontext=u:r:kernel:s0 tcontext=u:r:kernel:s0 tclass=capability permissive=0
01-01 16:57:49.615 0 0 E DTC_Display: screen not ready
01-01 16:57:49.859 0 0 E DTC_ETH,link_delay_work_func: 3003, SQI=0, link=0
03-22 10:33:01.187 0 0 I auditd : type=1400 audit(0.0:19942): avc: denied { kill } for comm="swapper/3" capability=5 scontext=u:r:kernel:s0 tcontext=u:r:kernel:s0 tclass=capability permissive=0
03-22 10:33:02.191 0 0 I auditd : type=1400 audit(0.0:19943): avc: denied { kill } for comm="swapper/3" capability=5 scontext=u:r:kernel:s0 tcontext=u:r:kernel:s0 tclass=capability permissive=0
01-01 16:57:51.685 0 0 I msm_vidc: err : ffffffff: .....: DBLP Set: status 0
03-22 10:33:03.187 0 0 I auditd : type=1400 audit(0.0:19944): avc: denied { kill } for comm="swapper/3" capability=5 scontext=u:r:kernel:s0 tcontext=u:r:kernel:s0 tclass=capability permissive=0
03-22 10:33:04.191 0 0 I auditd : type=1400 audit(0.0:19945): avc: denied { kill } for comm="swapper/3" capability=5 scontext=u:r:kernel:s0 tcontext=u:r:kernel:s0 tclass=capability permissive=0
03-22 10:33:05.187 0 0 I auditd : type=1400 audit(0.0:19946): avc: denied { kill } for comm="swapper/3" capability=5 scontext=u:r:kernel:s0 tcontext=u:r:kernel:s0 tclass=capability permissive=0
01-01 16:57:54.979 0 0 E DTC_ETH,link_delay_work_func: 3003, SQI=0, link=0
03-22 10:33:06.191 0 0 I auditd : type=1400 audit(0.0:19947): avc: denied { kill } for comm="swapper/3" capability=5 scontext=u:r:kernel:s0 tcontext=u:r:kernel:s0 tclass=capability permissive=0
03-22 10:33:07.187 0 0 I auditd : type=1400 audit(0.0:19948): avc: denied { kill } for comm="swapper/3" capability=5 scontext=u:r:kernel:s0 tcontext=u:r:kernel:s0 tclass=capability permissive=0
03-22 10:33:08.191 0 0 I auditd : type=1400 audit(0.0:19949): avc: denied { kill } for comm="swapper/3" capability=5 scontext=u:r:kernel:s0 tcontext=u:r:kernel:s0 tclass=capability permissive=0
01-01 16:57:57.667 0 0 E DTC_Display: screen not ready
01-01 16:57:57.667 0 0 E DTC_Display: Backlight abnormal: 0x7b
03-22 10:33:09.191 0 0 I auditd : type=1400 audit(0.0:19950): avc: denied { kill } for comm="swapper/3" capability=5 scontext=u:r:kernel:s0 tcontext=u:r:kernel:s0 tclass=capability permissive=0
03-22 10:33:10.187 0 0 I auditd : type=1400 audit(0.0:19951): avc: denied { kill } for comm="swapper/3" capability=5 scontext=u:r:kernel:s0 tcontext=u:r:kernel:s0 tclass=capability permissive=0
01-01 16:58:00.099 0 0 E DTC_ETH,link_delay_work_func: 3003, SQI=0, link=0
03-22 10:33:11.191 0 0 I auditd : type=1400 audit(0.0:19952): avc: denied { kill } for comm="swapper/3" capability=5 scontext=u:r:kernel:s0 tcontext=u:r:kernel:s0 tclass=capability permissive=0
03-22 10:33:11.521 1512 1619 I am_uid_active: 10102
03-22 10:33:12.191 0 0 I auditd : type=1400 audit(0.0:19953): avc: denied { kill } for comm="swapper/3" capability=5 scontext=u:r:kernel:s0 tcontext=u:r:kernel:s0 tclass=capability permissive=0
03-22 10:33:13.187 0 0 I auditd : type=1400 audit(0.0:19954): avc: denied { kill } for comm="swapper/3" capability=5 scontext=u:r:kernel:s0 tcontext=u:r:kernel:s0 tclass=capability permissive=0
03-22 10:33:14.187 0 0 I auditd : type=1400 audit(0.0:19955): avc: denied { kill } for comm="swapper/3" capability=5 scontext=u:r:kernel:s0 tcontext=u:r:kernel:s0 tclass=capability permissive=0
03-22 10:33:15.187 0 0 I auditd : type=1400 audit(0.0:19956): avc: denied { kill } for comm="swapper/3" capability=5 scontext=u:r:kernel:s0 tcontext=u:r:kernel:s0 tclass=capability permissive=0
01-01 16:58:05.219 0 0 E DTC_ETH,link_delay_work_func: 3003, SQI=0, link=0
03-22 10:33:16.187 0 0 I auditd : type=1400 audit(0.0:19957): avc: denied { kill } for comm="swapper/3" capability=5 scontext=u:r:kernel:s0 tcontext=u:r:kernel:s0 tclass=capability permissive=0
01-01 16:58:05.731 0 0 E DTC_Display: screen not ready
03-22 10:33:17.191 0 0 I auditd : type=1400 audit(0.0:19958): avc: denied { kill } for comm="swapper/3" capability=5 scontext=u:r:kernel:s0 tcontext=u:r:kernel:s0 tclass=capability permissive=0
03-22 10:33:18.191 0 0 I auditd : type=1400 audit(0.0:19959): avc: denied { kill } for comm="swapper/3" capability=5 scontext=u:r:kernel:s0 tcontext=u:r:kernel:s0 tclass=capability permissive=0
03-22 10:33:19.187 0 0 I auditd : type=1400 audit(0.0:19960): avc: denied { kill } for comm="swapper/3" capability=5 scontext=u:r:kernel:s0 tcontext=u:r:kernel:s0 tclass=capability permissive=0
03-22 10:33:20.191 0 0 I auditd : type=1400 audit(0.0:19961): avc: denied { kill } for comm="swapper/3" capability=5 scontext=u:r:kernel:s0 tcontext=u:r:kernel:s0 tclass=capability permissive=0
03-22 10:33:21.187 0 0 I auditd : type=1400 audit(0.0:19962): avc: denied { kill } for comm="swapper/3" capability=5 scontext=u:r:kernel:s0 tcontext=u:r:kernel:s0 tclass=capability permissive=0
01-01 16:58:10.339 0 0 E DTC_ETH,link_delay_work_func: 3003, SQI=0, link=0
03-22 10:33:21.542 1512 1618 I commit_sys_config_file: [procstats,10]
03-22 10:33:22.187 0 0 I auditd : type=1400 audit(0.0:19963): avc: denied { kill } for comm="swapper/3" capability=5 scontext=u:r:kernel:s0 tcontext=u:r:kernel:s0 tclass=capability permissive=0
03-22 10:33:23.187 0 0 I auditd : type=1400 audit(0.0:19964): avc: denied { kill } for comm="swapper/3" capability=5 scontext=u:r:kernel:s0 tcontext=u:r:kernel:s0 tclass=capability permissive=0
03-22 10:33:24.191 0 0 I auditd : type=1400 audit(0.0:19965): avc: denied { kill } for comm="swapper/3" capability=5 scontext=u:r:kernel:s0 tcontext=u:r:kernel:s0 tclass=capability permissive=0
01-01 16:58:13.795 0 0 E DTC_Display: screen not ready
03-22 10:33:25.187 0 0 I auditd : type=1400 audit(0.0:19966): avc: denied { kill } for comm="swapper/3" capability=5 scontext=u:r:kernel:s0 tcontext=u:r:kernel:s0 tclass=capability permissive=0
03-22 10:33:26.187 0 0 I auditd : type=1400 audit(0.0:19967): avc: denied { kill } for comm="swapper/3" capability=5 scontext=u:r:kernel:s0 tcontext=u:r:kernel:s0 tclass=capability permissive=0
01-01 16:58:15.459 0 0 E DTC_ETH,link_delay_work_func: 3003, SQI=0, link=0
03-22 10:33:27.191 0 0 I auditd : type=1400 audit(0.0:19968): avc: denied { kill } for comm="swapper/3" capability=5 scontext=u:r:kernel:s0 tcontext=u:r:kernel:s0 tclass=capability permissive=0
03-22 10:33:28.187 0 0 I auditd : type=1400 audit(0.0:19969): avc: denied { kill } for comm="swapper/3" capability=5 scontext=u:r:kernel:s0 tcontext=u:r:kernel:s0 tclass=capability permissive=0
03-22 10:33:29.191 0 0 I auditd : type=1400 audit(0.0:19970): avc: denied { kill } for comm="swapper/3" capability=5 scontext=u:r:kernel:s0 tcontext=u:r:kernel:s0 tclass=capability permissive=0
03-22 10:33:30.187 0 0 I auditd : type=1400 audit(0.0:19971): avc: denied { kill } for comm="swapper/3" capability=5 scontext=u:r:kernel:s0 tcontext=u:r:kernel:s0 tclass=capability permissive=0
03-22 10:33:31.187 0 0 I auditd : type=1400 audit(0.0:19972): avc: denied { kill } for comm="swapper/3" capability=5 scontext=u:r:kernel:s0 tcontext=u:r:kernel:s0 tclass=capability permissive=0
01-01 16:58:20.579 0 0 E DTC_ETH,link_delay_work_func: 3003, SQI=0, link=0
03-22 10:33:32.191 0 0 I auditd : type=1400 audit(0.0:19973): avc: denied { kill } for comm="swapper/3" capability=5 scontext=u:r:kernel:s0 tcontext=u:r:kernel:s0 tclass=capability permissive=0
01-01 16:58:21.860 0 0 E DTC_Display: screen not ready
03-22 10:33:33.187 0 0 I auditd : type=1400 audit(0.0:19974): avc: denied { kill } for comm="swapper/3" capability=5 scontext=u:r:kernel:s0 tcontext=u:r:kernel:s0 tclass=capability permissive=0
03-22 10:33:34.191 0 0 I auditd : type=1400 audit(0.0:19975): avc: denied { kill } for comm="swapper/3" capability=5 scontext=u:r:kernel:s0 tcontext=u:r:kernel:s0 tclass=capability permissive=0
03-22 10:33:35.191 0 0 I auditd : type=1400 audit(0.0:19976): avc: denied { kill } for comm="swapper/3" capability=5 scontext=u:r:kernel:s0 tcontext=u:r:kernel:s0 tclass=capability permissive=0
03-22 10:33:36.187 0 0 I auditd : type=1400 audit(0.0:19977): avc: denied { kill } for comm="swapper/3" capability=5 scontext=u:r:kernel:s0 tcontext=u:r:kernel:s0 tclass=capability permissive=0
01-01 16:58:25.699 0 0 E DTC_ETH,link_delay_work_func: 3003, SQI=0, link=0
03-22 10:33:37.187 0 0 I auditd : type=1400 audit(0.0:19978): avc: denied { kill } for comm="swapper/3" capability=5 scontext=u:r:kernel:s0 tcontext=u:r:kernel:s0 tclass=capability permissive=0
03-22 10:33:38.187 0 0 I auditd : type=1400 audit(0.0:19979): avc: denied { kill } for comm="swapper/3" capability=5 scontext=u:r:kernel:s0 tcontext=u:r:kernel:s0 tclass=capability permissive=0
03-22 10:33:39.187 0 0 I auditd : type=1400 audit(0.0:19980): avc: denied { kill } for comm="swapper/3" capability=5 scontext=u:r:kernel:s0 tcontext=u:r:kernel:s0 tclass=capability permissive=0
03-22 10:33:40.191 0 0 I auditd : type=1400 audit(0.0:19981): avc: denied { kill } for comm="swapper/3" capability=5 scontext=u:r:kernel:s0 tcontext=u:r:kernel:s0 tclass=capability permissive=0
01-01 16:58:29.923 0 0 E DTC_Display: Abnormal voltage: 0mV
01-01 16:58:29.923 0 0 E DTC_Display: screen not ready
03-22 10:33:41.191 0 0 I auditd : type=1400 audit(0.0:19982): avc: denied { kill } for comm="swapper/3" capability=5 scontext=u:r:kernel:s0 tcontext=u:r:kernel:s0 tclass=capability permissive=0
01-01 16:58:30.819 0 0 E DTC_ETH,link_delay_work_func: 3003, SQI=0, link=0
03-22 10:33:42.191 0 0 I auditd : type=1400 audit(0.0:19983): avc: denied { kill } for comm="swapper/3" capability=5 scontext=u:r:kernel:s0 tcontext=u:r:kernel:s0 tclass=capability permissive=0
03-22 10:33:43.191 0 0 I auditd : type=1400 audit(0.0:19984): avc: denied { kill } for comm="swapper/3" capability=5 scontext=u:r:kernel:s0 tcontext=u:r:kernel:s0 tclass=capability permissive=0
03-22 10:33:44.187 0 0 I auditd : type=1400 audit(0.0:19985): avc: denied { kill } for comm="swapper/3" capability=5 scontext=u:r:kernel:s0 tcontext=u:r:kernel:s0 tclass=capability permissive=0
03-22 10:33:45.191 0 0 I auditd : type=1400 audit(0.0:19986): avc: denied { kill } for comm="swapper/3" capability=5 scontext=u:r:kernel:s0 tcontext=u:r:kernel:s0 tclass=capability permissive=0
03-22 10:33:46.187 0 0 I auditd : type=1400 audit(0.0:19987): avc: denied { kill } for comm="swapper/3" capability=5 scontext=u:r:kernel:s0 tcontext=u:r:kernel:s0 tclass=capability permissive=0
01-01 16:58:35.939 0 0 E DTC_ETH,link_delay_work_func: 3003, SQI=0, link=0
03-22 10:33:47.187 0 0 I auditd : type=1400 audit(0.0:19988): avc: denied { kill } for comm="swapper/3" capability=5 scontext=u:r:kernel:s0 tcontext=u:r:kernel:s0 tclass=capability permissive=0
03-22 10:33:48.187 0 0 I auditd : type=1400 audit(0.0:19989): avc: denied { kill } for comm="swapper/3" capability=5 scontext=u:r:kernel:s0 tcontext=u:r:kernel:s0 tclass=capability permissive=0
01-01 16:58:37.987 0 0 E DTC_Display: screen not ready
03-22 10:33:49.191 37 37 I auditd : type=1400 audit(0.0:19990): avc: denied { kill } for comm="ksoftirqd/3" capability=5 scontext=u:r:kernel:s0 tcontext=u:r:kernel:s0 tclass=capability permissive=0
03-22 10:33:50.191 0 0 I auditd : type=1400 audit(0.0:19991): avc: denied { kill } for comm="swapper/3" capability=5 scontext=u:r:kernel:s0 tcontext=u:r:kernel:s0 tclass=capability permissive=0
03-22 10:33:51.187 0 0 I auditd : type=1400 audit(0.0:19992): avc: denied { kill } for comm="swapper/3" capability=5 scontext=u:r:kernel:s0 tcontext=u:r:kernel:s0 tclass=capability permissive=0
01-01 16:58:41.059 0 0 E DTC_ETH,link_delay_work_func: 3003, SQI=0, link=0
03-22 10:33:52.187 0 0 I auditd : type=1400 audit(0.0:19993): avc: denied { kill } for comm="swapper/3" capability=5 scontext=u:r:kernel:s0 tcontext=u:r:kernel:s0 tclass=capability permissive=0
03-22 10:33:53.187 0 0 I auditd : type=1400 audit(0.0:19994): avc: denied { kill } for comm="swapper/3" capability=5 scontext=u:r:kernel:s0 tcontext=u:r:kernel:s0 tclass=capability permissive=0
03-22 10:33:54.187 0 0 I auditd : type=1400 audit(0.0:19995): avc: denied { kill } for comm="swapper/3" capability=5 scontext=u:r:kernel:s0 tcontext=u:r:kernel:s0 tclass=capability permissive=0
03-22 10:33:55.187 0 0 I auditd : type=1400 audit(0.0:19996): avc: denied { kill } for comm="swapper/3" capability=5 scontext=u:r:kernel:s0 tcontext=u:r:kernel:s0 tclass=capability permissive=0
03-22 10:33:56.187 0 0 I auditd : type=1400 audit(0.0:19997): avc: denied { kill } for comm="swapper/3" capability=5 scontext=u:r:kernel:s0 tcontext=u:r:kernel:s0 tclass=capability permissive=0
01-01 16:58:46.051 0 0 E DTC_Display: screen not ready
01-01 16:58:46.179 0 0 E DTC_ETH,link_delay_work_func: 3003, SQI=0, link=0
03-22 10:33:57.187 0 0 I auditd : type=1400 audit(0.0:19998): avc: denied { kill } for comm="swapper/3" capability=5 scontext=u:r:kernel:s0 tcontext=u:r:kernel:s0 tclass=capability permissive=0
03-22 10:33:58.187 0 0 I auditd : type=1400 audit(0.0:19999): avc: denied { kill } for comm="swapper/3" capability=5 scontext=u:r:kernel:s0 tcontext=u:r:kernel:s0 tclass=capability permissive=0
03-22 10:33:59.187 0 0 I auditd : type=1400 audit(0.0:20000): avc: denied { kill } for comm="swapper/3" capability=5 scontext=u:r:kernel:s0 tcontext=u:r:kernel:s0 tclass=capability permissive=0
03-22 10:34:00.187 0 0 I auditd : type=1400 audit(0.0:20001): avc: denied { kill } for comm="swapper/3" capability=5 scontext=u:r:kernel:s0 tcontext=u:r:kernel:s0 tclass=capability permissive=0
03-22 10:34:01.187 0 0 I auditd : type=1400 audit(0.0:20002): avc: denied { kill } for comm="swapper/3" capability=5 scontext=u:r:kernel:s0 tcontext=u:r:kernel:s0 tclass=capability permissive=0
01-01 16:58:50.713 0 0 I binder : 1512:1685 ioctl 400c620e 72e577c5d8 returned -22
03-22 10:34:01.615 1512 1685 I am_freeze: [1094,com.android.settings]
03-22 10:34:01.617 1512 1685 I am_kill : [0,1094,com.android.settings,935,Unable to freeze binder interface]
01-01 16:58:50.716 0 0 I binder : 1512:1685 ioctl c00c620f 72e577c5b8 returned -22
03-22 10:34:01.651 1512 5089 I am_proc_died: [0,1094,com.android.settings,935,19]
03-22 10:34:01.673 1512 1620 I am_proc_start: [0,3136,1000,com.android.settings,NULL,]
01-01 16:58:50.808 0 0 I binder : 3136:3136 ioctl 40046210 7fff294234 returned -22
03-22 10:34:01.711 1512 5089 I am_proc_bound: [0,3136,com.android.settings]
03-22 10:34:02.187 0 0 I auditd : type=1400 audit(0.0:20003): avc: denied { kill } for comm="swapper/3" capability=5 scontext=u:r:kernel:s0 tcontext=u:r:kernel:s0 tclass=capability permissive=0
01-01 16:58:51.299 0 0 E DTC_ETH,link_delay_work_func: 3003, SQI=0, link=0
01-01 16:58:51.685 0 0 I msm_vidc: err : ffffffff: .....: DBLP Set: status 0
03-22 10:34:03.187 0 0 I auditd : type=1400 audit(0.0:20004): avc: denied { kill } for comm="swapper/3" capability=5 scontext=u:r:kernel:s0 tcontext=u:r:kernel:s0 tclass=capability permissive=0
03-22 10:34:04.187 0 0 I auditd : type=1400 audit(0.0:20005): avc: denied { kill } for comm="swapper/3" capability=5 scontext=u:r:kernel:s0 tcontext=u:r:kernel:s0 tclass=capability permissive=0
01-01 16:58:54.124 0 0 E DTC_Display: screen not ready
03-22 10:34:05.187 0 0 I auditd : type=1400 audit(0.0:20006): avc: denied { kill } for comm="swapper/3" capability=5 scontext=u:r:kernel:s0 tcontext=u:r:kernel:s0 tclass=capability permissive=0
03-22 10:34:06.187 0 0 I auditd : type=1400 audit(0.0:20007): avc: denied { kill } for comm="swapper/3" capability=5 scontext=u:r:kernel:s0 tcontext=u:r:kernel:s0 tclass=capability permissive=0
03-22 10:34:07.187 0 0 I auditd : type=1400 audit(0.0:20008): avc: denied { kill } for comm="swapper/3" capability=5 scontext=u:r:kernel:s0 tcontext=u:r:kernel:s0 tclass=capability permissive=0
01-01 16:58:56.419 0 0 E DTC_ETH,link_delay_work_func: 3003, SQI=0, link=0
03-22 10:34:08.187 0 0 I auditd : type=1400 audit(0.0:20009): avc: denied { kill } for comm="swapper/3" capability=5 scontext=u:r:kernel:s0 tcontext=u:r:kernel:s0 tclass=capability permissive=0
03-22 10:34:09.191 0 0 I auditd : type=1400 audit(0.0:20010): avc: denied { kill } for comm="swapper/3" capability=5 scontext=u:r:kernel:s0 tcontext=u:r:kernel:s0 tclass=capability permissive=0
03-22 10:34:10.191 0 0 I auditd : type=1400 audit(0.0:20011): avc: denied { kill } for comm="swapper/3" capability=5 scontext=u:r:kernel:s0 tcontext=u:r:kernel:s0 tclass=capability permissive=0
03-22 10:34:11.187 0 0 I auditd : type=1400 audit(0.0:20012): avc: denied { kill } for comm="swapper/3" capability=5 scontext=u:r:kernel:s0 tcontext=u:r:kernel:s0 tclass=capability permissive=0
03-22 10:34:12.187 0 0 I auditd : type=1400 audit(0.0:20013): avc: denied { kill } for comm="swapper/3" capability=5 scontext=u:r:kernel:s0 tcontext=u:r:kernel:s0 tclass=capability permissive=0
01-01 16:59:01.539 0 0 E DTC_ETH,link_delay_work_func: 3003, SQI=0, link=0
01-01 16:59:02.179 0 0 E DTC_Display: screen not ready
01-01 16:59:02.179 0 0 E DTC_Display: Backlight abnormal: 0x7b
03-22 10:34:13.187 0 0 I auditd : type=1400 audit(0.0:20014): avc: denied { kill } for comm="swapper/3" capability=5 scontext=u:r:kernel:s0 tcontext=u:r:kernel:s0 tclass=capability permissive=0
03-22 10:34:14.187 0 0 I auditd : type=1400 audit(0.0:20015): avc: denied { kill } for comm="swapper/3" capability=5 scontext=u:r:kernel:s0 tcontext=u:r:kernel:s0 tclass=capability permissive=0
03-22 10:34:15.191 0 0 I auditd : type=1400 audit(0.0:20016): avc: denied { kill } for comm="swapper/3" capability=5 scontext=u:r:kernel:s0 tcontext=u:r:kernel:s0 tclass=capability permissive=0
03-22 10:34:16.191 0 0 I auditd : type=1400 audit(0.0:20017): avc: denied { kill } for comm="swapper/3" capability=5 scontext=u:r:kernel:s0 tcontext=u:r:kernel:s0 tclass=capability permissive=0
03-22 10:34:17.187 0 0 I auditd : type=1400 audit(0.0:20018): avc: denied { kill } for comm="swapper/3" capability=5 scontext=u:r:kernel:s0 tcontext=u:r:kernel:s0 tclass=capability permissive=0
01-01 16:59:06.659 0 0 E DTC_ETH,link_delay_work_func: 3003, SQI=0, link=0
03-22 10:34:18.191 0 0 I auditd : type=1400 audit(0.0:20019): avc: denied { kill } for comm="swapper/3" capability=5 scontext=u:r:kernel:s0 tcontext=u:r:kernel:s0 tclass=capability permissive=0
03-22 10:34:19.191 0 0 I auditd : type=1400 audit(0.0:20020): avc: denied { kill } for comm="swapper/3" capability=5 scontext=u:r:kernel:s0 tcontext=u:r:kernel:s0 tclass=capability permissive=0
03-22 10:34:19.407 22192 22192 I auditd : type=1400 audit(0.0:20021): avc: denied { search } for comm="Thread-3" name="asound" dev="proc" ino=4026532151 scontext=u:r:untrusted_app_29:s0:c102,c256,c512,c768 tcontext=u:object_r:proc_asound:s0 tclass=dir permissive=0 app=com.tencent.qqmusic
03-22 10:34:19.455 22192 22192 I auditd : type=1400 audit(0.0:20022): avc: denied { search } for comm="Thread-3" name="asound" dev="proc" ino=4026532151 scontext=u:r:untrusted_app_29:s0:c102,c256,c512,c768 tcontext=u:object_r:proc_asound:s0 tclass=dir permissive=0 app=com.tencent.qqmusic
03-22 10:34:19.543 22192 22192 I auditd : type=1400 audit(0.0:20023): avc: denied { read } for comm="Thread-3" name="tcp" dev="proc" ino=4026532265 scontext=u:r:untrusted_app_29:s0:c102,c256,c512,c768 tcontext=u:object_r:proc_net_tcp_udp:s0 tclass=file permissive=0 app=com.tencent.qqmusic
03-22 10:34:20.187 0 0 I auditd : type=1400 audit(0.0:20024): avc: denied { kill } for comm="swapper/3" capability=5 scontext=u:r:kernel:s0 tcontext=u:r:kernel:s0 tclass=capability permissive=0
03-22 10:34:20.311 22192 22192 I auditd : type=1400 audit(0.0:20025): avc: denied { read } for comm="Thread-3" name="misc" dev="proc" ino=4026531991 scontext=u:r:untrusted_app_29:s0:c102,c256,c512,c768 tcontext=u:object_r:proc_misc:s0 tclass=file permissive=0 app=com.tencent.qqmusic
01-01 16:59:10.247 0 0 E DTC_Display: screen not ready
03-22 10:34:21.187 0 0 I auditd : type=1400 audit(0.0:20026): avc: denied { kill } for comm="swapper/3" capability=5 scontext=u:r:kernel:s0 tcontext=u:r:kernel:s0 tclass=capability permissive=0
03-22 10:34:21.540 1512 1619 I am_uid_idle: 10102
03-22 10:34:22.187 0 0 I auditd : type=1400 audit(0.0:20027): avc: denied { kill } for comm="swapper/3" capability=5 scontext=u:r:kernel:s0 tcontext=u:r:kernel:s0 tclass=capability permissive=0
01-01 16:59:11.779 0 0 E DTC_ETH,link_delay_work_func: 3003, SQI=0, link=0
03-22 10:34:23.191 0 0 I auditd : type=1400 audit(0.0:20028): avc: denied { kill } for comm="swapper/3" capability=5 scontext=u:r:kernel:s0 tcontext=u:r:kernel:s0 tclass=capability permissive=0
03-22 10:34:24.187 0 0 I auditd : type=1400 audit(0.0:20029): avc: denied { kill } for comm="swapper/3" capability=5 scontext=u:r:kernel:s0 tcontext=u:r:kernel:s0 tclass=capability permissive=0
03-22 10:34:25.191 0 0 I auditd : type=1400 audit(0.0:20030): avc: denied { kill } for comm="swapper/3" capability=5 scontext=u:r:kernel:s0 tcontext=u:r:kernel:s0 tclass=capability permissive=0
03-22 10:34:26.187 0 0 I auditd : type=1400 audit(0.0:20031): avc: denied { kill } for comm="swapper/3" capability=5 scontext=u:r:kernel:s0 tcontext=u:r:kernel:s0 tclass=capability permissive=0
03-22 10:34:27.191 0 0 I auditd : type=1400 audit(0.0:20032): avc: denied { kill } for comm="swapper/3" capability=5 scontext=u:r:kernel:s0 tcontext=u:r:kernel:s0 tclass=capability permissive=0
01-01 16:59:16.899 0 0 E DTC_ETH,link_delay_work_func: 3003, SQI=0, link=0
03-22 10:34:28.191 0 0 I auditd : type=1400 audit(0.0:20033): avc: denied { kill } for comm="swapper/3" capability=5 scontext=u:r:kernel:s0 tcontext=u:r:kernel:s0 tclass=capability permissive=0
03-22 10:34:29.187 0 0 I auditd : type=1400 audit(0.0:20034): avc: denied { kill } for comm="swapper/3" capability=5 scontext=u:r:kernel:s0 tcontext=u:r:kernel:s0 tclass=capability permissive=0
01-01 16:59:18.307 0 0 E DTC_Display: screen not ready
03-22 10:34:30.187 0 0 I auditd : type=1400 audit(0.0:20035): avc: denied { kill } for comm="swapper/3" capability=5 scontext=u:r:kernel:s0 tcontext=u:r:kernel:s0 tclass=capability permissive=0
03-22 10:34:31.187 0 0 I auditd : type=1400 audit(0.0:20036): avc: denied { kill } for comm="swapper/3" capability=5 scontext=u:r:kernel:s0 tcontext=u:r:kernel:s0 tclass=capability permissive=0
03-22 10:34:32.187 0 0 I auditd : type=1400 audit(0.0:20037): avc: denied { kill } for comm="swapper/3" capability=5 scontext=u:r:kernel:s0 tcontext=u:r:kernel:s0 tclass=capability permissive=0
01-01 16:59:22.019 0 0 E DTC_ETH,link_delay_work_func: 3003, SQI=0, link=0
03-22 10:34:33.191 0 0 I auditd : type=1400 audit(0.0:20038): avc: denied { kill } for comm="swapper/3" capability=5 scontext=u:r:kernel:s0 tcontext=u:r:kernel:s0 tclass=capability permissive=0
03-22 10:34:34.191 0 0 I auditd : type=1400 audit(0.0:20039): avc: denied { kill } for comm="swapper/3" capability=5 scontext=u:r:kernel:s0 tcontext=u:r:kernel:s0 tclass=capability permissive=0
03-22 10:34:35.191 0 0 I auditd : type=1400 audit(0.0:20040): avc: denied { kill } for comm="swapper/3" capability=5 scontext=u:r:kernel:s0 tcontext=u:r:kernel:s0 tclass=capability permissive=0
01-01 16:59:24.328 0 0 D cnss : Host time = 28400769040 us, device time = 16222924420 us, offset = 12177844620 us
01-01 16:59:24.328 0 0 D cnss : Updated time sync regs [0x984] = 0xd5db298c, [0x988] = 0x2
03-22 10:34:36.191 0 0 I auditd : type=1400 audit(0.0:20041): avc: denied { kill } for comm="swapper/3" capability=5 scontext=u:r:kernel:s0 tcontext=u:r:kernel:s0 tclass=capability permissive=0
03-22 10:34:37.191 0 0 I auditd : type=1400 audit(0.0:20042): avc: denied { kill } for comm="swapper/3" capability=5 scontext=u:r:kernel:s0 tcontext=u:r:kernel:s0 tclass=capability permissive=0
01-01 16:59:26.375 0 0 E DTC_Display: screen not ready
01-01 16:59:27.139 0 0 E DTC_ETH,link_delay_work_func: 3003, SQI=0, link=0
03-22 10:34:38.187 0 0 I auditd : type=1400 audit(0.0:20043): avc: denied { kill } for comm="swapper/3" capability=5 scontext=u:r:kernel:s0 tcontext=u:r:kernel:s0 tclass=capability permissive=0
03-22 10:34:39.187 0 0 I auditd : type=1400 audit(0.0:20044): avc: denied { kill } for comm="swapper/3" capability=5 scontext=u:r:kernel:s0 tcontext=u:r:kernel:s0 tclass=capability permissive=0
03-22 10:34:40.191 0 0 I auditd : type=1400 audit(0.0:20045): avc: denied { kill } for comm="swapper/3" capability=5 scontext=u:r:kernel:s0 tcontext=u:r:kernel:s0 tclass=capability permissive=0
03-22 10:34:41.187 0 0 I auditd : type=1400 audit(0.0:20046): avc: denied { kill } for comm="swapper/3" capability=5 scontext=u:r:kernel:s0 tcontext=u:r:kernel:s0 tclass=capability permissive=0
03-22 10:34:42.187 0 0 I auditd : type=1400 audit(0.0:20047): avc: denied { kill } for comm="swapper/3" capability=5 scontext=u:r:kernel:s0 tcontext=u:r:kernel:s0 tclass=capability permissive=0
01-01 16:59:32.259 0 0 E DTC_ETH,link_delay_work_func: 3003, SQI=0, link=0
03-22 10:34:43.191 0 0 I auditd : type=1400 audit(0.0:20048): avc: denied { kill } for comm="swapper/3" capability=5 scontext=u:r:kernel:s0 tcontext=u:r:kernel:s0 tclass=capability permissive=0
03-22 10:34:44.187 0 0 I auditd : type=1400 audit(0.0:20049): avc: denied { kill } for comm="swapper/3" capability=5 scontext=u:r:kernel:s0 tcontext=u:r:kernel:s0 tclass=capability permissive=0
03-22 10:34:45.191 0 0 I auditd : type=1400 audit(0.0:20050): avc: denied { kill } for comm="swapper/3" capability=5 scontext=u:r:kernel:s0 tcontext=u:r:kernel:s0 tclass=capability permissive=0
01-01 16:59:34.435 0 0 E DTC_Display: screen not ready
03-22 10:34:46.187 0 0 I auditd : type=1400 audit(0.0:20051): avc: denied { kill } for comm="swapper/3" capability=5 scontext=u:r:kernel:s0 tcontext=u:r:kernel:s0 tclass=capability permissive=0
03-22 10:34:47.191 0 0 I auditd : type=1400 audit(0.0:20052): avc: denied { kill } for comm="swapper/3" capability=5 scontext=u:r:kernel:s0 tcontext=u:r:kernel:s0 tclass=capability permissive=0
03-22 10:34:48.187 0 0 I auditd : type=1400 audit(0.0:20053): avc: denied { kill } for comm="swapper/3" capability=5 scontext=u:r:kernel:s0 tcontext=u:r:kernel:s0 tclass=capability permissive=0
01-01 16:59:37.379 0 0 E DTC_ETH,link_delay_work_func: 3003, SQI=0, link=0
03-22 10:34:49.187 0 0 I auditd : type=1400 audit(0.0:20054): avc: denied { kill } for comm="swapper/3" capability=5 scontext=u:r:kernel:s0 tcontext=u:r:kernel:s0 tclass=capability permissive=0
03-22 10:34:50.187 0 0 I auditd : type=1400 audit(0.0:20055): avc: denied { kill } for comm="swapper/3" capability=5 scontext=u:r:kernel:s0 tcontext=u:r:kernel:s0 tclass=capability permissive=0
03-22 10:34:51.187 0 0 I auditd : type=1400 audit(0.0:20056): avc: denied { kill } for comm="swapper/3" capability=5 scontext=u:r:kernel:s0 tcontext=u:r:kernel:s0 tclass=capability permissive=0
03-22 10:34:52.187 0 0 I auditd : type=1400 audit(0.0:20057): avc: denied { kill } for comm="swapper/3" capability=5 scontext=u:r:kernel:s0 tcontext=u:r:kernel:s0 tclass=capability permissive=0
03-22 10:34:53.187 0 0 I auditd : type=1400 audit(0.0:20058): avc: denied { kill } for comm="swapper/3" capability=5 scontext=u:r:kernel:s0 tcontext=u:r:kernel:s0 tclass=capability permissive=0
01-01 16:59:42.499 0 0 E DTC_ETH,link_delay_work_func: 3003, SQI=0, link=0
01-01 16:59:42.499 0 0 E DTC_Display: Abnormal voltage: 0mV
01-01 16:59:42.499 0 0 E DTC_Display: screen not ready
03-22 10:34:54.187 0 0 I auditd : type=1400 audit(0.0:20059): avc: denied { kill } for comm="swapper/3" capability=5 scontext=u:r:kernel:s0 tcontext=u:r:kernel:s0 tclass=capability permissive=0
03-22 10:34:55.187 0 0 I auditd : type=1400 audit(0.0:20060): avc: denied { kill } for comm="swapper/3" capability=5 scontext=u:r:kernel:s0 tcontext=u:r:kernel:s0 tclass=capability permissive=0
03-22 10:34:56.187 0 0 I auditd : type=1400 audit(0.0:20061): avc: denied { kill } for comm="swapper/3" capability=5 scontext=u:r:kernel:s0 tcontext=u:r:kernel:s0 tclass=capability permissive=0
03-22 10:34:57.191 0 0 I auditd : type=1400 audit(0.0:20062): avc: denied { kill } for comm="swapper/3" capability=5 scontext=u:r:kernel:s0 tcontext=u:r:kernel:s0 tclass=capability permissive=0
03-22 10:34:58.187 0 0 I auditd : type=1400 audit(0.0:20063): avc: denied { kill } for comm="swapper/3" capability=5 scontext=u:r:kernel:s0 tcontext=u:r:kernel:s0 tclass=capability permissive=0
01-01 16:59:47.619 0 0 E DTC_ETH,link_delay_work_func: 3003, SQI=0, link=0
03-22 10:34:59.187 0 0 I auditd : type=1400 audit(0.0:20064): avc: denied { kill } for comm="swapper/3" capability=5 scontext=u:r:kernel:s0 tcontext=u:r:kernel:s0 tclass=capability permissive=0
03-22 10:35:00.187 0 0 I auditd : type=1400 audit(0.0:20065): avc: denied { kill } for comm="swapper/3" capability=5 scontext=u:r:kernel:s0 tcontext=u:r:kernel:s0 tclass=capability permissive=0
03-22 10:35:01.187 0 0 I auditd : type=1400 audit(0.0:20066): avc: denied { kill } for comm="swapper/3" capability=5 scontext=u:r:kernel:s0 tcontext=u:r:kernel:s0 tclass=capability permissive=0
01-01 16:59:50.355 0 0 E DTC_Display: screen not ready
03-22 10:35:02.187 0 0 I auditd : type=1400 audit(0.0:20067): avc: denied { kill } for comm="swapper/3" capability=5 scontext=u:r:kernel:s0 tcontext=u:r:kernel:s0 tclass=capability permissive=0
01-01 16:59:51.685 0 0 I msm_vidc: err : ffffffff: .....: DBLP Set: status 0
03-22 10:35:03.191 0 0 I auditd : type=1400 audit(0.0:20068): avc: denied { kill } for comm="swapper/3" capability=5 scontext=u:r:kernel:s0 tcontext=u:r:kernel:s0 tclass=capability permissive=0
01-01 16:59:52.739 0 0 E DTC_ETH,link_delay_work_func: 3003, SQI=0, link=0
03-22 10:35:04.191 0 0 I auditd : type=1400 audit(0.0:20069): avc: denied { kill } for comm="swapper/3" capability=5 scontext=u:r:kernel:s0 tcontext=u:r:kernel:s0 tclass=capability permissive=0
03-22 10:35:05.187 0 0 I auditd : type=1400 audit(0.0:20070): avc: denied { kill } for comm="swapper/3" capability=5 scontext=u:r:kernel:s0 tcontext=u:r:kernel:s0 tclass=capability permissive=0
03-22 10:35:06.187 0 0 I auditd : type=1400 audit(0.0:20071): avc: denied { kill } for comm="swapper/3" capability=5 scontext=u:r:kernel:s0 tcontext=u:r:kernel:s0 tclass=capability permissive=0
03-22 10:35:07.191 0 0 I auditd : type=1400 audit(0.0:20072): avc: denied { kill } for comm="swapper/3" capability=5 scontext=u:r:kernel:s0 tcontext=u:r:kernel:s0 tclass=capability permissive=0
03-22 10:35:08.191 0 0 I auditd : type=1400 audit(0.0:20073): avc: denied { kill } for comm="swapper/3" capability=5 scontext=u:r:kernel:s0 tcontext=u:r:kernel:s0 tclass=capability permissive=0
01-01 16:59:57.859 0 0 E DTC_ETH,link_delay_work_func: 3003, SQI=0, link=0
01-01 16:59:58.091 0 0 E DTC_Display: screen not ready
03-22 10:35:09.191 0 0 I auditd : type=1400 audit(0.0:20074): avc: denied { kill } for comm="swapper/3" capability=5 scontext=u:r:kernel:s0 tcontext=u:r:kernel:s0 tclass=capability permissive=0
03-22 10:35:10.191 0 0 I auditd : type=1400 audit(0.0:20075): avc: denied { kill } for comm="swapper/3" capability=5 scontext=u:r:kernel:s0 tcontext=u:r:kernel:s0 tclass=capability permissive=0
03-22 10:35:11.187 0 0 I auditd : type=1400 audit(0.0:20076): avc: denied { kill } for comm="swapper/3" capability=5 scontext=u:r:kernel:s0 tcontext=u:r:kernel:s0 tclass=capability permissive=0
03-22 10:35:12.187 0 0 I auditd : type=1400 audit(0.0:20077): avc: denied { kill } for comm="swapper/3" capability=5 scontext=u:r:kernel:s0 tcontext=u:r:kernel:s0 tclass=capability permissive=0
03-22 10:35:13.191 0 0 I auditd : type=1400 audit(0.0:20078): avc: denied { kill } for comm="swapper/3" capability=5 scontext=u:r:kernel:s0 tcontext=u:r:kernel:s0 tclass=capability permissive=0
01-01 17:00:02.979 0 0 E DTC_ETH,link_delay_work_func: 3003, SQI=0, link=0
03-22 10:35:14.187 0 0 I auditd : type=1400 audit(0.0:20079): avc: denied { kill } for comm="swapper/3" capability=5 scontext=u:r:kernel:s0 tcontext=u:r:kernel:s0 tclass=capability permissive=0
03-22 10:35:15.187 0 0 I auditd : type=1400 audit(0.0:20080): avc: denied { kill } for comm="swapper/3" capability=5 scontext=u:r:kernel:s0 tcontext=u:r:kernel:s0 tclass=capability permissive=0
03-22 10:35:16.191 0 0 I auditd : type=1400 audit(0.0:20081): avc: denied { kill } for comm="swapper/3" capability=5 scontext=u:r:kernel:s0 tcontext=u:r:kernel:s0 tclass=capability permissive=0
01-01 17:00:05.836 0 0 E DTC_Display: screen not ready
03-22 10:35:17.191 0 0 I auditd : type=1400 audit(0.0:20082): avc: denied { kill } for comm="swapper/3" capability=5 scontext=u:r:kernel:s0 tcontext=u:r:kernel:s0 tclass=capability permissive=0
03-22 10:35:18.187 0 0 I auditd : type=1400 audit(0.0:20083): avc: denied { kill } for comm="swapper/3" capability=5 scontext=u:r:kernel:s0 tcontext=u:r:kernel:s0 tclass=capability permissive=0
01-01 17:00:08.099 0 0 E DTC_ETH,link_delay_work_func: 3003, SQI=0, link=0
03-22 10:35:19.191 0 0 I auditd : type=1400 audit(0.0:20084): avc: denied { kill } for comm="swapper/3" capability=5 scontext=u:r:kernel:s0 tcontext=u:r:kernel:s0 tclass=capability permissive=0
03-22 10:35:20.187 0 0 I auditd : type=1400 audit(0.0:20085): avc: denied { kill } for comm="swapper/3" capability=5 scontext=u:r:kernel:s0 tcontext=u:r:kernel:s0 tclass=capability permissive=0
03-22 10:35:21.187 0 0 I auditd : type=1400 audit(0.0:20086): avc: denied { kill } for comm="swapper/3" capability=5 scontext=u:r:kernel:s0 tcontext=u:r:kernel:s0 tclass=capability permissive=0
03-22 10:35:22.187 0 0 I auditd : type=1400 audit(0.0:20087): avc: denied { kill } for comm="swapper/3" capability=5 scontext=u:r:kernel:s0 tcontext=u:r:kernel:s0 tclass=capability permissive=0
03-22 10:35:23.191 0 0 I auditd : type=1400 audit(0.0:20088): avc: denied { kill } for comm="swapper/3" capability=5 scontext=u:r:kernel:s0 tcontext=u:r:kernel:s0 tclass=capability permissive=0
01-01 17:00:13.219 0 0 E DTC_ETH,link_delay_work_func: 3003, SQI=0, link=0
03-22 10:35:24.191 0 0 I auditd : type=1400 audit(0.0:20089): avc: denied { kill } for comm="swapper/3" capability=5 scontext=u:r:kernel:s0 tcontext=u:r:kernel:s0 tclass=capability permissive=0
01-01 17:00:13.580 0 0 E DTC_Display: screen not ready
03-22 10:35:25.187 0 0 I auditd : type=1400 audit(0.0:20090): avc: denied { kill } for comm="swapper/3" capability=5 scontext=u:r:kernel:s0 tcontext=u:r:kernel:s0 tclass=capability permissive=0
03-22 10:35:26.191 0 0 I auditd : type=1400 audit(0.0:20091): avc: denied { kill } for comm="swapper/3" capability=5 scontext=u:r:kernel:s0 tcontext=u:r:kernel:s0 tclass=capability permissive=0
03-22 10:35:27.187 0 0 I auditd : type=1400 audit(0.0:20092): avc: denied { kill } for comm="swapper/3" capability=5 scontext=u:r:kernel:s0 tcontext=u:r:kernel:s0 tclass=capability permissive=0
03-22 10:35:28.191 0 0 I auditd : type=1400 audit(0.0:20093): avc: denied { kill } for comm="swapper/3" capability=5 scontext=u:r:kernel:s0 tcontext=u:r:kernel:s0 tclass=capability permissive=0
03-22 10:35:29.191 0 0 I auditd : type=1400 audit(0.0:20094): avc: denied { kill } for comm="swapper/3" capability=5 scontext=u:r:kernel:s0 tcontext=u:r:kernel:s0 tclass=capability permissive=0
01-01 17:00:18.339 0 0 E DTC_ETH,link_delay_work_func: 3003, SQI=0, link=0
03-22 10:35:30.187 0 0 I auditd : type=1400 audit(0.0:20095): avc: denied { kill } for comm="swapper/3" capability=5 scontext=u:r:kernel:s0 tcontext=u:r:kernel:s0 tclass=capability permissive=0
03-22 10:35:31.187 0 0 I auditd : type=1400 audit(0.0:20096): avc: denied { kill } for comm="swapper/3" capability=5 scontext=u:r:kernel:s0 tcontext=u:r:kernel:s0 tclass=capability permissive=0
03-22 10:35:32.187 0 0 I auditd : type=1400 audit(0.0:20097): avc: denied { kill } for comm="swapper/3" capability=5 scontext=u:r:kernel:s0 tcontext=u:r:kernel:s0 tclass=capability permissive=0
01-01 17:00:21.324 0 0 E DTC_Display: screen not ready
03-22 10:35:33.191 0 0 I auditd : type=1400 audit(0.0:20098): avc: denied { kill } for comm="swapper/3" capability=5 scontext=u:r:kernel:s0 tcontext=u:r:kernel:s0 tclass=capability permissive=0
03-22 10:35:34.187 1527 1527 I auditd : type=1400 audit(0.0:20099): avc: denied { kill } for comm="kworker/u16:8" capability=5 scontext=u:r:kernel:s0 tcontext=u:r:kernel:s0 tclass=capability permissive=0
01-01 17:00:23.459 0 0 E DTC_ETH,link_delay_work_func: 3003, SQI=0, link=0
03-22 10:35:35.191 0 0 I auditd : type=1400 audit(0.0:20100): avc: denied { kill } for comm="swapper/3" capability=5 scontext=u:r:kernel:s0 tcontext=u:r:kernel:s0 tclass=capability permissive=0
03-22 10:35:36.187 0 0 I auditd : type=1400 audit(0.0:20101): avc: denied { kill } for comm="swapper/3" capability=5 scontext=u:r:kernel:s0 tcontext=u:r:kernel:s0 tclass=capability permissive=0
03-22 10:35:37.191 0 0 I auditd : type=1400 audit(0.0:20102): avc: denied { kill } for comm="swapper/3" capability=5 scontext=u:r:kernel:s0 tcontext=u:r:kernel:s0 tclass=capability permissive=0
03-22 10:35:38.187 0 0 I auditd : type=1400 audit(0.0:20103): avc: denied { kill } for comm="swapper/3" capability=5 scontext=u:r:kernel:s0 tcontext=u:r:kernel:s0 tclass=capability permissive=0
03-22 10:35:39.191 0 0 I auditd : type=1400 audit(0.0:20104): avc: denied { kill } for comm="swapper/3" capability=5 scontext=u:r:kernel:s0 tcontext=u:r:kernel:s0 tclass=capability permissive=0
01-01 17:00:28.579 0 0 E DTC_ETH,link_delay_work_func: 3003, SQI=0, link=0
01-01 17:00:29.067 0 0 E DTC_Display: screen not ready
03-22 10:35:40.187 0 0 I auditd : type=1400 audit(0.0:20105): avc: denied { kill } for comm="swapper/3" capability=5 scontext=u:r:kernel:s0 tcontext=u:r:kernel:s0 tclass=capability permissive=0
03-22 10:35:41.187 0 0 I auditd : type=1400 audit(0.0:20106): avc: denied { kill } for comm="swapper/3" capability=5 scontext=u:r:kernel:s0 tcontext=u:r:kernel:s0 tclass=capability permissive=0
03-22 10:35:42.191 0 0 I auditd : type=1400 audit(0.0:20107): avc: denied { kill } for comm="swapper/3" capability=5 scontext=u:r:kernel:s0 tcontext=u:r:kernel:s0 tclass=capability permissive=0
03-22 10:35:43.191 0 0 I auditd : type=1400 audit(0.0:20108): avc: denied { kill } for comm="swapper/3" capability=5 scontext=u:r:kernel:s0 tcontext=u:r:kernel:s0 tclass=capability permissive=0
03-22 10:35:44.187 0 0 I auditd : type=1400 audit(0.0:20109): avc: denied { kill } for comm="swapper/3" capability=5 scontext=u:r:kernel:s0 tcontext=u:r:kernel:s0 tclass=capability permissive=0
01-01 17:00:33.699 0 0 E DTC_ETH,link_delay_work_func: 3003, SQI=0, link=0
03-22 10:35:45.187 0 0 I auditd : type=1400 audit(0.0:20110): avc: denied { kill } for comm="swapper/3" capability=5 scontext=u:r:kernel:s0 tcontext=u:r:kernel:s0 tclass=capability permissive=0
03-22 10:35:46.187 0 0 I auditd : type=1400 audit(0.0:20111): avc: denied { kill } for comm="swapper/3" capability=5 scontext=u:r:kernel:s0 tcontext=u:r:kernel:s0 tclass=capability permissive=0
03-22 10:35:47.187 0 0 I auditd : type=1400 audit(0.0:20112): avc: denied { kill } for comm="swapper/3" capability=5 scontext=u:r:kernel:s0 tcontext=u:r:kernel:s0 tclass=capability permissive=0
01-01 17:00:37.123 0 0 E DTC_Display: screen not ready
03-22 10:35:48.187 0 0 I auditd : type=1400 audit(0.0:20113): avc: denied { kill } for comm="swapper/3" capability=5 scontext=u:r:kernel:s0 tcontext=u:r:kernel:s0 tclass=capability permissive=0
03-22 10:35:49.191 0 0 I auditd : type=1400 audit(0.0:20114): avc: denied { kill } for comm="swapper/3" capability=5 scontext=u:r:kernel:s0 tcontext=u:r:kernel:s0 tclass=capability permissive=0
01-01 17:00:38.819 0 0 E DTC_ETH,link_delay_work_func: 3003, SQI=0, link=0
03-22 10:35:50.187 0 0 I auditd : type=1400 audit(0.0:20115): avc: denied { kill } for comm="swapper/3" capability=5 scontext=u:r:kernel:s0 tcontext=u:r:kernel:s0 tclass=capability permissive=0
03-22 10:35:51.187 0 0 I auditd : type=1400 audit(0.0:20116): avc: denied { kill } for comm="swapper/3" capability=5 scontext=u:r:kernel:s0 tcontext=u:r:kernel:s0 tclass=capability permissive=0
03-22 10:35:52.191 0 0 I auditd : type=1400 audit(0.0:20117): avc: denied { kill } for comm="swapper/3" capability=5 scontext=u:r:kernel:s0 tcontext=u:r:kernel:s0 tclass=capability permissive=0
03-22 10:35:53.191 0 0 I auditd : type=1400 audit(0.0:20118): avc: denied { kill } for comm="swapper/3" capability=5 scontext=u:r:kernel:s0 tcontext=u:r:kernel:s0 tclass=capability permissive=0
03-22 10:35:54.191 0 0 I auditd : type=1400 audit(0.0:20119): avc: denied { kill } for comm="swapper/3" capability=5 scontext=u:r:kernel:s0 tcontext=u:r:kernel:s0 tclass=capability permissive=0
01-01 17:00:43.939 0 0 E DTC_ETH,link_delay_work_func: 3003, SQI=0, link=0
03-22 10:35:55.187 0 0 I auditd : type=1400 audit(0.0:20120): avc: denied { kill } for comm="swapper/3" capability=5 scontext=u:r:kernel:s0 tcontext=u:r:kernel:s0 tclass=capability permissive=0
01-01 17:00:45.187 0 0 E DTC_Display: screen not ready
03-22 10:35:56.187 0 0 I auditd : type=1400 audit(0.0:20121): avc: denied { kill } for comm="swapper/3" capability=5 scontext=u:r:kernel:s0 tcontext=u:r:kernel:s0 tclass=capability permissive=0
03-22 10:35:57.187 0 0 I auditd : type=1400 audit(0.0:20122): avc: denied { kill } for comm="swapper/3" capability=5 scontext=u:r:kernel:s0 tcontext=u:r:kernel:s0 tclass=capability permissive=0
03-22 10:35:58.191 0 0 I auditd : type=1400 audit(0.0:20123): avc: denied { kill } for comm="swapper/3" capability=5 scontext=u:r:kernel:s0 tcontext=u:r:kernel:s0 tclass=capability permissive=0
03-22 10:35:59.187 0 0 I auditd : type=1400 audit(0.0:20124): avc: denied { kill } for comm="swapper/3" capability=5 scontext=u:r:kernel:s0 tcontext=u:r:kernel:s0 tclass=capability permissive=0
01-01 17:00:49.059 0 0 E DTC_ETH,link_delay_work_func: 3003, SQI=0, link=0
03-22 10:36:00.187 0 0 I auditd : type=1400 audit(0.0:20125): avc: denied { kill } for comm="swapper/3" capability=5 scontext=u:r:kernel:s0 tcontext=u:r:kernel:s0 tclass=capability permissive=0
03-22 10:36:00.270 1512 1697 I input_interaction: Interaction with: 268f62e com.android.systemui/com.android.systemui.screenrecord.ScreenRecordDialog (server), swipe-up (server), edge-swipe (server), PointerEventDispatcher0 (server),
03-22 10:36:00.273 1512 1512 I service_manager_stats: [100,78,1368747]
03-22 10:36:00.366 1512 1619 I am_wtf : [0,1512,system_server,-1,ActivityManager,Sending non-protected broadcast com.android.systemui.screenrecord.UPDATE_STATE_OUTSIDE from system 1982:com.android.systemui/u0a78 pkg com.android.systemui]
03-22 10:36:00.368 1512 5089 I wm_finish_activity: [0,104862232,109,com.android.systemui/.screenrecord.ScreenRecordDialog,app-request]
03-22 10:36:00.368 1512 5089 I wm_task_moved: [1,1,10]
03-22 10:36:00.370 1512 1619 I am_wtf : [0,1512,system_server,-1,ActivityManager,Sending non-protected broadcast com.android.systemui.screenrecord.UPDATE_STATE_OUTSIDE from system 1982:com.android.systemui/u0a78 pkg com.android.systemui]
03-22 10:36:00.373 1512 5089 I wm_task_moved: [32,1,2147483647]
03-22 10:36:00.373 1512 5089 I wm_task_to_front: [0,32]
03-22 10:36:00.373 1512 5089 I wm_focused_root_task: [0,0,1,-1,finish-top adjustFocusToNextFocusableTask]
03-22 10:36:00.383 1512 5089 I wm_pause_activity: [0,104862232,com.android.systemui/.screenrecord.ScreenRecordDialog,userLeaving=false,finish]
03-22 10:36:00.391 1512 1611 I input_focus: [Focus request a81a7d0 com.android.launcher3/com.android.launcher3.uioverrides.QuickstepLauncher,reason=UpdateInputWindows]
03-22 10:36:00.399 1982 1982 I wm_on_top_resumed_lost_called: [104862232,com.android.systemui.screenrecord.ScreenRecordDialog,topStateChangedWhenResumed]
03-22 10:36:00.402 1982 1982 I wm_on_paused_called: [104862232,com.android.systemui.screenrecord.ScreenRecordDialog,performPause]
03-22 10:36:00.405 1512 2683 I wm_set_resumed_activity: [0,com.android.launcher3/.uioverrides.QuickstepLauncher,resumeTopActivityInnerLocked]
03-22 10:36:00.406 1512 2683 I wm_resume_activity: [0,70633193,32,com.android.launcher3/.uioverrides.QuickstepLauncher]
03-22 10:36:00.407 2573 2573 I wm_on_resume_called: [70633193,com.android.launcher3.uioverrides.QuickstepLauncher,RESUME_ACTIVITY]
03-22 10:36:00.407 2573 2573 I wm_on_top_resumed_gained_called: [70633193,com.android.launcher3.uioverrides.QuickstepLauncher,topWhenResuming]
03-22 10:36:00.415 1512 1697 I input_focus: [Focus leaving 268f62e com.android.systemui/com.android.systemui.screenrecord.ScreenRecordDialog (server),reason=NO_WINDOW]
03-22 10:36:00.415 1512 1697 I input_focus: [Focus entering a81a7d0 com.android.launcher3/com.android.launcher3.uioverrides.QuickstepLauncher (server),reason=setFocusedWindow]
03-22 10:36:00.427 1512 1610 I sysui_multi_action: [757,803,799,window_time_0,802,253]
03-22 10:36:00.450 1512 1546 I wm_destroy_activity: [0,104862232,109,com.android.systemui/.screenrecord.ScreenRecordDialog,finish-idle]
03-22 10:36:00.463 1512 1618 I am_pss : [3136,1000,com.android.settings,35379200,33083392,49152,116752384,0,19,7]
03-22 10:36:00.466 1982 1982 I wm_on_stop_called: [104862232,com.android.systemui.screenrecord.ScreenRecordDialog,LIFECYCLER_STOP_ACTIVITY]
03-22 10:36:00.466 1982 1982 I wm_on_destroy_called: [104862232,com.android.systemui.screenrecord.ScreenRecordDialog,performDestroy]
03-22 10:36:00.521 1512 11766 I am_uid_active: 10063
03-22 10:36:00.679 1512 1611 I wm_task_removed: [109,removeChild:removeChild last r=ActivityRecord{6401218 u0 com.android.systemui/.screenrecord.ScreenRecordDialog t-1 f}} in t=Task{a92473a #109 type=standard A=10078:com.android.systemui U=0 visible=false mode=fullscreen translucent=true sz=0}]
03-22 10:36:00.679 1512 1611 I wm_task_removed: [109,removeChild]
