03-22 11:05:10.350 1512 1612 I ActivityTaskManager: clear resize flag in freeform mode
03-22 11:05:10.351 1512 1612 W WindowManager: updateScale : 0.49928057
03-22 11:05:10.362 1512 1546 W WindowManager: updateScale : 0.49928057
03-22 11:05:10.365 1512 1546 W ActivityManager: Receiver with filter android.content.IntentFilter@8cdeb1c already registered for pid 18332, callerPackage is com.android.music
03-22 11:05:10.367 1512 1612 I ActivityTaskManager: clear resize flag in freeform mode
03-22 11:05:10.367 1512 1612 W WindowManager: updateScale : 0.49208632
03-22 11:05:10.379 1512 1546 W WindowManager: updateScale : 0.49208632
03-22 11:05:10.382 1512 1546 W ActivityManager: Receiver with filter android.content.IntentFilter@f7d325 already registered for pid 18332, callerPackage is com.android.music
03-22 11:05:10.384 1512 1612 I ActivityTaskManager: clear resize flag in freeform mode
03-22 11:05:10.384 1512 1612 W WindowManager: updateScale : 0.48776978
03-22 11:05:10.395 1512 1546 W WindowManager: updateScale : 0.48776978
03-22 11:05:10.399 1512 1546 W ActivityManager: Receiver with filter android.content.IntentFilter@f785cfa already registered for pid 18332, callerPackage is com.android.music
03-22 11:05:10.400 1512 1612 I ActivityTaskManager: clear resize flag in freeform mode
03-22 11:05:10.401 1512 1612 W WindowManager: updateScale : 0.48345324
03-22 11:05:10.412 1512 1546 W WindowManager: updateScale : 0.48345324
03-22 11:05:10.416 1512 1546 W ActivityManager: Receiver with filter android.content.IntentFilter@5eff2ab already registered for pid 18332, callerPackage is com.android.music
03-22 11:05:10.417 1512 1612 I ActivityTaskManager: clear resize flag in freeform mode
03-22 11:05:10.417 1512 1612 W WindowManager: updateScale : 0.4820144
03-22 11:05:10.429 1512 1546 W WindowManager: updateScale : 0.4820144
03-22 11:05:10.432 1512 1546 W ActivityManager: Receiver with filter android.content.IntentFilter@e5c9d08 already registered for pid 18332, callerPackage is com.android.music
03-22 11:05:10.434 1512 1612 I ActivityTaskManager: clear resize flag in freeform mode
03-22 11:05:10.434 1512 1612 W WindowManager: updateScale : 0.48057553
03-22 11:05:10.446 1512 1546 W WindowManager: updateScale : 0.48057553
03-22 11:05:10.449 1512 1546 W ActivityManager: Receiver with filter android.content.IntentFilter@1777ca1 already registered for pid 18332, callerPackage is com.android.music
03-22 11:05:10.451 1512 1612 I ActivityTaskManager: clear resize flag in freeform mode
03-22 11:05:10.451 1512 1612 W WindowManager: updateScale : 0.4791367
03-22 11:05:10.462 1512 1546 W WindowManager: updateScale : 0.4791367
03-22 11:05:10.467 1512 1612 I ActivityTaskManager: clear resize flag in freeform mode
03-22 11:05:10.467 1512 1612 W WindowManager: updateScale : 0.47769785
03-22 11:05:10.468 1512 1512 I GameModeConfig: isGameModeOn = false
03-22 11:05:10.468 1512 1512 I GameModeConfig: isGameModeOn = false
03-22 11:05:10.479 1512 1546 W WindowManager: updateScale : 0.47769785
03-22 11:05:10.482 1512 11966 W ActivityManager: Receiver with filter android.content.IntentFilter@d5f4ec6 already registered for pid 18332, callerPackage is com.android.music
03-22 11:05:10.484 1512 1612 I ActivityTaskManager: clear resize flag in freeform mode
03-22 11:05:10.484 1512 1612 W WindowManager: updateScale : 0.47769785
03-22 11:05:10.496 1512 11966 W WindowManager: updateScale : 0.47769785
03-22 11:05:10.499 1512 1546 W ActivityManager: Receiver with filter android.content.IntentFilter@eb90e87 already registered for pid 18332, callerPackage is com.android.music
03-22 11:05:10.508 1512 1512 I GameModeConfig: isGameModeOn = false
03-22 11:05:10.509 1512 1512 I GameModeConfig: isGameModeOn = false
03-22 11:05:10.512 1512 11966 W WindowManager: updateScale : 0.47769785
01-01 17:30:00.099 0 0 E DTC_ETH,link_delay_work_func: 3003, SQI=0, link=0
03-22 11:05:11.187 0 0 I auditd : type=1400 audit(0.0:22046): avc: denied { kill } for comm="swapper/1" capability=5 scontext=u:r:kernel:s0 tcontext=u:r:kernel:s0 tclass=capability permissive=0
03-22 11:05:11.279 1512 1697 I input_interaction: Interaction with: a81a7d0 com.android.launcher3/com.android.launcher3.uioverrides.QuickstepLauncher (server), d87d679 com.android.systemui.ImageWallpaper (server), swipe-up (server), edge-swipe (server), PointerEventDispatcher0 (server),
03-22 11:05:12.631 1512 11965 I thunderperf: PlatormCompat.setOverrides: Uid1=10076 Pid1=2573 Uid2=10076 Pid2=2573
03-22 11:05:12.631 1512 11965 I thunderperf: PlatormCompat.setOverrides: needCheck:false
03-22 11:05:12.631 1512 11965 I thunderperf: CompatConfig.addOverrideUnsafe: bef-state=1
03-22 11:05:12.631 1512 11965 E thunderperf: CompatConfig.addOverrideUnsafe: exception:java.lang.SecurityException: Cannot override a change on a non-debuggable app and user build.
03-22 11:05:12.631 1512 11965 I thunderperf: CompatConfig.addOverrideUnsafe: aft-state=1
03-22 11:05:12.632 1512 11965 I thunderperf: CompatConfig.addOverrideUnsafe: bef-state=1
03-22 11:05:12.633 1512 11965 E thunderperf: CompatConfig.addOverrideUnsafe: exception:java.lang.SecurityException: Cannot override a change on a non-debuggable app and user build.
03-22 11:05:12.633 1512 11965 I thunderperf: CompatConfig.addOverrideUnsafe: aft-state=1
03-22 11:05:12.633 1512 11965 I thunderperf: CompatConfig.addOverrideUnsafe: bef-state=1
03-22 11:05:12.634 1512 11965 E thunderperf: CompatConfig.addOverrideUnsafe: exception:java.lang.SecurityException: Cannot override a change on a non-debuggable app and user build.
03-22 11:05:12.634 1512 11965 I thunderperf: CompatConfig.addOverrideUnsafe: aft-state=1
03-22 11:05:12.634 1512 11965 I thunderperf: CompatConfig.addOverrideUnsafe: bef-state=1
03-22 11:05:12.635 1512 11965 E thunderperf: CompatConfig.addOverrideUnsafe: exception:java.lang.SecurityException: Cannot override a change on a non-debuggable app and user build.
03-22 11:05:12.635 1512 11965 I thunderperf: CompatConfig.addOverrideUnsafe: aft-state=1
03-22 11:05:12.636 1512 11965 I thunderperf: CompatConfig.addOverrideUnsafe: bef-state=1
03-22 11:05:12.636 1512 11965 E thunderperf: CompatConfig.addOverrideUnsafe: exception:java.lang.SecurityException: Cannot override a change on a non-debuggable app and user build.
03-22 11:05:12.636 1512 11965 I thunderperf: CompatConfig.addOverrideUnsafe: aft-state=1
03-22 11:05:12.636 1512 11965 I thunderperf: CompatConfig.addOverrideUnsafe: bef-state=1
03-22 11:05:12.637 1512 11965 E thunderperf: CompatConfig.addOverrideUnsafe: exception:java.lang.SecurityException: Cannot override a change on a non-debuggable app and user build.
03-22 11:05:12.637 1512 11965 I thunderperf: CompatConfig.addOverrideUnsafe: aft-state=1
03-22 11:05:12.637 1512 11965 I thunderperf: CompatConfig.addOverrideUnsafe: bef-state=1
03-22 11:05:12.638 1512 11965 E thunderperf: CompatConfig.addOverrideUnsafe: exception:java.lang.SecurityException: Cannot override a change on a non-debuggable app and user build.
03-22 11:05:12.638 1512 11965 I thunderperf: CompatConfig.addOverrideUnsafe: aft-state=1
03-22 11:05:12.638 1512 11965 I thunderperf: CompatConfig.addOverrideUnsafe: bef-state=1
03-22 11:05:12.639 1512 11965 E thunderperf: CompatConfig.addOverrideUnsafe: exception:java.lang.SecurityException: Cannot override a change on a non-debuggable app and user build.
03-22 11:05:12.639 1512 11965 I thunderperf: CompatConfig.addOverrideUnsafe: aft-state=1
03-22 11:05:12.639 1512 11965 I thunderperf: CompatConfig.addOverrideUnsafe: bef-state=1
03-22 11:05:12.640 1512 11965 E thunderperf: CompatConfig.addOverrideUnsafe: exception:java.lang.SecurityException: Cannot override a change on a non-debuggable app and user build.
03-22 11:05:12.640 1512 11965 I thunderperf: CompatConfig.addOverrideUnsafe: aft-state=1
03-22 11:05:12.640 1512 11965 I thunderperf: CompatConfig.addOverrideUnsafe: bef-state=1
03-22 11:05:12.641 1512 11965 E thunderperf: CompatConfig.addOverrideUnsafe: exception:java.lang.SecurityException: Cannot override a change on a non-debuggable app and user build.
03-22 11:05:12.641 1512 11965 I thunderperf: CompatConfig.addOverrideUnsafe: aft-state=1
03-22 11:05:12.641 1512 11965 I thunderperf: CompatConfig.addOverrideUnsafe: bef-state=1
03-22 11:05:12.642 1512 11965 E thunderperf: CompatConfig.addOverrideUnsafe: exception:java.lang.SecurityException: Cannot override a change on a non-debuggable app and user build.
03-22 11:05:12.642 1512 11965 I thunderperf: CompatConfig.addOverrideUnsafe: aft-state=1
03-22 11:05:12.642 1512 11965 I thunderperf: CompatConfig.addOverrideUnsafe: bef-state=1
03-22 11:05:12.643 1512 11965 E thunderperf: CompatConfig.addOverrideUnsafe: exception:java.lang.SecurityException: Cannot override a change on a non-debuggable app and user build.
03-22 11:05:12.643 1512 11965 I thunderperf: CompatConfig.addOverrideUnsafe: aft-state=1
03-22 11:05:12.643 1512 11965 I thunderperf: CompatConfig.addOverrideUnsafe: bef-state=1
03-22 11:05:12.644 1512 11965 E thunderperf: CompatConfig.addOverrideUnsafe: exception:java.lang.SecurityException: Cannot override a change on a non-debuggable app and user build.
03-22 11:05:12.644 1512 11965 I thunderperf: CompatConfig.addOverrideUnsafe: aft-state=1
03-22 11:05:12.644 1512 11965 I thunderperf: CompatConfig.addOverrideUnsafe: bef-state=1
03-22 11:05:12.645 1512 11965 E thunderperf: CompatConfig.addOverrideUnsafe: exception:java.lang.SecurityException: Cannot override a change on a non-debuggable app and user build.
03-22 11:05:12.645 1512 11965 I thunderperf: CompatConfig.addOverrideUnsafe: aft-state=1
03-22 11:05:12.652 1512 11965 I ActivityTaskManager: START u0 {act=android.intent.action.MAIN cat=[android.intent.category.LAUNCHER] flg=0x10200000 cmp=com.android.gallery3d/.app.GalleryActivity} from uid 10076
03-22 11:05:12.656 1512 11965 I wm_task_created: [115,-1]
03-22 11:05:12.656 1512 11965 W ActivityTaskManager: Can't find TaskDisplayArea to determine support for multi window. Task id=115 attached=false
03-22 11:05:12.656 1512 11965 D FreeFormWindowHelper: finish old freeform task = ActivityRecord{6a9d99c u0 com.android.music/.MusicBrowserActivity t114}
03-22 11:05:12.657 1512 11965 I wm_finish_activity: [0,111794588,114,com.android.music/.MusicBrowserActivity,app-request]
03-22 11:05:12.657 1512 11965 I wm_task_moved: [1,1,7]
03-22 11:05:12.658 1512 11965 I wm_set_resumed_activity: [0,com.android.launcher3/.uioverrides.QuickstepLauncher,positionChildAt]
03-22 11:05:12.658 1512 11965 I wm_task_moved: [32,1,2147483647]
03-22 11:05:12.658 1512 11965 I wm_task_to_front: [0,32]
03-22 11:05:12.658 18332 18332 I wm_on_top_resumed_lost_called: [111794588,com.android.music.MusicBrowserActivity,topStateChangedWhenResumed]
03-22 11:05:12.658 1512 11965 I wm_focused_root_task: [0,0,1,-1,finish-top adjustFocusToNextFocusableTask]
03-22 11:05:12.658 1512 11965 I wm_set_resumed_activity: [0,com.android.launcher3/.uioverrides.QuickstepLauncher,finish-top]
03-22 11:05:12.664 1512 11965 I wm_pause_activity: [0,111794588,com.android.music/.MusicBrowserActivity,userLeaving=false,finish]
03-22 11:05:12.665 1512 11965 D FreeFormWindowHelper: Add freeform task=Task{f70534c #115 type=standard ?? U=0 visible=false mode=freeform translucent=true sz=0}
03-22 11:05:12.667 1512 11965 I wm_task_moved: [115,1,7]
03-22 11:05:12.667 1512 11965 I wm_task_to_front: [0,115]
03-22 11:05:12.667 1512 11965 I wm_focused_root_task: [0,0,115,1,reuseOrNewTask]
03-22 11:05:12.667 1512 11965 I wm_create_task: [0,115]
03-22 11:05:12.667 1512 11965 I wm_create_activity: [0,83677077,115,com.android.gallery3d/.app.GalleryActivity,android.intent.action.MAIN,NULL,NULL,270532608]
03-22 11:05:12.667 1512 11965 I wm_task_moved: [115,1,7]
03-22 11:05:12.669 1512 1611 I input_focus: [Focus request a81a7d0 com.android.launcher3/com.android.launcher3.uioverrides.QuickstepLauncher,reason=UpdateInputWindows]
03-22 11:05:12.669 18332 18332 I wm_on_paused_called: [111794588,com.android.music.MusicBrowserActivity,performPause]
03-22 11:05:12.671 1512 11965 I wm_add_to_stopping: [0,111794588,com.android.music/.MusicBrowserActivity,completeFinishing]
03-22 11:05:12.671 1512 11965 I ActivityTaskManager: FOREGROUND_APPLICATION_CHANGED to com.android.gallery3d.app.GalleryActivity
03-22 11:05:12.672 1512 11965 I ActivityTaskManager: The Process com.android.gallery3d Already Exists in BG. So sending its PID: 6785
03-22 11:05:12.672 1512 11965 W ActivityTaskManager: Tried to set launchTime (0) < mLastActivityLaunchTime (30145734)
03-22 11:05:12.672 1512 11965 I wm_restart_activity: [0,83677077,115,com.android.gallery3d/.app.GalleryActivity]
03-22 11:05:12.673 1512 11965 I wm_set_resumed_activity: [0,com.android.gallery3d/.app.GalleryActivity,minimalResumeActivityLocked]
03-22 11:05:12.677 1512 1610 I sysui_multi_action: [757,803,799,window_time_0,802,9]
03-22 11:05:12.685 6785 6785 I wm_on_create_called: [83677077,com.android.gallery3d.app.GalleryActivity,performCreate]
03-22 11:05:12.686 6785 6785 I wm_on_start_called: [83677077,com.android.gallery3d.app.GalleryActivity,handleStartActivity]
03-22 11:05:12.687 6785 6785 I wm_on_resume_called: [83677077,com.android.gallery3d.app.GalleryActivity,RESUME_ACTIVITY]
03-22 11:05:12.688 1512 1697 I input_focus: [Focus leaving 5103582 com.android.music/com.android.music.MusicBrowserActivity (server),reason=NO_WINDOW]
03-22 11:05:12.688 1512 1697 I input_focus: [Focus entering a81a7d0 com.android.launcher3/com.android.launcher3.uioverrides.QuickstepLauncher (server),reason=setFocusedWindow]
03-22 11:05:12.689 6785 6785 I wm_on_top_resumed_gained_called: [83677077,com.android.gallery3d.app.GalleryActivity,topStateChangedWhenResumed]
03-22 11:05:12.704 1512 1546 W WindowManager: updateScale : 0.8
03-22 11:05:12.706 1512 1611 I input_focus: [Focus request faa4413 com.android.gallery3d/com.android.gallery3d.app.GalleryActivity,reason=UpdateInputWindows]
03-22 11:05:12.738 1512 1611 W WindowManager: updateScale : 0.8
03-22 11:05:12.739 1512 1697 I input_focus: [Focus leaving a81a7d0 com.android.launcher3/com.android.launcher3.uioverrides.QuickstepLauncher (server),reason=Waiting for window because NOT_VISIBLE]
03-22 11:05:12.740 1512 1611 W WindowManager: updateScale : 0.8
03-22 11:05:12.741 1512 1607 I sysui_multi_action: [319,88,322,88,325,30235,757,761,758,8,759,2,806,com.android.gallery3d,871,com.android.gallery3d.app.GalleryActivity,904,com.android.launcher3,905,0,1320,8,1321,5]
03-22 11:05:12.741 1512 1611 W WindowManager: updateScale : 0.8
03-22 11:05:12.741 1512 1607 I wm_activity_launch_time: [0,83677077,com.android.gallery3d/.app.GalleryActivity,88]
03-22 11:05:12.755 1512 1697 I input_focus: [Focus entering faa4413 com.android.gallery3d/com.android.gallery3d.app.GalleryActivity (server),reason=Window became focusable. Previous reason: NOT_VISIBLE]
03-22 11:05:12.775 1512 11965 W FreeFormWindowHelper: Current Display FreeFormTask is Task{f70534c #115 type=standard A=10065:com.android.gallery3d U=0 visible=true mode=freeform translucent=false sz=1}
03-22 11:05:12.775 1512 1546 W FreeFormWindowHelper: Current Display FreeFormTask is Task{f70534c #115 type=standard A=10065:com.android.gallery3d U=0 visible=true mode=freeform translucent=false sz=1}
03-22 11:05:12.776 1512 11965 W FreeFormWindowHelper: Current Display FreeFormTask is Task{f70534c #115 type=standard A=10065:com.android.gallery3d U=0 visible=true mode=freeform translucent=false sz=1}
03-22 11:05:12.787 1512 11966 W FreeFormWindowHelper: Current Display FreeFormTask is Task{f70534c #115 type=standard A=10065:com.android.gallery3d U=0 visible=true mode=freeform translucent=false sz=1}
03-22 11:05:12.788 1512 11966 W FreeFormWindowHelper: Current Display FreeFormTask is Task{f70534c #115 type=standard A=10065:com.android.gallery3d U=0 visible=true mode=freeform translucent=false sz=1}
03-22 11:05:13.022 1512 1611 W WindowManager: updateScale : 0.8
03-22 11:05:13.023 1512 1610 I wm_destroy_activity: [0,111794588,114,com.android.music/.MusicBrowserActivity,finish-imm:idle]
03-22 11:05:13.038 1512 11966 W WindowManager: updateScale : 0.8
03-22 11:05:13.040 1512 11966 W ActivityManager: Receiver with filter android.content.IntentFilter@db40b3f already registered for pid 18332, callerPackage is com.android.music
03-22 11:05:13.041 18332 18332 I wm_on_stop_called: [111794588,com.android.music.MusicBrowserActivity,LIFECYCLER_STOP_ACTIVITY]
03-22 11:05:13.042 18332 18332 I wm_on_destroy_called: [111794588,com.android.music.MusicBrowserActivity,performDestroy]
03-22 11:05:13.043 1512 11966 W WindowManager: updateScale : 0.8
03-22 11:05:13.044 1512 5223 I wm_task_removed: [114,removeChild:removeChild last r=ActivityRecord{6a9d99c u0 com.android.music/.MusicBrowserActivity t-1 f}} in t=Task{1f8b50f #114 type=standard A=10082:android.task.music U=0 visible=false mode=freeform translucent=true sz=0}]
03-22 11:05:13.044 1512 5223 I wm_task_removed: [114,removeChild]
03-22 11:05:13.187 0 0 I auditd : type=1400 audit(0.0:22047): avc: denied { kill } for comm="swapper/1" capability=5 scontext=u:r:kernel:s0 tcontext=u:r:kernel:s0 tclass=capability permissive=0
03-22 11:05:13.637 1512 11966 W FreeFormWindowHelper: Current Display FreeFormTask is Task{f70534c #115 type=standard A=10065:com.android.gallery3d U=0 visible=true mode=freeform translucent=false sz=1}
03-22 11:05:13.638 1512 11966 W FreeFormWindowHelper: Current Display FreeFormTask is Task{f70534c #115 type=standard A=10065:com.android.gallery3d U=0 visible=true mode=freeform translucent=false sz=1}
03-22 11:05:13.638 1512 11966 W FreeFormWindowHelper: Current Display FreeFormTask is Task{f70534c #115 type=standard A=10065:com.android.gallery3d U=0 visible=true mode=freeform translucent=false sz=1}
03-22 11:05:13.667 1512 1697 I input_interaction: Interaction with: swipe-up (server), edge-swipe (server), PointerEventDispatcher0 (server),
03-22 11:05:13.667 2573 2573 I view_enqueue_input_event: [Motion - Cancel,com.android.launcher3/com.android.launcher3.uioverrides.QuickstepLauncher]
03-22 11:05:13.668 1512 1546 W FreeFormWindowHelper: Current Display FreeFormTask is Task{f70534c #115 type=standard A=10065:com.android.gallery3d U=0 visible=true mode=freeform translucent=false sz=1}
03-22 11:05:13.668 1512 1546 W FreeFormWindowHelper: Current Display FreeFormTask is Task{f70534c #115 type=standard A=10065:com.android.gallery3d U=0 visible=true mode=freeform translucent=false sz=1}
03-22 11:05:13.671 1512 1546 W FreeFormWindowHelper: Current Display FreeFormTask is Task{f70534c #115 type=standard A=10065:com.android.gallery3d U=0 visible=true mode=freeform translucent=false sz=1}
03-22 11:05:13.672 1512 11965 W FreeFormWindowHelper: Current Display FreeFormTask is Task{f70534c #115 type=standard A=10065:com.android.gallery3d U=0 visible=true mode=freeform translucent=false sz=1}
03-22 11:05:13.673 1512 11965 W FreeFormWindowHelper: Current Display FreeFormTask is Task{f70534c #115 type=standard A=10065:com.android.gallery3d U=0 visible=true mode=freeform translucent=false sz=1}
03-22 11:05:13.673 1512 11965 W FreeFormWindowHelper: Current Display FreeFormTask is Task{f70534c #115 type=standard A=10065:com.android.gallery3d U=0 visible=true mode=freeform translucent=false sz=1}
03-22 11:05:13.680 1512 1546 W ActivityTaskManager: getTaskSnapshot: taskId=936 not found
03-22 11:05:13.682 1512 1546 W ActivityTaskManager: getTaskSnapshot: taskId=936 not found
03-22 11:05:13.682 1512 1546 W ActivityTaskManager: getTaskSnapshot: taskId=936 not found
03-22 11:05:13.687 1512 1546 W FreeFormWindowHelper: Current Display FreeFormTask is Task{f70534c #115 type=standard A=10065:com.android.gallery3d U=0 visible=true mode=freeform translucent=false sz=1}
03-22 11:05:13.687 1512 1546 W FreeFormWindowHelper: Current Display FreeFormTask is Task{f70534c #115 type=standard A=10065:com.android.gallery3d U=0 visible=true mode=freeform translucent=false sz=1}
03-22 11:05:13.704 1512 1546 W FreeFormWindowHelper: Current Display FreeFormTask is Task{f70534c #115 type=standard A=10065:com.android.gallery3d U=0 visible=true mode=freeform translucent=false sz=1}
03-22 11:05:13.704 1512 1546 W FreeFormWindowHelper: Current Display FreeFormTask is Task{f70534c #115 type=standard A=10065:com.android.gallery3d U=0 visible=true mode=freeform translucent=false sz=1}
03-22 11:05:13.839 1512 1684 I commit_sys_config_file: [settings-1-0,1]
03-22 11:05:14.055 1512 1546 W FreeFormWindowHelper: Current Display FreeFormTask is Task{f70534c #115 type=standard A=10065:com.android.gallery3d U=0 visible=true mode=freeform translucent=false sz=1}
03-22 11:05:14.055 1512 1546 W FreeFormWindowHelper: Current Display FreeFormTask is Task{f70534c #115 type=standard A=10065:com.android.gallery3d U=0 visible=true mode=freeform translucent=false sz=1}
03-22 11:05:14.072 1512 1546 W FreeFormWindowHelper: Current Display FreeFormTask is Task{f70534c #115 type=standard A=10065:com.android.gallery3d U=0 visible=true mode=freeform translucent=false sz=1}
03-22 11:05:14.072 1512 1546 W FreeFormWindowHelper: Current Display FreeFormTask is Task{f70534c #115 type=standard A=10065:com.android.gallery3d U=0 visible=true mode=freeform translucent=false sz=1}
03-22 11:05:14.089 1512 11965 W FreeFormWindowHelper: Current Display FreeFormTask is Task{f70534c #115 type=standard A=10065:com.android.gallery3d U=0 visible=true mode=freeform translucent=false sz=1}
03-22 11:05:14.089 1512 11965 W FreeFormWindowHelper: Current Display FreeFormTask is Task{f70534c #115 type=standard A=10065:com.android.gallery3d U=0 visible=true mode=freeform translucent=false sz=1}
03-22 11:05:14.106 1512 11965 W FreeFormWindowHelper: Current Display FreeFormTask is Task{f70534c #115 type=standard A=10065:com.android.gallery3d U=0 visible=true mode=freeform translucent=false sz=1}
03-22 11:05:14.106 1512 11965 W FreeFormWindowHelper: Current Display FreeFormTask is Task{f70534c #115 type=standard A=10065:com.android.gallery3d U=0 visible=true mode=freeform translucent=false sz=1}
03-22 11:05:14.122 1512 11965 W FreeFormWindowHelper: Current Display FreeFormTask is Task{f70534c #115 type=standard A=10065:com.android.gallery3d U=0 visible=true mode=freeform translucent=false sz=1}
03-22 11:05:14.122 1512 11965 W FreeFormWindowHelper: Current Display FreeFormTask is Task{f70534c #115 type=standard A=10065:com.android.gallery3d U=0 visible=true mode=freeform translucent=false sz=1}
03-22 11:05:14.139 1512 1546 W FreeFormWindowHelper: Current Display FreeFormTask is Task{f70534c #115 type=standard A=10065:com.android.gallery3d U=0 visible=true mode=freeform translucent=false sz=1}
03-22 11:05:14.139 1512 1546 W FreeFormWindowHelper: Current Display FreeFormTask is Task{f70534c #115 type=standard A=10065:com.android.gallery3d U=0 visible=true mode=freeform translucent=false sz=1}
03-22 11:05:14.156 1512 5223 W FreeFormWindowHelper: Current Display FreeFormTask is Task{f70534c #115 type=standard A=10065:com.android.gallery3d U=0 visible=true mode=freeform translucent=false sz=1}
03-22 11:05:14.156 1512 5223 W FreeFormWindowHelper: Current Display FreeFormTask is Task{f70534c #115 type=standard A=10065:com.android.gallery3d U=0 visible=true mode=freeform translucent=false sz=1}
03-22 11:05:14.172 1512 1546 W FreeFormWindowHelper: Current Display FreeFormTask is Task{f70534c #115 type=standard A=10065:com.android.gallery3d U=0 visible=true mode=freeform translucent=false sz=1}
03-22 11:05:14.173 1512 1546 W FreeFormWindowHelper: Current Display FreeFormTask is Task{f70534c #115 type=standard A=10065:com.android.gallery3d U=0 visible=true mode=freeform translucent=false sz=1}
03-22 11:05:14.189 1512 5223 W FreeFormWindowHelper: Current Display FreeFormTask is Task{f70534c #115 type=standard A=10065:com.android.gallery3d U=0 visible=true mode=freeform translucent=false sz=1}
03-22 11:05:14.189 1512 5223 W FreeFormWindowHelper: Current Display FreeFormTask is Task{f70534c #115 type=standard A=10065:com.android.gallery3d U=0 visible=true mode=freeform translucent=false sz=1}
03-22 11:05:14.187 0 0 I auditd : type=1400 audit(0.0:22048): avc: denied { kill } for comm="swapper/1" capability=5 scontext=u:r:kernel:s0 tcontext=u:r:kernel:s0 tclass=capability permissive=0
03-22 11:05:14.206 1512 11966 W FreeFormWindowHelper: Current Display FreeFormTask is Task{f70534c #115 type=standard A=10065:com.android.gallery3d U=0 visible=true mode=freeform translucent=false sz=1}
03-22 11:05:14.206 1512 11966 W FreeFormWindowHelper: Current Display FreeFormTask is Task{f70534c #115 type=standard A=10065:com.android.gallery3d U=0 visible=true mode=freeform translucent=false sz=1}
03-22 11:05:14.222 1512 1546 W FreeFormWindowHelper: Current Display FreeFormTask is Task{f70534c #115 type=standard A=10065:com.android.gallery3d U=0 visible=true mode=freeform translucent=false sz=1}
03-22 11:05:14.223 1512 1546 W FreeFormWindowHelper: Current Display FreeFormTask is Task{f70534c #115 type=standard A=10065:com.android.gallery3d U=0 visible=true mode=freeform translucent=false sz=1}
03-22 11:05:14.239 1512 11966 W FreeFormWindowHelper: Current Display FreeFormTask is Task{f70534c #115 type=standard A=10065:com.android.gallery3d U=0 visible=true mode=freeform translucent=false sz=1}
03-22 11:05:14.239 1512 11966 W FreeFormWindowHelper: Current Display FreeFormTask is Task{f70534c #115 type=standard A=10065:com.android.gallery3d U=0 visible=true mode=freeform translucent=false sz=1}
03-22 11:05:14.249 1512 1684 I commit_sys_config_file: [settings-1-0,1]
03-22 11:05:14.256 1512 11966 W FreeFormWindowHelper: Current Display FreeFormTask is Task{f70534c #115 type=standard A=10065:com.android.gallery3d U=0 visible=true mode=freeform translucent=false sz=1}
03-22 11:05:14.256 1512 11966 W FreeFormWindowHelper: Current Display FreeFormTask is Task{f70534c #115 type=standard A=10065:com.android.gallery3d U=0 visible=true mode=freeform translucent=false sz=1}
03-22 11:05:14.273 1512 1546 W FreeFormWindowHelper: Current Display FreeFormTask is Task{f70534c #115 type=standard A=10065:com.android.gallery3d U=0 visible=true mode=freeform translucent=false sz=1}
03-22 11:05:14.273 1512 1546 W FreeFormWindowHelper: Current Display FreeFormTask is Task{f70534c #115 type=standard A=10065:com.android.gallery3d U=0 visible=true mode=freeform translucent=false sz=1}
03-22 11:05:14.289 1512 1546 W FreeFormWindowHelper: Current Display FreeFormTask is Task{f70534c #115 type=standard A=10065:com.android.gallery3d U=0 visible=true mode=freeform translucent=false sz=1}
03-22 11:05:14.290 1512 1546 W FreeFormWindowHelper: Current Display FreeFormTask is Task{f70534c #115 type=standard A=10065:com.android.gallery3d U=0 visible=true mode=freeform translucent=false sz=1}
03-22 11:05:14.306 1512 1546 W FreeFormWindowHelper: Current Display FreeFormTask is Task{f70534c #115 type=standard A=10065:com.android.gallery3d U=0 visible=true mode=freeform translucent=false sz=1}
03-22 11:05:14.306 1512 1546 W FreeFormWindowHelper: Current Display FreeFormTask is Task{f70534c #115 type=standard A=10065:com.android.gallery3d U=0 visible=true mode=freeform translucent=false sz=1}
03-22 11:05:14.323 1512 5223 W FreeFormWindowHelper: Current Display FreeFormTask is Task{f70534c #115 type=standard A=10065:com.android.gallery3d U=0 visible=true mode=freeform translucent=false sz=1}
03-22 11:05:14.323 1512 5223 W FreeFormWindowHelper: Current Display FreeFormTask is Task{f70534c #115 type=standard A=10065:com.android.gallery3d U=0 visible=true mode=freeform translucent=false sz=1}
03-22 11:05:14.339 1512 11966 W FreeFormWindowHelper: Current Display FreeFormTask is Task{f70534c #115 type=standard A=10065:com.android.gallery3d U=0 visible=true mode=freeform translucent=false sz=1}
03-22 11:05:14.340 1512 11966 W FreeFormWindowHelper: Current Display FreeFormTask is Task{f70534c #115 type=standard A=10065:com.android.gallery3d U=0 visible=true mode=freeform translucent=false sz=1}
03-22 11:05:14.357 1512 11966 I wm_finish_activity: [0,83677077,115,com.android.gallery3d/.app.GalleryActivity,app-request]
03-22 11:05:14.357 1512 11966 I wm_task_moved: [1,1,6]
03-22 11:05:14.357 1512 11966 I wm_set_resumed_activity: [0,com.android.launcher3/.uioverrides.QuickstepLauncher,positionChildAt]
03-22 11:05:14.357 6785 6785 I wm_on_top_resumed_lost_called: [83677077,com.android.gallery3d.app.GalleryActivity,topStateChangedWhenResumed]
03-22 11:05:14.357 1512 11966 I wm_task_moved: [32,1,2147483647]
03-22 11:05:14.357 1512 11966 I wm_task_to_front: [0,32]
03-22 11:05:14.357 1512 11966 I wm_focused_root_task: [0,0,1,-1,finish-top adjustFocusToNextFocusableTask]
03-22 11:05:14.358 1512 11966 I wm_set_resumed_activity: [0,com.android.launcher3/.uioverrides.QuickstepLauncher,finish-top]
03-22 11:05:14.360 1512 11966 I wm_pause_activity: [0,83677077,com.android.gallery3d/.app.GalleryActivity,userLeaving=false,finish]
03-22 11:05:14.362 1512 1611 I input_focus: [Focus request a81a7d0 com.android.launcher3/com.android.launcher3.uioverrides.QuickstepLauncher,reason=UpdateInputWindows]
03-22 11:05:14.362 1512 11966 W FreeFormWindowHelper: Current Display FreeFormTask is Task{f70534c #115 type=standard A=10065:com.android.gallery3d U=0 visible=false mode=freeform translucent=true sz=1}
03-22 11:05:14.362 1512 5223 W FreeFormWindowHelper: Current Display FreeFormTask is Task{f70534c #115 type=standard A=10065:com.android.gallery3d U=0 visible=false mode=freeform translucent=true sz=1}
03-22 11:05:14.363 1512 5223 W FreeFormWindowHelper: Current Display FreeFormTask is Task{f70534c #115 type=standard A=10065:com.android.gallery3d U=0 visible=false mode=freeform translucent=true sz=1}
03-22 11:05:14.366 6785 6785 I wm_on_paused_called: [83677077,com.android.gallery3d.app.GalleryActivity,performPause]
03-22 11:05:14.366 1512 1546 I ActivityTaskManager: FOREGROUND_APPLICATION_CHANGED to com.android.launcher3.uioverrides.QuickstepLauncher
03-22 11:05:14.366 1512 1546 I wm_destroy_activity: [0,83677077,115,com.android.gallery3d/.app.GalleryActivity,finish-imm:completePausedLocked]
03-22 11:05:14.370 1512 1546 W FreeFormWindowHelper: Current Display FreeFormTask is Task{f70534c #115 type=standard A=10065:com.android.gallery3d U=0 visible=false mode=freeform translucent=true sz=1}
03-22 11:05:14.370 1512 1610 I sysui_multi_action: [757,803,799,window_time_2,802,1]
03-22 11:05:14.372 6785 6785 I wm_on_stop_called: [83677077,com.android.gallery3d.app.GalleryActivity,LIFECYCLER_STOP_ACTIVITY]
03-22 11:05:14.373 1512 11965 W FreeFormWindowHelper: Current Display FreeFormTask is Task{f70534c #115 type=standard A=10065:com.android.gallery3d U=0 visible=false mode=freeform translucent=true sz=1}
03-22 11:05:14.373 1512 11965 W FreeFormWindowHelper: Current Display FreeFormTask is Task{f70534c #115 type=standard A=10065:com.android.gallery3d U=0 visible=false mode=freeform translucent=true sz=1}
03-22 11:05:14.375 6785 6785 I wm_on_destroy_called: [83677077,com.android.gallery3d.app.GalleryActivity,performDestroy]
03-22 11:05:14.376 2573 2573 I wm_on_top_resumed_gained_called: [70633193,com.android.launcher3.uioverrides.QuickstepLauncher,topStateChangedWhenResumed]
03-22 11:05:14.379 1512 1697 I input_focus: [Focus entering a81a7d0 com.android.launcher3/com.android.launcher3.uioverrides.QuickstepLauncher (server),reason=setFocusedWindow]
03-22 11:05:14.468 1512 11966 W FreeFormWindowHelper: Current Display FreeFormTask is Task{f70534c #115 type=standard A=10065:com.android.gallery3d U=0 visible=false mode=freeform translucent=true sz=1}
01-01 17:30:03.663 0 0 E DTC_Display: screen not ready
03-22 11:05:14.658 1512 1611 I wm_task_removed: [115,removeChild:removeChild last r=ActivityRecord{4fccf95 u0 com.android.gallery3d/.app.GalleryActivity t-1 f}} in t=Task{f70534c #115 type=standard A=10065:com.android.gallery3d U=0 visible=false mode=freeform translucent=true sz=0}]
03-22 11:05:14.658 1512 1611 I wm_task_removed: [115,removeChild]
03-22 11:05:14.658 1512 1611 D FreeFormWindowHelper: Remove freefrom task=Task{f70534c #115 type=standard A=10065:com.android.gallery3d U=0 visible=false mode=freeform translucent=true sz=0}
03-22 11:05:15.187 288 288 I auditd : type=1400 audit(0.0:22049): avc: denied { kill } for comm="kgsl_worker_thr" capability=5 scontext=u:r:kernel:s0 tcontext=u:r:kernel:s0 tclass=capability permissive=0
03-22 11:05:15.397 1512 1697 I input_interaction: Interaction with: a81a7d0 com.android.launcher3/com.android.launcher3.uioverrides.QuickstepLauncher (server), d87d679 com.android.systemui.ImageWallpaper (server), swipe-up (server), edge-swipe (server), PointerEventDispatcher0 (server),
03-22 11:05:15.548 1512 11965 D FreeFormWindowHelper: Add freeform task=Task{1f8b50f #114 type=standard A=10082:android.task.music U=0 visible=false mode=freeform translucent=true sz=0}
03-22 11:05:15.551 1512 11965 I wm_task_moved: [1,1,6]
03-22 11:05:15.551 1512 11965 I wm_set_resumed_activity: [0,com.android.launcher3/.uioverrides.QuickstepLauncher,positionChildAt]
03-22 11:05:15.552 1512 11965 I ActivityTaskManager: START u0 {act=android.intent.action.MAIN cat=[android.intent.category.LAUNCHER] flg=0x10300000 cmp=com.android.music/.MusicBrowserActivity} from uid 10076
03-22 11:05:15.558 1512 11965 I wm_task_moved: [114,1,6]
03-22 11:05:15.558 1512 11965 I wm_task_to_front: [0,114]
03-22 11:05:15.558 1512 11965 I wm_focused_root_task: [0,0,114,1,reuseOrNewTask]
03-22 11:05:15.558 1512 11965 I wm_create_activity: [0,96520916,114,com.android.music/.MusicBrowserActivity,android.intent.action.MAIN,NULL,NULL,271581184]
03-22 11:05:15.559 1512 11965 I ActivityTaskManager: FOREGROUND_APPLICATION_CHANGED to com.android.music.MusicBrowserActivity
03-22 11:05:15.559 1512 11965 I ActivityTaskManager: The Process com.android.music Already Exists in BG. So sending its PID: 18332
03-22 11:05:15.559 1512 11965 W ActivityTaskManager: Tried to set launchTime (0) < mLastActivityLaunchTime (30232518)
03-22 11:05:15.560 1512 11965 I wm_restart_activity: [0,96520916,114,com.android.music/.MusicBrowserActivity]
03-22 11:05:15.560 1512 11965 I wm_set_resumed_activity: [0,com.android.music/.MusicBrowserActivity,minimalResumeActivityLocked]
03-22 11:05:15.561 1512 5223 W ActivityManager: Receiver with filter android.content.IntentFilter@4db247d already registered for pid 18332, callerPackage is com.android.music
03-22 11:05:15.564 2573 2573 I wm_on_top_resumed_lost_called: [70633193,com.android.launcher3.uioverrides.QuickstepLauncher,topStateChangedWhenResumed]
03-22 11:05:15.577 1512 11966 W FreeFormWindowHelper: exitRecentTasks type=1
03-22 11:05:15.577 18332 18332 I wm_on_create_called: [96520916,com.android.music.MusicBrowserActivity,performCreate]
03-22 11:05:15.582 18332 18332 I wm_on_start_called: [96520916,com.android.music.MusicBrowserActivity,handleStartActivity]
03-22 11:05:15.582 18332 18332 I wm_on_resume_called: [96520916,com.android.music.MusicBrowserActivity,RESUME_ACTIVITY]
03-22 11:05:15.584 18332 18332 I wm_on_top_resumed_gained_called: [96520916,com.android.music.MusicBrowserActivity,topStateChangedWhenResumed]
03-22 11:05:15.584 1512 1751 I GameModeConfig: isGameModeOn = false
03-22 11:05:15.584 1512 1751 I GameModeConfig: isGameModeOn = false
03-22 11:05:15.584 1512 1751 I GameModeConfig: isGameModeOn = false
03-22 11:05:15.584 1512 1751 I GameModeConfig: isGameModeOn = false
03-22 11:05:15.590 1512 1512 I notification_enqueue: [10082,18332,com.android.music,1,NULL,0,Notification(channel=Channel-music shortcut=null contentView=null vibrate=null sound=null defaults=0x0 flags=0x40 color=0x00000000 category=transport actions=5 vis=PRIVATE),1]
03-22 11:05:15.590 1512 1512 I notification_enqueue: [10082,18332,com.android.music,1,NULL,0,Notification(channel=Channel-music shortcut=null contentView=null vibrate=null sound=null defaults=0x0 flags=0x40 color=0x00000000 category=transport actions=5 vis=PRIVATE),1]
03-22 11:05:15.592 1512 1751 I GameModeConfig: isGameModeOn = false
03-22 11:05:15.592 1512 1751 I GameModeConfig: isGameModeOn = false
03-22 11:05:15.592 1512 1751 I GameModeConfig: isGameModeOn = false
03-22 11:05:15.592 1512 1751 I GameModeConfig: isGameModeOn = false
03-22 11:05:15.598 1512 1512 I notification_enqueue: [10082,18332,com.android.music,1,NULL,0,Notification(channel=Channel-music shortcut=null contentView=null vibrate=null sound=null defaults=0x0 flags=0x40 color=0x00000000 category=transport actions=5 vis=PRIVATE),1]
03-22 11:05:15.599 1512 1512 I notification_enqueue: [10082,18332,com.android.music,1,NULL,0,Notification(channel=Channel-music shortcut=null contentView=null vibrate=null sound=null defaults=0x0 flags=0x40 color=0x00000000 category=transport actions=5 vis=PRIVATE),1]
03-22 11:05:15.610 1512 1546 W WindowManager: updateScale : 0.47769785
03-22 11:05:15.612 1512 1611 I input_focus: [Focus request 49d8a7a com.android.music/com.android.music.MusicBrowserActivity,reason=UpdateInputWindows]
03-22 11:05:15.619 1512 1611 W WindowManager: updateScale : 0.47769785
03-22 11:05:15.621 1512 1611 W WindowManager: updateScale : 0.47769785
03-22 11:05:15.622 1512 1607 I sysui_multi_action: [319,69,322,68,325,30238,757,761,758,8,759,2,806,com.android.music,871,com.android.music.MusicBrowserActivity,904,com.android.launcher3,905,0,1320,4,1321,1]
03-22 11:05:15.622 1512 1611 W WindowManager: updateScale : 0.47769785
03-22 11:05:15.622 1512 1607 I wm_activity_launch_time: [0,96520916,com.android.music/.MusicBrowserActivity,68]
03-22 11:05:15.630 1512 1697 I input_focus: [Focus leaving a81a7d0 com.android.launcher3/com.android.launcher3.uioverrides.QuickstepLauncher (server),reason=setFocusedWindow]
03-22 11:05:15.630 1512 1697 I input_focus: [Focus entering 49d8a7a com.android.music/com.android.music.MusicBrowserActivity (server),reason=setFocusedWindow]
03-22 11:05:15.791 1512 1512 I GameModeConfig: isGameModeOn = false
03-22 11:05:15.792 1512 1512 I GameModeConfig: isGameModeOn = false
03-22 11:05:15.800 1512 1512 I GameModeConfig: isGameModeOn = false
03-22 11:05:15.801 1512 1512 I GameModeConfig: isGameModeOn = false
03-22 11:05:15.898 1512 1611 W WindowManager: updateScale : 0.47769785
01-01 17:30:05.219 0 0 E DTC_ETH,link_delay_work_func: 3003, SQI=0, link=0
03-22 11:05:16.187 0 0 I auditd : type=1400 audit(0.0:22050): avc: denied { kill } for comm="swapper/7" capability=5 scontext=u:r:kernel:s0 tcontext=u:r:kernel:s0 tclass=capability permissive=0
03-22 11:05:17.191 0 0 I auditd : type=1400 audit(0.0:22051): avc: denied { kill } for comm="swapper/2" capability=5 scontext=u:r:kernel:s0 tcontext=u:r:kernel:s0 tclass=capability permissive=0
03-22 11:05:18.187 0 0 I auditd : type=1400 audit(0.0:22052): avc: denied { kill } for comm="swapper/2" capability=5 scontext=u:r:kernel:s0 tcontext=u:r:kernel:s0 tclass=capability permissive=0
03-22 11:05:19.187 0 0 I auditd : type=1400 audit(0.0:22053): avc: denied { kill } for comm="swapper/2" capability=5 scontext=u:r:kernel:s0 tcontext=u:r:kernel:s0 tclass=capability permissive=0
03-22 11:05:20.187 0 0 I auditd : type=1400 audit(0.0:22054): avc: denied { kill } for comm="swapper/2" capability=5 scontext=u:r:kernel:s0 tcontext=u:r:kernel:s0 tclass=capability permissive=0
03-22 11:05:21.187 0 0 I auditd : type=1400 audit(0.0:22055): avc: denied { kill } for comm="swapper/2" capability=5 scontext=u:r:kernel:s0 tcontext=u:r:kernel:s0 tclass=capability permissive=0
01-01 17:30:10.339 0 0 E DTC_ETH,link_delay_work_func: 3003, SQI=0, link=0
03-22 11:05:22.187 0 0 I auditd : type=1400 audit(0.0:22056): avc: denied { kill } for comm="swapper/2" capability=5 scontext=u:r:kernel:s0 tcontext=u:r:kernel:s0 tclass=capability permissive=0
01-01 17:30:11.715 0 0 E DTC_Display: screen not ready
03-22 11:05:23.187 0 0 I auditd : type=1400 audit(0.0:22057): avc: denied { kill } for comm="swapper/2" capability=5 scontext=u:r:kernel:s0 tcontext=u:r:kernel:s0 tclass=capability permissive=0
03-22 11:05:23.528 1512 1619 I am_uid_idle: 10063
03-22 11:05:24.187 0 0 I auditd : type=1400 audit(0.0:22058): avc: denied { kill } for comm="swapper/2" capability=5 scontext=u:r:kernel:s0 tcontext=u:r:kernel:s0 tclass=capability permissive=0
03-22 11:05:25.187 0 0 I auditd : type=1400 audit(0.0:22059): avc: denied { kill } for comm="swapper/2" capability=5 scontext=u:r:kernel:s0 tcontext=u:r:kernel:s0 tclass=capability permissive=0
01-01 17:30:15.459 0 0 E DTC_ETH,link_delay_work_func: 3003, SQI=0, link=0
03-22 11:05:26.897 1512 1697 I input_interaction: Interaction with: 49d8a7a com.android.music/com.android.music.MusicBrowserActivity (server), swipe-up (server), edge-swipe (server), PointerEventDispatcher0 (server),
03-22 11:05:27.187 0 0 I auditd : type=1400 audit(0.0:22060): avc: denied { kill } for comm="swapper/2" capability=5 scontext=u:r:kernel:s0 tcontext=u:r:kernel:s0 tclass=capability permissive=0
03-22 11:05:27.276 1512 1612 I ActivityTaskManager: clear resize flag in freeform mode
03-22 11:05:27.277 1512 1612 W WindowManager: updateScale : 0.5410072
03-22 11:05:27.295 1512 1612 I ActivityTaskManager: clear resize flag in freeform mode
03-22 11:05:27.296 1512 1612 W WindowManager: updateScale : 0.58992803
03-22 11:05:27.301 1512 11966 W ActivityManager: Receiver with filter android.content.IntentFilter@dac992c already registered for pid 18332, callerPackage is com.android.music
03-22 11:05:27.306 1512 11966 W WindowManager: updateScale : 0.58992803
03-22 11:05:27.310 1512 1612 I ActivityTaskManager: clear resize flag in freeform mode
03-22 11:05:27.311 1512 1612 W WindowManager: updateScale : 0.6345324
03-22 11:05:27.323 1512 11966 W ActivityManager: Receiver with filter android.content.IntentFilter@d30cff5 already registered for pid 18332, callerPackage is com.android.music
03-22 11:05:27.325 1512 1612 I ActivityTaskManager: clear resize flag in freeform mode
03-22 11:05:27.326 1512 1612 W WindowManager: updateScale : 0.6705036
03-22 11:05:27.328 1512 11966 W WindowManager: updateScale : 0.6705036
03-22 11:05:27.343 1512 1612 I ActivityTaskManager: clear resize flag in freeform mode
03-22 11:05:27.343 1512 1612 W WindowManager: updateScale : 0.69928056
03-22 11:05:27.359 1512 1612 I ActivityTaskManager: clear resize flag in freeform mode
03-22 11:05:27.359 1512 1612 W WindowManager: updateScale : 0.723741
03-22 11:05:27.365 1512 11966 W ActivityManager: Receiver with filter android.content.IntentFilter@2ba502e already registered for pid 18332, callerPackage is com.android.music
03-22 11:05:27.375 1512 1612 I ActivityTaskManager: clear resize flag in freeform mode
03-22 11:05:27.375 1512 1612 W WindowManager: updateScale : 0.74244606
03-22 11:05:27.376 1512 11966 W WindowManager: updateScale : 0.74244606
03-22 11:05:27.381 1512 1751 I GameModeConfig: isGameModeOn = false
03-22 11:05:27.381 1512 1751 I GameModeConfig: isGameModeOn = false
03-22 11:05:27.382 1512 1751 I GameModeConfig: isGameModeOn = false
03-22 11:05:27.382 1512 1751 I GameModeConfig: isGameModeOn = false
03-22 11:05:27.389 1512 1512 I notification_enqueue: [10082,18332,com.android.music,1,NULL,0,Notification(channel=Channel-music shortcut=null contentView=null vibrate=null sound=null defaults=0x0 flags=0x40 color=0x00000000 category=transport actions=5 vis=PRIVATE),1]
03-22 11:05:27.392 1512 1512 I notification_enqueue: [10082,18332,com.android.music,1,NULL,0,Notification(channel=Channel-music shortcut=null contentView=null vibrate=null sound=null defaults=0x0 flags=0x40 color=0x00000000 category=transport actions=5 vis=PRIVATE),1]
03-22 11:05:27.392 1512 1612 I ActivityTaskManager: clear resize flag in freeform mode
03-22 11:05:27.392 1512 1612 W WindowManager: updateScale : 0.7568345
03-22 11:05:27.397 1512 11966 W ActivityManager: Receiver with filter android.content.IntentFilter@5f1771d already registered for pid 18332, callerPackage is com.android.music
03-22 11:05:27.398 1512 11966 W WindowManager: updateScale : 0.7568345
03-22 11:05:27.405 1512 11966 W WindowManager: updateScale : 0.7568345
03-22 11:05:27.408 1512 1612 I ActivityTaskManager: clear resize flag in freeform mode
03-22 11:05:27.408 1512 1612 W WindowManager: updateScale : 0.76978415
03-22 11:05:27.422 1512 11966 W ActivityManager: Receiver with filter android.content.IntentFilter@788bd92 already registered for pid 18332, callerPackage is com.android.music
03-22 11:05:27.425 1512 1612 I ActivityTaskManager: clear resize flag in freeform mode
03-22 11:05:27.426 1512 1612 W WindowManager: updateScale : 0.7784173
03-22 11:05:27.439 1512 11966 W WindowManager: updateScale : 0.7784173
03-22 11:05:27.442 1512 1612 I ActivityTaskManager: clear resize flag in freeform mode
03-22 11:05:27.443 1512 1612 W WindowManager: updateScale : 0.7856115
03-22 11:05:27.458 1512 1612 I ActivityTaskManager: clear resize flag in freeform mode
03-22 11:05:27.458 1512 1612 W WindowManager: updateScale : 0.7899281
03-22 11:05:27.467 1512 11966 W ActivityManager: Receiver with filter android.content.IntentFilter@c525ab7 already registered for pid 18332, callerPackage is com.android.music
03-22 11:05:27.468 1512 11966 W WindowManager: updateScale : 0.7899281
03-22 11:05:27.475 1512 1612 I ActivityTaskManager: clear resize flag in freeform mode
03-22 11:05:27.475 1512 1612 W WindowManager: updateScale : 0.7942446
03-22 11:05:27.479 1512 11966 W ActivityManager: Receiver with filter android.content.IntentFilter@e4ac90 already registered for pid 18332, callerPackage is com.android.music
03-22 11:05:27.481 1512 1751 I GameModeConfig: isGameModeOn = false
03-22 11:05:27.481 1512 1751 I GameModeConfig: isGameModeOn = false
03-22 11:05:27.481 1512 1751 I GameModeConfig: isGameModeOn = false
03-22 11:05:27.481 1512 1751 I GameModeConfig: isGameModeOn = false
03-22 11:05:27.488 1512 1512 I notification_enqueue: [10082,18332,com.android.music,1,NULL,0,Notification(channel=Channel-music shortcut=null contentView=null vibrate=null sound=null defaults=0x0 flags=0x40 color=0x00000000 category=transport actions=5 vis=PRIVATE),1]
03-22 11:05:27.490 1512 1512 I notification_enqueue: [10082,18332,com.android.music,1,NULL,0,Notification(channel=Channel-music shortcut=null contentView=null vibrate=null sound=null defaults=0x0 flags=0x40 color=0x00000000 category=transport actions=5 vis=PRIVATE),1]
03-22 11:05:27.492 1512 1612 I ActivityTaskManager: clear resize flag in freeform mode
03-22 11:05:27.492 1512 1612 W WindowManager: updateScale : 0.79568344
03-22 11:05:27.494 1512 11965 W WindowManager: updateScale : 0.79568344
03-22 11:05:27.504 1512 11965 W WindowManager: updateScale : 0.79568344
03-22 11:05:27.508 1512 1612 I ActivityTaskManager: clear resize flag in freeform mode
03-22 11:05:27.509 1512 1612 W WindowManager: updateScale : 0.7971223
03-22 11:05:27.524 1512 11965 W ActivityManager: Receiver with filter android.content.IntentFilter@e771cb already registered for pid 18332, callerPackage is com.android.music
03-22 11:05:27.526 1512 1612 I ActivityTaskManager: clear resize flag in freeform mode
03-22 11:05:27.526 1512 1612 W WindowManager: updateScale : 0.79856116
03-22 11:05:27.541 1512 11965 W ActivityManager: Receiver with filter android.content.IntentFilter@5397da8 already registered for pid 18332, callerPackage is com.android.music
03-22 11:05:27.543 1512 1612 I ActivityTaskManager: clear resize flag in freeform mode
03-22 11:05:27.544 1512 1612 W WindowManager: updateScale : 0.8
03-22 11:05:27.555 1512 11965 W WindowManager: updateScale : 0.8
03-22 11:05:27.559 1512 1612 I ActivityTaskManager: clear resize flag in freeform mode
03-22 11:05:27.560 1512 1612 W WindowManager: updateScale : 0.8
03-22 11:05:27.589 1512 11965 W WindowManager: updateScale : 0.8
03-22 11:05:27.590 1512 1512 I GameModeConfig: isGameModeOn = false
03-22 11:05:27.593 1512 1512 I GameModeConfig: isGameModeOn = false
03-22 11:05:27.689 1512 1512 I GameModeConfig: isGameModeOn = false
03-22 11:05:27.690 1512 1512 I GameModeConfig: isGameModeOn = false
03-22 11:05:28.187 0 0 I auditd : type=1400 audit(0.0:22061): avc: denied { kill } for comm="swapper/2" capability=5 scontext=u:r:kernel:s0 tcontext=u:r:kernel:s0 tclass=capability permissive=0
03-22 11:05:28.222 1512 13044 I wm_finish_activity: [0,96520916,114,com.android.music/.MusicBrowserActivity,finish-activity]
03-22 11:05:28.222 1512 13044 I wm_task_moved: [1,1,6]
03-22 11:05:28.227 1512 13044 I wm_set_resumed_activity: [0,com.android.launcher3/.uioverrides.QuickstepLauncher,positionChildAt]
03-22 11:05:28.227 1512 13044 I wm_task_moved: [32,1,2147483647]
03-22 11:05:28.227 1512 13044 I wm_task_to_front: [0,32]
03-22 11:05:28.227 1512 13044 I wm_focused_root_task: [0,0,1,-1,finish-top adjustFocusToNextFocusableTask]
03-22 11:05:28.227 1512 13044 I wm_set_resumed_activity: [0,com.android.launcher3/.uioverrides.QuickstepLauncher,finish-top]
03-22 11:05:28.256 1512 13044 I wm_pause_activity: [0,96520916,com.android.music/.MusicBrowserActivity,userLeaving=false,finish]
03-22 11:05:28.263 1512 1611 I input_focus: [Focus request a81a7d0 com.android.launcher3/com.android.launcher3.uioverrides.QuickstepLauncher,reason=UpdateInputWindows]
03-22 11:05:28.264 18332 18332 I wm_on_top_resumed_lost_called: [96520916,com.android.music.MusicBrowserActivity,topStateChangedWhenResumed]
03-22 11:05:28.267 18332 18332 I wm_on_paused_called: [96520916,com.android.music.MusicBrowserActivity,performPause]
03-22 11:05:28.274 2573 2573 I wm_on_top_resumed_gained_called: [70633193,com.android.launcher3.uioverrides.QuickstepLauncher,topStateChangedWhenResumed]
03-22 11:05:28.276 1512 1610 I sysui_multi_action: [757,803,799,window_time_0,802,14]
03-22 11:05:28.279 1512 13044 I ActivityTaskManager: FOREGROUND_APPLICATION_CHANGED to com.android.launcher3.uioverrides.QuickstepLauncher
03-22 11:05:28.279 1512 13044 I wm_destroy_activity: [0,96520916,114,com.android.music/.MusicBrowserActivity,finish-imm:completePausedLocked]
03-22 11:05:28.291 1512 1610 I sysui_multi_action: [757,803,799,window_time_0,802,0]
