03-22 11:03:18.425 1512 5087 W ActivityManager: Background start not allowed: service Intent { cmp=com.tencent.qqmusic/.service.MainService } to com.tencent.qqmusic/.service.MainService from pid=6197 uid=10102 pkg=com.tencent.qqmusic startFg?=false
03-22 11:03:18.564 1512 5087 W ActivityManager: Background start not allowed: service Intent { cmp=com.tencent.qqmusic/.service.MainService } to com.tencent.qqmusic/.service.MainService from pid=6197 uid=10102 pkg=com.tencent.qqmusic startFg?=false
03-22 11:03:18.684 1512 5087 W ActivityManager: Background start not allowed: service Intent { cmp=com.tencent.qqmusic/.service.MainService } to com.tencent.qqmusic/.service.MainService from pid=6197 uid=10102 pkg=com.tencent.qqmusic startFg?=false
03-22 11:03:18.825 1512 5087 W ActivityManager: Background start not allowed: service Intent { cmp=com.tencent.qqmusic/.service.MainService } to com.tencent.qqmusic/.service.MainService from pid=6197 uid=10102 pkg=com.tencent.qqmusic startFg?=false
01-01 17:28:08.037 0 0 I msm_vidc: err : ffffffff: .....: DBLP Set: status 0
03-22 11:03:18.963 1512 5087 W ActivityManager: Background start not allowed: service Intent { cmp=com.tencent.qqmusic/.service.MainService } to com.tencent.qqmusic/.service.MainService from pid=6197 uid=10102 pkg=com.tencent.qqmusic startFg?=false
03-22 11:03:19.106 1512 5087 W ActivityManager: Background start not allowed: service Intent { cmp=com.tencent.qqmusic/.service.MainService } to com.tencent.qqmusic/.service.MainService from pid=6197 uid=10102 pkg=com.tencent.qqmusic startFg?=false
03-22 11:03:19.191 0 0 I auditd : type=1400 audit(0.0:21931): avc: denied { kill } for comm="swapper/1" capability=5 scontext=u:r:kernel:s0 tcontext=u:r:kernel:s0 tclass=capability permissive=0
03-22 11:03:19.247 1512 5087 W ActivityManager: Background start not allowed: service Intent { cmp=com.tencent.qqmusic/.service.MainService } to com.tencent.qqmusic/.service.MainService from pid=6197 uid=10102 pkg=com.tencent.qqmusic startFg?=false
03-22 11:03:19.350 1512 5087 W ActivityManager: Background start not allowed: service Intent { cmp=com.tencent.qqmusic/.service.MainService } to com.tencent.qqmusic/.service.MainService from pid=6197 uid=10102 pkg=com.tencent.qqmusic startFg?=false
03-22 11:03:19.480 1512 1697 I input_interaction: Interaction with: d75dead com.android.settings/com.android.settings.homepage.SettingsHomepageActivity (server), swipe-up (server), edge-swipe (server), PointerEventDispatcher0 (server),
03-22 11:03:19.492 1512 5087 W ActivityManager: Background start not allowed: service Intent { cmp=com.tencent.qqmusic/.service.MainService } to com.tencent.qqmusic/.service.MainService from pid=6197 uid=10102 pkg=com.tencent.qqmusic startFg?=false
03-22 11:03:19.602 1512 5087 W ActivityManager: Background start not allowed: service Intent { cmp=com.tencent.qqmusic/.service.MainService } to com.tencent.qqmusic/.service.MainService from pid=6197 uid=10102 pkg=com.tencent.qqmusic startFg?=false
03-22 11:03:19.612 5270 5270 I sysui_multi_action: [757,830,758,4,833,0,854,top_level_connected_devices,1089,0]
03-22 11:03:19.716 1512 5087 W ActivityManager: Background start not allowed: service Intent { cmp=com.tencent.qqmusic/.service.MainService } to com.tencent.qqmusic/.service.MainService from pid=6197 uid=10102 pkg=com.tencent.qqmusic startFg?=false
03-22 11:03:19.717 5270 5270 I sysui_multi_action: [757,103,758,2,1089,7092]
03-22 11:03:19.745 1512 5087 W BluetoothManagerService: psc is not null in bindBluetoothProfileService
03-22 11:03:19.776 1512 5087 E UserRestrictionsUtils: Unknown restriction queried by uid 1000 (com.hryt.hiphishowfsecontrol et al): null
03-22 11:03:19.786 5270 5270 E ActivityThread: Failed to find provider info for com.google.android.gms.nearby.fastpair
03-22 11:03:19.787 5270 6060 E ActivityThread: Failed to find provider info for com.google.android.gms.nearby.fastpair
03-22 11:03:19.793 5270 5270 I sysui_multi_action: [757,747,758,1,833,0,1089,65]
03-22 11:03:19.794 5270 5270 I sysui_multi_action: [757,1729,758,4,854,isParalleledControllers:false,1089,66]
03-22 11:03:19.848 1512 13247 W ActivityManager: Background start not allowed: service Intent { cmp=com.tencent.qqmusic/.service.MainService } to com.tencent.qqmusic/.service.MainService from pid=6197 uid=10102 pkg=com.tencent.qqmusic startFg?=false
03-22 11:03:19.982 1512 9151 W ActivityManager: Background start not allowed: service Intent { cmp=com.tencent.qqmusic/.service.MainService } to com.tencent.qqmusic/.service.MainService from pid=6197 uid=10102 pkg=com.tencent.qqmusic startFg?=false
03-22 11:03:20.124 1512 9151 W ActivityManager: Background start not allowed: service Intent { cmp=com.tencent.qqmusic/.service.MainService } to com.tencent.qqmusic/.service.MainService from pid=6197 uid=10102 pkg=com.tencent.qqmusic startFg?=false
03-22 11:03:20.187 0 0 I auditd : type=1400 audit(0.0:21932): avc: denied { kill } for comm="swapper/1" capability=5 scontext=u:r:kernel:s0 tcontext=u:r:kernel:s0 tclass=capability permissive=0
03-22 11:03:20.233 1512 9151 W ActivityManager: Background start not allowed: service Intent { cmp=com.tencent.qqmusic/.service.MainService } to com.tencent.qqmusic/.service.MainService from pid=6197 uid=10102 pkg=com.tencent.qqmusic startFg?=false
03-22 11:03:20.373 1512 9151 W ActivityManager: Background start not allowed: service Intent { cmp=com.tencent.qqmusic/.service.MainService } to com.tencent.qqmusic/.service.MainService from pid=6197 uid=10102 pkg=com.tencent.qqmusic startFg?=false
03-22 11:03:20.517 1512 9151 W ActivityManager: Background start not allowed: service Intent { cmp=com.tencent.qqmusic/.service.MainService } to com.tencent.qqmusic/.service.MainService from pid=6197 uid=10102 pkg=com.tencent.qqmusic startFg?=false
03-22 11:03:20.635 1512 9151 W ActivityManager: Background start not allowed: service Intent { cmp=com.tencent.qqmusic/.service.MainService } to com.tencent.qqmusic/.service.MainService from pid=6197 uid=10102 pkg=com.tencent.qqmusic startFg?=false
03-22 11:03:20.776 1512 9151 W ActivityManager: Background start not allowed: service Intent { cmp=com.tencent.qqmusic/.service.MainService } to com.tencent.qqmusic/.service.MainService from pid=6197 uid=10102 pkg=com.tencent.qqmusic startFg?=false
03-22 11:03:20.889 1512 9151 W ActivityManager: Background start not allowed: service Intent { cmp=com.tencent.qqmusic/.service.MainService } to com.tencent.qqmusic/.service.MainService from pid=6197 uid=10102 pkg=com.tencent.qqmusic startFg?=false
03-22 11:03:21.024 1512 9151 W ActivityManager: Background start not allowed: service Intent { cmp=com.tencent.qqmusic/.service.MainService } to com.tencent.qqmusic/.service.MainService from pid=6197 uid=10102 pkg=com.tencent.qqmusic startFg?=false
03-22 11:03:21.148 1512 9151 W ActivityManager: Background start not allowed: service Intent { cmp=com.tencent.qqmusic/.service.MainService } to com.tencent.qqmusic/.service.MainService from pid=6197 uid=10102 pkg=com.tencent.qqmusic startFg?=false
03-22 11:03:21.187 0 0 I auditd : type=1400 audit(0.0:21933): avc: denied { kill } for comm="swapper/1" capability=5 scontext=u:r:kernel:s0 tcontext=u:r:kernel:s0 tclass=capability permissive=0
03-22 11:03:21.281 1512 9151 W ActivityManager: Background start not allowed: service Intent { cmp=com.tencent.qqmusic/.service.MainService } to com.tencent.qqmusic/.service.MainService from pid=6197 uid=10102 pkg=com.tencent.qqmusic startFg?=false
03-22 11:03:21.395 1512 9151 I wm_task_moved: [1,0,0]
03-22 11:03:21.396 1512 9151 I wm_task_moved: [1,0,8]
03-22 11:03:21.406 1512 2133 W FreeFormWindowHelper: Current Display FreeFormTask is null
03-22 11:03:21.409 1512 9151 W FreeFormWindowHelper: Current Display FreeFormTask is null
03-22 11:03:21.410 2573 2573 I wm_on_restart_called: [70633193,com.android.launcher3.uioverrides.QuickstepLauncher,performRestartActivity]
03-22 11:03:21.411 1512 2133 W FreeFormWindowHelper: Current Display FreeFormTask is null
03-22 11:03:21.412 1512 2133 W FreeFormWindowHelper: Current Display FreeFormTask is null
03-22 11:03:21.423 1512 2133 W ActivityManager: Background start not allowed: service Intent { cmp=com.tencent.qqmusic/.service.MainService } to com.tencent.qqmusic/.service.MainService from pid=6197 uid=10102 pkg=com.tencent.qqmusic startFg?=false
03-22 11:03:21.452 2573 2573 I wm_on_start_called: [70633193,com.android.launcher3.uioverrides.QuickstepLauncher,handleStartActivity]
03-22 11:03:21.452 5270 5270 I view_enqueue_input_event: [Motion - Cancel,com.android.settings/com.android.settings.homepage.SettingsHomepageActivity]
03-22 11:03:21.454 1512 1611 I input_focus: [Focus request recents_animation_input_consumer,reason=UpdateInputWindows]
03-22 11:03:21.459 1512 13247 W FreeFormWindowHelper: Current Display FreeFormTask is null
03-22 11:03:21.459 1512 13247 W FreeFormWindowHelper: Current Display FreeFormTask is null
03-22 11:03:21.459 1512 2133 W ActivityTaskManager: getTaskSnapshot: taskId=673 not found
03-22 11:03:21.460 2573 2573 I sysui_latency: [1,94]
03-22 11:03:21.465 1512 13247 W FreeFormWindowHelper: Current Display FreeFormTask is null
03-22 11:03:21.466 1512 13247 W FreeFormWindowHelper: Current Display FreeFormTask is null
03-22 11:03:21.470 1512 2133 W FreeFormWindowHelper: Current Display FreeFormTask is null
03-22 11:03:21.470 1512 2133 W FreeFormWindowHelper: Current Display FreeFormTask is null
03-22 11:03:21.472 1512 2133 W ActivityTaskManager: getTaskSnapshot: taskId=730 not found
03-22 11:03:21.472 1512 1697 I input_focus: [Focus leaving d75dead com.android.settings/com.android.settings.homepage.SettingsHomepageActivity (server),reason=NOT_FOCUSABLE]
03-22 11:03:21.472 1512 1697 I input_focus: [Focus entering recents_animation_input_consumer (server),reason=setFocusedWindow]
03-22 11:03:21.476 1512 1697 I input_interaction: Interaction with: swipe-up (server), edge-swipe (server), PointerEventDispatcher0 (server),
03-22 11:03:21.479 1512 1607 I sysui_multi_action: [319,11,322,72,325,30124,757,761,758,9,759,5,806,com.android.launcher3,871,com.android.launcher3.uioverrides.QuickstepLauncher,905,0,1320,8,1321,5]
03-22 11:03:21.491 1512 2124 W FreeFormWindowHelper: Current Display FreeFormTask is null
03-22 11:03:21.491 1512 2124 W FreeFormWindowHelper: Current Display FreeFormTask is null
03-22 11:03:21.507 1512 2133 W FreeFormWindowHelper: Current Display FreeFormTask is null
03-22 11:03:21.507 1512 2133 W FreeFormWindowHelper: Current Display FreeFormTask is null
03-22 11:03:21.513 1512 2133 W FreeFormWindowHelper: exitRecentTasks type=0
03-22 11:03:21.521 1512 5087 W FreeFormWindowHelper: Current Display FreeFormTask is null
03-22 11:03:21.521 1512 5087 W FreeFormWindowHelper: Current Display FreeFormTask is null
03-22 11:03:21.563 1512 2124 W ActivityManager: Background start not allowed: service Intent { cmp=com.tencent.qqmusic/.service.MainService } to com.tencent.qqmusic/.service.MainService from pid=6197 uid=10102 pkg=com.tencent.qqmusic startFg?=false
03-22 11:03:21.660 1512 1684 I commit_sys_config_file: [settings-1-0,9]
03-22 11:03:21.700 1512 2124 W ActivityManager: Background start not allowed: service Intent { cmp=com.tencent.qqmusic/.service.MainService } to com.tencent.qqmusic/.service.MainService from pid=6197 uid=10102 pkg=com.tencent.qqmusic startFg?=false
03-22 11:03:21.769 1512 1618 I sysui_latency: [8,88]
03-22 11:03:21.839 1512 5087 W ActivityManager: Background start not allowed: service Intent { cmp=com.tencent.qqmusic/.service.MainService } to com.tencent.qqmusic/.service.MainService from pid=6197 uid=10102 pkg=com.tencent.qqmusic startFg?=false
03-22 11:03:21.980 1512 2124 W ActivityManager: Background start not allowed: service Intent { cmp=com.tencent.qqmusic/.service.MainService } to com.tencent.qqmusic/.service.MainService from pid=6197 uid=10102 pkg=com.tencent.qqmusic startFg?=false
03-22 11:03:22.117 1512 5087 W ActivityManager: Background start not allowed: service Intent { cmp=com.tencent.qqmusic/.service.MainService } to com.tencent.qqmusic/.service.MainService from pid=6197 uid=10102 pkg=com.tencent.qqmusic startFg?=false
03-22 11:03:22.172 1512 5087 W FreeFormWindowHelper: Current Display FreeFormTask is null
03-22 11:03:22.172 1512 2124 W FreeFormWindowHelper: Current Display FreeFormTask is null
03-22 11:03:22.181 1512 5087 I wm_task_moved: [1,1,9]
03-22 11:03:22.181 1512 5087 I wm_task_moved: [32,1,2147483647]
03-22 11:03:22.181 1512 5087 I wm_task_to_front: [0,32]
03-22 11:03:22.182 1512 5087 I wm_focused_root_task: [0,0,1,105,RecentsAnimation.onAnimationFinished()]
03-22 11:03:22.182 5270 5270 I wm_on_top_resumed_lost_called: [3193235,com.android.settings.homepage.SettingsHomepageActivity,topStateChangedWhenResumed]
03-22 11:03:22.182 1512 5087 I wm_set_resumed_activity: [0,com.android.launcher3/.uioverrides.QuickstepLauncher,RecentsAnimation.onAnimationFinished()]
03-22 11:03:22.183 1512 5087 I wm_pause_activity: [0,3193235,com.android.settings/.homepage.SettingsHomepageActivity,userLeaving=true,pauseBackTasks]
03-22 11:03:22.185 1512 5087 I wm_add_to_stopping: [0,3193235,com.android.settings/.homepage.SettingsHomepageActivity,makeInvisible]
03-22 11:03:22.185 1512 5087 I ActivityTaskManager: FOREGROUND_APPLICATION_CHANGED to com.android.launcher3.uioverrides.QuickstepLauncher
03-22 11:03:22.185 1512 5087 I wm_set_resumed_activity: [0,com.android.launcher3/.uioverrides.QuickstepLauncher,resumeTopActivityInnerLocked]
03-22 11:03:22.187 1512 5087 I wm_resume_activity: [0,70633193,32,com.android.launcher3/.uioverrides.QuickstepLauncher]
03-22 11:03:22.187 2573 2573 I wm_on_resume_called: [70633193,com.android.launcher3.uioverrides.QuickstepLauncher,RESUME_ACTIVITY]
03-22 11:03:22.192 1512 1611 I input_focus: [Focus request a81a7d0 com.android.launcher3/com.android.launcher3.uioverrides.QuickstepLauncher,reason=UpdateInputWindows]
03-22 11:03:22.193 2573 2573 I wm_on_top_resumed_gained_called: [70633193,com.android.launcher3.uioverrides.QuickstepLauncher,topStateChangedWhenResumed]
03-22 11:03:22.194 5270 5270 I sysui_multi_action: [757,35,758,2,1089,9806]
03-22 11:03:22.187 0 0 I auditd : type=1400 audit(0.0:21934): avc: denied { kill } for comm="swapper/1" capability=5 scontext=u:r:kernel:s0 tcontext=u:r:kernel:s0 tclass=capability permissive=0
03-22 11:03:22.194 5270 5270 I sysui_multi_action: [757,747,758,2,1089,2401]
03-22 11:03:22.195 5270 5270 I wm_on_paused_called: [3193235,com.android.settings.homepage.SettingsHomepageActivity,performPause]
03-22 11:03:22.202 1512 2124 I wm_stop_activity: [0,3193235,com.android.settings/.homepage.SettingsHomepageActivity]
03-22 11:03:22.204 1512 1610 I sysui_multi_action: [757,803,799,window_time_0,802,10]
03-22 11:03:22.208 1512 1697 I input_focus: [Focus leaving recents_animation_input_consumer (server),reason=NOT_VISIBLE]
03-22 11:03:22.208 1512 1697 I input_focus: [Focus entering a81a7d0 com.android.launcher3/com.android.launcher3.uioverrides.QuickstepLauncher (server),reason=setFocusedWindow]
03-22 11:03:22.209 1512 1610 I sysui_multi_action: [757,803,799,window_time_0,802,0]
03-22 11:03:22.236 5270 5270 I wm_on_stop_called: [3193235,com.android.settings.homepage.SettingsHomepageActivity,STOP_ACTIVITY_ITEM]
03-22 11:03:22.240 1512 1618 I commit_sys_config_file: [procstats,28]
03-22 11:03:22.259 1512 13247 W ActivityManager: Background start not allowed: service Intent { cmp=com.tencent.qqmusic/.service.MainService } to com.tencent.qqmusic/.service.MainService from pid=6197 uid=10102 pkg=com.tencent.qqmusic startFg?=false
03-22 11:03:22.295 1512 5087 W FreeFormWindowHelper: Current Display FreeFormTask is null
03-22 11:03:22.376 1512 9151 W ActivityManager: Background start not allowed: service Intent { cmp=com.tencent.qqmusic/.service.MainService } to com.tencent.qqmusic/.service.MainService from pid=6197 uid=10102 pkg=com.tencent.qqmusic startFg?=false
03-22 11:03:22.518 1512 9151 W ActivityManager: Background start not allowed: service Intent { cmp=com.tencent.qqmusic/.service.MainService } to com.tencent.qqmusic/.service.MainService from pid=6197 uid=10102 pkg=com.tencent.qqmusic startFg?=false
03-22 11:03:22.527 1512 1697 I input_interaction: Interaction with: a81a7d0 com.android.launcher3/com.android.launcher3.uioverrides.QuickstepLauncher (server), d87d679 com.android.systemui.ImageWallpaper (server), swipe-up (server), edge-swipe (server), PointerEventDispatcher0 (server),
03-22 11:03:22.657 1512 5087 W ActivityManager: Background start not allowed: service Intent { cmp=com.tencent.qqmusic/.service.MainService } to com.tencent.qqmusic/.service.MainService from pid=6197 uid=10102 pkg=com.tencent.qqmusic startFg?=false
03-22 11:03:22.658 1512 5087 W FreeFormWindowHelper: Current Display FreeFormTask is null
03-22 11:03:22.658 1512 2133 W FreeFormWindowHelper: Current Display FreeFormTask is null
03-22 11:03:22.694 1512 5087 W FreeFormWindowHelper: Current Display FreeFormTask is null
03-22 11:03:22.694 1512 5087 W FreeFormWindowHelper: Current Display FreeFormTask is null
03-22 11:03:22.695 2573 2573 I view_enqueue_input_event: [Motion - Cancel,com.android.launcher3/com.android.launcher3.uioverrides.QuickstepLauncher]
03-22 11:03:22.695 1512 2124 W FreeFormWindowHelper: Current Display FreeFormTask is null
03-22 11:03:22.696 1512 2124 W FreeFormWindowHelper: Current Display FreeFormTask is null
03-22 11:03:22.697 1512 5087 W FreeFormWindowHelper: Current Display FreeFormTask is null
03-22 11:03:22.697 1512 5087 W FreeFormWindowHelper: Current Display FreeFormTask is null
03-22 11:03:22.703 1512 1697 I input_interaction: Interaction with: swipe-up (server), edge-swipe (server), PointerEventDispatcher0 (server),
03-22 11:03:22.721 1512 9151 W FreeFormWindowHelper: Current Display FreeFormTask is null
03-22 11:03:22.721 1512 5087 W FreeFormWindowHelper: Current Display FreeFormTask is null
03-22 11:03:22.735 1512 9151 W ActivityTaskManager: getTaskSnapshot: taskId=960 not found
03-22 11:03:22.737 1512 2124 W FreeFormWindowHelper: Current Display FreeFormTask is null
03-22 11:03:22.738 1512 2124 W FreeFormWindowHelper: Current Display FreeFormTask is null
03-22 11:03:22.754 1512 9151 W FreeFormWindowHelper: Current Display FreeFormTask is null
03-22 11:03:22.754 1512 9151 W FreeFormWindowHelper: Current Display FreeFormTask is null
03-22 11:03:22.792 1512 2124 W ActivityManager: Background start not allowed: service Intent { cmp=com.tencent.qqmusic/.service.MainService } to com.tencent.qqmusic/.service.MainService from pid=6197 uid=10102 pkg=com.tencent.qqmusic startFg?=false
03-22 11:03:22.861 1512 1684 I commit_sys_config_file: [settings-1-0,3]
03-22 11:03:22.923 1512 9151 W ActivityManager: Background start not allowed: service Intent { cmp=com.tencent.qqmusic/.service.MainService } to com.tencent.qqmusic/.service.MainService from pid=6197 uid=10102 pkg=com.tencent.qqmusic startFg?=false
03-22 11:03:22.972 1512 1751 I GameModeConfig: isGameModeOn = false
03-22 11:03:22.984 1512 1512 I service_manager_stats: [100,62,553781]
03-22 11:03:23.027 1512 9151 W ActivityManager: Background start not allowed: service Intent { cmp=com.tencent.qqmusic/.service.MainService } to com.tencent.qqmusic/.service.MainService from pid=6197 uid=10102 pkg=com.tencent.qqmusic startFg?=false
03-22 11:03:23.124 1512 5087 W FreeFormWindowHelper: Current Display FreeFormTask is null
03-22 11:03:23.124 1512 5087 W FreeFormWindowHelper: Current Display FreeFormTask is null
03-22 11:03:23.141 1512 2839 W FreeFormWindowHelper: Current Display FreeFormTask is null
03-22 11:03:23.141 1512 2839 W FreeFormWindowHelper: Current Display FreeFormTask is null
03-22 11:03:23.157 1512 2124 W FreeFormWindowHelper: Current Display FreeFormTask is null
03-22 11:03:23.158 1512 2124 W FreeFormWindowHelper: Current Display FreeFormTask is null
03-22 11:03:23.158 1512 1751 I GameModeConfig: isGameModeOn = false
03-22 11:03:23.168 1512 2124 W ActivityManager: Background start not allowed: service Intent { cmp=com.tencent.qqmusic/.service.MainService } to com.tencent.qqmusic/.service.MainService from pid=6197 uid=10102 pkg=com.tencent.qqmusic startFg?=false
03-22 11:03:23.174 1512 2124 W FreeFormWindowHelper: Current Display FreeFormTask is null
03-22 11:03:23.174 1512 5087 W FreeFormWindowHelper: Current Display FreeFormTask is null
03-22 11:03:23.193 1512 5087 W FreeFormWindowHelper: Current Display FreeFormTask is null
03-22 11:03:23.193 1512 2124 W FreeFormWindowHelper: Current Display FreeFormTask is null
03-22 11:03:23.208 1512 5087 W FreeFormWindowHelper: Current Display FreeFormTask is null
03-22 11:03:23.208 1512 2124 W FreeFormWindowHelper: Current Display FreeFormTask is null
03-22 11:03:23.225 1512 9151 W FreeFormWindowHelper: Current Display FreeFormTask is null
03-22 11:03:23.226 1512 9151 W FreeFormWindowHelper: Current Display FreeFormTask is null
03-22 11:03:23.242 1512 5087 W FreeFormWindowHelper: Current Display FreeFormTask is null
03-22 11:03:23.242 1512 5087 W FreeFormWindowHelper: Current Display FreeFormTask is null
03-22 11:03:23.259 1512 2124 W FreeFormWindowHelper: Current Display FreeFormTask is null
03-22 11:03:23.259 1512 5087 W FreeFormWindowHelper: Current Display FreeFormTask is null
03-22 11:03:23.276 1512 2839 W FreeFormWindowHelper: Current Display FreeFormTask is null
03-22 11:03:23.276 1512 2839 W FreeFormWindowHelper: Current Display FreeFormTask is null
03-22 11:03:23.291 1512 2839 W ActivityManager: Background start not allowed: service Intent { cmp=com.tencent.qqmusic/.service.MainService } to com.tencent.qqmusic/.service.MainService from pid=6197 uid=10102 pkg=com.tencent.qqmusic startFg?=false
03-22 11:03:23.292 1512 11766 W FreeFormWindowHelper: Current Display FreeFormTask is null
03-22 11:03:23.292 1512 11766 W FreeFormWindowHelper: Current Display FreeFormTask is null
03-22 11:03:23.308 1512 2839 W FreeFormWindowHelper: Current Display FreeFormTask is null
03-22 11:03:23.309 1512 2839 W FreeFormWindowHelper: Current Display FreeFormTask is null
03-22 11:03:23.317 1512 1684 I commit_sys_config_file: [settings-1-0,13]
03-22 11:03:23.326 1512 2839 W FreeFormWindowHelper: Current Display FreeFormTask is null
03-22 11:03:23.326 1512 2839 W FreeFormWindowHelper: Current Display FreeFormTask is null
01-01 17:28:12.439 0 0 E DTC_Display: screen not ready
03-22 11:03:23.342 1512 2839 W FreeFormWindowHelper: Current Display FreeFormTask is null
03-22 11:03:23.343 1512 2839 W FreeFormWindowHelper: Current Display FreeFormTask is null
03-22 11:03:23.359 1512 2124 W FreeFormWindowHelper: Current Display FreeFormTask is null
03-22 11:03:23.359 1512 2124 W FreeFormWindowHelper: Current Display FreeFormTask is null
03-22 11:03:23.375 1512 5087 W FreeFormWindowHelper: Current Display FreeFormTask is null
03-22 11:03:23.376 1512 2839 W FreeFormWindowHelper: Current Display FreeFormTask is null
03-22 11:03:23.392 1512 2839 W FreeFormWindowHelper: Current Display FreeFormTask is null
03-22 11:03:23.393 1512 11766 W FreeFormWindowHelper: Current Display FreeFormTask is null
03-22 11:03:23.409 1512 2124 W FreeFormWindowHelper: Current Display FreeFormTask is null
03-22 11:03:23.409 1512 2124 W FreeFormWindowHelper: Current Display FreeFormTask is null
03-22 11:03:23.422 1512 2124 W ActivityManager: Background start not allowed: service Intent { cmp=com.tencent.qqmusic/.service.MainService } to com.tencent.qqmusic/.service.MainService from pid=6197 uid=10102 pkg=com.tencent.qqmusic startFg?=false
03-22 11:03:23.427 1512 2124 W FreeFormWindowHelper: Current Display FreeFormTask is null
03-22 11:03:23.428 1512 5087 W FreeFormWindowHelper: Current Display FreeFormTask is null
03-22 11:03:23.428 1512 5087 W FreeFormWindowHelper: Current Display FreeFormTask is null
03-22 11:03:23.450 1512 2839 W FreeFormWindowHelper: Current Display FreeFormTask is null
03-22 11:03:23.450 1512 2839 W FreeFormWindowHelper: Current Display FreeFormTask is null
01-01 17:28:12.579 0 0 E DTC_ETH,link_delay_work_func: 3003, SQI=0, link=0
03-22 11:03:23.539 1512 2839 W ActivityManager: Background start not allowed: service Intent { cmp=com.tencent.qqmusic/.service.MainService } to com.tencent.qqmusic/.service.MainService from pid=6197 uid=10102 pkg=com.tencent.qqmusic startFg?=false
03-22 11:03:23.643 1512 2839 W ActivityManager: Background start not allowed: service Intent { cmp=com.tencent.qqmusic/.service.MainService } to com.tencent.qqmusic/.service.MainService from pid=6197 uid=10102 pkg=com.tencent.qqmusic startFg?=false
03-22 11:03:23.760 1512 2839 W ActivityManager: Background start not allowed: service Intent { cmp=com.tencent.qqmusic/.service.MainService } to com.tencent.qqmusic/.service.MainService from pid=6197 uid=10102 pkg=com.tencent.qqmusic startFg?=false
03-22 11:03:23.876 1512 2839 W ActivityManager: Background start not allowed: service Intent { cmp=com.tencent.qqmusic/.service.MainService } to com.tencent.qqmusic/.service.MainService from pid=6197 uid=10102 pkg=com.tencent.qqmusic startFg?=false
03-22 11:03:23.992 1512 2839 W ActivityManager: Background start not allowed: service Intent { cmp=com.tencent.qqmusic/.service.MainService } to com.tencent.qqmusic/.service.MainService from pid=6197 uid=10102 pkg=com.tencent.qqmusic startFg?=false
03-22 11:03:24.111 1512 2839 W ActivityManager: Background start not allowed: service Intent { cmp=com.tencent.qqmusic/.service.MainService } to com.tencent.qqmusic/.service.MainService from pid=6197 uid=10102 pkg=com.tencent.qqmusic startFg?=false
03-22 11:03:24.161 1512 1697 I input_interaction: Interaction with: a81a7d0 com.android.launcher3/com.android.launcher3.uioverrides.QuickstepLauncher (server), d87d679 com.android.systemui.ImageWallpaper (server), swipe-up (server), edge-swipe (server), PointerEventDispatcher0 (server),
03-22 11:03:24.247 1512 2839 W ActivityManager: Background start not allowed: service Intent { cmp=com.tencent.qqmusic/.service.MainService } to com.tencent.qqmusic/.service.MainService from pid=6197 uid=10102 pkg=com.tencent.qqmusic startFg?=false
03-22 11:03:24.389 1512 2839 W ActivityManager: Background start not allowed: service Intent { cmp=com.tencent.qqmusic/.service.MainService } to com.tencent.qqmusic/.service.MainService from pid=6197 uid=10102 pkg=com.tencent.qqmusic startFg?=false
03-22 11:03:24.528 1512 2839 W ActivityManager: Background start not allowed: service Intent { cmp=com.tencent.qqmusic/.service.MainService } to com.tencent.qqmusic/.service.MainService from pid=6197 uid=10102 pkg=com.tencent.qqmusic startFg?=false
03-22 11:03:24.666 1512 2124 W FreeFormWindowHelper: Current Display FreeFormTask is null
03-22 11:03:24.667 1512 11766 W FreeFormWindowHelper: Current Display FreeFormTask is null
03-22 11:03:24.668 1512 2124 W ActivityManager: Background start not allowed: service Intent { cmp=com.tencent.qqmusic/.service.MainService } to com.tencent.qqmusic/.service.MainService from pid=6197 uid=10102 pkg=com.tencent.qqmusic startFg?=false
03-22 11:03:24.762 1512 1610 I sysui_multi_action: [757,803,799,window_time_0,802,3]
03-22 11:03:24.766 1512 2124 W FreeFormWindowHelper: Current Display FreeFormTask is null
03-22 11:03:24.769 1512 2839 W ActivityTaskManager: getTaskSnapshot: taskId=30 not found
03-22 11:03:24.776 1512 2839 W FreeFormWindowHelper: Current Display FreeFormTask is null
03-22 11:03:24.777 1512 2839 W FreeFormWindowHelper: Current Display FreeFormTask is null
03-22 11:03:24.811 1512 2839 W ActivityManager: Background start not allowed: service Intent { cmp=com.tencent.qqmusic/.service.MainService } to com.tencent.qqmusic/.service.MainService from pid=6197 uid=10102 pkg=com.tencent.qqmusic startFg?=false
03-22 11:03:24.862 1512 5087 W FreeFormWindowHelper: Current Display FreeFormTask is null
03-22 11:03:24.951 1512 2839 W ActivityManager: Background start not allowed: service Intent { cmp=com.tencent.qqmusic/.service.MainService } to com.tencent.qqmusic/.service.MainService from pid=6197 uid=10102 pkg=com.tencent.qqmusic startFg?=false
03-22 11:03:25.093 1512 2839 W ActivityManager: Background start not allowed: service Intent { cmp=com.tencent.qqmusic/.service.MainService } to com.tencent.qqmusic/.service.MainService from pid=6197 uid=10102 pkg=com.tencent.qqmusic startFg?=false
03-22 11:03:25.187 0 0 I auditd : type=1400 audit(0.0:21935): avc: denied { kill } for comm="swapper/2" capability=5 scontext=u:r:kernel:s0 tcontext=u:r:kernel:s0 tclass=capability permissive=0
03-22 11:03:25.241 1512 2839 W ActivityManager: Background start not allowed: service Intent { cmp=com.tencent.qqmusic/.service.MainService } to com.tencent.qqmusic/.service.MainService from pid=6197 uid=10102 pkg=com.tencent.qqmusic startFg?=false
03-22 11:03:25.385 1512 2839 W ActivityManager: Background start not allowed: service Intent { cmp=com.tencent.qqmusic/.service.MainService } to com.tencent.qqmusic/.service.MainService from pid=6197 uid=10102 pkg=com.tencent.qqmusic startFg?=false
03-22 11:03:25.528 1512 2839 W ActivityManager: Background start not allowed: service Intent { cmp=com.tencent.qqmusic/.service.MainService } to com.tencent.qqmusic/.service.MainService from pid=6197 uid=10102 pkg=com.tencent.qqmusic startFg?=false
03-22 11:03:25.570 1512 2124 W FreeFormWindowHelper: Current Display FreeFormTask is null
03-22 11:03:25.570 1512 2839 W FreeFormWindowHelper: Current Display FreeFormTask is null
03-22 11:03:25.662 1512 2839 I wm_finish_activity: [0,4748242,96,com.thundersoft.notificationtest1/.MainActivity,remove-task]
03-22 11:03:25.664 1512 2839 I wm_destroy_activity: [0,4748242,96,com.thundersoft.notificationtest1/.MainActivity,finish-imm:finishIfPossible]
03-22 11:03:25.665 1512 1618 W UsageStatsService: Unexpected activity event reported! (com.thundersoft.notificationtest1/com.thundersoft.notificationtest1.MainActivity event : 23 instanceId : 169942621)
03-22 11:03:25.665 1512 2839 I wm_task_removed: [96,removeChild:removeChild last r=ActivityRecord{4873d2 u0 com.thundersoft.notificationtest1/.MainActivity t-1 f}} in t=Task{66c21cc #96 type=standard A=10104:com.thundersoft.notificationtest1 U=0 visible=false mode=fullscreen translucent=true sz=0}]
03-22 11:03:25.665 1512 2839 I wm_task_removed: [96,removeChild]
03-22 11:03:25.669 1512 11766 W FreeFormWindowHelper: Current Display FreeFormTask is null
03-22 11:03:25.669 1512 2839 W ActivityTaskManager: Can't find TaskDisplayArea to determine support for multi window. Task id=96 attached=false
03-22 11:03:25.669 1512 2839 W ActivityTaskManager: Can't find TaskDisplayArea to determine support for multi window. Task id=96 attached=false
03-22 11:03:25.671 1512 2124 W ActivityManager: Background start not allowed: service Intent { cmp=com.tencent.qqmusic/.service.MainService } to com.tencent.qqmusic/.service.MainService from pid=6197 uid=10102 pkg=com.tencent.qqmusic startFg?=false
03-22 11:03:25.673 1512 9151 W ActivityTaskManager: getTaskSnapshot: taskId=933 not found
03-22 11:03:25.675 1512 1610 I ActivityManager: Killing 5890:com.thundersoft.notificationtest1/u0a104 (adj 915): remove task
03-22 11:03:25.675 1512 1610 I am_kill : [0,5890,com.thundersoft.notificationtest1,915,remove task]
03-22 11:03:25.677 1512 1610 I sysui_multi_action: [757,803,799,window_time_0,802,1]
03-22 11:03:25.678 1512 9151 W FreeFormWindowHelper: Current Display FreeFormTask is null
03-22 11:03:25.678 1512 9151 W FreeFormWindowHelper: Current Display FreeFormTask is null
03-22 11:03:25.708 1512 9151 I am_proc_died: [0,5890,com.thundersoft.notificationtest1,915,19]
03-22 11:03:25.709 1512 9151 I am_uid_stopped: 10104
03-22 11:03:25.714 1512 1610 I am_uid_running: 10104
03-22 11:03:25.715 1512 1610 D CompatibilityChangeReporter: Compat change id reported: 135634846; UID 10104; state: DISABLED
03-22 11:03:25.715 1512 1610 D CompatibilityChangeReporter: Compat change id reported: 177438394; UID 10104; state: DISABLED
03-22 11:03:25.715 1512 1610 D CompatibilityChangeReporter: Compat change id reported: 135772972; UID 10104; state: DISABLED
03-22 11:03:25.716 1512 1610 D CompatibilityChangeReporter: Compat change id reported: 135754954; UID 10104; state: ENABLED
03-22 11:03:25.716 1512 1620 D CompatibilityChangeReporter: Compat change id reported: 143937733; UID 10104; state: ENABLED
03-22 11:03:25.719 1512 1618 I am_pss : [6062,10081,com.qualcomm.qti.qccauthmgr,6983680,4444160,51200,91021312,0,19,6]
03-22 11:03:25.723 1512 1620 I am_proc_start: [0,6426,10104,com.thundersoft.notificationtest1,NULL,]
03-22 11:03:25.723 1512 1620 I ActivityManager: Start proc 6426:com.thundersoft.notificationtest1/u0a104 for null
01-01 17:28:14.850 0 0 I binder : 6426:6426 ioctl 40046210 7fff293b54 returned -22
03-22 11:03:25.752 1512 9151 I am_proc_bound: [0,6426,com.thundersoft.notificationtest1]
03-22 11:03:25.753 1512 9151 D CompatibilityChangeReporter: Compat change id reported: 168419799; UID 10104; state: DISABLED
03-22 11:03:25.773 1512 2839 W FreeFormWindowHelper: Current Display FreeFormTask is null
03-22 11:03:25.812 1512 2124 W ActivityManager: Background start not allowed: service Intent { cmp=com.tencent.qqmusic/.service.MainService } to com.tencent.qqmusic/.service.MainService from pid=6197 uid=10102 pkg=com.tencent.qqmusic startFg?=false
03-22 11:03:25.950 1512 2124 W ActivityManager: Background start not allowed: service Intent { cmp=com.tencent.qqmusic/.service.MainService } to com.tencent.qqmusic/.service.MainService from pid=6197 uid=10102 pkg=com.tencent.qqmusic startFg?=false
03-22 11:03:26.090 1512 2124 W ActivityManager: Background start not allowed: service Intent { cmp=com.tencent.qqmusic/.service.MainService } to com.tencent.qqmusic/.service.MainService from pid=6197 uid=10102 pkg=com.tencent.qqmusic startFg?=false
03-22 11:03:26.187 0 0 I auditd : type=1400 audit(0.0:21936): avc: denied { kill } for comm="swapper/2" capability=5 scontext=u:r:kernel:s0 tcontext=u:r:kernel:s0 tclass=capability permissive=0
03-22 11:03:26.233 1512 2124 W ActivityManager: Background start not allowed: service Intent { cmp=com.tencent.qqmusic/.service.MainService } to com.tencent.qqmusic/.service.MainService from pid=6197 uid=10102 pkg=com.tencent.qqmusic startFg?=false
03-22 11:03:26.554 1512 9151 W FreeFormWindowHelper: Current Display FreeFormTask is null
03-22 11:03:26.554 1512 9151 W FreeFormWindowHelper: Current Display FreeFormTask is null
03-22 11:03:26.647 1512 9151 I wm_finish_activity: [0,146757297,100,com.tencent.qqmusic/.activity.AppStarterActivity,remove-task]
03-22 11:03:26.648 1512 9151 I wm_destroy_activity: [0,146757297,100,com.tencent.qqmusic/.activity.AppStarterActivity,finish-imm:finishIfPossible]
03-22 11:03:26.653 1512 1610 I ActivityManager: Killing 22192:com.tencent.qqmusic/u0a102 (adj 900): remove task
03-22 11:03:26.653 1512 1610 I am_kill : [0,22192,com.tencent.qqmusic,900,remove task]
03-22 11:03:26.653 1512 2839 W FreeFormWindowHelper: Current Display FreeFormTask is null
03-22 11:03:26.657 1512 1610 I ActivityManager: Killing 6197:com.tencent.qqmusic:QQPlayerService/u0a102 (adj 910): remove task
03-22 11:03:26.657 1512 1610 I am_kill : [0,6197,com.tencent.qqmusic:QQPlayerService,910,remove task]
03-22 11:03:26.658 1512 1610 I sysui_multi_action: [757,803,799,window_time_0,802,0]
03-22 11:03:26.666 1512 2839 W ActivityTaskManager: getTaskSnapshot: taskId=926 not found
03-22 11:03:26.666 1512 2124 W FreeFormWindowHelper: Current Display FreeFormTask is null
03-22 11:03:26.666 1512 2839 W FreeFormWindowHelper: Current Display FreeFormTask is null
03-22 11:03:26.722 1512 2124 I am_proc_died: [0,6197,com.tencent.qqmusic:QQPlayerService,910,17]
03-22 11:03:26.724 1512 2124 W ActivityManager: Scheduling restart of crashed service com.tencent.qqmusic/com.tencent.qqmusicplayerprocess.servicenew.QQPlayerServiceNew in 4000ms for connection
03-22 11:03:26.724 1512 2124 I am_schedule_service_restart: [0,com.tencent.qqmusic/com.tencent.qqmusicplayerprocess.servicenew.QQPlayerServiceNew,4000]
03-22 11:03:26.753 1512 2124 W FreeFormWindowHelper: Current Display FreeFormTask is null
03-22 11:03:26.797 1512 2133 I WindowManager: WIN DEATH: Window{50ea79c u0 com.tencent.qqmusic/com.tencent.qqmusic.activity.AppStarterActivity}
03-22 11:03:26.800 1512 2680 I am_proc_died: [0,22192,com.tencent.qqmusic,900,19]
03-22 11:03:26.805 1512 2680 I am_uid_stopped: 10102
03-22 11:03:26.806 1512 2680 I wm_task_removed: [100,removeChild:removeChild last r=ActivityRecord{8bf56b1 u0 com.tencent.qqmusic/.activity.AppStarterActivity t-1 f}} in t=Task{2e03df6 #100 type=standard A=10102:android.task.qqmusic U=0 visible=false mode=fullscreen translucent=true sz=0}]
03-22 11:03:26.806 1512 2680 I wm_task_removed: [100,removeChild]
03-22 11:03:26.809 1512 1610 W ActivityManager: setHasOverlayUi called on unknown pid: 22192
03-22 11:03:26.810 1512 1618 W UsageStatsService: Unexpected activity event reported! (com.tencent.qqmusic/com.tencent.qqmusic.activity.AppStarterActivity event : 23 instanceId : 141710680)
03-22 11:03:26.810 1512 1611 W ActivityTaskManager: Can't find TaskDisplayArea to determine support for multi window. Task id=100 attached=false
03-22 11:03:26.810 1512 1611 W ActivityTaskManager: Can't find TaskDisplayArea to determine support for multi window. Task id=100 attached=false
03-22 11:03:26.813 1512 1610 I am_uid_running: 10102
03-22 11:03:26.813 1512 1610 D CompatibilityChangeReporter: Compat change id reported: 135634846; UID 10102; state: DISABLED
03-22 11:03:26.813 1512 1610 D CompatibilityChangeReporter: Compat change id reported: 177438394; UID 10102; state: DISABLED
03-22 11:03:26.813 1512 1610 D CompatibilityChangeReporter: Compat change id reported: 135772972; UID 10102; state: DISABLED
03-22 11:03:26.813 1512 1610 D CompatibilityChangeReporter: Compat change id reported: 135754954; UID 10102; state: DISABLED
03-22 11:03:26.814 1512 1620 D CompatibilityChangeReporter: Compat change id reported: 143937733; UID 10102; state: DISABLED
03-22 11:03:26.821 1512 1620 I am_proc_start: [0,6447,10102,com.tencent.qqmusic,NULL,]
03-22 11:03:26.821 1512 1620 I ActivityManager: Start proc 6447:com.tencent.qqmusic/u0a102 for null
01-01 17:28:15.936 0 0 I binder : 6447:6447 ioctl 40046210 7fff294234 returned -22
03-22 11:03:26.839 1512 2680 I am_proc_bound: [0,6447,com.tencent.qqmusic]
03-22 11:03:27.187 5006 5006 I auditd : type=1400 audit(0.0:21937): avc: denied { kill } for comm="kworker/u17:3" capability=5 scontext=u:r:kernel:s0 tcontext=u:r:kernel:s0 tclass=capability permissive=0
03-22 11:03:27.263 6447 6447 I auditd : type=1400 audit(0.0:21938): avc: granted { nlmsg_readpriv } for comm="tencent.qqmusic" scontext=u:r:untrusted_app_29:s0:c102,c256,c512,c768 tcontext=u:r:untrusted_app_29:s0:c102,c256,c512,c768 tclass=netlink_route_socket app=com.tencent.qqmusic
03-22 11:03:27.312 1512 2680 W ActivityManager: Background start not allowed: service Intent { cmp=com.tencent.qqmusic/com.iqiyi.android.qigsaw.core.splitinstall.SplitCleanService } to com.tencent.qqmusic/com.iqiyi.android.qigsaw.core.splitinstall.SplitCleanService from pid=6447 uid=10102 pkg=com.tencent.qqmusic startFg?=false
03-22 11:03:27.440 1512 5114 W ActivityManager: Receiver with filter android.content.IntentFilter@e830465 already registered for pid 6447, callerPackage is com.tencent.qqmusic
03-22 11:03:27.444 1512 1751 I GameModeConfig: isGameModeOn = false
03-22 11:03:27.444 1512 1751 I GameModeConfig: isGameModeOn = false
03-22 11:03:27.444 1512 1751 I GameModeConfig: isGameModeOn = false
03-22 11:03:27.444 1512 1751 I GameModeConfig: isGameModeOn = false
03-22 11:03:27.444 1512 1751 I GameModeConfig: isGameModeOn = false
03-22 11:03:27.446 1512 1751 I GameModeConfig: isGameModeOn = false
03-22 11:03:27.446 1512 1751 I GameModeConfig: isGameModeOn = false
03-22 11:03:27.447 1512 1751 I GameModeConfig: isGameModeOn = false
03-22 11:03:27.447 1512 1751 I GameModeConfig: isGameModeOn = false
03-22 11:03:27.447 1512 1751 I GameModeConfig: isGameModeOn = false
03-22 11:03:27.447 1512 1751 I GameModeConfig: isGameModeOn = false
03-22 11:03:27.447 1512 1751 I GameModeConfig: isGameModeOn = false
03-22 11:03:27.447 1512 1751 I GameModeConfig: isGameModeOn = false
03-22 11:03:27.447 1512 1751 I GameModeConfig: isGameModeOn = false
03-22 11:03:27.447 1512 1751 I GameModeConfig: isGameModeOn = false
03-22 11:03:27.514 1512 5114 D CompatibilityChangeReporter: Compat change id reported: 135634846; UID 10102; state: DISABLED
03-22 11:03:27.514 1512 5114 D CompatibilityChangeReporter: Compat change id reported: 177438394; UID 10102; state: DISABLED
03-22 11:03:27.514 1512 5114 D CompatibilityChangeReporter: Compat change id reported: 135772972; UID 10102; state: DISABLED
03-22 11:03:27.514 1512 5114 D CompatibilityChangeReporter: Compat change id reported: 135754954; UID 10102; state: DISABLED
03-22 11:03:27.514 1512 1620 D CompatibilityChangeReporter: Compat change id reported: 143937733; UID 10102; state: DISABLED
03-22 11:03:27.511 6447 6447 I auditd : type=1400 audit(0.0:21939): avc: denied { read } for comm="beacon-thread-1" name="ioports" dev="proc" ino=4026532282 scontext=u:r:untrusted_app_29:s0:c102,c256,c512,c768 tcontext=u:object_r:proc:s0 tclass=file permissive=0 app=com.tencent.qqmusic
03-22 11:03:27.523 1512 1620 I am_proc_start: [0,6580,10102,com.tencent.qqmusic:QQPlayerService,service,{com.tencent.qqmusic/com.tencent.qqmusic.common.ipc.MusicIPCService}]
03-22 11:03:27.523 1512 1620 I ActivityManager: Start proc 6580:com.tencent.qqmusic:QQPlayerService/u0a102 for service {com.tencent.qqmusic/com.tencent.qqmusic.common.ipc.MusicIPCService}
01-01 17:28:16.638 0 0 I binder : 6580:6580 ioctl 40046210 7fff294234 returned -22
03-22 11:03:27.535 6447 6447 I auditd : type=1400 audit(0.0:21940): avc: denied { read } for comm="beacon-thread-1" name="u:object_r:wifi_hal_prop:s0" dev="tmpfs" ino=11727 scontext=u:r:untrusted_app_29:s0:c102,c256,c512,c768 tcontext=u:object_r:wifi_hal_prop:s0 tclass=file permissive=0 app=com.tencent.qqmusic
03-22 11:03:27.535 6447 6447 I auditd : type=1400 audit(0.0:21941): avc: denied { ioctl } for comm="beacon-thread-1" path="socket:[849638]" dev="sockfs" ino=849638 ioctlcmd=0x8927 scontext=u:r:untrusted_app_29:s0:c102,c256,c512,c768 tcontext=u:r:untrusted_app_29:s0:c102,c256,c512,c768 tclass=udp_socket permissive=0 app=com.tencent.qqmusic
03-22 11:03:27.535 6447 6447 I auditd : type=1400 audit(0.0:21942): avc: denied { read } for comm="beacon-thread-1" name="arp" dev="proc" ino=4026532254 scontext=u:r:untrusted_app_29:s0:c102,c256,c512,c768 tcontext=u:object_r:proc_net:s0 tclass=file permissive=0 app=com.tencent.qqmusic
03-22 11:03:27.541 1512 5114 I am_proc_bound: [0,6580,com.tencent.qqmusic:QQPlayerService]
03-22 11:03:27.548 1512 5114 W ActivityManager: Background start not allowed: service Intent { cmp=com.tencent.qqmusic/.common.ipc.MusicIPCService } to com.tencent.qqmusic/.common.ipc.MusicIPCService from pid=6447 uid=10102 pkg=com.tencent.qqmusic startFg?=false
03-22 11:03:27.586 1512 5114 W FreeFormWindowHelper: Current Display FreeFormTask is null
03-22 11:03:27.587 1512 2680 W FreeFormWindowHelper: Current Display FreeFormTask is null
03-22 11:03:27.683 1512 5114 I wm_finish_activity: [0,3193235,105,com.android.settings/.homepage.SettingsHomepageActivity,remove-task]
03-22 11:03:27.684 1512 5114 I wm_destroy_activity: [0,3193235,105,com.android.settings/.homepage.SettingsHomepageActivity,finish-imm:finishIfPossible]
03-22 11:03:27.688 1512 2680 W FreeFormWindowHelper: Current Display FreeFormTask is null
03-22 11:03:27.688 5270 5270 I wm_on_destroy_called: [3193235,com.android.settings.homepage.SettingsHomepageActivity,performDestroy]
03-22 11:03:27.692 1512 1610 I ActivityManager: Killing 5270:com.android.settings/1000 (adj 905): remove task
03-22 11:03:27.692 1512 1610 I am_kill : [0,5270,com.android.settings,905,remove task]
03-22 11:03:27.692 1512 5114 W ActivityTaskManager: getTaskSnapshot: taskId=952 not found
03-22 11:03:27.696 1512 1610 I sysui_multi_action: [757,803,799,window_time_0,802,2]
03-22 11:03:27.699 1512 2680 W FreeFormWindowHelper: Current Display FreeFormTask is null
03-22 11:03:27.699 1512 5114 W FreeFormWindowHelper: Current Display FreeFormTask is null
03-22 11:03:27.706 1512 2680 W ActivityManager: Background start not allowed: service Intent { cmp=com.tencent.qqmusic/.common.ipc.MusicIPCService } to com.tencent.qqmusic/.common.ipc.MusicIPCService from pid=6447 uid=10102 pkg=com.tencent.qqmusic startFg?=false
03-22 11:03:27.716 1512 2680 W FreeFormWindowHelper: Current Display FreeFormTask is null
03-22 11:03:27.716 1512 5114 W FreeFormWindowHelper: Current Display FreeFormTask is null
03-22 11:03:27.728 6580 6610 E ActivityThread: Failed to find provider info for com.oplus.cardservice.repository.provider.CardServiceServerProvider
03-22 11:03:27.788 1512 5114 W FreeFormWindowHelper: Current Display FreeFormTask is null
01-01 17:28:16.909 0 0 I binder : undelivered TRANSACTION_COMPLETE
01-01 17:28:16.909 0 0 I binder : undelivered transaction 5043687, process died.
03-22 11:03:27.810 1512 2124 I am_proc_died: [0,5270,com.android.settings,905,19]
03-22 11:03:27.813 1512 2124 I wm_task_removed: [105,removeChild:removeChild last r=ActivityRecord{30b993 u0 com.android.settings/.homepage.SettingsHomepageActivity t-1 f}} in t=Task{aa384c8 #105 type=standard A=1000:com.android.settings.root U=0 visible=false mode=fullscreen translucent=true sz=0}]
03-22 11:03:27.813 1512 2124 I wm_task_removed: [105,removeChild]
03-22 11:03:27.816 1512 1611 W ActivityTaskManager: Can't find TaskDisplayArea to determine support for multi window. Task id=105 attached=false
03-22 11:03:27.816 1512 1611 W ActivityTaskManager: Can't find TaskDisplayArea to determine support for multi window. Task id=105 attached=false
03-22 11:03:27.816 1512 1610 W ActivityManager: setHasOverlayUi called on unknown pid: 5270
03-22 11:03:27.816 1512 1618 W UsageStatsService: Unexpected activity event reported! (com.android.settings/com.android.settings.homepage.SettingsHomepageActivity event : 23 instanceId : 256233090)
03-22 11:03:27.823 1512 1610 D CompatibilityChangeReporter: Compat change id reported: 135634846; UID 1000; state: DISABLED
03-22 11:03:27.823 1512 1610 D CompatibilityChangeReporter: Compat change id reported: 177438394; UID 1000; state: DISABLED
03-22 11:03:27.823 1512 1610 D CompatibilityChangeReporter: Compat change id reported: 135772972; UID 1000; state: DISABLED
03-22 11:03:27.823 1512 1610 D CompatibilityChangeReporter: Compat change id reported: 135754954; UID 1000; state: ENABLED
03-22 11:03:27.831 1512 1620 I am_proc_start: [0,6638,1000,com.android.settings,NULL,]
03-22 11:03:27.831 1512 1620 I ActivityManager: Start proc 6638:com.android.settings/1000 for null
01-01 17:28:16.945 0 0 I binder : 6638:6638 ioctl 40046210 7fff294234 returned -22
03-22 11:03:27.847 1512 1715 W ActivityManager: Background start not allowed: service Intent { cmp=com.tencent.qqmusic/.common.ipc.MusicIPCService } to com.tencent.qqmusic/.common.ipc.MusicIPCService from pid=6447 uid=10102 pkg=com.tencent.qqmusic startFg?=false
03-22 11:03:27.847 1512 2124 I am_proc_bound: [0,6638,com.android.settings]
03-22 11:03:27.843 6580 6580 I auditd : type=1400 audit(0.0:21943): avc: granted { nlmsg_readpriv } for comm="QQPlayerService" scontext=u:r:untrusted_app_29:s0:c102,c256,c512,c768 tcontext=u:r:untrusted_app_29:s0:c102,c256,c512,c768 tclass=netlink_route_socket app=com.tencent.qqmusic
03-22 11:03:27.987 1512 1715 W ActivityManager: Background start not allowed: service Intent { cmp=com.tencent.qqmusic/.common.ipc.MusicIPCService } to com.tencent.qqmusic/.common.ipc.MusicIPCService from pid=6447 uid=10102 pkg=com.tencent.qqmusic startFg?=false
03-22 11:03:28.112 1512 2089 W ActivityManager: Background start not allowed: service Intent { cmp=com.tencent.qqmusic/.common.ipc.MusicIPCService } to com.tencent.qqmusic/.common.ipc.MusicIPCService from pid=6447 uid=10102 pkg=com.tencent.qqmusic startFg?=false
01-01 17:28:17.293 0 0 W audit : audit_lost=4540 audit_rate_limit=5 audit_backlog_limit=64
01-01 17:28:17.293 0 0 E audit : rate limit exceeded
03-22 11:03:28.221 1512 2089 W ActivityManager: Background start not allowed: service Intent { cmp=com.tencent.qqmusic/.common.ipc.MusicIPCService } to com.tencent.qqmusic/.common.ipc.MusicIPCService from pid=6447 uid=10102 pkg=com.tencent.qqmusic startFg?=false
03-22 11:03:28.327 1512 2089 W ActivityManager: Background start not allowed: service Intent { cmp=com.tencent.qqmusic/.common.ipc.MusicIPCService } to com.tencent.qqmusic/.common.ipc.MusicIPCService from pid=6447 uid=10102 pkg=com.tencent.qqmusic startFg?=false
03-22 11:03:28.438 1512 2089 W ActivityManager: Background start not allowed: service Intent { cmp=com.tencent.qqmusic/.common.ipc.MusicIPCService } to com.tencent.qqmusic/.common.ipc.MusicIPCService from pid=6447 uid=10102 pkg=com.tencent.qqmusic startFg?=false
03-22 11:03:28.541 1512 2089 W ActivityManager: Background start not allowed: service Intent { cmp=com.tencent.qqmusic/.common.ipc.MusicIPCService } to com.tencent.qqmusic/.common.ipc.MusicIPCService from pid=6447 uid=10102 pkg=com.tencent.qqmusic startFg?=false
01-01 17:28:17.699 0 0 E DTC_ETH,link_delay_work_func: 3003, SQI=0, link=0
03-22 11:03:28.660 1512 2089 W ActivityManager: Background start not allowed: service Intent { cmp=com.tencent.qqmusic/.common.ipc.MusicIPCService } to com.tencent.qqmusic/.common.ipc.MusicIPCService from pid=6447 uid=10102 pkg=com.tencent.qqmusic startFg?=false
03-22 11:03:28.803 1512 2089 W ActivityManager: Background start not allowed: service Intent { cmp=com.tencent.qqmusic/.common.ipc.MusicIPCService } to com.tencent.qqmusic/.common.ipc.MusicIPCService from pid=6447 uid=10102 pkg=com.tencent.qqmusic startFg?=false
03-22 11:03:28.947 1512 2089 W ActivityManager: Background start not allowed: service Intent { cmp=com.tencent.qqmusic/.common.ipc.MusicIPCService } to com.tencent.qqmusic/.common.ipc.MusicIPCService from pid=6447 uid=10102 pkg=com.tencent.qqmusic startFg?=false
