03-22 10:50:06.187 0 0 I auditd : type=1400 audit(0.0:21033): avc: denied { kill } for comm="swapper/3" capability=5 scontext=u:r:kernel:s0 tcontext=u:r:kernel:s0 tclass=capability permissive=0
03-22 10:50:07.187 0 0 I auditd : type=1400 audit(0.0:21034): avc: denied { kill } for comm="swapper/3" capability=5 scontext=u:r:kernel:s0 tcontext=u:r:kernel:s0 tclass=capability permissive=0
03-22 10:50:08.191 0 0 I auditd : type=1400 audit(0.0:21035): avc: denied { kill } for comm="swapper/3" capability=5 scontext=u:r:kernel:s0 tcontext=u:r:kernel:s0 tclass=capability permissive=0
01-01 17:14:57.508 0 0 E DTC_Display: screen not ready
03-22 10:50:09.191 0 0 I auditd : type=1400 audit(0.0:21036): avc: denied { kill } for comm="swapper/3" capability=5 scontext=u:r:kernel:s0 tcontext=u:r:kernel:s0 tclass=capability permissive=0
01-01 17:14:58.979 0 0 E DTC_ETH,link_delay_work_func: 3003, SQI=0, link=0
03-22 10:50:10.187 0 0 I auditd : type=1400 audit(0.0:21037): avc: denied { kill } for comm="swapper/3" capability=5 scontext=u:r:kernel:s0 tcontext=u:r:kernel:s0 tclass=capability permissive=0
03-22 10:50:11.187 0 0 I auditd : type=1400 audit(0.0:21038): avc: denied { kill } for comm="swapper/3" capability=5 scontext=u:r:kernel:s0 tcontext=u:r:kernel:s0 tclass=capability permissive=0
03-22 10:50:12.187 0 0 I auditd : type=1400 audit(0.0:21039): avc: denied { kill } for comm="swapper/3" capability=5 scontext=u:r:kernel:s0 tcontext=u:r:kernel:s0 tclass=capability permissive=0
03-22 10:50:13.187 0 0 I auditd : type=1400 audit(0.0:21040): avc: denied { kill } for comm="swapper/3" capability=5 scontext=u:r:kernel:s0 tcontext=u:r:kernel:s0 tclass=capability permissive=0
03-22 10:50:14.187 0 0 I auditd : type=1400 audit(0.0:21041): avc: denied { kill } for comm="swapper/3" capability=5 scontext=u:r:kernel:s0 tcontext=u:r:kernel:s0 tclass=capability permissive=0
01-01 17:15:04.099 0 0 E DTC_ETH,link_delay_work_func: 3003, SQI=0, link=0
03-22 10:50:15.187 0 0 I auditd : type=1400 audit(0.0:21042): avc: denied { kill } for comm="swapper/3" capability=5 scontext=u:r:kernel:s0 tcontext=u:r:kernel:s0 tclass=capability permissive=0
03-22 10:50:16.191 0 0 I auditd : type=1400 audit(0.0:21043): avc: denied { kill } for comm="swapper/3" capability=5 scontext=u:r:kernel:s0 tcontext=u:r:kernel:s0 tclass=capability permissive=0
01-01 17:15:05.575 0 0 E DTC_Display: screen not ready
03-22 10:50:17.191 0 0 I auditd : type=1400 audit(0.0:21044): avc: denied { kill } for comm="swapper/3" capability=5 scontext=u:r:kernel:s0 tcontext=u:r:kernel:s0 tclass=capability permissive=0
03-22 10:50:18.191 0 0 I auditd : type=1400 audit(0.0:21045): avc: denied { kill } for comm="swapper/3" capability=5 scontext=u:r:kernel:s0 tcontext=u:r:kernel:s0 tclass=capability permissive=0
03-22 10:50:19.187 0 0 I auditd : type=1400 audit(0.0:21046): avc: denied { kill } for comm="swapper/3" capability=5 scontext=u:r:kernel:s0 tcontext=u:r:kernel:s0 tclass=capability permissive=0
01-01 17:15:09.219 0 0 E DTC_ETH,link_delay_work_func: 3003, SQI=0, link=0
03-22 10:50:20.187 0 0 I auditd : type=1400 audit(0.0:21047): avc: denied { kill } for comm="swapper/3" capability=5 scontext=u:r:kernel:s0 tcontext=u:r:kernel:s0 tclass=capability permissive=0
03-22 10:50:21.187 0 0 I auditd : type=1400 audit(0.0:21048): avc: denied { kill } for comm="swapper/3" capability=5 scontext=u:r:kernel:s0 tcontext=u:r:kernel:s0 tclass=capability permissive=0
03-22 10:50:22.187 0 0 I auditd : type=1400 audit(0.0:21049): avc: denied { kill } for comm="swapper/3" capability=5 scontext=u:r:kernel:s0 tcontext=u:r:kernel:s0 tclass=capability permissive=0
03-22 10:50:23.187 0 0 I auditd : type=1400 audit(0.0:21050): avc: denied { kill } for comm="swapper/3" capability=5 scontext=u:r:kernel:s0 tcontext=u:r:kernel:s0 tclass=capability permissive=0
03-22 10:50:24.191 0 0 I auditd : type=1400 audit(0.0:21051): avc: denied { kill } for comm="swapper/3" capability=5 scontext=u:r:kernel:s0 tcontext=u:r:kernel:s0 tclass=capability permissive=0
01-01 17:15:13.640 0 0 E DTC_Display: screen not ready
03-22 10:50:25.187 0 0 I auditd : type=1400 audit(0.0:21052): avc: denied { kill } for comm="swapper/3" capability=5 scontext=u:r:kernel:s0 tcontext=u:r:kernel:s0 tclass=capability permissive=0
01-01 17:15:14.339 0 0 E DTC_ETH,link_delay_work_func: 3003, SQI=0, link=0
03-22 10:50:26.187 0 0 I auditd : type=1400 audit(0.0:21053): avc: denied { kill } for comm="swapper/3" capability=5 scontext=u:r:kernel:s0 tcontext=u:r:kernel:s0 tclass=capability permissive=0
03-22 10:50:27.187 0 0 I auditd : type=1400 audit(0.0:21054): avc: denied { kill } for comm="swapper/3" capability=5 scontext=u:r:kernel:s0 tcontext=u:r:kernel:s0 tclass=capability permissive=0
03-22 10:50:28.187 0 0 I auditd : type=1400 audit(0.0:21055): avc: denied { kill } for comm="swapper/3" capability=5 scontext=u:r:kernel:s0 tcontext=u:r:kernel:s0 tclass=capability permissive=0
03-22 10:50:29.187 0 0 I auditd : type=1400 audit(0.0:21056): avc: denied { kill } for comm="swapper/3" capability=5 scontext=u:r:kernel:s0 tcontext=u:r:kernel:s0 tclass=capability permissive=0
03-22 10:50:30.191 0 0 I auditd : type=1400 audit(0.0:21057): avc: denied { kill } for comm="swapper/3" capability=5 scontext=u:r:kernel:s0 tcontext=u:r:kernel:s0 tclass=capability permissive=0
01-01 17:15:19.459 0 0 E DTC_ETH,link_delay_work_func: 3003, SQI=0, link=0
03-22 10:50:31.191 0 0 I auditd : type=1400 audit(0.0:21058): avc: denied { kill } for comm="swapper/3" capability=5 scontext=u:r:kernel:s0 tcontext=u:r:kernel:s0 tclass=capability permissive=0
03-22 10:50:32.187 0 0 I auditd : type=1400 audit(0.0:21059): avc: denied { kill } for comm="swapper/3" capability=5 scontext=u:r:kernel:s0 tcontext=u:r:kernel:s0 tclass=capability permissive=0
01-01 17:15:21.699 0 0 E DTC_Display: screen not ready
03-22 10:50:33.187 0 0 I auditd : type=1400 audit(0.0:21060): avc: denied { kill } for comm="swapper/3" capability=5 scontext=u:r:kernel:s0 tcontext=u:r:kernel:s0 tclass=capability permissive=0
03-22 10:50:34.191 0 0 I auditd : type=1400 audit(0.0:21061): avc: denied { kill } for comm="swapper/3" capability=5 scontext=u:r:kernel:s0 tcontext=u:r:kernel:s0 tclass=capability permissive=0
03-22 10:50:35.187 0 0 I auditd : type=1400 audit(0.0:21062): avc: denied { kill } for comm="swapper/3" capability=5 scontext=u:r:kernel:s0 tcontext=u:r:kernel:s0 tclass=capability permissive=0
01-01 17:15:24.579 0 0 E DTC_ETH,link_delay_work_func: 3003, SQI=0, link=0
03-22 10:50:36.187 0 0 I auditd : type=1400 audit(0.0:21063): avc: denied { kill } for comm="swapper/3" capability=5 scontext=u:r:kernel:s0 tcontext=u:r:kernel:s0 tclass=capability permissive=0
03-22 10:50:37.191 0 0 I auditd : type=1400 audit(0.0:21064): avc: denied { kill } for comm="swapper/3" capability=5 scontext=u:r:kernel:s0 tcontext=u:r:kernel:s0 tclass=capability permissive=0
01-01 17:15:26.294 0 0 I perf : interrupt took too long (6167 > 6136), lowering kernel.perf_event_max_sample_rate to 32250
03-22 10:50:38.191 0 0 I auditd : type=1400 audit(0.0:21065): avc: denied { kill } for comm="swapper/3" capability=5 scontext=u:r:kernel:s0 tcontext=u:r:kernel:s0 tclass=capability permissive=0
03-22 10:50:39.191 0 0 I auditd : type=1400 audit(0.0:21066): avc: denied { kill } for comm="swapper/3" capability=5 scontext=u:r:kernel:s0 tcontext=u:r:kernel:s0 tclass=capability permissive=0
03-22 10:50:40.191 0 0 I auditd : type=1400 audit(0.0:21067): avc: denied { kill } for comm="swapper/3" capability=5 scontext=u:r:kernel:s0 tcontext=u:r:kernel:s0 tclass=capability permissive=0
01-01 17:15:29.699 0 0 E DTC_ETH,link_delay_work_func: 3003, SQI=0, link=0
01-01 17:15:29.764 0 0 E DTC_Display: screen not ready
03-22 10:50:41.191 0 0 I auditd : type=1400 audit(0.0:21068): avc: denied { kill } for comm="swapper/3" capability=5 scontext=u:r:kernel:s0 tcontext=u:r:kernel:s0 tclass=capability permissive=0
03-22 10:50:42.187 0 0 I auditd : type=1400 audit(0.0:21069): avc: denied { kill } for comm="swapper/3" capability=5 scontext=u:r:kernel:s0 tcontext=u:r:kernel:s0 tclass=capability permissive=0
03-22 10:50:43.187 27977 27977 I auditd : type=1400 audit(0.0:21070): avc: denied { kill } for comm="kworker/u16:10" capability=5 scontext=u:r:kernel:s0 tcontext=u:r:kernel:s0 tclass=capability permissive=0
03-22 10:50:44.191 0 0 I auditd : type=1400 audit(0.0:21071): avc: denied { kill } for comm="swapper/3" capability=5 scontext=u:r:kernel:s0 tcontext=u:r:kernel:s0 tclass=capability permissive=0
03-22 10:50:45.187 0 0 I auditd : type=1400 audit(0.0:21072): avc: denied { kill } for comm="swapper/3" capability=5 scontext=u:r:kernel:s0 tcontext=u:r:kernel:s0 tclass=capability permissive=0
01-01 17:15:34.819 0 0 E DTC_ETH,link_delay_work_func: 3003, SQI=0, link=0
03-22 10:50:46.187 0 0 I auditd : type=1400 audit(0.0:21073): avc: denied { kill } for comm="swapper/3" capability=5 scontext=u:r:kernel:s0 tcontext=u:r:kernel:s0 tclass=capability permissive=0
03-22 10:50:47.191 0 0 I auditd : type=1400 audit(0.0:21074): avc: denied { kill } for comm="swapper/3" capability=5 scontext=u:r:kernel:s0 tcontext=u:r:kernel:s0 tclass=capability permissive=0
03-22 10:50:48.191 0 0 I auditd : type=1400 audit(0.0:21075): avc: denied { kill } for comm="swapper/3" capability=5 scontext=u:r:kernel:s0 tcontext=u:r:kernel:s0 tclass=capability permissive=0
01-01 17:15:37.836 0 0 E DTC_Display: screen not ready
03-22 10:50:49.187 0 0 I auditd : type=1400 audit(0.0:21076): avc: denied { kill } for comm="swapper/3" capability=5 scontext=u:r:kernel:s0 tcontext=u:r:kernel:s0 tclass=capability permissive=0
03-22 10:50:50.187 0 0 I auditd : type=1400 audit(0.0:21077): avc: denied { kill } for comm="swapper/3" capability=5 scontext=u:r:kernel:s0 tcontext=u:r:kernel:s0 tclass=capability permissive=0
01-01 17:15:39.939 0 0 E DTC_ETH,link_delay_work_func: 3003, SQI=0, link=0
03-22 10:50:51.191 0 0 I auditd : type=1400 audit(0.0:21078): avc: denied { kill } for comm="swapper/3" capability=5 scontext=u:r:kernel:s0 tcontext=u:r:kernel:s0 tclass=capability permissive=0
03-22 10:50:52.187 0 0 I auditd : type=1400 audit(0.0:21079): avc: denied { kill } for comm="swapper/3" capability=5 scontext=u:r:kernel:s0 tcontext=u:r:kernel:s0 tclass=capability permissive=0
03-22 10:50:53.191 0 0 I auditd : type=1400 audit(0.0:21080): avc: denied { kill } for comm="swapper/3" capability=5 scontext=u:r:kernel:s0 tcontext=u:r:kernel:s0 tclass=capability permissive=0
03-22 10:50:54.187 0 0 I auditd : type=1400 audit(0.0:21081): avc: denied { kill } for comm="swapper/3" capability=5 scontext=u:r:kernel:s0 tcontext=u:r:kernel:s0 tclass=capability permissive=0
03-22 10:50:55.187 0 0 I auditd : type=1400 audit(0.0:21082): avc: denied { kill } for comm="swapper/3" capability=5 scontext=u:r:kernel:s0 tcontext=u:r:kernel:s0 tclass=capability permissive=0
01-01 17:15:45.059 0 0 E DTC_ETH,link_delay_work_func: 3003, SQI=0, link=0
03-22 10:50:56.187 0 0 I auditd : type=1400 audit(0.0:21083): avc: denied { kill } for comm="swapper/3" capability=5 scontext=u:r:kernel:s0 tcontext=u:r:kernel:s0 tclass=capability permissive=0
01-01 17:15:45.891 0 0 E DTC_Display: screen not ready
03-22 10:50:57.187 0 0 I auditd : type=1400 audit(0.0:21084): avc: denied { kill } for comm="swapper/3" capability=5 scontext=u:r:kernel:s0 tcontext=u:r:kernel:s0 tclass=capability permissive=0
03-22 10:50:58.191 0 0 I auditd : type=1400 audit(0.0:21085): avc: denied { kill } for comm="swapper/3" capability=5 scontext=u:r:kernel:s0 tcontext=u:r:kernel:s0 tclass=capability permissive=0
03-22 10:50:59.191 0 0 I auditd : type=1400 audit(0.0:21086): avc: denied { kill } for comm="swapper/3" capability=5 scontext=u:r:kernel:s0 tcontext=u:r:kernel:s0 tclass=capability permissive=0
03-22 10:51:00.191 0 0 I auditd : type=1400 audit(0.0:21087): avc: denied { kill } for comm="swapper/3" capability=5 scontext=u:r:kernel:s0 tcontext=u:r:kernel:s0 tclass=capability permissive=0
01-01 17:15:50.179 0 0 E DTC_ETH,link_delay_work_func: 3003, SQI=0, link=0
03-22 10:51:01.087 22192 22192 I auditd : type=1400 audit(0.0:21088): avc: granted { nlmsg_readpriv } for comm="tmesec-report" scontext=u:r:untrusted_app_29:s0:c102,c256,c512,c768 tcontext=u:r:untrusted_app_29:s0:c102,c256,c512,c768 tclass=netlink_route_socket app=com.tencent.qqmusic
03-22 10:51:01.111 22192 22192 I auditd : type=1400 audit(0.0:21089): avc: denied { read } for comm="tmesec-report" name="u:object_r:oem_unlock_prop:s0" dev="tmpfs" ino=11544 scontext=u:r:untrusted_app_29:s0:c102,c256,c512,c768 tcontext=u:object_r:oem_unlock_prop:s0 tclass=file permissive=0 app=com.tencent.qqmusic
03-22 10:51:01.187 0 0 I auditd : type=1400 audit(0.0:21090): avc: denied { kill } for comm="swapper/3" capability=5 scontext=u:r:kernel:s0 tcontext=u:r:kernel:s0 tclass=capability permissive=0
03-22 10:51:02.187 0 0 I auditd : type=1400 audit(0.0:21091): avc: denied { kill } for comm="swapper/3" capability=5 scontext=u:r:kernel:s0 tcontext=u:r:kernel:s0 tclass=capability permissive=0
03-22 10:51:03.191 0 0 I auditd : type=1400 audit(0.0:21092): avc: denied { kill } for comm="swapper/3" capability=5 scontext=u:r:kernel:s0 tcontext=u:r:kernel:s0 tclass=capability permissive=0
03-22 10:51:04.187 0 0 I auditd : type=1400 audit(0.0:21093): avc: denied { kill } for comm="swapper/3" capability=5 scontext=u:r:kernel:s0 tcontext=u:r:kernel:s0 tclass=capability permissive=0
01-01 17:15:53.751 0 0 E DTC_Display: screen not ready
03-22 10:51:05.191 0 0 I auditd : type=1400 audit(0.0:21094): avc: denied { kill } for comm="swapper/3" capability=5 scontext=u:r:kernel:s0 tcontext=u:r:kernel:s0 tclass=capability permissive=0
03-22 10:51:06.187 0 0 I auditd : type=1400 audit(0.0:21095): avc: denied { kill } for comm="swapper/3" capability=5 scontext=u:r:kernel:s0 tcontext=u:r:kernel:s0 tclass=capability permissive=0
01-01 17:15:55.299 0 0 E DTC_ETH,link_delay_work_func: 3003, SQI=0, link=0
03-22 10:51:07.191 0 0 I auditd : type=1400 audit(0.0:21096): avc: denied { kill } for comm="swapper/3" capability=5 scontext=u:r:kernel:s0 tcontext=u:r:kernel:s0 tclass=capability permissive=0
03-22 10:51:08.191 0 0 I auditd : type=1400 audit(0.0:21097): avc: denied { kill } for comm="swapper/3" capability=5 scontext=u:r:kernel:s0 tcontext=u:r:kernel:s0 tclass=capability permissive=0
03-22 10:51:09.191 0 0 I auditd : type=1400 audit(0.0:21098): avc: denied { kill } for comm="swapper/3" capability=5 scontext=u:r:kernel:s0 tcontext=u:r:kernel:s0 tclass=capability permissive=0
03-22 10:51:10.191 0 0 I auditd : type=1400 audit(0.0:21099): avc: denied { kill } for comm="swapper/3" capability=5 scontext=u:r:kernel:s0 tcontext=u:r:kernel:s0 tclass=capability permissive=0
03-22 10:51:11.187 0 0 I auditd : type=1400 audit(0.0:21100): avc: denied { kill } for comm="swapper/3" capability=5 scontext=u:r:kernel:s0 tcontext=u:r:kernel:s0 tclass=capability permissive=0
01-01 17:16:00.419 0 0 E DTC_ETH,link_delay_work_func: 3003, SQI=0, link=0
03-22 10:51:12.191 0 0 I auditd : type=1400 audit(0.0:21101): avc: denied { kill } for comm="swapper/3" capability=5 scontext=u:r:kernel:s0 tcontext=u:r:kernel:s0 tclass=capability permissive=0
01-01 17:16:01.483 0 0 E DTC_Display: screen not ready
03-22 10:51:13.187 0 0 I auditd : type=1400 audit(0.0:21102): avc: denied { kill } for comm="swapper/3" capability=5 scontext=u:r:kernel:s0 tcontext=u:r:kernel:s0 tclass=capability permissive=0
03-22 10:51:14.191 0 0 I auditd : type=1400 audit(0.0:21103): avc: denied { kill } for comm="swapper/3" capability=5 scontext=u:r:kernel:s0 tcontext=u:r:kernel:s0 tclass=capability permissive=0
03-22 10:51:15.191 0 0 I auditd : type=1400 audit(0.0:21104): avc: denied { kill } for comm="swapper/3" capability=5 scontext=u:r:kernel:s0 tcontext=u:r:kernel:s0 tclass=capability permissive=0
03-22 10:51:16.191 0 0 I auditd : type=1400 audit(0.0:21105): avc: denied { kill } for comm="swapper/3" capability=5 scontext=u:r:kernel:s0 tcontext=u:r:kernel:s0 tclass=capability permissive=0
01-01 17:16:05.539 0 0 E DTC_ETH,link_delay_work_func: 3003, SQI=0, link=0
03-22 10:51:17.187 0 0 I auditd : type=1400 audit(0.0:21106): avc: denied { kill } for comm="swapper/3" capability=5 scontext=u:r:kernel:s0 tcontext=u:r:kernel:s0 tclass=capability permissive=0
03-22 10:51:18.187 0 0 I auditd : type=1400 audit(0.0:21107): avc: denied { kill } for comm="swapper/3" capability=5 scontext=u:r:kernel:s0 tcontext=u:r:kernel:s0 tclass=capability permissive=0
03-22 10:51:19.187 0 0 I auditd : type=1400 audit(0.0:21108): avc: denied { kill } for comm="swapper/3" capability=5 scontext=u:r:kernel:s0 tcontext=u:r:kernel:s0 tclass=capability permissive=0
01-01 17:16:09.227 0 0 E DTC_Display: screen not ready
03-22 10:51:20.187 0 0 I auditd : type=1400 audit(0.0:21109): avc: denied { kill } for comm="swapper/3" capability=5 scontext=u:r:kernel:s0 tcontext=u:r:kernel:s0 tclass=capability permissive=0
03-22 10:51:21.187 0 0 I auditd : type=1400 audit(0.0:21110): avc: denied { kill } for comm="swapper/3" capability=5 scontext=u:r:kernel:s0 tcontext=u:r:kernel:s0 tclass=capability permissive=0
03-22 10:51:21.259 22192 22192 I auditd : type=1400 audit(0.0:21111): avc: denied { search } for comm="Thread-3" name="asound" dev="proc" ino=4026532151 scontext=u:r:untrusted_app_29:s0:c102,c256,c512,c768 tcontext=u:object_r:proc_asound:s0 tclass=dir permissive=0 app=com.tencent.qqmusic
03-22 10:51:21.307 22192 22192 I auditd : type=1400 audit(0.0:21112): avc: denied { search } for comm="Thread-3" name="asound" dev="proc" ino=4026532151 scontext=u:r:untrusted_app_29:s0:c102,c256,c512,c768 tcontext=u:object_r:proc_asound:s0 tclass=dir permissive=0 app=com.tencent.qqmusic
03-22 10:51:21.383 22192 22192 I auditd : type=1400 audit(0.0:21113): avc: denied { read } for comm="Thread-3" name="tcp" dev="proc" ino=4026532265 scontext=u:r:untrusted_app_29:s0:c102,c256,c512,c768 tcontext=u:object_r:proc_net_tcp_udp:s0 tclass=file permissive=0 app=com.tencent.qqmusic
01-01 17:16:10.659 0 0 E DTC_ETH,link_delay_work_func: 3003, SQI=0, link=0
03-22 10:51:21.684 1512 1697 I input_interaction: Interaction with: 8d17ce6 com.thundercomm.screensaver/android.service.dreams.DreamActivity (server), swipe-up (server), edge-swipe (server), PointerEventDispatcher0 (server),
03-22 10:51:21.689 1512 11966 I wm_finish_activity: [0,101410825,110,com.thundercomm.screensaver/android.service.dreams.DreamActivity,finish-activity]
03-22 10:51:21.689 1512 11966 I wm_task_moved: [1,1,9]
03-22 10:51:21.690 1512 11966 I wm_task_moved: [32,1,2147483647]
03-22 10:51:21.690 1512 11966 I wm_task_to_front: [0,32]
03-22 10:51:21.690 1512 11966 I wm_focused_root_task: [0,0,1,110,finish-top adjustFocusToNextFocusableTask]
03-22 10:51:21.691 1512 11966 I wm_set_resumed_activity: [0,com.android.launcher3/.uioverrides.QuickstepLauncher,finish-top adjustFocusToNextFocusableTask]
03-22 10:51:21.692 1512 11966 I wm_pause_activity: [0,101410825,com.thundercomm.screensaver/android.service.dreams.DreamActivity,userLeaving=false,finish]
03-22 10:51:21.699 1512 11966 I DreamManagerService: Gently waking up from dream.
03-22 10:51:21.700 1512 1610 I sysui_multi_action: [757,803,799,window_time_0,802,302]
03-22 10:51:21.700 1512 1607 I DreamManagerService: Performing gentle wake from dream.
03-22 10:51:21.701 4557 4557 I wm_on_top_resumed_lost_called: [101410825,android.service.dreams.DreamActivity,topStateChangedWhenResumed]
03-22 10:51:21.701 4557 4557 I wm_on_paused_called: [101410825,android.service.dreams.DreamActivity,performPause]
03-22 10:51:21.702 1512 11966 I wm_add_to_stopping: [0,101410825,com.thundercomm.screensaver/android.service.dreams.DreamActivity,completeFinishing]
03-22 10:51:21.703 1512 11966 I ActivityTaskManager: FOREGROUND_APPLICATION_CHANGED to com.android.launcher3.uioverrides.QuickstepLauncher
03-22 10:51:21.705 1512 11966 I wm_set_resumed_activity: [0,com.android.launcher3/.uioverrides.QuickstepLauncher,resumeTopActivityInnerLocked]
03-22 10:51:21.706 1512 11966 I wm_resume_activity: [0,70633193,32,com.android.launcher3/.uioverrides.QuickstepLauncher]
03-22 10:51:21.710 4557 4557 I view_enqueue_input_event: [Motion - Cancel,com.thundercomm.screensaver/android.service.dreams.DreamActivity]
03-22 10:51:21.710 1512 1697 I input_focus: [Focus leaving 8d17ce6 com.thundercomm.screensaver/android.service.dreams.DreamActivity (server),reason=NO_WINDOW]
03-22 10:51:21.720 2573 2573 I wm_on_restart_called: [70633193,com.android.launcher3.uioverrides.QuickstepLauncher,performRestartActivity]
03-22 10:51:21.720 2573 2573 I wm_on_start_called: [70633193,com.android.launcher3.uioverrides.QuickstepLauncher,handleStartActivity]
03-22 10:51:21.720 2573 2573 I wm_on_resume_called: [70633193,com.android.launcher3.uioverrides.QuickstepLauncher,RESUME_ACTIVITY]
03-22 10:51:21.720 2573 2573 I wm_on_top_resumed_gained_called: [70633193,com.android.launcher3.uioverrides.QuickstepLauncher,topWhenResuming]
03-22 10:51:21.723 1512 1610 I sysui_multi_action: [757,803,799,window_time_0,802,0]
03-22 10:51:21.726 1512 1546 I am_uid_active: 10063
03-22 10:51:21.730 1512 1611 I input_focus: [Focus request a81a7d0 com.android.launcher3/com.android.launcher3.uioverrides.QuickstepLauncher,reason=UpdateInputWindows]
03-22 10:51:21.737 1512 1618 I am_pss : [4315,1000,com.android.settings,35458048,33157120,49152,116842496,0,19,7]
03-22 10:51:21.743 1512 1697 I input_focus: [Focus entering a81a7d0 com.android.launcher3/com.android.launcher3.uioverrides.QuickstepLauncher (server),reason=setFocusedWindow]
03-22 10:51:21.744 1512 1636 I PowerManagerService: Powering on display group fromDreaming (groupId=0, uid=1000, reason=WAKE_REASON_UNKNOWN, details=android.server.power:DREAM_FINISHED)...
03-22 10:51:21.744 1512 1636 I PowerManagerService: Waking up from Dreaming (uid=1000, reason=WAKE_REASON_UNKNOWN, details=android.server.power:DREAM_FINISHED)...
03-22 10:51:21.745 1512 1618 I am_pss : [32361,1000,com.qti.diagservices,6797312,4083712,49152,90017792,0,10,6]
03-22 10:51:21.808 1512 1546 W FreeFormWindowHelper: Current Display FreeFormTask is null
03-22 10:51:21.980 1512 1610 I wm_destroy_activity: [0,101410825,110,com.thundercomm.screensaver/android.service.dreams.DreamActivity,finish-imm:idle]
03-22 10:51:22.000 4557 4557 I wm_on_stop_called: [101410825,android.service.dreams.DreamActivity,LIFECYCLER_STOP_ACTIVITY]
03-22 10:51:22.003 4557 4557 I wm_on_destroy_called: [101410825,android.service.dreams.DreamActivity,performDestroy]
03-22 10:51:22.004 1512 11966 I DreamManagerService: Leaving dreamland.
03-22 10:51:22.004 1512 1607 I DreamManagerService: Performing gentle wake from dream.
03-22 10:51:22.004 1512 1607 I DreamController: Stopping dream: name=ComponentInfo{com.thundercomm.screensaver/com.thundercomm.screensaver.service.SystemDream}, isTest=false, canDoze=false, userId=0, reason='finished self'(from 'finished self')
03-22 10:51:22.005 1512 1607 I sysui_multi_action: [757,222,758,2]
03-22 10:51:22.005 1512 1607 I sysui_multi_action: [757,804,799,dreaming_minutes,801,5,802,1]
03-22 10:51:22.012 1512 11966 I wm_task_removed: [110,removeChild:removeChild last r=ActivityRecord{60b6809 u0 com.thundercomm.screensaver/android.service.dreams.DreamActivity t-1 f}} in t=Task{3e16579 #110 type=dream A=10046:android:com.thundercomm.screensaver/dream U=0 visible=false mode=fullscreen translucent=true sz=0}]
03-22 10:51:22.012 1512 11966 I wm_task_removed: [110,removeChild]
03-22 10:51:22.013 1512 1611 W ActivityTaskManager: Can't find TaskDisplayArea to determine support for multi window. Task id=110 attached=false
03-22 10:51:22.119 1512 1697 I input_interaction: Interaction with: 637a09c StatusBar (server), swipe-up (server), edge-swipe (server), PointerEventDispatcher0 (server),
03-22 10:51:22.122 1982 1982 I sysui_multi_action: [757,803,799,panel_open,802,1]
03-22 10:51:22.123 1982 1982 I sysui_multi_action: [757,1328,758,4,1326,69,1327,1,1329,0]
03-22 10:51:22.176 1512 1546 I sysui_multi_action: [757,127,758,1]
03-22 10:51:22.176 1512 1546 I sysui_multi_action: [757,804,799,note_load,801,4,802,1]
03-22 10:51:22.176 1512 1546 I notification_panel_revealed: 4
03-22 10:51:22.184 1512 1611 I input_focus: [Focus request 92dbd17 NotificationShade,reason=UpdateInputWindows]
03-22 10:51:22.193 1512 11966 I sysui_multi_action: [757,128,758,1,793,10117336,794,0,795,10117336,796,26,798,0,806,android,857,DEVELOPER_IMPORTANT,858,4,947,0,1395,4,1500,10117130,1688,1]
03-22 10:51:22.193 1512 11966 I sysui_multi_action: [757,804,799,note_freshness,801,10117336,802,1]
03-22 10:51:22.193 1512 11966 I notification_visibility: [-1|android|26|null|1000,1,10117336,10117336,0,0]
03-22 10:51:22.193 1512 11966 I sysui_multi_action: [757,128,758,1,793,9189649,794,0,795,8944789,796,17303299,797,com.android.wifi,798,2,806,android,857,NETWORK_AVAILABLE,858,2,947,0,1395,4,1500,1247080,1688,1]
03-22 10:51:22.193 1512 11966 I sysui_multi_action: [757,1501,758,1,793,9189649,794,0,795,8944789,796,17303299,797,com.android.wifi,806,android,857,NETWORK_AVAILABLE,858,2,947,0,1500,0,1688,1]
03-22 10:51:22.193 1512 11966 I sysui_multi_action: [757,804,799,note_interruptive,801,0,802,1]
03-22 10:51:22.193 1512 11966 I sysui_multi_action: [757,804,799,note_freshness,801,8944789,802,1]
03-22 10:51:22.193 1512 11966 I notification_visibility: [0|android|17303299|com.android.wifi|1000,1,9189649,8944789,0,2]
03-22 10:51:22.194 1512 11966 I sysui_multi_action: [757,128,758,1,793,904314,794,0,795,904314,796,4273,798,1,806,com.android.systemui,857,screen_record,858,3,947,0,1395,4,1500,904113,1688,1,1745,680407814]
03-22 10:51:22.194 1512 11966 I sysui_multi_action: [757,804,799,note_freshness,801,904314,802,1]
03-22 10:51:22.194 1512 11966 I notification_visibility: [0|com.android.systemui|4273|null|10078,1,904314,904314,0,1]
03-22 10:51:22.194 1512 11966 I sysui_multi_action: [757,128,758,1,793,10117340,794,0,795,10117340,796,32,798,3,806,android,857,USB,858,1,947,0,1395,4,1500,10117137,1688,1]
03-22 10:51:22.194 1512 11966 I sysui_multi_action: [757,804,799,note_freshness,801,10117340,802,1]
03-22 10:51:22.194 1512 11966 I notification_visibility: [-1|android|32|null|1000,1,10117340,10117340,0,3]
03-22 10:51:22.197 1512 1697 I input_focus: [Focus leaving a81a7d0 com.android.launcher3/com.android.launcher3.uioverrides.QuickstepLauncher (server),reason=setFocusedWindow]
03-22 10:51:22.197 1512 1697 I input_focus: [Focus entering 92dbd17 NotificationShade (server),reason=setFocusedWindow]
03-22 10:51:22.227 1982 1982 I sysui_multi_action: [757,111,758,1]
03-22 10:51:22.227 1982 1982 I sysui_multi_action: [757,126,758,1,759,126,927,0,928,1,1593,0]
03-22 10:51:22.227 1982 1982 I sysui_multi_action: [757,113,758,1,759,113,927,1,928,1,1593,0]
03-22 10:51:22.227 1982 1982 I sysui_multi_action: [757,0,758,1,759,0,927,2,928,0,1593,0]
03-22 10:51:22.227 1982 1982 I sysui_multi_action: [757,0,758,1,759,0,927,3,928,0,1593,0]
03-22 10:51:22.228 1982 1982 I sysui_multi_action: [757,491,758,1,759,491,927,4,928,0,1311,1,1593,0]
03-22 10:51:22.228 1982 1982 I sysui_multi_action: [757,0,758,1,759,0,927,5,928,0,1593,0]
03-22 10:51:22.228 1982 1982 I sysui_multi_action: [757,111,758,1]
03-22 10:51:22.228 1982 1982 I sysui_multi_action: [757,126,758,1,759,126,927,0,928,1,1593,0]
03-22 10:51:22.228 1982 1982 I sysui_multi_action: [757,113,758,1,759,113,927,1,928,1,1593,0]
03-22 10:51:22.228 1982 1982 I sysui_multi_action: [757,0,758,1,759,0,927,2,928,0,1593,0]
03-22 10:51:22.228 1982 1982 I sysui_multi_action: [757,0,758,1,759,0,927,3,928,0,1593,0]
03-22 10:51:22.243 22192 22192 I auditd : type=1400 audit(0.0:21114): avc: denied { read } for comm="Thread-3" name="misc" dev="proc" ino=4026531991 scontext=u:r:untrusted_app_29:s0:c102,c256,c512,c768 tcontext=u:object_r:proc_misc:s0 tclass=file permissive=0 app=com.tencent.qqmusic
03-22 10:51:23.187 0 0 I auditd : type=1400 audit(0.0:21115): avc: denied { kill } for comm="swapper/0" capability=5 scontext=u:r:kernel:s0 tcontext=u:r:kernel:s0 tclass=capability permissive=0
03-22 10:51:24.191 0 0 I auditd : type=1400 audit(0.0:21116): avc: denied { kill } for comm="swapper/0" capability=5 scontext=u:r:kernel:s0 tcontext=u:r:kernel:s0 tclass=capability permissive=0
03-22 10:51:25.080 1512 1697 I input_interaction: Interaction with: 92dbd17 NotificationShade (server), swipe-up (server), edge-swipe (server), PointerEventDispatcher0 (server),
03-22 10:51:25.187 0 0 I auditd : type=1400 audit(0.0:21117): avc: denied { kill } for comm="swapper/0" capability=5 scontext=u:r:kernel:s0 tcontext=u:r:kernel:s0 tclass=capability permissive=0
03-22 10:51:25.483 1512 1751 I GameModeConfig: isGameModeOn = false
03-22 10:51:25.483 1512 1751 I GameModeConfig: isGameModeOn = false
03-22 10:51:25.483 1512 1751 I GameModeConfig: isGameModeOn = false
03-22 10:51:25.483 1512 1751 I GameModeConfig: isGameModeOn = false
03-22 10:51:25.483 1512 1751 I GameModeConfig: isGameModeOn = false
03-22 10:51:25.483 1512 1751 I GameModeConfig: isGameModeOn = false
03-22 10:51:25.483 1512 1751 I GameModeConfig: isGameModeOn = false
03-22 10:51:25.485 1982 1982 I sysui_multi_action: [757,111,758,2]
03-22 10:51:25.485 1512 1512 I notification_enqueue: [10078,1982,com.android.systemui,2048,NULL,0,Notification(channel=updateNotification shortcut=null contentView=null vibrate=null sound=null defaults=0x0 flags=0x0 color=0x00000000 vis=PRIVATE),1]
03-22 10:51:25.485 1982 1982 I sysui_multi_action: [757,111,758,2]
03-22 10:51:25.689 1512 1512 I GameModeConfig: isGameModeOn = false
03-22 10:51:25.696 1512 1611 I input_focus: [Focus request a81a7d0 com.android.launcher3/com.android.launcher3.uioverrides.QuickstepLauncher,reason=UpdateInputWindows]
03-22 10:51:25.699 1512 1546 I sysui_multi_action: [757,128,758,2,793,10120842,794,3506,795,10120842,796,26,798,0,806,android,857,DEVELOPER_IMPORTANT,858,4,947,0,1395,4,1500,10120636,1688,1]
03-22 10:51:25.699 1512 1546 I notification_visibility: [-1|android|26|null|1000,0,10120842,10120842,0,0]
03-22 10:51:25.699 1512 1546 I sysui_multi_action: [757,128,758,2,793,9193155,794,3506,795,8948295,796,17303299,797,com.android.wifi,798,2,806,android,857,NETWORK_AVAILABLE,858,2,947,0,1395,4,1500,3506,1688,1]
03-22 10:51:25.700 1512 1546 I notification_visibility: [0|android|17303299|com.android.wifi|1000,0,9193155,8948295,0,2]
03-22 10:51:25.701 1512 1546 I sysui_multi_action: [757,128,758,2,793,907820,794,3506,795,907820,796,4273,798,1,806,com.android.systemui,857,screen_record,858,3,947,0,1395,4,1500,907619,1688,1,1745,680407814]
03-22 10:51:25.701 1512 1546 I notification_visibility: [0|com.android.systemui|4273|null|10078,0,907820,907820,0,1]
03-22 10:51:25.702 1512 1546 I sysui_multi_action: [757,128,758,2,793,10120848,794,3508,795,10120848,796,32,798,3,806,android,857,USB,858,1,947,0,1395,4,1500,10120645,1688,1]
03-22 10:51:25.702 1512 1546 I notification_visibility: [-1|android|32|null|1000,0,10120848,10120848,0,3]
03-22 10:51:25.702 1512 11966 I sysui_multi_action: [757,127,758,2]
03-22 10:51:25.702 1512 11966 I notification_panel_hidden:
03-22 10:51:25.722 1512 1697 I input_focus: [Focus leaving 92dbd17 NotificationShade (server),reason=NO_WINDOW]
03-22 10:51:25.722 1512 1697 I input_focus: [Focus entering a81a7d0 com.android.launcher3/com.android.launcher3.uioverrides.QuickstepLauncher (server),reason=setFocusedWindow]
03-22 10:51:26.187 0 0 I auditd : type=1400 audit(0.0:21118): avc: denied { kill } for comm="swapper/0" capability=5 scontext=u:r:kernel:s0 tcontext=u:r:kernel:s0 tclass=capability permissive=0
01-01 17:16:15.779 0 0 E DTC_ETH,link_delay_work_func: 3003, SQI=0, link=0
03-22 10:51:27.187 0 0 I auditd : type=1400 audit(0.0:21119): avc: denied { kill } for comm="swapper/0" capability=5 scontext=u:r:kernel:s0 tcontext=u:r:kernel:s0 tclass=capability permissive=0
01-01 17:16:16.979 0 0 E DTC_Display: screen not ready
03-22 10:51:28.191 0 0 I auditd : type=1400 audit(0.0:21120): avc: denied { kill } for comm="swapper/0" capability=5 scontext=u:r:kernel:s0 tcontext=u:r:kernel:s0 tclass=capability permissive=0
01-01 17:16:17.797 0 0 I msm_vidc: err : ffffffff: .....: DBLP Set: status 0
03-22 10:51:29.138 1512 1697 I input_interaction: Interaction with: a81a7d0 com.android.launcher3/com.android.launcher3.uioverrides.QuickstepLauncher (server), d87d679 com.android.systemui.ImageWallpaper (server), swipe-up (server), edge-swipe (server), PointerEventDispatcher0 (server),
03-22 10:51:29.187 0 0 I auditd : type=1400 audit(0.0:21121): avc: denied { kill } for comm="swapper/0" capability=5 scontext=u:r:kernel:s0 tcontext=u:r:kernel:s0 tclass=capability permissive=0
03-22 10:51:29.215 1512 11766 I sysui_multi_action: [757,127,758,1]
03-22 10:51:29.216 1512 11766 I sysui_multi_action: [757,804,799,note_load,801,4,802,1]
03-22 10:51:29.216 1512 11766 I notification_panel_revealed: 4
03-22 10:51:29.230 1512 1611 I input_focus: [Focus request 92dbd17 NotificationShade,reason=UpdateInputWindows]
03-22 10:51:29.239 1512 11966 I sysui_multi_action: [757,128,758,1,793,10124382,794,0,795,10124382,796,26,798,0,806,android,857,DEVELOPER_IMPORTANT,858,4,947,0,1395,4,1500,10124176,1688,1]
03-22 10:51:29.239 1512 11966 I sysui_multi_action: [757,804,799,note_freshness,801,10124382,802,1]
03-22 10:51:29.239 1512 11966 I notification_visibility: [-1|android|26|null|1000,1,10124382,10124382,0,0]
03-22 10:51:29.239 1512 11966 I sysui_multi_action: [757,128,758,1,793,9196695,794,0,795,8951835,796,17303299,797,com.android.wifi,798,2,806,android,857,NETWORK_AVAILABLE,858,2,947,0,1395,4,1500,7046,1688,1]
03-22 10:51:29.239 1512 11966 I sysui_multi_action: [757,1501,758,1,793,9196695,794,0,795,8951835,796,17303299,797,com.android.wifi,806,android,857,NETWORK_AVAILABLE,858,2,947,0,1500,0,1688,1]
03-22 10:51:29.239 1512 11966 I sysui_multi_action: [757,804,799,note_interruptive,801,0,802,1]
03-22 10:51:29.239 1512 11966 I sysui_multi_action: [757,804,799,note_freshness,801,8951835,802,1]
03-22 10:51:29.239 1512 11966 I notification_visibility: [0|android|17303299|com.android.wifi|1000,1,9196695,8951835,0,2]
03-22 10:51:29.240 1512 11966 I sysui_multi_action: [757,128,758,1,793,911360,794,0,795,911360,796,4273,798,1,806,com.android.systemui,857,screen_record,858,3,947,0,1395,4,1500,911159,1688,1,1745,680407814]
03-22 10:51:29.240 1512 11966 I sysui_multi_action: [757,804,799,note_freshness,801,911360,802,1]
03-22 10:51:29.240 1512 11966 I notification_visibility: [0|com.android.systemui|4273|null|10078,1,911360,911360,0,1]
03-22 10:51:29.240 1512 11966 I sysui_multi_action: [757,128,758,1,793,10124386,794,0,795,10124386,796,32,798,3,806,android,857,USB,858,1,947,0,1395,4,1500,10124183,1688,1]
03-22 10:51:29.240 1512 11966 I sysui_multi_action: [757,804,799,note_freshness,801,10124386,802,1]
03-22 10:51:29.240 1512 11966 I notification_visibility: [-1|android|32|null|1000,1,10124386,10124386,0,3]
03-22 10:51:29.248 1512 1697 I input_focus: [Focus leaving a81a7d0 com.android.launcher3/com.android.launcher3.uioverrides.QuickstepLauncher (server),reason=setFocusedWindow]
03-22 10:51:29.248 1512 1697 I input_focus: [Focus entering 92dbd17 NotificationShade (server),reason=setFocusedWindow]
03-22 10:51:29.258 1512 1697 I input_interaction: Interaction with: a81a7d0 com.android.launcher3/com.android.launcher3.uioverrides.QuickstepLauncher (server), d87d679 com.android.systemui.ImageWallpaper (server), 92dbd17 NotificationShade (server), swipe-up (server), edge-swipe (server), PointerEventDispatcher0 (server),
03-22 10:51:29.258 2573 2573 I view_enqueue_input_event: [Motion - Cancel,com.android.launcher3/com.android.launcher3.uioverrides.QuickstepLauncher]
03-22 10:51:29.261 1512 1697 I input_interaction: Interaction with: d87d679 com.android.systemui.ImageWallpaper (server), 92dbd17 NotificationShade (server), swipe-up (server), edge-swipe (server), PointerEventDispatcher0 (server),
03-22 10:51:29.284 1512 1611 I input_focus: [Focus request a81a7d0 com.android.launcher3/com.android.launcher3.uioverrides.QuickstepLauncher,reason=UpdateInputWindows]
03-22 10:51:29.297 1512 1697 I input_focus: [Focus leaving 92dbd17 NotificationShade (server),reason=NOT_FOCUSABLE]
03-22 10:51:29.298 1512 1697 I input_focus: [Focus entering a81a7d0 com.android.launcher3/com.android.launcher3.uioverrides.QuickstepLauncher (server),reason=setFocusedWindow]
03-22 10:51:29.298 1512 1611 I input_focus: [Focus request 92dbd17 NotificationShade,reason=UpdateInputWindows]
03-22 10:51:29.329 1512 1697 I input_focus: [Focus leaving a81a7d0 com.android.launcher3/com.android.launcher3.uioverrides.QuickstepLauncher (server),reason=setFocusedWindow]
03-22 10:51:29.330 1512 1697 I input_focus: [Focus entering 92dbd17 NotificationShade (server),reason=setFocusedWindow]
03-22 10:51:29.483 1512 1611 I input_focus: [Focus request a81a7d0 com.android.launcher3/com.android.launcher3.uioverrides.QuickstepLauncher,reason=UpdateInputWindows]
03-22 10:51:29.501 1512 11966 I sysui_multi_action: [757,128,758,2,793,10124644,794,262,795,10124644,796,26,798,0,806,android,857,DEVELOPER_IMPORTANT,858,4,947,0,1395,4,1500,10124438,1688,1]
03-22 10:51:29.504 1512 11966 I notification_visibility: [-1|android|26|null|1000,0,10124644,10124644,0,0]
03-22 10:51:29.505 1512 11966 I sysui_multi_action: [757,128,758,2,793,9196960,794,265,795,8952100,796,17303299,797,com.android.wifi,798,2,806,android,857,NETWORK_AVAILABLE,858,2,947,0,1395,4,1500,265,1688,1]
03-22 10:51:29.505 1512 11966 I notification_visibility: [0|android|17303299|com.android.wifi|1000,0,9196960,8952100,0,2]
03-22 10:51:29.505 1512 11966 I sysui_multi_action: [757,128,758,2,793,911625,794,265,795,911625,796,4273,798,1,806,com.android.systemui,857,screen_record,858,3,947,0,1395,4,1500,911424,1688,1,1745,680407814]
03-22 10:51:29.505 1512 11966 I notification_visibility: [0|com.android.systemui|4273|null|10078,0,911625,911625,0,1]
03-22 10:51:29.505 1512 11966 I sysui_multi_action: [757,128,758,2,793,10124651,794,265,795,10124651,796,32,798,3,806,android,857,USB,858,1,947,0,1395,4,1500,10124448,1688,1]
03-22 10:51:29.505 1512 11966 I notification_visibility: [-1|android|32|null|1000,0,10124651,10124651,0,3]
03-22 10:51:29.506 1512 1546 I sysui_multi_action: [757,127,758,2]
03-22 10:51:29.506 1512 1546 I notification_panel_hidden:
03-22 10:51:29.514 1512 1697 I input_focus: [Focus leaving 92dbd17 NotificationShade (server),reason=NO_WINDOW]
03-22 10:51:29.515 1512 1697 I input_focus: [Focus entering a81a7d0 com.android.launcher3/com.android.launcher3.uioverrides.QuickstepLauncher (server),reason=setFocusedWindow]
03-22 10:51:30.191 0 0 I auditd : type=1400 audit(0.0:21122): avc: denied { kill } for comm="swapper/0" capability=5 scontext=u:r:kernel:s0 tcontext=u:r:kernel:s0 tclass=capability permissive=0
03-22 10:51:30.232 1512 1697 I input_interaction: Interaction with: 637a09c StatusBar (server), swipe-up (server), edge-swipe (server), PointerEventDispatcher0 (server),
03-22 10:51:30.366 1512 11766 I sysui_multi_action: [757,127,758,1]
03-22 10:51:30.366 1512 11766 I sysui_multi_action: [757,804,799,note_load,801,4,802,1]
03-22 10:51:30.366 1512 11766 I notification_panel_revealed: 4
03-22 10:51:30.386 1512 11766 I sysui_multi_action: [757,128,758,1,793,10125529,794,0,795,10125529,796,26,798,0,806,android,857,DEVELOPER_IMPORTANT,858,4,947,0,1395,4,1500,10125323,1688,1]
03-22 10:51:30.386 1512 11766 I sysui_multi_action: [757,804,799,note_freshness,801,10125529,802,1]
03-22 10:51:30.386 1512 11766 I notification_visibility: [-1|android|26|null|1000,1,10125529,10125529,0,0]
03-22 10:51:30.386 1512 11766 I sysui_multi_action: [757,128,758,1,793,9197842,794,0,795,8952982,796,17303299,797,com.android.wifi,798,2,806,android,857,NETWORK_AVAILABLE,858,2,947,0,1395,4,1500,1147,1688,1]
03-22 10:51:30.386 1512 11766 I sysui_multi_action: [757,1501,758,1,793,9197842,794,0,795,8952982,796,17303299,797,com.android.wifi,806,android,857,NETWORK_AVAILABLE,858,2,947,0,1500,0,1688,1]
03-22 10:51:30.387 1512 11766 I sysui_multi_action: [757,804,799,note_interruptive,801,0,802,1]
03-22 10:51:30.387 1512 11766 I sysui_multi_action: [757,804,799,note_freshness,801,8952982,802,1]
03-22 10:51:30.387 1512 11766 I notification_visibility: [0|android|17303299|com.android.wifi|1000,1,9197842,8952982,0,2]
03-22 10:51:30.387 1512 11766 I sysui_multi_action: [757,128,758,1,793,912507,794,0,795,912507,796,4273,798,1,806,com.android.systemui,857,screen_record,858,3,947,0,1395,4,1500,912306,1688,1,1745,680407814]
03-22 10:51:30.387 1512 11766 I sysui_multi_action: [757,804,799,note_freshness,801,912507,802,1]
03-22 10:51:30.387 1512 11766 I notification_visibility: [0|com.android.systemui|4273|null|10078,1,912507,912507,0,1]
03-22 10:51:30.387 1512 11766 I sysui_multi_action: [757,128,758,1,793,10125533,794,0,795,10125533,796,32,798,3,806,android,857,USB,858,1,947,0,1395,4,1500,10125330,1688,1]
03-22 10:51:30.387 1512 11766 I sysui_multi_action: [757,804,799,note_freshness,801,10125533,802,1]
03-22 10:51:30.387 1512 11766 I notification_visibility: [-1|android|32|null|1000,1,10125533,10125533,0,3]
03-22 10:51:30.428 1982 1982 I sysui_multi_action: [757,111,758,1]
03-22 10:51:30.428 1982 1982 I sysui_multi_action: [757,126,758,1,759,126,927,0,928,1,1593,0]
03-22 10:51:30.428 1982 1982 I sysui_multi_action: [757,113,758,1,759,113,927,1,928,1,1593,0]
03-22 10:51:30.428 1982 1982 I sysui_multi_action: [757,0,758,1,759,0,927,2,928,0,1593,0]
03-22 10:51:30.428 1982 1982 I sysui_multi_action: [757,0,758,1,759,0,927,3,928,0,1593,0]
03-22 10:51:30.429 1982 1982 I sysui_multi_action: [757,491,758,1,759,491,927,4,928,0,1311,1,1593,0]
03-22 10:51:30.429 1982 1982 I sysui_multi_action: [757,0,758,1,759,0,927,5,928,0,1593,0]
03-22 10:51:30.429 1982 1982 I sysui_multi_action: [757,111,758,1]
03-22 10:51:30.429 1982 1982 I sysui_multi_action: [757,126,758,1,759,126,927,0,928,1,1593,0]
03-22 10:51:30.429 1982 1982 I sysui_multi_action: [757,113,758,1,759,113,927,1,928,1,1593,0]
03-22 10:51:30.429 1982 1982 I sysui_multi_action: [757,0,758,1,759,0,927,2,928,0,1593,0]
03-22 10:51:30.429 1982 1982 I sysui_multi_action: [757,0,758,1,759,0,927,3,928,0,1593,0]
03-22 10:51:30.441 1512 1611 I input_focus: [Focus request 92dbd17 NotificationShade,reason=UpdateInputWindows]
03-22 10:51:30.455 1512 1751 I GameModeConfig: isGameModeOn = false
03-22 10:51:30.455 1512 1751 I GameModeConfig: isGameModeOn = false
03-22 10:51:30.455 1512 1751 I GameModeConfig: isGameModeOn = false
03-22 10:51:30.455 1512 1751 I GameModeConfig: isGameModeOn = false
03-22 10:51:30.456 1512 1751 I GameModeConfig: isGameModeOn = false
03-22 10:51:30.456 1512 1751 I GameModeConfig: isGameModeOn = false
03-22 10:51:30.456 1512 1751 I GameModeConfig: isGameModeOn = false
03-22 10:51:30.456 1982 1982 I sysui_multi_action: [757,111,758,2]
03-22 10:51:30.457 1982 1982 I sysui_multi_action: [757,111,758,2]
03-22 10:51:30.457 1512 1512 I notification_enqueue: [10078,1982,com.android.systemui,2048,NULL,0,Notification(channel=updateNotification shortcut=null contentView=null vibrate=null sound=null defaults=0x0 flags=0x0 color=0x00000000 vis=PRIVATE),1]
03-22 10:51:30.465 1512 1611 I input_focus: [Focus request a81a7d0 com.android.launcher3/com.android.launcher3.uioverrides.QuickstepLauncher,reason=UpdateInputWindows]
03-22 10:51:30.470 1512 1697 I input_focus: [Focus leaving a81a7d0 com.android.launcher3/com.android.launcher3.uioverrides.QuickstepLauncher (server),reason=Waiting for window because NOT_FOCUSABLE]
03-22 10:51:30.470 1512 1697 I input_focus: [Focus entering a81a7d0 com.android.launcher3/com.android.launcher3.uioverrides.QuickstepLauncher (server),reason=setFocusedWindow]
03-22 10:51:30.483 1512 2109 I sysui_multi_action: [757,128,758,2,793,10125626,794,97,795,10125626,796,26,798,0,806,android,857,DEVELOPER_IMPORTANT,858,4,947,0,1395,4,1500,10125420,1688,1]
03-22 10:51:30.484 1512 2109 I notification_visibility: [-1|android|26|null|1000,0,10125626,10125626,0,0]
03-22 10:51:30.484 1512 2109 I sysui_multi_action: [757,128,758,2,793,9197940,794,98,795,8953080,796,17303299,797,com.android.wifi,798,2,806,android,857,NETWORK_AVAILABLE,858,2,947,0,1395,4,1500,98,1688,1]
03-22 10:51:30.484 1512 2109 I notification_visibility: [0|android|17303299|com.android.wifi|1000,0,9197940,8953080,0,2]
03-22 10:51:30.485 1512 2109 I sysui_multi_action: [757,128,758,2,793,912605,794,98,795,912605,796,4273,798,1,806,com.android.systemui,857,screen_record,858,3,947,0,1395,4,1500,912404,1688,1,1745,680407814]
03-22 10:51:30.485 1512 2109 I notification_visibility: [0|com.android.systemui|4273|null|10078,0,912605,912605,0,1]
03-22 10:51:30.485 1512 2109 I sysui_multi_action: [757,128,758,2,793,10125631,794,98,795,10125631,796,32,798,3,806,android,857,USB,858,1,947,0,1395,4,1500,10125428,1688,1]
03-22 10:51:30.485 1512 2109 I notification_visibility: [-1|android|32|null|1000,0,10125631,10125631,0,3]
03-22 10:51:30.486 1512 1546 I sysui_multi_action: [757,127,758,2]
03-22 10:51:30.486 1512 1546 I notification_panel_hidden:
03-22 10:51:30.659 1512 1512 I GameModeConfig: isGameModeOn = false
03-22 10:51:31.187 0 0 I auditd : type=1400 audit(0.0:21123): avc: denied { kill } for comm="swapper/2" capability=5 scontext=u:r:kernel:s0 tcontext=u:r:kernel:s0 tclass=capability permissive=0
03-22 10:51:31.593 1512 1697 I input_interaction: Interaction with: a81a7d0 com.android.launcher3/com.android.launcher3.uioverrides.QuickstepLauncher (server), d87d679 com.android.systemui.ImageWallpaper (server), swipe-up (server), edge-swipe (server), PointerEventDispatcher0 (server),
03-22 10:51:31.686 1512 2109 W FreeFormWindowHelper: Current Display FreeFormTask is null
03-22 10:51:31.687 1512 2109 W FreeFormWindowHelper: Current Display FreeFormTask is null
03-22 10:51:31.731 1512 1546 W FreeFormWindowHelper: Current Display FreeFormTask is null
03-22 10:51:31.731 1512 1546 W FreeFormWindowHelper: Current Display FreeFormTask is null
03-22 10:51:31.732 1512 1697 I input_interaction: Interaction with: swipe-up (server), edge-swipe (server), PointerEventDispatcher0 (server),
03-22 10:51:31.733 2573 2573 I view_enqueue_input_event: [Motion - Cancel,com.android.launcher3/com.android.launcher3.uioverrides.QuickstepLauncher]
03-22 10:51:31.734 1512 1546 W FreeFormWindowHelper: Current Display FreeFormTask is null
03-22 10:51:31.735 1512 11966 W FreeFormWindowHelper: Current Display FreeFormTask is null
03-22 10:51:31.736 1512 11966 W ActivityTaskManager: getTaskSnapshot: taskId=999 not found
03-22 10:51:31.736 1512 1546 W FreeFormWindowHelper: Current Display FreeFormTask is null
03-22 10:51:31.736 1512 1546 W FreeFormWindowHelper: Current Display FreeFormTask is null
03-22 10:51:31.741 1512 1546 W ActivityTaskManager: getTaskSnapshot: taskId=999 not found
03-22 10:51:31.747 1512 1546 W FreeFormWindowHelper: Current Display FreeFormTask is null
03-22 10:51:31.747 1512 1546 W FreeFormWindowHelper: Current Display FreeFormTask is null
03-22 10:51:31.763 1512 11966 W FreeFormWindowHelper: Current Display FreeFormTask is null
03-22 10:51:31.763 1512 11966 W FreeFormWindowHelper: Current Display FreeFormTask is null
01-01 17:16:20.899 0 0 E DTC_ETH,link_delay_work_func: 3003, SQI=0, link=0
03-22 10:51:31.888 1512 1684 I commit_sys_config_file: [settings-1-0,4]
03-22 10:51:32.083 1512 2109 W FreeFormWindowHelper: Current Display FreeFormTask is null
03-22 10:51:32.083 1512 2109 W FreeFormWindowHelper: Current Display FreeFormTask is null
03-22 10:51:32.100 1512 2109 W FreeFormWindowHelper: Current Display FreeFormTask is null
03-22 10:51:32.100 1512 2109 W FreeFormWindowHelper: Current Display FreeFormTask is null
03-22 10:51:32.116 1512 11966 W FreeFormWindowHelper: Current Display FreeFormTask is null
03-22 10:51:32.117 1512 11966 W FreeFormWindowHelper: Current Display FreeFormTask is null
03-22 10:51:32.133 1512 11966 W FreeFormWindowHelper: Current Display FreeFormTask is null
03-22 10:51:32.133 1512 1546 W FreeFormWindowHelper: Current Display FreeFormTask is null
03-22 10:51:32.151 1512 1546 W FreeFormWindowHelper: Current Display FreeFormTask is null
03-22 10:51:32.152 1512 1546 W FreeFormWindowHelper: Current Display FreeFormTask is null
03-22 10:51:32.168 1512 1546 W FreeFormWindowHelper: Current Display FreeFormTask is null
03-22 10:51:32.168 1512 11966 W FreeFormWindowHelper: Current Display FreeFormTask is null
03-22 10:51:32.184 1512 6982 W FreeFormWindowHelper: Current Display FreeFormTask is null
03-22 10:51:32.184 1512 6982 W FreeFormWindowHelper: Current Display FreeFormTask is null
03-22 10:51:32.201 1512 11966 W FreeFormWindowHelper: Current Display FreeFormTask is null
03-22 10:51:32.201 1512 11966 W FreeFormWindowHelper: Current Display FreeFormTask is null
03-22 10:51:32.217 1512 6982 W FreeFormWindowHelper: Current Display FreeFormTask is null
03-22 10:51:32.218 1512 6982 W FreeFormWindowHelper: Current Display FreeFormTask is null
03-22 10:51:32.234 1512 1546 W FreeFormWindowHelper: Current Display FreeFormTask is null
03-22 10:51:32.235 1512 2109 W FreeFormWindowHelper: Current Display FreeFormTask is null
03-22 10:51:32.251 1512 11966 W FreeFormWindowHelper: Current Display FreeFormTask is null
03-22 10:51:32.251 1512 11966 W FreeFormWindowHelper: Current Display FreeFormTask is null
03-22 10:51:32.268 1512 1546 W FreeFormWindowHelper: Current Display FreeFormTask is null
03-22 10:51:32.268 1512 1546 W FreeFormWindowHelper: Current Display FreeFormTask is null
03-22 10:51:32.269 1512 1684 I commit_sys_config_file: [settings-1-0,4]
03-22 10:51:32.284 1512 2109 W FreeFormWindowHelper: Current Display FreeFormTask is null
03-22 10:51:32.284 1512 2109 W FreeFormWindowHelper: Current Display FreeFormTask is null
03-22 10:51:32.301 1512 2109 W FreeFormWindowHelper: Current Display FreeFormTask is null
03-22 10:51:32.301 1512 2109 W FreeFormWindowHelper: Current Display FreeFormTask is null
03-22 10:51:32.318 1512 2109 W FreeFormWindowHelper: Current Display FreeFormTask is null
03-22 10:51:32.318 1512 2109 W FreeFormWindowHelper: Current Display FreeFormTask is null
