03-22 11:04:32.927 1512 1546 I wm_pause_activity: [0,107659848,com.android.gallery3d/.app.GalleryActivity,userLeaving=false,finish]
03-22 11:04:32.932 1512 1611 I input_focus: [Focus request a81a7d0 com.android.launcher3/com.android.launcher3.uioverrides.QuickstepLauncher,reason=UpdateInputWindows]
03-22 11:04:32.932 1512 1546 W FreeFormWindowHelper: Current Display FreeFormTask is Task{6edeb65 #113 type=standard A=10065:com.android.gallery3d U=0 visible=false mode=freeform translucent=true sz=1}
03-22 11:04:32.933 1512 1546 W FreeFormWindowHelper: Current Display FreeFormTask is Task{6edeb65 #113 type=standard A=10065:com.android.gallery3d U=0 visible=false mode=freeform translucent=true sz=1}
03-22 11:04:32.934 1512 1546 W FreeFormWindowHelper: Current Display FreeFormTask is Task{6edeb65 #113 type=standard A=10065:com.android.gallery3d U=0 visible=false mode=freeform translucent=true sz=1}
03-22 11:04:32.949 6785 6785 I wm_on_paused_called: [107659848,com.android.gallery3d.app.GalleryActivity,performPause]
03-22 11:04:32.950 1512 11966 I ActivityTaskManager: FOREGROUND_APPLICATION_CHANGED to com.android.launcher3.uioverrides.QuickstepLauncher
03-22 11:04:32.950 1512 11966 I wm_destroy_activity: [0,107659848,113,com.android.gallery3d/.app.GalleryActivity,finish-imm:completePausedLocked]
03-22 11:04:32.959 1512 1697 I input_focus: [Focus leaving 570b4cb com.android.gallery3d/com.android.gallery3d.app.GalleryActivity (server),reason=NO_WINDOW]
03-22 11:04:32.959 1512 1697 I input_focus: [Focus entering a81a7d0 com.android.launcher3/com.android.launcher3.uioverrides.QuickstepLauncher (server),reason=setFocusedWindow]
03-22 11:04:32.962 1512 1610 I sysui_multi_action: [757,803,799,window_time_0,802,6]
03-22 11:04:32.969 6785 6785 I wm_on_stop_called: [107659848,com.android.gallery3d.app.GalleryActivity,LIFECYCLER_STOP_ACTIVITY]
03-22 11:04:32.971 6785 6785 I wm_on_destroy_called: [107659848,com.android.gallery3d.app.GalleryActivity,performDestroy]
03-22 11:04:32.992 1512 11966 W FreeFormWindowHelper: Current Display FreeFormTask is Task{6edeb65 #113 type=standard A=10065:com.android.gallery3d U=0 visible=false mode=freeform translucent=true sz=1}
03-22 11:04:32.994 1512 11766 W FreeFormWindowHelper: Current Display FreeFormTask is Task{6edeb65 #113 type=standard A=10065:com.android.gallery3d U=0 visible=false mode=freeform translucent=true sz=1}
03-22 11:04:32.995 1512 11766 W FreeFormWindowHelper: Current Display FreeFormTask is Task{6edeb65 #113 type=standard A=10065:com.android.gallery3d U=0 visible=false mode=freeform translucent=true sz=1}
03-22 11:04:32.998 2573 2573 I wm_on_top_resumed_gained_called: [70633193,com.android.launcher3.uioverrides.QuickstepLauncher,topStateChangedWhenResumed]
03-22 11:04:33.054 1512 1546 W FreeFormWindowHelper: Current Display FreeFormTask is Task{6edeb65 #113 type=standard A=10065:com.android.gallery3d U=0 visible=false mode=freeform translucent=true sz=1}
03-22 11:04:33.259 1512 1611 I wm_task_removed: [113,removeChild:removeChild last r=ActivityRecord{66ac248 u0 com.android.gallery3d/.app.GalleryActivity t-1 f}} in t=Task{6edeb65 #113 type=standard A=10065:com.android.gallery3d U=0 visible=false mode=freeform translucent=true sz=0}]
03-22 11:04:33.259 1512 1611 I wm_task_removed: [113,removeChild]
03-22 11:04:33.259 1512 1611 D FreeFormWindowHelper: Remove freefrom task=Task{6edeb65 #113 type=standard A=10065:com.android.gallery3d U=0 visible=false mode=freeform translucent=true sz=0}
03-22 11:04:33.929 1512 1697 I input_interaction: Interaction with: a81a7d0 com.android.launcher3/com.android.launcher3.uioverrides.QuickstepLauncher (server), d87d679 com.android.systemui.ImageWallpaper (server), swipe-up (server), edge-swipe (server), PointerEventDispatcher0 (server),
03-22 11:04:34.045 1512 11965 D FreeFormWindowHelper: Add freeform task=Task{4bef1f1 #101 type=standard A=10082:android.task.music U=0 visible=false mode=freeform translucent=true sz=0}
03-22 11:04:34.048 1512 11965 I wm_task_moved: [1,1,6]
03-22 11:04:34.049 1512 11965 I wm_set_resumed_activity: [0,com.android.launcher3/.uioverrides.QuickstepLauncher,positionChildAt]
03-22 11:04:34.049 1512 11965 I ActivityTaskManager: START u0 {act=android.intent.action.MAIN cat=[android.intent.category.LAUNCHER] flg=0x10300000 cmp=com.android.music/.MusicBrowserActivity} from uid 10076
03-22 11:04:34.055 1512 11965 I service_manager_stats: [100,64,71071]
03-22 11:04:34.056 1512 11965 I wm_task_moved: [101,1,6]
03-22 11:04:34.056 1512 11965 I wm_task_to_front: [0,101]
03-22 11:04:34.056 1512 11965 I wm_focused_root_task: [0,0,101,1,reuseOrNewTask]
03-22 11:04:34.056 1512 11965 I wm_create_activity: [0,58724675,101,com.android.music/.MusicBrowserActivity,android.intent.action.MAIN,NULL,NULL,271581184]
03-22 11:04:34.057 1512 11965 I ActivityTaskManager: FOREGROUND_APPLICATION_CHANGED to com.android.music.MusicBrowserActivity
03-22 11:04:34.057 1512 11965 I ActivityTaskManager: The Process com.android.music Already Exists in BG. So sending its PID: 18332
03-22 11:04:34.057 1512 11965 W ActivityTaskManager: Tried to set launchTime (0) < mLastActivityLaunchTime (30184607)
03-22 11:04:34.058 1512 11965 I wm_restart_activity: [0,58724675,101,com.android.music/.MusicBrowserActivity]
03-22 11:04:34.058 1512 11965 I wm_set_resumed_activity: [0,com.android.music/.MusicBrowserActivity,minimalResumeActivityLocked]
03-22 11:04:34.059 1512 11966 W ActivityManager: Receiver with filter android.content.IntentFilter@f9bf3c0 already registered for pid 18332, callerPackage is com.android.music
03-22 11:04:34.062 2573 2573 I wm_on_top_resumed_lost_called: [70633193,com.android.launcher3.uioverrides.QuickstepLauncher,topStateChangedWhenResumed]
03-22 11:04:34.072 18332 18332 I wm_on_create_called: [58724675,com.android.music.MusicBrowserActivity,performCreate]
03-22 11:04:34.076 18332 18332 I wm_on_start_called: [58724675,com.android.music.MusicBrowserActivity,handleStartActivity]
03-22 11:04:34.077 18332 18332 I wm_on_resume_called: [58724675,com.android.music.MusicBrowserActivity,RESUME_ACTIVITY]
03-22 11:04:34.079 18332 18332 I wm_on_top_resumed_gained_called: [58724675,com.android.music.MusicBrowserActivity,topStateChangedWhenResumed]
03-22 11:04:34.079 1512 11766 W FreeFormWindowHelper: exitRecentTasks type=1
03-22 11:04:34.079 1512 1751 I GameModeConfig: isGameModeOn = false
03-22 11:04:34.079 1512 1751 I GameModeConfig: isGameModeOn = false
03-22 11:04:34.079 1512 1751 I GameModeConfig: isGameModeOn = false
03-22 11:04:34.079 1512 1751 I GameModeConfig: isGameModeOn = false
03-22 11:04:34.086 1512 1512 I notification_enqueue: [10082,18332,com.android.music,1,NULL,0,Notification(channel=Channel-music shortcut=null contentView=null vibrate=null sound=null defaults=0x0 flags=0x40 color=0x00000000 category=transport actions=5 vis=PRIVATE),1]
03-22 11:04:34.087 1512 1512 I notification_enqueue: [10082,18332,com.android.music,1,NULL,0,Notification(channel=Channel-music shortcut=null contentView=null vibrate=null sound=null defaults=0x0 flags=0x40 color=0x00000000 category=transport actions=5 vis=PRIVATE),1]
03-22 11:04:34.088 1512 1751 I GameModeConfig: isGameModeOn = false
03-22 11:04:34.088 1512 1751 I GameModeConfig: isGameModeOn = false
03-22 11:04:34.088 1512 1751 I GameModeConfig: isGameModeOn = false
03-22 11:04:34.088 1512 1751 I GameModeConfig: isGameModeOn = false
03-22 11:04:34.094 1512 1512 I notification_enqueue: [10082,18332,com.android.music,1,NULL,0,Notification(channel=Channel-music shortcut=null contentView=null vibrate=null sound=null defaults=0x0 flags=0x40 color=0x00000000 category=transport actions=5 vis=PRIVATE),1]
03-22 11:04:34.095 1512 1512 I notification_enqueue: [10082,18332,com.android.music,1,NULL,0,Notification(channel=Channel-music shortcut=null contentView=null vibrate=null sound=null defaults=0x0 flags=0x40 color=0x00000000 category=transport actions=5 vis=PRIVATE),1]
03-22 11:04:34.109 1512 1546 W WindowManager: updateScale : 0.47769785
03-22 11:04:34.110 1512 1611 I input_focus: [Focus request 9e25a1 com.android.music/com.android.music.MusicBrowserActivity,reason=UpdateInputWindows]
03-22 11:04:34.121 1512 1611 W WindowManager: updateScale : 0.47769785
03-22 11:04:34.123 1512 1611 W WindowManager: updateScale : 0.47769785
03-22 11:04:34.124 1512 1607 I sysui_multi_action: [319,73,322,73,325,30197,757,761,758,8,759,2,806,com.android.music,871,com.android.music.MusicBrowserActivity,904,com.android.launcher3,905,0,1320,4,1321,1]
03-22 11:04:34.124 1512 1611 W WindowManager: updateScale : 0.47769785
03-22 11:04:34.124 1512 1607 I wm_activity_launch_time: [0,58724675,com.android.music/.MusicBrowserActivity,73]
03-22 11:04:34.130 1512 1697 I input_focus: [Focus leaving a81a7d0 com.android.launcher3/com.android.launcher3.uioverrides.QuickstepLauncher (server),reason=setFocusedWindow]
03-22 11:04:34.130 1512 1697 I input_focus: [Focus entering 9e25a1 com.android.music/com.android.music.MusicBrowserActivity (server),reason=setFocusedWindow]
03-22 11:04:34.187 0 0 I auditd : type=1400 audit(0.0:22012): avc: denied { kill } for comm="swapper/2" capability=5 scontext=u:r:kernel:s0 tcontext=u:r:kernel:s0 tclass=capability permissive=0
03-22 11:04:34.287 1512 1512 I GameModeConfig: isGameModeOn = false
03-22 11:04:34.288 1512 1512 I GameModeConfig: isGameModeOn = false
03-22 11:04:34.296 1512 1512 I GameModeConfig: isGameModeOn = false
03-22 11:04:34.296 1512 1512 I GameModeConfig: isGameModeOn = false
03-22 11:04:34.399 1512 1611 W WindowManager: updateScale : 0.47769785
01-01 17:29:24.211 0 0 E DTC_Display: screen not ready
01-01 17:29:24.259 0 0 E DTC_ETH,link_delay_work_func: 3003, SQI=0, link=0
03-22 11:04:35.187 0 0 I auditd : type=1400 audit(0.0:22013): avc: denied { kill } for comm="swapper/2" capability=5 scontext=u:r:kernel:s0 tcontext=u:r:kernel:s0 tclass=capability permissive=0
03-22 11:04:36.191 0 0 I auditd : type=1400 audit(0.0:22014): avc: denied { kill } for comm="swapper/2" capability=5 scontext=u:r:kernel:s0 tcontext=u:r:kernel:s0 tclass=capability permissive=0
03-22 11:04:37.191 0 0 I auditd : type=1400 audit(0.0:22015): avc: denied { kill } for comm="swapper/2" capability=5 scontext=u:r:kernel:s0 tcontext=u:r:kernel:s0 tclass=capability permissive=0
01-01 17:29:26.568 0 0 D cnss : Host time = 30203009420 us, device time = 18023940920 us, offset = 12179068500 us
01-01 17:29:26.568 0 0 D cnss : Updated time sync regs [0x984] = 0xd5edd654, [0x988] = 0x2
03-22 11:04:38.187 0 0 I auditd : type=1400 audit(0.0:22016): avc: denied { kill } for comm="swapper/2" capability=5 scontext=u:r:kernel:s0 tcontext=u:r:kernel:s0 tclass=capability permissive=0
03-22 11:04:39.187 0 0 I auditd : type=1400 audit(0.0:22017): avc: denied { kill } for comm="swapper/2" capability=5 scontext=u:r:kernel:s0 tcontext=u:r:kernel:s0 tclass=capability permissive=0
03-22 11:04:40.187 0 0 I auditd : type=1400 audit(0.0:22018): avc: denied { kill } for comm="swapper/2" capability=5 scontext=u:r:kernel:s0 tcontext=u:r:kernel:s0 tclass=capability permissive=0
01-01 17:29:29.379 0 0 E DTC_ETH,link_delay_work_func: 3003, SQI=0, link=0
03-22 11:04:41.187 0 0 I auditd : type=1400 audit(0.0:22019): avc: denied { kill } for comm="swapper/2" capability=5 scontext=u:r:kernel:s0 tcontext=u:r:kernel:s0 tclass=capability permissive=0
03-22 11:04:42.187 0 0 I auditd : type=1400 audit(0.0:22020): avc: denied { kill } for comm="swapper/2" capability=5 scontext=u:r:kernel:s0 tcontext=u:r:kernel:s0 tclass=capability permissive=0
01-01 17:29:31.949 0 0 E DTC_Display: screen not ready
03-22 11:04:44.187 0 0 I auditd : type=1400 audit(0.0:22021): avc: denied { kill } for comm="swapper/2" capability=5 scontext=u:r:kernel:s0 tcontext=u:r:kernel:s0 tclass=capability permissive=0
03-22 11:04:45.187 0 0 I auditd : type=1400 audit(0.0:22022): avc: denied { kill } for comm="swapper/2" capability=5 scontext=u:r:kernel:s0 tcontext=u:r:kernel:s0 tclass=capability permissive=0
01-01 17:29:34.499 0 0 E DTC_ETH,link_delay_work_func: 3003, SQI=0, link=0
03-22 11:04:46.187 0 0 I auditd : type=1400 audit(0.0:22023): avc: denied { kill } for comm="swapper/2" capability=5 scontext=u:r:kernel:s0 tcontext=u:r:kernel:s0 tclass=capability permissive=0
03-22 11:04:47.187 0 0 I auditd : type=1400 audit(0.0:22024): avc: denied { kill } for comm="swapper/2" capability=5 scontext=u:r:kernel:s0 tcontext=u:r:kernel:s0 tclass=capability permissive=0
03-22 11:04:48.187 0 0 I auditd : type=1400 audit(0.0:22025): avc: denied { kill } for comm="swapper/2" capability=5 scontext=u:r:kernel:s0 tcontext=u:r:kernel:s0 tclass=capability permissive=0
03-22 11:04:49.187 0 0 I auditd : type=1400 audit(0.0:22026): avc: denied { kill } for comm="swapper/2" capability=5 scontext=u:r:kernel:s0 tcontext=u:r:kernel:s0 tclass=capability permissive=0
03-22 11:04:50.187 0 0 I auditd : type=1400 audit(0.0:22027): avc: denied { kill } for comm="swapper/2" capability=5 scontext=u:r:kernel:s0 tcontext=u:r:kernel:s0 tclass=capability permissive=0
01-01 17:29:39.619 0 0 E DTC_ETH,link_delay_work_func: 3003, SQI=0, link=0
01-01 17:29:39.691 0 0 E DTC_Display: screen not ready
03-22 11:04:51.187 0 0 I auditd : type=1400 audit(0.0:22028): avc: denied { kill } for comm="swapper/2" capability=5 scontext=u:r:kernel:s0 tcontext=u:r:kernel:s0 tclass=capability permissive=0
03-22 11:04:53.187 0 0 I auditd : type=1400 audit(0.0:22029): avc: denied { kill } for comm="swapper/1" capability=5 scontext=u:r:kernel:s0 tcontext=u:r:kernel:s0 tclass=capability permissive=0
03-22 11:04:54.187 0 0 I auditd : type=1400 audit(0.0:22030): avc: denied { kill } for comm="swapper/1" capability=5 scontext=u:r:kernel:s0 tcontext=u:r:kernel:s0 tclass=capability permissive=0
03-22 11:04:55.191 0 0 I auditd : type=1400 audit(0.0:22031): avc: denied { kill } for comm="swapper/1" capability=5 scontext=u:r:kernel:s0 tcontext=u:r:kernel:s0 tclass=capability permissive=0
01-01 17:29:44.739 0 0 E DTC_ETH,link_delay_work_func: 3003, SQI=0, link=0
03-22 11:04:56.191 0 0 I auditd : type=1400 audit(0.0:22032): avc: denied { kill } for comm="swapper/1" capability=5 scontext=u:r:kernel:s0 tcontext=u:r:kernel:s0 tclass=capability permissive=0
03-22 11:04:57.187 0 0 I auditd : type=1400 audit(0.0:22033): avc: denied { kill } for comm="swapper/1" capability=5 scontext=u:r:kernel:s0 tcontext=u:r:kernel:s0 tclass=capability permissive=0
03-22 11:04:58.187 0 0 I auditd : type=1400 audit(0.0:22034): avc: denied { kill } for comm="swapper/1" capability=5 scontext=u:r:kernel:s0 tcontext=u:r:kernel:s0 tclass=capability permissive=0
01-01 17:29:47.547 0 0 E DTC_Display: screen not ready
03-22 11:04:59.187 0 0 I auditd : type=1400 audit(0.0:22035): avc: denied { kill } for comm="swapper/1" capability=5 scontext=u:r:kernel:s0 tcontext=u:r:kernel:s0 tclass=capability permissive=0
03-22 11:05:00.191 0 0 I auditd : type=1400 audit(0.0:22036): avc: denied { kill } for comm="swapper/1" capability=5 scontext=u:r:kernel:s0 tcontext=u:r:kernel:s0 tclass=capability permissive=0
01-01 17:29:49.859 0 0 E DTC_ETH,link_delay_work_func: 3003, SQI=0, link=0
03-22 11:05:01.191 0 0 I auditd : type=1400 audit(0.0:22037): avc: denied { kill } for comm="swapper/1" capability=5 scontext=u:r:kernel:s0 tcontext=u:r:kernel:s0 tclass=capability permissive=0
03-22 11:05:02.187 0 0 I auditd : type=1400 audit(0.0:22038): avc: denied { kill } for comm="swapper/1" capability=5 scontext=u:r:kernel:s0 tcontext=u:r:kernel:s0 tclass=capability permissive=0
03-22 11:05:02.840 1512 1697 I input_interaction: Interaction with: 9e25a1 com.android.music/com.android.music.MusicBrowserActivity (server), swipe-up (server), edge-swipe (server), PointerEventDispatcher0 (server),
03-22 11:05:03.168 1512 1612 I ActivityTaskManager: clear resize flag in freeform mode
03-22 11:05:03.169 1512 1612 W WindowManager: updateScale : 0.5410072
03-22 11:05:03.184 1512 11766 W ActivityManager: Receiver with filter android.content.IntentFilter@b2d625f already registered for pid 18332, callerPackage is com.android.music
03-22 11:05:03.185 1512 1612 I ActivityTaskManager: clear resize flag in freeform mode
03-22 11:05:03.185 1512 1612 W WindowManager: updateScale : 0.58992803
03-22 11:05:03.187 0 0 I auditd : type=1400 audit(0.0:22039): avc: denied { kill } for comm="swapper/1" capability=5 scontext=u:r:kernel:s0 tcontext=u:r:kernel:s0 tclass=capability permissive=0
03-22 11:05:03.202 1512 1612 I ActivityTaskManager: clear resize flag in freeform mode
03-22 11:05:03.203 1512 1612 W WindowManager: updateScale : 0.6345324
03-22 11:05:03.205 1512 11965 W WindowManager: updateScale : 0.6345324
03-22 11:05:03.218 1512 1612 I ActivityTaskManager: clear resize flag in freeform mode
03-22 11:05:03.219 1512 1612 W WindowManager: updateScale : 0.6705036
03-22 11:05:03.226 1512 1546 W ActivityManager: Receiver with filter android.content.IntentFilter@ac604ac already registered for pid 18332, callerPackage is com.android.music
03-22 11:05:03.237 1512 1612 I ActivityTaskManager: clear resize flag in freeform mode
03-22 11:05:03.238 1512 1612 W WindowManager: updateScale : 0.69928056
03-22 11:05:03.251 1512 1612 I ActivityTaskManager: clear resize flag in freeform mode
03-22 11:05:03.251 1512 1612 W WindowManager: updateScale : 0.723741
03-22 11:05:03.266 1512 11965 W ActivityManager: Receiver with filter android.content.IntentFilter@2e6c5e5 already registered for pid 18332, callerPackage is com.android.music
03-22 11:05:03.268 1512 1612 I ActivityTaskManager: clear resize flag in freeform mode
03-22 11:05:03.269 1512 1612 W WindowManager: updateScale : 0.74244606
03-22 11:05:03.270 1512 11965 W WindowManager: updateScale : 0.74244606
03-22 11:05:03.277 1512 1751 I GameModeConfig: isGameModeOn = false
03-22 11:05:03.277 1512 1751 I GameModeConfig: isGameModeOn = false
03-22 11:05:03.278 1512 1751 I GameModeConfig: isGameModeOn = false
03-22 11:05:03.278 1512 1751 I GameModeConfig: isGameModeOn = false
03-22 11:05:03.284 1512 1612 I ActivityTaskManager: clear resize flag in freeform mode
03-22 11:05:03.284 1512 1612 W WindowManager: updateScale : 0.7568345
03-22 11:05:03.286 1512 1512 I notification_enqueue: [10082,18332,com.android.music,1,NULL,0,Notification(channel=Channel-music shortcut=null contentView=null vibrate=null sound=null defaults=0x0 flags=0x40 color=0x00000000 category=transport actions=5 vis=PRIVATE),1]
03-22 11:05:03.287 1512 1512 I notification_enqueue: [10082,18332,com.android.music,1,NULL,0,Notification(channel=Channel-music shortcut=null contentView=null vibrate=null sound=null defaults=0x0 flags=0x40 color=0x00000000 category=transport actions=5 vis=PRIVATE),1]
03-22 11:05:03.290 1512 2133 W ActivityManager: Receiver with filter android.content.IntentFilter@ec17f74 already registered for pid 18332, callerPackage is com.android.music
03-22 11:05:03.291 1512 2133 W WindowManager: updateScale : 0.7568345
03-22 11:05:03.299 1512 2133 W WindowManager: updateScale : 0.7568345
03-22 11:05:03.300 1512 1612 I ActivityTaskManager: clear resize flag in freeform mode
03-22 11:05:03.300 1512 1612 W WindowManager: updateScale : 0.76978415
03-22 11:05:03.302 1512 2133 W ActivityManager: Receiver with filter android.content.IntentFilter@4f0cc9d already registered for pid 18332, callerPackage is com.android.music
03-22 11:05:03.312 1512 2133 W WindowManager: updateScale : 0.76978415
03-22 11:05:03.317 1512 1612 I ActivityTaskManager: clear resize flag in freeform mode
03-22 11:05:03.317 1512 1612 W WindowManager: updateScale : 0.7784173
03-22 11:05:03.332 1512 2133 W ActivityManager: Receiver with filter android.content.IntentFilter@74d2512 already registered for pid 18332, callerPackage is com.android.music
03-22 11:05:03.334 1512 1612 I ActivityTaskManager: clear resize flag in freeform mode
03-22 11:05:03.335 1512 1612 W WindowManager: updateScale : 0.7856115
03-22 11:05:03.351 1512 1612 I ActivityTaskManager: clear resize flag in freeform mode
03-22 11:05:03.352 1512 1612 W WindowManager: updateScale : 0.7899281
03-22 11:05:03.367 1512 1612 I ActivityTaskManager: clear resize flag in freeform mode
03-22 11:05:03.367 1512 1612 W WindowManager: updateScale : 0.7942446
03-22 11:05:03.368 1512 11965 W WindowManager: updateScale : 0.7942446
03-22 11:05:03.379 1512 2133 W ActivityManager: Receiver with filter android.content.IntentFilter@843170d already registered for pid 18332, callerPackage is com.android.music
03-22 11:05:03.381 1512 1751 I GameModeConfig: isGameModeOn = false
03-22 11:05:03.382 1512 1751 I GameModeConfig: isGameModeOn = false
03-22 11:05:03.382 1512 1751 I GameModeConfig: isGameModeOn = false
03-22 11:05:03.382 1512 1751 I GameModeConfig: isGameModeOn = false
03-22 11:05:03.384 1512 1612 I ActivityTaskManager: clear resize flag in freeform mode
03-22 11:05:03.384 1512 1612 W WindowManager: updateScale : 0.79568344
03-22 11:05:03.389 1512 1512 I notification_enqueue: [10082,18332,com.android.music,1,NULL,0,Notification(channel=Channel-music shortcut=null contentView=null vibrate=null sound=null defaults=0x0 flags=0x40 color=0x00000000 category=transport actions=5 vis=PRIVATE),1]
03-22 11:05:03.391 1512 1512 I notification_enqueue: [10082,18332,com.android.music,1,NULL,0,Notification(channel=Channel-music shortcut=null contentView=null vibrate=null sound=null defaults=0x0 flags=0x40 color=0x00000000 category=transport actions=5 vis=PRIVATE),1]
03-22 11:05:03.401 1512 1612 I ActivityTaskManager: clear resize flag in freeform mode
03-22 11:05:03.401 1512 1612 W WindowManager: updateScale : 0.7971223
03-22 11:05:03.413 1512 13044 W WindowManager: updateScale : 0.7971223
03-22 11:05:03.417 1512 1612 I ActivityTaskManager: clear resize flag in freeform mode
03-22 11:05:03.417 1512 1612 W WindowManager: updateScale : 0.79856116
03-22 11:05:03.420 1512 13044 W ActivityManager: Receiver with filter android.content.IntentFilter@ece9c1a already registered for pid 18332, callerPackage is com.android.music
03-22 11:05:03.429 1512 13044 W WindowManager: updateScale : 0.79856116
03-22 11:05:03.435 1512 1612 I ActivityTaskManager: clear resize flag in freeform mode
03-22 11:05:03.435 1512 1612 W WindowManager: updateScale : 0.8
03-22 11:05:03.446 1512 13044 W WindowManager: updateScale : 0.8
03-22 11:05:03.451 1512 1612 I ActivityTaskManager: clear resize flag in freeform mode
03-22 11:05:03.452 1512 1612 W WindowManager: updateScale : 0.8
03-22 11:05:03.463 1512 13044 W WindowManager: updateScale : 0.8
03-22 11:05:03.479 1512 13044 W WindowManager: updateScale : 0.8
03-22 11:05:03.486 1512 1512 I GameModeConfig: isGameModeOn = false
03-22 11:05:03.487 1512 1512 I GameModeConfig: isGameModeOn = false
03-22 11:05:03.589 1512 1512 I GameModeConfig: isGameModeOn = false
03-22 11:05:03.591 1512 1512 I GameModeConfig: isGameModeOn = false
03-22 11:05:04.129 1512 2133 I wm_finish_activity: [0,58724675,101,com.android.music/.MusicBrowserActivity,finish-activity]
03-22 11:05:04.130 1512 2133 I wm_task_moved: [1,1,6]
03-22 11:05:04.134 1512 2133 I wm_set_resumed_activity: [0,com.android.launcher3/.uioverrides.QuickstepLauncher,positionChildAt]
03-22 11:05:04.134 1512 2133 I wm_task_moved: [32,1,2147483647]
03-22 11:05:04.134 1512 2133 I wm_task_to_front: [0,32]
03-22 11:05:04.134 1512 2133 I wm_focused_root_task: [0,0,1,-1,finish-top adjustFocusToNextFocusableTask]
03-22 11:05:04.134 1512 2133 I wm_set_resumed_activity: [0,com.android.launcher3/.uioverrides.QuickstepLauncher,finish-top]
03-22 11:05:04.159 1512 2133 I wm_pause_activity: [0,58724675,com.android.music/.MusicBrowserActivity,userLeaving=false,finish]
03-22 11:05:04.167 18332 18332 I wm_on_top_resumed_lost_called: [58724675,com.android.music.MusicBrowserActivity,topStateChangedWhenResumed]
03-22 11:05:04.169 2573 2573 I wm_on_top_resumed_gained_called: [70633193,com.android.launcher3.uioverrides.QuickstepLauncher,topStateChangedWhenResumed]
03-22 11:05:04.170 18332 18332 I wm_on_paused_called: [58724675,com.android.music.MusicBrowserActivity,performPause]
03-22 11:05:04.171 1512 2133 I ActivityTaskManager: FOREGROUND_APPLICATION_CHANGED to com.android.launcher3.uioverrides.QuickstepLauncher
03-22 11:05:04.172 1512 2133 I wm_destroy_activity: [0,58724675,101,com.android.music/.MusicBrowserActivity,finish-imm:completePausedLocked]
03-22 11:05:04.185 1512 1610 I sysui_multi_action: [757,803,799,window_time_0,802,31]
03-22 11:05:04.185 1512 11966 W ActivityManager: Receiver with filter android.content.IntentFilter@b271927 already registered for pid 18332, callerPackage is com.android.music
03-22 11:05:04.185 1512 1610 I sysui_multi_action: [757,803,799,window_time_0,802,0]
03-22 11:05:04.192 1512 1611 I input_focus: [Focus request a81a7d0 com.android.launcher3/com.android.launcher3.uioverrides.QuickstepLauncher,reason=UpdateInputWindows]
03-22 11:05:04.196 18332 18332 I wm_on_stop_called: [58724675,com.android.music.MusicBrowserActivity,LIFECYCLER_STOP_ACTIVITY]
03-22 11:05:04.203 18332 18332 I wm_on_destroy_called: [58724675,com.android.music.MusicBrowserActivity,performDestroy]
03-22 11:05:04.218 1512 1697 I input_focus: [Focus entering a81a7d0 com.android.launcher3/com.android.launcher3.uioverrides.QuickstepLauncher (server),reason=setFocusedWindow]
03-22 11:05:04.278 1512 11966 W FreeFormWindowHelper: Current Display FreeFormTask is Task{4bef1f1 #101 type=standard A=10082:android.task.music U=0 visible=false mode=freeform translucent=true sz=1}
03-22 11:05:04.468 1512 1611 I wm_task_removed: [101,removeChild:removeChild last r=ActivityRecord{3801143 u0 com.android.music/.MusicBrowserActivity t-1 f}} in t=Task{4bef1f1 #101 type=standard A=10082:android.task.music U=0 visible=false mode=freeform translucent=true sz=0}]
03-22 11:05:04.468 1512 1611 I wm_task_removed: [101,removeChild]
03-22 11:05:04.468 1512 1611 D FreeFormWindowHelper: Remove freefrom task=Task{4bef1f1 #101 type=standard A=10082:android.task.music U=0 visible=false mode=freeform translucent=true sz=0}
03-22 11:05:05.191 0 0 I auditd : type=1400 audit(0.0:22040): avc: denied { kill } for comm="swapper/1" capability=5 scontext=u:r:kernel:s0 tcontext=u:r:kernel:s0 tclass=capability permissive=0
03-22 11:05:05.318 1512 1697 I input_interaction: Interaction with: a81a7d0 com.android.launcher3/com.android.launcher3.uioverrides.QuickstepLauncher (server), d87d679 com.android.systemui.ImageWallpaper (server), swipe-up (server), edge-swipe (server), PointerEventDispatcher0 (server),
03-22 11:05:05.391 1512 13044 W FreeFormWindowHelper: Current Display FreeFormTask is null
03-22 11:05:05.391 1512 13044 W FreeFormWindowHelper: Current Display FreeFormTask is null
03-22 11:05:05.392 1512 13044 W FreeFormWindowHelper: Current Display FreeFormTask is null
03-22 11:05:05.405 2573 2573 I view_enqueue_input_event: [Motion - Cancel,com.android.launcher3/com.android.launcher3.uioverrides.QuickstepLauncher]
03-22 11:05:05.406 1512 2133 W FreeFormWindowHelper: Current Display FreeFormTask is null
03-22 11:05:05.406 1512 13044 W FreeFormWindowHelper: Current Display FreeFormTask is null
03-22 11:05:05.407 1512 1697 I input_interaction: Interaction with: swipe-up (server), edge-swipe (server), PointerEventDispatcher0 (server),
03-22 11:05:05.408 1512 2133 W FreeFormWindowHelper: Current Display FreeFormTask is null
03-22 11:05:05.409 1512 11966 W FreeFormWindowHelper: Current Display FreeFormTask is null
03-22 11:05:05.411 1512 11966 W FreeFormWindowHelper: Current Display FreeFormTask is null
03-22 11:05:05.411 1512 11966 W FreeFormWindowHelper: Current Display FreeFormTask is null
03-22 11:05:05.433 1512 2133 W FreeFormWindowHelper: Current Display FreeFormTask is null
03-22 11:05:05.434 1512 2133 W FreeFormWindowHelper: Current Display FreeFormTask is null
03-22 11:05:05.435 1512 2133 W ActivityTaskManager: getTaskSnapshot: taskId=673 not found
03-22 11:05:05.436 1512 2133 W ActivityTaskManager: getTaskSnapshot: taskId=674 not found
03-22 11:05:05.437 1512 2133 W ActivityTaskManager: getTaskSnapshot: taskId=674 not found
03-22 11:05:05.437 1512 2133 W ActivityTaskManager: getTaskSnapshot: taskId=674 not found
03-22 11:05:05.451 1512 2133 W FreeFormWindowHelper: Current Display FreeFormTask is null
03-22 11:05:05.452 1512 2133 W FreeFormWindowHelper: Current Display FreeFormTask is null
03-22 11:05:05.468 1512 2133 W FreeFormWindowHelper: Current Display FreeFormTask is null
03-22 11:05:05.468 1512 2133 W FreeFormWindowHelper: Current Display FreeFormTask is null
03-22 11:05:05.603 1512 1684 I commit_sys_config_file: [settings-1-0,15]
03-22 11:05:05.735 1512 13044 W FreeFormWindowHelper: Current Display FreeFormTask is null
03-22 11:05:05.735 1512 2133 W FreeFormWindowHelper: Current Display FreeFormTask is null
03-22 11:05:05.756 1512 2133 W FreeFormWindowHelper: Current Display FreeFormTask is null
03-22 11:05:05.756 1512 2133 W FreeFormWindowHelper: Current Display FreeFormTask is null
03-22 11:05:05.773 1512 2133 W FreeFormWindowHelper: Current Display FreeFormTask is null
03-22 11:05:05.773 1512 2133 W FreeFormWindowHelper: Current Display FreeFormTask is null
03-22 11:05:05.791 1512 2133 W FreeFormWindowHelper: Current Display FreeFormTask is null
03-22 11:05:05.791 1512 2133 W FreeFormWindowHelper: Current Display FreeFormTask is null
03-22 11:05:05.814 1512 2133 W FreeFormWindowHelper: Current Display FreeFormTask is null
03-22 11:05:05.814 1512 2133 W FreeFormWindowHelper: Current Display FreeFormTask is null
03-22 11:05:05.822 1512 13044 W FreeFormWindowHelper: Current Display FreeFormTask is null
03-22 11:05:05.822 1512 13044 W FreeFormWindowHelper: Current Display FreeFormTask is null
03-22 11:05:05.844 1512 2133 W FreeFormWindowHelper: Current Display FreeFormTask is null
03-22 11:05:05.844 1512 13044 W FreeFormWindowHelper: Current Display FreeFormTask is null
03-22 11:05:05.860 1512 13044 W FreeFormWindowHelper: Current Display FreeFormTask is null
03-22 11:05:05.861 1512 13044 W FreeFormWindowHelper: Current Display FreeFormTask is null
03-22 11:05:05.877 1512 2133 W FreeFormWindowHelper: Current Display FreeFormTask is null
03-22 11:05:05.877 1512 2133 W FreeFormWindowHelper: Current Display FreeFormTask is null
01-01 17:29:54.979 0 0 E DTC_ETH,link_delay_work_func: 3003, SQI=0, link=0
03-22 11:05:05.894 1512 13044 W FreeFormWindowHelper: Current Display FreeFormTask is null
03-22 11:05:05.894 1512 2133 W FreeFormWindowHelper: Current Display FreeFormTask is null
03-22 11:05:05.910 1512 2133 W FreeFormWindowHelper: Current Display FreeFormTask is null
03-22 11:05:05.910 1512 2133 W FreeFormWindowHelper: Current Display FreeFormTask is null
03-22 11:05:05.920 1512 1684 I commit_sys_config_file: [settings-1-0,3]
03-22 11:05:05.927 1512 13044 W FreeFormWindowHelper: Current Display FreeFormTask is null
03-22 11:05:05.927 1512 13044 W FreeFormWindowHelper: Current Display FreeFormTask is null
03-22 11:05:05.944 1512 2133 W FreeFormWindowHelper: Current Display FreeFormTask is null
03-22 11:05:05.944 1512 13044 W FreeFormWindowHelper: Current Display FreeFormTask is null
03-22 11:05:05.960 1512 2133 W FreeFormWindowHelper: Current Display FreeFormTask is null
03-22 11:05:05.960 1512 13044 W FreeFormWindowHelper: Current Display FreeFormTask is null
03-22 11:05:05.977 1512 2133 W FreeFormWindowHelper: Current Display FreeFormTask is null
03-22 11:05:05.977 1512 13044 W FreeFormWindowHelper: Current Display FreeFormTask is null
03-22 11:05:05.994 1512 13044 W FreeFormWindowHelper: Current Display FreeFormTask is null
03-22 11:05:05.994 1512 13044 W FreeFormWindowHelper: Current Display FreeFormTask is null
03-22 11:05:06.011 1512 2133 W FreeFormWindowHelper: Current Display FreeFormTask is null
03-22 11:05:06.011 1512 13044 W FreeFormWindowHelper: Current Display FreeFormTask is null
03-22 11:05:06.028 1512 13044 W FreeFormWindowHelper: Current Display FreeFormTask is null
03-22 11:05:06.029 1512 2133 W FreeFormWindowHelper: Current Display FreeFormTask is null
03-22 11:05:06.029 1512 2133 W FreeFormWindowHelper: Current Display FreeFormTask is null
03-22 11:05:06.056 1512 11966 W FreeFormWindowHelper: Current Display FreeFormTask is null
03-22 11:05:06.057 1512 11966 W FreeFormWindowHelper: Current Display FreeFormTask is null
03-22 11:05:06.187 0 0 I auditd : type=1400 audit(0.0:22041): avc: denied { kill } for comm="swapper/1" capability=5 scontext=u:r:kernel:s0 tcontext=u:r:kernel:s0 tclass=capability permissive=0
01-01 17:29:55.595 0 0 E DTC_Display: screen not ready
03-22 11:05:06.574 1512 1697 I input_interaction: Interaction with: a81a7d0 com.android.launcher3/com.android.launcher3.uioverrides.QuickstepLauncher (server), d87d679 com.android.systemui.ImageWallpaper (server), swipe-up (server), edge-swipe (server), PointerEventDispatcher0 (server),
03-22 11:05:06.670 1512 11966 W FreeFormWindowHelper: Current Display FreeFormTask is null
03-22 11:05:06.977 1512 11966 W FreeFormWindowHelper: Current Display FreeFormTask is null
03-22 11:05:07.073 1512 11966 W ActivityTaskManager: Request to remove task ignored for non-existent task 113
03-22 11:05:07.074 1512 11966 W ActivityTaskManager: Request to remove task ignored for non-existent task 101
03-22 11:05:07.109 1512 11966 W FreeFormWindowHelper: exitRecentTasks type=0
03-22 11:05:07.187 0 0 I auditd : type=1400 audit(0.0:22042): avc: denied { kill } for comm="swapper/1" capability=5 scontext=u:r:kernel:s0 tcontext=u:r:kernel:s0 tclass=capability permissive=0
03-22 11:05:08.187 0 0 I auditd : type=1400 audit(0.0:22043): avc: denied { kill } for comm="swapper/1" capability=5 scontext=u:r:kernel:s0 tcontext=u:r:kernel:s0 tclass=capability permissive=0
03-22 11:05:09.148 1512 13044 I thunderperf: PlatormCompat.setOverrides: Uid1=10076 Pid1=2573 Uid2=10076 Pid2=2573
03-22 11:05:09.148 1512 13044 I thunderperf: PlatormCompat.setOverrides: needCheck:false
03-22 11:05:09.148 1512 13044 I thunderperf: CompatConfig.addOverrideUnsafe: bef-state=1
03-22 11:05:09.149 1512 13044 E thunderperf: CompatConfig.addOverrideUnsafe: exception:java.lang.SecurityException: Cannot override a change on a non-debuggable app and user build.
03-22 11:05:09.149 1512 13044 I thunderperf: CompatConfig.addOverrideUnsafe: aft-state=1
03-22 11:05:09.150 1512 13044 I thunderperf: CompatConfig.addOverrideUnsafe: bef-state=1
03-22 11:05:09.151 1512 13044 E thunderperf: CompatConfig.addOverrideUnsafe: exception:java.lang.SecurityException: Cannot override a change on a non-debuggable app and user build.
03-22 11:05:09.151 1512 13044 I thunderperf: CompatConfig.addOverrideUnsafe: aft-state=1
03-22 11:05:09.152 1512 13044 I thunderperf: CompatConfig.addOverrideUnsafe: bef-state=1
03-22 11:05:09.152 1512 13044 E thunderperf: CompatConfig.addOverrideUnsafe: exception:java.lang.SecurityException: Cannot override a change on a non-debuggable app and user build.
03-22 11:05:09.152 1512 13044 I thunderperf: CompatConfig.addOverrideUnsafe: aft-state=1
03-22 11:05:09.153 1512 13044 I thunderperf: CompatConfig.addOverrideUnsafe: bef-state=1
03-22 11:05:09.153 1512 13044 E thunderperf: CompatConfig.addOverrideUnsafe: exception:java.lang.SecurityException: Cannot override a change on a non-debuggable app and user build.
03-22 11:05:09.154 1512 13044 I thunderperf: CompatConfig.addOverrideUnsafe: aft-state=1
03-22 11:05:09.154 1512 13044 I thunderperf: CompatConfig.addOverrideUnsafe: bef-state=1
03-22 11:05:09.155 1512 13044 E thunderperf: CompatConfig.addOverrideUnsafe: exception:java.lang.SecurityException: Cannot override a change on a non-debuggable app and user build.
03-22 11:05:09.155 1512 13044 I thunderperf: CompatConfig.addOverrideUnsafe: aft-state=1
03-22 11:05:09.156 1512 13044 I thunderperf: CompatConfig.addOverrideUnsafe: bef-state=1
03-22 11:05:09.156 1512 13044 E thunderperf: CompatConfig.addOverrideUnsafe: exception:java.lang.SecurityException: Cannot override a change on a non-debuggable app and user build.
03-22 11:05:09.156 1512 13044 I thunderperf: CompatConfig.addOverrideUnsafe: aft-state=1
03-22 11:05:09.157 1512 13044 I thunderperf: CompatConfig.addOverrideUnsafe: bef-state=1
03-22 11:05:09.158 1512 13044 E thunderperf: CompatConfig.addOverrideUnsafe: exception:java.lang.SecurityException: Cannot override a change on a non-debuggable app and user build.
03-22 11:05:09.158 1512 13044 I thunderperf: CompatConfig.addOverrideUnsafe: aft-state=1
03-22 11:05:09.159 1512 13044 I thunderperf: CompatConfig.addOverrideUnsafe: bef-state=1
03-22 11:05:09.159 1512 13044 E thunderperf: CompatConfig.addOverrideUnsafe: exception:java.lang.SecurityException: Cannot override a change on a non-debuggable app and user build.
03-22 11:05:09.159 1512 13044 I thunderperf: CompatConfig.addOverrideUnsafe: aft-state=1
03-22 11:05:09.160 1512 13044 I thunderperf: CompatConfig.addOverrideUnsafe: bef-state=1
03-22 11:05:09.160 1512 13044 E thunderperf: CompatConfig.addOverrideUnsafe: exception:java.lang.SecurityException: Cannot override a change on a non-debuggable app and user build.
03-22 11:05:09.160 1512 13044 I thunderperf: CompatConfig.addOverrideUnsafe: aft-state=1
03-22 11:05:09.161 1512 13044 I thunderperf: CompatConfig.addOverrideUnsafe: bef-state=1
03-22 11:05:09.162 1512 13044 E thunderperf: CompatConfig.addOverrideUnsafe: exception:java.lang.SecurityException: Cannot override a change on a non-debuggable app and user build.
03-22 11:05:09.162 1512 13044 I thunderperf: CompatConfig.addOverrideUnsafe: aft-state=1
03-22 11:05:09.162 1512 13044 I thunderperf: CompatConfig.addOverrideUnsafe: bef-state=1
03-22 11:05:09.163 1512 13044 E thunderperf: CompatConfig.addOverrideUnsafe: exception:java.lang.SecurityException: Cannot override a change on a non-debuggable app and user build.
03-22 11:05:09.163 1512 13044 I thunderperf: CompatConfig.addOverrideUnsafe: aft-state=1
03-22 11:05:09.163 1512 13044 I thunderperf: CompatConfig.addOverrideUnsafe: bef-state=1
03-22 11:05:09.163 1512 13044 E thunderperf: CompatConfig.addOverrideUnsafe: exception:java.lang.SecurityException: Cannot override a change on a non-debuggable app and user build.
03-22 11:05:09.163 1512 13044 I thunderperf: CompatConfig.addOverrideUnsafe: aft-state=1
03-22 11:05:09.164 1512 13044 I thunderperf: CompatConfig.addOverrideUnsafe: bef-state=1
03-22 11:05:09.164 1512 13044 E thunderperf: CompatConfig.addOverrideUnsafe: exception:java.lang.SecurityException: Cannot override a change on a non-debuggable app and user build.
03-22 11:05:09.164 1512 13044 I thunderperf: CompatConfig.addOverrideUnsafe: aft-state=1
03-22 11:05:09.165 1512 13044 I thunderperf: CompatConfig.addOverrideUnsafe: bef-state=1
03-22 11:05:09.165 1512 13044 E thunderperf: CompatConfig.addOverrideUnsafe: exception:java.lang.SecurityException: Cannot override a change on a non-debuggable app and user build.
03-22 11:05:09.165 1512 13044 I thunderperf: CompatConfig.addOverrideUnsafe: aft-state=1
03-22 11:05:09.172 1512 13044 I ActivityTaskManager: START u0 {act=android.intent.action.MAIN cat=[android.intent.category.LAUNCHER] flg=0x10200000 cmp=com.android.music/.MusicBrowserActivity} from uid 10076
03-22 11:05:09.176 1512 13044 I wm_task_created: [114,-1]
03-22 11:05:09.176 1512 13044 W ActivityTaskManager: Can't find TaskDisplayArea to determine support for multi window. Task id=114 attached=false
03-22 11:05:09.176 1512 13044 D FreeFormWindowHelper: Add freeform task=Task{1f8b50f #114 type=standard ?? U=0 visible=false mode=freeform translucent=true sz=0}
03-22 11:05:09.178 1512 13044 I wm_task_moved: [114,1,6]
03-22 11:05:09.178 1512 13044 I wm_task_to_front: [0,114]
03-22 11:05:09.179 1512 13044 I wm_create_task: [0,114]
03-22 11:05:09.179 1512 13044 I wm_create_activity: [0,111794588,114,com.android.music/.MusicBrowserActivity,android.intent.action.MAIN,NULL,NULL,270532608]
03-22 11:05:09.179 1512 13044 I wm_task_moved: [114,1,6]
03-22 11:05:09.179 1512 13044 I ActivityTaskManager: FOREGROUND_APPLICATION_CHANGED to com.android.music.MusicBrowserActivity
03-22 11:05:09.179 1512 13044 I ActivityTaskManager: The Process com.android.music Already Exists in BG. So sending its PID: 18332
03-22 11:05:09.179 1512 13044 W ActivityTaskManager: Tried to set launchTime (0) < mLastActivityLaunchTime (30197395)
03-22 11:05:09.180 1512 13044 I wm_restart_activity: [0,111794588,114,com.android.music/.MusicBrowserActivity]
03-22 11:05:09.180 1512 13044 I wm_set_resumed_activity: [0,com.android.music/.MusicBrowserActivity,minimalResumeActivityLocked]
03-22 11:05:09.181 1512 11966 W ActivityManager: Receiver with filter android.content.IntentFilter@1475fa5 already registered for pid 18332, callerPackage is com.android.music
03-22 11:05:09.183 2573 2573 I wm_on_top_resumed_lost_called: [70633193,com.android.launcher3.uioverrides.QuickstepLauncher,topStateChangedWhenResumed]
03-22 11:05:09.187 0 0 I auditd : type=1400 audit(0.0:22044): avc: denied { kill } for comm="swapper/1" capability=5 scontext=u:r:kernel:s0 tcontext=u:r:kernel:s0 tclass=capability permissive=0
03-22 11:05:09.200 18332 18332 I wm_on_create_called: [111794588,com.android.music.MusicBrowserActivity,performCreate]
03-22 11:05:09.204 18332 18332 I wm_on_start_called: [111794588,com.android.music.MusicBrowserActivity,handleStartActivity]
03-22 11:05:09.204 18332 18332 I wm_on_resume_called: [111794588,com.android.music.MusicBrowserActivity,RESUME_ACTIVITY]
03-22 11:05:09.206 18332 18332 I wm_on_top_resumed_gained_called: [111794588,com.android.music.MusicBrowserActivity,topStateChangedWhenResumed]
03-22 11:05:09.206 1512 1751 I GameModeConfig: isGameModeOn = false
03-22 11:05:09.206 1512 1751 I GameModeConfig: isGameModeOn = false
03-22 11:05:09.206 1512 1751 I GameModeConfig: isGameModeOn = false
03-22 11:05:09.206 1512 1751 I GameModeConfig: isGameModeOn = false
03-22 11:05:09.211 1512 1512 I notification_enqueue: [10082,18332,com.android.music,1,NULL,0,Notification(channel=Channel-music shortcut=null contentView=null vibrate=null sound=null defaults=0x0 flags=0x40 color=0x00000000 category=transport actions=5 vis=PRIVATE),1]
03-22 11:05:09.212 1512 1512 I notification_enqueue: [10082,18332,com.android.music,1,NULL,0,Notification(channel=Channel-music shortcut=null contentView=null vibrate=null sound=null defaults=0x0 flags=0x40 color=0x00000000 category=transport actions=5 vis=PRIVATE),1]
03-22 11:05:09.214 1512 1751 I GameModeConfig: isGameModeOn = false
03-22 11:05:09.214 1512 1751 I GameModeConfig: isGameModeOn = false
03-22 11:05:09.214 1512 1751 I GameModeConfig: isGameModeOn = false
03-22 11:05:09.214 1512 1751 I GameModeConfig: isGameModeOn = false
03-22 11:05:09.220 1512 1512 I notification_enqueue: [10082,18332,com.android.music,1,NULL,0,Notification(channel=Channel-music shortcut=null contentView=null vibrate=null sound=null defaults=0x0 flags=0x40 color=0x00000000 category=transport actions=5 vis=PRIVATE),1]
03-22 11:05:09.220 1512 1512 I notification_enqueue: [10082,18332,com.android.music,1,NULL,0,Notification(channel=Channel-music shortcut=null contentView=null vibrate=null sound=null defaults=0x0 flags=0x40 color=0x00000000 category=transport actions=5 vis=PRIVATE),1]
03-22 11:05:09.232 1512 2133 W WindowManager: updateScale : 0.8
03-22 11:05:09.233 1512 1611 I input_focus: [Focus request 5103582 com.android.music/com.android.music.MusicBrowserActivity,reason=UpdateInputWindows]
03-22 11:05:09.240 1512 1611 W WindowManager: updateScale : 0.8
03-22 11:05:09.242 1512 1611 W WindowManager: updateScale : 0.8
03-22 11:05:09.243 1512 1607 I sysui_multi_action: [319,70,322,70,325,30232,757,761,758,8,759,2,806,com.android.music,871,com.android.music.MusicBrowserActivity,904,com.android.launcher3,905,0,1320,4,1321,1]
03-22 11:05:09.243 1512 1607 I wm_activity_launch_time: [0,111794588,com.android.music/.MusicBrowserActivity,70]
03-22 11:05:09.243 1512 1611 W WindowManager: updateScale : 0.8
03-22 11:05:09.247 1512 1697 I input_focus: [Focus leaving a81a7d0 com.android.launcher3/com.android.launcher3.uioverrides.QuickstepLauncher (server),reason=setFocusedWindow]
03-22 11:05:09.247 1512 1697 I input_focus: [Focus entering 5103582 com.android.music/com.android.music.MusicBrowserActivity (server),reason=setFocusedWindow]
03-22 11:05:09.412 1512 1512 I GameModeConfig: isGameModeOn = false
03-22 11:05:09.412 1512 1512 I GameModeConfig: isGameModeOn = false
03-22 11:05:09.421 1512 1512 I GameModeConfig: isGameModeOn = false
03-22 11:05:09.421 1512 1512 I GameModeConfig: isGameModeOn = false
03-22 11:05:09.487 1512 1618 I am_pss : [6785,10065,com.android.gallery3d,25945088,17944576,47104,137453568,0,19,6]
03-22 11:05:09.493 1512 1618 I am_pss : [6638,1000,com.android.settings,25837568,14213120,48128,116391936,0,19,6]
03-22 11:05:09.502 1512 1618 I am_pss : [6580,10102,com.tencent.qqmusic:QQPlayerService,57663488,21487616,48128,186769408,0,19,8]
03-22 11:05:09.513 1512 1618 I am_pss : [6447,10102,com.tencent.qqmusic,79918080,42500096,45056,215560192,0,19,11]
03-22 11:05:09.513 1512 1611 W WindowManager: updateScale : 0.8
03-22 11:05:09.519 1512 1618 I am_pss : [6426,10104,com.thundersoft.notificationtest1,17895424,13471744,48128,101584896,0,19,5]
03-22 11:05:10.088 1512 1697 I input_interaction: Interaction with: 5103582 com.android.music/com.android.music.MusicBrowserActivity (server), swipe-up (server), edge-swipe (server), PointerEventDispatcher0 (server),
03-22 11:05:10.187 0 0 I auditd : type=1400 audit(0.0:22045): avc: denied { kill } for comm="swapper/1" capability=5 scontext=u:r:kernel:s0 tcontext=u:r:kernel:s0 tclass=capability permissive=0
03-22 11:05:10.200 1512 1612 I ActivityTaskManager: clear resize flag in freeform mode
03-22 11:05:10.200 1512 1612 W WindowManager: updateScale : 0.73669064
03-22 11:05:10.213 1512 11966 W ActivityManager: Receiver with filter android.content.IntentFilter@7d4e63a already registered for pid 18332, callerPackage is com.android.music
03-22 11:05:10.217 1512 1612 I ActivityTaskManager: clear resize flag in freeform mode
03-22 11:05:10.217 1512 1612 W WindowManager: updateScale : 0.68489206
03-22 11:05:10.229 1512 11965 W WindowManager: updateScale : 0.68489206
03-22 11:05:10.233 1512 1612 I ActivityTaskManager: clear resize flag in freeform mode
03-22 11:05:10.234 1512 1612 W WindowManager: updateScale : 0.64316547
03-22 11:05:10.238 1512 11766 W ActivityManager: Receiver with filter android.content.IntentFilter@66b5cdb already registered for pid 18332, callerPackage is com.android.music
03-22 11:05:10.245 1512 11766 W WindowManager: updateScale : 0.64316547
03-22 11:05:10.250 1512 1612 I ActivityTaskManager: clear resize flag in freeform mode
03-22 11:05:10.250 1512 1612 W WindowManager: updateScale : 0.60719424
03-22 11:05:10.261 1512 1751 I GameModeConfig: isGameModeOn = false
03-22 11:05:10.261 1512 1751 I GameModeConfig: isGameModeOn = false
03-22 11:05:10.261 1512 1751 I GameModeConfig: isGameModeOn = false
03-22 11:05:10.261 1512 1751 I GameModeConfig: isGameModeOn = false
03-22 11:05:10.267 1512 1512 I notification_enqueue: [10082,18332,com.android.music,1,NULL,0,Notification(channel=Channel-music shortcut=null contentView=null vibrate=null sound=null defaults=0x0 flags=0x40 color=0x00000000 category=transport actions=5 vis=PRIVATE),1]
03-22 11:05:10.268 1512 1512 I notification_enqueue: [10082,18332,com.android.music,1,NULL,0,Notification(channel=Channel-music shortcut=null contentView=null vibrate=null sound=null defaults=0x0 flags=0x40 color=0x00000000 category=transport actions=5 vis=PRIVATE),1]
03-22 11:05:10.268 1512 2133 W ActivityManager: Receiver with filter android.content.IntentFilter@4dc099a already registered for pid 18332, callerPackage is com.android.music
03-22 11:05:10.271 1512 1612 I ActivityTaskManager: clear resize flag in freeform mode
03-22 11:05:10.271 1512 1612 W WindowManager: updateScale : 0.57697845
03-22 11:05:10.273 1512 13044 W WindowManager: updateScale : 0.57697845
03-22 11:05:10.284 1512 1612 I ActivityTaskManager: clear resize flag in freeform mode
03-22 11:05:10.284 1512 1612 W WindowManager: updateScale : 0.552518
03-22 11:05:10.299 1512 11966 W ActivityManager: Receiver with filter android.content.IntentFilter@5f3b416 already registered for pid 18332, callerPackage is com.android.music
03-22 11:05:10.300 1512 1612 I ActivityTaskManager: clear resize flag in freeform mode
03-22 11:05:10.301 1512 1612 W WindowManager: updateScale : 0.5352518
03-22 11:05:10.301 1512 1751 I GameModeConfig: isGameModeOn = false
03-22 11:05:10.302 1512 1751 I GameModeConfig: isGameModeOn = false
03-22 11:05:10.302 1512 1751 I GameModeConfig: isGameModeOn = false
03-22 11:05:10.302 1512 1751 I GameModeConfig: isGameModeOn = false
03-22 11:05:10.308 1512 1512 I notification_enqueue: [10082,18332,com.android.music,1,NULL,0,Notification(channel=Channel-music shortcut=null contentView=null vibrate=null sound=null defaults=0x0 flags=0x40 color=0x00000000 category=transport actions=5 vis=PRIVATE),1]
03-22 11:05:10.309 1512 1512 I notification_enqueue: [10082,18332,com.android.music,1,NULL,0,Notification(channel=Channel-music shortcut=null contentView=null vibrate=null sound=null defaults=0x0 flags=0x40 color=0x00000000 category=transport actions=5 vis=PRIVATE),1]
03-22 11:05:10.313 1512 1546 W WindowManager: updateScale : 0.5352518
03-22 11:05:10.317 1512 1612 I ActivityTaskManager: clear resize flag in freeform mode
03-22 11:05:10.317 1512 1612 W WindowManager: updateScale : 0.51942444
03-22 11:05:10.318 1512 1546 W ActivityManager: Receiver with filter android.content.IntentFilter@c652fee already registered for pid 18332, callerPackage is com.android.music
03-22 11:05:10.329 1512 1546 W WindowManager: updateScale : 0.51942444
03-22 11:05:10.334 1512 1612 I ActivityTaskManager: clear resize flag in freeform mode
03-22 11:05:10.334 1512 1612 W WindowManager: updateScale : 0.50791365
03-22 11:05:10.345 1512 1546 W WindowManager: updateScale : 0.50791365
03-22 11:05:10.349 1512 1546 W ActivityManager: Receiver with filter android.content.IntentFilter@bc41c8f already registered for pid 18332, callerPackage is com.android.music
