03-22 10:54:00.627 1512 2109 E thunderperf: CompatConfig.addOverrideUnsafe: exception:java.lang.SecurityException: Cannot override a change on a non-debuggable app and user build.
03-22 10:54:00.627 1512 2109 I thunderperf: CompatConfig.addOverrideUnsafe: aft-state=1
03-22 10:54:00.627 1512 2109 I thunderperf: CompatConfig.addOverrideUnsafe: bef-state=1
03-22 10:54:00.628 1512 2109 E thunderperf: CompatConfig.addOverrideUnsafe: exception:java.lang.SecurityException: Cannot override a change on a non-debuggable app and user build.
03-22 10:54:00.628 1512 2109 I thunderperf: CompatConfig.addOverrideUnsafe: aft-state=1
03-22 10:54:00.628 1512 2109 I thunderperf: CompatConfig.addOverrideUnsafe: bef-state=1
03-22 10:54:00.628 1512 2109 E thunderperf: CompatConfig.addOverrideUnsafe: exception:java.lang.SecurityException: Cannot override a change on a non-debuggable app and user build.
03-22 10:54:00.628 1512 2109 I thunderperf: CompatConfig.addOverrideUnsafe: aft-state=1
03-22 10:54:00.629 1512 2109 I thunderperf: CompatConfig.addOverrideUnsafe: bef-state=1
03-22 10:54:00.629 1512 2109 E thunderperf: CompatConfig.addOverrideUnsafe: exception:java.lang.SecurityException: Cannot override a change on a non-debuggable app and user build.
03-22 10:54:00.629 1512 2109 I thunderperf: CompatConfig.addOverrideUnsafe: aft-state=1
03-22 10:54:00.629 1512 2109 I thunderperf: CompatConfig.addOverrideUnsafe: bef-state=1
03-22 10:54:00.629 1512 2109 E thunderperf: CompatConfig.addOverrideUnsafe: exception:java.lang.SecurityException: Cannot override a change on a non-debuggable app and user build.
03-22 10:54:00.629 1512 2109 I thunderperf: CompatConfig.addOverrideUnsafe: aft-state=1
03-22 10:54:00.635 1512 2109 I ActivityTaskManager: START u0 {flg=0x10000000 cmp=com.android.systemui/.screenrecord.ScreenRecordDialog} from uid 10078
03-22 10:54:00.639 1512 2109 I wm_task_created: [111,-1]
03-22 10:54:00.639 1512 2109 W ActivityTaskManager: Can't find TaskDisplayArea to determine support for multi window. Task id=111 attached=false
03-22 10:54:00.642 1512 2109 I wm_task_moved: [111,1,10]
03-22 10:54:00.642 1512 2109 I wm_task_to_front: [0,111]
03-22 10:54:00.643 1512 2109 I wm_create_task: [0,111]
03-22 10:54:00.643 1512 2109 I wm_create_activity: [0,46098774,111,com.android.systemui/.screenrecord.ScreenRecordDialog,NULL,NULL,NULL,276824064]
03-22 10:54:00.643 1512 2109 I wm_task_moved: [111,1,10]
03-22 10:54:00.643 2573 2573 I wm_on_top_resumed_lost_called: [70633193,com.android.launcher3.uioverrides.QuickstepLauncher,topStateChangedWhenResumed]
03-22 10:54:00.644 1512 2109 I wm_pause_activity: [0,70633193,com.android.launcher3/.uioverrides.QuickstepLauncher,userLeaving=true,pauseBackTasks]
03-22 10:54:00.646 2573 2573 I wm_on_paused_called: [70633193,com.android.launcher3.uioverrides.QuickstepLauncher,performPause]
03-22 10:54:00.648 1512 2109 I ActivityTaskManager: FOREGROUND_APPLICATION_CHANGED to com.android.systemui.screenrecord.ScreenRecordDialog
03-22 10:54:00.649 1512 2109 I ActivityTaskManager: The Process com.android.systemui Already Exists in BG. So sending its PID: 1982
03-22 10:54:00.649 1512 2109 W ActivityTaskManager: Tried to set launchTime (0) < mLastActivityLaunchTime (28159705)
03-22 10:54:00.649 1512 2109 I wm_restart_activity: [0,46098774,111,com.android.systemui/.screenrecord.ScreenRecordDialog]
03-22 10:54:00.650 1512 2109 I wm_set_resumed_activity: [0,com.android.systemui/.screenrecord.ScreenRecordDialog,minimalResumeActivityLocked]
03-22 10:54:00.654 1512 1610 I sysui_multi_action: [757,803,799,window_time_0,802,158]
03-22 10:54:00.660 1512 1697 I input_focus: [Focus leaving 92dbd17 NotificationShade (server),reason=NOT_FOCUSABLE]
03-22 10:54:00.666 1982 1982 I wm_on_create_called: [46098774,com.android.systemui.screenrecord.ScreenRecordDialog,performCreate]
03-22 10:54:00.666 1982 1982 I wm_on_start_called: [46098774,com.android.systemui.screenrecord.ScreenRecordDialog,handleStartActivity]
03-22 10:54:00.667 1982 1982 I wm_on_resume_called: [46098774,com.android.systemui.screenrecord.ScreenRecordDialog,RESUME_ACTIVITY]
03-22 10:54:00.668 1982 1982 I wm_on_top_resumed_gained_called: [46098774,com.android.systemui.screenrecord.ScreenRecordDialog,topStateChangedWhenResumed]
03-22 10:54:00.681 1512 1611 I input_focus: [Focus request c5f53a9 com.android.systemui/com.android.systemui.screenrecord.ScreenRecordDialog,reason=UpdateInputWindows]
03-22 10:54:00.692 1512 1607 I sysui_multi_action: [319,54,322,53,325,29563,757,761,758,8,759,2,806,com.android.systemui,871,com.android.systemui.screenrecord.ScreenRecordDialog,904,com.android.systemui,905,0,1320,8,1321,5]
03-22 10:54:00.692 1512 1607 I wm_activity_launch_time: [0,46098774,com.android.systemui/.screenrecord.ScreenRecordDialog,53]
03-22 10:54:00.723 1512 1697 I input_focus: [Focus entering c5f53a9 com.android.systemui/com.android.systemui.screenrecord.ScreenRecordDialog (server),reason=Window became focusable. Previous reason: NOT_VISIBLE]
03-22 10:54:00.752 1512 1546 W FreeFormWindowHelper: Current Display FreeFormTask is null
03-22 10:54:00.754 1512 1546 I am_uid_active: 10063
03-22 10:54:00.940 1512 1751 I GameModeConfig: isGameModeOn = false
03-22 10:54:00.940 1512 1751 I GameModeConfig: isGameModeOn = false
03-22 10:54:00.940 1512 1751 I GameModeConfig: isGameModeOn = false
03-22 10:54:00.940 1512 1751 I GameModeConfig: isGameModeOn = false
03-22 10:54:00.940 1512 1751 I GameModeConfig: isGameModeOn = false
03-22 10:54:00.940 1512 1751 I GameModeConfig: isGameModeOn = false
03-22 10:54:00.940 1512 1751 I GameModeConfig: isGameModeOn = false
03-22 10:54:00.941 1512 1512 I notification_enqueue: [10078,1982,com.android.systemui,2048,NULL,0,Notification(channel=updateNotification shortcut=null contentView=null vibrate=null sound=null defaults=0x0 flags=0x0 color=0x00000000 vis=PRIVATE),1]
03-22 10:54:00.941 1982 1982 I sysui_multi_action: [757,111,758,2]
03-22 10:54:00.941 1982 1982 I sysui_multi_action: [757,111,758,2]
03-22 10:54:01.142 1512 1512 I GameModeConfig: isGameModeOn = false
03-22 10:54:01.143 1512 11766 I sysui_multi_action: [757,128,758,2,793,10276286,794,1558,795,10276286,796,26,798,0,806,android,857,DEVELOPER_IMPORTANT,858,4,947,0,1395,4,1500,10276080,1688,1]
03-22 10:54:01.143 1512 11766 I notification_visibility: [-1|android|26|null|1000,0,10276286,10276286,0,0]
03-22 10:54:01.143 1512 11766 I sysui_multi_action: [757,128,758,2,793,9348599,794,1557,795,9103739,796,17303299,797,com.android.wifi,798,2,806,android,857,NETWORK_AVAILABLE,858,2,947,0,1395,4,1500,1557,1688,1]
03-22 10:54:01.143 1512 11766 I notification_visibility: [0|android|17303299|com.android.wifi|1000,0,9348599,9103739,0,2]
03-22 10:54:01.143 1512 11766 I sysui_multi_action: [757,128,758,2,793,1063263,794,1557,795,1063263,796,4273,798,1,806,com.android.systemui,857,screen_record,858,3,947,0,1395,4,1500,1063062,1688,1,1745,680407814]
03-22 10:54:01.144 1512 11766 I notification_visibility: [0|com.android.systemui|4273|null|10078,0,1063263,1063263,0,1]
03-22 10:54:01.144 1512 11766 I sysui_multi_action: [757,128,758,2,793,10276290,794,1557,795,10276290,796,32,798,3,806,android,857,USB,858,1,947,0,1395,4,1500,10276087,1688,1]
03-22 10:54:01.144 1512 11766 I notification_visibility: [-1|android|32|null|1000,0,10276290,10276290,0,3]
03-22 10:54:01.144 1512 4081 I sysui_multi_action: [757,127,758,2]
03-22 10:54:01.144 1512 4081 I notification_panel_hidden:
03-22 10:54:01.187 0 0 I auditd : type=1400 audit(0.0:21273): avc: denied { kill } for comm="swapper/2" capability=5 scontext=u:r:kernel:s0 tcontext=u:r:kernel:s0 tclass=capability permissive=0
03-22 10:54:01.197 1512 1618 I am_pss : [5027,10104,com.thundersoft.notificationtest1,17884160,13430784,50176,101421056,0,19,6]
03-22 10:54:01.202 1512 1618 I am_pss : [5028,10030,com.android.documentsui,11974656,8232960,50176,102825984,0,19,5]
03-22 10:54:01.854 1512 1697 I input_interaction: Interaction with: c5f53a9 com.android.systemui/com.android.systemui.screenrecord.ScreenRecordDialog (server), swipe-up (server), edge-swipe (server), PointerEventDispatcher0 (server),
03-22 10:54:01.857 1512 1685 D ActivityManager: freezing 4315 com.android.settings
03-22 10:54:01.857 1512 1685 E ActivityManager: Unable to freeze binder for 4315 com.android.settings
03-22 10:54:01.857 1512 11966 W FreeFormWindowHelper: Current Display FreeFormTask is null
03-22 10:54:01.857 1512 11966 W FreeFormWindowHelper: Current Display FreeFormTask is null
01-01 17:18:50.957 0 0 I binder : 1512:1685 ioctl 400c620e 72e577c5d8 returned -22
03-22 10:54:01.858 1512 1546 W FreeFormWindowHelper: Current Display FreeFormTask is null
03-22 10:54:01.858 1512 1685 D ActivityManager: froze 4315 com.android.settings
03-22 10:54:01.858 1512 1685 I am_freeze: [4315,com.android.settings]
03-22 10:54:01.858 1512 1546 W FreeFormWindowHelper: Current Display FreeFormTask is null
03-22 10:54:01.858 1512 1685 E ActivityManager: Unable to freeze binder for 4315 com.android.settings
03-22 10:54:01.859 1512 1546 W FreeFormWindowHelper: Current Display FreeFormTask is null
03-22 10:54:01.859 1512 1685 I ActivityManager: Killing 4315:com.android.settings/1000 (adj 935): Unable to freeze binder interface
01-01 17:18:50.959 0 0 I binder : 1512:1685 ioctl c00c620f 72e577c5b8 returned -22
03-22 10:54:01.859 1512 1685 I am_kill : [0,4315,com.android.settings,935,Unable to freeze binder interface]
03-22 10:54:01.859 1512 1546 W FreeFormWindowHelper: Current Display FreeFormTask is null
03-22 10:54:01.873 1512 11966 W FreeFormWindowHelper: Current Display FreeFormTask is null
03-22 10:54:01.873 1512 11966 W FreeFormWindowHelper: Current Display FreeFormTask is null
03-22 10:54:01.881 1512 11966 I am_proc_died: [0,4315,com.android.settings,935,19]
03-22 10:54:01.883 1512 1610 D CompatibilityChangeReporter: Compat change id reported: 135634846; UID 1000; state: DISABLED
03-22 10:54:01.883 1512 1610 D CompatibilityChangeReporter: Compat change id reported: 177438394; UID 1000; state: DISABLED
03-22 10:54:01.883 1512 1610 D CompatibilityChangeReporter: Compat change id reported: 135772972; UID 1000; state: DISABLED
03-22 10:54:01.883 1512 1610 D CompatibilityChangeReporter: Compat change id reported: 135754954; UID 1000; state: ENABLED
03-22 10:54:01.884 1982 1982 I view_enqueue_input_event: [Motion - Cancel,com.android.systemui/com.android.systemui.screenrecord.ScreenRecordDialog]
03-22 10:54:01.885 1512 4081 W FreeFormWindowHelper: Current Display FreeFormTask is null
03-22 10:54:01.885 1512 4081 W FreeFormWindowHelper: Current Display FreeFormTask is null
03-22 10:54:01.888 1512 1620 I am_proc_start: [0,5270,1000,com.android.settings,NULL,]
03-22 10:54:01.888 1512 1620 I ActivityManager: Start proc 5270:com.android.settings/1000 for null
03-22 10:54:01.894 1512 1697 I input_interaction: Interaction with: swipe-up (server), edge-swipe (server), PointerEventDispatcher0 (server),
03-22 10:54:01.895 2573 2573 I sysui_latency: [1,2]
03-22 10:54:01.895 1512 1611 I input_focus: [Focus request recents_animation_input_consumer,reason=UpdateInputWindows]
03-22 10:54:01.896 1512 4081 W FreeFormWindowHelper: Current Display FreeFormTask is null
03-22 10:54:01.896 1512 4081 W FreeFormWindowHelper: Current Display FreeFormTask is null
03-22 10:54:01.897 1512 4081 W FreeFormWindowHelper: Current Display FreeFormTask is null
03-22 10:54:01.898 1512 1546 W FreeFormWindowHelper: Current Display FreeFormTask is null
01-01 17:18:51.001 0 0 I binder : 5270:5270 ioctl 40046210 7fff294234 returned -22
03-22 10:54:01.902 1512 4081 I am_proc_bound: [0,5270,com.android.settings]
03-22 10:54:01.902 1512 4081 D CompatibilityChangeReporter: Compat change id reported: 168419799; UID 1000; state: DISABLED
03-22 10:54:01.909 1512 4081 W FreeFormWindowHelper: Current Display FreeFormTask is null
03-22 10:54:01.909 1512 11966 W FreeFormWindowHelper: Current Display FreeFormTask is null
03-22 10:54:01.911 1512 1697 I input_focus: [Focus leaving c5f53a9 com.android.systemui/com.android.systemui.screenrecord.ScreenRecordDialog (server),reason=NOT_FOCUSABLE]
03-22 10:54:01.911 1512 1697 I input_focus: [Focus entering recents_animation_input_consumer (server),reason=setFocusedWindow]
03-22 10:54:01.916 1512 1546 W ActivityTaskManager: getTaskSnapshot: taskId=162 not found
03-22 10:54:01.926 1512 1546 W FreeFormWindowHelper: Current Display FreeFormTask is null
03-22 10:54:01.927 1512 4081 W FreeFormWindowHelper: Current Display FreeFormTask is null
03-22 10:54:01.943 1512 1546 W FreeFormWindowHelper: Current Display FreeFormTask is null
03-22 10:54:01.943 1512 11966 W FreeFormWindowHelper: Current Display FreeFormTask is null
03-22 10:54:02.095 1512 1684 I commit_sys_config_file: [settings-1-0,2]
03-22 10:54:02.187 0 0 I auditd : type=1400 audit(0.0:21274): avc: denied { kill } for comm="swapper/2" capability=5 scontext=u:r:kernel:s0 tcontext=u:r:kernel:s0 tclass=capability permissive=0
03-22 10:54:02.337 1512 11966 W FreeFormWindowHelper: Current Display FreeFormTask is null
03-22 10:54:02.337 1512 1546 W FreeFormWindowHelper: Current Display FreeFormTask is null
03-22 10:54:02.337 1512 1546 W FreeFormWindowHelper: Current Display FreeFormTask is null
03-22 10:54:02.749 1512 11766 I wm_task_moved: [1,1,10]
03-22 10:54:02.752 1512 11766 I wm_focused_root_task: [0,0,1,111,RecentsAnimation.onAnimationFinished()]
03-22 10:54:02.752 1982 1982 I wm_on_top_resumed_lost_called: [46098774,com.android.systemui.screenrecord.ScreenRecordDialog,topStateChangedWhenResumed]
03-22 10:54:02.753 1512 11766 I wm_pause_activity: [0,46098774,com.android.systemui/.screenrecord.ScreenRecordDialog,userLeaving=false,pauseBackTasks]
03-22 10:54:02.754 1512 11766 I ActivityTaskManager: FOREGROUND_APPLICATION_CHANGED to com.android.launcher3.uioverrides.QuickstepLauncher
03-22 10:54:02.755 1512 11766 I wm_set_resumed_activity: [0,com.android.launcher3/.uioverrides.QuickstepLauncher,resumeTopActivityInnerLocked]
03-22 10:54:02.757 1512 11766 I wm_resume_activity: [0,70633193,32,com.android.launcher3/.uioverrides.QuickstepLauncher]
03-22 10:54:02.758 2573 2573 I wm_on_resume_called: [70633193,com.android.launcher3.uioverrides.QuickstepLauncher,RESUME_ACTIVITY]
03-22 10:54:02.759 1512 11766 I wm_add_to_stopping: [0,46098774,com.android.systemui/.screenrecord.ScreenRecordDialog,makeInvisible]
03-22 10:54:02.770 1512 1611 I input_focus: [Focus request a81a7d0 com.android.launcher3/com.android.launcher3.uioverrides.QuickstepLauncher,reason=UpdateInputWindows]
03-22 10:54:02.771 1982 1982 I wm_on_paused_called: [46098774,com.android.systemui.screenrecord.ScreenRecordDialog,performPause]
03-22 10:54:02.772 1512 4081 I wm_stop_activity: [0,46098774,com.android.systemui/.screenrecord.ScreenRecordDialog]
03-22 10:54:02.775 1512 1610 I sysui_multi_action: [757,803,799,window_time_0,802,3]
03-22 10:54:02.776 1512 11966 W FreeFormWindowHelper: Current Display FreeFormTask is null
03-22 10:54:02.777 1512 6982 W FreeFormWindowHelper: Current Display FreeFormTask is null
03-22 10:54:02.777 1512 2133 W FreeFormWindowHelper: Current Display FreeFormTask is null
03-22 10:54:02.780 1512 1697 I input_focus: [Focus leaving recents_animation_input_consumer (server),reason=NOT_VISIBLE]
03-22 10:54:02.781 1512 1697 I input_focus: [Focus entering a81a7d0 com.android.launcher3/com.android.launcher3.uioverrides.QuickstepLauncher (server),reason=setFocusedWindow]
03-22 10:54:02.785 1982 1982 I wm_on_stop_called: [46098774,com.android.systemui.screenrecord.ScreenRecordDialog,STOP_ACTIVITY_ITEM]
03-22 10:54:02.832 1512 4081 W FreeFormWindowHelper: Current Display FreeFormTask is null
03-22 10:54:02.832 1512 4081 W FreeFormWindowHelper: Current Display FreeFormTask is null
03-22 10:54:02.835 2573 2573 I wm_on_top_resumed_gained_called: [70633193,com.android.launcher3.uioverrides.QuickstepLauncher,topStateChangedWhenResumed]
03-22 10:54:02.873 1512 4081 W FreeFormWindowHelper: Current Display FreeFormTask is null
03-22 10:54:03.034 1512 1684 I commit_sys_config_file: [settings-1-0,6]
03-22 10:54:03.187 0 0 I auditd : type=1400 audit(0.0:21275): avc: denied { kill } for comm="swapper/2" capability=5 scontext=u:r:kernel:s0 tcontext=u:r:kernel:s0 tclass=capability permissive=0
01-01 17:18:52.309 0 0 E DTC_Display: Abnormal voltage: 0mV
01-01 17:18:52.309 0 0 E DTC_Display: screen not ready
03-22 10:54:03.373 1512 1697 I input_interaction: Interaction with: a81a7d0 com.android.launcher3/com.android.launcher3.uioverrides.QuickstepLauncher (server), d87d679 com.android.systemui.ImageWallpaper (server), swipe-up (server), edge-swipe (server), PointerEventDispatcher0 (server),
03-22 10:54:03.461 1512 4081 I wm_task_moved: [1,1,10]
03-22 10:54:03.462 1512 4081 I wm_set_resumed_activity: [0,com.android.launcher3/.uioverrides.QuickstepLauncher,positionChildAt]
03-22 10:54:03.462 1512 4081 I wm_task_moved: [111,1,10]
03-22 10:54:03.463 1512 4081 I wm_focused_root_task: [0,0,111,1,moveTaskToFront findTaskToMoveToFront]
03-22 10:54:03.463 1512 4081 I wm_set_resumed_activity: [0,com.android.systemui/.screenrecord.ScreenRecordDialog,moveTaskToFront findTaskToMoveToFront]
03-22 10:54:03.465 1512 4081 I wm_pause_activity: [0,70633193,com.android.launcher3/.uioverrides.QuickstepLauncher,userLeaving=true,pauseBackTasks]
03-22 10:54:03.466 1512 4081 W WindowManager: TaskSnapshotSurface.create: Failed to find top fullscreen for task=Task{7308165 #111 type=standard A=10078:com.android.systemui U=0 visible=true mode=fullscreen translucent=true sz=1}
03-22 10:54:03.469 2573 2573 I wm_on_top_resumed_lost_called: [70633193,com.android.launcher3.uioverrides.QuickstepLauncher,topStateChangedWhenResumed]
03-22 10:54:03.470 2573 2573 I wm_on_paused_called: [70633193,com.android.launcher3.uioverrides.QuickstepLauncher,performPause]
03-22 10:54:03.472 1512 4081 I ActivityTaskManager: FOREGROUND_APPLICATION_CHANGED to com.android.systemui.screenrecord.ScreenRecordDialog
03-22 10:54:03.474 1512 4081 I wm_set_resumed_activity: [0,com.android.systemui/.screenrecord.ScreenRecordDialog,resumeTopActivityInnerLocked]
03-22 10:54:03.475 1512 4081 I wm_resume_activity: [0,46098774,111,com.android.systemui/.screenrecord.ScreenRecordDialog]
03-22 10:54:03.478 1512 1610 I sysui_multi_action: [757,803,799,window_time_0,802,0]
03-22 10:54:03.497 1982 1982 I wm_on_restart_called: [46098774,com.android.systemui.screenrecord.ScreenRecordDialog,performRestartActivity]
03-22 10:54:03.497 1982 1982 I wm_on_start_called: [46098774,com.android.systemui.screenrecord.ScreenRecordDialog,handleStartActivity]
03-22 10:54:03.497 1982 1982 I wm_on_resume_called: [46098774,com.android.systemui.screenrecord.ScreenRecordDialog,RESUME_ACTIVITY]
03-22 10:54:03.497 1982 1982 I wm_on_top_resumed_gained_called: [46098774,com.android.systemui.screenrecord.ScreenRecordDialog,topWhenResuming]
03-22 10:54:03.516 1512 1611 I input_focus: [Focus request c5f53a9 com.android.systemui/com.android.systemui.screenrecord.ScreenRecordDialog,reason=UpdateInputWindows]
03-22 10:54:03.526 1512 11966 W FreeFormWindowHelper: exitRecentTasks type=0
03-22 10:54:03.528 1512 1607 I sysui_multi_action: [319,60,322,59,325,29566,757,761,758,9,759,2,806,com.android.systemui,871,com.android.systemui.screenrecord.ScreenRecordDialog,904,com.android.systemui,905,0,1320,8,1321,5]
03-22 10:54:03.531 1512 1697 I input_focus: [Focus leaving a81a7d0 com.android.launcher3/com.android.launcher3.uioverrides.QuickstepLauncher (server),reason=setFocusedWindow]
03-22 10:54:03.532 1512 1697 I input_focus: [Focus entering c5f53a9 com.android.systemui/com.android.systemui.screenrecord.ScreenRecordDialog (server),reason=setFocusedWindow]
03-22 10:54:03.578 1512 11766 W FreeFormWindowHelper: Current Display FreeFormTask is null
03-22 10:54:04.157 1512 1697 I input_interaction: Interaction with: c5f53a9 com.android.systemui/com.android.systemui.screenrecord.ScreenRecordDialog (server), swipe-up (server), edge-swipe (server), PointerEventDispatcher0 (server),
03-22 10:54:04.172 1512 1546 W FreeFormWindowHelper: Current Display FreeFormTask is null
03-22 10:54:04.172 1512 1546 W FreeFormWindowHelper: Current Display FreeFormTask is null
03-22 10:54:04.174 1512 1546 W FreeFormWindowHelper: Current Display FreeFormTask is null
03-22 10:54:04.176 1512 1546 W FreeFormWindowHelper: Current Display FreeFormTask is null
03-22 10:54:04.179 1512 1546 W FreeFormWindowHelper: Current Display FreeFormTask is null
03-22 10:54:04.179 1512 1546 W FreeFormWindowHelper: Current Display FreeFormTask is null
03-22 10:54:04.187 747 747 I auditd : type=1400 audit(0.0:21276): avc: denied { kill } for comm="crtc_commit:125" capability=5 scontext=u:r:kernel:s0 tcontext=u:r:kernel:s0 tclass=capability permissive=0
03-22 10:54:04.196 1982 1982 I view_enqueue_input_event: [Motion - Cancel,com.android.systemui/com.android.systemui.screenrecord.ScreenRecordDialog]
03-22 10:54:04.197 1512 1546 W FreeFormWindowHelper: Current Display FreeFormTask is null
03-22 10:54:04.197 1512 1546 W FreeFormWindowHelper: Current Display FreeFormTask is null
03-22 10:54:04.197 1512 1546 W FreeFormWindowHelper: Current Display FreeFormTask is null
03-22 10:54:04.205 1512 1697 I input_interaction: Interaction with: swipe-up (server), edge-swipe (server), PointerEventDispatcher0 (server),
03-22 10:54:04.216 2573 2573 I sysui_latency: [1,12]
03-22 10:54:04.217 1512 1611 I input_focus: [Focus request recents_animation_input_consumer,reason=UpdateInputWindows]
03-22 10:54:04.218 1512 1546 W FreeFormWindowHelper: Current Display FreeFormTask is null
03-22 10:54:04.219 1512 1546 W FreeFormWindowHelper: Current Display FreeFormTask is null
03-22 10:54:04.220 1512 1546 W FreeFormWindowHelper: Current Display FreeFormTask is null
03-22 10:54:04.221 1512 1546 W FreeFormWindowHelper: Current Display FreeFormTask is null
03-22 10:54:04.232 1512 1546 W FreeFormWindowHelper: Current Display FreeFormTask is null
03-22 10:54:04.232 1512 1546 W FreeFormWindowHelper: Current Display FreeFormTask is null
03-22 10:54:04.233 1512 1697 I input_focus: [Focus leaving c5f53a9 com.android.systemui/com.android.systemui.screenrecord.ScreenRecordDialog (server),reason=NOT_FOCUSABLE]
03-22 10:54:04.233 1512 1697 I input_focus: [Focus entering recents_animation_input_consumer (server),reason=setFocusedWindow]
03-22 10:54:04.249 1512 11966 W FreeFormWindowHelper: Current Display FreeFormTask is null
03-22 10:54:04.249 1512 11966 W FreeFormWindowHelper: Current Display FreeFormTask is null
03-22 10:54:04.265 1512 1546 W FreeFormWindowHelper: Current Display FreeFormTask is null
03-22 10:54:04.266 1512 2109 W FreeFormWindowHelper: Current Display FreeFormTask is null
03-22 10:54:04.267 1512 2109 W ActivityTaskManager: getTaskSnapshot: taskId=485 not found
03-22 10:54:04.282 1512 11766 W FreeFormWindowHelper: Current Display FreeFormTask is null
03-22 10:54:04.282 1512 11766 W FreeFormWindowHelper: Current Display FreeFormTask is null
03-22 10:54:04.418 1512 1684 I commit_sys_config_file: [settings-1-0,7]
03-22 10:54:04.459 1512 11766 W FreeFormWindowHelper: Current Display FreeFormTask is null
03-22 10:54:04.459 1512 11766 W FreeFormWindowHelper: Current Display FreeFormTask is null
03-22 10:54:04.459 1512 2109 W FreeFormWindowHelper: Current Display FreeFormTask is null
03-22 10:54:04.872 1512 2109 I wm_task_moved: [1,1,10]
03-22 10:54:04.874 1512 2109 I wm_focused_root_task: [0,0,1,111,RecentsAnimation.onAnimationFinished()]
03-22 10:54:04.874 1982 1982 I wm_on_top_resumed_lost_called: [46098774,com.android.systemui.screenrecord.ScreenRecordDialog,topStateChangedWhenResumed]
03-22 10:54:04.875 1512 2109 I wm_pause_activity: [0,46098774,com.android.systemui/.screenrecord.ScreenRecordDialog,userLeaving=false,pauseBackTasks]
03-22 10:54:04.876 1512 2109 I ActivityTaskManager: FOREGROUND_APPLICATION_CHANGED to com.android.launcher3.uioverrides.QuickstepLauncher
03-22 10:54:04.877 1512 2109 I wm_set_resumed_activity: [0,com.android.launcher3/.uioverrides.QuickstepLauncher,resumeTopActivityInnerLocked]
03-22 10:54:04.878 1512 2109 I wm_resume_activity: [0,70633193,32,com.android.launcher3/.uioverrides.QuickstepLauncher]
03-22 10:54:04.878 1512 2109 I wm_add_to_stopping: [0,46098774,com.android.systemui/.screenrecord.ScreenRecordDialog,makeInvisible]
03-22 10:54:04.881 2573 2573 I wm_on_resume_called: [70633193,com.android.launcher3.uioverrides.QuickstepLauncher,RESUME_ACTIVITY]
03-22 10:54:04.888 1512 1611 I input_focus: [Focus request a81a7d0 com.android.launcher3/com.android.launcher3.uioverrides.QuickstepLauncher,reason=UpdateInputWindows]
03-22 10:54:04.891 1982 1982 I wm_on_paused_called: [46098774,com.android.systemui.screenrecord.ScreenRecordDialog,performPause]
03-22 10:54:04.894 1512 1546 I wm_stop_activity: [0,46098774,com.android.systemui/.screenrecord.ScreenRecordDialog]
03-22 10:54:04.897 1512 1546 W FreeFormWindowHelper: Current Display FreeFormTask is null
03-22 10:54:04.897 1512 1546 W FreeFormWindowHelper: Current Display FreeFormTask is null
03-22 10:54:04.897 1512 1546 W FreeFormWindowHelper: Current Display FreeFormTask is null
03-22 10:54:04.900 1512 1610 I sysui_multi_action: [757,803,799,window_time_0,802,2]
03-22 10:54:04.903 1512 1697 I input_focus: [Focus leaving recents_animation_input_consumer (server),reason=NOT_VISIBLE]
03-22 10:54:04.903 1512 1697 I input_focus: [Focus entering a81a7d0 com.android.launcher3/com.android.launcher3.uioverrides.QuickstepLauncher (server),reason=setFocusedWindow]
03-22 10:54:04.911 1982 1982 I wm_on_stop_called: [46098774,com.android.systemui.screenrecord.ScreenRecordDialog,STOP_ACTIVITY_ITEM]
03-22 10:54:04.945 2573 2573 I wm_on_top_resumed_gained_called: [70633193,com.android.launcher3.uioverrides.QuickstepLauncher,topStateChangedWhenResumed]
03-22 10:54:04.952 1512 2109 W FreeFormWindowHelper: Current Display FreeFormTask is null
03-22 10:54:04.952 1512 2109 W FreeFormWindowHelper: Current Display FreeFormTask is null
03-22 10:54:04.994 1512 2109 W FreeFormWindowHelper: Current Display FreeFormTask is null
03-22 10:54:05.148 1512 1684 I commit_sys_config_file: [settings-1-0,4]
03-22 10:54:05.266 1512 1697 I input_interaction: Interaction with: a81a7d0 com.android.launcher3/com.android.launcher3.uioverrides.QuickstepLauncher (server), d87d679 com.android.systemui.ImageWallpaper (server), swipe-up (server), edge-swipe (server), PointerEventDispatcher0 (server),
03-22 10:54:05.349 1512 11766 I wm_task_moved: [1,1,10]
03-22 10:54:05.350 1512 11766 I wm_set_resumed_activity: [0,com.android.launcher3/.uioverrides.QuickstepLauncher,positionChildAt]
03-22 10:54:05.350 1512 11766 I wm_task_moved: [111,1,10]
03-22 10:54:05.351 1512 11766 I wm_focused_root_task: [0,0,111,1,moveTaskToFront findTaskToMoveToFront]
03-22 10:54:05.351 1512 11766 I wm_set_resumed_activity: [0,com.android.systemui/.screenrecord.ScreenRecordDialog,moveTaskToFront findTaskToMoveToFront]
03-22 10:54:05.352 1512 11766 I wm_pause_activity: [0,70633193,com.android.launcher3/.uioverrides.QuickstepLauncher,userLeaving=true,pauseBackTasks]
03-22 10:54:05.353 1512 11766 W WindowManager: TaskSnapshotSurface.create: Failed to find top fullscreen for task=Task{7308165 #111 type=standard A=10078:com.android.systemui U=0 visible=true mode=fullscreen translucent=true sz=1}
03-22 10:54:05.356 2573 2573 I wm_on_top_resumed_lost_called: [70633193,com.android.launcher3.uioverrides.QuickstepLauncher,topStateChangedWhenResumed]
03-22 10:54:05.358 2573 2573 I wm_on_paused_called: [70633193,com.android.launcher3.uioverrides.QuickstepLauncher,performPause]
03-22 10:54:05.359 1512 11766 I ActivityTaskManager: FOREGROUND_APPLICATION_CHANGED to com.android.systemui.screenrecord.ScreenRecordDialog
03-22 10:54:05.360 1512 11766 I wm_set_resumed_activity: [0,com.android.systemui/.screenrecord.ScreenRecordDialog,resumeTopActivityInnerLocked]
03-22 10:54:05.362 1512 11766 I wm_resume_activity: [0,46098774,111,com.android.systemui/.screenrecord.ScreenRecordDialog]
03-22 10:54:05.365 1512 1610 I sysui_multi_action: [757,803,799,window_time_0,802,0]
03-22 10:54:05.373 1982 1982 I wm_on_restart_called: [46098774,com.android.systemui.screenrecord.ScreenRecordDialog,performRestartActivity]
03-22 10:54:05.373 1982 1982 I wm_on_start_called: [46098774,com.android.systemui.screenrecord.ScreenRecordDialog,handleStartActivity]
03-22 10:54:05.373 1982 1982 I wm_on_resume_called: [46098774,com.android.systemui.screenrecord.ScreenRecordDialog,RESUME_ACTIVITY]
03-22 10:54:05.373 1982 1982 I wm_on_top_resumed_gained_called: [46098774,com.android.systemui.screenrecord.ScreenRecordDialog,topWhenResuming]
03-22 10:54:05.387 1512 1611 I input_focus: [Focus request c5f53a9 com.android.systemui/com.android.systemui.screenrecord.ScreenRecordDialog,reason=UpdateInputWindows]
03-22 10:54:05.400 1512 11766 W FreeFormWindowHelper: exitRecentTasks type=0
03-22 10:54:05.402 1512 1607 I sysui_multi_action: [319,44,322,43,325,29568,757,761,758,9,759,2,806,com.android.systemui,871,com.android.systemui.screenrecord.ScreenRecordDialog,904,com.android.systemui,905,0,1320,8,1321,5]
03-22 10:54:05.403 1512 1697 I input_focus: [Focus leaving a81a7d0 com.android.launcher3/com.android.launcher3.uioverrides.QuickstepLauncher (server),reason=setFocusedWindow]
03-22 10:54:05.403 1512 1697 I input_focus: [Focus entering c5f53a9 com.android.systemui/com.android.systemui.screenrecord.ScreenRecordDialog (server),reason=setFocusedWindow]
01-01 17:18:54.499 0 0 E DTC_ETH,link_delay_work_func: 3003, SQI=0, link=0
03-22 10:54:05.464 1512 4081 W FreeFormWindowHelper: Current Display FreeFormTask is null
03-22 10:54:05.978 1512 1697 I input_interaction: Interaction with: c5f53a9 com.android.systemui/com.android.systemui.screenrecord.ScreenRecordDialog (server), swipe-up (server), edge-swipe (server), PointerEventDispatcher0 (server),
03-22 10:54:05.990 1512 11766 W FreeFormWindowHelper: Current Display FreeFormTask is null
03-22 10:54:05.990 1512 11766 W FreeFormWindowHelper: Current Display FreeFormTask is null
03-22 10:54:05.992 1512 11766 W FreeFormWindowHelper: Current Display FreeFormTask is null
03-22 10:54:05.994 1512 11766 W FreeFormWindowHelper: Current Display FreeFormTask is null
03-22 10:54:06.000 1512 11766 W FreeFormWindowHelper: Current Display FreeFormTask is null
03-22 10:54:06.000 1512 11766 W FreeFormWindowHelper: Current Display FreeFormTask is null
03-22 10:54:06.072 1982 1982 I view_enqueue_input_event: [Motion - Cancel,com.android.systemui/com.android.systemui.screenrecord.ScreenRecordDialog]
03-22 10:54:06.072 1512 2109 W FreeFormWindowHelper: Current Display FreeFormTask is null
03-22 10:54:06.073 1512 1546 W FreeFormWindowHelper: Current Display FreeFormTask is null
03-22 10:54:06.073 1512 11766 W FreeFormWindowHelper: Current Display FreeFormTask is null
03-22 10:54:06.078 1512 1697 I input_interaction: Interaction with: swipe-up (server), edge-swipe (server), PointerEventDispatcher0 (server),
03-22 10:54:06.090 2573 2573 I sysui_latency: [1,9]
03-22 10:54:06.091 1512 1611 I input_focus: [Focus request recents_animation_input_consumer,reason=UpdateInputWindows]
03-22 10:54:06.092 1512 2109 W FreeFormWindowHelper: Current Display FreeFormTask is null
03-22 10:54:06.092 1512 2109 W FreeFormWindowHelper: Current Display FreeFormTask is null
03-22 10:54:06.093 1512 2109 W FreeFormWindowHelper: Current Display FreeFormTask is null
03-22 10:54:06.094 1512 2109 W FreeFormWindowHelper: Current Display FreeFormTask is null
03-22 10:54:06.103 1512 2109 W FreeFormWindowHelper: Current Display FreeFormTask is null
03-22 10:54:06.103 1512 2109 W FreeFormWindowHelper: Current Display FreeFormTask is null
03-22 10:54:06.104 1512 1697 I input_focus: [Focus leaving c5f53a9 com.android.systemui/com.android.systemui.screenrecord.ScreenRecordDialog (server),reason=NOT_FOCUSABLE]
03-22 10:54:06.105 1512 1697 I input_focus: [Focus entering recents_animation_input_consumer (server),reason=setFocusedWindow]
03-22 10:54:06.120 1512 11766 W FreeFormWindowHelper: Current Display FreeFormTask is null
03-22 10:54:06.120 1512 11766 W FreeFormWindowHelper: Current Display FreeFormTask is null
03-22 10:54:06.123 1512 4081 W ActivityTaskManager: getTaskSnapshot: taskId=358 not found
03-22 10:54:06.136 1512 11766 W FreeFormWindowHelper: Current Display FreeFormTask is null
03-22 10:54:06.136 1512 11766 W FreeFormWindowHelper: Current Display FreeFormTask is null
03-22 10:54:06.153 1512 2109 W FreeFormWindowHelper: Current Display FreeFormTask is null
03-22 10:54:06.154 1512 2109 W FreeFormWindowHelper: Current Display FreeFormTask is null
03-22 10:54:06.187 0 0 I auditd : type=1400 audit(0.0:21277): avc: denied { kill } for comm="swapper/1" capability=5 scontext=u:r:kernel:s0 tcontext=u:r:kernel:s0 tclass=capability permissive=0
03-22 10:54:06.298 1512 1684 I commit_sys_config_file: [settings-1-0,8]
03-22 10:54:06.586 1512 4081 I wm_task_moved: [1,0,9]
03-22 10:54:06.588 1512 11766 W FreeFormWindowHelper: Current Display FreeFormTask is null
03-22 10:54:06.589 1512 2109 W FreeFormWindowHelper: Current Display FreeFormTask is null
03-22 10:54:06.594 1512 11766 W FreeFormWindowHelper: Current Display FreeFormTask is null
03-22 10:54:06.594 1512 2109 W FreeFormWindowHelper: Current Display FreeFormTask is null
03-22 10:54:06.596 1512 1611 I input_focus: [Focus request c5f53a9 com.android.systemui/com.android.systemui.screenrecord.ScreenRecordDialog,reason=UpdateInputWindows]
03-22 10:54:06.608 1512 11766 W FreeFormWindowHelper: Current Display FreeFormTask is null
03-22 10:54:06.608 1512 11766 W FreeFormWindowHelper: Current Display FreeFormTask is null
03-22 10:54:06.612 1512 1697 I input_focus: [Focus leaving recents_animation_input_consumer (server),reason=NOT_VISIBLE]
03-22 10:54:06.612 1512 1697 I input_focus: [Focus entering c5f53a9 com.android.systemui/com.android.systemui.screenrecord.ScreenRecordDialog (server),reason=setFocusedWindow]
03-22 10:54:06.622 1512 2109 W FreeFormWindowHelper: Current Display FreeFormTask is null
03-22 10:54:06.622 1512 2109 W FreeFormWindowHelper: Current Display FreeFormTask is null
03-22 10:54:06.639 1512 2109 W FreeFormWindowHelper: Current Display FreeFormTask is null
03-22 10:54:06.639 1512 2109 W FreeFormWindowHelper: Current Display FreeFormTask is null
03-22 10:54:06.654 1512 2109 W FreeFormWindowHelper: Current Display FreeFormTask is null
03-22 10:54:06.654 1512 2109 W FreeFormWindowHelper: Current Display FreeFormTask is null
03-22 10:54:06.671 1512 11766 W FreeFormWindowHelper: Current Display FreeFormTask is null
03-22 10:54:06.671 1512 11766 W FreeFormWindowHelper: Current Display FreeFormTask is null
03-22 10:54:06.687 1512 2109 W FreeFormWindowHelper: Current Display FreeFormTask is null
03-22 10:54:06.687 1512 2109 W FreeFormWindowHelper: Current Display FreeFormTask is null
03-22 10:54:06.704 1512 1546 W FreeFormWindowHelper: Current Display FreeFormTask is null
03-22 10:54:06.704 1512 1546 W FreeFormWindowHelper: Current Display FreeFormTask is null
03-22 10:54:06.720 1512 2109 W FreeFormWindowHelper: Current Display FreeFormTask is null
03-22 10:54:06.721 1512 2109 W FreeFormWindowHelper: Current Display FreeFormTask is null
03-22 10:54:06.737 1512 1546 W FreeFormWindowHelper: Current Display FreeFormTask is null
03-22 10:54:06.737 1512 1546 W FreeFormWindowHelper: Current Display FreeFormTask is null
03-22 10:54:06.754 1512 4081 W FreeFormWindowHelper: Current Display FreeFormTask is null
03-22 10:54:06.754 1512 4081 W FreeFormWindowHelper: Current Display FreeFormTask is null
03-22 10:54:06.771 1512 11766 W FreeFormWindowHelper: Current Display FreeFormTask is null
03-22 10:54:06.771 1512 11766 W FreeFormWindowHelper: Current Display FreeFormTask is null
03-22 10:54:06.787 1512 2109 W FreeFormWindowHelper: Current Display FreeFormTask is null
03-22 10:54:06.787 1512 2109 W FreeFormWindowHelper: Current Display FreeFormTask is null
03-22 10:54:06.804 1512 2109 W FreeFormWindowHelper: Current Display FreeFormTask is null
03-22 10:54:06.804 1512 2109 W FreeFormWindowHelper: Current Display FreeFormTask is null
03-22 10:54:06.821 1512 1546 W FreeFormWindowHelper: Current Display FreeFormTask is null
03-22 10:54:06.821 1512 1546 W FreeFormWindowHelper: Current Display FreeFormTask is null
03-22 10:54:06.837 1512 4081 W FreeFormWindowHelper: Current Display FreeFormTask is null
03-22 10:54:06.837 1512 4081 W FreeFormWindowHelper: Current Display FreeFormTask is null
03-22 10:54:06.854 1512 1546 W FreeFormWindowHelper: Current Display FreeFormTask is null
03-22 10:54:06.854 1512 1546 W FreeFormWindowHelper: Current Display FreeFormTask is null
03-22 10:54:06.871 1512 11766 W FreeFormWindowHelper: Current Display FreeFormTask is null
03-22 10:54:06.871 1512 11766 W FreeFormWindowHelper: Current Display FreeFormTask is null
03-22 10:54:06.887 1512 4081 W FreeFormWindowHelper: Current Display FreeFormTask is null
03-22 10:54:06.887 1512 4081 W FreeFormWindowHelper: Current Display FreeFormTask is null
03-22 10:54:06.904 1512 11766 W FreeFormWindowHelper: Current Display FreeFormTask is null
03-22 10:54:06.904 1512 11766 W FreeFormWindowHelper: Current Display FreeFormTask is null
03-22 10:54:06.921 1512 2109 W FreeFormWindowHelper: Current Display FreeFormTask is null
03-22 10:54:06.921 1512 2109 W FreeFormWindowHelper: Current Display FreeFormTask is null
03-22 10:54:06.938 1512 1546 W FreeFormWindowHelper: Current Display FreeFormTask is null
03-22 10:54:06.938 1512 1546 W FreeFormWindowHelper: Current Display FreeFormTask is null
03-22 10:54:06.954 1512 4081 W FreeFormWindowHelper: Current Display FreeFormTask is null
03-22 10:54:06.954 1512 4081 W FreeFormWindowHelper: Current Display FreeFormTask is null
03-22 10:54:06.971 1512 11766 W FreeFormWindowHelper: Current Display FreeFormTask is null
03-22 10:54:06.971 1512 11766 W FreeFormWindowHelper: Current Display FreeFormTask is null
03-22 10:54:06.993 1512 2109 I wm_task_moved: [1,1,10]
03-22 10:54:06.996 1512 2109 I wm_focused_root_task: [0,0,1,111,startActivityFromRecents]
03-22 10:54:06.996 1982 1982 I wm_on_top_resumed_lost_called: [46098774,com.android.systemui.screenrecord.ScreenRecordDialog,topStateChangedWhenResumed]
03-22 10:54:06.996 1512 2109 I wm_task_moved: [111,1,10]
03-22 10:54:06.998 1512 2109 I wm_set_resumed_activity: [0,com.android.systemui/.screenrecord.ScreenRecordDialog,positionChildAt]
03-22 10:54:06.998 1512 2109 I wm_focused_root_task: [0,0,111,1,moveTaskToFront findTaskToMoveToFront]
03-22 10:54:06.998 1512 2109 I wm_set_resumed_activity: [0,com.android.systemui/.screenrecord.ScreenRecordDialog,moveTaskToFront findTaskToMoveToFront]
03-22 10:54:07.002 1512 4081 W FreeFormWindowHelper: Current Display FreeFormTask is null
03-22 10:54:07.002 1512 4081 W FreeFormWindowHelper: Current Display FreeFormTask is null
03-22 10:54:07.010 1982 1982 I wm_on_top_resumed_gained_called: [46098774,com.android.systemui.screenrecord.ScreenRecordDialog,topStateChangedWhenResumed]
03-22 10:54:07.024 1512 2109 W FreeFormWindowHelper: exitRecentTasks type=0
03-22 10:54:07.037 1512 2109 W FreeFormWindowHelper: Current Display FreeFormTask is null
03-22 10:54:07.037 1512 2109 W FreeFormWindowHelper: Current Display FreeFormTask is null
03-22 10:54:07.187 288 288 I auditd : type=1400 audit(0.0:21278): avc: denied { kill } for comm="kgsl_worker_thr" capability=5 scontext=u:r:kernel:s0 tcontext=u:r:kernel:s0 tclass=capability permissive=0
03-22 10:54:07.221 1512 1684 I commit_sys_config_file: [settings-1-0,12]
03-22 10:54:08.187 0 0 I auditd : type=1400 audit(0.0:21279): avc: denied { kill } for comm="swapper/1" capability=5 scontext=u:r:kernel:s0 tcontext=u:r:kernel:s0 tclass=capability permissive=0
03-22 10:54:08.530 1512 1697 I input_interaction: Interaction with: c5f53a9 com.android.systemui/com.android.systemui.screenrecord.ScreenRecordDialog (server), swipe-up (server), edge-swipe (server), PointerEventDispatcher0 (server),
03-22 10:54:08.541 1512 1546 W FreeFormWindowHelper: Current Display FreeFormTask is null
03-22 10:54:08.542 1512 1546 W FreeFormWindowHelper: Current Display FreeFormTask is null
03-22 10:54:08.543 1512 1546 W FreeFormWindowHelper: Current Display FreeFormTask is null
03-22 10:54:08.545 1512 1546 W FreeFormWindowHelper: Current Display FreeFormTask is null
03-22 10:54:08.556 1512 2109 W FreeFormWindowHelper: Current Display FreeFormTask is null
03-22 10:54:08.556 1512 2109 W FreeFormWindowHelper: Current Display FreeFormTask is null
03-22 10:54:08.607 1982 1982 I view_enqueue_input_event: [Motion - Cancel,com.android.systemui/com.android.systemui.screenrecord.ScreenRecordDialog]
03-22 10:54:08.608 1512 4081 W FreeFormWindowHelper: Current Display FreeFormTask is null
03-22 10:54:08.608 1512 4081 W FreeFormWindowHelper: Current Display FreeFormTask is null
03-22 10:54:08.616 1512 1697 I input_interaction: Interaction with: swipe-up (server), edge-swipe (server), PointerEventDispatcher0 (server),
03-22 10:54:08.624 2573 2573 I sysui_latency: [1,8]
03-22 10:54:08.626 1512 4081 W FreeFormWindowHelper: Current Display FreeFormTask is null
03-22 10:54:08.626 1512 4081 W FreeFormWindowHelper: Current Display FreeFormTask is null
03-22 10:54:08.628 1512 1611 I input_focus: [Focus request recents_animation_input_consumer,reason=UpdateInputWindows]
03-22 10:54:08.628 1512 11766 W FreeFormWindowHelper: Current Display FreeFormTask is null
03-22 10:54:08.629 1512 4081 W FreeFormWindowHelper: Current Display FreeFormTask is null
03-22 10:54:08.643 1512 4081 W FreeFormWindowHelper: Current Display FreeFormTask is null
03-22 10:54:08.643 1512 4081 W FreeFormWindowHelper: Current Display FreeFormTask is null
03-22 10:54:08.644 1512 1697 I input_focus: [Focus leaving c5f53a9 com.android.systemui/com.android.systemui.screenrecord.ScreenRecordDialog (server),reason=NOT_FOCUSABLE]
03-22 10:54:08.644 1512 1697 I input_focus: [Focus entering recents_animation_input_consumer (server),reason=setFocusedWindow]
03-22 10:54:08.659 1512 2109 W FreeFormWindowHelper: Current Display FreeFormTask is null
03-22 10:54:08.660 1512 2109 W FreeFormWindowHelper: Current Display FreeFormTask is null
03-22 10:54:08.672 1512 1546 W ActivityTaskManager: getTaskSnapshot: taskId=893 not found
03-22 10:54:08.676 1512 1546 W FreeFormWindowHelper: Current Display FreeFormTask is null
03-22 10:54:08.676 1512 1546 W FreeFormWindowHelper: Current Display FreeFormTask is null
03-22 10:54:08.692 1512 1546 W FreeFormWindowHelper: Current Display FreeFormTask is null
03-22 10:54:08.693 1512 1546 W FreeFormWindowHelper: Current Display FreeFormTask is null
03-22 10:54:08.833 1512 1684 I commit_sys_config_file: [settings-1-0,10]
03-22 10:54:09.187 0 0 I auditd : type=1400 audit(0.0:21280): avc: denied { kill } for comm="swapper/1" capability=5 scontext=u:r:kernel:s0 tcontext=u:r:kernel:s0 tclass=capability permissive=0
03-22 10:54:09.203 1512 1512 I service_manager_stats: [100,49,468619]
03-22 10:54:09.211 1512 2109 I wm_task_moved: [1,0,9]
03-22 10:54:09.215 1512 6982 W FreeFormWindowHelper: Current Display FreeFormTask is null
03-22 10:54:09.215 1512 6982 W FreeFormWindowHelper: Current Display FreeFormTask is null
03-22 10:54:09.221 1512 11966 W FreeFormWindowHelper: Current Display FreeFormTask is null
03-22 10:54:09.222 1512 11966 W FreeFormWindowHelper: Current Display FreeFormTask is null
03-22 10:54:09.226 1512 1611 I input_focus: [Focus request c5f53a9 com.android.systemui/com.android.systemui.screenrecord.ScreenRecordDialog,reason=UpdateInputWindows]
03-22 10:54:09.244 1512 1697 I input_focus: [Focus leaving recents_animation_input_consumer (server),reason=NOT_VISIBLE]
03-22 10:54:09.245 1512 1697 I input_focus: [Focus entering c5f53a9 com.android.systemui/com.android.systemui.screenrecord.ScreenRecordDialog (server),reason=setFocusedWindow]
03-22 10:54:09.255 1512 1546 W FreeFormWindowHelper: Current Display FreeFormTask is null
03-22 10:54:09.255 1512 1546 W FreeFormWindowHelper: Current Display FreeFormTask is null
03-22 10:54:09.258 1512 2109 W FreeFormWindowHelper: Current Display FreeFormTask is null
03-22 10:54:09.259 1512 11766 W FreeFormWindowHelper: Current Display FreeFormTask is null
03-22 10:54:09.277 1512 11966 W FreeFormWindowHelper: Current Display FreeFormTask is null
03-22 10:54:09.277 1512 11966 W FreeFormWindowHelper: Current Display FreeFormTask is null
03-22 10:54:09.294 1512 11766 W FreeFormWindowHelper: Current Display FreeFormTask is null
03-22 10:54:09.294 1512 11766 W FreeFormWindowHelper: Current Display FreeFormTask is null
03-22 10:54:09.311 1512 2109 W FreeFormWindowHelper: Current Display FreeFormTask is null
03-22 10:54:09.312 1512 2109 W FreeFormWindowHelper: Current Display FreeFormTask is null
03-22 10:54:09.331 1512 2109 W FreeFormWindowHelper: Current Display FreeFormTask is null
03-22 10:54:09.331 1512 2109 W FreeFormWindowHelper: Current Display FreeFormTask is null
03-22 10:54:09.347 1512 11766 W FreeFormWindowHelper: Current Display FreeFormTask is null
03-22 10:54:09.347 1512 11766 W FreeFormWindowHelper: Current Display FreeFormTask is null
03-22 10:54:09.364 1512 2109 W FreeFormWindowHelper: Current Display FreeFormTask is null
03-22 10:54:09.364 1512 2109 W FreeFormWindowHelper: Current Display FreeFormTask is null
03-22 10:54:09.382 1512 11766 W FreeFormWindowHelper: Current Display FreeFormTask is null
03-22 10:54:09.382 1512 11766 W FreeFormWindowHelper: Current Display FreeFormTask is null
03-22 10:54:09.398 1512 11766 W FreeFormWindowHelper: Current Display FreeFormTask is null
03-22 10:54:09.398 1512 11766 W FreeFormWindowHelper: Current Display FreeFormTask is null
03-22 10:54:09.415 1512 11766 W FreeFormWindowHelper: Current Display FreeFormTask is null
03-22 10:54:09.415 1512 11766 W FreeFormWindowHelper: Current Display FreeFormTask is null
03-22 10:54:09.431 1512 11766 W FreeFormWindowHelper: Current Display FreeFormTask is null
03-22 10:54:09.432 1512 11766 W FreeFormWindowHelper: Current Display FreeFormTask is null
03-22 10:54:09.448 1512 11766 W FreeFormWindowHelper: Current Display FreeFormTask is null
03-22 10:54:09.448 1512 11766 W FreeFormWindowHelper: Current Display FreeFormTask is null
03-22 10:54:09.464 1512 2109 W FreeFormWindowHelper: Current Display FreeFormTask is null
03-22 10:54:09.465 1512 2109 W FreeFormWindowHelper: Current Display FreeFormTask is null
03-22 10:54:09.480 1512 2109 W FreeFormWindowHelper: Current Display FreeFormTask is null
03-22 10:54:09.481 1512 11966 W FreeFormWindowHelper: Current Display FreeFormTask is null
03-22 10:54:09.497 1512 11766 W FreeFormWindowHelper: Current Display FreeFormTask is null
03-22 10:54:09.497 1512 11766 W FreeFormWindowHelper: Current Display FreeFormTask is null
03-22 10:54:09.515 1512 2109 W FreeFormWindowHelper: Current Display FreeFormTask is null
03-22 10:54:09.515 1512 11966 W FreeFormWindowHelper: Current Display FreeFormTask is null
03-22 10:54:09.533 1512 1546 W FreeFormWindowHelper: Current Display FreeFormTask is null
03-22 10:54:09.533 1512 1546 W FreeFormWindowHelper: Current Display FreeFormTask is null
03-22 10:54:09.549 1512 1546 W FreeFormWindowHelper: Current Display FreeFormTask is null
03-22 10:54:09.549 1512 1546 W FreeFormWindowHelper: Current Display FreeFormTask is null
03-22 10:54:09.565 1512 1546 W FreeFormWindowHelper: Current Display FreeFormTask is null
03-22 10:54:09.565 1512 1546 W FreeFormWindowHelper: Current Display FreeFormTask is null
03-22 10:54:09.582 1512 2109 W FreeFormWindowHelper: Current Display FreeFormTask is null
03-22 10:54:09.582 1512 2109 W FreeFormWindowHelper: Current Display FreeFormTask is null
03-22 10:54:09.599 1512 2109 W FreeFormWindowHelper: Current Display FreeFormTask is null
03-22 10:54:09.600 1512 2109 W FreeFormWindowHelper: Current Display FreeFormTask is null
03-22 10:54:09.616 1512 11766 W FreeFormWindowHelper: Current Display FreeFormTask is null
03-22 10:54:09.616 1512 11766 W FreeFormWindowHelper: Current Display FreeFormTask is null
03-22 10:54:09.634 1512 11766 I wm_task_moved: [1,1,10]
03-22 10:54:09.634 1512 1546 W FreeFormWindowHelper: Current Display FreeFormTask is null
03-22 10:54:09.635 1512 1546 W FreeFormWindowHelper: Current Display FreeFormTask is null
03-22 10:54:09.636 1512 11766 I wm_focused_root_task: [0,0,1,111,startActivityFromRecents]
03-22 10:54:09.636 1512 11766 I wm_task_moved: [111,1,10]
03-22 10:54:09.637 1982 1982 I wm_on_top_resumed_lost_called: [46098774,com.android.systemui.screenrecord.ScreenRecordDialog,topStateChangedWhenResumed]
03-22 10:54:09.638 1512 11766 I wm_set_resumed_activity: [0,com.android.systemui/.screenrecord.ScreenRecordDialog,positionChildAt]
03-22 10:54:09.638 1512 11766 I wm_focused_root_task: [0,0,111,1,moveTaskToFront findTaskToMoveToFront]
03-22 10:54:09.638 1512 11766 I wm_set_resumed_activity: [0,com.android.systemui/.screenrecord.ScreenRecordDialog,moveTaskToFront findTaskToMoveToFront]
03-22 10:54:09.653 1982 1982 I wm_on_top_resumed_gained_called: [46098774,com.android.systemui.screenrecord.ScreenRecordDialog,topStateChangedWhenResumed]
03-22 10:54:09.659 1512 1546 W FreeFormWindowHelper: exitRecentTasks type=0
03-22 10:54:09.662 1512 1546 W FreeFormWindowHelper: Current Display FreeFormTask is null
03-22 10:54:09.662 1512 1546 W FreeFormWindowHelper: Current Display FreeFormTask is null
03-22 10:54:09.851 1512 1684 I commit_sys_config_file: [settings-1-0,8]
03-22 10:54:10.187 0 0 I auditd : type=1400 audit(0.0:21281): avc: denied { kill } for comm="swapper/1" capability=5 scontext=u:r:kernel:s0 tcontext=u:r:kernel:s0 tclass=capability permissive=0
01-01 17:18:59.619 0 0 E DTC_ETH,link_delay_work_func: 3003, SQI=0, link=0
03-22 10:54:10.541 1512 1697 I input_interaction: Interaction with: c5f53a9 com.android.systemui/com.android.systemui.screenrecord.ScreenRecordDialog (server), swipe-up (server), edge-swipe (server), PointerEventDispatcher0 (server),
03-22 10:54:10.552 1512 11766 W FreeFormWindowHelper: Current Display FreeFormTask is null
03-22 10:54:10.553 1512 11766 W FreeFormWindowHelper: Current Display FreeFormTask is null
