03-22 11:04:21.349 1512 1697 I input_focus: [Focus entering c4bd370 com.android.music/com.android.music.MusicBrowserActivity (server),reason=setFocusedWindow]
03-22 11:04:21.509 1512 1512 I GameModeConfig: isGameModeOn = false
03-22 11:04:21.511 1512 1512 I GameModeConfig: isGameModeOn = false
03-22 11:04:21.522 1512 1512 I GameModeConfig: isGameModeOn = false
03-22 11:04:21.523 1512 1512 I GameModeConfig: isGameModeOn = false
03-22 11:04:21.618 1512 1611 W WindowManager: updateScale : 0.47769785
03-22 11:04:22.191 0 0 I auditd : type=1400 audit(0.0:22002): avc: denied { kill } for comm="swapper/0" capability=5 scontext=u:r:kernel:s0 tcontext=u:r:kernel:s0 tclass=capability permissive=0
03-22 11:04:23.187 0 0 I auditd : type=1400 audit(0.0:22003): avc: denied { kill } for comm="swapper/0" capability=5 scontext=u:r:kernel:s0 tcontext=u:r:kernel:s0 tclass=capability permissive=0
03-22 11:04:24.187 0 0 I auditd : type=1400 audit(0.0:22004): avc: denied { kill } for comm="swapper/0" capability=5 scontext=u:r:kernel:s0 tcontext=u:r:kernel:s0 tclass=capability permissive=0
03-22 11:04:24.657 1512 11965 W FreeFormWindowHelper: Current Display FreeFormTask is Task{4bef1f1 #101 type=standard A=10082:android.task.music U=0 visible=true mode=freeform translucent=false sz=1}
03-22 11:04:24.658 1512 5223 W FreeFormWindowHelper: Current Display FreeFormTask is Task{4bef1f1 #101 type=standard A=10082:android.task.music U=0 visible=true mode=freeform translucent=false sz=1}
03-22 11:04:24.660 1512 11965 W FreeFormWindowHelper: Current Display FreeFormTask is Task{4bef1f1 #101 type=standard A=10082:android.task.music U=0 visible=true mode=freeform translucent=false sz=1}
03-22 11:04:24.679 1512 11766 W FreeFormWindowHelper: Current Display FreeFormTask is Task{4bef1f1 #101 type=standard A=10082:android.task.music U=0 visible=true mode=freeform translucent=false sz=1}
03-22 11:04:24.680 1512 11766 W FreeFormWindowHelper: Current Display FreeFormTask is Task{4bef1f1 #101 type=standard A=10082:android.task.music U=0 visible=true mode=freeform translucent=false sz=1}
03-22 11:04:24.681 2573 2573 I view_enqueue_input_event: [Motion - Cancel,com.android.launcher3/com.android.launcher3.uioverrides.QuickstepLauncher]
03-22 11:04:24.682 1512 11766 W FreeFormWindowHelper: Current Display FreeFormTask is Task{4bef1f1 #101 type=standard A=10082:android.task.music U=0 visible=true mode=freeform translucent=false sz=1}
03-22 11:04:24.683 1512 11965 W FreeFormWindowHelper: Current Display FreeFormTask is Task{4bef1f1 #101 type=standard A=10082:android.task.music U=0 visible=true mode=freeform translucent=false sz=1}
03-22 11:04:24.685 1512 11965 W FreeFormWindowHelper: Current Display FreeFormTask is Task{4bef1f1 #101 type=standard A=10082:android.task.music U=0 visible=true mode=freeform translucent=false sz=1}
03-22 11:04:24.686 1512 11965 W FreeFormWindowHelper: Current Display FreeFormTask is Task{4bef1f1 #101 type=standard A=10082:android.task.music U=0 visible=true mode=freeform translucent=false sz=1}
03-22 11:04:24.688 1512 1697 I input_interaction: Interaction with: swipe-up (server), edge-swipe (server), PointerEventDispatcher0 (server),
03-22 11:04:24.689 1512 5223 W ActivityTaskManager: getTaskSnapshot: taskId=947 not found
03-22 11:04:24.692 1512 5223 W ActivityTaskManager: getTaskSnapshot: taskId=948 not found
03-22 11:04:24.693 1512 11965 W ActivityTaskManager: getTaskSnapshot: taskId=948 not found
03-22 11:04:24.703 1512 11965 W FreeFormWindowHelper: Current Display FreeFormTask is Task{4bef1f1 #101 type=standard A=10082:android.task.music U=0 visible=true mode=freeform translucent=false sz=1}
03-22 11:04:24.704 1512 11965 W FreeFormWindowHelper: Current Display FreeFormTask is Task{4bef1f1 #101 type=standard A=10082:android.task.music U=0 visible=true mode=freeform translucent=false sz=1}
03-22 11:04:24.720 1512 11965 W FreeFormWindowHelper: Current Display FreeFormTask is Task{4bef1f1 #101 type=standard A=10082:android.task.music U=0 visible=true mode=freeform translucent=false sz=1}
03-22 11:04:24.721 1512 11965 W FreeFormWindowHelper: Current Display FreeFormTask is Task{4bef1f1 #101 type=standard A=10082:android.task.music U=0 visible=true mode=freeform translucent=false sz=1}
03-22 11:04:24.861 1512 1684 I commit_sys_config_file: [settings-1-0,5]
01-01 17:29:14.019 0 0 E DTC_ETH,link_delay_work_func: 3003, SQI=0, link=0
03-22 11:04:25.000 1512 11965 W FreeFormWindowHelper: Current Display FreeFormTask is Task{4bef1f1 #101 type=standard A=10082:android.task.music U=0 visible=true mode=freeform translucent=false sz=1}
03-22 11:04:25.002 1512 5223 W FreeFormWindowHelper: Current Display FreeFormTask is Task{4bef1f1 #101 type=standard A=10082:android.task.music U=0 visible=true mode=freeform translucent=false sz=1}
03-22 11:04:25.014 1512 11965 W FreeFormWindowHelper: exitRecentTasks type=1
03-22 11:04:25.017 1512 11766 W FreeFormWindowHelper: Current Display FreeFormTask is Task{4bef1f1 #101 type=standard A=10082:android.task.music U=0 visible=true mode=freeform translucent=false sz=1}
03-22 11:04:25.018 1512 5223 W FreeFormWindowHelper: Current Display FreeFormTask is Task{4bef1f1 #101 type=standard A=10082:android.task.music U=0 visible=true mode=freeform translucent=false sz=1}
03-22 11:04:25.187 0 0 I auditd : type=1400 audit(0.0:22005): avc: denied { kill } for comm="swapper/0" capability=5 scontext=u:r:kernel:s0 tcontext=u:r:kernel:s0 tclass=capability permissive=0
03-22 11:04:25.220 1512 1684 I commit_sys_config_file: [settings-1-0,4]
03-22 11:04:25.945 1512 1697 I input_interaction: Interaction with: a81a7d0 com.android.launcher3/com.android.launcher3.uioverrides.QuickstepLauncher (server), d87d679 com.android.systemui.ImageWallpaper (server), swipe-up (server), edge-swipe (server), PointerEventDispatcher0 (server),
03-22 11:04:26.062 1512 5223 W FreeFormWindowHelper: Current Display FreeFormTask is Task{4bef1f1 #101 type=standard A=10082:android.task.music U=0 visible=true mode=freeform translucent=false sz=1}
03-22 11:04:26.064 1512 11766 W FreeFormWindowHelper: Current Display FreeFormTask is Task{4bef1f1 #101 type=standard A=10082:android.task.music U=0 visible=true mode=freeform translucent=false sz=1}
03-22 11:04:26.085 1512 5223 W FreeFormWindowHelper: Current Display FreeFormTask is Task{4bef1f1 #101 type=standard A=10082:android.task.music U=0 visible=true mode=freeform translucent=false sz=1}
03-22 11:04:26.086 1512 5223 W FreeFormWindowHelper: Current Display FreeFormTask is Task{4bef1f1 #101 type=standard A=10082:android.task.music U=0 visible=true mode=freeform translucent=false sz=1}
03-22 11:04:26.088 2573 2573 I view_enqueue_input_event: [Motion - Cancel,com.android.launcher3/com.android.launcher3.uioverrides.QuickstepLauncher]
03-22 11:04:26.088 1512 11766 W FreeFormWindowHelper: Current Display FreeFormTask is Task{4bef1f1 #101 type=standard A=10082:android.task.music U=0 visible=true mode=freeform translucent=false sz=1}
03-22 11:04:26.089 1512 5223 W FreeFormWindowHelper: Current Display FreeFormTask is Task{4bef1f1 #101 type=standard A=10082:android.task.music U=0 visible=true mode=freeform translucent=false sz=1}
03-22 11:04:26.091 1512 5223 W ActivityTaskManager: getTaskSnapshot: taskId=354 not found
03-22 11:04:26.091 1512 11766 W FreeFormWindowHelper: Current Display FreeFormTask is Task{4bef1f1 #101 type=standard A=10082:android.task.music U=0 visible=true mode=freeform translucent=false sz=1}
03-22 11:04:26.092 1512 11766 W FreeFormWindowHelper: Current Display FreeFormTask is Task{4bef1f1 #101 type=standard A=10082:android.task.music U=0 visible=true mode=freeform translucent=false sz=1}
03-22 11:04:26.094 1512 1697 I input_interaction: Interaction with: swipe-up (server), edge-swipe (server), PointerEventDispatcher0 (server),
03-22 11:04:26.097 1512 5223 W ActivityTaskManager: getTaskSnapshot: taskId=354 not found
03-22 11:04:26.098 1512 5223 W ActivityTaskManager: getTaskSnapshot: taskId=354 not found
03-22 11:04:26.107 1512 5223 W FreeFormWindowHelper: Current Display FreeFormTask is Task{4bef1f1 #101 type=standard A=10082:android.task.music U=0 visible=true mode=freeform translucent=false sz=1}
03-22 11:04:26.107 1512 5223 W FreeFormWindowHelper: Current Display FreeFormTask is Task{4bef1f1 #101 type=standard A=10082:android.task.music U=0 visible=true mode=freeform translucent=false sz=1}
03-22 11:04:26.123 1512 11766 W FreeFormWindowHelper: Current Display FreeFormTask is Task{4bef1f1 #101 type=standard A=10082:android.task.music U=0 visible=true mode=freeform translucent=false sz=1}
03-22 11:04:26.124 1512 5223 W FreeFormWindowHelper: Current Display FreeFormTask is Task{4bef1f1 #101 type=standard A=10082:android.task.music U=0 visible=true mode=freeform translucent=false sz=1}
03-22 11:04:26.271 1512 1684 I commit_sys_config_file: [settings-1-0,12]
03-22 11:04:26.465 1512 5223 W FreeFormWindowHelper: Current Display FreeFormTask is Task{4bef1f1 #101 type=standard A=10082:android.task.music U=0 visible=true mode=freeform translucent=false sz=1}
03-22 11:04:26.466 1512 5223 W FreeFormWindowHelper: Current Display FreeFormTask is Task{4bef1f1 #101 type=standard A=10082:android.task.music U=0 visible=true mode=freeform translucent=false sz=1}
03-22 11:04:26.477 1512 11766 W FreeFormWindowHelper: Current Display FreeFormTask is Task{4bef1f1 #101 type=standard A=10082:android.task.music U=0 visible=true mode=freeform translucent=false sz=1}
03-22 11:04:26.477 1512 11766 W FreeFormWindowHelper: Current Display FreeFormTask is Task{4bef1f1 #101 type=standard A=10082:android.task.music U=0 visible=true mode=freeform translucent=false sz=1}
03-22 11:04:26.493 1512 11766 W FreeFormWindowHelper: Current Display FreeFormTask is Task{4bef1f1 #101 type=standard A=10082:android.task.music U=0 visible=true mode=freeform translucent=false sz=1}
03-22 11:04:26.494 1512 5223 W FreeFormWindowHelper: Current Display FreeFormTask is Task{4bef1f1 #101 type=standard A=10082:android.task.music U=0 visible=true mode=freeform translucent=false sz=1}
03-22 11:04:26.511 1512 5223 W FreeFormWindowHelper: Current Display FreeFormTask is Task{4bef1f1 #101 type=standard A=10082:android.task.music U=0 visible=true mode=freeform translucent=false sz=1}
03-22 11:04:26.512 1512 5223 W FreeFormWindowHelper: Current Display FreeFormTask is Task{4bef1f1 #101 type=standard A=10082:android.task.music U=0 visible=true mode=freeform translucent=false sz=1}
03-22 11:04:26.528 1512 11766 W FreeFormWindowHelper: Current Display FreeFormTask is Task{4bef1f1 #101 type=standard A=10082:android.task.music U=0 visible=true mode=freeform translucent=false sz=1}
03-22 11:04:26.529 1512 11766 W FreeFormWindowHelper: Current Display FreeFormTask is Task{4bef1f1 #101 type=standard A=10082:android.task.music U=0 visible=true mode=freeform translucent=false sz=1}
03-22 11:04:26.549 1512 11766 W FreeFormWindowHelper: Current Display FreeFormTask is Task{4bef1f1 #101 type=standard A=10082:android.task.music U=0 visible=true mode=freeform translucent=false sz=1}
03-22 11:04:26.550 1512 11766 W FreeFormWindowHelper: Current Display FreeFormTask is Task{4bef1f1 #101 type=standard A=10082:android.task.music U=0 visible=true mode=freeform translucent=false sz=1}
03-22 11:04:26.565 1512 11766 W FreeFormWindowHelper: Current Display FreeFormTask is Task{4bef1f1 #101 type=standard A=10082:android.task.music U=0 visible=true mode=freeform translucent=false sz=1}
03-22 11:04:26.566 1512 11766 W FreeFormWindowHelper: Current Display FreeFormTask is Task{4bef1f1 #101 type=standard A=10082:android.task.music U=0 visible=true mode=freeform translucent=false sz=1}
03-22 11:04:26.581 1512 11766 W FreeFormWindowHelper: Current Display FreeFormTask is Task{4bef1f1 #101 type=standard A=10082:android.task.music U=0 visible=true mode=freeform translucent=false sz=1}
03-22 11:04:26.582 1512 11766 W FreeFormWindowHelper: Current Display FreeFormTask is Task{4bef1f1 #101 type=standard A=10082:android.task.music U=0 visible=true mode=freeform translucent=false sz=1}
03-22 11:04:26.598 1512 5223 W FreeFormWindowHelper: Current Display FreeFormTask is Task{4bef1f1 #101 type=standard A=10082:android.task.music U=0 visible=true mode=freeform translucent=false sz=1}
03-22 11:04:26.599 1512 5223 W FreeFormWindowHelper: Current Display FreeFormTask is Task{4bef1f1 #101 type=standard A=10082:android.task.music U=0 visible=true mode=freeform translucent=false sz=1}
03-22 11:04:26.616 1512 11766 W FreeFormWindowHelper: Current Display FreeFormTask is Task{4bef1f1 #101 type=standard A=10082:android.task.music U=0 visible=true mode=freeform translucent=false sz=1}
03-22 11:04:26.617 1512 11766 W FreeFormWindowHelper: Current Display FreeFormTask is Task{4bef1f1 #101 type=standard A=10082:android.task.music U=0 visible=true mode=freeform translucent=false sz=1}
03-22 11:04:26.632 1512 5223 W FreeFormWindowHelper: Current Display FreeFormTask is Task{4bef1f1 #101 type=standard A=10082:android.task.music U=0 visible=true mode=freeform translucent=false sz=1}
03-22 11:04:26.633 1512 5223 W FreeFormWindowHelper: Current Display FreeFormTask is Task{4bef1f1 #101 type=standard A=10082:android.task.music U=0 visible=true mode=freeform translucent=false sz=1}
03-22 11:04:26.648 1512 5223 W FreeFormWindowHelper: Current Display FreeFormTask is Task{4bef1f1 #101 type=standard A=10082:android.task.music U=0 visible=true mode=freeform translucent=false sz=1}
03-22 11:04:26.649 1512 5223 W FreeFormWindowHelper: Current Display FreeFormTask is Task{4bef1f1 #101 type=standard A=10082:android.task.music U=0 visible=true mode=freeform translucent=false sz=1}
03-22 11:04:26.655 1512 1684 I commit_sys_config_file: [settings-1-0,5]
03-22 11:04:26.665 1512 5223 W FreeFormWindowHelper: Current Display FreeFormTask is Task{4bef1f1 #101 type=standard A=10082:android.task.music U=0 visible=true mode=freeform translucent=false sz=1}
03-22 11:04:26.665 1512 5223 W FreeFormWindowHelper: Current Display FreeFormTask is Task{4bef1f1 #101 type=standard A=10082:android.task.music U=0 visible=true mode=freeform translucent=false sz=1}
03-22 11:04:26.681 1512 5223 W FreeFormWindowHelper: Current Display FreeFormTask is Task{4bef1f1 #101 type=standard A=10082:android.task.music U=0 visible=true mode=freeform translucent=false sz=1}
03-22 11:04:26.681 1512 5223 W FreeFormWindowHelper: Current Display FreeFormTask is Task{4bef1f1 #101 type=standard A=10082:android.task.music U=0 visible=true mode=freeform translucent=false sz=1}
03-22 11:04:26.699 1512 5223 W FreeFormWindowHelper: Current Display FreeFormTask is Task{4bef1f1 #101 type=standard A=10082:android.task.music U=0 visible=true mode=freeform translucent=false sz=1}
03-22 11:04:26.700 1512 5223 W FreeFormWindowHelper: Current Display FreeFormTask is Task{4bef1f1 #101 type=standard A=10082:android.task.music U=0 visible=true mode=freeform translucent=false sz=1}
03-22 11:04:26.718 1512 5223 W FreeFormWindowHelper: Current Display FreeFormTask is Task{4bef1f1 #101 type=standard A=10082:android.task.music U=0 visible=true mode=freeform translucent=false sz=1}
03-22 11:04:26.719 1512 11766 W FreeFormWindowHelper: Current Display FreeFormTask is Task{4bef1f1 #101 type=standard A=10082:android.task.music U=0 visible=true mode=freeform translucent=false sz=1}
03-22 11:04:26.733 1512 11766 W FreeFormWindowHelper: Current Display FreeFormTask is Task{4bef1f1 #101 type=standard A=10082:android.task.music U=0 visible=true mode=freeform translucent=false sz=1}
03-22 11:04:26.734 1512 11766 W FreeFormWindowHelper: Current Display FreeFormTask is Task{4bef1f1 #101 type=standard A=10082:android.task.music U=0 visible=true mode=freeform translucent=false sz=1}
03-22 11:04:26.750 1512 11766 W FreeFormWindowHelper: Current Display FreeFormTask is Task{4bef1f1 #101 type=standard A=10082:android.task.music U=0 visible=true mode=freeform translucent=false sz=1}
03-22 11:04:26.751 1512 11766 W FreeFormWindowHelper: Current Display FreeFormTask is Task{4bef1f1 #101 type=standard A=10082:android.task.music U=0 visible=true mode=freeform translucent=false sz=1}
03-22 11:04:26.768 1512 11766 I wm_finish_activity: [0,111984922,101,com.android.music/.MusicBrowserActivity,app-request]
03-22 11:04:26.768 1512 11766 I wm_task_moved: [1,1,7]
03-22 11:04:26.772 1512 11766 I wm_set_resumed_activity: [0,com.android.launcher3/.uioverrides.QuickstepLauncher,positionChildAt]
03-22 11:04:26.772 1512 11766 I wm_task_moved: [32,1,2147483647]
03-22 11:04:26.772 1512 11766 I wm_task_to_front: [0,32]
03-22 11:04:26.772 1512 11766 I wm_focused_root_task: [0,0,1,-1,finish-top adjustFocusToNextFocusableTask]
03-22 11:04:26.772 1512 11766 I wm_set_resumed_activity: [0,com.android.launcher3/.uioverrides.QuickstepLauncher,finish-top]
03-22 11:04:26.773 18332 18332 I wm_on_top_resumed_lost_called: [111984922,com.android.music.MusicBrowserActivity,topStateChangedWhenResumed]
03-22 11:04:26.777 1512 11766 I wm_pause_activity: [0,111984922,com.android.music/.MusicBrowserActivity,userLeaving=false,finish]
03-22 11:04:26.781 1512 1611 I input_focus: [Focus request a81a7d0 com.android.launcher3/com.android.launcher3.uioverrides.QuickstepLauncher,reason=UpdateInputWindows]
03-22 11:04:26.782 1512 11966 W FreeFormWindowHelper: Current Display FreeFormTask is Task{4bef1f1 #101 type=standard A=10082:android.task.music U=0 visible=false mode=freeform translucent=true sz=1}
03-22 11:04:26.783 18332 18332 I wm_on_paused_called: [111984922,com.android.music.MusicBrowserActivity,performPause]
03-22 11:04:26.784 1512 11966 W FreeFormWindowHelper: Current Display FreeFormTask is Task{4bef1f1 #101 type=standard A=10082:android.task.music U=0 visible=false mode=freeform translucent=true sz=1}
03-22 11:04:26.785 1512 11966 W FreeFormWindowHelper: Current Display FreeFormTask is Task{4bef1f1 #101 type=standard A=10082:android.task.music U=0 visible=false mode=freeform translucent=true sz=1}
03-22 11:04:26.787 1512 11766 I ActivityTaskManager: FOREGROUND_APPLICATION_CHANGED to com.android.launcher3.uioverrides.QuickstepLauncher
03-22 11:04:26.787 1512 11766 I wm_destroy_activity: [0,111984922,101,com.android.music/.MusicBrowserActivity,finish-imm:completePausedLocked]
03-22 11:04:26.797 1512 1697 I input_focus: [Focus leaving c4bd370 com.android.music/com.android.music.MusicBrowserActivity (server),reason=NO_WINDOW]
03-22 11:04:26.797 1512 1697 I input_focus: [Focus entering a81a7d0 com.android.launcher3/com.android.launcher3.uioverrides.QuickstepLauncher (server),reason=setFocusedWindow]
03-22 11:04:26.807 1512 5223 W ActivityManager: Receiver with filter android.content.IntentFilter@116c5fb already registered for pid 18332, callerPackage is com.android.music
03-22 11:04:26.808 1512 1610 I sysui_multi_action: [757,803,799,window_time_0,802,7]
03-22 11:04:26.815 18332 18332 I wm_on_stop_called: [111984922,com.android.music.MusicBrowserActivity,LIFECYCLER_STOP_ACTIVITY]
03-22 11:04:26.821 18332 18332 I wm_on_destroy_called: [111984922,com.android.music.MusicBrowserActivity,performDestroy]
03-22 11:04:26.839 1512 11965 W FreeFormWindowHelper: Current Display FreeFormTask is Task{4bef1f1 #101 type=standard A=10082:android.task.music U=0 visible=false mode=freeform translucent=true sz=1}
03-22 11:04:26.842 1512 11965 W FreeFormWindowHelper: Current Display FreeFormTask is Task{4bef1f1 #101 type=standard A=10082:android.task.music U=0 visible=false mode=freeform translucent=true sz=1}
03-22 11:04:26.843 1512 11965 W FreeFormWindowHelper: Current Display FreeFormTask is Task{4bef1f1 #101 type=standard A=10082:android.task.music U=0 visible=false mode=freeform translucent=true sz=1}
03-22 11:04:26.846 2573 2573 I wm_on_top_resumed_gained_called: [70633193,com.android.launcher3.uioverrides.QuickstepLauncher,topStateChangedWhenResumed]
03-22 11:04:26.892 1512 11965 W FreeFormWindowHelper: Current Display FreeFormTask is Task{4bef1f1 #101 type=standard A=10082:android.task.music U=0 visible=false mode=freeform translucent=true sz=1}
03-22 11:04:27.094 1512 1611 I wm_task_removed: [101,removeChild:removeChild last r=ActivityRecord{6acc11a u0 com.android.music/.MusicBrowserActivity t-1 f}} in t=Task{4bef1f1 #101 type=standard A=10082:android.task.music U=0 visible=false mode=freeform translucent=true sz=0}]
03-22 11:04:27.094 1512 1611 I wm_task_removed: [101,removeChild]
03-22 11:04:27.094 1512 1611 D FreeFormWindowHelper: Remove freefrom task=Task{4bef1f1 #101 type=standard A=10082:android.task.music U=0 visible=false mode=freeform translucent=true sz=0}
03-22 11:04:27.187 0 0 I auditd : type=1400 audit(0.0:22006): avc: denied { kill } for comm="swapper/2" capability=5 scontext=u:r:kernel:s0 tcontext=u:r:kernel:s0 tclass=capability permissive=0
01-01 17:29:16.447 0 0 E DTC_Display: screen not ready
03-22 11:04:28.187 0 0 I auditd : type=1400 audit(0.0:22007): avc: denied { kill } for comm="swapper/2" capability=5 scontext=u:r:kernel:s0 tcontext=u:r:kernel:s0 tclass=capability permissive=0
03-22 11:04:29.187 0 0 I auditd : type=1400 audit(0.0:22008): avc: denied { kill } for comm="swapper/2" capability=5 scontext=u:r:kernel:s0 tcontext=u:r:kernel:s0 tclass=capability permissive=0
03-22 11:04:29.384 1512 1697 I input_interaction: Interaction with: a81a7d0 com.android.launcher3/com.android.launcher3.uioverrides.QuickstepLauncher (server), d87d679 com.android.systemui.ImageWallpaper (server), swipe-up (server), edge-swipe (server), PointerEventDispatcher0 (server),
03-22 11:04:29.497 1512 1546 I thunderperf: PlatormCompat.setOverrides: Uid1=10076 Pid1=2573 Uid2=10076 Pid2=2573
03-22 11:04:29.497 1512 1546 I thunderperf: PlatormCompat.setOverrides: needCheck:false
03-22 11:04:29.497 1512 1546 I thunderperf: CompatConfig.addOverrideUnsafe: bef-state=1
03-22 11:04:29.498 1512 1546 E thunderperf: CompatConfig.addOverrideUnsafe: exception:java.lang.SecurityException: Cannot override a change on a non-debuggable app and user build.
03-22 11:04:29.498 1512 1546 I thunderperf: CompatConfig.addOverrideUnsafe: aft-state=1
03-22 11:04:29.499 1512 1546 I thunderperf: CompatConfig.addOverrideUnsafe: bef-state=1
03-22 11:04:29.500 1512 1546 E thunderperf: CompatConfig.addOverrideUnsafe: exception:java.lang.SecurityException: Cannot override a change on a non-debuggable app and user build.
03-22 11:04:29.500 1512 1546 I thunderperf: CompatConfig.addOverrideUnsafe: aft-state=1
03-22 11:04:29.501 1512 1546 I thunderperf: CompatConfig.addOverrideUnsafe: bef-state=1
03-22 11:04:29.501 1512 1546 E thunderperf: CompatConfig.addOverrideUnsafe: exception:java.lang.SecurityException: Cannot override a change on a non-debuggable app and user build.
03-22 11:04:29.501 1512 1546 I thunderperf: CompatConfig.addOverrideUnsafe: aft-state=1
03-22 11:04:29.502 1512 1546 I thunderperf: CompatConfig.addOverrideUnsafe: bef-state=1
03-22 11:04:29.503 1512 1546 E thunderperf: CompatConfig.addOverrideUnsafe: exception:java.lang.SecurityException: Cannot override a change on a non-debuggable app and user build.
03-22 11:04:29.503 1512 1546 I thunderperf: CompatConfig.addOverrideUnsafe: aft-state=1
03-22 11:04:29.504 1512 1546 I thunderperf: CompatConfig.addOverrideUnsafe: bef-state=1
03-22 11:04:29.504 1512 1546 E thunderperf: CompatConfig.addOverrideUnsafe: exception:java.lang.SecurityException: Cannot override a change on a non-debuggable app and user build.
03-22 11:04:29.504 1512 1546 I thunderperf: CompatConfig.addOverrideUnsafe: aft-state=1
03-22 11:04:29.505 1512 1546 I thunderperf: CompatConfig.addOverrideUnsafe: bef-state=1
03-22 11:04:29.506 1512 1546 E thunderperf: CompatConfig.addOverrideUnsafe: exception:java.lang.SecurityException: Cannot override a change on a non-debuggable app and user build.
03-22 11:04:29.506 1512 1546 I thunderperf: CompatConfig.addOverrideUnsafe: aft-state=1
03-22 11:04:29.507 1512 1546 I thunderperf: CompatConfig.addOverrideUnsafe: bef-state=1
03-22 11:04:29.507 1512 1546 E thunderperf: CompatConfig.addOverrideUnsafe: exception:java.lang.SecurityException: Cannot override a change on a non-debuggable app and user build.
03-22 11:04:29.507 1512 1546 I thunderperf: CompatConfig.addOverrideUnsafe: aft-state=1
03-22 11:04:29.508 1512 1546 I thunderperf: CompatConfig.addOverrideUnsafe: bef-state=1
03-22 11:04:29.508 1512 1546 E thunderperf: CompatConfig.addOverrideUnsafe: exception:java.lang.SecurityException: Cannot override a change on a non-debuggable app and user build.
03-22 11:04:29.509 1512 1546 I thunderperf: CompatConfig.addOverrideUnsafe: aft-state=1
03-22 11:04:29.509 1512 1546 I thunderperf: CompatConfig.addOverrideUnsafe: bef-state=1
03-22 11:04:29.510 1512 1546 E thunderperf: CompatConfig.addOverrideUnsafe: exception:java.lang.SecurityException: Cannot override a change on a non-debuggable app and user build.
03-22 11:04:29.510 1512 1546 I thunderperf: CompatConfig.addOverrideUnsafe: aft-state=1
03-22 11:04:29.511 1512 1546 I thunderperf: CompatConfig.addOverrideUnsafe: bef-state=1
03-22 11:04:29.511 1512 1546 E thunderperf: CompatConfig.addOverrideUnsafe: exception:java.lang.SecurityException: Cannot override a change on a non-debuggable app and user build.
03-22 11:04:29.511 1512 1546 I thunderperf: CompatConfig.addOverrideUnsafe: aft-state=1
03-22 11:04:29.512 1512 1546 I thunderperf: CompatConfig.addOverrideUnsafe: bef-state=1
03-22 11:04:29.512 1512 1546 E thunderperf: CompatConfig.addOverrideUnsafe: exception:java.lang.SecurityException: Cannot override a change on a non-debuggable app and user build.
03-22 11:04:29.512 1512 1546 I thunderperf: CompatConfig.addOverrideUnsafe: aft-state=1
03-22 11:04:29.513 1512 1546 I thunderperf: CompatConfig.addOverrideUnsafe: bef-state=1
03-22 11:04:29.513 1512 1546 E thunderperf: CompatConfig.addOverrideUnsafe: exception:java.lang.SecurityException: Cannot override a change on a non-debuggable app and user build.
03-22 11:04:29.513 1512 1546 I thunderperf: CompatConfig.addOverrideUnsafe: aft-state=1
03-22 11:04:29.514 1512 1546 I thunderperf: CompatConfig.addOverrideUnsafe: bef-state=1
03-22 11:04:29.515 1512 1546 E thunderperf: CompatConfig.addOverrideUnsafe: exception:java.lang.SecurityException: Cannot override a change on a non-debuggable app and user build.
03-22 11:04:29.515 1512 1546 I thunderperf: CompatConfig.addOverrideUnsafe: aft-state=1
03-22 11:04:29.515 1512 1546 I thunderperf: CompatConfig.addOverrideUnsafe: bef-state=1
03-22 11:04:29.515 1512 1546 E thunderperf: CompatConfig.addOverrideUnsafe: exception:java.lang.SecurityException: Cannot override a change on a non-debuggable app and user build.
03-22 11:04:29.515 1512 1546 I thunderperf: CompatConfig.addOverrideUnsafe: aft-state=1
03-22 11:04:29.522 1512 1546 I ActivityTaskManager: START u0 {act=android.intent.action.MAIN cat=[android.intent.category.LAUNCHER] flg=0x10200000 cmp=com.android.gallery3d/.app.GalleryActivity} from uid 10076
03-22 11:04:29.524 1512 1546 I wm_task_moved: [113,1,6]
03-22 11:04:29.524 1512 1546 I wm_task_to_front: [0,113]
03-22 11:04:29.525 1512 1546 I wm_focused_root_task: [0,0,113,1,bringingFoundTaskToFront]
03-22 11:04:29.525 1512 1546 I wm_set_resumed_activity: [0,com.android.gallery3d/.app.GalleryActivity,bringingFoundTaskToFront]
03-22 11:04:29.527 1512 1546 D CompatibilityChangeReporter: Compat change id reported: 174042980; UID 10065; state: DISABLED
03-22 11:04:29.527 1512 1546 D CompatibilityChangeReporter: Compat change id reported: 184838306; UID 10065; state: DISABLED
03-22 11:04:29.528 1512 1546 D CompatibilityChangeReporter: Compat change id reported: 185004937; UID 10065; state: DISABLED
03-22 11:04:29.528 1512 1546 D CompatibilityChangeReporter: Compat change id reported: 181136395; UID 10065; state: DISABLED
03-22 11:04:29.529 1512 1546 D CompatibilityChangeReporter: Compat change id reported: 174042936; UID 10065; state: DISABLED
03-22 11:04:29.530 1512 1546 D FreeFormWindowHelper: Add freeform task=Task{6edeb65 #113 type=standard A=10065:com.android.gallery3d U=0 visible=true mode=freeform translucent=true sz=1}
03-22 11:04:29.530 1512 1546 I ActivityTaskManager: clear resize flag in freeform mode
03-22 11:04:29.531 1512 1546 I ActivityTaskManager: FOREGROUND_APPLICATION_CHANGED to com.android.gallery3d.app.GalleryActivity
03-22 11:04:29.531 1512 1546 I wm_set_resumed_activity: [0,com.android.gallery3d/.app.GalleryActivity,resumeTopActivityInnerLocked]
03-22 11:04:29.532 1512 1546 I wm_resume_activity: [0,107659848,113,com.android.gallery3d/.app.GalleryActivity]
03-22 11:04:29.534 1512 1546 D CompatibilityChangeReporter: Compat change id reported: 168419799; UID 10065; state: DISABLED
03-22 11:04:29.542 2573 2573 I wm_on_top_resumed_lost_called: [70633193,com.android.launcher3.uioverrides.QuickstepLauncher,topStateChangedWhenResumed]
03-22 11:04:29.546 1512 1546 W FreeFormWindowHelper: exitRecentTasks type=1
03-22 11:04:29.551 6785 6785 I wm_on_restart_called: [107659848,com.android.gallery3d.app.GalleryActivity,performRestartActivity]
03-22 11:04:29.552 6785 6785 I wm_on_start_called: [107659848,com.android.gallery3d.app.GalleryActivity,handleStartActivity]
03-22 11:04:29.556 6785 6785 I wm_on_resume_called: [107659848,com.android.gallery3d.app.GalleryActivity,RESUME_ACTIVITY]
03-22 11:04:29.556 6785 6785 I wm_on_top_resumed_gained_called: [107659848,com.android.gallery3d.app.GalleryActivity,topStateChangedWhenResumed]
03-22 11:04:29.566 1512 11966 W WindowManager: updateScale : 0.8
03-22 11:04:29.572 1512 1611 I input_focus: [Focus request 570b4cb com.android.gallery3d/com.android.gallery3d.app.GalleryActivity,reason=UpdateInputWindows]
03-22 11:04:29.585 1512 1610 W WindowManager: updateScale : 0.8
03-22 11:04:29.591 1512 11966 W WindowManager: updateScale : 0.8
03-22 11:04:29.603 1512 1697 I input_focus: [Focus leaving a81a7d0 com.android.launcher3/com.android.launcher3.uioverrides.QuickstepLauncher (server),reason=Waiting for window because NOT_VISIBLE]
03-22 11:04:29.608 1512 1611 W WindowManager: updateScale : 0.8
03-22 11:04:29.610 1512 1611 W WindowManager: updateScale : 0.8
03-22 11:04:29.611 1512 1611 W WindowManager: updateScale : 0.8
03-22 11:04:29.612 1512 1610 W WindowManager: updateScale : 0.8
03-22 11:04:29.613 1512 1607 I sysui_multi_action: [319,87,322,87,325,30192,757,761,758,9,759,2,806,com.android.gallery3d,871,com.android.gallery3d.app.GalleryActivity,904,com.android.launcher3,905,0,1320,8,1321,5]
03-22 11:04:29.618 1512 1697 I input_focus: [Focus entering 570b4cb com.android.gallery3d/com.android.gallery3d.app.GalleryActivity (server),reason=Window became focusable. Previous reason: NOT_VISIBLE]
03-22 11:04:29.889 1512 1611 W WindowManager: updateScale : 0.8
01-01 17:29:19.139 0 0 E DTC_ETH,link_delay_work_func: 3003, SQI=0, link=0
03-22 11:04:30.187 0 0 I auditd : type=1400 audit(0.0:22009): avc: denied { kill } for comm="swapper/2" capability=5 scontext=u:r:kernel:s0 tcontext=u:r:kernel:s0 tclass=capability permissive=0
03-22 11:04:30.790 1512 1546 W FreeFormWindowHelper: Current Display FreeFormTask is Task{6edeb65 #113 type=standard A=10065:com.android.gallery3d U=0 visible=true mode=freeform translucent=false sz=1}
03-22 11:04:30.792 1512 11965 W FreeFormWindowHelper: Current Display FreeFormTask is Task{6edeb65 #113 type=standard A=10065:com.android.gallery3d U=0 visible=true mode=freeform translucent=false sz=1}
03-22 11:04:30.793 1512 1546 W FreeFormWindowHelper: Current Display FreeFormTask is Task{6edeb65 #113 type=standard A=10065:com.android.gallery3d U=0 visible=true mode=freeform translucent=false sz=1}
03-22 11:04:30.807 1512 11965 W FreeFormWindowHelper: Current Display FreeFormTask is Task{6edeb65 #113 type=standard A=10065:com.android.gallery3d U=0 visible=true mode=freeform translucent=false sz=1}
03-22 11:04:30.808 1512 11965 W FreeFormWindowHelper: Current Display FreeFormTask is Task{6edeb65 #113 type=standard A=10065:com.android.gallery3d U=0 visible=true mode=freeform translucent=false sz=1}
03-22 11:04:30.809 2573 2573 I view_enqueue_input_event: [Motion - Cancel,com.android.launcher3/com.android.launcher3.uioverrides.QuickstepLauncher]
03-22 11:04:30.809 1512 11966 W FreeFormWindowHelper: Current Display FreeFormTask is Task{6edeb65 #113 type=standard A=10065:com.android.gallery3d U=0 visible=true mode=freeform translucent=false sz=1}
03-22 11:04:30.810 1512 11965 W FreeFormWindowHelper: Current Display FreeFormTask is Task{6edeb65 #113 type=standard A=10065:com.android.gallery3d U=0 visible=true mode=freeform translucent=false sz=1}
03-22 11:04:30.811 1512 11965 W FreeFormWindowHelper: Current Display FreeFormTask is Task{6edeb65 #113 type=standard A=10065:com.android.gallery3d U=0 visible=true mode=freeform translucent=false sz=1}
03-22 11:04:30.811 1512 11965 W FreeFormWindowHelper: Current Display FreeFormTask is Task{6edeb65 #113 type=standard A=10065:com.android.gallery3d U=0 visible=true mode=freeform translucent=false sz=1}
03-22 11:04:30.811 1512 1546 W FreeFormWindowHelper: Current Display FreeFormTask is Task{6edeb65 #113 type=standard A=10065:com.android.gallery3d U=0 visible=true mode=freeform translucent=false sz=1}
03-22 11:04:30.812 1512 11766 W FreeFormWindowHelper: Current Display FreeFormTask is Task{6edeb65 #113 type=standard A=10065:com.android.gallery3d U=0 visible=true mode=freeform translucent=false sz=1}
03-22 11:04:30.812 1512 11766 W FreeFormWindowHelper: Current Display FreeFormTask is Task{6edeb65 #113 type=standard A=10065:com.android.gallery3d U=0 visible=true mode=freeform translucent=false sz=1}
03-22 11:04:30.813 1512 11766 W FreeFormWindowHelper: Current Display FreeFormTask is Task{6edeb65 #113 type=standard A=10065:com.android.gallery3d U=0 visible=true mode=freeform translucent=false sz=1}
03-22 11:04:30.813 1512 11766 W FreeFormWindowHelper: Current Display FreeFormTask is Task{6edeb65 #113 type=standard A=10065:com.android.gallery3d U=0 visible=true mode=freeform translucent=false sz=1}
03-22 11:04:30.820 1512 1697 I input_interaction: Interaction with: swipe-up (server), edge-swipe (server), PointerEventDispatcher0 (server),
03-22 11:04:30.831 1512 11966 W ActivityTaskManager: getTaskSnapshot: taskId=75 not found
03-22 11:04:30.834 1512 11966 W ActivityTaskManager: getTaskSnapshot: taskId=75 not found
03-22 11:04:30.835 1512 11966 W ActivityTaskManager: getTaskSnapshot: taskId=76 not found
03-22 11:04:30.835 1512 11766 W FreeFormWindowHelper: Current Display FreeFormTask is Task{6edeb65 #113 type=standard A=10065:com.android.gallery3d U=0 visible=true mode=freeform translucent=false sz=1}
03-22 11:04:30.835 1512 11766 W FreeFormWindowHelper: Current Display FreeFormTask is Task{6edeb65 #113 type=standard A=10065:com.android.gallery3d U=0 visible=true mode=freeform translucent=false sz=1}
03-22 11:04:30.852 1512 11966 W FreeFormWindowHelper: Current Display FreeFormTask is Task{6edeb65 #113 type=standard A=10065:com.android.gallery3d U=0 visible=true mode=freeform translucent=false sz=1}
03-22 11:04:30.852 1512 11966 W FreeFormWindowHelper: Current Display FreeFormTask is Task{6edeb65 #113 type=standard A=10065:com.android.gallery3d U=0 visible=true mode=freeform translucent=false sz=1}
03-22 11:04:30.996 1512 1684 I commit_sys_config_file: [settings-1-0,6]
03-22 11:04:31.114 1512 11966 W FreeFormWindowHelper: Current Display FreeFormTask is Task{6edeb65 #113 type=standard A=10065:com.android.gallery3d U=0 visible=true mode=freeform translucent=false sz=1}
03-22 11:04:31.117 1512 11766 W FreeFormWindowHelper: Current Display FreeFormTask is Task{6edeb65 #113 type=standard A=10065:com.android.gallery3d U=0 visible=true mode=freeform translucent=false sz=1}
03-22 11:04:31.159 1512 11966 W FreeFormWindowHelper: exitRecentTasks type=1
03-22 11:04:31.161 1512 11966 W FreeFormWindowHelper: Current Display FreeFormTask is Task{6edeb65 #113 type=standard A=10065:com.android.gallery3d U=0 visible=true mode=freeform translucent=false sz=1}
03-22 11:04:31.161 1512 11966 W FreeFormWindowHelper: Current Display FreeFormTask is Task{6edeb65 #113 type=standard A=10065:com.android.gallery3d U=0 visible=true mode=freeform translucent=false sz=1}
03-22 11:04:31.187 0 0 I auditd : type=1400 audit(0.0:22010): avc: denied { kill } for comm="swapper/2" capability=5 scontext=u:r:kernel:s0 tcontext=u:r:kernel:s0 tclass=capability permissive=0
03-22 11:04:31.367 1512 1684 I commit_sys_config_file: [settings-1-0,6]
03-22 11:04:32.169 1512 1697 I input_interaction: Interaction with: a81a7d0 com.android.launcher3/com.android.launcher3.uioverrides.QuickstepLauncher (server), d87d679 com.android.systemui.ImageWallpaper (server), swipe-up (server), edge-swipe (server), PointerEventDispatcher0 (server),
03-22 11:04:32.187 0 0 I auditd : type=1400 audit(0.0:22011): avc: denied { kill } for comm="swapper/2" capability=5 scontext=u:r:kernel:s0 tcontext=u:r:kernel:s0 tclass=capability permissive=0
03-22 11:04:32.240 1512 11966 W FreeFormWindowHelper: Current Display FreeFormTask is Task{6edeb65 #113 type=standard A=10065:com.android.gallery3d U=0 visible=true mode=freeform translucent=false sz=1}
03-22 11:04:32.242 1512 11766 W FreeFormWindowHelper: Current Display FreeFormTask is Task{6edeb65 #113 type=standard A=10065:com.android.gallery3d U=0 visible=true mode=freeform translucent=false sz=1}
03-22 11:04:32.259 1512 11766 W FreeFormWindowHelper: Current Display FreeFormTask is Task{6edeb65 #113 type=standard A=10065:com.android.gallery3d U=0 visible=true mode=freeform translucent=false sz=1}
03-22 11:04:32.259 1512 11766 W FreeFormWindowHelper: Current Display FreeFormTask is Task{6edeb65 #113 type=standard A=10065:com.android.gallery3d U=0 visible=true mode=freeform translucent=false sz=1}
03-22 11:04:32.260 2573 2573 I view_enqueue_input_event: [Motion - Cancel,com.android.launcher3/com.android.launcher3.uioverrides.QuickstepLauncher]
03-22 11:04:32.261 1512 11966 W FreeFormWindowHelper: Current Display FreeFormTask is Task{6edeb65 #113 type=standard A=10065:com.android.gallery3d U=0 visible=true mode=freeform translucent=false sz=1}
03-22 11:04:32.261 1512 1697 I input_interaction: Interaction with: swipe-up (server), edge-swipe (server), PointerEventDispatcher0 (server),
03-22 11:04:32.262 1512 11766 W FreeFormWindowHelper: Current Display FreeFormTask is Task{6edeb65 #113 type=standard A=10065:com.android.gallery3d U=0 visible=true mode=freeform translucent=false sz=1}
03-22 11:04:32.262 1512 11766 W FreeFormWindowHelper: Current Display FreeFormTask is Task{6edeb65 #113 type=standard A=10065:com.android.gallery3d U=0 visible=true mode=freeform translucent=false sz=1}
03-22 11:04:32.262 1512 11766 W FreeFormWindowHelper: Current Display FreeFormTask is Task{6edeb65 #113 type=standard A=10065:com.android.gallery3d U=0 visible=true mode=freeform translucent=false sz=1}
03-22 11:04:32.263 1512 11766 W FreeFormWindowHelper: Current Display FreeFormTask is Task{6edeb65 #113 type=standard A=10065:com.android.gallery3d U=0 visible=true mode=freeform translucent=false sz=1}
03-22 11:04:32.263 1512 11766 W FreeFormWindowHelper: Current Display FreeFormTask is Task{6edeb65 #113 type=standard A=10065:com.android.gallery3d U=0 visible=true mode=freeform translucent=false sz=1}
03-22 11:04:32.264 1512 11965 W FreeFormWindowHelper: Current Display FreeFormTask is Task{6edeb65 #113 type=standard A=10065:com.android.gallery3d U=0 visible=true mode=freeform translucent=false sz=1}
03-22 11:04:32.265 1512 11766 W FreeFormWindowHelper: Current Display FreeFormTask is Task{6edeb65 #113 type=standard A=10065:com.android.gallery3d U=0 visible=true mode=freeform translucent=false sz=1}
03-22 11:04:32.265 1512 11766 W FreeFormWindowHelper: Current Display FreeFormTask is Task{6edeb65 #113 type=standard A=10065:com.android.gallery3d U=0 visible=true mode=freeform translucent=false sz=1}
03-22 11:04:32.270 1512 11766 W ActivityTaskManager: getTaskSnapshot: taskId=526 not found
03-22 11:04:32.271 1512 11766 W FreeFormWindowHelper: Current Display FreeFormTask is Task{6edeb65 #113 type=standard A=10065:com.android.gallery3d U=0 visible=true mode=freeform translucent=false sz=1}
03-22 11:04:32.272 1512 11766 W FreeFormWindowHelper: Current Display FreeFormTask is Task{6edeb65 #113 type=standard A=10065:com.android.gallery3d U=0 visible=true mode=freeform translucent=false sz=1}
03-22 11:04:32.272 1512 11966 W ActivityTaskManager: getTaskSnapshot: taskId=527 not found
03-22 11:04:32.273 1512 11966 W ActivityTaskManager: getTaskSnapshot: taskId=527 not found
03-22 11:04:32.287 1512 11966 W FreeFormWindowHelper: Current Display FreeFormTask is Task{6edeb65 #113 type=standard A=10065:com.android.gallery3d U=0 visible=true mode=freeform translucent=false sz=1}
03-22 11:04:32.288 1512 11966 W FreeFormWindowHelper: Current Display FreeFormTask is Task{6edeb65 #113 type=standard A=10065:com.android.gallery3d U=0 visible=true mode=freeform translucent=false sz=1}
03-22 11:04:32.305 1512 11766 W FreeFormWindowHelper: Current Display FreeFormTask is Task{6edeb65 #113 type=standard A=10065:com.android.gallery3d U=0 visible=true mode=freeform translucent=false sz=1}
03-22 11:04:32.305 1512 11766 W FreeFormWindowHelper: Current Display FreeFormTask is Task{6edeb65 #113 type=standard A=10065:com.android.gallery3d U=0 visible=true mode=freeform translucent=false sz=1}
03-22 11:04:32.443 1512 1684 I commit_sys_config_file: [settings-1-0,4]
03-22 11:04:32.595 1512 11966 W FreeFormWindowHelper: Current Display FreeFormTask is Task{6edeb65 #113 type=standard A=10065:com.android.gallery3d U=0 visible=true mode=freeform translucent=false sz=1}
03-22 11:04:32.603 1512 11766 W FreeFormWindowHelper: Current Display FreeFormTask is Task{6edeb65 #113 type=standard A=10065:com.android.gallery3d U=0 visible=true mode=freeform translucent=false sz=1}
03-22 11:04:32.608 1512 11966 W FreeFormWindowHelper: Current Display FreeFormTask is Task{6edeb65 #113 type=standard A=10065:com.android.gallery3d U=0 visible=true mode=freeform translucent=false sz=1}
03-22 11:04:32.608 1512 11966 W FreeFormWindowHelper: Current Display FreeFormTask is Task{6edeb65 #113 type=standard A=10065:com.android.gallery3d U=0 visible=true mode=freeform translucent=false sz=1}
03-22 11:04:32.624 1512 11766 W FreeFormWindowHelper: Current Display FreeFormTask is Task{6edeb65 #113 type=standard A=10065:com.android.gallery3d U=0 visible=true mode=freeform translucent=false sz=1}
03-22 11:04:32.624 1512 11766 W FreeFormWindowHelper: Current Display FreeFormTask is Task{6edeb65 #113 type=standard A=10065:com.android.gallery3d U=0 visible=true mode=freeform translucent=false sz=1}
03-22 11:04:32.641 1512 11965 W FreeFormWindowHelper: Current Display FreeFormTask is Task{6edeb65 #113 type=standard A=10065:com.android.gallery3d U=0 visible=true mode=freeform translucent=false sz=1}
03-22 11:04:32.642 1512 11966 W FreeFormWindowHelper: Current Display FreeFormTask is Task{6edeb65 #113 type=standard A=10065:com.android.gallery3d U=0 visible=true mode=freeform translucent=false sz=1}
03-22 11:04:32.657 1512 11966 W FreeFormWindowHelper: Current Display FreeFormTask is Task{6edeb65 #113 type=standard A=10065:com.android.gallery3d U=0 visible=true mode=freeform translucent=false sz=1}
03-22 11:04:32.658 1512 11966 W FreeFormWindowHelper: Current Display FreeFormTask is Task{6edeb65 #113 type=standard A=10065:com.android.gallery3d U=0 visible=true mode=freeform translucent=false sz=1}
03-22 11:04:32.674 1512 1546 W FreeFormWindowHelper: Current Display FreeFormTask is Task{6edeb65 #113 type=standard A=10065:com.android.gallery3d U=0 visible=true mode=freeform translucent=false sz=1}
03-22 11:04:32.675 1512 1546 W FreeFormWindowHelper: Current Display FreeFormTask is Task{6edeb65 #113 type=standard A=10065:com.android.gallery3d U=0 visible=true mode=freeform translucent=false sz=1}
03-22 11:04:32.695 1512 11966 W FreeFormWindowHelper: Current Display FreeFormTask is Task{6edeb65 #113 type=standard A=10065:com.android.gallery3d U=0 visible=true mode=freeform translucent=false sz=1}
03-22 11:04:32.696 1512 11766 W FreeFormWindowHelper: Current Display FreeFormTask is Task{6edeb65 #113 type=standard A=10065:com.android.gallery3d U=0 visible=true mode=freeform translucent=false sz=1}
03-22 11:04:32.711 1512 11966 W FreeFormWindowHelper: Current Display FreeFormTask is Task{6edeb65 #113 type=standard A=10065:com.android.gallery3d U=0 visible=true mode=freeform translucent=false sz=1}
03-22 11:04:32.712 1512 11966 W FreeFormWindowHelper: Current Display FreeFormTask is Task{6edeb65 #113 type=standard A=10065:com.android.gallery3d U=0 visible=true mode=freeform translucent=false sz=1}
03-22 11:04:32.728 1512 1546 W FreeFormWindowHelper: Current Display FreeFormTask is Task{6edeb65 #113 type=standard A=10065:com.android.gallery3d U=0 visible=true mode=freeform translucent=false sz=1}
03-22 11:04:32.729 1512 1546 W FreeFormWindowHelper: Current Display FreeFormTask is Task{6edeb65 #113 type=standard A=10065:com.android.gallery3d U=0 visible=true mode=freeform translucent=false sz=1}
03-22 11:04:32.744 1512 1546 W FreeFormWindowHelper: Current Display FreeFormTask is Task{6edeb65 #113 type=standard A=10065:com.android.gallery3d U=0 visible=true mode=freeform translucent=false sz=1}
03-22 11:04:32.745 1512 1546 W FreeFormWindowHelper: Current Display FreeFormTask is Task{6edeb65 #113 type=standard A=10065:com.android.gallery3d U=0 visible=true mode=freeform translucent=false sz=1}
03-22 11:04:32.764 1512 11766 W FreeFormWindowHelper: Current Display FreeFormTask is Task{6edeb65 #113 type=standard A=10065:com.android.gallery3d U=0 visible=true mode=freeform translucent=false sz=1}
03-22 11:04:32.765 1512 11766 W FreeFormWindowHelper: Current Display FreeFormTask is Task{6edeb65 #113 type=standard A=10065:com.android.gallery3d U=0 visible=true mode=freeform translucent=false sz=1}
03-22 11:04:32.778 1512 11966 W FreeFormWindowHelper: Current Display FreeFormTask is Task{6edeb65 #113 type=standard A=10065:com.android.gallery3d U=0 visible=true mode=freeform translucent=false sz=1}
03-22 11:04:32.779 1512 11966 W FreeFormWindowHelper: Current Display FreeFormTask is Task{6edeb65 #113 type=standard A=10065:com.android.gallery3d U=0 visible=true mode=freeform translucent=false sz=1}
03-22 11:04:32.794 1512 11966 W FreeFormWindowHelper: Current Display FreeFormTask is Task{6edeb65 #113 type=standard A=10065:com.android.gallery3d U=0 visible=true mode=freeform translucent=false sz=1}
03-22 11:04:32.795 1512 11966 W FreeFormWindowHelper: Current Display FreeFormTask is Task{6edeb65 #113 type=standard A=10065:com.android.gallery3d U=0 visible=true mode=freeform translucent=false sz=1}
03-22 11:04:32.800 1512 1684 I commit_sys_config_file: [settings-1-0,6]
03-22 11:04:32.810 1512 11766 W FreeFormWindowHelper: Current Display FreeFormTask is Task{6edeb65 #113 type=standard A=10065:com.android.gallery3d U=0 visible=true mode=freeform translucent=false sz=1}
03-22 11:04:32.811 1512 11766 W FreeFormWindowHelper: Current Display FreeFormTask is Task{6edeb65 #113 type=standard A=10065:com.android.gallery3d U=0 visible=true mode=freeform translucent=false sz=1}
03-22 11:04:32.827 1512 11766 W FreeFormWindowHelper: Current Display FreeFormTask is Task{6edeb65 #113 type=standard A=10065:com.android.gallery3d U=0 visible=true mode=freeform translucent=false sz=1}
03-22 11:04:32.828 1512 11766 W FreeFormWindowHelper: Current Display FreeFormTask is Task{6edeb65 #113 type=standard A=10065:com.android.gallery3d U=0 visible=true mode=freeform translucent=false sz=1}
03-22 11:04:32.844 1512 11965 W FreeFormWindowHelper: Current Display FreeFormTask is Task{6edeb65 #113 type=standard A=10065:com.android.gallery3d U=0 visible=true mode=freeform translucent=false sz=1}
03-22 11:04:32.845 1512 11965 W FreeFormWindowHelper: Current Display FreeFormTask is Task{6edeb65 #113 type=standard A=10065:com.android.gallery3d U=0 visible=true mode=freeform translucent=false sz=1}
03-22 11:04:32.862 1512 1546 W FreeFormWindowHelper: Current Display FreeFormTask is Task{6edeb65 #113 type=standard A=10065:com.android.gallery3d U=0 visible=true mode=freeform translucent=false sz=1}
03-22 11:04:32.863 1512 1546 W FreeFormWindowHelper: Current Display FreeFormTask is Task{6edeb65 #113 type=standard A=10065:com.android.gallery3d U=0 visible=true mode=freeform translucent=false sz=1}
03-22 11:04:32.879 1512 11965 W FreeFormWindowHelper: Current Display FreeFormTask is Task{6edeb65 #113 type=standard A=10065:com.android.gallery3d U=0 visible=true mode=freeform translucent=false sz=1}
03-22 11:04:32.880 1512 11966 W FreeFormWindowHelper: Current Display FreeFormTask is Task{6edeb65 #113 type=standard A=10065:com.android.gallery3d U=0 visible=true mode=freeform translucent=false sz=1}
03-22 11:04:32.895 1512 11965 W FreeFormWindowHelper: Current Display FreeFormTask is Task{6edeb65 #113 type=standard A=10065:com.android.gallery3d U=0 visible=true mode=freeform translucent=false sz=1}
03-22 11:04:32.897 1512 11965 W FreeFormWindowHelper: Current Display FreeFormTask is Task{6edeb65 #113 type=standard A=10065:com.android.gallery3d U=0 visible=true mode=freeform translucent=false sz=1}
03-22 11:04:32.914 1512 1546 I wm_finish_activity: [0,107659848,113,com.android.gallery3d/.app.GalleryActivity,app-request]
03-22 11:04:32.915 1512 1546 I wm_task_moved: [1,1,6]
03-22 11:04:32.917 6785 6785 I wm_on_top_resumed_lost_called: [107659848,com.android.gallery3d.app.GalleryActivity,topStateChangedWhenResumed]
03-22 11:04:32.918 1512 1546 I wm_set_resumed_activity: [0,com.android.launcher3/.uioverrides.QuickstepLauncher,positionChildAt]
03-22 11:04:32.918 1512 1546 I wm_task_moved: [32,1,2147483647]
03-22 11:04:32.918 1512 1546 I wm_task_to_front: [0,32]
03-22 11:04:32.918 1512 1546 I wm_focused_root_task: [0,0,1,-1,finish-top adjustFocusToNextFocusableTask]
03-22 11:04:32.918 1512 1546 I wm_set_resumed_activity: [0,com.android.launcher3/.uioverrides.QuickstepLauncher,finish-top]
