03-22 11:00:06.191 0 0 I auditd : type=1400 audit(0.0:21637): avc: denied { kill } for comm="swapper/0" capability=5 scontext=u:r:kernel:s0 tcontext=u:r:kernel:s0 tclass=capability permissive=0
01-01 17:24:55.875 0 0 E DTC_Display: screen not ready
03-22 11:00:07.187 0 0 I auditd : type=1400 audit(0.0:21638): avc: denied { kill } for comm="swapper/0" capability=5 scontext=u:r:kernel:s0 tcontext=u:r:kernel:s0 tclass=capability permissive=0
03-22 11:00:08.187 0 0 I auditd : type=1400 audit(0.0:21639): avc: denied { kill } for comm="swapper/0" capability=5 scontext=u:r:kernel:s0 tcontext=u:r:kernel:s0 tclass=capability permissive=0
01-01 17:24:58.019 0 0 E DTC_ETH,link_delay_work_func: 3003, SQI=0, link=0
03-22 11:00:09.187 0 0 I auditd : type=1400 audit(0.0:21640): avc: denied { kill } for comm="swapper/0" capability=5 scontext=u:r:kernel:s0 tcontext=u:r:kernel:s0 tclass=capability permissive=0
03-22 11:00:10.191 0 0 I auditd : type=1400 audit(0.0:21641): avc: denied { kill } for comm="swapper/0" capability=5 scontext=u:r:kernel:s0 tcontext=u:r:kernel:s0 tclass=capability permissive=0
03-22 11:00:11.191 0 0 I auditd : type=1400 audit(0.0:21642): avc: denied { kill } for comm="swapper/0" capability=5 scontext=u:r:kernel:s0 tcontext=u:r:kernel:s0 tclass=capability permissive=0
03-22 11:00:12.191 0 0 I auditd : type=1400 audit(0.0:21643): avc: denied { kill } for comm="swapper/0" capability=5 scontext=u:r:kernel:s0 tcontext=u:r:kernel:s0 tclass=capability permissive=0
03-22 11:00:13.191 0 0 I auditd : type=1400 audit(0.0:21644): avc: denied { kill } for comm="swapper/0" capability=5 scontext=u:r:kernel:s0 tcontext=u:r:kernel:s0 tclass=capability permissive=0
01-01 17:25:03.139 0 0 E DTC_ETH,link_delay_work_func: 3003, SQI=0, link=0
03-22 11:00:14.191 0 0 I auditd : type=1400 audit(0.0:21645): avc: denied { kill } for comm="swapper/0" capability=5 scontext=u:r:kernel:s0 tcontext=u:r:kernel:s0 tclass=capability permissive=0
01-01 17:25:03.943 0 0 E DTC_Display: screen not ready
03-22 11:00:15.191 0 0 I auditd : type=1400 audit(0.0:21646): avc: denied { kill } for comm="swapper/0" capability=5 scontext=u:r:kernel:s0 tcontext=u:r:kernel:s0 tclass=capability permissive=0
03-22 11:00:16.187 0 0 I auditd : type=1400 audit(0.0:21647): avc: denied { kill } for comm="swapper/0" capability=5 scontext=u:r:kernel:s0 tcontext=u:r:kernel:s0 tclass=capability permissive=0
03-22 11:00:17.191 0 0 I auditd : type=1400 audit(0.0:21648): avc: denied { kill } for comm="swapper/0" capability=5 scontext=u:r:kernel:s0 tcontext=u:r:kernel:s0 tclass=capability permissive=0
03-22 11:00:18.191 0 0 I auditd : type=1400 audit(0.0:21649): avc: denied { kill } for comm="swapper/0" capability=5 scontext=u:r:kernel:s0 tcontext=u:r:kernel:s0 tclass=capability permissive=0
01-01 17:25:08.259 0 0 E DTC_ETH,link_delay_work_func: 3003, SQI=0, link=0
03-22 11:00:19.191 0 0 I auditd : type=1400 audit(0.0:21650): avc: denied { kill } for comm="swapper/0" capability=5 scontext=u:r:kernel:s0 tcontext=u:r:kernel:s0 tclass=capability permissive=0
03-22 11:00:20.187 0 0 I auditd : type=1400 audit(0.0:21651): avc: denied { kill } for comm="swapper/0" capability=5 scontext=u:r:kernel:s0 tcontext=u:r:kernel:s0 tclass=capability permissive=0
03-22 11:00:21.187 0 0 I auditd : type=1400 audit(0.0:21652): avc: denied { kill } for comm="swapper/0" capability=5 scontext=u:r:kernel:s0 tcontext=u:r:kernel:s0 tclass=capability permissive=0
03-22 11:00:22.187 0 0 I auditd : type=1400 audit(0.0:21653): avc: denied { kill } for comm="swapper/0" capability=5 scontext=u:r:kernel:s0 tcontext=u:r:kernel:s0 tclass=capability permissive=0
01-01 17:25:12.008 0 0 E DTC_Display: screen not ready
03-22 11:00:23.187 0 0 I auditd : type=1400 audit(0.0:21654): avc: denied { kill } for comm="swapper/0" capability=5 scontext=u:r:kernel:s0 tcontext=u:r:kernel:s0 tclass=capability permissive=0
03-22 11:00:24.187 0 0 I auditd : type=1400 audit(0.0:21655): avc: denied { kill } for comm="swapper/0" capability=5 scontext=u:r:kernel:s0 tcontext=u:r:kernel:s0 tclass=capability permissive=0
01-01 17:25:13.379 0 0 E DTC_ETH,link_delay_work_func: 3003, SQI=0, link=0
03-22 11:00:25.187 0 0 I auditd : type=1400 audit(0.0:21656): avc: denied { kill } for comm="swapper/0" capability=5 scontext=u:r:kernel:s0 tcontext=u:r:kernel:s0 tclass=capability permissive=0
03-22 11:00:26.187 0 0 I auditd : type=1400 audit(0.0:21657): avc: denied { kill } for comm="swapper/0" capability=5 scontext=u:r:kernel:s0 tcontext=u:r:kernel:s0 tclass=capability permissive=0
03-22 11:00:27.187 0 0 I auditd : type=1400 audit(0.0:21658): avc: denied { kill } for comm="swapper/0" capability=5 scontext=u:r:kernel:s0 tcontext=u:r:kernel:s0 tclass=capability permissive=0
03-22 11:00:28.187 0 0 I auditd : type=1400 audit(0.0:21659): avc: denied { kill } for comm="swapper/0" capability=5 scontext=u:r:kernel:s0 tcontext=u:r:kernel:s0 tclass=capability permissive=0
03-22 11:00:29.187 0 0 I auditd : type=1400 audit(0.0:21660): avc: denied { kill } for comm="swapper/0" capability=5 scontext=u:r:kernel:s0 tcontext=u:r:kernel:s0 tclass=capability permissive=0
01-01 17:25:18.499 0 0 E DTC_ETH,link_delay_work_func: 3003, SQI=0, link=0
03-22 11:00:30.191 0 0 I auditd : type=1400 audit(0.0:21661): avc: denied { kill } for comm="swapper/0" capability=5 scontext=u:r:kernel:s0 tcontext=u:r:kernel:s0 tclass=capability permissive=0
01-01 17:25:20.068 0 0 E DTC_Display: screen not ready
01-01 17:25:20.068 0 0 E DTC_Display: Backlight abnormal: 0x7b
03-22 11:00:31.187 0 0 I auditd : type=1400 audit(0.0:21662): avc: denied { kill } for comm="swapper/0" capability=5 scontext=u:r:kernel:s0 tcontext=u:r:kernel:s0 tclass=capability permissive=0
03-22 11:00:32.187 0 0 I auditd : type=1400 audit(0.0:21663): avc: denied { kill } for comm="swapper/0" capability=5 scontext=u:r:kernel:s0 tcontext=u:r:kernel:s0 tclass=capability permissive=0
03-22 11:00:33.187 0 0 I auditd : type=1400 audit(0.0:21664): avc: denied { kill } for comm="swapper/0" capability=5 scontext=u:r:kernel:s0 tcontext=u:r:kernel:s0 tclass=capability permissive=0
03-22 11:00:34.191 0 0 I auditd : type=1400 audit(0.0:21665): avc: denied { kill } for comm="swapper/0" capability=5 scontext=u:r:kernel:s0 tcontext=u:r:kernel:s0 tclass=capability permissive=0
01-01 17:25:23.619 0 0 E DTC_ETH,link_delay_work_func: 3003, SQI=0, link=0
03-22 11:00:35.187 0 0 I auditd : type=1400 audit(0.0:21666): avc: denied { kill } for comm="swapper/0" capability=5 scontext=u:r:kernel:s0 tcontext=u:r:kernel:s0 tclass=capability permissive=0
03-22 11:00:36.187 0 0 I auditd : type=1400 audit(0.0:21667): avc: denied { kill } for comm="swapper/0" capability=5 scontext=u:r:kernel:s0 tcontext=u:r:kernel:s0 tclass=capability permissive=0
03-22 11:00:37.187 0 0 I auditd : type=1400 audit(0.0:21668): avc: denied { kill } for comm="swapper/0" capability=5 scontext=u:r:kernel:s0 tcontext=u:r:kernel:s0 tclass=capability permissive=0
03-22 11:00:38.191 0 0 I auditd : type=1400 audit(0.0:21669): avc: denied { kill } for comm="swapper/0" capability=5 scontext=u:r:kernel:s0 tcontext=u:r:kernel:s0 tclass=capability permissive=0
01-01 17:25:28.131 0 0 E DTC_Display: screen not ready
03-22 11:00:39.187 0 0 I auditd : type=1400 audit(0.0:21670): avc: denied { kill } for comm="swapper/0" capability=5 scontext=u:r:kernel:s0 tcontext=u:r:kernel:s0 tclass=capability permissive=0
01-01 17:25:28.739 0 0 E DTC_ETH,link_delay_work_func: 3003, SQI=0, link=0
03-22 11:00:40.191 0 0 I auditd : type=1400 audit(0.0:21671): avc: denied { kill } for comm="swapper/0" capability=5 scontext=u:r:kernel:s0 tcontext=u:r:kernel:s0 tclass=capability permissive=0
03-22 11:00:41.187 0 0 I auditd : type=1400 audit(0.0:21672): avc: denied { kill } for comm="swapper/0" capability=5 scontext=u:r:kernel:s0 tcontext=u:r:kernel:s0 tclass=capability permissive=0
03-22 11:00:42.187 0 0 I auditd : type=1400 audit(0.0:21673): avc: denied { kill } for comm="swapper/0" capability=5 scontext=u:r:kernel:s0 tcontext=u:r:kernel:s0 tclass=capability permissive=0
03-22 11:00:43.191 0 0 I auditd : type=1400 audit(0.0:21674): avc: denied { kill } for comm="swapper/0" capability=5 scontext=u:r:kernel:s0 tcontext=u:r:kernel:s0 tclass=capability permissive=0
03-22 11:00:44.191 0 0 I auditd : type=1400 audit(0.0:21675): avc: denied { kill } for comm="swapper/0" capability=5 scontext=u:r:kernel:s0 tcontext=u:r:kernel:s0 tclass=capability permissive=0
01-01 17:25:33.859 0 0 E DTC_ETH,link_delay_work_func: 3003, SQI=0, link=0
03-22 11:00:45.191 0 0 I auditd : type=1400 audit(0.0:21676): avc: denied { kill } for comm="swapper/0" capability=5 scontext=u:r:kernel:s0 tcontext=u:r:kernel:s0 tclass=capability permissive=0
03-22 11:00:46.191 0 0 I auditd : type=1400 audit(0.0:21677): avc: denied { kill } for comm="swapper/0" capability=5 scontext=u:r:kernel:s0 tcontext=u:r:kernel:s0 tclass=capability permissive=0
01-01 17:25:36.195 0 0 E DTC_Display: screen not ready
03-22 11:00:47.191 0 0 I auditd : type=1400 audit(0.0:21678): avc: denied { kill } for comm="swapper/0" capability=5 scontext=u:r:kernel:s0 tcontext=u:r:kernel:s0 tclass=capability permissive=0
03-22 11:00:48.187 0 0 I auditd : type=1400 audit(0.0:21679): avc: denied { kill } for comm="swapper/0" capability=5 scontext=u:r:kernel:s0 tcontext=u:r:kernel:s0 tclass=capability permissive=0
03-22 11:00:49.187 0 0 I auditd : type=1400 audit(0.0:21680): avc: denied { kill } for comm="swapper/0" capability=5 scontext=u:r:kernel:s0 tcontext=u:r:kernel:s0 tclass=capability permissive=0
01-01 17:25:38.979 0 0 E DTC_ETH,link_delay_work_func: 3003, SQI=0, link=0
03-22 11:00:50.187 0 0 I auditd : type=1400 audit(0.0:21681): avc: denied { kill } for comm="swapper/0" capability=5 scontext=u:r:kernel:s0 tcontext=u:r:kernel:s0 tclass=capability permissive=0
03-22 11:00:51.187 0 0 I auditd : type=1400 audit(0.0:21682): avc: denied { kill } for comm="swapper/0" capability=5 scontext=u:r:kernel:s0 tcontext=u:r:kernel:s0 tclass=capability permissive=0
03-22 11:00:52.187 0 0 I auditd : type=1400 audit(0.0:21683): avc: denied { kill } for comm="swapper/0" capability=5 scontext=u:r:kernel:s0 tcontext=u:r:kernel:s0 tclass=capability permissive=0
03-22 11:00:53.187 0 0 I auditd : type=1400 audit(0.0:21684): avc: denied { kill } for comm="swapper/0" capability=5 scontext=u:r:kernel:s0 tcontext=u:r:kernel:s0 tclass=capability permissive=0
03-22 11:00:54.191 0 0 I auditd : type=1400 audit(0.0:21685): avc: denied { kill } for comm="swapper/0" capability=5 scontext=u:r:kernel:s0 tcontext=u:r:kernel:s0 tclass=capability permissive=0
01-01 17:25:44.099 0 0 E DTC_ETH,link_delay_work_func: 3003, SQI=0, link=0
01-01 17:25:44.260 0 0 E DTC_Display: screen not ready
03-22 11:00:55.187 0 0 I auditd : type=1400 audit(0.0:21686): avc: denied { kill } for comm="swapper/0" capability=5 scontext=u:r:kernel:s0 tcontext=u:r:kernel:s0 tclass=capability permissive=0
03-22 11:00:56.187 0 0 I auditd : type=1400 audit(0.0:21687): avc: denied { kill } for comm="swapper/0" capability=5 scontext=u:r:kernel:s0 tcontext=u:r:kernel:s0 tclass=capability permissive=0
01-01 17:25:45.370 0 0 I [schedu][0x860775c6b6][11:00:56.269899] wlan: [7715:I:OSIF] scan start scan id 41018
03-22 11:00:57.187 0 0 I auditd : type=1400 audit(0.0:21688): avc: denied { kill } for comm="swapper/0" capability=5 scontext=u:r:kernel:s0 tcontext=u:r:kernel:s0 tclass=capability permissive=0
01-01 17:25:46.552 0 0 I [schedu][0x8608d0180e][11:00:57.451997] wlan: [7715:I:OSIF] vdev 0, scan id 41018 type COMPLETED(1) reason COMPLETED(1) scan found 87 bss
03-22 11:00:58.187 0 0 I auditd : type=1400 audit(0.0:21689): avc: denied { kill } for comm="swapper/0" capability=5 scontext=u:r:kernel:s0 tcontext=u:r:kernel:s0 tclass=capability permissive=0
03-22 11:00:59.187 0 0 I auditd : type=1400 audit(0.0:21690): avc: denied { kill } for comm="swapper/0" capability=5 scontext=u:r:kernel:s0 tcontext=u:r:kernel:s0 tclass=capability permissive=0
01-01 17:25:49.219 0 0 E DTC_ETH,link_delay_work_func: 3003, SQI=0, link=0
03-22 11:01:00.191 0 0 I auditd : type=1400 audit(0.0:21691): avc: denied { kill } for comm="swapper/0" capability=5 scontext=u:r:kernel:s0 tcontext=u:r:kernel:s0 tclass=capability permissive=0
03-22 11:01:01.123 22192 22192 I auditd : type=1400 audit(0.0:21692): avc: granted { nlmsg_readpriv } for comm="tmesec-report" scontext=u:r:untrusted_app_29:s0:c102,c256,c512,c768 tcontext=u:r:untrusted_app_29:s0:c102,c256,c512,c768 tclass=netlink_route_socket app=com.tencent.qqmusic
03-22 11:01:01.151 22192 22192 I auditd : type=1400 audit(0.0:21693): avc: denied { read } for comm="tmesec-report" name="u:object_r:oem_unlock_prop:s0" dev="tmpfs" ino=11544 scontext=u:r:untrusted_app_29:s0:c102,c256,c512,c768 tcontext=u:object_r:oem_unlock_prop:s0 tclass=file permissive=0 app=com.tencent.qqmusic
03-22 11:01:01.187 0 0 I auditd : type=1400 audit(0.0:21694): avc: denied { kill } for comm="swapper/0" capability=5 scontext=u:r:kernel:s0 tcontext=u:r:kernel:s0 tclass=capability permissive=0
03-22 11:01:02.187 0 0 I auditd : type=1400 audit(0.0:21695): avc: denied { kill } for comm="swapper/0" capability=5 scontext=u:r:kernel:s0 tcontext=u:r:kernel:s0 tclass=capability permissive=0
01-01 17:25:51.685 0 0 I msm_vidc: err : ffffffff: .....: DBLP Set: status 0
03-22 11:01:03.187 0 0 I auditd : type=1400 audit(0.0:21696): avc: denied { kill } for comm="swapper/0" capability=5 scontext=u:r:kernel:s0 tcontext=u:r:kernel:s0 tclass=capability permissive=0
01-01 17:25:52.327 0 0 E DTC_Display: screen not ready
03-22 11:01:04.187 0 0 I auditd : type=1400 audit(0.0:21697): avc: denied { kill } for comm="swapper/0" capability=5 scontext=u:r:kernel:s0 tcontext=u:r:kernel:s0 tclass=capability permissive=0
03-22 11:01:05.215 22192 22192 I auditd : type=1400 audit(0.0:21698): avc: denied { search } for comm="Thread-3" name="asound" dev="proc" ino=4026532151 scontext=u:r:untrusted_app_29:s0:c102,c256,c512,c768 tcontext=u:object_r:proc_asound:s0 tclass=dir permissive=0 app=com.tencent.qqmusic
01-01 17:25:54.339 0 0 E DTC_ETH,link_delay_work_func: 3003, SQI=0, link=0
03-22 11:01:05.263 22192 22192 I auditd : type=1400 audit(0.0:21699): avc: denied { search } for comm="Thread-3" name="asound" dev="proc" ino=4026532151 scontext=u:r:untrusted_app_29:s0:c102,c256,c512,c768 tcontext=u:object_r:proc_asound:s0 tclass=dir permissive=0 app=com.tencent.qqmusic
03-22 11:01:05.339 22192 22192 I auditd : type=1400 audit(0.0:21700): avc: denied { read } for comm="Thread-3" name="tcp" dev="proc" ino=4026532265 scontext=u:r:untrusted_app_29:s0:c102,c256,c512,c768 tcontext=u:object_r:proc_net_tcp_udp:s0 tclass=file permissive=0 app=com.tencent.qqmusic
03-22 11:01:06.115 22192 22192 I auditd : type=1400 audit(0.0:21701): avc: denied { read } for comm="Thread-3" name="misc" dev="proc" ino=4026531991 scontext=u:r:untrusted_app_29:s0:c102,c256,c512,c768 tcontext=u:object_r:proc_misc:s0 tclass=file permissive=0 app=com.tencent.qqmusic
03-22 11:01:06.191 0 0 I auditd : type=1400 audit(0.0:21702): avc: denied { kill } for comm="swapper/0" capability=5 scontext=u:r:kernel:s0 tcontext=u:r:kernel:s0 tclass=capability permissive=0
03-22 11:01:07.187 0 0 I auditd : type=1400 audit(0.0:21703): avc: denied { kill } for comm="swapper/0" capability=5 scontext=u:r:kernel:s0 tcontext=u:r:kernel:s0 tclass=capability permissive=0
03-22 11:01:08.187 0 0 I auditd : type=1400 audit(0.0:21704): avc: denied { kill } for comm="swapper/0" capability=5 scontext=u:r:kernel:s0 tcontext=u:r:kernel:s0 tclass=capability permissive=0
03-22 11:01:09.191 0 0 I auditd : type=1400 audit(0.0:21705): avc: denied { kill } for comm="swapper/0" capability=5 scontext=u:r:kernel:s0 tcontext=u:r:kernel:s0 tclass=capability permissive=0
03-22 11:01:10.187 0 0 I auditd : type=1400 audit(0.0:21706): avc: denied { kill } for comm="swapper/0" capability=5 scontext=u:r:kernel:s0 tcontext=u:r:kernel:s0 tclass=capability permissive=0
01-01 17:25:59.459 0 0 E DTC_ETH,link_delay_work_func: 3003, SQI=0, link=0
03-22 11:01:11.191 0 0 I auditd : type=1400 audit(0.0:21707): avc: denied { kill } for comm="swapper/0" capability=5 scontext=u:r:kernel:s0 tcontext=u:r:kernel:s0 tclass=capability permissive=0
01-01 17:26:00.391 0 0 E DTC_Display: screen not ready
03-22 11:01:12.187 0 0 I auditd : type=1400 audit(0.0:21708): avc: denied { kill } for comm="swapper/0" capability=5 scontext=u:r:kernel:s0 tcontext=u:r:kernel:s0 tclass=capability permissive=0
03-22 11:01:13.191 0 0 I auditd : type=1400 audit(0.0:21709): avc: denied { kill } for comm="swapper/1" capability=5 scontext=u:r:kernel:s0 tcontext=u:r:kernel:s0 tclass=capability permissive=0
03-22 11:01:14.187 0 0 I auditd : type=1400 audit(0.0:21710): avc: denied { kill } for comm="swapper/1" capability=5 scontext=u:r:kernel:s0 tcontext=u:r:kernel:s0 tclass=capability permissive=0
03-22 11:01:15.187 0 0 I auditd : type=1400 audit(0.0:21711): avc: denied { kill } for comm="swapper/1" capability=5 scontext=u:r:kernel:s0 tcontext=u:r:kernel:s0 tclass=capability permissive=0
01-01 17:26:04.579 0 0 E DTC_ETH,link_delay_work_func: 3003, SQI=0, link=0
03-22 11:01:16.191 0 0 I auditd : type=1400 audit(0.0:21712): avc: denied { kill } for comm="swapper/1" capability=5 scontext=u:r:kernel:s0 tcontext=u:r:kernel:s0 tclass=capability permissive=0
03-22 11:01:17.187 0 0 I auditd : type=1400 audit(0.0:21713): avc: denied { kill } for comm="swapper/1" capability=5 scontext=u:r:kernel:s0 tcontext=u:r:kernel:s0 tclass=capability permissive=0
03-22 11:01:19.187 0 0 I auditd : type=1400 audit(0.0:21714): avc: denied { kill } for comm="swapper/1" capability=5 scontext=u:r:kernel:s0 tcontext=u:r:kernel:s0 tclass=capability permissive=0
01-01 17:26:08.455 0 0 E DTC_Display: screen not ready
03-22 11:01:20.191 0 0 I auditd : type=1400 audit(0.0:21715): avc: denied { kill } for comm="swapper/1" capability=5 scontext=u:r:kernel:s0 tcontext=u:r:kernel:s0 tclass=capability permissive=0
01-01 17:26:09.699 0 0 E DTC_ETH,link_delay_work_func: 3003, SQI=0, link=0
03-22 11:01:21.191 0 0 I auditd : type=1400 audit(0.0:21716): avc: denied { kill } for comm="swapper/1" capability=5 scontext=u:r:kernel:s0 tcontext=u:r:kernel:s0 tclass=capability permissive=0
03-22 11:01:22.112 1512 1685 D ActivityManager: freezing 4557 com.thundercomm.screensaver
03-22 11:01:22.112 1512 1685 E ActivityManager: Unable to freeze binder for 4557 com.thundercomm.screensaver
01-01 17:26:11.213 0 0 I binder : 1512:1685 ioctl 400c620e 72e577c5d8 returned -22
03-22 11:01:22.114 1512 1685 D ActivityManager: froze 4557 com.thundercomm.screensaver
03-22 11:01:22.114 1512 1685 I am_freeze: [4557,com.thundercomm.screensaver]
03-22 11:01:22.114 1512 1685 E ActivityManager: Unable to freeze binder for 4557 com.thundercomm.screensaver
01-01 17:26:11.215 0 0 I binder : 1512:1685 ioctl c00c620f 72e577c5b8 returned -22
03-22 11:01:22.116 1512 1685 I ActivityManager: Killing 4557:com.thundercomm.screensaver/u0a46 (adj 945): Unable to freeze binder interface
03-22 11:01:22.116 1512 1685 I am_kill : [0,4557,com.thundercomm.screensaver,945,Unable to freeze binder interface]
03-22 11:01:22.158 1512 1546 I am_proc_died: [0,4557,com.thundercomm.screensaver,945,19]
03-22 11:01:22.159 1512 1546 I am_uid_stopped: 10046
03-22 11:01:22.161 1512 1610 W ActivityManager: setHasOverlayUi called on unknown pid: 4557
03-22 11:01:22.167 1512 1618 I am_pss : [5496,1000,com.qti.diagservices,6867968,4108288,50176,90050560,0,10,5]
03-22 11:01:22.174 1512 1618 I am_pss : [5270,1000,com.android.settings,35353600,32972800,50176,116649984,0,19,7]
03-22 11:01:23.187 0 0 I auditd : type=1400 audit(0.0:21717): avc: denied { kill } for comm="swapper/1" capability=5 scontext=u:r:kernel:s0 tcontext=u:r:kernel:s0 tclass=capability permissive=0
03-22 11:01:24.187 0 0 I auditd : type=1400 audit(0.0:21718): avc: denied { kill } for comm="swapper/1" capability=5 scontext=u:r:kernel:s0 tcontext=u:r:kernel:s0 tclass=capability permissive=0
03-22 11:01:25.191 0 0 I auditd : type=1400 audit(0.0:21719): avc: denied { kill } for comm="swapper/1" capability=5 scontext=u:r:kernel:s0 tcontext=u:r:kernel:s0 tclass=capability permissive=0
01-01 17:26:14.819 0 0 E DTC_ETH,link_delay_work_func: 3003, SQI=0, link=0
03-22 11:01:26.187 0 0 I auditd : type=1400 audit(0.0:21720): avc: denied { kill } for comm="swapper/1" capability=5 scontext=u:r:kernel:s0 tcontext=u:r:kernel:s0 tclass=capability permissive=0
03-22 11:01:26.894 1512 1618 I UsageStatsService: User[0] Flushing usage stats to disk
03-22 11:01:27.187 0 0 I auditd : type=1400 audit(0.0:21721): avc: denied { kill } for comm="swapper/1" capability=5 scontext=u:r:kernel:s0 tcontext=u:r:kernel:s0 tclass=capability permissive=0
01-01 17:26:16.415 0 0 E DTC_Display: screen not ready
03-22 11:01:28.191 0 0 I auditd : type=1400 audit(0.0:21722): avc: denied { kill } for comm="swapper/1" capability=5 scontext=u:r:kernel:s0 tcontext=u:r:kernel:s0 tclass=capability permissive=0
03-22 11:01:29.191 0 0 I auditd : type=1400 audit(0.0:21723): avc: denied { kill } for comm="swapper/1" capability=5 scontext=u:r:kernel:s0 tcontext=u:r:kernel:s0 tclass=capability permissive=0
03-22 11:01:30.191 0 0 I auditd : type=1400 audit(0.0:21724): avc: denied { kill } for comm="swapper/1" capability=5 scontext=u:r:kernel:s0 tcontext=u:r:kernel:s0 tclass=capability permissive=0
01-01 17:26:19.939 0 0 E DTC_ETH,link_delay_work_func: 3003, SQI=0, link=0
03-22 11:01:31.187 0 0 I auditd : type=1400 audit(0.0:21725): avc: denied { kill } for comm="swapper/1" capability=5 scontext=u:r:kernel:s0 tcontext=u:r:kernel:s0 tclass=capability permissive=0
03-22 11:01:32.187 0 0 I auditd : type=1400 audit(0.0:21726): avc: denied { kill } for comm="swapper/1" capability=5 scontext=u:r:kernel:s0 tcontext=u:r:kernel:s0 tclass=capability permissive=0
03-22 11:01:33.191 0 0 I auditd : type=1400 audit(0.0:21727): avc: denied { kill } for comm="swapper/1" capability=5 scontext=u:r:kernel:s0 tcontext=u:r:kernel:s0 tclass=capability permissive=0
03-22 11:01:34.187 0 0 I auditd : type=1400 audit(0.0:21728): avc: denied { kill } for comm="swapper/1" capability=5 scontext=u:r:kernel:s0 tcontext=u:r:kernel:s0 tclass=capability permissive=0
01-01 17:26:24.171 0 0 E DTC_Display: screen not ready
03-22 11:01:35.187 0 0 I auditd : type=1400 audit(0.0:21729): avc: denied { kill } for comm="swapper/1" capability=5 scontext=u:r:kernel:s0 tcontext=u:r:kernel:s0 tclass=capability permissive=0
01-01 17:26:25.059 0 0 E DTC_ETH,link_delay_work_func: 3003, SQI=0, link=0
03-22 11:01:36.187 0 0 I auditd : type=1400 audit(0.0:21730): avc: denied { kill } for comm="swapper/1" capability=5 scontext=u:r:kernel:s0 tcontext=u:r:kernel:s0 tclass=capability permissive=0
03-22 11:01:37.187 0 0 I auditd : type=1400 audit(0.0:21731): avc: denied { kill } for comm="swapper/1" capability=5 scontext=u:r:kernel:s0 tcontext=u:r:kernel:s0 tclass=capability permissive=0
03-22 11:01:38.191 0 0 I auditd : type=1400 audit(0.0:21732): avc: denied { kill } for comm="swapper/1" capability=5 scontext=u:r:kernel:s0 tcontext=u:r:kernel:s0 tclass=capability permissive=0
03-22 11:01:39.187 0 0 I auditd : type=1400 audit(0.0:21733): avc: denied { kill } for comm="swapper/1" capability=5 scontext=u:r:kernel:s0 tcontext=u:r:kernel:s0 tclass=capability permissive=0
03-22 11:01:40.187 0 0 I auditd : type=1400 audit(0.0:21734): avc: denied { kill } for comm="swapper/1" capability=5 scontext=u:r:kernel:s0 tcontext=u:r:kernel:s0 tclass=capability permissive=0
01-01 17:26:30.179 0 0 E DTC_ETH,link_delay_work_func: 3003, SQI=0, link=0
03-22 11:01:41.187 0 0 I auditd : type=1400 audit(0.0:21735): avc: denied { kill } for comm="swapper/1" capability=5 scontext=u:r:kernel:s0 tcontext=u:r:kernel:s0 tclass=capability permissive=0
03-22 11:01:42.187 0 0 I auditd : type=1400 audit(0.0:21736): avc: denied { kill } for comm="swapper/1" capability=5 scontext=u:r:kernel:s0 tcontext=u:r:kernel:s0 tclass=capability permissive=0
01-01 17:26:32.123 0 0 E DTC_Display: screen not ready
03-22 11:01:43.187 0 0 I auditd : type=1400 audit(0.0:21737): avc: denied { kill } for comm="swapper/1" capability=5 scontext=u:r:kernel:s0 tcontext=u:r:kernel:s0 tclass=capability permissive=0
03-22 11:01:44.191 0 0 I auditd : type=1400 audit(0.0:21738): avc: denied { kill } for comm="swapper/1" capability=5 scontext=u:r:kernel:s0 tcontext=u:r:kernel:s0 tclass=capability permissive=0
03-22 11:01:45.191 0 0 I auditd : type=1400 audit(0.0:21739): avc: denied { kill } for comm="swapper/1" capability=5 scontext=u:r:kernel:s0 tcontext=u:r:kernel:s0 tclass=capability permissive=0
03-22 11:01:46.187 0 0 I auditd : type=1400 audit(0.0:21740): avc: denied { kill } for comm="swapper/1" capability=5 scontext=u:r:kernel:s0 tcontext=u:r:kernel:s0 tclass=capability permissive=0
01-01 17:26:35.303 0 0 E DTC_ETH,link_delay_work_func: 3003, SQI=0, link=0
03-22 11:01:46.215 1512 1685 D ActivityManager: freezing 5028 com.android.documentsui
03-22 11:01:46.216 1512 1685 E ActivityManager: Unable to freeze binder for 5028 com.android.documentsui
03-22 11:01:46.217 1512 1685 D ActivityManager: froze 5028 com.android.documentsui
03-22 11:01:46.217 1512 1685 I am_freeze: [5028,com.android.documentsui]
01-01 17:26:35.316 0 0 I binder : 1512:1685 ioctl 400c620e 72e577c5d8 returned -22
01-01 17:26:35.317 0 0 I binder : 1512:1685 ioctl c00c620f 72e577c5b8 returned -22
03-22 11:01:46.217 1512 1685 E ActivityManager: Unable to freeze binder for 5028 com.android.documentsui
03-22 11:01:46.219 1512 1685 D ActivityManager: freezing 5027 com.thundersoft.notificationtest1
03-22 11:01:46.219 1512 1685 E ActivityManager: Unable to freeze binder for 5027 com.thundersoft.notificationtest1
03-22 11:01:46.220 1512 1685 D ActivityManager: froze 5027 com.thundersoft.notificationtest1
03-22 11:01:46.220 1512 1685 I am_freeze: [5027,com.thundersoft.notificationtest1]
03-22 11:01:46.220 1512 1685 E ActivityManager: Unable to freeze binder for 5027 com.thundersoft.notificationtest1
03-22 11:01:46.221 1512 1685 I ActivityManager: Killing 5028:com.android.documentsui/u0a30 (adj 935): Unable to freeze binder interface
03-22 11:01:46.221 1512 1685 I am_kill : [0,5028,com.android.documentsui,935,Unable to freeze binder interface]
01-01 17:26:35.320 0 0 I binder : 1512:1685 ioctl 400c620e 72e577c5d8 returned -22
01-01 17:26:35.321 0 0 I binder : 1512:1685 ioctl c00c620f 72e577c5b8 returned -22
03-22 11:01:46.222 1512 1685 I ActivityManager: Killing 5027:com.thundersoft.notificationtest1/u0a104 (adj 925): Unable to freeze binder interface
03-22 11:01:46.222 1512 1685 I am_kill : [0,5027,com.thundersoft.notificationtest1,925,Unable to freeze binder interface]
03-22 11:01:46.243 1512 2109 I am_proc_died: [0,5028,com.android.documentsui,935,19]
03-22 11:01:46.244 1512 2109 I am_uid_stopped: 10030
03-22 11:01:46.247 1512 11966 I am_proc_died: [0,5027,com.thundersoft.notificationtest1,925,19]
03-22 11:01:46.247 1512 11966 I am_uid_stopped: 10104
03-22 11:01:46.251 1512 1618 I am_pss : [5496,1000,com.qti.diagservices,7138304,4108288,53248,90050560,0,10,5]
03-22 11:01:46.252 1512 1610 I am_uid_running: 10104
03-22 11:01:46.252 1512 1610 D CompatibilityChangeReporter: Compat change id reported: 135634846; UID 10104; state: DISABLED
03-22 11:01:46.253 1512 1610 D CompatibilityChangeReporter: Compat change id reported: 177438394; UID 10104; state: DISABLED
03-22 11:01:46.253 1512 1610 D CompatibilityChangeReporter: Compat change id reported: 135772972; UID 10104; state: DISABLED
03-22 11:01:46.253 1512 1610 D CompatibilityChangeReporter: Compat change id reported: 135754954; UID 10104; state: ENABLED
03-22 11:01:46.253 1512 1620 D CompatibilityChangeReporter: Compat change id reported: 143937733; UID 10104; state: ENABLED
03-22 11:01:46.253 1512 1610 I am_uid_running: 10030
03-22 11:01:46.254 1512 1610 D CompatibilityChangeReporter: Compat change id reported: 135634846; UID 10030; state: DISABLED
03-22 11:01:46.254 1512 1610 D CompatibilityChangeReporter: Compat change id reported: 177438394; UID 10030; state: DISABLED
03-22 11:01:46.254 1512 1610 D CompatibilityChangeReporter: Compat change id reported: 135772972; UID 10030; state: DISABLED
03-22 11:01:46.254 1512 1610 D CompatibilityChangeReporter: Compat change id reported: 135754954; UID 10030; state: ENABLED
03-22 11:01:46.268 1512 1620 I am_proc_start: [0,5890,10104,com.thundersoft.notificationtest1,NULL,]
03-22 11:01:46.268 1512 1620 I ActivityManager: Start proc 5890:com.thundersoft.notificationtest1/u0a104 for null
03-22 11:01:46.269 1512 1620 D CompatibilityChangeReporter: Compat change id reported: 143937733; UID 10030; state: ENABLED
03-22 11:01:46.282 1512 1620 I am_proc_start: [0,5891,10030,com.android.documentsui,NULL,]
03-22 11:01:46.282 1512 1620 I ActivityManager: Start proc 5891:com.android.documentsui/u0a30 for null
01-01 17:26:35.404 0 0 I binder : 5891:5891 ioctl 40046210 7fff294234 returned -22
03-22 11:01:46.307 1512 2109 I am_proc_bound: [0,5891,com.android.documentsui]
03-22 11:01:46.308 1512 2109 D CompatibilityChangeReporter: Compat change id reported: 168419799; UID 10030; state: DISABLED
01-01 17:26:35.421 0 0 I binder : 5890:5890 ioctl 40046210 7fff293b54 returned -22
03-22 11:01:46.325 1512 2109 I am_proc_bound: [0,5890,com.thundersoft.notificationtest1]
03-22 11:01:46.326 1512 2109 D CompatibilityChangeReporter: Compat change id reported: 168419799; UID 10104; state: DISABLED
03-22 11:01:47.187 0 0 I auditd : type=1400 audit(0.0:21741): avc: denied { kill } for comm="swapper/1" capability=5 scontext=u:r:kernel:s0 tcontext=u:r:kernel:s0 tclass=capability permissive=0
03-22 11:01:48.187 0 0 I auditd : type=1400 audit(0.0:21742): avc: denied { kill } for comm="swapper/1" capability=5 scontext=u:r:kernel:s0 tcontext=u:r:kernel:s0 tclass=capability permissive=0
03-22 11:01:49.187 0 0 I auditd : type=1400 audit(0.0:21743): avc: denied { kill } for comm="swapper/1" capability=5 scontext=u:r:kernel:s0 tcontext=u:r:kernel:s0 tclass=capability permissive=0
03-22 11:01:50.187 0 0 I auditd : type=1400 audit(0.0:21744): avc: denied { kill } for comm="swapper/1" capability=5 scontext=u:r:kernel:s0 tcontext=u:r:kernel:s0 tclass=capability permissive=0
01-01 17:26:40.163 0 0 E DTC_Display: screen not ready
03-22 11:01:51.191 0 0 I auditd : type=1400 audit(0.0:21745): avc: denied { kill } for comm="swapper/1" capability=5 scontext=u:r:kernel:s0 tcontext=u:r:kernel:s0 tclass=capability permissive=0
01-01 17:26:40.419 0 0 E DTC_ETH,link_delay_work_func: 3003, SQI=0, link=0
03-22 11:01:52.191 0 0 I auditd : type=1400 audit(0.0:21746): avc: denied { kill } for comm="swapper/1" capability=5 scontext=u:r:kernel:s0 tcontext=u:r:kernel:s0 tclass=capability permissive=0
03-22 11:01:53.187 0 0 I auditd : type=1400 audit(0.0:21747): avc: denied { kill } for comm="swapper/1" capability=5 scontext=u:r:kernel:s0 tcontext=u:r:kernel:s0 tclass=capability permissive=0
03-22 11:01:54.191 0 0 I auditd : type=1400 audit(0.0:21748): avc: denied { kill } for comm="swapper/1" capability=5 scontext=u:r:kernel:s0 tcontext=u:r:kernel:s0 tclass=capability permissive=0
03-22 11:01:55.191 0 0 I auditd : type=1400 audit(0.0:21749): avc: denied { kill } for comm="swapper/1" capability=5 scontext=u:r:kernel:s0 tcontext=u:r:kernel:s0 tclass=capability permissive=0
03-22 11:01:56.187 0 0 I auditd : type=1400 audit(0.0:21750): avc: denied { kill } for comm="swapper/1" capability=5 scontext=u:r:kernel:s0 tcontext=u:r:kernel:s0 tclass=capability permissive=0
01-01 17:26:45.539 0 0 E DTC_ETH,link_delay_work_func: 3003, SQI=0, link=0
03-22 11:01:57.187 0 0 I auditd : type=1400 audit(0.0:21751): avc: denied { kill } for comm="swapper/1" capability=5 scontext=u:r:kernel:s0 tcontext=u:r:kernel:s0 tclass=capability permissive=0
03-22 11:01:58.187 0 0 I auditd : type=1400 audit(0.0:21752): avc: denied { kill } for comm="swapper/0" capability=5 scontext=u:r:kernel:s0 tcontext=u:r:kernel:s0 tclass=capability permissive=0
01-01 17:26:48.228 0 0 E DTC_Display: Abnormal voltage: 0mV
01-01 17:26:48.228 0 0 E DTC_Display: screen not ready
03-22 11:01:59.191 5860 5860 I auditd : type=1400 audit(0.0:21753): avc: denied { kill } for comm="kworker/u16:10" capability=5 scontext=u:r:kernel:s0 tcontext=u:r:kernel:s0 tclass=capability permissive=0
03-22 11:02:00.187 0 0 I auditd : type=1400 audit(0.0:21754): avc: denied { kill } for comm="swapper/0" capability=5 scontext=u:r:kernel:s0 tcontext=u:r:kernel:s0 tclass=capability permissive=0
03-22 11:02:01.191 0 0 I auditd : type=1400 audit(0.0:21755): avc: denied { kill } for comm="swapper/0" capability=5 scontext=u:r:kernel:s0 tcontext=u:r:kernel:s0 tclass=capability permissive=0
01-01 17:26:50.659 0 0 E DTC_ETH,link_delay_work_func: 3003, SQI=0, link=0
03-22 11:02:02.191 0 0 I auditd : type=1400 audit(0.0:21756): avc: denied { kill } for comm="swapper/0" capability=5 scontext=u:r:kernel:s0 tcontext=u:r:kernel:s0 tclass=capability permissive=0
01-01 17:26:51.684 0 0 I msm_vidc: err : ffffffff: .....: DBLP Set: status 0
03-22 11:02:03.187 0 0 I auditd : type=1400 audit(0.0:21757): avc: denied { kill } for comm="swapper/0" capability=5 scontext=u:r:kernel:s0 tcontext=u:r:kernel:s0 tclass=capability permissive=0
03-22 11:02:04.187 0 0 I auditd : type=1400 audit(0.0:21758): avc: denied { kill } for comm="swapper/0" capability=5 scontext=u:r:kernel:s0 tcontext=u:r:kernel:s0 tclass=capability permissive=0
03-22 11:02:05.187 0 0 I auditd : type=1400 audit(0.0:21759): avc: denied { kill } for comm="swapper/0" capability=5 scontext=u:r:kernel:s0 tcontext=u:r:kernel:s0 tclass=capability permissive=0
03-22 11:02:06.187 0 0 I auditd : type=1400 audit(0.0:21760): avc: denied { kill } for comm="swapper/0" capability=5 scontext=u:r:kernel:s0 tcontext=u:r:kernel:s0 tclass=capability permissive=0
01-01 17:26:55.779 0 0 E DTC_ETH,link_delay_work_func: 3003, SQI=0, link=0
01-01 17:26:56.083 0 0 E DTC_Display: screen not ready
03-22 11:02:07.191 0 0 I auditd : type=1400 audit(0.0:21761): avc: denied { kill } for comm="swapper/0" capability=5 scontext=u:r:kernel:s0 tcontext=u:r:kernel:s0 tclass=capability permissive=0
03-22 11:02:08.191 0 0 I auditd : type=1400 audit(0.0:21762): avc: denied { kill } for comm="swapper/0" capability=5 scontext=u:r:kernel:s0 tcontext=u:r:kernel:s0 tclass=capability permissive=0
03-22 11:02:09.191 0 0 I auditd : type=1400 audit(0.0:21763): avc: denied { kill } for comm="swapper/0" capability=5 scontext=u:r:kernel:s0 tcontext=u:r:kernel:s0 tclass=capability permissive=0
03-22 11:02:10.191 0 0 I auditd : type=1400 audit(0.0:21764): avc: denied { kill } for comm="swapper/0" capability=5 scontext=u:r:kernel:s0 tcontext=u:r:kernel:s0 tclass=capability permissive=0
03-22 11:02:11.191 0 0 I auditd : type=1400 audit(0.0:21765): avc: denied { kill } for comm="swapper/0" capability=5 scontext=u:r:kernel:s0 tcontext=u:r:kernel:s0 tclass=capability permissive=0
01-01 17:27:00.899 0 0 E DTC_ETH,link_delay_work_func: 3003, SQI=0, link=0
03-22 11:02:12.187 0 0 I auditd : type=1400 audit(0.0:21766): avc: denied { kill } for comm="swapper/0" capability=5 scontext=u:r:kernel:s0 tcontext=u:r:kernel:s0 tclass=capability permissive=0
03-22 11:02:13.191 0 0 I auditd : type=1400 audit(0.0:21767): avc: denied { kill } for comm="swapper/0" capability=5 scontext=u:r:kernel:s0 tcontext=u:r:kernel:s0 tclass=capability permissive=0
03-22 11:02:14.191 0 0 I auditd : type=1400 audit(0.0:21768): avc: denied { kill } for comm="swapper/0" capability=5 scontext=u:r:kernel:s0 tcontext=u:r:kernel:s0 tclass=capability permissive=0
01-01 17:27:03.819 0 0 E DTC_Display: screen not ready
03-22 11:02:15.187 0 0 I auditd : type=1400 audit(0.0:21769): avc: denied { kill } for comm="swapper/0" capability=5 scontext=u:r:kernel:s0 tcontext=u:r:kernel:s0 tclass=capability permissive=0
03-22 11:02:16.187 28847 28847 I auditd : type=1400 audit(0.0:21770): avc: denied { kill } for comm="kworker/u16:7" capability=5 scontext=u:r:kernel:s0 tcontext=u:r:kernel:s0 tclass=capability permissive=0
01-01 17:27:06.019 0 0 E DTC_ETH,link_delay_work_func: 3003, SQI=0, link=0
03-22 11:02:17.191 0 0 I auditd : type=1400 audit(0.0:21771): avc: denied { kill } for comm="swapper/0" capability=5 scontext=u:r:kernel:s0 tcontext=u:r:kernel:s0 tclass=capability permissive=0
03-22 11:02:18.187 0 0 I auditd : type=1400 audit(0.0:21772): avc: denied { kill } for comm="swapper/0" capability=5 scontext=u:r:kernel:s0 tcontext=u:r:kernel:s0 tclass=capability permissive=0
03-22 11:02:19.191 0 0 I auditd : type=1400 audit(0.0:21773): avc: denied { kill } for comm="swapper/0" capability=5 scontext=u:r:kernel:s0 tcontext=u:r:kernel:s0 tclass=capability permissive=0
03-22 11:02:20.191 0 0 I auditd : type=1400 audit(0.0:21774): avc: denied { kill } for comm="swapper/0" capability=5 scontext=u:r:kernel:s0 tcontext=u:r:kernel:s0 tclass=capability permissive=0
03-22 11:02:21.191 0 0 I auditd : type=1400 audit(0.0:21775): avc: denied { kill } for comm="swapper/0" capability=5 scontext=u:r:kernel:s0 tcontext=u:r:kernel:s0 tclass=capability permissive=0
01-01 17:27:11.139 0 0 E DTC_ETH,link_delay_work_func: 3003, SQI=0, link=0
03-22 11:02:22.187 0 0 I auditd : type=1400 audit(0.0:21776): avc: denied { kill } for comm="swapper/0" capability=5 scontext=u:r:kernel:s0 tcontext=u:r:kernel:s0 tclass=capability permissive=0
01-01 17:27:11.563 0 0 E DTC_Display: screen not ready
03-22 11:02:23.187 0 0 I auditd : type=1400 audit(0.0:21777): avc: denied { kill } for comm="swapper/0" capability=5 scontext=u:r:kernel:s0 tcontext=u:r:kernel:s0 tclass=capability permissive=0
03-22 11:02:24.191 0 0 I auditd : type=1400 audit(0.0:21778): avc: denied { kill } for comm="swapper/0" capability=5 scontext=u:r:kernel:s0 tcontext=u:r:kernel:s0 tclass=capability permissive=0
03-22 11:02:25.187 0 0 I auditd : type=1400 audit(0.0:21779): avc: denied { kill } for comm="swapper/0" capability=5 scontext=u:r:kernel:s0 tcontext=u:r:kernel:s0 tclass=capability permissive=0
01-01 17:27:16.259 0 0 E DTC_ETH,link_delay_work_func: 3003, SQI=0, link=0
03-22 11:02:27.187 0 0 I auditd : type=1400 audit(0.0:21780): avc: denied { kill } for comm="swapper/0" capability=5 scontext=u:r:kernel:s0 tcontext=u:r:kernel:s0 tclass=capability permissive=0
03-22 11:02:28.187 0 0 I auditd : type=1400 audit(0.0:21781): avc: denied { kill } for comm="swapper/0" capability=5 scontext=u:r:kernel:s0 tcontext=u:r:kernel:s0 tclass=capability permissive=0
03-22 11:02:29.187 0 0 I auditd : type=1400 audit(0.0:21782): avc: denied { kill } for comm="swapper/0" capability=5 scontext=u:r:kernel:s0 tcontext=u:r:kernel:s0 tclass=capability permissive=0
03-22 11:02:30.191 0 0 I auditd : type=1400 audit(0.0:21783): avc: denied { kill } for comm="swapper/0" capability=5 scontext=u:r:kernel:s0 tcontext=u:r:kernel:s0 tclass=capability permissive=0
01-01 17:27:19.307 0 0 E DTC_Display: screen not ready
03-22 11:02:31.191 0 0 I auditd : type=1400 audit(0.0:21784): avc: denied { kill } for comm="swapper/0" capability=5 scontext=u:r:kernel:s0 tcontext=u:r:kernel:s0 tclass=capability permissive=0
03-22 11:02:32.191 0 0 I auditd : type=1400 audit(0.0:21785): avc: denied { kill } for comm="swapper/0" capability=5 scontext=u:r:kernel:s0 tcontext=u:r:kernel:s0 tclass=capability permissive=0
01-01 17:27:21.379 0 0 E DTC_ETH,link_delay_work_func: 3003, SQI=0, link=0
03-22 11:02:33.191 0 0 I auditd : type=1400 audit(0.0:21786): avc: denied { kill } for comm="swapper/0" capability=5 scontext=u:r:kernel:s0 tcontext=u:r:kernel:s0 tclass=capability permissive=0
03-22 11:02:34.187 0 0 I auditd : type=1400 audit(0.0:21787): avc: denied { kill } for comm="swapper/0" capability=5 scontext=u:r:kernel:s0 tcontext=u:r:kernel:s0 tclass=capability permissive=0
03-22 11:02:34.265 1512 1697 I input_interaction: Interaction with: c5f53a9 com.android.systemui/com.android.systemui.screenrecord.ScreenRecordDialog (server), swipe-up (server), edge-swipe (server), PointerEventDispatcher0 (server),
03-22 11:02:36.191 0 0 I auditd : type=1400 audit(0.0:21788): avc: denied { kill } for comm="swapper/3" capability=5 scontext=u:r:kernel:s0 tcontext=u:r:kernel:s0 tclass=capability permissive=0
03-22 11:02:37.191 0 0 I auditd : type=1400 audit(0.0:21789): avc: denied { kill } for comm="swapper/3" capability=5 scontext=u:r:kernel:s0 tcontext=u:r:kernel:s0 tclass=capability permissive=0
01-01 17:27:26.499 0 0 E DTC_ETH,link_delay_work_func: 3003, SQI=0, link=0
01-01 17:27:27.051 0 0 E DTC_Display: screen not ready
03-22 11:02:38.191 0 0 I auditd : type=1400 audit(0.0:21790): avc: denied { kill } for comm="swapper/3" capability=5 scontext=u:r:kernel:s0 tcontext=u:r:kernel:s0 tclass=capability permissive=0
03-22 11:02:39.187 0 0 I auditd : type=1400 audit(0.0:21791): avc: denied { kill } for comm="swapper/3" capability=5 scontext=u:r:kernel:s0 tcontext=u:r:kernel:s0 tclass=capability permissive=0
03-22 11:02:40.187 0 0 I auditd : type=1400 audit(0.0:21792): avc: denied { kill } for comm="swapper/3" capability=5 scontext=u:r:kernel:s0 tcontext=u:r:kernel:s0 tclass=capability permissive=0
03-22 11:02:41.187 0 0 I auditd : type=1400 audit(0.0:21793): avc: denied { kill } for comm="swapper/3" capability=5 scontext=u:r:kernel:s0 tcontext=u:r:kernel:s0 tclass=capability permissive=0
03-22 11:02:42.187 0 0 I auditd : type=1400 audit(0.0:21794): avc: denied { kill } for comm="swapper/3" capability=5 scontext=u:r:kernel:s0 tcontext=u:r:kernel:s0 tclass=capability permissive=0
01-01 17:27:31.619 0 0 E DTC_ETH,link_delay_work_func: 3003, SQI=0, link=0
03-22 11:02:42.895 1512 2124 I wm_finish_activity: [0,46098774,111,com.android.systemui/.screenrecord.ScreenRecordDialog,app-request]
03-22 11:02:42.896 1512 2124 I wm_task_moved: [1,1,10]
03-22 11:02:42.901 1512 2124 I wm_task_moved: [32,1,2147483647]
03-22 11:02:42.901 1512 2124 I wm_task_to_front: [0,32]
03-22 11:02:42.901 1512 2124 I wm_focused_root_task: [0,0,1,-1,finish-top adjustFocusToNextFocusableTask]
03-22 11:02:42.920 1512 2124 I wm_pause_activity: [0,46098774,com.android.systemui/.screenrecord.ScreenRecordDialog,userLeaving=false,finish]
03-22 11:02:42.929 1512 1611 I input_focus: [Focus request a81a7d0 com.android.launcher3/com.android.launcher3.uioverrides.QuickstepLauncher,reason=UpdateInputWindows]
03-22 11:02:42.932 1982 1982 I wm_on_top_resumed_lost_called: [46098774,com.android.systemui.screenrecord.ScreenRecordDialog,topStateChangedWhenResumed]
03-22 11:02:42.939 1982 1982 I wm_on_paused_called: [46098774,com.android.systemui.screenrecord.ScreenRecordDialog,performPause]
03-22 11:02:42.940 1512 2138 I ActivityTaskManager: FOREGROUND_APPLICATION_CHANGED to com.android.launcher3.uioverrides.QuickstepLauncher
03-22 11:02:42.941 1512 2138 I wm_set_resumed_activity: [0,com.android.launcher3/.uioverrides.QuickstepLauncher,resumeTopActivityInnerLocked]
03-22 11:02:42.943 1512 2138 I wm_resume_activity: [0,70633193,32,com.android.launcher3/.uioverrides.QuickstepLauncher]
03-22 11:02:42.946 2573 2573 I wm_on_resume_called: [70633193,com.android.launcher3.uioverrides.QuickstepLauncher,RESUME_ACTIVITY]
03-22 11:02:42.946 2573 2573 I wm_on_top_resumed_gained_called: [70633193,com.android.launcher3.uioverrides.QuickstepLauncher,topWhenResuming]
03-22 11:02:42.947 1512 1697 I input_focus: [Focus leaving c5f53a9 com.android.systemui/com.android.systemui.screenrecord.ScreenRecordDialog (server),reason=NO_WINDOW]
03-22 11:02:42.948 1512 1697 I input_focus: [Focus entering a81a7d0 com.android.launcher3/com.android.launcher3.uioverrides.QuickstepLauncher (server),reason=setFocusedWindow]
03-22 11:02:42.958 1512 1610 I sysui_multi_action: [757,803,799,window_time_0,802,518]
03-22 11:02:42.976 1512 11966 I wm_destroy_activity: [0,46098774,111,com.android.systemui/.screenrecord.ScreenRecordDialog,finish-idle]
03-22 11:02:42.982 1982 1982 I wm_on_stop_called: [46098774,com.android.systemui.screenrecord.ScreenRecordDialog,LIFECYCLER_STOP_ACTIVITY]
03-22 11:02:42.982 1982 1982 I wm_on_destroy_called: [46098774,com.android.systemui.screenrecord.ScreenRecordDialog,performDestroy]
03-22 11:02:42.996 1512 1618 I am_pss : [5890,10104,com.thundersoft.notificationtest1,17968128,13414400,51200,101584896,0,19,7]
03-22 11:02:43.003 1512 1618 I am_pss : [5891,10030,com.android.documentsui,12390400,8544256,51200,103014400,0,19,5]
03-22 11:02:43.045 1512 11966 W FreeFormWindowHelper: Current Display FreeFormTask is null
03-22 11:02:43.056 1512 2109 I am_uid_active: 10063
03-22 11:02:43.187 0 0 I auditd : type=1400 audit(0.0:21795): avc: denied { kill } for comm="swapper/3" capability=5 scontext=u:r:kernel:s0 tcontext=u:r:kernel:s0 tclass=capability permissive=0
03-22 11:02:43.202 1512 1611 I wm_task_removed: [111,removeChild:removeChild last r=ActivityRecord{2bf6956 u0 com.android.systemui/.screenrecord.ScreenRecordDialog t-1 f}} in t=Task{7308165 #111 type=standard A=10078:com.android.systemui U=0 visible=false mode=fullscreen translucent=true sz=0}]
03-22 11:02:43.202 1512 1611 I wm_task_removed: [111,removeChild]
03-22 11:02:43.203 1512 1611 W ActivityTaskManager: Can't find TaskDisplayArea to determine support for multi window. Task id=111 attached=false
03-22 11:02:43.203 1512 1611 W ActivityTaskManager: Can't find TaskDisplayArea to determine support for multi window. Task id=111 attached=false
03-22 11:02:43.760 1512 1697 I input_interaction: Interaction with: 637a09c StatusBar (server), swipe-up (server), edge-swipe (server), PointerEventDispatcher0 (server),
03-22 11:02:43.858 1512 13247 I sysui_multi_action: [757,127,758,1]
03-22 11:02:43.858 1512 13247 I sysui_multi_action: [757,804,799,note_load,801,4,802,1]
03-22 11:02:43.858 1512 13247 I notification_panel_revealed: 4
03-22 11:02:43.881 1512 2109 I sysui_multi_action: [757,128,758,1,793,10799024,794,0,795,10799024,796,26,798,0,806,android,857,DEVELOPER_IMPORTANT,858,4,947,0,1395,4,1500,10798818,1688,1]
03-22 11:02:43.881 1512 2109 I sysui_multi_action: [757,804,799,note_freshness,801,10799024,802,1]
03-22 11:02:43.881 1512 2109 I notification_visibility: [-1|android|26|null|1000,1,10799024,10799024,0,0]
03-22 11:02:43.881 1512 2109 I sysui_multi_action: [757,128,758,1,793,9871337,794,0,795,9626477,796,17303299,797,com.android.wifi,798,2,806,android,857,NETWORK_AVAILABLE,858,2,947,0,1395,4,1500,524295,1688,1]
03-22 11:02:43.881 1512 2109 I sysui_multi_action: [757,1501,758,1,793,9871337,794,0,795,9626477,796,17303299,797,com.android.wifi,806,android,857,NETWORK_AVAILABLE,858,2,947,0,1500,0,1688,1]
03-22 11:02:43.881 1512 2109 I sysui_multi_action: [757,804,799,note_interruptive,801,0,802,1]
03-22 11:02:43.881 1512 2109 I sysui_multi_action: [757,804,799,note_freshness,801,9626477,802,1]
03-22 11:02:43.881 1512 2109 I notification_visibility: [0|android|17303299|com.android.wifi|1000,1,9871337,9626477,0,2]
03-22 11:02:43.882 1512 2109 I sysui_multi_action: [757,128,758,1,793,1586002,794,0,795,1586002,796,4273,798,1,806,com.android.systemui,857,screen_record,858,3,947,0,1395,4,1500,1585801,1688,1,1745,680407814]
03-22 11:02:43.882 1512 2109 I sysui_multi_action: [757,804,799,note_freshness,801,1586002,802,1]
03-22 11:02:43.882 1512 2109 I notification_visibility: [0|com.android.systemui|4273|null|10078,1,1586002,1586002,0,1]
03-22 11:02:43.882 1512 2109 I sysui_multi_action: [757,128,758,1,793,10799028,794,0,795,10799028,796,32,798,3,806,android,857,USB,858,1,947,0,1395,4,1500,10798825,1688,1]
03-22 11:02:43.882 1512 2109 I sysui_multi_action: [757,804,799,note_freshness,801,10799028,802,1]
03-22 11:02:43.882 1512 2109 I notification_visibility: [-1|android|32|null|1000,1,10799028,10799028,0,3]
03-22 11:02:43.892 1512 1611 I input_focus: [Focus request 92dbd17 NotificationShade,reason=UpdateInputWindows]
03-22 11:02:43.896 1982 1982 I sysui_multi_action: [757,111,758,1]
03-22 11:02:43.897 1982 1982 I sysui_multi_action: [757,126,758,1,759,126,927,0,928,1,1593,0]
03-22 11:02:43.897 1982 1982 I sysui_multi_action: [757,113,758,1,759,113,927,1,928,1,1593,0]
03-22 11:02:43.897 1982 1982 I sysui_multi_action: [757,0,758,1,759,0,927,2,928,0,1593,0]
03-22 11:02:43.897 1982 1982 I sysui_multi_action: [757,0,758,1,759,0,927,3,928,0,1593,0]
03-22 11:02:43.897 1982 1982 I sysui_multi_action: [757,491,758,1,759,491,927,4,928,0,1311,1,1593,0]
03-22 11:02:43.897 1982 1982 I sysui_multi_action: [757,0,758,1,759,0,927,5,928,0,1593,0]
03-22 11:02:43.897 1982 1982 I sysui_multi_action: [757,111,758,1]
03-22 11:02:43.897 1982 1982 I sysui_multi_action: [757,126,758,1,759,126,927,0,928,1,1593,0]
03-22 11:02:43.898 1982 1982 I sysui_multi_action: [757,113,758,1,759,113,927,1,928,1,1593,0]
03-22 11:02:43.898 1982 1982 I sysui_multi_action: [757,0,758,1,759,0,927,2,928,0,1593,0]
03-22 11:02:43.898 1982 1982 I sysui_multi_action: [757,0,758,1,759,0,927,3,928,0,1593,0]
03-22 11:02:43.918 1512 1697 I input_focus: [Focus leaving a81a7d0 com.android.launcher3/com.android.launcher3.uioverrides.QuickstepLauncher (server),reason=setFocusedWindow]
03-22 11:02:43.918 1512 1697 I input_focus: [Focus entering 92dbd17 NotificationShade (server),reason=setFocusedWindow]
03-22 11:02:44.187 0 0 I auditd : type=1400 audit(0.0:21796): avc: denied { kill } for comm="swapper/3" capability=5 scontext=u:r:kernel:s0 tcontext=u:r:kernel:s0 tclass=capability permissive=0
03-22 11:02:45.191 0 0 I auditd : type=1400 audit(0.0:21797): avc: denied { kill } for comm="swapper/3" capability=5 scontext=u:r:kernel:s0 tcontext=u:r:kernel:s0 tclass=capability permissive=0
03-22 11:02:45.308 1512 1697 I input_interaction: Interaction with: 92dbd17 NotificationShade (server), swipe-up (server), edge-swipe (server), PointerEventDispatcher0 (server),
03-22 11:02:45.408 1982 1982 I sysui_multi_action: [757,407,758,4,759,1]
01-01 17:27:34.800 0 0 E DTC_Display: screen not ready
03-22 11:02:45.908 1512 11966 I sysui_multi_action: [757,128,758,2,793,10801050,794,2022,795,10801050,796,32,798,3,806,android,857,USB,858,1,947,0,1395,4,1500,10800847,1688,1]
03-22 11:02:45.909 1512 11966 I notification_visibility: [-1|android|32|null|1000,0,10801050,10801050,0,3]
