03-22 10:30:38.774 1512 1697 I input_focus: [Focus entering 268f62e com.android.systemui/com.android.systemui.screenrecord.ScreenRecordDialog (server),reason=setFocusedWindow]
03-22 10:30:39.142 1512 2683 I wm_task_moved: [1,1,10]
03-22 10:30:39.146 1512 2683 I wm_focused_root_task: [0,0,1,109,startActivityFromRecents]
03-22 10:30:39.146 1512 2683 I wm_task_moved: [109,1,10]
03-22 10:30:39.146 1982 1982 I wm_on_top_resumed_lost_called: [104862232,com.android.systemui.screenrecord.ScreenRecordDialog,topStateChangedWhenResumed]
03-22 10:30:39.147 1512 2683 I wm_set_resumed_activity: [0,com.android.systemui/.screenrecord.ScreenRecordDialog,positionChildAt]
03-22 10:30:39.147 1512 2683 I wm_focused_root_task: [0,0,109,1,moveTaskToFront findTaskToMoveToFront]
03-22 10:30:39.147 1512 2683 I wm_set_resumed_activity: [0,com.android.systemui/.screenrecord.ScreenRecordDialog,moveTaskToFront findTaskToMoveToFront]
03-22 10:30:39.156 1982 1982 I wm_on_top_resumed_gained_called: [104862232,com.android.systemui.screenrecord.ScreenRecordDialog,topStateChangedWhenResumed]
03-22 10:30:39.187 0 0 I auditd : type=1400 audit(0.0:19802): avc: denied { kill } for comm="swapper/5" capability=5 scontext=u:r:kernel:s0 tcontext=u:r:kernel:s0 tclass=capability permissive=0
01-01 16:55:28.379 0 0 E DTC_Display: screen not ready
03-22 10:30:39.359 1512 1684 I commit_sys_config_file: [settings-1-0,6]
03-22 10:30:40.187 0 0 I auditd : type=1400 audit(0.0:19803): avc: denied { kill } for comm="swapper/0" capability=5 scontext=u:r:kernel:s0 tcontext=u:r:kernel:s0 tclass=capability permissive=0
03-22 10:30:40.248 1512 1697 I input_interaction: Interaction with: 268f62e com.android.systemui/com.android.systemui.screenrecord.ScreenRecordDialog (server), swipe-up (server), edge-swipe (server), PointerEventDispatcher0 (server),
03-22 10:30:40.269 1982 1982 I view_enqueue_input_event: [Motion - Cancel,com.android.systemui/com.android.systemui.screenrecord.ScreenRecordDialog]
03-22 10:30:40.275 1512 1697 I input_interaction: Interaction with: swipe-up (server), edge-swipe (server), PointerEventDispatcher0 (server),
03-22 10:30:40.283 2573 2573 I sysui_latency: [1,9]
03-22 10:30:40.285 1512 1611 I input_focus: [Focus request recents_animation_input_consumer,reason=UpdateInputWindows]
03-22 10:30:40.311 1512 1697 I input_focus: [Focus leaving 268f62e com.android.systemui/com.android.systemui.screenrecord.ScreenRecordDialog (server),reason=NOT_FOCUSABLE]
03-22 10:30:40.311 1512 1697 I input_focus: [Focus entering recents_animation_input_consumer (server),reason=setFocusedWindow]
03-22 10:30:40.486 1512 1684 I commit_sys_config_file: [settings-1-0,5]
03-22 10:30:40.879 1512 5087 I wm_task_moved: [1,0,9]
03-22 10:30:40.884 1512 1611 I input_focus: [Focus request 268f62e com.android.systemui/com.android.systemui.screenrecord.ScreenRecordDialog,reason=UpdateInputWindows]
03-22 10:30:40.912 1512 1697 I input_focus: [Focus leaving recents_animation_input_consumer (server),reason=NOT_VISIBLE]
03-22 10:30:40.912 1512 1697 I input_focus: [Focus entering 268f62e com.android.systemui/com.android.systemui.screenrecord.ScreenRecordDialog (server),reason=setFocusedWindow]
03-22 10:30:41.297 1512 5089 I wm_task_moved: [1,1,10]
03-22 10:30:41.300 1512 5089 I wm_focused_root_task: [0,0,1,109,startActivityFromRecents]
03-22 10:30:41.300 1982 1982 I wm_on_top_resumed_lost_called: [104862232,com.android.systemui.screenrecord.ScreenRecordDialog,topStateChangedWhenResumed]
03-22 10:30:41.300 1512 5089 I wm_task_moved: [109,1,10]
03-22 10:30:41.302 1512 5089 I wm_set_resumed_activity: [0,com.android.systemui/.screenrecord.ScreenRecordDialog,positionChildAt]
03-22 10:30:41.302 1512 5089 I wm_focused_root_task: [0,0,109,1,moveTaskToFront findTaskToMoveToFront]
03-22 10:30:41.302 1512 5089 I wm_set_resumed_activity: [0,com.android.systemui/.screenrecord.ScreenRecordDialog,moveTaskToFront findTaskToMoveToFront]
03-22 10:30:41.315 1982 1982 I wm_on_top_resumed_gained_called: [104862232,com.android.systemui.screenrecord.ScreenRecordDialog,topStateChangedWhenResumed]
03-22 10:30:41.513 1512 1684 I commit_sys_config_file: [settings-1-0,9]
03-22 10:30:42.191 0 0 I auditd : type=1400 audit(0.0:19804): avc: denied { kill } for comm="swapper/3" capability=5 scontext=u:r:kernel:s0 tcontext=u:r:kernel:s0 tclass=capability permissive=0
01-01 16:55:31.619 0 0 E DTC_ETH,link_delay_work_func: 3003, SQI=0, link=0
03-22 10:30:43.187 0 0 I auditd : type=1400 audit(0.0:19805): avc: denied { kill } for comm="swapper/3" capability=5 scontext=u:r:kernel:s0 tcontext=u:r:kernel:s0 tclass=capability permissive=0
03-22 10:30:44.191 0 0 I auditd : type=1400 audit(0.0:19806): avc: denied { kill } for comm="swapper/3" capability=5 scontext=u:r:kernel:s0 tcontext=u:r:kernel:s0 tclass=capability permissive=0
01-01 16:55:33.413 0 0 I msm_vidc: err : ffffffff: .....: DBLP Set: status 0
03-22 10:30:45.187 0 0 I auditd : type=1400 audit(0.0:19807): avc: denied { kill } for comm="swapper/1" capability=5 scontext=u:r:kernel:s0 tcontext=u:r:kernel:s0 tclass=capability permissive=0
03-22 10:30:46.191 0 0 I auditd : type=1400 audit(0.0:19808): avc: denied { kill } for comm="swapper/1" capability=5 scontext=u:r:kernel:s0 tcontext=u:r:kernel:s0 tclass=capability permissive=0
03-22 10:30:47.187 0 0 I auditd : type=1400 audit(0.0:19809): avc: denied { kill } for comm="swapper/1" capability=5 scontext=u:r:kernel:s0 tcontext=u:r:kernel:s0 tclass=capability permissive=0
01-01 16:55:36.427 0 0 E DTC_Display: screen not ready
01-01 16:55:36.739 0 0 E DTC_ETH,link_delay_work_func: 3003, SQI=0, link=0
03-22 10:30:48.187 0 0 I auditd : type=1400 audit(0.0:19810): avc: denied { kill } for comm="swapper/1" capability=5 scontext=u:r:kernel:s0 tcontext=u:r:kernel:s0 tclass=capability permissive=0
03-22 10:30:49.191 0 0 I auditd : type=1400 audit(0.0:19811): avc: denied { kill } for comm="swapper/1" capability=5 scontext=u:r:kernel:s0 tcontext=u:r:kernel:s0 tclass=capability permissive=0
01-01 16:55:38.629 0 0 I msm_vidc: err : ffffffff: .....: DBLP Set: status 0
03-22 10:30:50.191 0 0 I auditd : type=1400 audit(0.0:19812): avc: denied { kill } for comm="swapper/1" capability=5 scontext=u:r:kernel:s0 tcontext=u:r:kernel:s0 tclass=capability permissive=0
03-22 10:30:51.187 0 0 I auditd : type=1400 audit(0.0:19813): avc: denied { kill } for comm="swapper/1" capability=5 scontext=u:r:kernel:s0 tcontext=u:r:kernel:s0 tclass=capability permissive=0
03-22 10:30:52.187 0 0 I auditd : type=1400 audit(0.0:19814): avc: denied { kill } for comm="swapper/1" capability=5 scontext=u:r:kernel:s0 tcontext=u:r:kernel:s0 tclass=capability permissive=0
01-01 16:55:41.859 0 0 E DTC_ETH,link_delay_work_func: 3003, SQI=0, link=0
03-22 10:30:53.187 0 0 I auditd : type=1400 audit(0.0:19815): avc: denied { kill } for comm="swapper/1" capability=5 scontext=u:r:kernel:s0 tcontext=u:r:kernel:s0 tclass=capability permissive=0
03-22 10:30:54.191 0 0 I auditd : type=1400 audit(0.0:19816): avc: denied { kill } for comm="swapper/1" capability=5 scontext=u:r:kernel:s0 tcontext=u:r:kernel:s0 tclass=capability permissive=0
01-01 16:55:44.275 0 0 E DTC_Display: screen not ready
03-22 10:30:55.187 0 0 I auditd : type=1400 audit(0.0:19817): avc: denied { kill } for comm="swapper/1" capability=5 scontext=u:r:kernel:s0 tcontext=u:r:kernel:s0 tclass=capability permissive=0
03-22 10:30:56.187 0 0 I auditd : type=1400 audit(0.0:19818): avc: denied { kill } for comm="swapper/1" capability=5 scontext=u:r:kernel:s0 tcontext=u:r:kernel:s0 tclass=capability permissive=0
03-22 10:30:57.187 0 0 I auditd : type=1400 audit(0.0:19819): avc: denied { kill } for comm="swapper/1" capability=5 scontext=u:r:kernel:s0 tcontext=u:r:kernel:s0 tclass=capability permissive=0
01-01 16:55:46.979 0 0 E DTC_ETH,link_delay_work_func: 3003, SQI=0, link=0
03-22 10:30:58.187 0 0 I auditd : type=1400 audit(0.0:19820): avc: denied { kill } for comm="swapper/1" capability=5 scontext=u:r:kernel:s0 tcontext=u:r:kernel:s0 tclass=capability permissive=0
03-22 10:30:59.191 0 0 I auditd : type=1400 audit(0.0:19821): avc: denied { kill } for comm="swapper/1" capability=5 scontext=u:r:kernel:s0 tcontext=u:r:kernel:s0 tclass=capability permissive=0
03-22 10:31:00.187 0 0 I auditd : type=1400 audit(0.0:19822): avc: denied { kill } for comm="swapper/1" capability=5 scontext=u:r:kernel:s0 tcontext=u:r:kernel:s0 tclass=capability permissive=0
03-22 10:31:00.959 22192 22192 I auditd : type=1400 audit(0.0:19823): avc: granted { nlmsg_readpriv } for comm="tmesec-report" scontext=u:r:untrusted_app_29:s0:c102,c256,c512,c768 tcontext=u:r:untrusted_app_29:s0:c102,c256,c512,c768 tclass=netlink_route_socket app=com.tencent.qqmusic
03-22 10:31:00.987 22192 22192 I auditd : type=1400 audit(0.0:19824): avc: denied { read } for comm="tmesec-report" name="u:object_r:oem_unlock_prop:s0" dev="tmpfs" ino=11544 scontext=u:r:untrusted_app_29:s0:c102,c256,c512,c768 tcontext=u:object_r:oem_unlock_prop:s0 tclass=file permissive=0 app=com.tencent.qqmusic
03-22 10:31:01.187 0 0 I auditd : type=1400 audit(0.0:19825): avc: denied { kill } for comm="swapper/1" capability=5 scontext=u:r:kernel:s0 tcontext=u:r:kernel:s0 tclass=capability permissive=0
03-22 10:31:02.191 0 0 I auditd : type=1400 audit(0.0:19826): avc: denied { kill } for comm="swapper/1" capability=5 scontext=u:r:kernel:s0 tcontext=u:r:kernel:s0 tclass=capability permissive=0
01-01 16:55:51.685 0 0 I msm_vidc: err : ffffffff: .....: DBLP Set: status 0
01-01 16:55:52.012 0 0 E DTC_Display: screen not ready
01-01 16:55:52.099 0 0 E DTC_ETH,link_delay_work_func: 3003, SQI=0, link=0
03-22 10:31:03.187 0 0 I auditd : type=1400 audit(0.0:19827): avc: denied { kill } for comm="swapper/1" capability=5 scontext=u:r:kernel:s0 tcontext=u:r:kernel:s0 tclass=capability permissive=0
03-22 10:31:04.191 0 0 I auditd : type=1400 audit(0.0:19828): avc: denied { kill } for comm="swapper/1" capability=5 scontext=u:r:kernel:s0 tcontext=u:r:kernel:s0 tclass=capability permissive=0
03-22 10:31:05.187 0 0 I auditd : type=1400 audit(0.0:19829): avc: denied { kill } for comm="swapper/1" capability=5 scontext=u:r:kernel:s0 tcontext=u:r:kernel:s0 tclass=capability permissive=0
03-22 10:31:06.191 0 0 I auditd : type=1400 audit(0.0:19830): avc: denied { kill } for comm="swapper/1" capability=5 scontext=u:r:kernel:s0 tcontext=u:r:kernel:s0 tclass=capability permissive=0
03-22 10:31:07.191 0 0 I auditd : type=1400 audit(0.0:19831): avc: denied { kill } for comm="swapper/1" capability=5 scontext=u:r:kernel:s0 tcontext=u:r:kernel:s0 tclass=capability permissive=0
01-01 16:55:57.219 0 0 E DTC_ETH,link_delay_work_func: 3003, SQI=0, link=0
03-22 10:31:08.187 0 0 I auditd : type=1400 audit(0.0:19832): avc: denied { kill } for comm="swapper/1" capability=5 scontext=u:r:kernel:s0 tcontext=u:r:kernel:s0 tclass=capability permissive=0
03-22 10:31:09.187 0 0 I auditd : type=1400 audit(0.0:19833): avc: denied { kill } for comm="swapper/1" capability=5 scontext=u:r:kernel:s0 tcontext=u:r:kernel:s0 tclass=capability permissive=0
03-22 10:31:10.187 0 0 I auditd : type=1400 audit(0.0:19834): avc: denied { kill } for comm="swapper/1" capability=5 scontext=u:r:kernel:s0 tcontext=u:r:kernel:s0 tclass=capability permissive=0
01-01 16:55:59.755 0 0 E DTC_Display: screen not ready
03-22 10:31:11.187 0 0 I auditd : type=1400 audit(0.0:19835): avc: denied { kill } for comm="swapper/1" capability=5 scontext=u:r:kernel:s0 tcontext=u:r:kernel:s0 tclass=capability permissive=0
03-22 10:31:12.191 0 0 I auditd : type=1400 audit(0.0:19836): avc: denied { kill } for comm="swapper/1" capability=5 scontext=u:r:kernel:s0 tcontext=u:r:kernel:s0 tclass=capability permissive=0
03-22 10:31:13.187 0 0 I auditd : type=1400 audit(0.0:19837): avc: denied { kill } for comm="swapper/1" capability=5 scontext=u:r:kernel:s0 tcontext=u:r:kernel:s0 tclass=capability permissive=0
01-01 16:56:02.339 0 0 E DTC_ETH,link_delay_work_func: 3003, SQI=0, link=0
03-22 10:31:14.187 0 0 I auditd : type=1400 audit(0.0:19838): avc: denied { kill } for comm="swapper/1" capability=5 scontext=u:r:kernel:s0 tcontext=u:r:kernel:s0 tclass=capability permissive=0
03-22 10:31:15.187 0 0 I auditd : type=1400 audit(0.0:19839): avc: denied { kill } for comm="swapper/1" capability=5 scontext=u:r:kernel:s0 tcontext=u:r:kernel:s0 tclass=capability permissive=0
03-22 10:31:16.187 0 0 I auditd : type=1400 audit(0.0:19840): avc: denied { kill } for comm="swapper/1" capability=5 scontext=u:r:kernel:s0 tcontext=u:r:kernel:s0 tclass=capability permissive=0
03-22 10:31:17.191 0 0 I auditd : type=1400 audit(0.0:19841): avc: denied { kill } for comm="swapper/1" capability=5 scontext=u:r:kernel:s0 tcontext=u:r:kernel:s0 tclass=capability permissive=0
03-22 10:31:18.187 0 0 I auditd : type=1400 audit(0.0:19842): avc: denied { kill } for comm="swapper/1" capability=5 scontext=u:r:kernel:s0 tcontext=u:r:kernel:s0 tclass=capability permissive=0
01-01 16:56:07.291 0 0 E DTC_Display: screen not ready
01-01 16:56:07.459 0 0 E DTC_ETH,link_delay_work_func: 3003, SQI=0, link=0
03-22 10:31:19.187 0 0 I auditd : type=1400 audit(0.0:19843): avc: denied { kill } for comm="swapper/1" capability=5 scontext=u:r:kernel:s0 tcontext=u:r:kernel:s0 tclass=capability permissive=0
03-22 10:31:20.187 0 0 I auditd : type=1400 audit(0.0:19844): avc: denied { kill } for comm="swapper/1" capability=5 scontext=u:r:kernel:s0 tcontext=u:r:kernel:s0 tclass=capability permissive=0
03-22 10:31:21.187 0 0 I auditd : type=1400 audit(0.0:19845): avc: denied { kill } for comm="swapper/1" capability=5 scontext=u:r:kernel:s0 tcontext=u:r:kernel:s0 tclass=capability permissive=0
03-22 10:31:22.187 0 0 I auditd : type=1400 audit(0.0:19846): avc: denied { kill } for comm="swapper/1" capability=5 scontext=u:r:kernel:s0 tcontext=u:r:kernel:s0 tclass=capability permissive=0
03-22 10:31:23.191 0 0 I auditd : type=1400 audit(0.0:19847): avc: denied { kill } for comm="swapper/1" capability=5 scontext=u:r:kernel:s0 tcontext=u:r:kernel:s0 tclass=capability permissive=0
01-01 16:56:12.579 0 0 E DTC_ETH,link_delay_work_func: 3003, SQI=0, link=0
03-22 10:31:24.191 0 0 I auditd : type=1400 audit(0.0:19848): avc: denied { kill } for comm="swapper/1" capability=5 scontext=u:r:kernel:s0 tcontext=u:r:kernel:s0 tclass=capability permissive=0
03-22 10:31:25.187 0 0 I auditd : type=1400 audit(0.0:19849): avc: denied { kill } for comm="swapper/1" capability=5 scontext=u:r:kernel:s0 tcontext=u:r:kernel:s0 tclass=capability permissive=0
01-01 16:56:14.707 0 0 E DTC_Display: screen not ready
03-22 10:31:26.191 0 0 I auditd : type=1400 audit(0.0:19850): avc: denied { kill } for comm="swapper/1" capability=5 scontext=u:r:kernel:s0 tcontext=u:r:kernel:s0 tclass=capability permissive=0
03-22 10:31:27.187 0 0 I auditd : type=1400 audit(0.0:19851): avc: denied { kill } for comm="swapper/1" capability=5 scontext=u:r:kernel:s0 tcontext=u:r:kernel:s0 tclass=capability permissive=0
03-22 10:31:28.187 0 0 I auditd : type=1400 audit(0.0:19852): avc: denied { kill } for comm="swapper/1" capability=5 scontext=u:r:kernel:s0 tcontext=u:r:kernel:s0 tclass=capability permissive=0
01-01 16:56:17.699 0 0 E DTC_ETH,link_delay_work_func: 3003, SQI=0, link=0
03-22 10:31:29.187 0 0 I auditd : type=1400 audit(0.0:19853): avc: denied { kill } for comm="swapper/1" capability=5 scontext=u:r:kernel:s0 tcontext=u:r:kernel:s0 tclass=capability permissive=0
03-22 10:31:30.191 0 0 I auditd : type=1400 audit(0.0:19854): avc: denied { kill } for comm="swapper/1" capability=5 scontext=u:r:kernel:s0 tcontext=u:r:kernel:s0 tclass=capability permissive=0
03-22 10:31:31.191 0 0 I auditd : type=1400 audit(0.0:19855): avc: denied { kill } for comm="swapper/1" capability=5 scontext=u:r:kernel:s0 tcontext=u:r:kernel:s0 tclass=capability permissive=0
03-22 10:31:32.191 0 0 I auditd : type=1400 audit(0.0:19856): avc: denied { kill } for comm="swapper/1" capability=5 scontext=u:r:kernel:s0 tcontext=u:r:kernel:s0 tclass=capability permissive=0
01-01 16:56:22.236 0 0 E DTC_Display: screen not ready
03-22 10:31:33.191 0 0 I auditd : type=1400 audit(0.0:19857): avc: denied { kill } for comm="swapper/1" capability=5 scontext=u:r:kernel:s0 tcontext=u:r:kernel:s0 tclass=capability permissive=0
01-01 16:56:22.819 0 0 E DTC_ETH,link_delay_work_func: 3003, SQI=0, link=0
03-22 10:31:34.187 0 0 I auditd : type=1400 audit(0.0:19858): avc: denied { kill } for comm="swapper/1" capability=5 scontext=u:r:kernel:s0 tcontext=u:r:kernel:s0 tclass=capability permissive=0
03-22 10:31:35.166 1512 1619 I am_uid_idle: 10104
03-22 10:31:35.187 0 0 I auditd : type=1400 audit(0.0:19859): avc: denied { kill } for comm="swapper/1" capability=5 scontext=u:r:kernel:s0 tcontext=u:r:kernel:s0 tclass=capability permissive=0
03-22 10:31:36.187 0 0 I auditd : type=1400 audit(0.0:19860): avc: denied { kill } for comm="swapper/1" capability=5 scontext=u:r:kernel:s0 tcontext=u:r:kernel:s0 tclass=capability permissive=0
03-22 10:31:37.191 0 0 I auditd : type=1400 audit(0.0:19861): avc: denied { kill } for comm="swapper/1" capability=5 scontext=u:r:kernel:s0 tcontext=u:r:kernel:s0 tclass=capability permissive=0
03-22 10:31:38.191 0 0 I auditd : type=1400 audit(0.0:19862): avc: denied { kill } for comm="swapper/1" capability=5 scontext=u:r:kernel:s0 tcontext=u:r:kernel:s0 tclass=capability permissive=0
01-01 16:56:27.939 0 0 E DTC_ETH,link_delay_work_func: 3003, SQI=0, link=0
03-22 10:31:39.191 0 0 I auditd : type=1400 audit(0.0:19863): avc: denied { kill } for comm="swapper/1" capability=5 scontext=u:r:kernel:s0 tcontext=u:r:kernel:s0 tclass=capability permissive=0
03-22 10:31:39.565 1512 1697 I input_interaction: Interaction with: 268f62e com.android.systemui/com.android.systemui.screenrecord.ScreenRecordDialog (server), swipe-up (server), edge-swipe (server), PointerEventDispatcher0 (server),
03-22 10:31:39.659 1982 1982 I view_enqueue_input_event: [Motion - Cancel,com.android.systemui/com.android.systemui.screenrecord.ScreenRecordDialog]
03-22 10:31:39.668 1512 1697 I input_interaction: Interaction with: swipe-up (server), edge-swipe (server), PointerEventDispatcher0 (server),
03-22 10:31:39.676 2573 2573 I sysui_latency: [1,11]
03-22 10:31:39.678 1512 1611 I input_focus: [Focus request recents_animation_input_consumer,reason=UpdateInputWindows]
03-22 10:31:39.704 1512 1697 I input_focus: [Focus leaving 268f62e com.android.systemui/com.android.systemui.screenrecord.ScreenRecordDialog (server),reason=NOT_FOCUSABLE]
03-22 10:31:39.704 1512 1697 I input_focus: [Focus entering recents_animation_input_consumer (server),reason=setFocusedWindow]
03-22 10:31:39.879 1512 1684 I commit_sys_config_file: [settings-1-0,5]
03-22 10:31:40.546 1512 5087 I wm_task_moved: [1,0,9]
03-22 10:31:40.553 1512 1611 I input_focus: [Focus request 268f62e com.android.systemui/com.android.systemui.screenrecord.ScreenRecordDialog,reason=UpdateInputWindows]
03-22 10:31:40.572 1512 1697 I input_focus: [Focus leaving recents_animation_input_consumer (server),reason=NOT_VISIBLE]
03-22 10:31:40.572 1512 1697 I input_focus: [Focus entering 268f62e com.android.systemui/com.android.systemui.screenrecord.ScreenRecordDialog (server),reason=setFocusedWindow]
03-22 10:31:40.979 1512 5087 I wm_task_moved: [1,1,10]
01-01 16:56:30.085 0 0 E DTC_Display: screen not ready
03-22 10:31:40.984 1512 5087 I wm_focused_root_task: [0,0,1,109,startActivityFromRecents]
03-22 10:31:40.984 1982 1982 I wm_on_top_resumed_lost_called: [104862232,com.android.systemui.screenrecord.ScreenRecordDialog,topStateChangedWhenResumed]
03-22 10:31:40.984 1512 5087 I wm_task_moved: [109,1,10]
03-22 10:31:40.986 1512 5087 I wm_set_resumed_activity: [0,com.android.systemui/.screenrecord.ScreenRecordDialog,positionChildAt]
03-22 10:31:40.986 1512 5087 I wm_focused_root_task: [0,0,109,1,moveTaskToFront findTaskToMoveToFront]
03-22 10:31:40.986 1512 5087 I wm_set_resumed_activity: [0,com.android.systemui/.screenrecord.ScreenRecordDialog,moveTaskToFront findTaskToMoveToFront]
03-22 10:31:40.999 1982 1982 I wm_on_top_resumed_gained_called: [104862232,com.android.systemui.screenrecord.ScreenRecordDialog,topStateChangedWhenResumed]
03-22 10:31:41.187 2155 2155 I auditd : type=1400 audit(0.0:19864): avc: denied { kill } for comm="kworker/u16:11" capability=5 scontext=u:r:kernel:s0 tcontext=u:r:kernel:s0 tclass=capability permissive=0
03-22 10:31:41.197 1512 1619 I am_uid_idle: 10063
03-22 10:31:41.198 1512 1684 I commit_sys_config_file: [settings-1-0,8]
03-22 10:31:42.187 0 0 I auditd : type=1400 audit(0.0:19865): avc: denied { kill } for comm="swapper/2" capability=5 scontext=u:r:kernel:s0 tcontext=u:r:kernel:s0 tclass=capability permissive=0
01-01 16:56:33.059 0 0 E DTC_ETH,link_delay_work_func: 3003, SQI=0, link=0
01-01 16:56:33.093 0 0 I msm_vidc: err : ffffffff: .....: DBLP Set: status 0
03-22 10:31:44.187 0 0 I auditd : type=1400 audit(0.0:19866): avc: denied { kill } for comm="swapper/2" capability=5 scontext=u:r:kernel:s0 tcontext=u:r:kernel:s0 tclass=capability permissive=0
03-22 10:31:44.989 1512 1697 I input_interaction: Interaction with: 268f62e com.android.systemui/com.android.systemui.screenrecord.ScreenRecordDialog (server), swipe-up (server), edge-swipe (server), PointerEventDispatcher0 (server),
03-22 10:31:45.019 1982 1982 I view_enqueue_input_event: [Motion - Cancel,com.android.systemui/com.android.systemui.screenrecord.ScreenRecordDialog]
03-22 10:31:45.026 1512 1697 I input_interaction: Interaction with: swipe-up (server), edge-swipe (server), PointerEventDispatcher0 (server),
03-22 10:31:45.035 2573 2573 I sysui_latency: [1,9]
03-22 10:31:45.037 1512 1611 I input_focus: [Focus request recents_animation_input_consumer,reason=UpdateInputWindows]
03-22 10:31:45.050 1512 1697 I input_focus: [Focus leaving 268f62e com.android.systemui/com.android.systemui.screenrecord.ScreenRecordDialog (server),reason=NOT_FOCUSABLE]
03-22 10:31:45.051 1512 1697 I input_focus: [Focus entering recents_animation_input_consumer (server),reason=setFocusedWindow]
03-22 10:31:45.187 0 0 I auditd : type=1400 audit(0.0:19867): avc: denied { kill } for comm="swapper/2" capability=5 scontext=u:r:kernel:s0 tcontext=u:r:kernel:s0 tclass=capability permissive=0
03-22 10:31:45.244 1512 1684 I commit_sys_config_file: [settings-1-0,8]
03-22 10:31:45.711 1512 2683 I wm_task_moved: [1,1,10]
03-22 10:31:45.714 1512 2683 I wm_focused_root_task: [0,0,1,109,RecentsAnimation.onAnimationFinished()]
03-22 10:31:45.714 1982 1982 I wm_on_top_resumed_lost_called: [104862232,com.android.systemui.screenrecord.ScreenRecordDialog,topStateChangedWhenResumed]
03-22 10:31:45.716 1512 2683 I wm_pause_activity: [0,104862232,com.android.systemui/.screenrecord.ScreenRecordDialog,userLeaving=false,pauseBackTasks]
03-22 10:31:45.717 1512 2683 I wm_set_resumed_activity: [0,com.android.launcher3/.uioverrides.QuickstepLauncher,resumeTopActivityInnerLocked]
03-22 10:31:45.721 1512 2683 I wm_resume_activity: [0,70633193,32,com.android.launcher3/.uioverrides.QuickstepLauncher]
03-22 10:31:45.721 1512 2683 I wm_add_to_stopping: [0,104862232,com.android.systemui/.screenrecord.ScreenRecordDialog,makeInvisible]
03-22 10:31:45.721 2573 2573 I wm_on_resume_called: [70633193,com.android.launcher3.uioverrides.QuickstepLauncher,RESUME_ACTIVITY]
03-22 10:31:45.730 1512 1611 I input_focus: [Focus request a81a7d0 com.android.launcher3/com.android.launcher3.uioverrides.QuickstepLauncher,reason=UpdateInputWindows]
03-22 10:31:45.738 1512 1697 I input_focus: [Focus leaving recents_animation_input_consumer (server),reason=NOT_VISIBLE]
03-22 10:31:45.739 1982 1982 I wm_on_paused_called: [104862232,com.android.systemui.screenrecord.ScreenRecordDialog,performPause]
03-22 10:31:45.740 1512 1610 I wm_stop_activity: [0,104862232,com.android.systemui/.screenrecord.ScreenRecordDialog]
03-22 10:31:45.741 1512 1610 I sysui_multi_action: [757,803,799,window_time_0,802,70]
03-22 10:31:45.742 1512 1697 I input_focus: [Focus entering a81a7d0 com.android.launcher3/com.android.launcher3.uioverrides.QuickstepLauncher (server),reason=setFocusedWindow]
03-22 10:31:45.761 1512 1618 I am_pss : [18332,10082,com.android.music,46175232,37609472,47104,168525824,0,4,9]
03-22 10:31:45.765 1982 1982 I wm_on_stop_called: [104862232,com.android.systemui.screenrecord.ScreenRecordDialog,STOP_ACTIVITY_ITEM]
03-22 10:31:45.771 1512 1618 I am_pss : [29039,10046,com.thundercomm.screensaver,38778880,32468992,49152,146644992,0,19,8]
03-22 10:31:45.801 2573 2573 I wm_on_top_resumed_gained_called: [70633193,com.android.launcher3.uioverrides.QuickstepLauncher,topStateChangedWhenResumed]
03-22 10:31:45.844 1512 1546 I am_uid_active: 10063
03-22 10:31:45.998 1512 1684 I commit_sys_config_file: [settings-1-0,4]
03-22 10:31:46.191 0 0 I auditd : type=1400 audit(0.0:19868): avc: denied { kill } for comm="swapper/2" capability=5 scontext=u:r:kernel:s0 tcontext=u:r:kernel:s0 tclass=capability permissive=0
03-22 10:31:47.094 1512 1697 I input_interaction: Interaction with: a81a7d0 com.android.launcher3/com.android.launcher3.uioverrides.QuickstepLauncher (server), d87d679 com.android.systemui.ImageWallpaper (server), swipe-up (server), edge-swipe (server), PointerEventDispatcher0 (server),
03-22 10:31:47.170 1512 1546 I wm_task_moved: [1,1,10]
03-22 10:31:47.171 1512 1546 I wm_set_resumed_activity: [0,com.android.launcher3/.uioverrides.QuickstepLauncher,positionChildAt]
03-22 10:31:47.171 1512 1546 I wm_task_moved: [109,1,10]
03-22 10:31:47.171 1512 1546 I wm_focused_root_task: [0,0,109,1,moveTaskToFront findTaskToMoveToFront]
03-22 10:31:47.172 1512 1546 I wm_set_resumed_activity: [0,com.android.systemui/.screenrecord.ScreenRecordDialog,moveTaskToFront findTaskToMoveToFront]
03-22 10:31:47.173 1512 1546 I wm_pause_activity: [0,70633193,com.android.launcher3/.uioverrides.QuickstepLauncher,userLeaving=true,pauseBackTasks]
03-22 10:31:47.178 2573 2573 I wm_on_top_resumed_lost_called: [70633193,com.android.launcher3.uioverrides.QuickstepLauncher,topStateChangedWhenResumed]
03-22 10:31:47.179 2573 2573 I wm_on_paused_called: [70633193,com.android.launcher3.uioverrides.QuickstepLauncher,performPause]
03-22 10:31:47.182 1512 1546 I wm_set_resumed_activity: [0,com.android.systemui/.screenrecord.ScreenRecordDialog,resumeTopActivityInnerLocked]
03-22 10:31:47.183 1512 1546 I wm_resume_activity: [0,104862232,109,com.android.systemui/.screenrecord.ScreenRecordDialog]
03-22 10:31:47.186 1512 1610 I sysui_multi_action: [757,803,799,window_time_0,802,1]
03-22 10:31:47.205 1982 1982 I wm_on_restart_called: [104862232,com.android.systemui.screenrecord.ScreenRecordDialog,performRestartActivity]
03-22 10:31:47.205 1982 1982 I wm_on_start_called: [104862232,com.android.systemui.screenrecord.ScreenRecordDialog,handleStartActivity]
03-22 10:31:47.206 1982 1982 I wm_on_resume_called: [104862232,com.android.systemui.screenrecord.ScreenRecordDialog,RESUME_ACTIVITY]
03-22 10:31:47.206 1982 1982 I wm_on_top_resumed_gained_called: [104862232,com.android.systemui.screenrecord.ScreenRecordDialog,topWhenResuming]
03-22 10:31:47.224 1512 1611 I input_focus: [Focus request 268f62e com.android.systemui/com.android.systemui.screenrecord.ScreenRecordDialog,reason=UpdateInputWindows]
03-22 10:31:47.248 1512 1697 I input_focus: [Focus leaving a81a7d0 com.android.launcher3/com.android.launcher3.uioverrides.QuickstepLauncher (server),reason=Waiting for window because NOT_VISIBLE]
03-22 10:31:47.250 1512 1607 I sysui_multi_action: [319,68,322,67,325,28230,757,761,758,9,759,2,806,com.android.systemui,871,com.android.systemui.screenrecord.ScreenRecordDialog,904,com.android.systemui,905,0,1320,8,1321,5]
03-22 10:31:47.255 1512 1697 I input_focus: [Focus entering 268f62e com.android.systemui/com.android.systemui.screenrecord.ScreenRecordDialog (server),reason=Window became focusable. Previous reason: NOT_VISIBLE]
03-22 10:31:48.187 0 0 I auditd : type=1400 audit(0.0:19869): avc: denied { kill } for comm="swapper/3" capability=5 scontext=u:r:kernel:s0 tcontext=u:r:kernel:s0 tclass=capability permissive=0
03-22 10:31:48.278 1512 1697 I input_interaction: Interaction with: 268f62e com.android.systemui/com.android.systemui.screenrecord.ScreenRecordDialog (server), swipe-up (server), edge-swipe (server), PointerEventDispatcher0 (server),
03-22 10:31:48.309 1982 1982 I view_enqueue_input_event: [Motion - Cancel,com.android.systemui/com.android.systemui.screenrecord.ScreenRecordDialog]
03-22 10:31:48.318 1512 1697 I input_interaction: Interaction with: swipe-up (server), edge-swipe (server), PointerEventDispatcher0 (server),
03-22 10:31:48.325 2573 2573 I sysui_latency: [1,9]
03-22 10:31:48.326 1512 1611 I input_focus: [Focus request recents_animation_input_consumer,reason=UpdateInputWindows]
03-22 10:31:48.341 1512 1697 I input_focus: [Focus leaving 268f62e com.android.systemui/com.android.systemui.screenrecord.ScreenRecordDialog (server),reason=NOT_FOCUSABLE]
03-22 10:31:48.341 1512 1697 I input_focus: [Focus entering recents_animation_input_consumer (server),reason=setFocusedWindow]
03-22 10:31:48.531 1512 1684 I commit_sys_config_file: [settings-1-0,6]
01-01 16:56:37.947 0 0 E DTC_Display: screen not ready
03-22 10:31:48.880 1512 11766 I wm_task_moved: [1,0,9]
03-22 10:31:48.891 1512 1611 I input_focus: [Focus request 268f62e com.android.systemui/com.android.systemui.screenrecord.ScreenRecordDialog,reason=UpdateInputWindows]
03-22 10:31:48.909 1512 1697 I input_focus: [Focus leaving recents_animation_input_consumer (server),reason=NOT_VISIBLE]
03-22 10:31:48.909 1512 1697 I input_focus: [Focus entering 268f62e com.android.systemui/com.android.systemui.screenrecord.ScreenRecordDialog (server),reason=setFocusedWindow]
01-01 16:56:38.179 0 0 E DTC_ETH,link_delay_work_func: 3003, SQI=0, link=0
03-22 10:31:49.187 0 0 I auditd : type=1400 audit(0.0:19870): avc: denied { kill } for comm="swapper/3" capability=5 scontext=u:r:kernel:s0 tcontext=u:r:kernel:s0 tclass=capability permissive=0
03-22 10:31:49.316 1512 11766 I wm_task_moved: [1,1,10]
03-22 10:31:49.320 1512 11766 I wm_focused_root_task: [0,0,1,109,startActivityFromRecents]
03-22 10:31:49.320 1512 11766 I wm_task_moved: [109,1,10]
03-22 10:31:49.321 1982 1982 I wm_on_top_resumed_lost_called: [104862232,com.android.systemui.screenrecord.ScreenRecordDialog,topStateChangedWhenResumed]
03-22 10:31:49.322 1512 11766 I wm_set_resumed_activity: [0,com.android.systemui/.screenrecord.ScreenRecordDialog,positionChildAt]
03-22 10:31:49.322 1512 11766 I wm_focused_root_task: [0,0,109,1,moveTaskToFront findTaskToMoveToFront]
03-22 10:31:49.322 1512 11766 I wm_set_resumed_activity: [0,com.android.systemui/.screenrecord.ScreenRecordDialog,moveTaskToFront findTaskToMoveToFront]
03-22 10:31:49.339 1982 1982 I wm_on_top_resumed_gained_called: [104862232,com.android.systemui.screenrecord.ScreenRecordDialog,topStateChangedWhenResumed]
03-22 10:31:49.533 1512 1684 I commit_sys_config_file: [settings-1-0,6]
03-22 10:31:50.777 1512 1697 I input_interaction: Interaction with: 268f62e com.android.systemui/com.android.systemui.screenrecord.ScreenRecordDialog (server), swipe-up (server), edge-swipe (server), PointerEventDispatcher0 (server),
03-22 10:31:50.867 1982 1982 I view_enqueue_input_event: [Motion - Cancel,com.android.systemui/com.android.systemui.screenrecord.ScreenRecordDialog]
03-22 10:31:50.877 1512 1697 I input_interaction: Interaction with: swipe-up (server), edge-swipe (server), PointerEventDispatcher0 (server),
03-22 10:31:50.884 2573 2573 I sysui_latency: [1,9]
03-22 10:31:50.886 1512 1611 I input_focus: [Focus request recents_animation_input_consumer,reason=UpdateInputWindows]
03-22 10:31:50.901 1512 1697 I input_focus: [Focus leaving 268f62e com.android.systemui/com.android.systemui.screenrecord.ScreenRecordDialog (server),reason=NOT_FOCUSABLE]
03-22 10:31:50.901 1512 1697 I input_focus: [Focus entering recents_animation_input_consumer (server),reason=setFocusedWindow]
03-22 10:31:51.091 1512 1684 I commit_sys_config_file: [settings-1-0,9]
03-22 10:31:51.187 0 0 I auditd : type=1400 audit(0.0:19871): avc: denied { kill } for comm="swapper/3" capability=5 scontext=u:r:kernel:s0 tcontext=u:r:kernel:s0 tclass=capability permissive=0
03-22 10:31:51.245 1512 2683 I wm_task_moved: [1,0,9]
03-22 10:31:51.253 1512 1611 I input_focus: [Focus request 268f62e com.android.systemui/com.android.systemui.screenrecord.ScreenRecordDialog,reason=UpdateInputWindows]
03-22 10:31:51.265 1512 1697 I input_focus: [Focus leaving recents_animation_input_consumer (server),reason=NOT_VISIBLE]
03-22 10:31:51.265 1512 1697 I input_focus: [Focus entering 268f62e com.android.systemui/com.android.systemui.screenrecord.ScreenRecordDialog (server),reason=setFocusedWindow]
03-22 10:31:51.671 1512 1546 I wm_task_moved: [1,1,10]
03-22 10:31:51.675 1512 1546 I wm_focused_root_task: [0,0,1,109,startActivityFromRecents]
03-22 10:31:51.675 1982 1982 I wm_on_top_resumed_lost_called: [104862232,com.android.systemui.screenrecord.ScreenRecordDialog,topStateChangedWhenResumed]
03-22 10:31:51.675 1512 1546 I wm_task_moved: [109,1,10]
03-22 10:31:51.677 1512 1546 I wm_set_resumed_activity: [0,com.android.systemui/.screenrecord.ScreenRecordDialog,positionChildAt]
03-22 10:31:51.677 1512 1546 I wm_focused_root_task: [0,0,109,1,moveTaskToFront findTaskToMoveToFront]
03-22 10:31:51.677 1512 1546 I wm_set_resumed_activity: [0,com.android.systemui/.screenrecord.ScreenRecordDialog,moveTaskToFront findTaskToMoveToFront]
03-22 10:31:51.692 1982 1982 I wm_on_top_resumed_gained_called: [104862232,com.android.systemui.screenrecord.ScreenRecordDialog,topStateChangedWhenResumed]
03-22 10:31:51.892 1512 1684 I commit_sys_config_file: [settings-1-0,5]
03-22 10:31:52.187 0 0 I auditd : type=1400 audit(0.0:19872): avc: denied { kill } for comm="swapper/3" capability=5 scontext=u:r:kernel:s0 tcontext=u:r:kernel:s0 tclass=capability permissive=0
03-22 10:31:52.992 1512 1697 I input_interaction: Interaction with: 268f62e com.android.systemui/com.android.systemui.screenrecord.ScreenRecordDialog (server), swipe-up (server), edge-swipe (server), PointerEventDispatcher0 (server),
03-22 10:31:53.042 1982 1982 I view_enqueue_input_event: [Motion - Cancel,com.android.systemui/com.android.systemui.screenrecord.ScreenRecordDialog]
03-22 10:31:53.052 1512 1697 I input_interaction: Interaction with: swipe-up (server), edge-swipe (server), PointerEventDispatcher0 (server),
03-22 10:31:53.060 2573 2573 I sysui_latency: [1,9]
03-22 10:31:53.061 1512 1611 I input_focus: [Focus request recents_animation_input_consumer,reason=UpdateInputWindows]
03-22 10:31:53.070 1512 1697 I input_focus: [Focus leaving 268f62e com.android.systemui/com.android.systemui.screenrecord.ScreenRecordDialog (server),reason=NOT_FOCUSABLE]
03-22 10:31:53.070 1512 1697 I input_focus: [Focus entering recents_animation_input_consumer (server),reason=setFocusedWindow]
03-22 10:31:53.187 747 747 I auditd : type=1400 audit(0.0:19873): avc: denied { kill } for comm="crtc_commit:125" capability=5 scontext=u:r:kernel:s0 tcontext=u:r:kernel:s0 tclass=capability permissive=0
03-22 10:31:53.261 1512 1684 I commit_sys_config_file: [settings-1-0,4]
03-22 10:31:53.307 22192 22192 I auditd : type=1400 audit(0.0:19874): avc: denied { search } for comm="Thread-3" name="asound" dev="proc" ino=4026532151 scontext=u:r:untrusted_app_29:s0:c102,c256,c512,c768 tcontext=u:object_r:proc_asound:s0 tclass=dir permissive=0 app=com.tencent.qqmusic
03-22 10:31:53.355 22192 22192 I auditd : type=1400 audit(0.0:19875): avc: denied { search } for comm="Thread-3" name="asound" dev="proc" ino=4026532151 scontext=u:r:untrusted_app_29:s0:c102,c256,c512,c768 tcontext=u:object_r:proc_asound:s0 tclass=dir permissive=0 app=com.tencent.qqmusic
03-22 10:31:53.431 22192 22192 I auditd : type=1400 audit(0.0:19876): avc: denied { read } for comm="Thread-3" name="tcp" dev="proc" ino=4026532265 scontext=u:r:untrusted_app_29:s0:c102,c256,c512,c768 tcontext=u:object_r:proc_net_tcp_udp:s0 tclass=file permissive=0 app=com.tencent.qqmusic
03-22 10:31:53.547 1512 11766 I wm_task_moved: [1,0,9]
03-22 10:31:53.552 1512 1611 I input_focus: [Focus request 268f62e com.android.systemui/com.android.systemui.screenrecord.ScreenRecordDialog,reason=UpdateInputWindows]
03-22 10:31:53.570 1512 1697 I input_focus: [Focus leaving recents_animation_input_consumer (server),reason=NOT_VISIBLE]
03-22 10:31:53.570 1512 1697 I input_focus: [Focus entering 268f62e com.android.systemui/com.android.systemui.screenrecord.ScreenRecordDialog (server),reason=setFocusedWindow]
03-22 10:31:53.973 1512 5087 I wm_task_moved: [1,1,10]
03-22 10:31:53.976 1512 5087 I wm_focused_root_task: [0,0,1,109,startActivityFromRecents]
03-22 10:31:53.977 1512 5087 I wm_task_moved: [109,1,10]
03-22 10:31:53.978 1512 5087 I wm_set_resumed_activity: [0,com.android.systemui/.screenrecord.ScreenRecordDialog,positionChildAt]
03-22 10:31:53.978 1512 5087 I wm_focused_root_task: [0,0,109,1,moveTaskToFront findTaskToMoveToFront]
03-22 10:31:53.978 1512 5087 I wm_set_resumed_activity: [0,com.android.systemui/.screenrecord.ScreenRecordDialog,moveTaskToFront findTaskToMoveToFront]
03-22 10:31:53.979 1982 1982 I wm_on_top_resumed_lost_called: [104862232,com.android.systemui.screenrecord.ScreenRecordDialog,topStateChangedWhenResumed]
03-22 10:31:53.992 1982 1982 I wm_on_top_resumed_gained_called: [104862232,com.android.systemui.screenrecord.ScreenRecordDialog,topStateChangedWhenResumed]
03-22 10:31:54.194 1512 1684 I commit_sys_config_file: [settings-1-0,8]
01-01 16:56:43.299 0 0 E DTC_ETH,link_delay_work_func: 3003, SQI=0, link=0
03-22 10:31:54.343 22192 22192 I auditd : type=1400 audit(0.0:19877): avc: denied { read } for comm="Thread-3" name="misc" dev="proc" ino=4026531991 scontext=u:r:untrusted_app_29:s0:c102,c256,c512,c768 tcontext=u:object_r:proc_misc:s0 tclass=file permissive=0 app=com.tencent.qqmusic
03-22 10:31:55.137 1512 1697 I input_interaction: Interaction with: 268f62e com.android.systemui/com.android.systemui.screenrecord.ScreenRecordDialog (server), swipe-up (server), edge-swipe (server), PointerEventDispatcher0 (server),
03-22 10:31:55.247 1982 1982 I view_enqueue_input_event: [Motion - Cancel,com.android.systemui/com.android.systemui.screenrecord.ScreenRecordDialog]
03-22 10:31:55.256 1512 1697 I input_interaction: Interaction with: swipe-up (server), edge-swipe (server), PointerEventDispatcher0 (server),
03-22 10:31:55.273 2573 2573 I sysui_latency: [1,10]
03-22 10:31:55.276 1512 1611 I input_focus: [Focus request recents_animation_input_consumer,reason=UpdateInputWindows]
03-22 10:31:55.293 1512 1697 I input_focus: [Focus leaving 268f62e com.android.systemui/com.android.systemui.screenrecord.ScreenRecordDialog (server),reason=NOT_FOCUSABLE]
03-22 10:31:55.294 1512 1697 I input_focus: [Focus entering recents_animation_input_consumer (server),reason=setFocusedWindow]
03-22 10:31:55.475 1512 1684 I commit_sys_config_file: [settings-1-0,5]
03-22 10:31:55.559 1512 2683 I wm_task_moved: [1,0,9]
03-22 10:31:55.565 1512 1611 I input_focus: [Focus request 268f62e com.android.systemui/com.android.systemui.screenrecord.ScreenRecordDialog,reason=UpdateInputWindows]
03-22 10:31:55.591 1512 1697 I input_focus: [Focus leaving recents_animation_input_consumer (server),reason=NOT_VISIBLE]
03-22 10:31:55.591 1512 1697 I input_focus: [Focus entering 268f62e com.android.systemui/com.android.systemui.screenrecord.ScreenRecordDialog (server),reason=setFocusedWindow]
03-22 10:31:55.999 1512 5089 I wm_task_moved: [1,1,10]
03-22 10:31:56.004 1512 5089 I wm_focused_root_task: [0,0,1,109,startActivityFromRecents]
03-22 10:31:56.005 1982 1982 I wm_on_top_resumed_lost_called: [104862232,com.android.systemui.screenrecord.ScreenRecordDialog,topStateChangedWhenResumed]
03-22 10:31:56.007 1512 5089 I wm_task_moved: [109,1,10]
03-22 10:31:56.011 1512 5089 I wm_set_resumed_activity: [0,com.android.systemui/.screenrecord.ScreenRecordDialog,positionChildAt]
03-22 10:31:56.011 1512 5089 I wm_focused_root_task: [0,0,109,1,moveTaskToFront findTaskToMoveToFront]
03-22 10:31:56.011 1512 5089 I wm_set_resumed_activity: [0,com.android.systemui/.screenrecord.ScreenRecordDialog,moveTaskToFront findTaskToMoveToFront]
03-22 10:31:56.026 1982 1982 I wm_on_top_resumed_gained_called: [104862232,com.android.systemui.screenrecord.ScreenRecordDialog,topStateChangedWhenResumed]
03-22 10:31:56.187 0 0 I auditd : type=1400 audit(0.0:19878): avc: denied { kill } for comm="swapper/3" capability=5 scontext=u:r:kernel:s0 tcontext=u:r:kernel:s0 tclass=capability permissive=0
03-22 10:31:56.221 1512 1684 I commit_sys_config_file: [settings-1-0,5]
01-01 16:56:46.003 0 0 E DTC_Display: screen not ready
03-22 10:31:57.187 31115 31115 I auditd : type=1400 audit(0.0:19879): avc: denied { kill } for comm="kworker/3:1" capability=5 scontext=u:r:kernel:s0 tcontext=u:r:kernel:s0 tclass=capability permissive=0
03-22 10:31:58.187 0 0 I auditd : type=1400 audit(0.0:19880): avc: denied { kill } for comm="swapper/3" capability=5 scontext=u:r:kernel:s0 tcontext=u:r:kernel:s0 tclass=capability permissive=0
01-01 16:56:48.133 0 0 I msm_vidc: err : ffffffff: .....: DBLP Set: status 0
03-22 10:31:59.187 0 0 I auditd : type=1400 audit(0.0:19881): avc: denied { kill } for comm="swapper/3" capability=5 scontext=u:r:kernel:s0 tcontext=u:r:kernel:s0 tclass=capability permissive=0
01-01 16:56:48.419 0 0 E DTC_ETH,link_delay_work_func: 3003, SQI=0, link=0
03-22 10:32:00.187 0 0 I auditd : type=1400 audit(0.0:19882): avc: denied { kill } for comm="swapper/3" capability=5 scontext=u:r:kernel:s0 tcontext=u:r:kernel:s0 tclass=capability permissive=0
03-22 10:32:01.187 0 0 I auditd : type=1400 audit(0.0:19883): avc: denied { kill } for comm="swapper/3" capability=5 scontext=u:r:kernel:s0 tcontext=u:r:kernel:s0 tclass=capability permissive=0
03-22 10:32:02.191 0 0 I auditd : type=1400 audit(0.0:19884): avc: denied { kill } for comm="swapper/3" capability=5 scontext=u:r:kernel:s0 tcontext=u:r:kernel:s0 tclass=capability permissive=0
01-01 16:56:51.685 0 0 I msm_vidc: err : ffffffff: .....: DBLP Set: status 0
03-22 10:32:03.187 0 0 I auditd : type=1400 audit(0.0:19885): avc: denied { kill } for comm="swapper/3" capability=5 scontext=u:r:kernel:s0 tcontext=u:r:kernel:s0 tclass=capability permissive=0
03-22 10:32:04.187 0 0 I auditd : type=1400 audit(0.0:19886): avc: denied { kill } for comm="swapper/3" capability=5 scontext=u:r:kernel:s0 tcontext=u:r:kernel:s0 tclass=capability permissive=0
01-01 16:56:53.539 0 0 E DTC_ETH,link_delay_work_func: 3003, SQI=0, link=0
01-01 16:56:54.056 0 0 E DTC_Display: screen not ready
03-22 10:32:05.187 0 0 I auditd : type=1400 audit(0.0:19887): avc: denied { kill } for comm="swapper/3" capability=5 scontext=u:r:kernel:s0 tcontext=u:r:kernel:s0 tclass=capability permissive=0
03-22 10:32:06.187 0 0 I auditd : type=1400 audit(0.0:19888): avc: denied { kill } for comm="swapper/3" capability=5 scontext=u:r:kernel:s0 tcontext=u:r:kernel:s0 tclass=capability permissive=0
03-22 10:32:07.187 0 0 I auditd : type=1400 audit(0.0:19889): avc: denied { kill } for comm="swapper/3" capability=5 scontext=u:r:kernel:s0 tcontext=u:r:kernel:s0 tclass=capability permissive=0
03-22 10:32:08.191 0 0 I auditd : type=1400 audit(0.0:19890): avc: denied { kill } for comm="swapper/3" capability=5 scontext=u:r:kernel:s0 tcontext=u:r:kernel:s0 tclass=capability permissive=0
03-22 10:32:09.187 0 0 I auditd : type=1400 audit(0.0:19891): avc: denied { kill } for comm="swapper/3" capability=5 scontext=u:r:kernel:s0 tcontext=u:r:kernel:s0 tclass=capability permissive=0
01-01 16:56:58.659 0 0 E DTC_ETH,link_delay_work_func: 3003, SQI=0, link=0
03-22 10:32:10.191 0 0 I auditd : type=1400 audit(0.0:19892): avc: denied { kill } for comm="swapper/3" capability=5 scontext=u:r:kernel:s0 tcontext=u:r:kernel:s0 tclass=capability permissive=0
03-22 10:32:11.187 0 0 I auditd : type=1400 audit(0.0:19893): avc: denied { kill } for comm="swapper/3" capability=5 scontext=u:r:kernel:s0 tcontext=u:r:kernel:s0 tclass=capability permissive=0
03-22 10:32:12.191 0 0 I auditd : type=1400 audit(0.0:19894): avc: denied { kill } for comm="swapper/3" capability=5 scontext=u:r:kernel:s0 tcontext=u:r:kernel:s0 tclass=capability permissive=0
01-01 16:57:02.115 0 0 E DTC_Display: screen not ready
03-22 10:32:13.187 0 0 I auditd : type=1400 audit(0.0:19895): avc: denied { kill } for comm="swapper/3" capability=5 scontext=u:r:kernel:s0 tcontext=u:r:kernel:s0 tclass=capability permissive=0
03-22 10:32:14.187 0 0 I auditd : type=1400 audit(0.0:19896): avc: denied { kill } for comm="swapper/3" capability=5 scontext=u:r:kernel:s0 tcontext=u:r:kernel:s0 tclass=capability permissive=0
01-01 16:57:03.779 0 0 E DTC_ETH,link_delay_work_func: 3003, SQI=0, link=0
03-22 10:32:15.187 0 0 I auditd : type=1400 audit(0.0:19897): avc: denied { kill } for comm="swapper/3" capability=5 scontext=u:r:kernel:s0 tcontext=u:r:kernel:s0 tclass=capability permissive=0
03-22 10:32:16.187 0 0 I auditd : type=1400 audit(0.0:19898): avc: denied { kill } for comm="swapper/3" capability=5 scontext=u:r:kernel:s0 tcontext=u:r:kernel:s0 tclass=capability permissive=0
03-22 10:32:17.191 0 0 I auditd : type=1400 audit(0.0:19899): avc: denied { kill } for comm="swapper/3" capability=5 scontext=u:r:kernel:s0 tcontext=u:r:kernel:s0 tclass=capability permissive=0
03-22 10:32:18.187 0 0 I auditd : type=1400 audit(0.0:19900): avc: denied { kill } for comm="swapper/3" capability=5 scontext=u:r:kernel:s0 tcontext=u:r:kernel:s0 tclass=capability permissive=0
03-22 10:32:19.191 0 0 I auditd : type=1400 audit(0.0:19901): avc: denied { kill } for comm="swapper/3" capability=5 scontext=u:r:kernel:s0 tcontext=u:r:kernel:s0 tclass=capability permissive=0
01-01 16:57:08.899 0 0 E DTC_ETH,link_delay_work_func: 3003, SQI=0, link=0
03-22 10:32:20.187 0 0 I auditd : type=1400 audit(0.0:19902): avc: denied { kill } for comm="swapper/3" capability=5 scontext=u:r:kernel:s0 tcontext=u:r:kernel:s0 tclass=capability permissive=0
01-01 16:57:10.075 0 0 E DTC_Display: screen not ready
03-22 10:32:21.187 0 0 I auditd : type=1400 audit(0.0:19903): avc: denied { kill } for comm="swapper/3" capability=5 scontext=u:r:kernel:s0 tcontext=u:r:kernel:s0 tclass=capability permissive=0
03-22 10:32:22.187 0 0 I auditd : type=1400 audit(0.0:19904): avc: denied { kill } for comm="swapper/3" capability=5 scontext=u:r:kernel:s0 tcontext=u:r:kernel:s0 tclass=capability permissive=0
03-22 10:32:23.187 0 0 I auditd : type=1400 audit(0.0:19905): avc: denied { kill } for comm="swapper/3" capability=5 scontext=u:r:kernel:s0 tcontext=u:r:kernel:s0 tclass=capability permissive=0
03-22 10:32:24.191 0 0 I auditd : type=1400 audit(0.0:19906): avc: denied { kill } for comm="swapper/3" capability=5 scontext=u:r:kernel:s0 tcontext=u:r:kernel:s0 tclass=capability permissive=0
01-01 16:57:14.019 0 0 E DTC_ETH,link_delay_work_func: 3003, SQI=0, link=0
03-22 10:32:25.191 0 0 I auditd : type=1400 audit(0.0:19907): avc: denied { kill } for comm="swapper/3" capability=5 scontext=u:r:kernel:s0 tcontext=u:r:kernel:s0 tclass=capability permissive=0
03-22 10:32:26.187 0 0 I auditd : type=1400 audit(0.0:19908): avc: denied { kill } for comm="swapper/3" capability=5 scontext=u:r:kernel:s0 tcontext=u:r:kernel:s0 tclass=capability permissive=0
03-22 10:32:27.187 0 0 I auditd : type=1400 audit(0.0:19909): avc: denied { kill } for comm="swapper/3" capability=5 scontext=u:r:kernel:s0 tcontext=u:r:kernel:s0 tclass=capability permissive=0
03-22 10:32:28.187 0 0 I auditd : type=1400 audit(0.0:19910): avc: denied { kill } for comm="swapper/3" capability=5 scontext=u:r:kernel:s0 tcontext=u:r:kernel:s0 tclass=capability permissive=0
01-01 16:57:17.803 0 0 E DTC_Display: screen not ready
03-22 10:32:29.191 0 0 I auditd : type=1400 audit(0.0:19911): avc: denied { kill } for comm="swapper/3" capability=5 scontext=u:r:kernel:s0 tcontext=u:r:kernel:s0 tclass=capability permissive=0
01-01 16:57:19.139 0 0 E DTC_ETH,link_delay_work_func: 3003, SQI=0, link=0
03-22 10:32:30.187 0 0 I auditd : type=1400 audit(0.0:19912): avc: denied { kill } for comm="swapper/3" capability=5 scontext=u:r:kernel:s0 tcontext=u:r:kernel:s0 tclass=capability permissive=0
03-22 10:32:31.187 0 0 I auditd : type=1400 audit(0.0:19913): avc: denied { kill } for comm="swapper/3" capability=5 scontext=u:r:kernel:s0 tcontext=u:r:kernel:s0 tclass=capability permissive=0
03-22 10:32:32.191 0 0 I auditd : type=1400 audit(0.0:19914): avc: denied { kill } for comm="swapper/3" capability=5 scontext=u:r:kernel:s0 tcontext=u:r:kernel:s0 tclass=capability permissive=0
03-22 10:32:33.191 0 0 I auditd : type=1400 audit(0.0:19915): avc: denied { kill } for comm="swapper/3" capability=5 scontext=u:r:kernel:s0 tcontext=u:r:kernel:s0 tclass=capability permissive=0
03-22 10:32:34.187 0 0 I auditd : type=1400 audit(0.0:19916): avc: denied { kill } for comm="swapper/3" capability=5 scontext=u:r:kernel:s0 tcontext=u:r:kernel:s0 tclass=capability permissive=0
01-01 16:57:24.259 0 0 E DTC_ETH,link_delay_work_func: 3003, SQI=0, link=0
03-22 10:32:35.187 0 0 I auditd : type=1400 audit(0.0:19917): avc: denied { kill } for comm="swapper/3" capability=5 scontext=u:r:kernel:s0 tcontext=u:r:kernel:s0 tclass=capability permissive=0
03-22 10:32:36.191 0 0 I auditd : type=1400 audit(0.0:19918): avc: denied { kill } for comm="swapper/3" capability=5 scontext=u:r:kernel:s0 tcontext=u:r:kernel:s0 tclass=capability permissive=0
01-01 16:57:25.547 0 0 E DTC_Display: screen not ready
03-22 10:32:37.187 0 0 I auditd : type=1400 audit(0.0:19919): avc: denied { kill } for comm="swapper/3" capability=5 scontext=u:r:kernel:s0 tcontext=u:r:kernel:s0 tclass=capability permissive=0
03-22 10:32:38.191 0 0 I auditd : type=1400 audit(0.0:19920): avc: denied { kill } for comm="swapper/3" capability=5 scontext=u:r:kernel:s0 tcontext=u:r:kernel:s0 tclass=capability permissive=0
03-22 10:32:39.187 0 0 I auditd : type=1400 audit(0.0:19921): avc: denied { kill } for comm="swapper/3" capability=5 scontext=u:r:kernel:s0 tcontext=u:r:kernel:s0 tclass=capability permissive=0
