03-22 11:02:45.911 1512 11966 I sysui_multi_action: [757,128,758,3,793,1588031,794,2029,795,1588031,796,4273,806,com.android.systemui,857,screen_record,858,3,947,0,1500,1587830,1688,1,1745,680407814]
03-22 11:02:46.187 0 0 I auditd : type=1400 audit(0.0:21798): avc: denied { kill } for comm="swapper/3" capability=5 scontext=u:r:kernel:s0 tcontext=u:r:kernel:s0 tclass=capability permissive=0
03-22 11:02:46.929 1982 1982 I sysui_multi_action: [757,803,799,notification_dismissed,802,1]
03-22 11:02:46.935 1512 1512 I sysui_multi_action: [757,804,799,note_dismiss_longevity,801,26,802,1]
03-22 11:02:46.936 1512 1512 I sysui_multi_action: [757,128,758,5,759,2,793,1589056,794,3054,795,1589056,796,4273,798,2,806,com.android.systemui,857,screen_record,858,3,947,0,1395,4,1500,1588855,1688,1,1745,680407814]
03-22 11:02:46.936 1512 1512 I notification_canceled: [0|com.android.systemui|4273|null|10078,2,1589056,1589056,3054,2,4,NULL]
03-22 11:02:46.938 1512 1512 D CompatibilityChangeReporter: Compat change id reported: 175319604; UID 1000; state: ENABLED
03-22 11:02:46.939 1512 1512 D CompatibilityChangeReporter: Compat change id reported: 175319604; UID 1000; state: DISABLED
03-22 11:02:47.426 1512 2109 I sysui_multi_action: [757,128,758,1,793,10802572,794,0,795,10802572,796,32,798,2,806,android,857,USB,858,1,947,0,1395,3,1500,10802369,1688,1]
03-22 11:02:47.426 1512 2109 I sysui_multi_action: [757,804,799,note_freshness,801,10802572,802,1]
03-22 11:02:47.426 1512 2109 I notification_visibility: [-1|android|32|null|1000,1,10802572,10802572,0,2]
01-01 17:27:36.739 0 0 E DTC_ETH,link_delay_work_func: 3003, SQI=0, link=0
03-22 11:02:48.191 0 0 I auditd : type=1400 audit(0.0:21799): avc: denied { kill } for comm="swapper/2" capability=5 scontext=u:r:kernel:s0 tcontext=u:r:kernel:s0 tclass=capability permissive=0
03-22 11:02:48.461 1982 1982 I sysui_multi_action: [757,803,799,notification_dismissed,802,1]
03-22 11:02:48.467 1512 1512 I sysui_multi_action: [757,804,799,note_dismiss_longevity,801,160,802,1]
03-22 11:02:48.467 1512 1512 I sysui_multi_action: [757,128,758,5,759,2,793,9875923,794,4586,795,9631063,796,17303299,797,com.android.wifi,798,5,806,android,857,NETWORK_AVAILABLE,858,2,947,0,1395,3,1500,4586,1688,1]
03-22 11:02:48.467 1512 1512 I notification_canceled: [0|android|17303299|com.android.wifi|1000,2,9875923,9631063,4586,5,3,NULL]
03-22 11:02:49.187 0 0 I auditd : type=1400 audit(0.0:21800): avc: denied { kill } for comm="swapper/2" capability=5 scontext=u:r:kernel:s0 tcontext=u:r:kernel:s0 tclass=capability permissive=0
03-22 11:02:49.558 1982 1982 I sysui_multi_action: [757,332,758,4,796,32,806,android,857,USB,947,0]
03-22 11:02:50.187 0 0 I auditd : type=1400 audit(0.0:21801): avc: denied { kill } for comm="swapper/2" capability=5 scontext=u:r:kernel:s0 tcontext=u:r:kernel:s0 tclass=capability permissive=0
03-22 11:02:50.779 1512 1751 I GameModeConfig: isGameModeOn = false
03-22 11:02:50.779 1512 1751 I GameModeConfig: isGameModeOn = false
03-22 11:02:50.780 1512 1751 I GameModeConfig: isGameModeOn = false
03-22 11:02:50.780 1512 1751 I GameModeConfig: isGameModeOn = false
03-22 11:02:50.780 1512 1751 I GameModeConfig: isGameModeOn = false
03-22 11:02:50.781 1982 1982 I sysui_multi_action: [757,111,758,2]
03-22 11:02:50.781 1512 1512 I notification_enqueue: [10078,1982,com.android.systemui,2048,NULL,0,Notification(channel=updateNotification shortcut=null contentView=null vibrate=null sound=null defaults=0x0 flags=0x0 color=0x00000000 vis=PRIVATE),1]
03-22 11:02:50.782 1982 1982 I sysui_multi_action: [757,111,758,2]
03-22 11:02:50.972 1512 1611 I input_focus: [Focus request a81a7d0 com.android.launcher3/com.android.launcher3.uioverrides.QuickstepLauncher,reason=UpdateInputWindows]
03-22 11:02:50.975 1512 11966 I sysui_multi_action: [757,128,758,2,793,10806118,794,7094,795,10806118,796,26,798,0,806,android,857,DEVELOPER_IMPORTANT,858,4,947,0,1395,2,1500,10805912,1688,1]
03-22 11:02:50.975 1512 11966 I notification_visibility: [-1|android|26|null|1000,0,10806118,10806118,0,0]
03-22 11:02:50.976 1512 11966 I sysui_multi_action: [757,128,758,2,793,10806121,794,3549,795,10806121,796,32,798,1,806,android,857,USB,858,1,947,0,1395,2,1500,10805918,1688,1]
03-22 11:02:50.976 1512 11966 I notification_visibility: [-1|android|32|null|1000,0,10806121,10806121,0,1]
03-22 11:02:50.976 1512 13247 I sysui_multi_action: [757,127,758,2]
03-22 11:02:50.976 1512 13247 I notification_panel_hidden:
03-22 11:02:50.987 1512 1512 I GameModeConfig: isGameModeOn = false
03-22 11:02:51.000 1512 1697 I input_focus: [Focus leaving 92dbd17 NotificationShade (server),reason=NOT_FOCUSABLE]
03-22 11:02:51.001 1512 1697 I input_focus: [Focus entering a81a7d0 com.android.launcher3/com.android.launcher3.uioverrides.QuickstepLauncher (server),reason=setFocusedWindow]
03-22 11:02:51.187 0 0 I auditd : type=1400 audit(0.0:21802): avc: denied { kill } for comm="swapper/2" capability=5 scontext=u:r:kernel:s0 tcontext=u:r:kernel:s0 tclass=capability permissive=0
03-22 11:02:51.641 1512 1697 I input_interaction: Interaction with: 637a09c StatusBar (server), swipe-up (server), edge-swipe (server), PointerEventDispatcher0 (server),
03-22 11:02:51.719 1512 2109 I sysui_multi_action: [757,127,758,1]
03-22 11:02:51.720 1512 2109 I sysui_multi_action: [757,804,799,note_load,801,2,802,1]
03-22 11:02:51.720 1512 2109 I notification_panel_revealed: 2
03-22 11:02:51.742 1512 2109 I sysui_multi_action: [757,128,758,1,793,10806885,794,0,795,10806885,796,26,798,0,806,android,857,DEVELOPER_IMPORTANT,858,4,947,0,1395,2,1500,10806679,1688,1]
03-22 11:02:51.742 1512 2109 I sysui_multi_action: [757,804,799,note_freshness,801,10806885,802,1]
03-22 11:02:51.742 1512 2109 I notification_visibility: [-1|android|26|null|1000,1,10806885,10806885,0,0]
03-22 11:02:51.742 1512 2109 I sysui_multi_action: [757,128,758,1,793,10806888,794,0,795,10806888,796,32,798,1,806,android,857,USB,858,1,947,0,1395,2,1500,10806685,1688,1]
03-22 11:02:51.743 1512 2109 I sysui_multi_action: [757,804,799,note_freshness,801,10806888,802,1]
03-22 11:02:51.743 1512 2109 I notification_visibility: [-1|android|32|null|1000,1,10806888,10806888,0,1]
03-22 11:02:51.756 1512 1611 I input_focus: [Focus request 92dbd17 NotificationShade,reason=UpdateInputWindows]
03-22 11:02:51.766 1982 1982 I sysui_multi_action: [757,111,758,1]
03-22 11:02:51.766 1982 1982 I sysui_multi_action: [757,126,758,1,759,126,927,0,928,1,1593,0]
03-22 11:02:51.766 1982 1982 I sysui_multi_action: [757,113,758,1,759,113,927,1,928,1,1593,0]
03-22 11:02:51.766 1982 1982 I sysui_multi_action: [757,0,758,1,759,0,927,2,928,0,1593,0]
03-22 11:02:51.766 1982 1982 I sysui_multi_action: [757,0,758,1,759,0,927,3,928,0,1593,0]
03-22 11:02:51.766 1982 1982 I sysui_multi_action: [757,491,758,1,759,491,927,4,928,0,1311,1,1593,0]
03-22 11:02:51.767 1982 1982 I sysui_multi_action: [757,0,758,1,759,0,927,5,928,0,1593,0]
03-22 11:02:51.767 1982 1982 I sysui_multi_action: [757,111,758,1]
03-22 11:02:51.767 1982 1982 I sysui_multi_action: [757,126,758,1,759,126,927,0,928,1,1593,0]
03-22 11:02:51.767 1982 1982 I sysui_multi_action: [757,113,758,1,759,113,927,1,928,1,1593,0]
03-22 11:02:51.767 1982 1982 I sysui_multi_action: [757,0,758,1,759,0,927,2,928,0,1593,0]
03-22 11:02:51.767 1982 1982 I sysui_multi_action: [757,0,758,1,759,0,927,3,928,0,1593,0]
03-22 11:02:51.785 1512 1697 I input_focus: [Focus leaving a81a7d0 com.android.launcher3/com.android.launcher3.uioverrides.QuickstepLauncher (server),reason=setFocusedWindow]
03-22 11:02:51.786 1512 1697 I input_focus: [Focus entering 92dbd17 NotificationShade (server),reason=setFocusedWindow]
03-22 11:02:52.187 0 0 I auditd : type=1400 audit(0.0:21803): avc: denied { kill } for comm="swapper/2" capability=5 scontext=u:r:kernel:s0 tcontext=u:r:kernel:s0 tclass=capability permissive=0
03-22 11:02:52.452 1512 1697 I input_interaction: Interaction with: 92dbd17 NotificationShade (server), swipe-up (server), edge-swipe (server), PointerEventDispatcher0 (server),
03-22 11:02:52.635 1982 1982 I sysui_multi_action: [757,332,758,4,796,32,806,android,857,USB,947,0]
01-01 17:27:41.859 0 0 E DTC_ETH,link_delay_work_func: 3003, SQI=0, link=0
01-01 17:27:42.247 0 0 E DTC_Display: screen not ready
03-22 11:02:53.187 0 0 I auditd : type=1400 audit(0.0:21804): avc: denied { kill } for comm="swapper/2" capability=5 scontext=u:r:kernel:s0 tcontext=u:r:kernel:s0 tclass=capability permissive=0
03-22 11:02:54.187 0 0 I auditd : type=1400 audit(0.0:21805): avc: denied { kill } for comm="swapper/2" capability=5 scontext=u:r:kernel:s0 tcontext=u:r:kernel:s0 tclass=capability permissive=0
03-22 11:02:55.187 0 0 I auditd : type=1400 audit(0.0:21806): avc: denied { kill } for comm="swapper/2" capability=5 scontext=u:r:kernel:s0 tcontext=u:r:kernel:s0 tclass=capability permissive=0
01-01 17:27:44.549 0 0 I msm_vidc: err : ffffffff: .....: DBLP Set: status 0
03-22 11:02:56.187 0 0 I auditd : type=1400 audit(0.0:21807): avc: denied { kill } for comm="swapper/2" capability=5 scontext=u:r:kernel:s0 tcontext=u:r:kernel:s0 tclass=capability permissive=0
03-22 11:02:56.906 1512 11966 I ActivityTaskManager: START u0 {act=android.settings.NOTIFICATION_SETTINGS flg=0x1000c000 cmp=com.android.settings/.homepage.SettingsHomepageActivity} from uid 10078
03-22 11:02:56.926 1512 11966 I wm_task_moved: [1,1,9]
03-22 11:02:56.926 1512 11966 I wm_set_resumed_activity: [0,com.android.launcher3/.uioverrides.QuickstepLauncher,positionChildAt]
03-22 11:02:56.926 1512 11966 I wm_task_moved: [105,1,9]
03-22 11:02:56.926 1512 11966 I wm_task_to_front: [0,105]
03-22 11:02:56.926 1512 11966 I wm_focused_root_task: [0,0,105,1,bringingFoundTaskToFront]
03-22 11:02:56.926 1512 11966 I wm_set_resumed_activity: [0,com.android.settings/.Settings,bringingFoundTaskToFront]
03-22 11:02:56.926 2573 2573 I wm_on_top_resumed_lost_called: [70633193,com.android.launcher3.uioverrides.QuickstepLauncher,topStateChangedWhenResumed]
03-22 11:02:56.926 1512 11966 I wm_finish_activity: [0,254828073,105,com.android.settings/.Settings,clear-task-all]
03-22 11:02:56.927 1512 11966 I wm_destroy_activity: [0,254828073,105,com.android.settings/.Settings,finish-imm:finishIfPossible]
03-22 11:02:56.927 1512 11966 D CompatibilityChangeReporter: Compat change id reported: 174042980; UID 1000; state: DISABLED
03-22 11:02:56.928 1512 11966 I wm_task_moved: [1,1,9]
03-22 11:02:56.928 1512 11966 I wm_set_resumed_activity: [0,com.android.launcher3/.uioverrides.QuickstepLauncher,positionChildAt]
03-22 11:02:56.928 1512 11966 I wm_focused_root_task: [0,0,1,105,reuseOrNewTask returnToHome]
03-22 11:02:56.928 1512 11966 I wm_task_moved: [105,1,9]
03-22 11:02:56.928 1512 11966 I wm_focused_root_task: [0,0,105,1,reuseOrNewTask]
03-22 11:02:56.928 1512 11966 I wm_create_activity: [0,102200883,105,com.android.settings/.homepage.SettingsHomepageActivity,android.settings.NOTIFICATION_SETTINGS,NULL,NULL,272678912]
03-22 11:02:56.929 1512 11966 I wm_pause_activity: [0,70633193,com.android.launcher3/.uioverrides.QuickstepLauncher,userLeaving=true,pauseBackTasks]
03-22 11:02:56.932 1512 1618 W UsageStatsService: Unexpected activity event reported! (com.android.settings/com.android.settings.homepage.SettingsHomepageActivity event : 23 instanceId : 77194107)
03-22 11:02:56.933 2573 2573 I wm_on_paused_called: [70633193,com.android.launcher3.uioverrides.QuickstepLauncher,performPause]
03-22 11:02:56.934 1512 11966 I ActivityTaskManager: FOREGROUND_APPLICATION_CHANGED to com.android.settings.homepage.SettingsHomepageActivity
03-22 11:02:56.934 1512 11966 I ActivityTaskManager: The Process com.android.settings Already Exists in BG. So sending its PID: 5270
03-22 11:02:56.934 1512 11966 I wm_add_to_stopping: [0,70633193,com.android.launcher3/.uioverrides.QuickstepLauncher,makeInvisible]
03-22 11:02:56.935 1512 11966 D CompatibilityChangeReporter: Compat change id reported: 181136395; UID 1000; state: DISABLED
03-22 11:02:56.935 1512 11966 D CompatibilityChangeReporter: Compat change id reported: 174042936; UID 1000; state: DISABLED
03-22 11:02:56.935 1512 11966 I wm_restart_activity: [0,102200883,105,com.android.settings/.homepage.SettingsHomepageActivity]
03-22 11:02:56.935 1512 11966 I wm_set_resumed_activity: [0,com.android.settings/.homepage.SettingsHomepageActivity,minimalResumeActivityLocked]
03-22 11:02:56.938 1512 1610 I sysui_multi_action: [757,803,799,window_time_0,802,14]
03-22 11:02:57.039 1512 2138 W FreeFormWindowHelper: Current Display FreeFormTask is null
03-22 11:02:57.074 1512 2138 I am_uid_running: 10081
03-22 11:02:57.074 1512 2138 D CompatibilityChangeReporter: Compat change id reported: 135634846; UID 10081; state: DISABLED
03-22 11:02:57.075 1512 2138 D CompatibilityChangeReporter: Compat change id reported: 177438394; UID 10081; state: DISABLED
03-22 11:02:57.075 1512 2138 D CompatibilityChangeReporter: Compat change id reported: 135772972; UID 10081; state: DISABLED
03-22 11:02:57.075 1512 2138 D CompatibilityChangeReporter: Compat change id reported: 135754954; UID 10081; state: ENABLED
03-22 11:02:57.075 1512 1620 D CompatibilityChangeReporter: Compat change id reported: 143937733; UID 10081; state: ENABLED
03-22 11:02:57.076 5270 5270 I wm_on_create_called: [102200883,com.android.settings.homepage.SettingsHomepageActivity,performCreate]
03-22 11:02:57.081 1512 1620 I am_proc_start: [0,6062,10081,com.qualcomm.qti.qccauthmgr,content provider,{com.qualcomm.qti.qccauthmgr/com.qualcomm.qti.qccauthmgr.providers.SMQContentProvider}]
03-22 11:02:57.081 1512 1620 I ActivityManager: Start proc 6062:com.qualcomm.qti.qccauthmgr/u0a81 for content provider {com.qualcomm.qti.qccauthmgr/com.qualcomm.qti.qccauthmgr.providers.SMQContentProvider}
03-22 11:02:57.085 1512 2138 E UserRestrictionsUtils: Unknown restriction queried by uid 1000 (com.hryt.hiphishowfsecontrol et al): null
03-22 11:02:57.086 1512 2138 E UserRestrictionsUtils: Unknown restriction queried by uid 1000 (com.hryt.hiphishowfsecontrol et al): null
03-22 11:02:57.086 1512 11966 E UserRestrictionsUtils: Unknown restriction queried by uid 1000 (com.hryt.hiphishowfsecontrol et al): null
03-22 11:02:57.086 1512 2138 E UserRestrictionsUtils: Unknown restriction queried by uid 1000 (com.hryt.hiphishowfsecontrol et al): null
03-22 11:02:57.086 1512 2138 E UserRestrictionsUtils: Unknown restriction queried by uid 1000 (com.hryt.hiphishowfsecontrol et al): null
03-22 11:02:57.086 1512 11966 E UserRestrictionsUtils: Unknown restriction queried by uid 1000 (com.hryt.hiphishowfsecontrol et al): null
03-22 11:02:57.087 1512 2138 E UserRestrictionsUtils: Unknown restriction queried by uid 1000 (com.hryt.hiphishowfsecontrol et al): null
03-22 11:02:57.087 1512 11966 E UserRestrictionsUtils: Unknown restriction queried by uid 1000 (com.hryt.hiphishowfsecontrol et al): null
03-22 11:02:57.087 1512 2109 E UserRestrictionsUtils: Unknown restriction queried by uid 1000 (com.hryt.hiphishowfsecontrol et al): null
03-22 11:02:57.087 1512 13247 E UserRestrictionsUtils: Unknown restriction queried by uid 1000 (com.hryt.hiphishowfsecontrol et al): null
03-22 11:02:57.088 1512 2124 E UserRestrictionsUtils: Unknown restriction queried by uid 1000 (com.hryt.hiphishowfsecontrol et al): null
03-22 11:02:57.088 1512 11405 E UserRestrictionsUtils: Unknown restriction queried by uid 1000 (com.hryt.hiphishowfsecontrol et al): null
03-22 11:02:57.088 1512 1546 E UserRestrictionsUtils: Unknown restriction queried by uid 1000 (com.hryt.hiphishowfsecontrol et al): null
03-22 11:02:57.088 1512 2101 E UserRestrictionsUtils: Unknown restriction queried by uid 1000 (com.hryt.hiphishowfsecontrol et al): null
03-22 11:02:57.088 1512 9151 E UserRestrictionsUtils: Unknown restriction queried by uid 1000 (com.hryt.hiphishowfsecontrol et al): null
03-22 11:02:57.089 1512 2138 E UserRestrictionsUtils: Unknown restriction queried by uid 1000 (com.hryt.hiphishowfsecontrol et al): null
03-22 11:02:57.089 1512 11966 E UserRestrictionsUtils: Unknown restriction queried by uid 1000 (com.hryt.hiphishowfsecontrol et al): null
03-22 11:02:57.089 1512 11966 E UserRestrictionsUtils: Unknown restriction queried by uid 1000 (com.hryt.hiphishowfsecontrol et al): null
01-01 17:27:46.194 0 0 I binder : 6062:6062 ioctl 40046210 7fff294234 returned -22
03-22 11:02:57.096 1512 11766 I am_proc_bound: [0,6062,com.qualcomm.qti.qccauthmgr]
03-22 11:02:57.097 1512 11766 D CompatibilityChangeReporter: Compat change id reported: 168419799; UID 10081; state: DISABLED
03-22 11:02:57.099 1512 11766 I am_uid_active: 10081
03-22 11:02:57.114 5270 5270 I wm_on_start_called: [102200883,com.android.settings.homepage.SettingsHomepageActivity,handleStartActivity]
03-22 11:02:57.115 5270 5270 I snet_event_log: [120484087,-1,]
03-22 11:02:57.116 5270 5270 I wm_on_resume_called: [102200883,com.android.settings.homepage.SettingsHomepageActivity,RESUME_ACTIVITY]
03-22 11:02:57.117 5270 5270 I sysui_multi_action: [757,35,758,1,833,0,1089,36]
03-22 11:02:57.125 5270 5270 I sysui_multi_action: [757,1729,758,4,854,isParalleledControllers:false,1089,45]
03-22 11:02:57.133 5270 5270 I wm_on_top_resumed_gained_called: [102200883,com.android.settings.homepage.SettingsHomepageActivity,topStateChangedWhenResumed]
03-22 11:02:57.135 1512 1627 W BatteryExternalStatsWorker: error reading modem stats:ERROR_PHONE_NOT_AVAILABLE
03-22 11:02:57.147 1512 1627 E KernelCpuSpeedReader: Failed to read cpu-freq: /sys/devices/system/cpu/cpu4/cpufreq/stats/time_in_state: open failed: ENOENT (No such file or directory)
03-22 11:02:57.147 1512 1627 E KernelCpuSpeedReader: Failed to read cpu-freq: /sys/devices/system/cpu/cpu0/cpufreq/stats/time_in_state: open failed: ENOENT (No such file or directory)
03-22 11:02:57.143 570 570 I auditd : type=1400 audit(0.0:21808): avc: denied { read } for comm="Binder:570_2" name="wakeup58" dev="sysfs" ino=72355 scontext=u:r:system_suspend:s0 tcontext=u:object_r:sysfs:s0 tclass=dir permissive=0
03-22 11:02:57.143 570 570 I auditd : type=1400 audit(0.0:21809): avc: denied { read } for comm="Binder:570_2" name="wakeup48" dev="sysfs" ino=68019 scontext=u:r:system_suspend:s0 tcontext=u:object_r:sysfs:s0 tclass=dir permissive=0
03-22 11:02:57.143 570 570 I auditd : type=1400 audit(0.0:21810): avc: denied { read } for comm="Binder:570_2" name="wakeup4" dev="sysfs" ino=47037 scontext=u:r:system_suspend:s0 tcontext=u:object_r:sysfs:s0 tclass=dir permissive=0
03-22 11:02:57.143 570 570 I auditd : type=1400 audit(0.0:21811): avc: denied { read } for comm="Binder:570_2" name="wakeup76" dev="sysfs" ino=77323 scontext=u:r:system_suspend:s0 tcontext=u:object_r:sysfs:s0 tclass=dir permissive=0
01-01 17:27:46.249 0 0 W audit : audit_lost=4443 audit_rate_limit=5 audit_backlog_limit=64
01-01 17:27:46.249 0 0 E audit : rate limit exceeded
03-22 11:02:57.168 1512 1627 W BatteryExternalStatsWorker: error reading modem stats:ERROR_PHONE_NOT_AVAILABLE
03-22 11:02:57.169 1512 1627 E KernelCpuSpeedReader: Failed to read cpu-freq: /sys/devices/system/cpu/cpu4/cpufreq/stats/time_in_state: open failed: ENOENT (No such file or directory)
03-22 11:02:57.169 1512 1627 E KernelCpuSpeedReader: Failed to read cpu-freq: /sys/devices/system/cpu/cpu0/cpufreq/stats/time_in_state: open failed: ENOENT (No such file or directory)
01-01 17:27:46.281 0 0 I binder : 5270:6055 ioctl 40046210 738e5ee1f4 returned -22
03-22 11:02:57.203 1512 1611 I sysui_multi_action: [324,1,757,1090,758,12,806,com.android.settings,871,com.android.settings.homepage.SettingsHomepageActivity,1091,296]
03-22 11:02:57.205 1512 1607 I sysui_multi_action: [319,43,321,41,322,296,325,30100,757,761,758,8,759,1,806,com.android.settings,871,com.android.settings.homepage.SettingsHomepageActivity,904,com.android.systemui,905,0,1320,8,1321,5]
03-22 11:02:57.206 1512 1607 I wm_activity_launch_time: [0,102200883,com.android.settings/.homepage.SettingsHomepageActivity,296]
03-22 11:02:57.311 1512 2101 E UserRestrictionsUtils: Unknown restriction queried by uid 1000 (com.hryt.hiphishowfsecontrol et al): null
03-22 11:02:57.311 1512 2109 E UserRestrictionsUtils: Unknown restriction queried by uid 1000 (com.hryt.hiphishowfsecontrol et al): null
03-22 11:02:57.311 1512 9151 E UserRestrictionsUtils: Unknown restriction queried by uid 1000 (com.hryt.hiphishowfsecontrol et al): null
03-22 11:02:57.312 1512 2124 E UserRestrictionsUtils: Unknown restriction queried by uid 1000 (com.hryt.hiphishowfsecontrol et al): null
03-22 11:02:57.312 1512 13247 E UserRestrictionsUtils: Unknown restriction queried by uid 1000 (com.hryt.hiphishowfsecontrol et al): null
03-22 11:02:57.312 1512 6982 E UserRestrictionsUtils: Unknown restriction queried by uid 1000 (com.hryt.hiphishowfsecontrol et al): null
03-22 11:02:57.312 1512 2101 E UserRestrictionsUtils: Unknown restriction queried by uid 1000 (com.hryt.hiphishowfsecontrol et al): null
03-22 11:02:57.319 5270 5270 I sysui_multi_action: [757,337,758,1,833,0,1089,11]
03-22 11:02:57.320 5270 5270 I sysui_multi_action: [757,1729,758,4,854,isParalleledControllers:false,1089,12]
03-22 11:02:57.464 1512 1751 I GameModeConfig: isGameModeOn = false
03-22 11:02:57.464 1512 1751 I GameModeConfig: isGameModeOn = false
03-22 11:02:57.464 1512 1751 I GameModeConfig: isGameModeOn = false
03-22 11:02:57.464 1512 1751 I GameModeConfig: isGameModeOn = false
03-22 11:02:57.464 1512 1751 I GameModeConfig: isGameModeOn = false
03-22 11:02:57.464 1512 1512 I notification_enqueue: [10078,1982,com.android.systemui,2048,NULL,0,Notification(channel=updateNotification shortcut=null contentView=null vibrate=null sound=null defaults=0x0 flags=0x0 color=0x00000000 vis=PRIVATE),1]
03-22 11:02:57.464 1982 1982 I sysui_multi_action: [757,111,758,2]
03-22 11:02:57.465 1982 1982 I sysui_multi_action: [757,111,758,2]
03-22 11:02:57.465 1512 1610 I wm_stop_activity: [0,70633193,com.android.launcher3/.uioverrides.QuickstepLauncher]
03-22 11:02:57.469 1512 1611 I input_focus: [Focus request 449557c com.android.settings/com.android.settings.homepage.SettingsHomepageActivity,reason=UpdateInputWindows]
03-22 11:02:57.474 1512 1546 I sysui_multi_action: [757,128,758,2,793,10812617,794,5732,795,10812617,796,26,798,0,806,android,857,DEVELOPER_IMPORTANT,858,4,947,0,1395,2,1500,10812411,1688,1]
03-22 11:02:57.474 1512 1546 I notification_visibility: [-1|android|26|null|1000,0,10812617,10812617,0,0]
03-22 11:02:57.475 1512 1546 I sysui_multi_action: [757,128,758,2,793,10812620,794,5732,795,10812620,796,32,798,1,806,android,857,USB,858,1,947,0,1395,2,1500,10812417,1688,1]
03-22 11:02:57.475 1512 1546 I notification_visibility: [-1|android|32|null|1000,0,10812620,10812620,0,1]
03-22 11:02:57.476 1512 13247 I sysui_multi_action: [757,127,758,2]
03-22 11:02:57.476 1512 13247 I notification_panel_hidden:
03-22 11:02:57.482 1512 1697 I input_focus: [Focus leaving 92dbd17 NotificationShade (server),reason=NOT_FOCUSABLE]
03-22 11:02:57.482 1512 1697 I input_focus: [Focus entering 449557c com.android.settings/com.android.settings.homepage.SettingsHomepageActivity (server),reason=setFocusedWindow]
03-22 11:02:57.485 2573 2573 I wm_on_stop_called: [70633193,com.android.launcher3.uioverrides.QuickstepLauncher,STOP_ACTIVITY_ITEM]
03-22 11:02:57.665 1512 1512 I GameModeConfig: isGameModeOn = false
01-01 17:27:46.979 0 0 E DTC_ETH,link_delay_work_func: 3003, SQI=0, link=0
03-22 11:02:58.187 0 0 I auditd : type=1400 audit(0.0:21907): avc: denied { kill } for comm="swapper/2" capability=5 scontext=u:r:kernel:s0 tcontext=u:r:kernel:s0 tclass=capability permissive=0
03-22 11:02:58.486 1512 1697 I input_interaction: Interaction with: 449557c com.android.settings/com.android.settings.homepage.SettingsHomepageActivity (server), swipe-up (server), edge-swipe (server), PointerEventDispatcher0 (server),
03-22 11:02:58.489 1512 13247 W FreeFormWindowHelper: Current Display FreeFormTask is null
03-22 11:02:58.489 1512 2101 I wm_task_moved: [1,0,0]
03-22 11:02:58.489 1512 2101 I wm_task_moved: [1,0,8]
03-22 11:02:58.490 1512 13247 W FreeFormWindowHelper: Current Display FreeFormTask is null
03-22 11:02:58.495 2573 2573 I wm_on_restart_called: [70633193,com.android.launcher3.uioverrides.QuickstepLauncher,performRestartActivity]
03-22 11:02:58.496 1512 2101 W FreeFormWindowHelper: Current Display FreeFormTask is null
03-22 11:02:58.496 1512 2101 W FreeFormWindowHelper: Current Display FreeFormTask is null
03-22 11:02:58.504 2573 2573 I wm_on_start_called: [70633193,com.android.launcher3.uioverrides.QuickstepLauncher,handleStartActivity]
03-22 11:02:58.515 1512 2101 W ActivityTaskManager: getTaskSnapshot: taskId=754 not found
03-22 11:02:58.516 1512 2101 W ActivityTaskManager: getTaskSnapshot: taskId=754 not found
03-22 11:02:58.518 1512 13247 W FreeFormWindowHelper: Current Display FreeFormTask is null
03-22 11:02:58.518 1512 13247 W FreeFormWindowHelper: Current Display FreeFormTask is null
03-22 11:02:58.523 1512 1607 I sysui_multi_action: [319,3,322,32,325,30101,757,761,758,9,759,5,806,com.android.launcher3,871,com.android.launcher3.uioverrides.QuickstepLauncher,905,0,1320,8,1321,5]
03-22 11:02:58.531 1512 2124 W FreeFormWindowHelper: Current Display FreeFormTask is null
03-22 11:02:58.531 1512 2124 W FreeFormWindowHelper: Current Display FreeFormTask is null
03-22 11:02:58.572 5270 5270 I view_enqueue_input_event: [Motion - Cancel,com.android.settings/com.android.settings.homepage.SettingsHomepageActivity]
03-22 11:02:58.572 2573 2573 I sysui_latency: [1,32]
03-22 11:02:58.573 1512 1611 I input_focus: [Focus request recents_animation_input_consumer,reason=UpdateInputWindows]
03-22 11:02:58.577 1512 1697 I input_interaction: Interaction with: swipe-up (server), edge-swipe (server), PointerEventDispatcher0 (server),
03-22 11:02:58.583 1512 13247 W FreeFormWindowHelper: Current Display FreeFormTask is null
03-22 11:02:58.584 1512 2124 W FreeFormWindowHelper: Current Display FreeFormTask is null
03-22 11:02:58.598 1512 2101 W FreeFormWindowHelper: Current Display FreeFormTask is null
03-22 11:02:58.598 1512 2101 W FreeFormWindowHelper: Current Display FreeFormTask is null
03-22 11:02:58.599 1512 1697 I input_focus: [Focus leaving 449557c com.android.settings/com.android.settings.homepage.SettingsHomepageActivity (server),reason=NOT_FOCUSABLE]
03-22 11:02:58.599 1512 1697 I input_focus: [Focus entering recents_animation_input_consumer (server),reason=setFocusedWindow]
03-22 11:02:58.640 1512 2101 W FreeFormWindowHelper: Current Display FreeFormTask is null
03-22 11:02:58.640 1512 2101 W FreeFormWindowHelper: Current Display FreeFormTask is null
03-22 11:02:58.642 1512 2101 W FreeFormWindowHelper: exitRecentTasks type=0
03-22 11:02:58.647 1512 2101 W ActivityTaskManager: getTaskSnapshot: taskId=848 not found
03-22 11:02:58.648 1512 2101 W FreeFormWindowHelper: Current Display FreeFormTask is null
03-22 11:02:58.649 1512 2124 W FreeFormWindowHelper: Current Display FreeFormTask is null
03-22 11:02:58.651 1512 13247 W ActivityTaskManager: getTaskSnapshot: taskId=848 not found
03-22 11:02:58.666 1512 2101 W FreeFormWindowHelper: Current Display FreeFormTask is null
03-22 11:02:58.666 1512 2101 W FreeFormWindowHelper: Current Display FreeFormTask is null
03-22 11:02:58.704 1512 1684 I commit_sys_config_file: [settings-1-0,1]
03-22 11:02:58.824 1512 1618 I sysui_latency: [8,34]
03-22 11:02:59.283 1512 2124 W FreeFormWindowHelper: Current Display FreeFormTask is null
03-22 11:02:59.283 1512 2124 W FreeFormWindowHelper: Current Display FreeFormTask is null
03-22 11:02:59.287 1512 2124 I wm_task_moved: [1,1,9]
03-22 11:02:59.289 1512 2124 I wm_task_moved: [32,1,2147483647]
03-22 11:02:59.289 1512 2124 I wm_task_to_front: [0,32]
03-22 11:02:59.289 1512 2124 I wm_focused_root_task: [0,0,1,105,RecentsAnimation.onAnimationFinished()]
03-22 11:02:59.289 5270 5270 I wm_on_top_resumed_lost_called: [102200883,com.android.settings.homepage.SettingsHomepageActivity,topStateChangedWhenResumed]
03-22 11:02:59.289 1512 2124 I wm_set_resumed_activity: [0,com.android.launcher3/.uioverrides.QuickstepLauncher,RecentsAnimation.onAnimationFinished()]
03-22 11:02:59.291 1512 2124 I wm_pause_activity: [0,102200883,com.android.settings/.homepage.SettingsHomepageActivity,userLeaving=true,pauseBackTasks]
03-22 11:02:59.292 1512 2124 I wm_add_to_stopping: [0,102200883,com.android.settings/.homepage.SettingsHomepageActivity,makeInvisible]
03-22 11:02:59.293 1512 2124 I ActivityTaskManager: FOREGROUND_APPLICATION_CHANGED to com.android.launcher3.uioverrides.QuickstepLauncher
03-22 11:02:59.293 1512 2124 I wm_set_resumed_activity: [0,com.android.launcher3/.uioverrides.QuickstepLauncher,resumeTopActivityInnerLocked]
03-22 11:02:59.295 1512 2124 I wm_resume_activity: [0,70633193,32,com.android.launcher3/.uioverrides.QuickstepLauncher]
03-22 11:02:59.295 2573 2573 I wm_on_resume_called: [70633193,com.android.launcher3.uioverrides.QuickstepLauncher,RESUME_ACTIVITY]
03-22 11:02:59.302 1512 1611 I input_focus: [Focus request a81a7d0 com.android.launcher3/com.android.launcher3.uioverrides.QuickstepLauncher,reason=UpdateInputWindows]
03-22 11:02:59.302 2573 2573 I wm_on_top_resumed_gained_called: [70633193,com.android.launcher3.uioverrides.QuickstepLauncher,topStateChangedWhenResumed]
03-22 11:02:59.304 1512 1546 I wm_stop_activity: [0,102200883,com.android.settings/.homepage.SettingsHomepageActivity]
03-22 11:02:59.304 5270 5270 I sysui_multi_action: [757,35,758,2,1089,2188]
03-22 11:02:59.304 5270 5270 I sysui_multi_action: [757,337,758,2,1089,1985]
03-22 11:02:59.305 5270 5270 I wm_on_paused_called: [102200883,com.android.settings.homepage.SettingsHomepageActivity,performPause]
03-22 11:02:59.308 1512 1610 I sysui_multi_action: [757,803,799,window_time_0,802,2]
03-22 11:02:59.308 5270 5270 I wm_on_stop_called: [102200883,com.android.settings.homepage.SettingsHomepageActivity,STOP_ACTIVITY_ITEM]
03-22 11:02:59.312 1512 1610 I sysui_multi_action: [757,803,799,window_time_0,802,0]
03-22 11:02:59.319 1512 1697 I input_focus: [Focus leaving recents_animation_input_consumer (server),reason=NOT_VISIBLE]
03-22 11:02:59.319 1512 1697 I input_focus: [Focus entering a81a7d0 com.android.launcher3/com.android.launcher3.uioverrides.QuickstepLauncher (server),reason=setFocusedWindow]
03-22 11:02:59.363 1512 1697 I input_interaction: Interaction with: a81a7d0 com.android.launcher3/com.android.launcher3.uioverrides.QuickstepLauncher (server), d87d679 com.android.systemui.ImageWallpaper (server), swipe-up (server), edge-swipe (server), PointerEventDispatcher0 (server),
03-22 11:02:59.405 1512 13247 W FreeFormWindowHelper: Current Display FreeFormTask is null
03-22 11:02:59.473 1512 13247 I sysui_multi_action: [757,127,758,1]
03-22 11:02:59.473 1512 13247 I sysui_multi_action: [757,804,799,note_load,801,2,802,1]
03-22 11:02:59.473 1512 13247 I notification_panel_revealed: 2
03-22 11:02:59.484 1512 1611 I input_focus: [Focus request 92dbd17 NotificationShade,reason=UpdateInputWindows]
03-22 11:02:59.492 1512 13247 I sysui_multi_action: [757,128,758,1,793,10814635,794,0,795,10814635,796,26,798,0,806,android,857,DEVELOPER_IMPORTANT,858,4,947,0,1395,2,1500,10814429,1688,1]
03-22 11:02:59.492 1512 13247 I sysui_multi_action: [757,804,799,note_freshness,801,10814635,802,1]
03-22 11:02:59.492 1512 13247 I notification_visibility: [-1|android|26|null|1000,1,10814635,10814635,0,0]
03-22 11:02:59.493 1512 13247 I sysui_multi_action: [757,128,758,1,793,10814639,794,0,795,10814639,796,32,798,1,806,android,857,USB,858,1,947,0,1395,2,1500,10814436,1688,1]
03-22 11:02:59.493 1512 13247 I sysui_multi_action: [757,804,799,note_freshness,801,10814639,802,1]
03-22 11:02:59.493 1512 13247 I notification_visibility: [-1|android|32|null|1000,1,10814639,10814639,0,1]
03-22 11:02:59.506 1512 1697 I input_focus: [Focus leaving a81a7d0 com.android.launcher3/com.android.launcher3.uioverrides.QuickstepLauncher (server),reason=setFocusedWindow]
03-22 11:02:59.506 1512 1697 I input_focus: [Focus entering 92dbd17 NotificationShade (server),reason=setFocusedWindow]
03-22 11:02:59.508 1512 1697 I input_interaction: Interaction with: a81a7d0 com.android.launcher3/com.android.launcher3.uioverrides.QuickstepLauncher (server), d87d679 com.android.systemui.ImageWallpaper (server), 92dbd17 NotificationShade (server), swipe-up (server), edge-swipe (server), PointerEventDispatcher0 (server),
03-22 11:02:59.508 2573 2573 I view_enqueue_input_event: [Motion - Cancel,com.android.launcher3/com.android.launcher3.uioverrides.QuickstepLauncher]
03-22 11:02:59.514 1512 1697 I input_interaction: Interaction with: d87d679 com.android.systemui.ImageWallpaper (server), 92dbd17 NotificationShade (server), swipe-up (server), edge-swipe (server), PointerEventDispatcher0 (server),
03-22 11:02:59.532 1982 1982 I sysui_multi_action: [757,111,758,1]
03-22 11:02:59.532 1982 1982 I sysui_multi_action: [757,126,758,1,759,126,927,0,928,1,1593,1]
03-22 11:02:59.532 1982 1982 I sysui_multi_action: [757,113,758,1,759,113,927,1,928,1,1593,1]
03-22 11:02:59.532 1982 1982 I sysui_multi_action: [757,0,758,1,759,0,927,2,928,0,1593,1]
03-22 11:02:59.532 1982 1982 I sysui_multi_action: [757,0,758,1,759,0,927,3,928,0,1593,1]
03-22 11:02:59.533 1982 1982 I sysui_multi_action: [757,491,758,1,759,491,927,4,928,0,1311,1,1593,0]
03-22 11:02:59.533 1982 1982 I sysui_multi_action: [757,0,758,1,759,0,927,5,928,0,1593,0]
03-22 11:02:59.533 1982 1982 I sysui_multi_action: [757,111,758,1]
03-22 11:02:59.533 1982 1982 I sysui_multi_action: [757,126,758,1,759,126,927,0,928,1,1593,1]
03-22 11:02:59.533 1982 1982 I sysui_multi_action: [757,113,758,1,759,113,927,1,928,1,1593,1]
03-22 11:02:59.533 1982 1982 I sysui_multi_action: [757,0,758,1,759,0,927,2,928,0,1593,1]
03-22 11:02:59.533 1982 1982 I sysui_multi_action: [757,0,758,1,759,0,927,3,928,0,1593,1]
03-22 11:02:59.549 1512 1751 I GameModeConfig: isGameModeOn = false
03-22 11:02:59.549 1512 1751 I GameModeConfig: isGameModeOn = false
03-22 11:02:59.549 1512 1751 I GameModeConfig: isGameModeOn = false
03-22 11:02:59.549 1512 1751 I GameModeConfig: isGameModeOn = false
03-22 11:02:59.549 1512 1751 I GameModeConfig: isGameModeOn = false
03-22 11:02:59.550 1982 1982 I sysui_multi_action: [757,111,758,2]
03-22 11:02:59.550 1512 1512 I notification_enqueue: [10078,1982,com.android.systemui,2048,NULL,0,Notification(channel=updateNotification shortcut=null contentView=null vibrate=null sound=null defaults=0x0 flags=0x0 color=0x00000000 vis=PRIVATE),1]
03-22 11:02:59.550 1982 1982 I sysui_multi_action: [757,111,758,2]
03-22 11:02:59.551 1982 1982 I sysui_multi_action: [757,111,758,1]
03-22 11:02:59.551 1982 1982 I sysui_multi_action: [757,126,758,1,759,126,927,0,928,1,1593,0]
03-22 11:02:59.551 1982 1982 I sysui_multi_action: [757,113,758,1,759,113,927,1,928,1,1593,0]
03-22 11:02:59.551 1982 1982 I sysui_multi_action: [757,0,758,1,759,0,927,2,928,0,1593,0]
03-22 11:02:59.551 1982 1982 I sysui_multi_action: [757,0,758,1,759,0,927,3,928,0,1593,0]
03-22 11:02:59.551 1982 1982 I sysui_multi_action: [757,491,758,1,759,491,927,4,928,0,1311,1,1593,0]
03-22 11:02:59.551 1982 1982 I sysui_multi_action: [757,0,758,1,759,0,927,5,928,0,1593,0]
03-22 11:02:59.551 1982 1982 I sysui_multi_action: [757,111,758,1]
03-22 11:02:59.552 1982 1982 I sysui_multi_action: [757,126,758,1,759,126,927,0,928,1,1593,0]
03-22 11:02:59.552 1982 1982 I sysui_multi_action: [757,113,758,1,759,113,927,1,928,1,1593,0]
03-22 11:02:59.552 1982 1982 I sysui_multi_action: [757,0,758,1,759,0,927,2,928,0,1593,0]
03-22 11:02:59.552 1982 1982 I sysui_multi_action: [757,0,758,1,759,0,927,3,928,0,1593,0]
03-22 11:02:59.753 1512 1512 I GameModeConfig: isGameModeOn = false
03-22 11:03:00.153 1512 1697 I input_interaction: Interaction with: 92dbd17 NotificationShade (server), swipe-up (server), edge-swipe (server), PointerEventDispatcher0 (server),
03-22 11:03:00.191 0 0 I auditd : type=1400 audit(0.0:21908): avc: denied { kill } for comm="swapper/2" capability=5 scontext=u:r:kernel:s0 tcontext=u:r:kernel:s0 tclass=capability permissive=0
03-22 11:03:00.326 1982 1982 I sysui_multi_action: [757,332,758,4,796,32,806,android,857,USB,947,0]
01-01 17:27:49.683 0 0 E DTC_Display: screen not ready
03-22 11:03:00.988 1512 1751 I GameModeConfig: isGameModeOn = false
03-22 11:03:01.187 0 0 I auditd : type=1400 audit(0.0:21909): avc: denied { kill } for comm="swapper/2" capability=5 scontext=u:r:kernel:s0 tcontext=u:r:kernel:s0 tclass=capability permissive=0
03-22 11:03:02.187 0 0 I auditd : type=1400 audit(0.0:21910): avc: denied { kill } for comm="swapper/2" capability=5 scontext=u:r:kernel:s0 tcontext=u:r:kernel:s0 tclass=capability permissive=0
03-22 11:03:02.981 1512 2109 I ActivityTaskManager: START u0 {act=android.settings.APPLICATION_DEVELOPMENT_SETTINGS flg=0x10008000 pkg=com.android.settings cmp=com.android.settings/.Settings$DevelopmentSettingsDashboardActivity} from uid 1000
03-22 11:03:02.984 1512 2109 I wm_task_created: [112,-1]
03-22 11:03:02.984 1512 2109 W ActivityTaskManager: Can't find TaskDisplayArea to determine support for multi window. Task id=112 attached=false
03-22 11:03:02.985 1512 2109 I wm_task_moved: [112,1,10]
03-22 11:03:02.985 1512 2109 I wm_task_to_front: [0,112]
03-22 11:03:02.985 1512 2109 I wm_create_task: [0,112]
03-22 11:03:02.985 1512 2109 I wm_create_activity: [0,239039180,112,com.android.settings/.Settings$DevelopmentSettingsDashboardActivity,android.settings.APPLICATION_DEVELOPMENT_SETTINGS,NULL,NULL,268468224]
03-22 11:03:02.985 1512 2109 I wm_task_moved: [112,1,10]
03-22 11:03:02.985 2573 2573 I wm_on_top_resumed_lost_called: [70633193,com.android.launcher3.uioverrides.QuickstepLauncher,topStateChangedWhenResumed]
03-22 11:03:02.986 1512 2109 I wm_pause_activity: [0,70633193,com.android.launcher3/.uioverrides.QuickstepLauncher,userLeaving=true,pauseBackTasks]
03-22 11:03:02.988 2573 2573 I wm_on_paused_called: [70633193,com.android.launcher3.uioverrides.QuickstepLauncher,performPause]
03-22 11:03:02.988 1512 2101 I sysui_multi_action: [757,128,758,4,793,10818131,794,3496,795,10818131,796,26,798,2,806,android,857,DEVELOPER_IMPORTANT,858,4,947,0,1395,2,1500,10817925,1688,1]
03-22 11:03:02.988 1512 2101 I notification_clicked: [-1|android|26|null|1000,10818131,10818131,3496,2,2]
03-22 11:03:02.988 1512 1512 I sysui_multi_action: [757,804,799,note_click_longevity,801,180,802,1]
03-22 11:03:02.989 1512 2109 I ActivityTaskManager: FOREGROUND_APPLICATION_CHANGED to com.android.settings.Settings$DevelopmentSettingsDashboardActivity
03-22 11:03:02.991 1512 2109 I ActivityTaskManager: The Process com.android.settings Already Exists in BG. So sending its PID: 5270
03-22 11:03:02.991 1512 2109 W ActivityTaskManager: Tried to set launchTime (0) < mLastActivityLaunchTime (30100273)
03-22 11:03:02.991 1512 2109 I wm_add_to_stopping: [0,70633193,com.android.launcher3/.uioverrides.QuickstepLauncher,makeInvisible]
03-22 11:03:02.991 1512 2109 I wm_restart_activity: [0,239039180,112,com.android.settings/.Settings$DevelopmentSettingsDashboardActivity]
03-22 11:03:02.992 1512 2109 I wm_set_resumed_activity: [0,com.android.settings/.Settings$DevelopmentSettingsDashboardActivity,minimalResumeActivityLocked]
03-22 11:03:02.996 1512 1610 I sysui_multi_action: [757,803,799,window_time_0,802,4]
01-01 17:27:52.099 0 0 E DTC_ETH,link_delay_work_func: 3003, SQI=0, link=0
03-22 11:03:03.002 1512 1618 I am_pss : [5890,10104,com.thundersoft.notificationtest1,17867776,13414400,50176,101584896,0,19,5]
03-22 11:03:03.008 1512 1618 I am_pss : [5891,10030,com.android.documentsui,12598272,9543680,50176,102821888,0,19,6]
03-22 11:03:03.008 1512 2101 I thunderperf: PlatormCompat.setOverrides: Uid1=1000 Pid1=5270 Uid2=1000 Pid2=5270
03-22 11:03:03.008 1512 2101 I thunderperf: PlatormCompat.setOverrides: needCheck:false
03-22 11:03:03.008 1512 2101 I thunderperf: CompatConfig.addOverrideUnsafe: bef-state=0
03-22 11:03:03.008 1512 2101 I thunderperf: CompatConfig.addOverrideUnsafe: aft-state=0
03-22 11:03:03.008 1512 2101 I thunderperf: CompatConfig.addOverrideUnsafe: bef-state=0
03-22 11:03:03.008 1512 2101 I thunderperf: CompatConfig.addOverrideUnsafe: aft-state=0
03-22 11:03:03.009 1512 2101 I thunderperf: CompatConfig.addOverrideUnsafe: bef-state=0
03-22 11:03:03.009 1512 2101 I thunderperf: CompatConfig.addOverrideUnsafe: aft-state=0
03-22 11:03:03.011 1512 2101 I thunderperf: CompatConfig.addOverrideUnsafe: bef-state=0
03-22 11:03:03.011 1512 2101 I thunderperf: CompatConfig.addOverrideUnsafe: aft-state=0
03-22 11:03:03.011 1512 2101 I thunderperf: CompatConfig.addOverrideUnsafe: bef-state=0
03-22 11:03:03.011 1512 2101 I thunderperf: CompatConfig.addOverrideUnsafe: aft-state=0
03-22 11:03:03.011 1512 2101 I thunderperf: CompatConfig.addOverrideUnsafe: bef-state=0
03-22 11:03:03.011 1512 2101 I thunderperf: CompatConfig.addOverrideUnsafe: aft-state=0
03-22 11:03:03.011 1512 2101 I thunderperf: CompatConfig.addOverrideUnsafe: bef-state=0
03-22 11:03:03.011 1512 2101 I thunderperf: CompatConfig.addOverrideUnsafe: aft-state=0
03-22 11:03:03.012 1512 2101 I thunderperf: CompatConfig.addOverrideUnsafe: bef-state=0
03-22 11:03:03.012 1512 2101 I thunderperf: CompatConfig.addOverrideUnsafe: aft-state=0
03-22 11:03:03.012 1512 2101 I thunderperf: CompatConfig.addOverrideUnsafe: bef-state=0
03-22 11:03:03.012 1512 2101 I thunderperf: CompatConfig.addOverrideUnsafe: aft-state=0
03-22 11:03:03.012 1512 2101 I thunderperf: CompatConfig.addOverrideUnsafe: bef-state=0
03-22 11:03:03.012 1512 2101 I thunderperf: CompatConfig.addOverrideUnsafe: aft-state=0
03-22 11:03:03.012 1512 2101 I thunderperf: CompatConfig.addOverrideUnsafe: bef-state=0
03-22 11:03:03.012 1512 2101 I thunderperf: CompatConfig.addOverrideUnsafe: aft-state=0
03-22 11:03:03.013 1512 2101 I thunderperf: CompatConfig.addOverrideUnsafe: bef-state=0
03-22 11:03:03.013 1512 2101 I thunderperf: CompatConfig.addOverrideUnsafe: aft-state=0
03-22 11:03:03.013 1512 2101 I thunderperf: CompatConfig.addOverrideUnsafe: bef-state=0
03-22 11:03:03.013 1512 2101 I thunderperf: CompatConfig.addOverrideUnsafe: aft-state=0
03-22 11:03:03.013 1512 2101 I thunderperf: CompatConfig.addOverrideUnsafe: bef-state=0
03-22 11:03:03.013 1512 2101 I thunderperf: CompatConfig.addOverrideUnsafe: aft-state=0
03-22 11:03:03.016 1512 2101 I ActivityTaskManager: START u0 {act=android.settings.APPLICATION_DEVELOPMENT_SETTINGS flg=0x10008000 pkg=com.android.settings cmp=com.android.settings/.homepage.SettingsHomepageActivity (has extras)} from uid 1000
03-22 11:03:03.017 1512 2101 I wm_task_moved: [105,1,10]
03-22 11:03:03.017 1512 2101 I wm_task_to_front: [0,105]
03-22 11:03:03.017 1512 2101 I wm_focused_root_task: [0,0,105,112,bringingFoundTaskToFront]
03-22 11:03:03.017 1512 2101 I wm_set_resumed_activity: [0,com.android.settings/.homepage.SettingsHomepageActivity,bringingFoundTaskToFront]
03-22 11:03:03.017 1512 2101 I wm_finish_activity: [0,102200883,105,com.android.settings/.homepage.SettingsHomepageActivity,clear-task-all]
03-22 11:03:03.017 1512 2101 I wm_destroy_activity: [0,102200883,105,com.android.settings/.homepage.SettingsHomepageActivity,finish-imm:finishIfPossible]
03-22 11:03:03.019 1512 2101 I wm_task_moved: [105,1,10]
03-22 11:03:03.019 1512 2101 I wm_create_activity: [0,3193235,105,com.android.settings/.homepage.SettingsHomepageActivity,android.settings.APPLICATION_DEVELOPMENT_SETTINGS,NULL,NULL,272662528]
03-22 11:03:03.019 1512 2101 D CompatibilityChangeReporter: Compat change id reported: 168419799; UID 1000; state: DISABLED
03-22 11:03:03.020 1512 2101 I wm_pause_activity: [0,239039180,com.android.settings/.Settings$DevelopmentSettingsDashboardActivity,userLeaving=true,pauseBackTasks]
03-22 11:03:03.021 1512 2109 I wm_finish_activity: [0,239039180,112,com.android.settings/.Settings$DevelopmentSettingsDashboardActivity,app-request]
03-22 11:03:03.021 5270 5270 I wm_on_create_called: [239039180,com.android.settings.Settings$DevelopmentSettingsDashboardActivity,performCreate]
03-22 11:03:03.023 5270 5270 I wm_on_destroy_called: [102200883,com.android.settings.homepage.SettingsHomepageActivity,performDestroy]
03-22 11:03:03.025 1512 1618 W UsageStatsService: Unexpected activity event reported! (com.android.settings/com.android.settings.homepage.SettingsHomepageActivity event : 23 instanceId : 151320471)
03-22 11:03:03.025 1512 9151 I wm_add_to_stopping: [0,239039180,com.android.settings/.Settings$DevelopmentSettingsDashboardActivity,completeFinishing]
03-22 11:03:03.025 1512 9151 I ActivityTaskManager: FOREGROUND_APPLICATION_CHANGED to com.android.settings.homepage.SettingsHomepageActivity
03-22 11:03:03.026 1512 9151 I ActivityTaskManager: The Process com.android.settings Already Exists in BG. So sending its PID: 5270
03-22 11:03:03.026 1512 9151 W ActivityTaskManager: Tried to set launchTime (0) < mLastActivityLaunchTime (30106329)
03-22 11:03:03.027 1512 9151 I wm_restart_activity: [0,3193235,105,com.android.settings/.homepage.SettingsHomepageActivity]
03-22 11:03:03.028 1512 9151 I wm_set_resumed_activity: [0,com.android.settings/.homepage.SettingsHomepageActivity,minimalResumeActivityLocked]
03-22 11:03:03.032 1512 1610 I sysui_multi_action: [757,803,799,window_time_0,802,0]
03-22 11:03:03.039 5270 5270 I wm_on_create_called: [3193235,com.android.settings.homepage.SettingsHomepageActivity,performCreate]
03-22 11:03:03.041 1512 9151 E UserRestrictionsUtils: Unknown restriction queried by uid 1000 (com.hryt.hiphishowfsecontrol et al): null
03-22 11:03:03.041 1512 2109 E UserRestrictionsUtils: Unknown restriction queried by uid 1000 (com.hryt.hiphishowfsecontrol et al): null
03-22 11:03:03.041 1512 2101 E UserRestrictionsUtils: Unknown restriction queried by uid 1000 (com.hryt.hiphishowfsecontrol et al): null
03-22 11:03:03.041 1512 2109 E UserRestrictionsUtils: Unknown restriction queried by uid 1000 (com.hryt.hiphishowfsecontrol et al): null
03-22 11:03:03.041 1512 9151 E UserRestrictionsUtils: Unknown restriction queried by uid 1000 (com.hryt.hiphishowfsecontrol et al): null
03-22 11:03:03.042 1512 2109 E UserRestrictionsUtils: Unknown restriction queried by uid 1000 (com.hryt.hiphishowfsecontrol et al): null
03-22 11:03:03.042 1512 9151 E UserRestrictionsUtils: Unknown restriction queried by uid 1000 (com.hryt.hiphishowfsecontrol et al): null
03-22 11:03:03.042 1512 2109 E UserRestrictionsUtils: Unknown restriction queried by uid 1000 (com.hryt.hiphishowfsecontrol et al): null
03-22 11:03:03.042 1512 9151 E UserRestrictionsUtils: Unknown restriction queried by uid 1000 (com.hryt.hiphishowfsecontrol et al): null
03-22 11:03:03.042 1512 2101 E UserRestrictionsUtils: Unknown restriction queried by uid 1000 (com.hryt.hiphishowfsecontrol et al): null
03-22 11:03:03.042 1512 9151 E UserRestrictionsUtils: Unknown restriction queried by uid 1000 (com.hryt.hiphishowfsecontrol et al): null
03-22 11:03:03.043 1512 2124 E UserRestrictionsUtils: Unknown restriction queried by uid 1000 (com.hryt.hiphishowfsecontrol et al): null
03-22 11:03:03.043 1512 2101 E UserRestrictionsUtils: Unknown restriction queried by uid 1000 (com.hryt.hiphishowfsecontrol et al): null
03-22 11:03:03.043 1512 2124 E UserRestrictionsUtils: Unknown restriction queried by uid 1000 (com.hryt.hiphishowfsecontrol et al): null
03-22 11:03:03.043 1512 13247 E UserRestrictionsUtils: Unknown restriction queried by uid 1000 (com.hryt.hiphishowfsecontrol et al): null
03-22 11:03:03.043 1512 13247 E UserRestrictionsUtils: Unknown restriction queried by uid 1000 (com.hryt.hiphishowfsecontrol et al): null
03-22 11:03:03.043 1512 2124 E UserRestrictionsUtils: Unknown restriction queried by uid 1000 (com.hryt.hiphishowfsecontrol et al): null
03-22 11:03:03.043 1512 13247 E UserRestrictionsUtils: Unknown restriction queried by uid 1000 (com.hryt.hiphishowfsecontrol et al): null
03-22 11:03:03.050 5270 5270 I wm_on_start_called: [3193235,com.android.settings.homepage.SettingsHomepageActivity,handleStartActivity]
03-22 11:03:03.050 5270 5270 I snet_event_log: [120484087,-1,]
03-22 11:03:03.050 5270 5270 I wm_on_resume_called: [3193235,com.android.settings.homepage.SettingsHomepageActivity,RESUME_ACTIVITY]
03-22 11:03:03.050 5270 5270 I sysui_multi_action: [757,35,758,1,833,0,1089,11]
03-22 11:03:03.052 5270 5270 I sysui_multi_action: [757,1729,758,4,854,isParalleledControllers:false,1089,12]
03-22 11:03:03.059 5270 5270 I wm_on_top_resumed_gained_called: [3193235,com.android.settings.homepage.SettingsHomepageActivity,topStateChangedWhenResumed]
03-22 11:03:03.087 1512 1611 I sysui_multi_action: [324,1,757,1090,758,12,806,com.android.settings,871,com.android.settings.homepage.SettingsHomepageActivity,1091,106]
03-22 11:03:03.090 1512 1607 I sysui_multi_action: [319,34,321,32,322,106,325,30106,757,761,758,8,759,1,806,com.android.settings,871,com.android.settings.homepage.SettingsHomepageActivity,904,com.android.settings,905,0,1320,8,1321,5]
03-22 11:03:03.091 1512 1607 I wm_activity_launch_time: [0,3193235,com.android.settings/.homepage.SettingsHomepageActivity,106]
03-22 11:03:03.095 1512 2101 W ActivityTaskManager: Request to remove task ignored for non-existent task 111
03-22 11:03:03.130 1512 1546 W FreeFormWindowHelper: Current Display FreeFormTask is null
03-22 11:03:03.187 0 0 I auditd : type=1400 audit(0.0:21911): avc: denied { kill } for comm="swapper/2" capability=5 scontext=u:r:kernel:s0 tcontext=u:r:kernel:s0 tclass=capability permissive=0
03-22 11:03:03.251 1512 9151 E UserRestrictionsUtils: Unknown restriction queried by uid 1000 (com.hryt.hiphishowfsecontrol et al): null
03-22 11:03:03.251 1512 2124 E UserRestrictionsUtils: Unknown restriction queried by uid 1000 (com.hryt.hiphishowfsecontrol et al): null
03-22 11:03:03.252 1512 2101 E UserRestrictionsUtils: Unknown restriction queried by uid 1000 (com.hryt.hiphishowfsecontrol et al): null
03-22 11:03:03.252 1512 1546 E UserRestrictionsUtils: Unknown restriction queried by uid 1000 (com.hryt.hiphishowfsecontrol et al): null
03-22 11:03:03.252 1512 9151 E UserRestrictionsUtils: Unknown restriction queried by uid 1000 (com.hryt.hiphishowfsecontrol et al): null
