03-22 10:51:32.334 1512 1546 W FreeFormWindowHelper: Current Display FreeFormTask is null
03-22 10:51:32.334 1512 1546 W FreeFormWindowHelper: Current Display FreeFormTask is null
03-22 10:51:32.351 1512 2109 W FreeFormWindowHelper: Current Display FreeFormTask is null
03-22 10:51:32.351 1512 2109 W FreeFormWindowHelper: Current Display FreeFormTask is null
03-22 10:51:32.367 1512 1546 W FreeFormWindowHelper: Current Display FreeFormTask is null
03-22 10:51:32.368 1512 1546 W FreeFormWindowHelper: Current Display FreeFormTask is null
03-22 10:51:32.385 1512 1546 W FreeFormWindowHelper: Current Display FreeFormTask is null
03-22 10:51:32.386 1512 1546 W FreeFormWindowHelper: Current Display FreeFormTask is null
03-22 10:51:32.386 1512 2109 W FreeFormWindowHelper: Current Display FreeFormTask is null
03-22 10:51:32.413 1512 2109 W FreeFormWindowHelper: Current Display FreeFormTask is null
03-22 10:51:32.413 1512 1546 W FreeFormWindowHelper: Current Display FreeFormTask is null
03-22 10:51:33.191 0 0 I auditd : type=1400 audit(0.0:21124): avc: denied { kill } for comm="swapper/2" capability=5 scontext=u:r:kernel:s0 tcontext=u:r:kernel:s0 tclass=capability permissive=0
03-22 10:51:33.577 1512 1697 I input_interaction: Interaction with: a81a7d0 com.android.launcher3/com.android.launcher3.uioverrides.QuickstepLauncher (server), d87d679 com.android.systemui.ImageWallpaper (server), swipe-up (server), edge-swipe (server), PointerEventDispatcher0 (server),
03-22 10:51:33.739 1512 2109 W FreeFormWindowHelper: exitRecentTasks type=0
03-22 10:51:34.187 0 0 I auditd : type=1400 audit(0.0:21125): avc: denied { kill } for comm="swapper/3" capability=5 scontext=u:r:kernel:s0 tcontext=u:r:kernel:s0 tclass=capability permissive=0
03-22 10:51:35.187 0 0 I auditd : type=1400 audit(0.0:21126): avc: denied { kill } for comm="swapper/3" capability=5 scontext=u:r:kernel:s0 tcontext=u:r:kernel:s0 tclass=capability permissive=0
03-22 10:51:35.700 1512 1751 I GameModeConfig: isGameModeOn = false
01-01 17:16:24.931 0 0 E DTC_Display: screen not ready
03-22 10:51:36.187 0 0 I auditd : type=1400 audit(0.0:21127): avc: denied { kill } for comm="swapper/3" capability=5 scontext=u:r:kernel:s0 tcontext=u:r:kernel:s0 tclass=capability permissive=0
01-01 17:16:25.363 0 0 I [schedu][0x838695306b][10:51:36.262775] wlan: [7715:I:OSIF] scan start scan id 41016
01-01 17:16:25.796 0 0 I msm_vidc: err : ffffffff: .....: DBLP Set: status 0
01-01 17:16:26.019 0 0 E DTC_ETH,link_delay_work_func: 3003, SQI=0, link=0
03-22 10:51:37.187 0 0 I auditd : type=1400 audit(0.0:21128): avc: denied { kill } for comm="swapper/3" capability=5 scontext=u:r:kernel:s0 tcontext=u:r:kernel:s0 tclass=capability permissive=0
01-01 17:16:26.545 0 0 I [schedu][0x8387ef820d][10:51:37.444877] wlan: [7715:I:OSIF] vdev 0, scan id 41016 type COMPLETED(1) reason COMPLETED(1) scan found 92 bss
03-22 10:51:38.187 0 0 I auditd : type=1400 audit(0.0:21129): avc: denied { kill } for comm="swapper/3" capability=5 scontext=u:r:kernel:s0 tcontext=u:r:kernel:s0 tclass=capability permissive=0
03-22 10:51:39.187 0 0 I auditd : type=1400 audit(0.0:21130): avc: denied { kill } for comm="swapper/3" capability=5 scontext=u:r:kernel:s0 tcontext=u:r:kernel:s0 tclass=capability permissive=0
03-22 10:51:40.191 0 0 I auditd : type=1400 audit(0.0:21131): avc: denied { kill } for comm="swapper/3" capability=5 scontext=u:r:kernel:s0 tcontext=u:r:kernel:s0 tclass=capability permissive=0
03-22 10:51:40.479 1512 1751 I GameModeConfig: isGameModeOn = false
03-22 10:51:40.660 1512 1751 I GameModeConfig: isGameModeOn = false
03-22 10:51:41.187 0 0 I auditd : type=1400 audit(0.0:21132): avc: denied { kill } for comm="swapper/3" capability=5 scontext=u:r:kernel:s0 tcontext=u:r:kernel:s0 tclass=capability permissive=0
01-01 17:16:31.139 0 0 E DTC_ETH,link_delay_work_func: 3003, SQI=0, link=0
03-22 10:51:42.187 0 0 I auditd : type=1400 audit(0.0:21133): avc: denied { kill } for comm="swapper/3" capability=5 scontext=u:r:kernel:s0 tcontext=u:r:kernel:s0 tclass=capability permissive=0
03-22 10:51:43.187 0 0 I auditd : type=1400 audit(0.0:21134): avc: denied { kill } for comm="swapper/3" capability=5 scontext=u:r:kernel:s0 tcontext=u:r:kernel:s0 tclass=capability permissive=0
01-01 17:16:32.356 0 0 I msm_vidc: err : ffffffff: .....: DBLP Set: status 0
01-01 17:16:32.995 0 0 E DTC_Display: screen not ready
03-22 10:51:44.191 0 0 I auditd : type=1400 audit(0.0:21135): avc: denied { kill } for comm="swapper/3" capability=5 scontext=u:r:kernel:s0 tcontext=u:r:kernel:s0 tclass=capability permissive=0
03-22 10:51:45.187 0 0 I auditd : type=1400 audit(0.0:21136): avc: denied { kill } for comm="swapper/3" capability=5 scontext=u:r:kernel:s0 tcontext=u:r:kernel:s0 tclass=capability permissive=0
03-22 10:51:46.082 1512 1685 D ActivityManager: freezing 3905 com.android.documentsui
03-22 10:51:46.083 1512 1685 E ActivityManager: Unable to freeze binder for 3905 com.android.documentsui
03-22 10:51:46.084 1512 1685 D ActivityManager: froze 3905 com.android.documentsui
03-22 10:51:46.084 1512 1685 I am_freeze: [3905,com.android.documentsui]
03-22 10:51:46.084 1512 1685 E ActivityManager: Unable to freeze binder for 3905 com.android.documentsui
01-01 17:16:35.183 0 0 I binder : 1512:1685 ioctl 400c620e 72e577c5d8 returned -22
01-01 17:16:35.185 0 0 I binder : 1512:1685 ioctl c00c620f 72e577c5b8 returned -22
03-22 10:51:46.086 1512 1685 D ActivityManager: freezing 3904 com.thundersoft.notificationtest1
03-22 10:51:46.087 1512 1685 E ActivityManager: Unable to freeze binder for 3904 com.thundersoft.notificationtest1
03-22 10:51:46.087 1512 1685 D ActivityManager: froze 3904 com.thundersoft.notificationtest1
03-22 10:51:46.087 1512 1685 I am_freeze: [3904,com.thundersoft.notificationtest1]
03-22 10:51:46.088 1512 1685 E ActivityManager: Unable to freeze binder for 3904 com.thundersoft.notificationtest1
03-22 10:51:46.088 1512 1685 I ActivityManager: Killing 3905:com.android.documentsui/u0a30 (adj 925): Unable to freeze binder interface
03-22 10:51:46.089 1512 1685 I am_kill : [0,3905,com.android.documentsui,925,Unable to freeze binder interface]
01-01 17:16:35.187 0 0 I binder : 1512:1685 ioctl 400c620e 72e577c5d8 returned -22
01-01 17:16:35.188 0 0 I binder : 1512:1685 ioctl c00c620f 72e577c5b8 returned -22
03-22 10:51:46.091 1512 1685 I ActivityManager: Killing 3904:com.thundersoft.notificationtest1/u0a104 (adj 915): Unable to freeze binder interface
03-22 10:51:46.091 1512 1685 I am_kill : [0,3904,com.thundersoft.notificationtest1,915,Unable to freeze binder interface]
03-22 10:51:46.117 1512 2109 I am_proc_died: [0,3904,com.thundersoft.notificationtest1,915,19]
03-22 10:51:46.118 1512 2109 I am_uid_stopped: 10104
03-22 10:51:46.122 1512 1546 I am_proc_died: [0,3905,com.android.documentsui,925,19]
03-22 10:51:46.123 1512 1546 I am_uid_stopped: 10030
03-22 10:51:46.126 1512 1610 I am_uid_running: 10104
03-22 10:51:46.127 1512 1610 D CompatibilityChangeReporter: Compat change id reported: 135634846; UID 10104; state: DISABLED
03-22 10:51:46.127 1512 1610 D CompatibilityChangeReporter: Compat change id reported: 177438394; UID 10104; state: DISABLED
03-22 10:51:46.127 1512 1610 D CompatibilityChangeReporter: Compat change id reported: 135772972; UID 10104; state: DISABLED
03-22 10:51:46.127 1512 1610 D CompatibilityChangeReporter: Compat change id reported: 135754954; UID 10104; state: ENABLED
03-22 10:51:46.128 1512 1620 D CompatibilityChangeReporter: Compat change id reported: 143937733; UID 10104; state: ENABLED
03-22 10:51:46.128 1512 1610 I am_uid_running: 10030
03-22 10:51:46.128 1512 1610 D CompatibilityChangeReporter: Compat change id reported: 135634846; UID 10030; state: DISABLED
03-22 10:51:46.128 1512 1610 D CompatibilityChangeReporter: Compat change id reported: 177438394; UID 10030; state: DISABLED
03-22 10:51:46.128 1512 1610 D CompatibilityChangeReporter: Compat change id reported: 135772972; UID 10030; state: DISABLED
03-22 10:51:46.128 1512 1610 D CompatibilityChangeReporter: Compat change id reported: 135754954; UID 10030; state: ENABLED
03-22 10:51:46.132 1512 1618 I am_pss : [4557,10046,com.thundercomm.screensaver,39420928,32468992,51200,146587648,0,19,7]
03-22 10:51:46.141 1512 1620 I am_proc_start: [0,5027,10104,com.thundersoft.notificationtest1,NULL,]
03-22 10:51:46.141 1512 1620 I ActivityManager: Start proc 5027:com.thundersoft.notificationtest1/u0a104 for null
03-22 10:51:46.141 1512 1620 D CompatibilityChangeReporter: Compat change id reported: 143937733; UID 10030; state: ENABLED
03-22 10:51:46.154 1512 1620 I am_proc_start: [0,5028,10030,com.android.documentsui,NULL,]
03-22 10:51:46.154 1512 1620 I ActivityManager: Start proc 5028:com.android.documentsui/u0a30 for null
01-01 17:16:35.278 0 0 I binder : 5028:5028 ioctl 40046210 7fff294234 returned -22
03-22 10:51:46.180 1512 2109 I am_proc_bound: [0,5028,com.android.documentsui]
01-01 17:16:35.289 0 0 I binder : 5027:5027 ioctl 40046210 7fff293b54 returned -22
03-22 10:51:46.187 0 0 I auditd : type=1400 audit(0.0:21137): avc: denied { kill } for comm="swapper/3" capability=5 scontext=u:r:kernel:s0 tcontext=u:r:kernel:s0 tclass=capability permissive=0
03-22 10:51:46.194 1512 2109 I am_proc_bound: [0,5027,com.thundersoft.notificationtest1]
01-01 17:16:36.259 0 0 E DTC_ETH,link_delay_work_func: 3003, SQI=0, link=0
03-22 10:51:47.187 0 0 I auditd : type=1400 audit(0.0:21138): avc: denied { kill } for comm="swapper/3" capability=5 scontext=u:r:kernel:s0 tcontext=u:r:kernel:s0 tclass=capability permissive=0
03-22 10:51:48.187 0 0 I auditd : type=1400 audit(0.0:21139): avc: denied { kill } for comm="swapper/3" capability=5 scontext=u:r:kernel:s0 tcontext=u:r:kernel:s0 tclass=capability permissive=0
03-22 10:51:49.187 0 0 I auditd : type=1400 audit(0.0:21140): avc: denied { kill } for comm="swapper/3" capability=5 scontext=u:r:kernel:s0 tcontext=u:r:kernel:s0 tclass=capability permissive=0
03-22 10:51:50.187 0 0 I auditd : type=1400 audit(0.0:21141): avc: denied { kill } for comm="swapper/3" capability=5 scontext=u:r:kernel:s0 tcontext=u:r:kernel:s0 tclass=capability permissive=0
03-22 10:51:51.191 0 0 I auditd : type=1400 audit(0.0:21142): avc: denied { kill } for comm="swapper/3" capability=5 scontext=u:r:kernel:s0 tcontext=u:r:kernel:s0 tclass=capability permissive=0
01-01 17:16:40.543 0 0 E DTC_Display: screen not ready
03-22 10:51:52.187 0 0 I auditd : type=1400 audit(0.0:21143): avc: denied { kill } for comm="swapper/3" capability=5 scontext=u:r:kernel:s0 tcontext=u:r:kernel:s0 tclass=capability permissive=0
01-01 17:16:41.379 0 0 E DTC_ETH,link_delay_work_func: 3003, SQI=0, link=0
03-22 10:51:53.187 0 0 I auditd : type=1400 audit(0.0:21144): avc: denied { kill } for comm="swapper/3" capability=5 scontext=u:r:kernel:s0 tcontext=u:r:kernel:s0 tclass=capability permissive=0
03-22 10:51:54.187 0 0 I auditd : type=1400 audit(0.0:21145): avc: denied { kill } for comm="swapper/3" capability=5 scontext=u:r:kernel:s0 tcontext=u:r:kernel:s0 tclass=capability permissive=0
03-22 10:51:55.187 0 0 I auditd : type=1400 audit(0.0:21146): avc: denied { kill } for comm="swapper/3" capability=5 scontext=u:r:kernel:s0 tcontext=u:r:kernel:s0 tclass=capability permissive=0
03-22 10:51:56.191 0 0 I auditd : type=1400 audit(0.0:21147): avc: denied { kill } for comm="swapper/3" capability=5 scontext=u:r:kernel:s0 tcontext=u:r:kernel:s0 tclass=capability permissive=0
03-22 10:51:57.187 0 0 I auditd : type=1400 audit(0.0:21148): avc: denied { kill } for comm="swapper/3" capability=5 scontext=u:r:kernel:s0 tcontext=u:r:kernel:s0 tclass=capability permissive=0
01-01 17:16:46.499 0 0 E DTC_ETH,link_delay_work_func: 3003, SQI=0, link=0
03-22 10:51:58.191 0 0 I auditd : type=1400 audit(0.0:21149): avc: denied { kill } for comm="swapper/3" capability=5 scontext=u:r:kernel:s0 tcontext=u:r:kernel:s0 tclass=capability permissive=0
01-01 17:16:47.987 0 0 E DTC_Display: screen not ready
03-22 10:51:59.187 0 0 I auditd : type=1400 audit(0.0:21150): avc: denied { kill } for comm="swapper/3" capability=5 scontext=u:r:kernel:s0 tcontext=u:r:kernel:s0 tclass=capability permissive=0
03-22 10:52:00.187 0 0 I auditd : type=1400 audit(0.0:21151): avc: denied { kill } for comm="swapper/3" capability=5 scontext=u:r:kernel:s0 tcontext=u:r:kernel:s0 tclass=capability permissive=0
03-22 10:52:01.191 0 0 I auditd : type=1400 audit(0.0:21152): avc: denied { kill } for comm="swapper/3" capability=5 scontext=u:r:kernel:s0 tcontext=u:r:kernel:s0 tclass=capability permissive=0
03-22 10:52:02.191 0 0 I auditd : type=1400 audit(0.0:21153): avc: denied { kill } for comm="swapper/3" capability=5 scontext=u:r:kernel:s0 tcontext=u:r:kernel:s0 tclass=capability permissive=0
01-01 17:16:51.619 0 0 E DTC_ETH,link_delay_work_func: 3003, SQI=0, link=0
01-01 17:16:51.685 0 0 I msm_vidc: err : ffffffff: .....: DBLP Set: status 0
03-22 10:52:03.187 0 0 I auditd : type=1400 audit(0.0:21154): avc: denied { kill } for comm="swapper/3" capability=5 scontext=u:r:kernel:s0 tcontext=u:r:kernel:s0 tclass=capability permissive=0
03-22 10:52:04.187 0 0 I auditd : type=1400 audit(0.0:21155): avc: denied { kill } for comm="swapper/3" capability=5 scontext=u:r:kernel:s0 tcontext=u:r:kernel:s0 tclass=capability permissive=0
03-22 10:52:05.187 0 0 I auditd : type=1400 audit(0.0:21156): avc: denied { kill } for comm="swapper/3" capability=5 scontext=u:r:kernel:s0 tcontext=u:r:kernel:s0 tclass=capability permissive=0
03-22 10:52:06.187 0 0 I auditd : type=1400 audit(0.0:21157): avc: denied { kill } for comm="swapper/3" capability=5 scontext=u:r:kernel:s0 tcontext=u:r:kernel:s0 tclass=capability permissive=0
01-01 17:16:55.411 0 0 E DTC_Display: screen not ready
03-22 10:52:07.187 0 0 I auditd : type=1400 audit(0.0:21158): avc: denied { kill } for comm="swapper/3" capability=5 scontext=u:r:kernel:s0 tcontext=u:r:kernel:s0 tclass=capability permissive=0
01-01 17:16:56.739 0 0 E DTC_ETH,link_delay_work_func: 3003, SQI=0, link=0
03-22 10:52:08.187 0 0 I auditd : type=1400 audit(0.0:21159): avc: denied { kill } for comm="swapper/3" capability=5 scontext=u:r:kernel:s0 tcontext=u:r:kernel:s0 tclass=capability permissive=0
03-22 10:52:09.187 0 0 I auditd : type=1400 audit(0.0:21160): avc: denied { kill } for comm="swapper/3" capability=5 scontext=u:r:kernel:s0 tcontext=u:r:kernel:s0 tclass=capability permissive=0
03-22 10:52:10.187 0 0 I auditd : type=1400 audit(0.0:21161): avc: denied { kill } for comm="swapper/3" capability=5 scontext=u:r:kernel:s0 tcontext=u:r:kernel:s0 tclass=capability permissive=0
03-22 10:52:11.187 0 0 I auditd : type=1400 audit(0.0:21162): avc: denied { kill } for comm="swapper/3" capability=5 scontext=u:r:kernel:s0 tcontext=u:r:kernel:s0 tclass=capability permissive=0
03-22 10:52:12.187 0 0 I auditd : type=1400 audit(0.0:21163): avc: denied { kill } for comm="swapper/3" capability=5 scontext=u:r:kernel:s0 tcontext=u:r:kernel:s0 tclass=capability permissive=0
01-01 17:17:01.859 0 0 E DTC_ETH,link_delay_work_func: 3003, SQI=0, link=0
03-22 10:52:13.187 0 0 I auditd : type=1400 audit(0.0:21164): avc: denied { kill } for comm="swapper/3" capability=5 scontext=u:r:kernel:s0 tcontext=u:r:kernel:s0 tclass=capability permissive=0
01-01 17:17:02.835 0 0 E DTC_Display: screen not ready
03-22 10:52:14.187 0 0 I auditd : type=1400 audit(0.0:21165): avc: denied { kill } for comm="swapper/3" capability=5 scontext=u:r:kernel:s0 tcontext=u:r:kernel:s0 tclass=capability permissive=0
03-22 10:52:15.187 0 0 I auditd : type=1400 audit(0.0:21166): avc: denied { kill } for comm="swapper/3" capability=5 scontext=u:r:kernel:s0 tcontext=u:r:kernel:s0 tclass=capability permissive=0
03-22 10:52:16.191 0 0 I auditd : type=1400 audit(0.0:21167): avc: denied { kill } for comm="swapper/3" capability=5 scontext=u:r:kernel:s0 tcontext=u:r:kernel:s0 tclass=capability permissive=0
03-22 10:52:17.191 0 0 I auditd : type=1400 audit(0.0:21168): avc: denied { kill } for comm="swapper/3" capability=5 scontext=u:r:kernel:s0 tcontext=u:r:kernel:s0 tclass=capability permissive=0
01-01 17:17:06.979 0 0 E DTC_ETH,link_delay_work_func: 3003, SQI=0, link=0
03-22 10:52:18.191 0 0 I auditd : type=1400 audit(0.0:21169): avc: denied { kill } for comm="swapper/3" capability=5 scontext=u:r:kernel:s0 tcontext=u:r:kernel:s0 tclass=capability permissive=0
03-22 10:52:19.191 0 0 I auditd : type=1400 audit(0.0:21170): avc: denied { kill } for comm="swapper/3" capability=5 scontext=u:r:kernel:s0 tcontext=u:r:kernel:s0 tclass=capability permissive=0
03-22 10:52:20.187 0 0 I auditd : type=1400 audit(0.0:21171): avc: denied { kill } for comm="swapper/3" capability=5 scontext=u:r:kernel:s0 tcontext=u:r:kernel:s0 tclass=capability permissive=0
01-01 17:17:10.260 0 0 E DTC_Display: screen not ready
03-22 10:52:21.187 0 0 I auditd : type=1400 audit(0.0:21172): avc: denied { kill } for comm="swapper/3" capability=5 scontext=u:r:kernel:s0 tcontext=u:r:kernel:s0 tclass=capability permissive=0
03-22 10:52:22.018 1512 1619 I am_uid_idle: 10046
03-22 10:52:22.191 0 0 I auditd : type=1400 audit(0.0:21173): avc: denied { kill } for comm="swapper/3" capability=5 scontext=u:r:kernel:s0 tcontext=u:r:kernel:s0 tclass=capability permissive=0
01-01 17:17:12.099 0 0 E DTC_ETH,link_delay_work_func: 3003, SQI=0, link=0
03-22 10:52:23.191 0 0 I auditd : type=1400 audit(0.0:21174): avc: denied { kill } for comm="swapper/3" capability=5 scontext=u:r:kernel:s0 tcontext=u:r:kernel:s0 tclass=capability permissive=0
03-22 10:52:24.187 0 0 I auditd : type=1400 audit(0.0:21175): avc: denied { kill } for comm="swapper/3" capability=5 scontext=u:r:kernel:s0 tcontext=u:r:kernel:s0 tclass=capability permissive=0
03-22 10:52:25.187 0 0 I auditd : type=1400 audit(0.0:21176): avc: denied { kill } for comm="swapper/3" capability=5 scontext=u:r:kernel:s0 tcontext=u:r:kernel:s0 tclass=capability permissive=0
03-22 10:52:26.187 0 0 I auditd : type=1400 audit(0.0:21177): avc: denied { kill } for comm="swapper/3" capability=5 scontext=u:r:kernel:s0 tcontext=u:r:kernel:s0 tclass=capability permissive=0
03-22 10:52:27.187 0 0 I auditd : type=1400 audit(0.0:21178): avc: denied { kill } for comm="swapper/3" capability=5 scontext=u:r:kernel:s0 tcontext=u:r:kernel:s0 tclass=capability permissive=0
03-22 10:52:27.744 1512 1619 I am_uid_idle: 10063
01-01 17:17:17.219 0 0 E DTC_ETH,link_delay_work_func: 3003, SQI=0, link=0
03-22 10:52:28.187 0 0 I auditd : type=1400 audit(0.0:21179): avc: denied { kill } for comm="swapper/3" capability=5 scontext=u:r:kernel:s0 tcontext=u:r:kernel:s0 tclass=capability permissive=0
01-01 17:17:17.683 0 0 E DTC_Display: screen not ready
03-22 10:52:29.187 0 0 I auditd : type=1400 audit(0.0:21180): avc: denied { kill } for comm="swapper/3" capability=5 scontext=u:r:kernel:s0 tcontext=u:r:kernel:s0 tclass=capability permissive=0
03-22 10:52:30.187 0 0 I auditd : type=1400 audit(0.0:21181): avc: denied { kill } for comm="swapper/3" capability=5 scontext=u:r:kernel:s0 tcontext=u:r:kernel:s0 tclass=capability permissive=0
03-22 10:52:31.187 0 0 I auditd : type=1400 audit(0.0:21182): avc: denied { kill } for comm="swapper/3" capability=5 scontext=u:r:kernel:s0 tcontext=u:r:kernel:s0 tclass=capability permissive=0
03-22 10:52:32.191 0 0 I auditd : type=1400 audit(0.0:21183): avc: denied { kill } for comm="swapper/3" capability=5 scontext=u:r:kernel:s0 tcontext=u:r:kernel:s0 tclass=capability permissive=0
03-22 10:52:33.191 0 0 I auditd : type=1400 audit(0.0:21184): avc: denied { kill } for comm="swapper/3" capability=5 scontext=u:r:kernel:s0 tcontext=u:r:kernel:s0 tclass=capability permissive=0
01-01 17:17:22.339 0 0 E DTC_ETH,link_delay_work_func: 3003, SQI=0, link=0
03-22 10:52:34.187 0 0 I auditd : type=1400 audit(0.0:21185): avc: denied { kill } for comm="swapper/3" capability=5 scontext=u:r:kernel:s0 tcontext=u:r:kernel:s0 tclass=capability permissive=0
03-22 10:52:35.187 0 0 I auditd : type=1400 audit(0.0:21186): avc: denied { kill } for comm="swapper/3" capability=5 scontext=u:r:kernel:s0 tcontext=u:r:kernel:s0 tclass=capability permissive=0
01-01 17:17:25.107 0 0 E DTC_Display: screen not ready
03-22 10:52:36.187 0 0 I auditd : type=1400 audit(0.0:21187): avc: denied { kill } for comm="swapper/3" capability=5 scontext=u:r:kernel:s0 tcontext=u:r:kernel:s0 tclass=capability permissive=0
03-22 10:52:37.187 0 0 I auditd : type=1400 audit(0.0:21188): avc: denied { kill } for comm="swapper/3" capability=5 scontext=u:r:kernel:s0 tcontext=u:r:kernel:s0 tclass=capability permissive=0
03-22 10:52:38.187 0 0 I auditd : type=1400 audit(0.0:21189): avc: denied { kill } for comm="swapper/3" capability=5 scontext=u:r:kernel:s0 tcontext=u:r:kernel:s0 tclass=capability permissive=0
01-01 17:17:27.459 0 0 E DTC_ETH,link_delay_work_func: 3003, SQI=0, link=0
03-22 10:52:39.191 0 0 I auditd : type=1400 audit(0.0:21190): avc: denied { kill } for comm="swapper/3" capability=5 scontext=u:r:kernel:s0 tcontext=u:r:kernel:s0 tclass=capability permissive=0
03-22 10:52:40.187 0 0 I auditd : type=1400 audit(0.0:21191): avc: denied { kill } for comm="swapper/3" capability=5 scontext=u:r:kernel:s0 tcontext=u:r:kernel:s0 tclass=capability permissive=0
03-22 10:52:41.191 0 0 I auditd : type=1400 audit(0.0:21192): avc: denied { kill } for comm="swapper/3" capability=5 scontext=u:r:kernel:s0 tcontext=u:r:kernel:s0 tclass=capability permissive=0
03-22 10:52:42.187 0 0 I auditd : type=1400 audit(0.0:21193): avc: denied { kill } for comm="swapper/3" capability=5 scontext=u:r:kernel:s0 tcontext=u:r:kernel:s0 tclass=capability permissive=0
03-22 10:52:43.187 0 0 I auditd : type=1400 audit(0.0:21194): avc: denied { kill } for comm="swapper/3" capability=5 scontext=u:r:kernel:s0 tcontext=u:r:kernel:s0 tclass=capability permissive=0
01-01 17:17:32.579 0 0 E DTC_ETH,link_delay_work_func: 3003, SQI=0, link=0
01-01 17:17:32.739 0 0 E DTC_Display: screen not ready
03-22 10:52:44.187 0 0 I auditd : type=1400 audit(0.0:21195): avc: denied { kill } for comm="swapper/3" capability=5 scontext=u:r:kernel:s0 tcontext=u:r:kernel:s0 tclass=capability permissive=0
03-22 10:52:45.187 0 0 I auditd : type=1400 audit(0.0:21196): avc: denied { kill } for comm="swapper/3" capability=5 scontext=u:r:kernel:s0 tcontext=u:r:kernel:s0 tclass=capability permissive=0
03-22 10:52:46.187 0 0 I auditd : type=1400 audit(0.0:21197): avc: denied { kill } for comm="swapper/2" capability=5 scontext=u:r:kernel:s0 tcontext=u:r:kernel:s0 tclass=capability permissive=0
03-22 10:52:47.191 0 0 I auditd : type=1400 audit(0.0:21198): avc: denied { kill } for comm="swapper/2" capability=5 scontext=u:r:kernel:s0 tcontext=u:r:kernel:s0 tclass=capability permissive=0
03-22 10:52:48.191 0 0 I auditd : type=1400 audit(0.0:21199): avc: denied { kill } for comm="swapper/2" capability=5 scontext=u:r:kernel:s0 tcontext=u:r:kernel:s0 tclass=capability permissive=0
01-01 17:17:37.699 0 0 E DTC_ETH,link_delay_work_func: 3003, SQI=0, link=0
03-22 10:52:49.187 0 0 I auditd : type=1400 audit(0.0:21200): avc: denied { kill } for comm="swapper/2" capability=5 scontext=u:r:kernel:s0 tcontext=u:r:kernel:s0 tclass=capability permissive=0
03-22 10:52:50.191 0 0 I auditd : type=1400 audit(0.0:21201): avc: denied { kill } for comm="swapper/2" capability=5 scontext=u:r:kernel:s0 tcontext=u:r:kernel:s0 tclass=capability permissive=0
03-22 10:52:51.187 0 0 I auditd : type=1400 audit(0.0:21202): avc: denied { kill } for comm="swapper/2" capability=5 scontext=u:r:kernel:s0 tcontext=u:r:kernel:s0 tclass=capability permissive=0
01-01 17:17:40.491 0 0 E DTC_Display: screen not ready
03-22 10:52:52.187 0 0 I auditd : type=1400 audit(0.0:21203): avc: denied { kill } for comm="swapper/2" capability=5 scontext=u:r:kernel:s0 tcontext=u:r:kernel:s0 tclass=capability permissive=0
03-22 10:52:53.187 0 0 I auditd : type=1400 audit(0.0:21204): avc: denied { kill } for comm="swapper/2" capability=5 scontext=u:r:kernel:s0 tcontext=u:r:kernel:s0 tclass=capability permissive=0
01-01 17:17:42.819 0 0 E DTC_ETH,link_delay_work_func: 3003, SQI=0, link=0
03-22 10:52:54.187 0 0 I auditd : type=1400 audit(0.0:21205): avc: denied { kill } for comm="swapper/2" capability=5 scontext=u:r:kernel:s0 tcontext=u:r:kernel:s0 tclass=capability permissive=0
03-22 10:52:55.191 0 0 I auditd : type=1400 audit(0.0:21206): avc: denied { kill } for comm="swapper/2" capability=5 scontext=u:r:kernel:s0 tcontext=u:r:kernel:s0 tclass=capability permissive=0
03-22 10:52:56.187 0 0 I auditd : type=1400 audit(0.0:21207): avc: denied { kill } for comm="swapper/2" capability=5 scontext=u:r:kernel:s0 tcontext=u:r:kernel:s0 tclass=capability permissive=0
03-22 10:52:57.187 0 0 I auditd : type=1400 audit(0.0:21208): avc: denied { kill } for comm="swapper/2" capability=5 scontext=u:r:kernel:s0 tcontext=u:r:kernel:s0 tclass=capability permissive=0
03-22 10:52:58.191 0 0 I auditd : type=1400 audit(0.0:21209): avc: denied { kill } for comm="swapper/2" capability=5 scontext=u:r:kernel:s0 tcontext=u:r:kernel:s0 tclass=capability permissive=0
01-01 17:17:47.939 0 0 E DTC_ETH,link_delay_work_func: 3003, SQI=0, link=0
03-22 10:52:59.187 0 0 I auditd : type=1400 audit(0.0:21210): avc: denied { kill } for comm="swapper/2" capability=5 scontext=u:r:kernel:s0 tcontext=u:r:kernel:s0 tclass=capability permissive=0
01-01 17:17:48.547 0 0 E DTC_Display: screen not ready
03-22 10:53:00.187 0 0 I auditd : type=1400 audit(0.0:21211): avc: denied { kill } for comm="swapper/2" capability=5 scontext=u:r:kernel:s0 tcontext=u:r:kernel:s0 tclass=capability permissive=0
03-22 10:53:01.191 0 0 I auditd : type=1400 audit(0.0:21212): avc: denied { kill } for comm="swapper/2" capability=5 scontext=u:r:kernel:s0 tcontext=u:r:kernel:s0 tclass=capability permissive=0
03-22 10:53:02.191 0 0 I auditd : type=1400 audit(0.0:21213): avc: denied { kill } for comm="swapper/2" capability=5 scontext=u:r:kernel:s0 tcontext=u:r:kernel:s0 tclass=capability permissive=0
01-01 17:17:51.685 0 0 I msm_vidc: err : ffffffff: .....: DBLP Set: status 0
03-22 10:53:03.187 0 0 I auditd : type=1400 audit(0.0:21214): avc: denied { kill } for comm="swapper/2" capability=5 scontext=u:r:kernel:s0 tcontext=u:r:kernel:s0 tclass=capability permissive=0
01-01 17:17:53.059 0 0 E DTC_ETH,link_delay_work_func: 3003, SQI=0, link=0
03-22 10:53:04.187 0 0 I auditd : type=1400 audit(0.0:21215): avc: denied { kill } for comm="swapper/2" capability=5 scontext=u:r:kernel:s0 tcontext=u:r:kernel:s0 tclass=capability permissive=0
03-22 10:53:05.191 0 0 I auditd : type=1400 audit(0.0:21216): avc: denied { kill } for comm="swapper/2" capability=5 scontext=u:r:kernel:s0 tcontext=u:r:kernel:s0 tclass=capability permissive=0
03-22 10:53:06.191 0 0 I auditd : type=1400 audit(0.0:21217): avc: denied { kill } for comm="swapper/1" capability=5 scontext=u:r:kernel:s0 tcontext=u:r:kernel:s0 tclass=capability permissive=0
03-22 10:53:07.187 0 0 I auditd : type=1400 audit(0.0:21218): avc: denied { kill } for comm="swapper/1" capability=5 scontext=u:r:kernel:s0 tcontext=u:r:kernel:s0 tclass=capability permissive=0
01-01 17:17:56.612 0 0 E DTC_Display: screen not ready
03-22 10:53:08.187 0 0 I auditd : type=1400 audit(0.0:21219): avc: denied { kill } for comm="swapper/1" capability=5 scontext=u:r:kernel:s0 tcontext=u:r:kernel:s0 tclass=capability permissive=0
01-01 17:17:58.179 0 0 E DTC_ETH,link_delay_work_func: 3003, SQI=0, link=0
03-22 10:53:09.187 0 0 I auditd : type=1400 audit(0.0:21220): avc: denied { kill } for comm="swapper/1" capability=5 scontext=u:r:kernel:s0 tcontext=u:r:kernel:s0 tclass=capability permissive=0
03-22 10:53:10.187 0 0 I auditd : type=1400 audit(0.0:21221): avc: denied { kill } for comm="swapper/2" capability=5 scontext=u:r:kernel:s0 tcontext=u:r:kernel:s0 tclass=capability permissive=0
03-22 10:53:11.187 0 0 I auditd : type=1400 audit(0.0:21222): avc: denied { kill } for comm="swapper/2" capability=5 scontext=u:r:kernel:s0 tcontext=u:r:kernel:s0 tclass=capability permissive=0
03-22 10:53:11.529 1512 1619 I am_uid_active: 10102
03-22 10:53:11.535 1512 2109 D CompatibilityChangeReporter: Compat change id reported: 171306433; UID 10102; state: DISABLED
03-22 10:53:11.587 1512 1618 I am_pss : [5027,10104,com.thundersoft.notificationtest1,17866752,13430784,50176,101421056,0,19,6]
03-22 10:53:11.594 1512 1618 I am_pss : [5028,10030,com.android.documentsui,12609536,9502720,50176,102825984,0,19,6]
03-22 10:53:11.603 1512 1618 I am_pss : [4557,10046,com.thundercomm.screensaver,39150592,32468992,49152,146587648,0,19,9]
03-22 10:53:12.191 0 0 I auditd : type=1400 audit(0.0:21223): avc: denied { kill } for comm="swapper/2" capability=5 scontext=u:r:kernel:s0 tcontext=u:r:kernel:s0 tclass=capability permissive=0
03-22 10:53:13.191 0 0 I auditd : type=1400 audit(0.0:21224): avc: denied { kill } for comm="swapper/2" capability=5 scontext=u:r:kernel:s0 tcontext=u:r:kernel:s0 tclass=capability permissive=0
03-22 10:53:14.187 0 0 I auditd : type=1400 audit(0.0:21225): avc: denied { kill } for comm="swapper/2" capability=5 scontext=u:r:kernel:s0 tcontext=u:r:kernel:s0 tclass=capability permissive=0
01-01 17:18:03.299 0 0 E DTC_ETH,link_delay_work_func: 3003, SQI=0, link=0
03-22 10:53:15.187 0 0 I auditd : type=1400 audit(0.0:21226): avc: denied { kill } for comm="swapper/2" capability=5 scontext=u:r:kernel:s0 tcontext=u:r:kernel:s0 tclass=capability permissive=0
01-01 17:18:04.675 0 0 E DTC_Display: screen not ready
03-22 10:53:16.187 0 0 I auditd : type=1400 audit(0.0:21227): avc: denied { kill } for comm="swapper/2" capability=5 scontext=u:r:kernel:s0 tcontext=u:r:kernel:s0 tclass=capability permissive=0
03-22 10:53:17.191 0 0 I auditd : type=1400 audit(0.0:21228): avc: denied { kill } for comm="swapper/2" capability=5 scontext=u:r:kernel:s0 tcontext=u:r:kernel:s0 tclass=capability permissive=0
03-22 10:53:18.191 0 0 I auditd : type=1400 audit(0.0:21229): avc: denied { kill } for comm="swapper/2" capability=5 scontext=u:r:kernel:s0 tcontext=u:r:kernel:s0 tclass=capability permissive=0
03-22 10:53:19.191 0 0 I auditd : type=1400 audit(0.0:21230): avc: denied { kill } for comm="swapper/2" capability=5 scontext=u:r:kernel:s0 tcontext=u:r:kernel:s0 tclass=capability permissive=0
01-01 17:18:08.419 0 0 E DTC_ETH,link_delay_work_func: 3003, SQI=0, link=0
03-22 10:53:20.191 0 0 I auditd : type=1400 audit(0.0:21231): avc: denied { kill } for comm="swapper/2" capability=5 scontext=u:r:kernel:s0 tcontext=u:r:kernel:s0 tclass=capability permissive=0
03-22 10:53:21.187 0 0 I auditd : type=1400 audit(0.0:21232): avc: denied { kill } for comm="swapper/2" capability=5 scontext=u:r:kernel:s0 tcontext=u:r:kernel:s0 tclass=capability permissive=0
03-22 10:53:21.560 1512 1618 I am_pss : [3517,10020,com.android.packageinstaller,44997632,32219136,8536064,120066048,0,19,15]
03-22 10:53:22.187 0 0 I auditd : type=1400 audit(0.0:21233): avc: denied { kill } for comm="swapper/2" capability=5 scontext=u:r:kernel:s0 tcontext=u:r:kernel:s0 tclass=capability permissive=0
03-22 10:53:23.187 0 0 I auditd : type=1400 audit(0.0:21234): avc: denied { kill } for comm="swapper/2" capability=5 scontext=u:r:kernel:s0 tcontext=u:r:kernel:s0 tclass=capability permissive=0
01-01 17:18:12.535 0 0 E DTC_Display: screen not ready
03-22 10:53:24.187 0 0 I auditd : type=1400 audit(0.0:21235): avc: denied { kill } for comm="swapper/2" capability=5 scontext=u:r:kernel:s0 tcontext=u:r:kernel:s0 tclass=capability permissive=0
01-01 17:18:13.539 0 0 E DTC_ETH,link_delay_work_func: 3003, SQI=0, link=0
03-22 10:53:25.191 0 0 I auditd : type=1400 audit(0.0:21236): avc: denied { kill } for comm="swapper/2" capability=5 scontext=u:r:kernel:s0 tcontext=u:r:kernel:s0 tclass=capability permissive=0
03-22 10:53:26.191 0 0 I auditd : type=1400 audit(0.0:21237): avc: denied { kill } for comm="swapper/0" capability=5 scontext=u:r:kernel:s0 tcontext=u:r:kernel:s0 tclass=capability permissive=0
03-22 10:53:27.191 0 0 I auditd : type=1400 audit(0.0:21238): avc: denied { kill } for comm="swapper/0" capability=5 scontext=u:r:kernel:s0 tcontext=u:r:kernel:s0 tclass=capability permissive=0
03-22 10:53:28.191 0 0 I auditd : type=1400 audit(0.0:21239): avc: denied { kill } for comm="swapper/0" capability=5 scontext=u:r:kernel:s0 tcontext=u:r:kernel:s0 tclass=capability permissive=0
03-22 10:53:29.187 0 0 I auditd : type=1400 audit(0.0:21240): avc: denied { kill } for comm="swapper/0" capability=5 scontext=u:r:kernel:s0 tcontext=u:r:kernel:s0 tclass=capability permissive=0
01-01 17:18:18.659 0 0 E DTC_ETH,link_delay_work_func: 3003, SQI=0, link=0
03-22 10:53:30.187 0 0 I auditd : type=1400 audit(0.0:21241): avc: denied { kill } for comm="swapper/0" capability=5 scontext=u:r:kernel:s0 tcontext=u:r:kernel:s0 tclass=capability permissive=0
01-01 17:18:20.268 0 0 E DTC_Display: screen not ready
03-22 10:53:31.191 0 0 I auditd : type=1400 audit(0.0:21242): avc: denied { kill } for comm="swapper/0" capability=5 scontext=u:r:kernel:s0 tcontext=u:r:kernel:s0 tclass=capability permissive=0
03-22 10:53:32.187 0 0 I auditd : type=1400 audit(0.0:21243): avc: denied { kill } for comm="swapper/0" capability=5 scontext=u:r:kernel:s0 tcontext=u:r:kernel:s0 tclass=capability permissive=0
03-22 10:53:33.187 0 0 I auditd : type=1400 audit(0.0:21244): avc: denied { kill } for comm="swapper/0" capability=5 scontext=u:r:kernel:s0 tcontext=u:r:kernel:s0 tclass=capability permissive=0
03-22 10:53:34.187 0 0 I auditd : type=1400 audit(0.0:21245): avc: denied { kill } for comm="swapper/0" capability=5 scontext=u:r:kernel:s0 tcontext=u:r:kernel:s0 tclass=capability permissive=0
01-01 17:18:23.779 0 0 E DTC_ETH,link_delay_work_func: 3003, SQI=0, link=0
03-22 10:53:35.187 0 0 I auditd : type=1400 audit(0.0:21246): avc: denied { kill } for comm="swapper/0" capability=5 scontext=u:r:kernel:s0 tcontext=u:r:kernel:s0 tclass=capability permissive=0
03-22 10:53:36.187 0 0 I auditd : type=1400 audit(0.0:21247): avc: denied { kill } for comm="swapper/0" capability=5 scontext=u:r:kernel:s0 tcontext=u:r:kernel:s0 tclass=capability permissive=0
03-22 10:53:37.191 0 0 I auditd : type=1400 audit(0.0:21248): avc: denied { kill } for comm="swapper/0" capability=5 scontext=u:r:kernel:s0 tcontext=u:r:kernel:s0 tclass=capability permissive=0
03-22 10:53:38.191 0 0 I auditd : type=1400 audit(0.0:21249): avc: denied { kill } for comm="swapper/0" capability=5 scontext=u:r:kernel:s0 tcontext=u:r:kernel:s0 tclass=capability permissive=0
01-01 17:18:28.115 0 0 E DTC_Display: screen not ready
03-22 10:53:39.191 0 0 I auditd : type=1400 audit(0.0:21250): avc: denied { kill } for comm="swapper/0" capability=5 scontext=u:r:kernel:s0 tcontext=u:r:kernel:s0 tclass=capability permissive=0
01-01 17:18:28.899 0 0 E DTC_ETH,link_delay_work_func: 3003, SQI=0, link=0
03-22 10:53:40.187 0 0 I auditd : type=1400 audit(0.0:21251): avc: denied { kill } for comm="swapper/0" capability=5 scontext=u:r:kernel:s0 tcontext=u:r:kernel:s0 tclass=capability permissive=0
03-22 10:53:42.191 0 0 I auditd : type=1400 audit(0.0:21252): avc: denied { kill } for comm="swapper/0" capability=5 scontext=u:r:kernel:s0 tcontext=u:r:kernel:s0 tclass=capability permissive=0
03-22 10:53:43.191 0 0 I auditd : type=1400 audit(0.0:21253): avc: denied { kill } for comm="swapper/0" capability=5 scontext=u:r:kernel:s0 tcontext=u:r:kernel:s0 tclass=capability permissive=0
03-22 10:53:44.191 0 0 I auditd : type=1400 audit(0.0:21254): avc: denied { kill } for comm="swapper/0" capability=5 scontext=u:r:kernel:s0 tcontext=u:r:kernel:s0 tclass=capability permissive=0
01-01 17:18:34.019 0 0 E DTC_ETH,link_delay_work_func: 3003, SQI=0, link=0
03-22 10:53:45.187 0 0 I auditd : type=1400 audit(0.0:21255): avc: denied { kill } for comm="swapper/0" capability=5 scontext=u:r:kernel:s0 tcontext=u:r:kernel:s0 tclass=capability permissive=0
03-22 10:53:46.187 0 0 I auditd : type=1400 audit(0.0:21256): avc: denied { kill } for comm="swapper/0" capability=5 scontext=u:r:kernel:s0 tcontext=u:r:kernel:s0 tclass=capability permissive=0
01-01 17:18:36.164 0 0 E DTC_Display: screen not ready
03-22 10:53:47.187 0 0 I auditd : type=1400 audit(0.0:21257): avc: denied { kill } for comm="swapper/0" capability=5 scontext=u:r:kernel:s0 tcontext=u:r:kernel:s0 tclass=capability permissive=0
03-22 10:53:47.335 22192 22192 I auditd : type=1400 audit(0.0:21258): avc: denied { search } for comm="Thread-3" name="asound" dev="proc" ino=4026532151 scontext=u:r:untrusted_app_29:s0:c102,c256,c512,c768 tcontext=u:object_r:proc_asound:s0 tclass=dir permissive=0 app=com.tencent.qqmusic
03-22 10:53:47.379 22192 22192 I auditd : type=1400 audit(0.0:21259): avc: denied { search } for comm="Thread-3" name="asound" dev="proc" ino=4026532151 scontext=u:r:untrusted_app_29:s0:c102,c256,c512,c768 tcontext=u:object_r:proc_asound:s0 tclass=dir permissive=0 app=com.tencent.qqmusic
03-22 10:53:47.451 22192 22192 I auditd : type=1400 audit(0.0:21260): avc: denied { read } for comm="Thread-3" name="tcp" dev="proc" ino=4026532265 scontext=u:r:untrusted_app_29:s0:c102,c256,c512,c768 tcontext=u:object_r:proc_net_tcp_udp:s0 tclass=file permissive=0 app=com.tencent.qqmusic
03-22 10:53:48.227 22192 22192 I auditd : type=1400 audit(0.0:21261): avc: denied { read } for comm="Thread-3" name="misc" dev="proc" ino=4026531991 scontext=u:r:untrusted_app_29:s0:c102,c256,c512,c768 tcontext=u:object_r:proc_misc:s0 tclass=file permissive=0 app=com.tencent.qqmusic
03-22 10:53:49.191 0 0 I auditd : type=1400 audit(0.0:21262): avc: denied { kill } for comm="swapper/2" capability=5 scontext=u:r:kernel:s0 tcontext=u:r:kernel:s0 tclass=capability permissive=0
01-01 17:18:39.139 0 0 E DTC_ETH,link_delay_work_func: 3003, SQI=0, link=0
03-22 10:53:50.191 0 0 I auditd : type=1400 audit(0.0:21263): avc: denied { kill } for comm="swapper/2" capability=5 scontext=u:r:kernel:s0 tcontext=u:r:kernel:s0 tclass=capability permissive=0
03-22 10:53:51.191 0 0 I auditd : type=1400 audit(0.0:21264): avc: denied { kill } for comm="swapper/2" capability=5 scontext=u:r:kernel:s0 tcontext=u:r:kernel:s0 tclass=capability permissive=0
03-22 10:53:52.187 0 0 I auditd : type=1400 audit(0.0:21265): avc: denied { kill } for comm="swapper/2" capability=5 scontext=u:r:kernel:s0 tcontext=u:r:kernel:s0 tclass=capability permissive=0
03-22 10:53:53.187 0 0 I auditd : type=1400 audit(0.0:21266): avc: denied { kill } for comm="swapper/2" capability=5 scontext=u:r:kernel:s0 tcontext=u:r:kernel:s0 tclass=capability permissive=0
03-22 10:53:54.187 0 0 I auditd : type=1400 audit(0.0:21267): avc: denied { kill } for comm="swapper/2" capability=5 scontext=u:r:kernel:s0 tcontext=u:r:kernel:s0 tclass=capability permissive=0
01-01 17:18:44.231 0 0 E DTC_Display: screen not ready
01-01 17:18:44.259 0 0 E DTC_ETH,link_delay_work_func: 3003, SQI=0, link=0
03-22 10:53:56.187 0 0 I auditd : type=1400 audit(0.0:21268): avc: denied { kill } for comm="swapper/2" capability=5 scontext=u:r:kernel:s0 tcontext=u:r:kernel:s0 tclass=capability permissive=0
03-22 10:53:57.187 0 0 I auditd : type=1400 audit(0.0:21269): avc: denied { kill } for comm="swapper/2" capability=5 scontext=u:r:kernel:s0 tcontext=u:r:kernel:s0 tclass=capability permissive=0
03-22 10:53:57.614 1512 2109 W FreeFormWindowHelper: Current Display FreeFormTask is null
03-22 10:53:57.615 1512 2109 W FreeFormWindowHelper: Current Display FreeFormTask is null
03-22 10:53:57.615 1512 2109 W FreeFormWindowHelper: Current Display FreeFormTask is null
03-22 10:53:57.634 1512 2109 W FreeFormWindowHelper: Current Display FreeFormTask is null
03-22 10:53:57.634 1512 2109 W FreeFormWindowHelper: Current Display FreeFormTask is null
03-22 10:53:57.635 2573 2573 I view_enqueue_input_event: [Motion - Cancel,com.android.launcher3/com.android.launcher3.uioverrides.QuickstepLauncher]
03-22 10:53:57.636 1512 1546 W FreeFormWindowHelper: Current Display FreeFormTask is null
03-22 10:53:57.636 1512 1697 I input_interaction: Interaction with: swipe-up (server), edge-swipe (server), PointerEventDispatcher0 (server),
03-22 10:53:57.637 1512 1546 W FreeFormWindowHelper: Current Display FreeFormTask is null
03-22 10:53:57.640 1512 11766 W FreeFormWindowHelper: Current Display FreeFormTask is null
03-22 10:53:57.640 1512 11766 W FreeFormWindowHelper: Current Display FreeFormTask is null
03-22 10:53:57.692 1512 4081 W FreeFormWindowHelper: Current Display FreeFormTask is null
03-22 10:53:57.692 1512 4081 W FreeFormWindowHelper: Current Display FreeFormTask is null
03-22 10:53:57.702 1512 2109 W ActivityTaskManager: getTaskSnapshot: taskId=901 not found
03-22 10:53:57.706 1512 4081 W ActivityTaskManager: getTaskSnapshot: taskId=902 not found
03-22 10:53:57.738 1512 11766 W FreeFormWindowHelper: Current Display FreeFormTask is null
03-22 10:53:57.738 1512 11766 W FreeFormWindowHelper: Current Display FreeFormTask is null
03-22 10:53:57.824 1512 1684 I commit_sys_config_file: [settings-1-0,10]
03-22 10:53:57.895 1512 11766 W FreeFormWindowHelper: Current Display FreeFormTask is null
03-22 10:53:57.896 1512 11766 W FreeFormWindowHelper: Current Display FreeFormTask is null
03-22 10:53:57.937 1512 4081 W FreeFormWindowHelper: exitRecentTasks type=0
03-22 10:53:57.939 1512 4081 W FreeFormWindowHelper: Current Display FreeFormTask is null
03-22 10:53:57.939 1512 4081 W FreeFormWindowHelper: Current Display FreeFormTask is null
03-22 10:53:58.142 1512 1684 I commit_sys_config_file: [settings-1-0,4]
03-22 10:53:58.187 0 0 I auditd : type=1400 audit(0.0:21270): avc: denied { kill } for comm="swapper/2" capability=5 scontext=u:r:kernel:s0 tcontext=u:r:kernel:s0 tclass=capability permissive=0
03-22 10:53:58.288 1512 1697 I input_interaction: Interaction with: a81a7d0 com.android.launcher3/com.android.launcher3.uioverrides.QuickstepLauncher (server), d87d679 com.android.systemui.ImageWallpaper (server), swipe-up (server), edge-swipe (server), PointerEventDispatcher0 (server),
03-22 10:53:59.191 0 0 I auditd : type=1400 audit(0.0:21271): avc: denied { kill } for comm="swapper/2" capability=5 scontext=u:r:kernel:s0 tcontext=u:r:kernel:s0 tclass=capability permissive=0
03-22 10:53:59.551 1512 1697 I input_interaction: Interaction with: 637a09c StatusBar (server), swipe-up (server), edge-swipe (server), PointerEventDispatcher0 (server),
03-22 10:53:59.554 1982 1982 I sysui_multi_action: [757,803,799,panel_open,802,1]
03-22 10:53:59.555 1982 1982 I sysui_multi_action: [757,1328,758,4,1326,73,1327,0,1329,0]
03-22 10:53:59.568 1512 4081 I sysui_multi_action: [757,127,758,1]
03-22 10:53:59.568 1512 4081 I sysui_multi_action: [757,804,799,note_load,801,4,802,1]
03-22 10:53:59.568 1512 4081 I notification_panel_revealed: 4
03-22 10:53:59.577 1512 1611 I input_focus: [Focus request 92dbd17 NotificationShade,reason=UpdateInputWindows]
03-22 10:53:59.585 1512 4081 I sysui_multi_action: [757,128,758,1,793,10274728,794,0,795,10274728,796,26,798,0,806,android,857,DEVELOPER_IMPORTANT,858,4,947,0,1395,4,1500,10274522,1688,1]
03-22 10:53:59.586 1512 4081 I sysui_multi_action: [757,804,799,note_freshness,801,10274728,802,1]
03-22 10:53:59.586 1512 4081 I notification_visibility: [-1|android|26|null|1000,1,10274728,10274728,0,0]
03-22 10:53:59.586 1512 4081 I sysui_multi_action: [757,128,758,1,793,9347042,794,0,795,9102182,796,17303299,797,com.android.wifi,798,2,806,android,857,NETWORK_AVAILABLE,858,2,947,0,1395,4,1500,149200,1688,1]
03-22 10:53:59.586 1512 4081 I sysui_multi_action: [757,1501,758,1,793,9347042,794,0,795,9102182,796,17303299,797,com.android.wifi,806,android,857,NETWORK_AVAILABLE,858,2,947,0,1500,0,1688,1]
03-22 10:53:59.586 1512 4081 I sysui_multi_action: [757,804,799,note_interruptive,801,0,802,1]
03-22 10:53:59.586 1512 4081 I sysui_multi_action: [757,804,799,note_freshness,801,9102182,802,1]
03-22 10:53:59.586 1512 4081 I notification_visibility: [0|android|17303299|com.android.wifi|1000,1,9347042,9102182,0,2]
03-22 10:53:59.586 1512 4081 I sysui_multi_action: [757,128,758,1,793,1061706,794,0,795,1061706,796,4273,798,1,806,com.android.systemui,857,screen_record,858,3,947,0,1395,4,1500,1061505,1688,1,1745,680407814]
03-22 10:53:59.587 1512 4081 I sysui_multi_action: [757,804,799,note_freshness,801,1061706,802,1]
03-22 10:53:59.587 1512 4081 I notification_visibility: [0|com.android.systemui|4273|null|10078,1,1061706,1061706,0,1]
03-22 10:53:59.587 1512 4081 I sysui_multi_action: [757,128,758,1,793,10274733,794,0,795,10274733,796,32,798,3,806,android,857,USB,858,1,947,0,1395,4,1500,10274530,1688,1]
03-22 10:53:59.587 1512 4081 I sysui_multi_action: [757,804,799,note_freshness,801,10274733,802,1]
03-22 10:53:59.587 1512 4081 I notification_visibility: [-1|android|32|null|1000,1,10274733,10274733,0,3]
03-22 10:53:59.601 1982 1982 I sysui_multi_action: [757,111,758,1]
03-22 10:53:59.601 1982 1982 I sysui_multi_action: [757,126,758,1,759,126,927,0,928,1,1593,0]
03-22 10:53:59.601 1982 1982 I sysui_multi_action: [757,113,758,1,759,113,927,1,928,1,1593,0]
03-22 10:53:59.601 1982 1982 I sysui_multi_action: [757,0,758,1,759,0,927,2,928,0,1593,0]
03-22 10:53:59.601 1982 1982 I sysui_multi_action: [757,0,758,1,759,0,927,3,928,0,1593,0]
03-22 10:53:59.602 1982 1982 I sysui_multi_action: [757,491,758,1,759,491,927,4,928,0,1311,1,1593,0]
03-22 10:53:59.602 1982 1982 I sysui_multi_action: [757,0,758,1,759,0,927,5,928,0,1593,0]
03-22 10:53:59.602 1982 1982 I sysui_multi_action: [757,111,758,1]
03-22 10:53:59.602 1982 1982 I sysui_multi_action: [757,126,758,1,759,126,927,0,928,1,1593,0]
03-22 10:53:59.602 1982 1982 I sysui_multi_action: [757,113,758,1,759,113,927,1,928,1,1593,0]
03-22 10:53:59.602 1982 1982 I sysui_multi_action: [757,0,758,1,759,0,927,2,928,0,1593,0]
03-22 10:53:59.602 1982 1982 I sysui_multi_action: [757,0,758,1,759,0,927,3,928,0,1593,0]
03-22 10:53:59.610 1512 1697 I input_focus: [Focus leaving a81a7d0 com.android.launcher3/com.android.launcher3.uioverrides.QuickstepLauncher (server),reason=setFocusedWindow]
03-22 10:53:59.610 1512 1697 I input_focus: [Focus entering 92dbd17 NotificationShade (server),reason=setFocusedWindow]
03-22 10:54:00.187 0 0 I auditd : type=1400 audit(0.0:21272): avc: denied { kill } for comm="swapper/2" capability=5 scontext=u:r:kernel:s0 tcontext=u:r:kernel:s0 tclass=capability permissive=0
01-01 17:18:49.381 0 0 E DTC_ETH,link_delay_work_func: 3003, SQI=0, link=0
03-22 10:54:00.490 1512 1697 I input_interaction: Interaction with: 92dbd17 NotificationShade (server), swipe-up (server), edge-swipe (server), PointerEventDispatcher0 (server),
03-22 10:54:00.597 1982 1982 I sysui_multi_action: [757,925,758,4,759,0,927,3,928,0,1592,0,1593,1]
03-22 10:54:00.614 1512 2109 I thunderperf: PlatormCompat.setOverrides: Uid1=10078 Pid1=1982 Uid2=10078 Pid2=1982
03-22 10:54:00.614 1512 2109 I thunderperf: PlatormCompat.setOverrides: needCheck:false
03-22 10:54:00.615 1512 2109 I thunderperf: CompatConfig.addOverrideUnsafe: bef-state=1
03-22 10:54:00.615 1512 2109 E thunderperf: CompatConfig.addOverrideUnsafe: exception:java.lang.SecurityException: Cannot override a change on a non-debuggable app and user build.
03-22 10:54:00.615 1512 2109 I thunderperf: CompatConfig.addOverrideUnsafe: aft-state=1
03-22 10:54:00.617 1512 2109 I thunderperf: CompatConfig.addOverrideUnsafe: bef-state=1
03-22 10:54:00.617 1512 2109 E thunderperf: CompatConfig.addOverrideUnsafe: exception:java.lang.SecurityException: Cannot override a change on a non-debuggable app and user build.
03-22 10:54:00.617 1512 2109 I thunderperf: CompatConfig.addOverrideUnsafe: aft-state=1
03-22 10:54:00.621 1512 2109 I thunderperf: CompatConfig.addOverrideUnsafe: bef-state=1
03-22 10:54:00.621 1512 2109 E thunderperf: CompatConfig.addOverrideUnsafe: exception:java.lang.SecurityException: Cannot override a change on a non-debuggable app and user build.
03-22 10:54:00.621 1512 2109 I thunderperf: CompatConfig.addOverrideUnsafe: aft-state=1
03-22 10:54:00.622 1512 2109 I thunderperf: CompatConfig.addOverrideUnsafe: bef-state=1
03-22 10:54:00.622 1512 2109 E thunderperf: CompatConfig.addOverrideUnsafe: exception:java.lang.SecurityException: Cannot override a change on a non-debuggable app and user build.
03-22 10:54:00.622 1512 2109 I thunderperf: CompatConfig.addOverrideUnsafe: aft-state=1
03-22 10:54:00.623 1512 2109 I thunderperf: CompatConfig.addOverrideUnsafe: bef-state=1
03-22 10:54:00.623 1512 2109 E thunderperf: CompatConfig.addOverrideUnsafe: exception:java.lang.SecurityException: Cannot override a change on a non-debuggable app and user build.
03-22 10:54:00.623 1512 2109 I thunderperf: CompatConfig.addOverrideUnsafe: aft-state=1
03-22 10:54:00.623 1512 2109 I thunderperf: CompatConfig.addOverrideUnsafe: bef-state=1
03-22 10:54:00.623 1512 2109 E thunderperf: CompatConfig.addOverrideUnsafe: exception:java.lang.SecurityException: Cannot override a change on a non-debuggable app and user build.
03-22 10:54:00.624 1512 2109 I thunderperf: CompatConfig.addOverrideUnsafe: aft-state=1
03-22 10:54:00.624 1512 2109 I thunderperf: CompatConfig.addOverrideUnsafe: bef-state=1
03-22 10:54:00.624 1512 2109 E thunderperf: CompatConfig.addOverrideUnsafe: exception:java.lang.SecurityException: Cannot override a change on a non-debuggable app and user build.
03-22 10:54:00.624 1512 2109 I thunderperf: CompatConfig.addOverrideUnsafe: aft-state=1
03-22 10:54:00.626 1512 2109 I thunderperf: CompatConfig.addOverrideUnsafe: bef-state=1
03-22 10:54:00.626 1512 2109 E thunderperf: CompatConfig.addOverrideUnsafe: exception:java.lang.SecurityException: Cannot override a change on a non-debuggable app and user build.
03-22 10:54:00.626 1512 2109 I thunderperf: CompatConfig.addOverrideUnsafe: aft-state=1
03-22 10:54:00.626 1512 2109 I thunderperf: CompatConfig.addOverrideUnsafe: bef-state=1
03-22 10:54:00.627 1512 2109 E thunderperf: CompatConfig.addOverrideUnsafe: exception:java.lang.SecurityException: Cannot override a change on a non-debuggable app and user build.
03-22 10:54:00.627 1512 2109 I thunderperf: CompatConfig.addOverrideUnsafe: aft-state=1
03-22 10:54:00.627 1512 2109 I thunderperf: CompatConfig.addOverrideUnsafe: bef-state=1
