03-22 10:36:00.983 22192 22192 I auditd : type=1400 audit(0.0:20126): avc: granted { nlmsg_readpriv } for comm="tmesec-report" scontext=u:r:untrusted_app_29:s0:c102,c256,c512,c768 tcontext=u:r:untrusted_app_29:s0:c102,c256,c512,c768 tclass=netlink_route_socket app=com.tencent.qqmusic
03-22 10:36:01.015 22192 22192 I auditd : type=1400 audit(0.0:20127): avc: denied { read } for comm="tmesec-report" name="u:object_r:oem_unlock_prop:s0" dev="tmpfs" ino=11544 scontext=u:r:untrusted_app_29:s0:c102,c256,c512,c768 tcontext=u:object_r:oem_unlock_prop:s0 tclass=file permissive=0 app=com.tencent.qqmusic
03-22 10:36:01.187 0 0 I auditd : type=1400 audit(0.0:20128): avc: denied { kill } for comm="swapper/3" capability=5 scontext=u:r:kernel:s0 tcontext=u:r:kernel:s0 tclass=capability permissive=0
03-22 10:36:02.191 0 0 I auditd : type=1400 audit(0.0:20129): avc: denied { kill } for comm="swapper/3" capability=5 scontext=u:r:kernel:s0 tcontext=u:r:kernel:s0 tclass=capability permissive=0
03-22 10:36:03.187 0 0 I auditd : type=1400 audit(0.0:20130): avc: denied { kill } for comm="swapper/3" capability=5 scontext=u:r:kernel:s0 tcontext=u:r:kernel:s0 tclass=capability permissive=0
01-01 17:00:52.519 0 0 I msm_vidc: high: 00000002: ....d: Opening video instance: 0000000000000000, 1
01-01 17:00:52.519 0 0 I msm_vidc: err : 00000002: ....d: Failed to create debugfs for msm_vidc
01-01 17:00:52.524 0 0 I msm_vidc: high: 00000002: h264d: Closed video instance: 0000000000000000
01-01 17:00:52.530 0 0 I msm_vidc: high: 00000002: ....e: Opening video instance: 0000000000000000, 0
01-01 17:00:52.530 0 0 I msm_vidc: err : 00000002: ....e: Failed to create debugfs for msm_vidc
03-22 10:36:03.484 1512 1619 I am_wtf : [0,1512,system_server,-1,ActivityManager,Sending non-protected broadcast com.android.systemui.screenrecord.UPDATE_STATE_OUTSIDE from system 1982:com.android.systemui/u0a78 pkg com.android.systemui]
03-22 10:36:03.486 1512 1619 I am_wtf : [0,1512,system_server,-1,ActivityManager,Sending non-protected broadcast com.android.systemui.screenrecord.UPDATE_STATE_OUTSIDE from system 1982:com.android.systemui/u0a78 pkg com.android.systemui]
03-22 10:36:03.492 1512 1608 I sysui_multi_action: [757,1659,758,4,759,2,1660,4]
03-22 10:36:03.494 1512 1512 I notification_enqueue: [10078,1982,com.android.systemui,4274,NULL,0,Notification(channel=screen_record shortcut=null contentView=null vibrate=null sound=null defaults=0x0 flags=0x42 color=0xffc5221f actions=1 vis=PRIVATE),0]
03-22 10:36:03.696 1512 1512 I sysui_multi_action: [757,1501,758,1,793,202,794,0,795,202,796,4274,806,com.android.systemui,857,screen_record,858,3,947,0,1500,0,1688,1]
03-22 10:36:03.697 1512 1512 I sysui_multi_action: [757,804,799,note_interruptive,801,0,802,1]
03-22 10:36:03.698 1512 1512 I sysui_multi_action: [757,1501,758,1,793,205,794,0,795,205,796,4274,806,com.android.systemui,857,screen_record,858,3,947,0,1500,0,1688,1]
03-22 10:36:03.698 1512 1512 I sysui_multi_action: [757,804,799,note_interruptive,801,0,802,1]
03-22 10:36:03.698 1512 1512 I sysui_multi_action: [757,199,758,1,759,1,793,205,794,0,795,205,796,4274,806,com.android.systemui,857,screen_record,858,3,947,0,1500,0,1688,1]
03-22 10:36:03.699 1512 1512 I notification_alert: [0|com.android.systemui|4274|null|10078,1,0,0]
01-01 17:00:53.259 0 0 E DTC_Display: screen not ready
03-22 10:36:04.187 0 0 I auditd : type=1400 audit(0.0:20131): avc: denied { kill } for comm="swapper/3" capability=5 scontext=u:r:kernel:s0 tcontext=u:r:kernel:s0 tclass=capability permissive=0
01-01 17:00:54.179 0 0 E DTC_ETH,link_delay_work_func: 3003, SQI=0, link=0
03-22 10:36:05.187 0 0 I auditd : type=1400 audit(0.0:20132): avc: denied { kill } for comm="swapper/3" capability=5 scontext=u:r:kernel:s0 tcontext=u:r:kernel:s0 tclass=capability permissive=0
03-22 10:36:06.187 0 0 I auditd : type=1400 audit(0.0:20133): avc: denied { kill } for comm="swapper/3" capability=5 scontext=u:r:kernel:s0 tcontext=u:r:kernel:s0 tclass=capability permissive=0
03-22 10:36:07.191 0 0 I auditd : type=1400 audit(0.0:20134): avc: denied { kill } for comm="swapper/3" capability=5 scontext=u:r:kernel:s0 tcontext=u:r:kernel:s0 tclass=capability permissive=0
03-22 10:36:08.191 0 0 I auditd : type=1400 audit(0.0:20135): avc: denied { kill } for comm="swapper/3" capability=5 scontext=u:r:kernel:s0 tcontext=u:r:kernel:s0 tclass=capability permissive=0
03-22 10:36:09.191 0 0 I auditd : type=1400 audit(0.0:20136): avc: denied { kill } for comm="swapper/3" capability=5 scontext=u:r:kernel:s0 tcontext=u:r:kernel:s0 tclass=capability permissive=0
03-22 10:36:10.191 0 0 I auditd : type=1400 audit(0.0:20137): avc: denied { kill } for comm="swapper/3" capability=5 scontext=u:r:kernel:s0 tcontext=u:r:kernel:s0 tclass=capability permissive=0
01-01 17:00:59.299 0 0 E DTC_ETH,link_delay_work_func: 3003, SQI=0, link=0
03-22 10:36:11.187 0 0 I auditd : type=1400 audit(0.0:20138): avc: denied { kill } for comm="swapper/3" capability=5 scontext=u:r:kernel:s0 tcontext=u:r:kernel:s0 tclass=capability permissive=0
03-22 10:36:12.187 0 0 I auditd : type=1400 audit(0.0:20139): avc: denied { kill } for comm="swapper/3" capability=5 scontext=u:r:kernel:s0 tcontext=u:r:kernel:s0 tclass=capability permissive=0
01-01 17:01:01.315 0 0 E DTC_Display: screen not ready
03-22 10:36:13.187 30260 30260 I auditd : type=1400 audit(0.0:20140): avc: denied { kill } for comm="kworker/u17:1" capability=5 scontext=u:r:kernel:s0 tcontext=u:r:kernel:s0 tclass=capability permissive=0
03-22 10:36:15.187 0 0 I auditd : type=1400 audit(0.0:20141): avc: denied { kill } for comm="swapper/3" capability=5 scontext=u:r:kernel:s0 tcontext=u:r:kernel:s0 tclass=capability permissive=0
01-01 17:01:04.419 0 0 E DTC_ETH,link_delay_work_func: 3003, SQI=0, link=0
03-22 10:36:16.187 0 0 I auditd : type=1400 audit(0.0:20142): avc: denied { kill } for comm="swapper/3" capability=5 scontext=u:r:kernel:s0 tcontext=u:r:kernel:s0 tclass=capability permissive=0
03-22 10:36:16.843 1512 1697 I input_interaction: Interaction with: 30c1ebf systemui.screen.recording (server), swipe-up (server), edge-swipe (server), PointerEventDispatcher0 (server),
03-22 10:36:17.187 0 0 I auditd : type=1400 audit(0.0:20143): avc: denied { kill } for comm="swapper/3" capability=5 scontext=u:r:kernel:s0 tcontext=u:r:kernel:s0 tclass=capability permissive=0
01-01 17:01:06.708 0 0 I msm_vidc: high: 00000002: h264e: Closed video instance: 0000000000000000
03-22 10:36:17.627 1512 1512 I notification_enqueue: [10078,1982,com.android.systemui,4275,NULL,0,Notification(channel=screen_record shortcut=null contentView=null vibrate=null sound=null defaults=0x0 flags=0x0 color=0x00000000 vis=PRIVATE),0]
03-22 10:36:17.628 1512 1619 I am_wtf : [0,1512,system_server,-1,ActivityManager,Sending non-protected broadcast com.android.systemui.screenrecord.UPDATE_STATE_OUTSIDE from system 1982:com.android.systemui/u0a78 pkg com.android.systemui]
03-22 10:36:17.633 1512 1619 I am_wtf : [0,1512,system_server,-1,ActivityManager,Sending non-protected broadcast com.android.systemui.screenrecord.UPDATE_STATE_OUTSIDE from system 1982:com.android.systemui/u0a78 pkg com.android.systemui]
03-22 10:36:17.638 1512 1512 I sysui_multi_action: [757,128,758,5,759,8,793,14144,794,0,795,14144,796,4274,806,com.android.systemui,857,screen_record,858,3,947,0,1500,13939,1688,1]
03-22 10:36:17.638 1512 1512 I notification_canceled: [0|com.android.systemui|4274|null|10078,8,14144,14144,0,-1,-1,NULL]
01-01 17:01:06.825 0 0 I msm_vidc: high: 00000002: ....d: Opening video instance: 0000000000000000, 1
01-01 17:01:06.825 0 0 I msm_vidc: err : 00000002: ....d: Failed to create debugfs for msm_vidc
01-01 17:01:06.911 0 0 I msm_vidc: high: 00000002: h264d: Closed video instance: 0000000000000000
03-22 10:36:17.828 1512 1512 I sysui_multi_action: [757,1501,758,1,793,202,794,0,795,202,796,4275,806,com.android.systemui,857,screen_record,858,3,947,0,1500,0,1688,1]
03-22 10:36:17.828 1512 1512 I sysui_multi_action: [757,804,799,note_interruptive,801,0,802,1]
03-22 10:36:17.829 1512 1512 I sysui_multi_action: [757,1501,758,1,793,204,794,0,795,204,796,4275,806,com.android.systemui,857,screen_record,858,3,947,0,1500,0,1688,1]
03-22 10:36:17.829 1512 1512 I sysui_multi_action: [757,804,799,note_interruptive,801,0,802,1]
03-22 10:36:17.829 1512 1512 I sysui_multi_action: [757,199,758,1,759,1,793,204,794,0,795,204,796,4275,806,com.android.systemui,857,screen_record,858,3,947,0,1500,0,1688,1]
03-22 10:36:17.829 1512 1512 I notification_alert: [0|com.android.systemui|4275|null|10078,1,0,0]
03-22 10:36:17.881 1512 1512 I notification_enqueue: [10078,1982,com.android.systemui,4273,NULL,0,Notification(channel=screen_record shortcut=null contentView=null vibrate=null sound=null defaults=0x0 flags=0x10 color=0x00000000 actions=1 vis=PRIVATE),0]
03-22 10:36:17.882 1512 1512 I sysui_multi_action: [757,128,758,5,759,8,793,257,794,0,795,257,796,4275,806,com.android.systemui,857,screen_record,858,3,947,0,1500,53,1688,1]
03-22 10:36:17.882 1512 1512 I notification_canceled: [0|com.android.systemui|4275|null|10078,8,257,257,0,-1,-1,NULL]
03-22 10:36:18.082 1512 1512 I sysui_multi_action: [757,1501,758,1,793,201,794,0,795,201,796,4273,806,com.android.systemui,857,screen_record,858,3,947,0,1500,0,1688,1,1745,680407814]
03-22 10:36:18.082 1512 1512 I sysui_multi_action: [757,804,799,note_interruptive,801,0,802,1]
03-22 10:36:18.187 0 0 I auditd : type=1400 audit(0.0:20144): avc: denied { kill } for comm="swapper/3" capability=5 scontext=u:r:kernel:s0 tcontext=u:r:kernel:s0 tclass=capability permissive=0
03-22 10:36:19.187 0 0 I auditd : type=1400 audit(0.0:20145): avc: denied { kill } for comm="swapper/3" capability=5 scontext=u:r:kernel:s0 tcontext=u:r:kernel:s0 tclass=capability permissive=0
03-22 10:36:20.187 0 0 I auditd : type=1400 audit(0.0:20146): avc: denied { kill } for comm="swapper/3" capability=5 scontext=u:r:kernel:s0 tcontext=u:r:kernel:s0 tclass=capability permissive=0
01-01 17:01:09.391 0 0 E DTC_Display: screen not ready
01-01 17:01:09.539 0 0 E DTC_ETH,link_delay_work_func: 3003, SQI=0, link=0
03-22 10:36:21.187 0 0 I auditd : type=1400 audit(0.0:20147): avc: denied { kill } for comm="swapper/3" capability=5 scontext=u:r:kernel:s0 tcontext=u:r:kernel:s0 tclass=capability permissive=0
03-22 10:36:22.191 0 0 I auditd : type=1400 audit(0.0:20148): avc: denied { kill } for comm="swapper/3" capability=5 scontext=u:r:kernel:s0 tcontext=u:r:kernel:s0 tclass=capability permissive=0
01-01 17:01:11.908 0 0 I msm_vidc: err : ffffffff: .....: DBLP Set: status 0
03-22 10:36:23.187 0 0 I auditd : type=1400 audit(0.0:20149): avc: denied { kill } for comm="swapper/3" capability=5 scontext=u:r:kernel:s0 tcontext=u:r:kernel:s0 tclass=capability permissive=0
03-22 10:36:24.191 0 0 I auditd : type=1400 audit(0.0:20150): avc: denied { kill } for comm="swapper/3" capability=5 scontext=u:r:kernel:s0 tcontext=u:r:kernel:s0 tclass=capability permissive=0
03-22 10:36:25.187 0 0 I auditd : type=1400 audit(0.0:20151): avc: denied { kill } for comm="swapper/3" capability=5 scontext=u:r:kernel:s0 tcontext=u:r:kernel:s0 tclass=capability permissive=0
01-01 17:01:14.659 0 0 E DTC_ETH,link_delay_work_func: 3003, SQI=0, link=0
03-22 10:36:26.191 0 0 I auditd : type=1400 audit(0.0:20152): avc: denied { kill } for comm="swapper/3" capability=5 scontext=u:r:kernel:s0 tcontext=u:r:kernel:s0 tclass=capability permissive=0
03-22 10:36:27.187 0 0 I auditd : type=1400 audit(0.0:20153): avc: denied { kill } for comm="swapper/3" capability=5 scontext=u:r:kernel:s0 tcontext=u:r:kernel:s0 tclass=capability permissive=0
03-22 10:36:28.191 0 0 I auditd : type=1400 audit(0.0:20154): avc: denied { kill } for comm="swapper/3" capability=5 scontext=u:r:kernel:s0 tcontext=u:r:kernel:s0 tclass=capability permissive=0
01-01 17:01:17.443 0 0 E DTC_Display: Abnormal voltage: 0mV
01-01 17:01:17.443 0 0 E DTC_Display: screen not ready
03-22 10:36:29.187 0 0 I auditd : type=1400 audit(0.0:20155): avc: denied { kill } for comm="swapper/3" capability=5 scontext=u:r:kernel:s0 tcontext=u:r:kernel:s0 tclass=capability permissive=0
03-22 10:36:30.191 0 0 I auditd : type=1400 audit(0.0:20156): avc: denied { kill } for comm="swapper/3" capability=5 scontext=u:r:kernel:s0 tcontext=u:r:kernel:s0 tclass=capability permissive=0
01-01 17:01:19.779 0 0 E DTC_ETH,link_delay_work_func: 3003, SQI=0, link=0
01-01 17:01:19.781 0 0 I msm_vidc: err : ffffffff: .....: DBLP Set: status 0
03-22 10:36:31.187 0 0 I auditd : type=1400 audit(0.0:20157): avc: denied { kill } for comm="swapper/3" capability=5 scontext=u:r:kernel:s0 tcontext=u:r:kernel:s0 tclass=capability permissive=0
03-22 10:36:32.191 0 0 I auditd : type=1400 audit(0.0:20158): avc: denied { kill } for comm="swapper/3" capability=5 scontext=u:r:kernel:s0 tcontext=u:r:kernel:s0 tclass=capability permissive=0
03-22 10:36:33.187 0 0 I auditd : type=1400 audit(0.0:20159): avc: denied { kill } for comm="swapper/3" capability=5 scontext=u:r:kernel:s0 tcontext=u:r:kernel:s0 tclass=capability permissive=0
03-22 10:36:34.187 0 0 I auditd : type=1400 audit(0.0:20160): avc: denied { kill } for comm="swapper/3" capability=5 scontext=u:r:kernel:s0 tcontext=u:r:kernel:s0 tclass=capability permissive=0
03-22 10:36:35.187 0 0 I auditd : type=1400 audit(0.0:20161): avc: denied { kill } for comm="swapper/3" capability=5 scontext=u:r:kernel:s0 tcontext=u:r:kernel:s0 tclass=capability permissive=0
01-01 17:01:24.899 0 0 E DTC_ETH,link_delay_work_func: 3003, SQI=0, link=0
03-22 10:36:36.191 0 0 I auditd : type=1400 audit(0.0:20162): avc: denied { kill } for comm="swapper/3" capability=5 scontext=u:r:kernel:s0 tcontext=u:r:kernel:s0 tclass=capability permissive=0
01-01 17:01:25.507 0 0 E DTC_Display: screen not ready
01-01 17:01:25.507 0 0 E DTC_Display: Backlight abnormal: 0x7b
03-22 10:36:37.191 0 0 I auditd : type=1400 audit(0.0:20163): avc: denied { kill } for comm="swapper/3" capability=5 scontext=u:r:kernel:s0 tcontext=u:r:kernel:s0 tclass=capability permissive=0
03-22 10:36:38.187 0 0 I auditd : type=1400 audit(0.0:20164): avc: denied { kill } for comm="swapper/3" capability=5 scontext=u:r:kernel:s0 tcontext=u:r:kernel:s0 tclass=capability permissive=0
03-22 10:36:39.187 0 0 I auditd : type=1400 audit(0.0:20165): avc: denied { kill } for comm="swapper/3" capability=5 scontext=u:r:kernel:s0 tcontext=u:r:kernel:s0 tclass=capability permissive=0
03-22 10:36:40.187 0 0 I auditd : type=1400 audit(0.0:20166): avc: denied { kill } for comm="swapper/3" capability=5 scontext=u:r:kernel:s0 tcontext=u:r:kernel:s0 tclass=capability permissive=0
01-01 17:01:30.019 0 0 E DTC_ETH,link_delay_work_func: 3003, SQI=0, link=0
03-22 10:36:41.187 0 0 I auditd : type=1400 audit(0.0:20167): avc: denied { kill } for comm="swapper/3" capability=5 scontext=u:r:kernel:s0 tcontext=u:r:kernel:s0 tclass=capability permissive=0
03-22 10:36:42.187 0 0 I auditd : type=1400 audit(0.0:20168): avc: denied { kill } for comm="swapper/3" capability=5 scontext=u:r:kernel:s0 tcontext=u:r:kernel:s0 tclass=capability permissive=0
03-22 10:36:43.191 0 0 I auditd : type=1400 audit(0.0:20169): avc: denied { kill } for comm="swapper/3" capability=5 scontext=u:r:kernel:s0 tcontext=u:r:kernel:s0 tclass=capability permissive=0
03-22 10:36:44.187 0 0 I auditd : type=1400 audit(0.0:20170): avc: denied { kill } for comm="swapper/3" capability=5 scontext=u:r:kernel:s0 tcontext=u:r:kernel:s0 tclass=capability permissive=0
01-01 17:01:33.579 0 0 E DTC_Display: screen not ready
03-22 10:36:45.187 0 0 I auditd : type=1400 audit(0.0:20171): avc: denied { kill } for comm="swapper/3" capability=5 scontext=u:r:kernel:s0 tcontext=u:r:kernel:s0 tclass=capability permissive=0
03-22 10:36:45.399 22192 22192 I auditd : type=1400 audit(0.0:20172): avc: denied { search } for comm="Thread-3" name="asound" dev="proc" ino=4026532151 scontext=u:r:untrusted_app_29:s0:c102,c256,c512,c768 tcontext=u:object_r:proc_asound:s0 tclass=dir permissive=0 app=com.tencent.qqmusic
03-22 10:36:45.439 22192 22192 I auditd : type=1400 audit(0.0:20173): avc: denied { search } for comm="Thread-3" name="asound" dev="proc" ino=4026532151 scontext=u:r:untrusted_app_29:s0:c102,c256,c512,c768 tcontext=u:object_r:proc_asound:s0 tclass=dir permissive=0 app=com.tencent.qqmusic
03-22 10:36:45.515 22192 22192 I auditd : type=1400 audit(0.0:20174): avc: denied { read } for comm="Thread-3" name="tcp" dev="proc" ino=4026532265 scontext=u:r:untrusted_app_29:s0:c102,c256,c512,c768 tcontext=u:object_r:proc_net_tcp_udp:s0 tclass=file permissive=0 app=com.tencent.qqmusic
01-01 17:01:35.139 0 0 E DTC_ETH,link_delay_work_func: 3003, SQI=0, link=0
03-22 10:36:46.187 0 0 I auditd : type=1400 audit(0.0:20175): avc: denied { kill } for comm="swapper/3" capability=5 scontext=u:r:kernel:s0 tcontext=u:r:kernel:s0 tclass=capability permissive=0
03-22 10:36:46.291 22192 22192 I auditd : type=1400 audit(0.0:20176): avc: denied { read } for comm="Thread-3" name="misc" dev="proc" ino=4026531991 scontext=u:r:untrusted_app_29:s0:c102,c256,c512,c768 tcontext=u:object_r:proc_misc:s0 tclass=file permissive=0 app=com.tencent.qqmusic
03-22 10:36:47.187 0 0 I auditd : type=1400 audit(0.0:20177): avc: denied { kill } for comm="swapper/3" capability=5 scontext=u:r:kernel:s0 tcontext=u:r:kernel:s0 tclass=capability permissive=0
03-22 10:36:48.187 0 0 I auditd : type=1400 audit(0.0:20178): avc: denied { kill } for comm="swapper/3" capability=5 scontext=u:r:kernel:s0 tcontext=u:r:kernel:s0 tclass=capability permissive=0
03-22 10:36:49.191 0 0 I auditd : type=1400 audit(0.0:20179): avc: denied { kill } for comm="swapper/3" capability=5 scontext=u:r:kernel:s0 tcontext=u:r:kernel:s0 tclass=capability permissive=0
03-22 10:36:50.191 0 0 I auditd : type=1400 audit(0.0:20180): avc: denied { kill } for comm="swapper/3" capability=5 scontext=u:r:kernel:s0 tcontext=u:r:kernel:s0 tclass=capability permissive=0
01-01 17:01:40.259 0 0 E DTC_ETH,link_delay_work_func: 3003, SQI=0, link=0
03-22 10:36:51.191 0 0 I auditd : type=1400 audit(0.0:20181): avc: denied { kill } for comm="swapper/3" capability=5 scontext=u:r:kernel:s0 tcontext=u:r:kernel:s0 tclass=capability permissive=0
03-22 10:36:52.191 0 0 I auditd : type=1400 audit(0.0:20182): avc: denied { kill } for comm="swapper/3" capability=5 scontext=u:r:kernel:s0 tcontext=u:r:kernel:s0 tclass=capability permissive=0
01-01 17:01:41.636 0 0 E DTC_Display: screen not ready
03-22 10:36:53.187 0 0 I auditd : type=1400 audit(0.0:20183): avc: denied { kill } for comm="swapper/3" capability=5 scontext=u:r:kernel:s0 tcontext=u:r:kernel:s0 tclass=capability permissive=0
03-22 10:36:54.191 0 0 I auditd : type=1400 audit(0.0:20184): avc: denied { kill } for comm="swapper/3" capability=5 scontext=u:r:kernel:s0 tcontext=u:r:kernel:s0 tclass=capability permissive=0
03-22 10:36:55.187 0 0 I auditd : type=1400 audit(0.0:20185): avc: denied { kill } for comm="swapper/3" capability=5 scontext=u:r:kernel:s0 tcontext=u:r:kernel:s0 tclass=capability permissive=0
03-22 10:36:56.187 0 0 I auditd : type=1400 audit(0.0:20186): avc: denied { kill } for comm="swapper/3" capability=5 scontext=u:r:kernel:s0 tcontext=u:r:kernel:s0 tclass=capability permissive=0
01-01 17:01:45.379 0 0 E DTC_ETH,link_delay_work_func: 3003, SQI=0, link=0
03-22 10:36:57.191 0 0 I auditd : type=1400 audit(0.0:20187): avc: denied { kill } for comm="swapper/3" capability=5 scontext=u:r:kernel:s0 tcontext=u:r:kernel:s0 tclass=capability permissive=0
03-22 10:36:58.191 0 0 I auditd : type=1400 audit(0.0:20188): avc: denied { kill } for comm="swapper/3" capability=5 scontext=u:r:kernel:s0 tcontext=u:r:kernel:s0 tclass=capability permissive=0
03-22 10:36:59.187 0 0 I auditd : type=1400 audit(0.0:20189): avc: denied { kill } for comm="swapper/3" capability=5 scontext=u:r:kernel:s0 tcontext=u:r:kernel:s0 tclass=capability permissive=0
03-22 10:37:00.187 0 0 I auditd : type=1400 audit(0.0:20190): avc: denied { kill } for comm="swapper/3" capability=5 scontext=u:r:kernel:s0 tcontext=u:r:kernel:s0 tclass=capability permissive=0
01-01 17:01:49.703 0 0 E DTC_Display: screen not ready
03-22 10:37:01.187 0 0 I auditd : type=1400 audit(0.0:20191): avc: denied { kill } for comm="swapper/3" capability=5 scontext=u:r:kernel:s0 tcontext=u:r:kernel:s0 tclass=capability permissive=0
01-01 17:01:50.499 0 0 E DTC_ETH,link_delay_work_func: 3003, SQI=0, link=0
03-22 10:37:02.187 0 0 I auditd : type=1400 audit(0.0:20192): avc: denied { kill } for comm="swapper/3" capability=5 scontext=u:r:kernel:s0 tcontext=u:r:kernel:s0 tclass=capability permissive=0
01-01 17:01:51.685 0 0 I msm_vidc: err : ffffffff: .....: DBLP Set: status 0
03-22 10:37:03.187 0 0 I auditd : type=1400 audit(0.0:20193): avc: denied { kill } for comm="swapper/3" capability=5 scontext=u:r:kernel:s0 tcontext=u:r:kernel:s0 tclass=capability permissive=0
03-22 10:37:04.187 0 0 I auditd : type=1400 audit(0.0:20194): avc: denied { kill } for comm="swapper/3" capability=5 scontext=u:r:kernel:s0 tcontext=u:r:kernel:s0 tclass=capability permissive=0
03-22 10:37:05.191 0 0 I auditd : type=1400 audit(0.0:20195): avc: denied { kill } for comm="swapper/3" capability=5 scontext=u:r:kernel:s0 tcontext=u:r:kernel:s0 tclass=capability permissive=0
03-22 10:37:06.191 0 0 I auditd : type=1400 audit(0.0:20196): avc: denied { kill } for comm="swapper/3" capability=5 scontext=u:r:kernel:s0 tcontext=u:r:kernel:s0 tclass=capability permissive=0
01-01 17:01:55.619 0 0 E DTC_ETH,link_delay_work_func: 3003, SQI=0, link=0
03-22 10:37:06.546 1512 1619 I am_uid_idle: 10063
03-22 10:37:07.187 0 0 I auditd : type=1400 audit(0.0:20197): avc: denied { kill } for comm="swapper/3" capability=5 scontext=u:r:kernel:s0 tcontext=u:r:kernel:s0 tclass=capability permissive=0
03-22 10:37:08.187 0 0 I auditd : type=1400 audit(0.0:20198): avc: denied { kill } for comm="swapper/3" capability=5 scontext=u:r:kernel:s0 tcontext=u:r:kernel:s0 tclass=capability permissive=0
01-01 17:01:57.771 0 0 E DTC_Display: screen not ready
03-22 10:37:09.187 0 0 I auditd : type=1400 audit(0.0:20199): avc: denied { kill } for comm="swapper/3" capability=5 scontext=u:r:kernel:s0 tcontext=u:r:kernel:s0 tclass=capability permissive=0
03-22 10:37:10.191 0 0 I auditd : type=1400 audit(0.0:20200): avc: denied { kill } for comm="swapper/3" capability=5 scontext=u:r:kernel:s0 tcontext=u:r:kernel:s0 tclass=capability permissive=0
03-22 10:37:11.187 0 0 I auditd : type=1400 audit(0.0:20201): avc: denied { kill } for comm="swapper/3" capability=5 scontext=u:r:kernel:s0 tcontext=u:r:kernel:s0 tclass=capability permissive=0
01-01 17:02:00.739 0 0 E DTC_ETH,link_delay_work_func: 3003, SQI=0, link=0
03-22 10:37:12.191 0 0 I auditd : type=1400 audit(0.0:20202): avc: denied { kill } for comm="swapper/3" capability=5 scontext=u:r:kernel:s0 tcontext=u:r:kernel:s0 tclass=capability permissive=0
03-22 10:37:13.187 0 0 I auditd : type=1400 audit(0.0:20203): avc: denied { kill } for comm="swapper/3" capability=5 scontext=u:r:kernel:s0 tcontext=u:r:kernel:s0 tclass=capability permissive=0
03-22 10:37:14.191 0 0 I auditd : type=1400 audit(0.0:20204): avc: denied { kill } for comm="swapper/3" capability=5 scontext=u:r:kernel:s0 tcontext=u:r:kernel:s0 tclass=capability permissive=0
03-22 10:37:15.187 0 0 I auditd : type=1400 audit(0.0:20205): avc: denied { kill } for comm="swapper/3" capability=5 scontext=u:r:kernel:s0 tcontext=u:r:kernel:s0 tclass=capability permissive=0
03-22 10:37:16.191 0 0 I auditd : type=1400 audit(0.0:20206): avc: denied { kill } for comm="swapper/3" capability=5 scontext=u:r:kernel:s0 tcontext=u:r:kernel:s0 tclass=capability permissive=0
01-01 17:02:05.827 0 0 E DTC_Display: Abnormal voltage: 0mV
01-01 17:02:05.827 0 0 E DTC_Display: screen not ready
01-01 17:02:05.859 0 0 E DTC_ETH,link_delay_work_func: 3003, SQI=0, link=0
03-22 10:37:17.187 0 0 I auditd : type=1400 audit(0.0:20207): avc: denied { kill } for comm="swapper/3" capability=5 scontext=u:r:kernel:s0 tcontext=u:r:kernel:s0 tclass=capability permissive=0
03-22 10:37:18.187 32 32 I auditd : type=1400 audit(0.0:20208): avc: denied { kill } for comm="rcuop/2" capability=5 scontext=u:r:kernel:s0 tcontext=u:r:kernel:s0 tclass=capability permissive=0
03-22 10:37:19.187 0 0 I auditd : type=1400 audit(0.0:20209): avc: denied { kill } for comm="swapper/3" capability=5 scontext=u:r:kernel:s0 tcontext=u:r:kernel:s0 tclass=capability permissive=0
03-22 10:37:20.187 0 0 I auditd : type=1400 audit(0.0:20210): avc: denied { kill } for comm="swapper/3" capability=5 scontext=u:r:kernel:s0 tcontext=u:r:kernel:s0 tclass=capability permissive=0
03-22 10:37:21.191 0 0 I auditd : type=1400 audit(0.0:20211): avc: denied { kill } for comm="swapper/3" capability=5 scontext=u:r:kernel:s0 tcontext=u:r:kernel:s0 tclass=capability permissive=0
01-01 17:02:10.979 0 0 E DTC_ETH,link_delay_work_func: 3003, SQI=0, link=0
03-22 10:37:22.187 0 0 I auditd : type=1400 audit(0.0:20212): avc: denied { kill } for comm="swapper/3" capability=5 scontext=u:r:kernel:s0 tcontext=u:r:kernel:s0 tclass=capability permissive=0
03-22 10:37:23.187 0 0 I auditd : type=1400 audit(0.0:20213): avc: denied { kill } for comm="swapper/3" capability=5 scontext=u:r:kernel:s0 tcontext=u:r:kernel:s0 tclass=capability permissive=0
03-22 10:37:24.191 0 0 I auditd : type=1400 audit(0.0:20214): avc: denied { kill } for comm="swapper/3" capability=5 scontext=u:r:kernel:s0 tcontext=u:r:kernel:s0 tclass=capability permissive=0
01-01 17:02:13.892 0 0 E DTC_Display: screen not ready
01-01 17:02:13.892 0 0 E DTC_Display: Backlight abnormal: 0x7b
03-22 10:37:25.191 0 0 I auditd : type=1400 audit(0.0:20215): avc: denied { kill } for comm="swapper/3" capability=5 scontext=u:r:kernel:s0 tcontext=u:r:kernel:s0 tclass=capability permissive=0
03-22 10:37:26.187 0 0 I auditd : type=1400 audit(0.0:20216): avc: denied { kill } for comm="swapper/3" capability=5 scontext=u:r:kernel:s0 tcontext=u:r:kernel:s0 tclass=capability permissive=0
01-01 17:02:16.099 0 0 E DTC_ETH,link_delay_work_func: 3003, SQI=0, link=0
03-22 10:37:27.191 0 0 I auditd : type=1400 audit(0.0:20217): avc: denied { kill } for comm="swapper/3" capability=5 scontext=u:r:kernel:s0 tcontext=u:r:kernel:s0 tclass=capability permissive=0
03-22 10:37:28.187 0 0 I auditd : type=1400 audit(0.0:20218): avc: denied { kill } for comm="swapper/3" capability=5 scontext=u:r:kernel:s0 tcontext=u:r:kernel:s0 tclass=capability permissive=0
03-22 10:37:30.191 0 0 I auditd : type=1400 audit(0.0:20219): avc: denied { kill } for comm="swapper/3" capability=5 scontext=u:r:kernel:s0 tcontext=u:r:kernel:s0 tclass=capability permissive=0
03-22 10:37:31.187 0 0 I auditd : type=1400 audit(0.0:20220): avc: denied { kill } for comm="swapper/3" capability=5 scontext=u:r:kernel:s0 tcontext=u:r:kernel:s0 tclass=capability permissive=0
01-01 17:02:21.219 0 0 E DTC_ETH,link_delay_work_func: 3003, SQI=0, link=0
03-22 10:37:32.191 0 0 I auditd : type=1400 audit(0.0:20221): avc: denied { kill } for comm="swapper/3" capability=5 scontext=u:r:kernel:s0 tcontext=u:r:kernel:s0 tclass=capability permissive=0
01-01 17:02:21.955 0 0 E DTC_Display: screen not ready
03-22 10:37:33.191 0 0 I auditd : type=1400 audit(0.0:20222): avc: denied { kill } for comm="swapper/3" capability=5 scontext=u:r:kernel:s0 tcontext=u:r:kernel:s0 tclass=capability permissive=0
03-22 10:37:34.187 0 0 I auditd : type=1400 audit(0.0:20223): avc: denied { kill } for comm="swapper/3" capability=5 scontext=u:r:kernel:s0 tcontext=u:r:kernel:s0 tclass=capability permissive=0
03-22 10:37:35.187 0 0 I auditd : type=1400 audit(0.0:20224): avc: denied { kill } for comm="swapper/3" capability=5 scontext=u:r:kernel:s0 tcontext=u:r:kernel:s0 tclass=capability permissive=0
03-22 10:37:36.191 0 0 I auditd : type=1400 audit(0.0:20225): avc: denied { kill } for comm="swapper/3" capability=5 scontext=u:r:kernel:s0 tcontext=u:r:kernel:s0 tclass=capability permissive=0
01-01 17:02:25.356 0 0 I [schedu][0x7fc54550a8][10:37:36.255525] wlan: [7715:I:OSIF] scan start scan id 41013
03-22 10:37:37.187 0 0 I auditd : type=1400 audit(0.0:20226): avc: denied { kill } for comm="swapper/3" capability=5 scontext=u:r:kernel:s0 tcontext=u:r:kernel:s0 tclass=capability permissive=0
01-01 17:02:26.339 0 0 E DTC_ETH,link_delay_work_func: 3003, SQI=0, link=0
01-01 17:02:26.536 0 0 I [schedu][0x7fc69efe16][10:37:37.435438] wlan: [7715:I:OSIF] vdev 0, scan id 41013 type COMPLETED(1) reason COMPLETED(1) scan found 82 bss
03-22 10:37:38.191 0 0 I auditd : type=1400 audit(0.0:20227): avc: denied { kill } for comm="swapper/3" capability=5 scontext=u:r:kernel:s0 tcontext=u:r:kernel:s0 tclass=capability permissive=0
03-22 10:37:39.191 0 0 I auditd : type=1400 audit(0.0:20228): avc: denied { kill } for comm="swapper/3" capability=5 scontext=u:r:kernel:s0 tcontext=u:r:kernel:s0 tclass=capability permissive=0
03-22 10:37:40.187 0 0 I auditd : type=1400 audit(0.0:20229): avc: denied { kill } for comm="swapper/3" capability=5 scontext=u:r:kernel:s0 tcontext=u:r:kernel:s0 tclass=capability permissive=0
01-01 17:02:30.019 0 0 E DTC_Display: screen not ready
03-22 10:37:41.187 0 0 I auditd : type=1400 audit(0.0:20230): avc: denied { kill } for comm="swapper/3" capability=5 scontext=u:r:kernel:s0 tcontext=u:r:kernel:s0 tclass=capability permissive=0
03-22 10:37:42.191 0 0 I auditd : type=1400 audit(0.0:20231): avc: denied { kill } for comm="swapper/3" capability=5 scontext=u:r:kernel:s0 tcontext=u:r:kernel:s0 tclass=capability permissive=0
01-01 17:02:31.459 0 0 E DTC_ETH,link_delay_work_func: 3003, SQI=0, link=0
03-22 10:37:43.191 0 0 I auditd : type=1400 audit(0.0:20232): avc: denied { kill } for comm="swapper/3" capability=5 scontext=u:r:kernel:s0 tcontext=u:r:kernel:s0 tclass=capability permissive=0
03-22 10:37:44.187 0 0 I auditd : type=1400 audit(0.0:20233): avc: denied { kill } for comm="swapper/3" capability=5 scontext=u:r:kernel:s0 tcontext=u:r:kernel:s0 tclass=capability permissive=0
03-22 10:37:45.187 0 0 I auditd : type=1400 audit(0.0:20234): avc: denied { kill } for comm="swapper/3" capability=5 scontext=u:r:kernel:s0 tcontext=u:r:kernel:s0 tclass=capability permissive=0
03-22 10:37:46.187 0 0 I auditd : type=1400 audit(0.0:20235): avc: denied { kill } for comm="swapper/3" capability=5 scontext=u:r:kernel:s0 tcontext=u:r:kernel:s0 tclass=capability permissive=0
03-22 10:37:47.187 0 0 I auditd : type=1400 audit(0.0:20236): avc: denied { kill } for comm="swapper/3" capability=5 scontext=u:r:kernel:s0 tcontext=u:r:kernel:s0 tclass=capability permissive=0
01-01 17:02:36.579 0 0 E DTC_ETH,link_delay_work_func: 3003, SQI=0, link=0
03-22 10:37:48.187 0 0 I auditd : type=1400 audit(0.0:20237): avc: denied { kill } for comm="swapper/3" capability=5 scontext=u:r:kernel:s0 tcontext=u:r:kernel:s0 tclass=capability permissive=0
01-01 17:02:38.083 0 0 E DTC_Display: screen not ready
03-22 10:37:49.191 0 0 I auditd : type=1400 audit(0.0:20238): avc: denied { kill } for comm="swapper/3" capability=5 scontext=u:r:kernel:s0 tcontext=u:r:kernel:s0 tclass=capability permissive=0
03-22 10:37:50.191 0 0 I auditd : type=1400 audit(0.0:20239): avc: denied { kill } for comm="swapper/3" capability=5 scontext=u:r:kernel:s0 tcontext=u:r:kernel:s0 tclass=capability permissive=0
03-22 10:37:51.191 0 0 I auditd : type=1400 audit(0.0:20240): avc: denied { kill } for comm="swapper/3" capability=5 scontext=u:r:kernel:s0 tcontext=u:r:kernel:s0 tclass=capability permissive=0
03-22 10:37:52.187 0 0 I auditd : type=1400 audit(0.0:20241): avc: denied { kill } for comm="swapper/3" capability=5 scontext=u:r:kernel:s0 tcontext=u:r:kernel:s0 tclass=capability permissive=0
01-01 17:02:41.699 0 0 E DTC_ETH,link_delay_work_func: 3003, SQI=0, link=0
03-22 10:37:53.191 0 0 I auditd : type=1400 audit(0.0:20242): avc: denied { kill } for comm="swapper/3" capability=5 scontext=u:r:kernel:s0 tcontext=u:r:kernel:s0 tclass=capability permissive=0
03-22 10:37:54.187 0 0 I auditd : type=1400 audit(0.0:20243): avc: denied { kill } for comm="swapper/3" capability=5 scontext=u:r:kernel:s0 tcontext=u:r:kernel:s0 tclass=capability permissive=0
03-22 10:37:55.187 0 0 I auditd : type=1400 audit(0.0:20244): avc: denied { kill } for comm="swapper/3" capability=5 scontext=u:r:kernel:s0 tcontext=u:r:kernel:s0 tclass=capability permissive=0
03-22 10:37:56.191 0 0 I auditd : type=1400 audit(0.0:20245): avc: denied { kill } for comm="swapper/3" capability=5 scontext=u:r:kernel:s0 tcontext=u:r:kernel:s0 tclass=capability permissive=0
01-01 17:02:46.147 0 0 E DTC_Display: screen not ready
03-22 10:37:57.187 0 0 I auditd : type=1400 audit(0.0:20246): avc: denied { kill } for comm="swapper/3" capability=5 scontext=u:r:kernel:s0 tcontext=u:r:kernel:s0 tclass=capability permissive=0
01-01 17:02:46.819 0 0 E DTC_ETH,link_delay_work_func: 3003, SQI=0, link=0
03-22 10:37:58.187 0 0 I auditd : type=1400 audit(0.0:20247): avc: denied { kill } for comm="swapper/3" capability=5 scontext=u:r:kernel:s0 tcontext=u:r:kernel:s0 tclass=capability permissive=0
03-22 10:37:59.191 0 0 I auditd : type=1400 audit(0.0:20248): avc: denied { kill } for comm="swapper/3" capability=5 scontext=u:r:kernel:s0 tcontext=u:r:kernel:s0 tclass=capability permissive=0
03-22 10:38:00.187 0 0 I auditd : type=1400 audit(0.0:20249): avc: denied { kill } for comm="swapper/3" capability=5 scontext=u:r:kernel:s0 tcontext=u:r:kernel:s0 tclass=capability permissive=0
03-22 10:38:01.191 0 0 I auditd : type=1400 audit(0.0:20250): avc: denied { kill } for comm="swapper/3" capability=5 scontext=u:r:kernel:s0 tcontext=u:r:kernel:s0 tclass=capability permissive=0
03-22 10:38:02.191 0 0 I auditd : type=1400 audit(0.0:20251): avc: denied { kill } for comm="swapper/3" capability=5 scontext=u:r:kernel:s0 tcontext=u:r:kernel:s0 tclass=capability permissive=0
01-01 17:02:51.684 0 0 I msm_vidc: err : ffffffff: .....: DBLP Set: status 0
01-01 17:02:51.939 0 0 E DTC_ETH,link_delay_work_func: 3003, SQI=0, link=0
03-22 10:38:03.187 0 0 I auditd : type=1400 audit(0.0:20252): avc: denied { kill } for comm="swapper/3" capability=5 scontext=u:r:kernel:s0 tcontext=u:r:kernel:s0 tclass=capability permissive=0
03-22 10:38:04.187 0 0 I auditd : type=1400 audit(0.0:20253): avc: denied { kill } for comm="swapper/3" capability=5 scontext=u:r:kernel:s0 tcontext=u:r:kernel:s0 tclass=capability permissive=0
01-01 17:02:54.212 0 0 E DTC_Display: screen not ready
03-22 10:38:05.187 0 0 I auditd : type=1400 audit(0.0:20254): avc: denied { kill } for comm="swapper/3" capability=5 scontext=u:r:kernel:s0 tcontext=u:r:kernel:s0 tclass=capability permissive=0
03-22 10:38:06.191 0 0 I auditd : type=1400 audit(0.0:20255): avc: denied { kill } for comm="swapper/3" capability=5 scontext=u:r:kernel:s0 tcontext=u:r:kernel:s0 tclass=capability permissive=0
03-22 10:38:07.191 0 0 I auditd : type=1400 audit(0.0:20256): avc: denied { kill } for comm="swapper/3" capability=5 scontext=u:r:kernel:s0 tcontext=u:r:kernel:s0 tclass=capability permissive=0
01-01 17:02:57.059 0 0 E DTC_ETH,link_delay_work_func: 3003, SQI=0, link=0
03-22 10:38:08.187 0 0 I auditd : type=1400 audit(0.0:20257): avc: denied { kill } for comm="swapper/3" capability=5 scontext=u:r:kernel:s0 tcontext=u:r:kernel:s0 tclass=capability permissive=0
03-22 10:38:09.187 0 0 I auditd : type=1400 audit(0.0:20258): avc: denied { kill } for comm="swapper/3" capability=5 scontext=u:r:kernel:s0 tcontext=u:r:kernel:s0 tclass=capability permissive=0
03-22 10:38:10.191 0 0 I auditd : type=1400 audit(0.0:20259): avc: denied { kill } for comm="swapper/3" capability=5 scontext=u:r:kernel:s0 tcontext=u:r:kernel:s0 tclass=capability permissive=0
03-22 10:38:11.191 0 0 I auditd : type=1400 audit(0.0:20260): avc: denied { kill } for comm="swapper/3" capability=5 scontext=u:r:kernel:s0 tcontext=u:r:kernel:s0 tclass=capability permissive=0
03-22 10:38:12.187 0 0 I auditd : type=1400 audit(0.0:20261): avc: denied { kill } for comm="swapper/3" capability=5 scontext=u:r:kernel:s0 tcontext=u:r:kernel:s0 tclass=capability permissive=0
03-22 10:38:12.561 1512 16225 I commit_sys_config_file: [appops,28596851]
01-01 17:03:02.069 0 0 I binder : 1512:1685 ioctl 400c620e 72e577c5d8 returned -22
01-01 17:03:02.070 0 0 I binder : 1512:1685 ioctl c00c620f 72e577c5b8 returned -22
03-22 10:38:12.969 1512 1685 I am_freeze: [1914,com.android.documentsui]
03-22 10:38:12.971 1512 1685 I am_kill : [0,1914,com.android.documentsui,935,Unable to freeze binder interface]
03-22 10:38:13.005 1512 2680 I am_proc_died: [0,1914,com.android.documentsui,935,19]
03-22 10:38:13.006 1512 2680 I am_uid_stopped: 10030
03-22 10:38:13.018 1512 1618 I am_pss : [3136,1000,com.android.settings,35465216,33083392,51200,116752384,0,19,8]
03-22 10:38:13.024 1512 1618 I am_pss : [32361,1000,com.qti.diagservices,6887424,4083712,51200,90017792,0,10,5]
01-01 17:03:02.179 0 0 E DTC_ETH,link_delay_work_func: 3003, SQI=0, link=0
01-01 17:03:02.279 0 0 E DTC_Display: screen not ready
03-22 10:38:13.191 0 0 I auditd : type=1400 audit(0.0:20262): avc: denied { kill } for comm="swapper/3" capability=5 scontext=u:r:kernel:s0 tcontext=u:r:kernel:s0 tclass=capability permissive=0
03-22 10:38:14.187 0 0 I auditd : type=1400 audit(0.0:20263): avc: denied { kill } for comm="swapper/3" capability=5 scontext=u:r:kernel:s0 tcontext=u:r:kernel:s0 tclass=capability permissive=0
03-22 10:38:15.191 0 0 I auditd : type=1400 audit(0.0:20264): avc: denied { kill } for comm="swapper/3" capability=5 scontext=u:r:kernel:s0 tcontext=u:r:kernel:s0 tclass=capability permissive=0
03-22 10:38:16.191 0 0 I auditd : type=1400 audit(0.0:20265): avc: denied { kill } for comm="swapper/3" capability=5 scontext=u:r:kernel:s0 tcontext=u:r:kernel:s0 tclass=capability permissive=0
03-22 10:38:17.191 0 0 I auditd : type=1400 audit(0.0:20266): avc: denied { kill } for comm="swapper/3" capability=5 scontext=u:r:kernel:s0 tcontext=u:r:kernel:s0 tclass=capability permissive=0
03-22 10:38:18.187 0 0 I auditd : type=1400 audit(0.0:20267): avc: denied { kill } for comm="swapper/3" capability=5 scontext=u:r:kernel:s0 tcontext=u:r:kernel:s0 tclass=capability permissive=0
01-01 17:03:07.299 0 0 E DTC_ETH,link_delay_work_func: 3003, SQI=0, link=0
03-22 10:38:19.187 0 0 I auditd : type=1400 audit(0.0:20268): avc: denied { kill } for comm="swapper/3" capability=5 scontext=u:r:kernel:s0 tcontext=u:r:kernel:s0 tclass=capability permissive=0
03-22 10:38:20.187 0 0 I auditd : type=1400 audit(0.0:20269): avc: denied { kill } for comm="swapper/3" capability=5 scontext=u:r:kernel:s0 tcontext=u:r:kernel:s0 tclass=capability permissive=0
03-22 10:38:21.191 0 0 I auditd : type=1400 audit(0.0:20270): avc: denied { kill } for comm="swapper/3" capability=5 scontext=u:r:kernel:s0 tcontext=u:r:kernel:s0 tclass=capability permissive=0
01-01 17:03:10.339 0 0 E DTC_Display: Abnormal voltage: 0mV
01-01 17:03:10.339 0 0 E DTC_Display: screen not ready
03-22 10:38:22.191 0 0 I auditd : type=1400 audit(0.0:20271): avc: denied { kill } for comm="swapper/3" capability=5 scontext=u:r:kernel:s0 tcontext=u:r:kernel:s0 tclass=capability permissive=0
03-22 10:38:23.191 0 0 I auditd : type=1400 audit(0.0:20272): avc: denied { kill } for comm="swapper/3" capability=5 scontext=u:r:kernel:s0 tcontext=u:r:kernel:s0 tclass=capability permissive=0
01-01 17:03:12.419 0 0 E DTC_ETH,link_delay_work_func: 3003, SQI=0, link=0
03-22 10:38:24.187 0 0 I auditd : type=1400 audit(0.0:20273): avc: denied { kill } for comm="swapper/3" capability=5 scontext=u:r:kernel:s0 tcontext=u:r:kernel:s0 tclass=capability permissive=0
03-22 10:38:25.191 0 0 I auditd : type=1400 audit(0.0:20274): avc: denied { kill } for comm="swapper/3" capability=5 scontext=u:r:kernel:s0 tcontext=u:r:kernel:s0 tclass=capability permissive=0
03-22 10:38:26.191 0 0 I auditd : type=1400 audit(0.0:20275): avc: denied { kill } for comm="swapper/3" capability=5 scontext=u:r:kernel:s0 tcontext=u:r:kernel:s0 tclass=capability permissive=0
03-22 10:38:27.187 0 0 I auditd : type=1400 audit(0.0:20276): avc: denied { kill } for comm="swapper/2" capability=5 scontext=u:r:kernel:s0 tcontext=u:r:kernel:s0 tclass=capability permissive=0
03-22 10:38:28.191 0 0 I auditd : type=1400 audit(0.0:20277): avc: denied { kill } for comm="swapper/2" capability=5 scontext=u:r:kernel:s0 tcontext=u:r:kernel:s0 tclass=capability permissive=0
01-01 17:03:17.539 0 0 E DTC_ETH,link_delay_work_func: 3003, SQI=0, link=0
03-22 10:38:29.191 0 0 I auditd : type=1400 audit(0.0:20278): avc: denied { kill } for comm="swapper/2" capability=5 scontext=u:r:kernel:s0 tcontext=u:r:kernel:s0 tclass=capability permissive=0
01-01 17:03:18.404 0 0 E DTC_Display: screen not ready
03-22 10:38:30.191 0 0 I auditd : type=1400 audit(0.0:20279): avc: denied { kill } for comm="swapper/2" capability=5 scontext=u:r:kernel:s0 tcontext=u:r:kernel:s0 tclass=capability permissive=0
03-22 10:38:31.191 0 0 I auditd : type=1400 audit(0.0:20280): avc: denied { kill } for comm="swapper/2" capability=5 scontext=u:r:kernel:s0 tcontext=u:r:kernel:s0 tclass=capability permissive=0
03-22 10:38:32.191 0 0 I auditd : type=1400 audit(0.0:20281): avc: denied { kill } for comm="swapper/2" capability=5 scontext=u:r:kernel:s0 tcontext=u:r:kernel:s0 tclass=capability permissive=0
03-22 10:38:33.191 0 0 I auditd : type=1400 audit(0.0:20282): avc: denied { kill } for comm="swapper/2" capability=5 scontext=u:r:kernel:s0 tcontext=u:r:kernel:s0 tclass=capability permissive=0
01-01 17:03:22.659 0 0 E DTC_ETH,link_delay_work_func: 3003, SQI=0, link=0
03-22 10:38:34.187 0 0 I auditd : type=1400 audit(0.0:20283): avc: denied { kill } for comm="swapper/2" capability=5 scontext=u:r:kernel:s0 tcontext=u:r:kernel:s0 tclass=capability permissive=0
03-22 10:38:35.187 0 0 I auditd : type=1400 audit(0.0:20284): avc: denied { kill } for comm="swapper/2" capability=5 scontext=u:r:kernel:s0 tcontext=u:r:kernel:s0 tclass=capability permissive=0
03-22 10:38:36.191 0 0 I auditd : type=1400 audit(0.0:20285): avc: denied { kill } for comm="swapper/2" capability=5 scontext=u:r:kernel:s0 tcontext=u:r:kernel:s0 tclass=capability permissive=0
03-22 10:38:37.187 0 0 I auditd : type=1400 audit(0.0:20286): avc: denied { kill } for comm="swapper/2" capability=5 scontext=u:r:kernel:s0 tcontext=u:r:kernel:s0 tclass=capability permissive=0
01-01 17:03:26.467 0 0 E DTC_Display: screen not ready
03-22 10:38:38.191 0 0 I auditd : type=1400 audit(0.0:20287): avc: denied { kill } for comm="swapper/2" capability=5 scontext=u:r:kernel:s0 tcontext=u:r:kernel:s0 tclass=capability permissive=0
01-01 17:03:27.779 0 0 E DTC_ETH,link_delay_work_func: 3003, SQI=0, link=0
03-22 10:38:39.187 0 0 I auditd : type=1400 audit(0.0:20288): avc: denied { kill } for comm="swapper/2" capability=5 scontext=u:r:kernel:s0 tcontext=u:r:kernel:s0 tclass=capability permissive=0
03-22 10:38:40.191 0 0 I auditd : type=1400 audit(0.0:20289): avc: denied { kill } for comm="swapper/2" capability=5 scontext=u:r:kernel:s0 tcontext=u:r:kernel:s0 tclass=capability permissive=0
03-22 10:38:41.191 0 0 I auditd : type=1400 audit(0.0:20290): avc: denied { kill } for comm="swapper/2" capability=5 scontext=u:r:kernel:s0 tcontext=u:r:kernel:s0 tclass=capability permissive=0
03-22 10:38:42.187 0 0 I auditd : type=1400 audit(0.0:20291): avc: denied { kill } for comm="swapper/2" capability=5 scontext=u:r:kernel:s0 tcontext=u:r:kernel:s0 tclass=capability permissive=0
03-22 10:38:43.191 0 0 I auditd : type=1400 audit(0.0:20292): avc: denied { kill } for comm="swapper/2" capability=5 scontext=u:r:kernel:s0 tcontext=u:r:kernel:s0 tclass=capability permissive=0
01-01 17:03:32.899 0 0 E DTC_ETH,link_delay_work_func: 3003, SQI=0, link=0
03-22 10:38:44.187 0 0 I auditd : type=1400 audit(0.0:20293): avc: denied { kill } for comm="swapper/2" capability=5 scontext=u:r:kernel:s0 tcontext=u:r:kernel:s0 tclass=capability permissive=0
03-22 10:38:45.191 0 0 I auditd : type=1400 audit(0.0:20294): avc: denied { kill } for comm="swapper/2" capability=5 scontext=u:r:kernel:s0 tcontext=u:r:kernel:s0 tclass=capability permissive=0
01-01 17:03:34.531 0 0 E DTC_Display: Abnormal voltage: 0mV
01-01 17:03:34.531 0 0 E DTC_Display: screen not ready
03-22 10:38:46.191 0 0 I auditd : type=1400 audit(0.0:20295): avc: denied { kill } for comm="swapper/2" capability=5 scontext=u:r:kernel:s0 tcontext=u:r:kernel:s0 tclass=capability permissive=0
03-22 10:38:47.191 0 0 I auditd : type=1400 audit(0.0:20296): avc: denied { kill } for comm="swapper/2" capability=5 scontext=u:r:kernel:s0 tcontext=u:r:kernel:s0 tclass=capability permissive=0
03-22 10:38:48.187 0 0 I auditd : type=1400 audit(0.0:20297): avc: denied { kill } for comm="swapper/2" capability=5 scontext=u:r:kernel:s0 tcontext=u:r:kernel:s0 tclass=capability permissive=0
01-01 17:03:38.019 0 0 E DTC_ETH,link_delay_work_func: 3003, SQI=0, link=0
03-22 10:38:49.187 0 0 I auditd : type=1400 audit(0.0:20298): avc: denied { kill } for comm="swapper/2" capability=5 scontext=u:r:kernel:s0 tcontext=u:r:kernel:s0 tclass=capability permissive=0
03-22 10:38:50.187 0 0 I auditd : type=1400 audit(0.0:20299): avc: denied { kill } for comm="swapper/2" capability=5 scontext=u:r:kernel:s0 tcontext=u:r:kernel:s0 tclass=capability permissive=0
03-22 10:38:51.187 0 0 I auditd : type=1400 audit(0.0:20300): avc: denied { kill } for comm="swapper/2" capability=5 scontext=u:r:kernel:s0 tcontext=u:r:kernel:s0 tclass=capability permissive=0
03-22 10:38:52.191 0 0 I auditd : type=1400 audit(0.0:20301): avc: denied { kill } for comm="swapper/2" capability=5 scontext=u:r:kernel:s0 tcontext=u:r:kernel:s0 tclass=capability permissive=0
03-22 10:38:53.191 0 0 I auditd : type=1400 audit(0.0:20302): avc: denied { kill } for comm="swapper/2" capability=5 scontext=u:r:kernel:s0 tcontext=u:r:kernel:s0 tclass=capability permissive=0
01-01 17:03:42.596 0 0 E DTC_Display: screen not ready
01-01 17:03:43.139 0 0 E DTC_ETH,link_delay_work_func: 3003, SQI=0, link=0
03-22 10:38:54.191 0 0 I auditd : type=1400 audit(0.0:20303): avc: denied { kill } for comm="swapper/2" capability=5 scontext=u:r:kernel:s0 tcontext=u:r:kernel:s0 tclass=capability permissive=0
03-22 10:38:55.191 0 0 I auditd : type=1400 audit(0.0:20304): avc: denied { kill } for comm="swapper/2" capability=5 scontext=u:r:kernel:s0 tcontext=u:r:kernel:s0 tclass=capability permissive=0
03-22 10:38:56.191 0 0 I auditd : type=1400 audit(0.0:20305): avc: denied { kill } for comm="swapper/2" capability=5 scontext=u:r:kernel:s0 tcontext=u:r:kernel:s0 tclass=capability permissive=0
03-22 10:38:57.187 0 0 I auditd : type=1400 audit(0.0:20306): avc: denied { kill } for comm="swapper/2" capability=5 scontext=u:r:kernel:s0 tcontext=u:r:kernel:s0 tclass=capability permissive=0
03-22 10:38:58.187 0 0 I auditd : type=1400 audit(0.0:20307): avc: denied { kill } for comm="swapper/2" capability=5 scontext=u:r:kernel:s0 tcontext=u:r:kernel:s0 tclass=capability permissive=0
01-01 17:03:48.259 0 0 E DTC_ETH,link_delay_work_func: 3003, SQI=0, link=0
03-22 10:38:59.191 0 0 I auditd : type=1400 audit(0.0:20308): avc: denied { kill } for comm="swapper/2" capability=5 scontext=u:r:kernel:s0 tcontext=u:r:kernel:s0 tclass=capability permissive=0
03-22 10:39:00.191 0 0 I auditd : type=1400 audit(0.0:20309): avc: denied { kill } for comm="swapper/2" capability=5 scontext=u:r:kernel:s0 tcontext=u:r:kernel:s0 tclass=capability permissive=0
03-22 10:39:01.191 0 0 I auditd : type=1400 audit(0.0:20310): avc: denied { kill } for comm="swapper/2" capability=5 scontext=u:r:kernel:s0 tcontext=u:r:kernel:s0 tclass=capability permissive=0
01-01 17:03:50.659 0 0 E DTC_Display: screen not ready
03-22 10:39:02.187 0 0 I auditd : type=1400 audit(0.0:20311): avc: denied { kill } for comm="swapper/2" capability=5 scontext=u:r:kernel:s0 tcontext=u:r:kernel:s0 tclass=capability permissive=0
01-01 17:03:51.685 0 0 I msm_vidc: err : ffffffff: .....: DBLP Set: status 0
03-22 10:39:03.187 0 0 I auditd : type=1400 audit(0.0:20312): avc: denied { kill } for comm="swapper/2" capability=5 scontext=u:r:kernel:s0 tcontext=u:r:kernel:s0 tclass=capability permissive=0
03-22 10:39:04.187 0 0 I auditd : type=1400 audit(0.0:20313): avc: denied { kill } for comm="swapper/2" capability=5 scontext=u:r:kernel:s0 tcontext=u:r:kernel:s0 tclass=capability permissive=0
01-01 17:03:53.379 0 0 E DTC_ETH,link_delay_work_func: 3003, SQI=0, link=0
03-22 10:39:05.187 0 0 I auditd : type=1400 audit(0.0:20314): avc: denied { kill } for comm="swapper/2" capability=5 scontext=u:r:kernel:s0 tcontext=u:r:kernel:s0 tclass=capability permissive=0
03-22 10:39:06.187 0 0 I auditd : type=1400 audit(0.0:20315): avc: denied { kill } for comm="swapper/2" capability=5 scontext=u:r:kernel:s0 tcontext=u:r:kernel:s0 tclass=capability permissive=0
03-22 10:39:07.191 0 0 I auditd : type=1400 audit(0.0:20316): avc: denied { kill } for comm="swapper/2" capability=5 scontext=u:r:kernel:s0 tcontext=u:r:kernel:s0 tclass=capability permissive=0
03-22 10:39:08.191 0 0 I auditd : type=1400 audit(0.0:20317): avc: denied { kill } for comm="swapper/2" capability=5 scontext=u:r:kernel:s0 tcontext=u:r:kernel:s0 tclass=capability permissive=0
03-22 10:39:09.191 0 0 I auditd : type=1400 audit(0.0:20318): avc: denied { kill } for comm="swapper/2" capability=5 scontext=u:r:kernel:s0 tcontext=u:r:kernel:s0 tclass=capability permissive=0
01-01 17:03:58.499 0 0 E DTC_ETH,link_delay_work_func: 3003, SQI=0, link=0
01-01 17:03:58.723 0 0 E DTC_Display: screen not ready
03-22 10:39:10.191 0 0 I auditd : type=1400 audit(0.0:20319): avc: denied { kill } for comm="swapper/2" capability=5 scontext=u:r:kernel:s0 tcontext=u:r:kernel:s0 tclass=capability permissive=0
03-22 10:39:11.187 0 0 I auditd : type=1400 audit(0.0:20320): avc: denied { kill } for comm="swapper/2" capability=5 scontext=u:r:kernel:s0 tcontext=u:r:kernel:s0 tclass=capability permissive=0
