03-22 11:03:39.431 1512 11965 W ActivityManager: Background start not allowed: service Intent { cmp=com.tencent.qqmusic/.common.ipc.MusicIPCService } to com.tencent.qqmusic/.common.ipc.MusicIPCService from pid=6447 uid=10102 pkg=com.tencent.qqmusic startFg?=false
03-22 11:03:39.533 1512 11965 W ActivityManager: Background start not allowed: service Intent { cmp=com.tencent.qqmusic/.common.ipc.MusicIPCService } to com.tencent.qqmusic/.common.ipc.MusicIPCService from pid=6447 uid=10102 pkg=com.tencent.qqmusic startFg?=false
03-22 11:03:39.676 1512 11965 W ActivityManager: Background start not allowed: service Intent { cmp=com.tencent.qqmusic/.common.ipc.MusicIPCService } to com.tencent.qqmusic/.common.ipc.MusicIPCService from pid=6447 uid=10102 pkg=com.tencent.qqmusic startFg?=false
03-22 11:03:39.816 1512 11965 W ActivityManager: Background start not allowed: service Intent { cmp=com.tencent.qqmusic/.common.ipc.MusicIPCService } to com.tencent.qqmusic/.common.ipc.MusicIPCService from pid=6447 uid=10102 pkg=com.tencent.qqmusic startFg?=false
03-22 11:03:39.831 1512 1618 I am_pss : [2573,10076,com.android.launcher3,253411328,240320512,48128,382066688,0,2,24]
03-22 11:03:39.959 1512 11965 W ActivityManager: Background start not allowed: service Intent { cmp=com.tencent.qqmusic/.common.ipc.MusicIPCService } to com.tencent.qqmusic/.common.ipc.MusicIPCService from pid=6447 uid=10102 pkg=com.tencent.qqmusic startFg?=false
03-22 11:03:40.103 1512 11965 W ActivityManager: Background start not allowed: service Intent { cmp=com.tencent.qqmusic/.common.ipc.MusicIPCService } to com.tencent.qqmusic/.common.ipc.MusicIPCService from pid=6447 uid=10102 pkg=com.tencent.qqmusic startFg?=false
03-22 11:03:40.191 0 0 I auditd : type=1400 audit(0.0:21958): avc: denied { kill } for comm="swapper/1" capability=5 scontext=u:r:kernel:s0 tcontext=u:r:kernel:s0 tclass=capability permissive=0
03-22 11:03:40.208 1512 11965 W ActivityManager: Background start not allowed: service Intent { cmp=com.tencent.qqmusic/.common.ipc.MusicIPCService } to com.tencent.qqmusic/.common.ipc.MusicIPCService from pid=6447 uid=10102 pkg=com.tencent.qqmusic startFg?=false
03-22 11:03:41.085 1512 1697 I input_interaction: Interaction with: a81a7d0 com.android.launcher3/com.android.launcher3.uioverrides.QuickstepLauncher (server), d87d679 com.android.systemui.ImageWallpaper (server), swipe-up (server), edge-swipe (server), PointerEventDispatcher0 (server),
03-22 11:03:42.187 0 0 I auditd : type=1400 audit(0.0:21959): avc: denied { kill } for comm="swapper/1" capability=5 scontext=u:r:kernel:s0 tcontext=u:r:kernel:s0 tclass=capability permissive=0
03-22 11:03:42.330 1512 11966 I thunderperf: PlatormCompat.setOverrides: Uid1=10076 Pid1=2573 Uid2=10076 Pid2=2573
03-22 11:03:42.330 1512 11966 I thunderperf: PlatormCompat.setOverrides: needCheck:false
03-22 11:03:42.331 1512 11966 I thunderperf: CompatConfig.addOverrideUnsafe: bef-state=1
03-22 11:03:42.331 1512 11966 E thunderperf: CompatConfig.addOverrideUnsafe: exception:java.lang.SecurityException: Cannot override a change on a non-debuggable app and user build.
03-22 11:03:42.331 1512 11966 I thunderperf: CompatConfig.addOverrideUnsafe: aft-state=1
03-22 11:03:42.332 1512 11966 I thunderperf: CompatConfig.addOverrideUnsafe: bef-state=1
03-22 11:03:42.333 1512 11966 E thunderperf: CompatConfig.addOverrideUnsafe: exception:java.lang.SecurityException: Cannot override a change on a non-debuggable app and user build.
03-22 11:03:42.333 1512 11966 I thunderperf: CompatConfig.addOverrideUnsafe: aft-state=1
03-22 11:03:42.333 1512 11966 I thunderperf: CompatConfig.addOverrideUnsafe: bef-state=1
03-22 11:03:42.333 1512 11966 E thunderperf: CompatConfig.addOverrideUnsafe: exception:java.lang.SecurityException: Cannot override a change on a non-debuggable app and user build.
03-22 11:03:42.333 1512 11966 I thunderperf: CompatConfig.addOverrideUnsafe: aft-state=1
03-22 11:03:42.334 1512 11966 I thunderperf: CompatConfig.addOverrideUnsafe: bef-state=1
03-22 11:03:42.335 1512 11966 E thunderperf: CompatConfig.addOverrideUnsafe: exception:java.lang.SecurityException: Cannot override a change on a non-debuggable app and user build.
03-22 11:03:42.335 1512 11966 I thunderperf: CompatConfig.addOverrideUnsafe: aft-state=1
03-22 11:03:42.335 1512 11966 I thunderperf: CompatConfig.addOverrideUnsafe: bef-state=1
03-22 11:03:42.336 1512 11966 E thunderperf: CompatConfig.addOverrideUnsafe: exception:java.lang.SecurityException: Cannot override a change on a non-debuggable app and user build.
03-22 11:03:42.336 1512 11966 I thunderperf: CompatConfig.addOverrideUnsafe: aft-state=1
03-22 11:03:42.336 1512 11966 I thunderperf: CompatConfig.addOverrideUnsafe: bef-state=1
03-22 11:03:42.337 1512 11966 E thunderperf: CompatConfig.addOverrideUnsafe: exception:java.lang.SecurityException: Cannot override a change on a non-debuggable app and user build.
03-22 11:03:42.337 1512 11966 I thunderperf: CompatConfig.addOverrideUnsafe: aft-state=1
03-22 11:03:42.337 1512 11966 I thunderperf: CompatConfig.addOverrideUnsafe: bef-state=1
03-22 11:03:42.337 1512 11966 E thunderperf: CompatConfig.addOverrideUnsafe: exception:java.lang.SecurityException: Cannot override a change on a non-debuggable app and user build.
03-22 11:03:42.337 1512 11966 I thunderperf: CompatConfig.addOverrideUnsafe: aft-state=1
03-22 11:03:42.338 1512 11966 I thunderperf: CompatConfig.addOverrideUnsafe: bef-state=1
03-22 11:03:42.338 1512 11966 E thunderperf: CompatConfig.addOverrideUnsafe: exception:java.lang.SecurityException: Cannot override a change on a non-debuggable app and user build.
03-22 11:03:42.338 1512 11966 I thunderperf: CompatConfig.addOverrideUnsafe: aft-state=1
03-22 11:03:42.339 1512 11966 I thunderperf: CompatConfig.addOverrideUnsafe: bef-state=1
03-22 11:03:42.339 1512 11966 E thunderperf: CompatConfig.addOverrideUnsafe: exception:java.lang.SecurityException: Cannot override a change on a non-debuggable app and user build.
03-22 11:03:42.339 1512 11966 I thunderperf: CompatConfig.addOverrideUnsafe: aft-state=1
03-22 11:03:42.340 1512 11966 I thunderperf: CompatConfig.addOverrideUnsafe: bef-state=1
03-22 11:03:42.340 1512 11966 E thunderperf: CompatConfig.addOverrideUnsafe: exception:java.lang.SecurityException: Cannot override a change on a non-debuggable app and user build.
03-22 11:03:42.340 1512 11966 I thunderperf: CompatConfig.addOverrideUnsafe: aft-state=1
03-22 11:03:42.341 1512 11966 I thunderperf: CompatConfig.addOverrideUnsafe: bef-state=1
03-22 11:03:42.341 1512 11966 E thunderperf: CompatConfig.addOverrideUnsafe: exception:java.lang.SecurityException: Cannot override a change on a non-debuggable app and user build.
03-22 11:03:42.341 1512 11966 I thunderperf: CompatConfig.addOverrideUnsafe: aft-state=1
03-22 11:03:42.342 1512 11966 I thunderperf: CompatConfig.addOverrideUnsafe: bef-state=1
03-22 11:03:42.342 1512 11966 E thunderperf: CompatConfig.addOverrideUnsafe: exception:java.lang.SecurityException: Cannot override a change on a non-debuggable app and user build.
03-22 11:03:42.342 1512 11966 I thunderperf: CompatConfig.addOverrideUnsafe: aft-state=1
03-22 11:03:42.342 1512 11966 I thunderperf: CompatConfig.addOverrideUnsafe: bef-state=1
03-22 11:03:42.343 1512 11966 E thunderperf: CompatConfig.addOverrideUnsafe: exception:java.lang.SecurityException: Cannot override a change on a non-debuggable app and user build.
03-22 11:03:42.343 1512 11966 I thunderperf: CompatConfig.addOverrideUnsafe: aft-state=1
03-22 11:03:42.343 1512 11966 I thunderperf: CompatConfig.addOverrideUnsafe: bef-state=1
03-22 11:03:42.344 1512 11966 E thunderperf: CompatConfig.addOverrideUnsafe: exception:java.lang.SecurityException: Cannot override a change on a non-debuggable app and user build.
03-22 11:03:42.344 1512 11966 I thunderperf: CompatConfig.addOverrideUnsafe: aft-state=1
03-22 11:03:42.350 1512 11966 I ActivityTaskManager: START u0 {act=android.intent.action.MAIN cat=[android.intent.category.LAUNCHER] flg=0x10200000 cmp=com.android.gallery3d/.app.GalleryActivity} from uid 10076
03-22 11:03:42.358 1512 11966 I wm_task_created: [113,-1]
03-22 11:03:42.358 1512 11966 W ActivityTaskManager: Can't find TaskDisplayArea to determine support for multi window. Task id=113 attached=false
03-22 11:03:42.359 1512 11966 D FreeFormWindowHelper: finish old freeform task = ActivityRecord{62d918b u0 com.android.music/.MusicBrowserActivity t101}
03-22 11:03:42.359 1512 11966 I wm_finish_activity: [0,103649675,101,com.android.music/.MusicBrowserActivity,app-request]
03-22 11:03:42.359 1512 11966 I wm_task_moved: [1,1,7]
03-22 11:03:42.360 1512 11966 I wm_set_resumed_activity: [0,com.android.launcher3/.uioverrides.QuickstepLauncher,positionChildAt]
03-22 11:03:42.360 1512 11966 I wm_task_moved: [32,1,2147483647]
03-22 11:03:42.360 1512 11966 I wm_task_to_front: [0,32]
03-22 11:03:42.360 18332 18332 I wm_on_top_resumed_lost_called: [103649675,com.android.music.MusicBrowserActivity,topStateChangedWhenResumed]
03-22 11:03:42.360 1512 11966 I wm_focused_root_task: [0,0,1,-1,finish-top adjustFocusToNextFocusableTask]
03-22 11:03:42.360 1512 11966 I wm_set_resumed_activity: [0,com.android.launcher3/.uioverrides.QuickstepLauncher,finish-top]
03-22 11:03:42.363 1512 11966 I wm_pause_activity: [0,103649675,com.android.music/.MusicBrowserActivity,userLeaving=false,finish]
03-22 11:03:42.363 1512 11966 D FreeFormWindowHelper: Add freeform task=Task{6edeb65 #113 type=standard ?? U=0 visible=false mode=freeform translucent=true sz=0}
03-22 11:03:42.364 1512 11966 D CompatibilityChangeReporter: Compat change id reported: 174042980; UID 10065; state: DISABLED
03-22 11:03:42.364 1512 11966 D CompatibilityChangeReporter: Compat change id reported: 184838306; UID 10065; state: DISABLED
03-22 11:03:42.365 1512 11966 D CompatibilityChangeReporter: Compat change id reported: 185004937; UID 10065; state: DISABLED
03-22 11:03:42.365 1512 11966 D CompatibilityChangeReporter: Compat change id reported: 181136395; UID 10065; state: DISABLED
03-22 11:03:42.365 1512 11966 D CompatibilityChangeReporter: Compat change id reported: 174042936; UID 10065; state: DISABLED
03-22 11:03:42.366 1512 11966 I wm_task_moved: [113,1,7]
03-22 11:03:42.366 1512 11966 I wm_task_to_front: [0,113]
03-22 11:03:42.366 1512 11966 I wm_focused_root_task: [0,0,113,1,reuseOrNewTask]
03-22 11:03:42.366 1512 11966 I wm_create_task: [0,113]
03-22 11:03:42.366 1512 11966 I wm_create_activity: [0,107659848,113,com.android.gallery3d/.app.GalleryActivity,android.intent.action.MAIN,NULL,NULL,270532608]
03-22 11:03:42.366 1512 11966 I wm_task_moved: [113,1,7]
03-22 11:03:42.368 18332 18332 I wm_on_paused_called: [103649675,com.android.music.MusicBrowserActivity,performPause]
03-22 11:03:42.368 1512 1611 I input_focus: [Focus request a81a7d0 com.android.launcher3/com.android.launcher3.uioverrides.QuickstepLauncher,reason=UpdateInputWindows]
03-22 11:03:42.368 1512 5223 I wm_add_to_stopping: [0,103649675,com.android.music/.MusicBrowserActivity,completeFinishing]
03-22 11:03:42.369 1512 5223 I ActivityTaskManager: FOREGROUND_APPLICATION_CHANGED to com.android.gallery3d.app.GalleryActivity
03-22 11:03:42.370 1512 5223 I ActivityTaskManager: clear resize flag in freeform mode
03-22 11:03:42.374 1512 1697 I input_focus: [Focus leaving 387465e com.android.music/com.android.music.MusicBrowserActivity (server),reason=NO_WINDOW]
03-22 11:03:42.374 1512 1697 I input_focus: [Focus entering a81a7d0 com.android.launcher3/com.android.launcher3.uioverrides.QuickstepLauncher (server),reason=setFocusedWindow]
03-22 11:03:42.374 1512 1610 I am_uid_running: 10065
03-22 11:03:42.375 1512 1610 D CompatibilityChangeReporter: Compat change id reported: 135634846; UID 10065; state: DISABLED
03-22 11:03:42.375 1512 1610 D CompatibilityChangeReporter: Compat change id reported: 177438394; UID 10065; state: DISABLED
03-22 11:03:42.375 1512 1610 D CompatibilityChangeReporter: Compat change id reported: 135772972; UID 10065; state: DISABLED
03-22 11:03:42.375 1512 1610 D CompatibilityChangeReporter: Compat change id reported: 135754954; UID 10065; state: DISABLED
03-22 11:03:42.375 1512 1610 I sysui_multi_action: [757,803,799,window_time_0,802,14]
03-22 11:03:42.375 1512 1620 D CompatibilityChangeReporter: Compat change id reported: 143937733; UID 10065; state: DISABLED
03-22 11:03:42.380 1512 1620 I am_proc_start: [0,6785,10065,com.android.gallery3d,top-activity,{com.android.gallery3d/com.android.gallery3d.app.GalleryActivity}]
03-22 11:03:42.380 1512 1620 I ActivityManager: Start proc 6785:com.android.gallery3d/u0a65 for top-activity {com.android.gallery3d/com.android.gallery3d.app.GalleryActivity}
01-01 17:28:31.486 0 0 W perfetto: enabled ftrace
01-01 17:28:31.493 0 0 I binder : 6785:6785 ioctl 40046210 7fff294234 returned -22
03-22 11:03:42.394 1512 11966 I am_proc_bound: [0,6785,com.android.gallery3d]
03-22 11:03:42.396 1512 11966 I wm_restart_activity: [0,107659848,113,com.android.gallery3d/.app.GalleryActivity]
03-22 11:03:42.396 1512 11966 I wm_set_resumed_activity: [0,com.android.gallery3d/.app.GalleryActivity,minimalResumeActivityLocked]
03-22 11:03:42.397 1512 1610 I am_uid_active: 10065
03-22 11:03:42.428 6785 6785 I wm_on_create_called: [107659848,com.android.gallery3d.app.GalleryActivity,performCreate]
03-22 11:03:42.430 6785 6785 I wm_on_start_called: [107659848,com.android.gallery3d.app.GalleryActivity,handleStartActivity]
03-22 11:03:42.432 6785 6785 I wm_on_resume_called: [107659848,com.android.gallery3d.app.GalleryActivity,RESUME_ACTIVITY]
03-22 11:03:42.433 1512 11766 D CompatibilityChangeReporter: Compat change id reported: 149924527; UID 10065; state: ENABLED
03-22 11:03:42.433 1512 11766 D CompatibilityChangeReporter: Compat change id reported: 132649864; UID 10065; state: DISABLED
03-22 11:03:42.434 1512 11766 D CompatibilityChangeReporter: Compat change id reported: 182734110; UID 10065; state: DISABLED
03-22 11:03:42.436 6785 6785 I wm_on_top_resumed_gained_called: [107659848,com.android.gallery3d.app.GalleryActivity,topStateChangedWhenResumed]
03-22 11:03:42.441 1512 11965 W WindowManager: updateScale : 0.8
03-22 11:03:42.443 1512 1611 I input_focus: [Focus request 570b4cb com.android.gallery3d/com.android.gallery3d.app.GalleryActivity,reason=UpdateInputWindows]
01-01 17:28:31.556 0 0 I binder : 6785:6805 ioctl 40046210 7325a4ec94 returned -22
03-22 11:03:42.472 1512 1697 I input_focus: [Focus leaving a81a7d0 com.android.launcher3/com.android.launcher3.uioverrides.QuickstepLauncher (server),reason=Waiting for window because NOT_VISIBLE]
03-22 11:03:42.474 1512 11766 W FreeFormWindowHelper: Current Display FreeFormTask is Task{6edeb65 #113 type=standard A=10065:com.android.gallery3d U=0 visible=true mode=freeform translucent=false sz=1}
03-22 11:03:42.474 1512 11766 W FreeFormWindowHelper: Current Display FreeFormTask is Task{6edeb65 #113 type=standard A=10065:com.android.gallery3d U=0 visible=true mode=freeform translucent=false sz=1}
03-22 11:03:42.487 1512 1611 W WindowManager: updateScale : 0.8
03-22 11:03:42.490 1512 1611 W WindowManager: updateScale : 0.8
03-22 11:03:42.491 1512 1611 W WindowManager: updateScale : 0.8
03-22 11:03:42.492 1512 1607 I sysui_multi_action: [319,139,322,139,325,30145,757,761,758,7,759,2,806,com.android.gallery3d,871,com.android.gallery3d.app.GalleryActivity,904,com.android.launcher3,905,0,945,45,1320,8,1321,5]
03-22 11:03:42.493 1512 1607 I wm_activity_launch_time: [0,107659848,com.android.gallery3d/.app.GalleryActivity,139]
03-22 11:03:42.505 1512 1697 I input_focus: [Focus entering 570b4cb com.android.gallery3d/com.android.gallery3d.app.GalleryActivity (server),reason=Window became focusable. Previous reason: NOT_VISIBLE]
01-01 17:28:31.682 0 0 I msm_vidc: high: 00000002: ....d: Opening video instance: 0000000000000000, 1
01-01 17:28:31.682 0 0 I msm_vidc: err : 00000002: ....d: Failed to create debugfs for msm_vidc
01-01 17:28:31.721 0 0 I msm_vidc: high: 00000002: h264d: Closed video instance: 0000000000000000
03-22 11:03:42.772 1512 1611 W WindowManager: updateScale : 0.8
03-22 11:03:42.773 1512 1610 I wm_destroy_activity: [0,103649675,101,com.android.music/.MusicBrowserActivity,finish-imm:idle]
03-22 11:03:42.788 1512 5088 W WindowManager: updateScale : 0.8
03-22 11:03:42.790 1512 5088 W ActivityManager: Receiver with filter android.content.IntentFilter@fafc977 already registered for pid 18332, callerPackage is com.android.music
03-22 11:03:42.791 18332 18332 I wm_on_stop_called: [103649675,com.android.music.MusicBrowserActivity,LIFECYCLER_STOP_ACTIVITY]
03-22 11:03:42.792 18332 18332 I wm_on_destroy_called: [103649675,com.android.music.MusicBrowserActivity,performDestroy]
03-22 11:03:42.793 1512 5088 W WindowManager: updateScale : 0.8
03-22 11:03:42.794 1512 5088 I wm_task_removed: [101,removeChild:removeChild last r=ActivityRecord{62d918b u0 com.android.music/.MusicBrowserActivity t-1 f}} in t=Task{4bef1f1 #101 type=standard A=10082:android.task.music U=0 visible=false mode=freeform translucent=true sz=0}]
03-22 11:03:42.794 1512 5088 I wm_task_removed: [101,removeChild]
03-22 11:03:43.187 0 0 I auditd : type=1400 audit(0.0:21960): avc: denied { kill } for comm="swapper/1" capability=5 scontext=u:r:kernel:s0 tcontext=u:r:kernel:s0 tclass=capability permissive=0
01-01 17:28:33.059 0 0 E DTC_ETH,link_delay_work_func: 3003, SQI=0, link=0
03-22 11:03:44.191 0 0 I auditd : type=1400 audit(0.0:21961): avc: denied { kill } for comm="swapper/1" capability=5 scontext=u:r:kernel:s0 tcontext=u:r:kernel:s0 tclass=capability permissive=0
03-22 11:03:45.191 0 0 I auditd : type=1400 audit(0.0:21962): avc: denied { kill } for comm="swapper/1" capability=5 scontext=u:r:kernel:s0 tcontext=u:r:kernel:s0 tclass=capability permissive=0
03-22 11:03:46.187 0 0 I auditd : type=1400 audit(0.0:21963): avc: denied { kill } for comm="swapper/1" capability=5 scontext=u:r:kernel:s0 tcontext=u:r:kernel:s0 tclass=capability permissive=0
03-22 11:03:47.187 0 0 I auditd : type=1400 audit(0.0:21964): avc: denied { kill } for comm="swapper/0" capability=5 scontext=u:r:kernel:s0 tcontext=u:r:kernel:s0 tclass=capability permissive=0
01-01 17:28:36.331 0 0 E DTC_Display: screen not ready
01-01 17:28:36.487 0 0 W perfetto: disabled ftrace
03-22 11:03:47.392 1162 6780 I iorapd : Perfetto TraceBuffer saved to file: /data/misc/iorapd/com.android.gallery3d/40030/com.android.gallery3d.app.GalleryActivity/raw_traces/1679454227390040324.perfetto_trace.pb
03-22 11:03:48.191 0 0 I auditd : type=1400 audit(0.0:21965): avc: denied { kill } for comm="swapper/0" capability=5 scontext=u:r:kernel:s0 tcontext=u:r:kernel:s0 tclass=capability permissive=0
01-01 17:28:38.179 0 0 E DTC_ETH,link_delay_work_func: 3003, SQI=0, link=0
03-22 11:03:49.187 0 0 I auditd : type=1400 audit(0.0:21966): avc: denied { kill } for comm="swapper/0" capability=5 scontext=u:r:kernel:s0 tcontext=u:r:kernel:s0 tclass=capability permissive=0
03-22 11:03:50.187 0 0 I auditd : type=1400 audit(0.0:21967): avc: denied { kill } for comm="swapper/0" capability=5 scontext=u:r:kernel:s0 tcontext=u:r:kernel:s0 tclass=capability permissive=0
03-22 11:03:51.187 0 0 I auditd : type=1400 audit(0.0:21968): avc: denied { kill } for comm="swapper/0" capability=5 scontext=u:r:kernel:s0 tcontext=u:r:kernel:s0 tclass=capability permissive=0
03-22 11:03:52.191 0 0 I auditd : type=1400 audit(0.0:21969): avc: denied { kill } for comm="swapper/0" capability=5 scontext=u:r:kernel:s0 tcontext=u:r:kernel:s0 tclass=capability permissive=0
03-22 11:03:53.187 0 0 I auditd : type=1400 audit(0.0:21970): avc: denied { kill } for comm="swapper/0" capability=5 scontext=u:r:kernel:s0 tcontext=u:r:kernel:s0 tclass=capability permissive=0
03-22 11:03:54.191 0 0 I auditd : type=1400 audit(0.0:21971): avc: denied { kill } for comm="swapper/0" capability=5 scontext=u:r:kernel:s0 tcontext=u:r:kernel:s0 tclass=capability permissive=0
01-01 17:28:43.299 0 0 E DTC_ETH,link_delay_work_func: 3003, SQI=0, link=0
03-22 11:03:55.187 0 0 I auditd : type=1400 audit(0.0:21972): avc: denied { kill } for comm="swapper/0" capability=5 scontext=u:r:kernel:s0 tcontext=u:r:kernel:s0 tclass=capability permissive=0
01-01 17:28:44.387 0 0 E DTC_Display: Abnormal voltage: 0mV
01-01 17:28:44.387 0 0 E DTC_Display: screen not ready
03-22 11:03:56.191 0 0 I auditd : type=1400 audit(0.0:21973): avc: denied { kill } for comm="swapper/0" capability=5 scontext=u:r:kernel:s0 tcontext=u:r:kernel:s0 tclass=capability permissive=0
03-22 11:03:57.191 0 0 I auditd : type=1400 audit(0.0:21974): avc: denied { kill } for comm="swapper/0" capability=5 scontext=u:r:kernel:s0 tcontext=u:r:kernel:s0 tclass=capability permissive=0
01-01 17:28:46.507 0 0 I binder : 6447:6525 ioctl 40046210 73064231c4 returned -22
03-22 11:03:58.187 0 0 I auditd : type=1400 audit(0.0:21975): avc: denied { kill } for comm="swapper/0" capability=5 scontext=u:r:kernel:s0 tcontext=u:r:kernel:s0 tclass=capability permissive=0
03-22 11:03:59.187 0 0 I auditd : type=1400 audit(0.0:21976): avc: denied { kill } for comm="swapper/0" capability=5 scontext=u:r:kernel:s0 tcontext=u:r:kernel:s0 tclass=capability permissive=0
01-01 17:28:48.419 0 0 E DTC_ETH,link_delay_work_func: 3003, SQI=0, link=0
03-22 11:04:00.187 0 0 I auditd : type=1400 audit(0.0:21977): avc: denied { kill } for comm="swapper/0" capability=5 scontext=u:r:kernel:s0 tcontext=u:r:kernel:s0 tclass=capability permissive=0
03-22 11:04:01.191 0 0 I auditd : type=1400 audit(0.0:21978): avc: denied { kill } for comm="swapper/0" capability=5 scontext=u:r:kernel:s0 tcontext=u:r:kernel:s0 tclass=capability permissive=0
03-22 11:04:02.191 0 0 I auditd : type=1400 audit(0.0:21979): avc: denied { kill } for comm="swapper/0" capability=5 scontext=u:r:kernel:s0 tcontext=u:r:kernel:s0 tclass=capability permissive=0
01-01 17:28:51.717 0 0 I msm_vidc: err : ffffffff: .....: DBLP Set: status 0
03-22 11:04:03.191 0 0 I auditd : type=1400 audit(0.0:21980): avc: denied { kill } for comm="swapper/0" capability=5 scontext=u:r:kernel:s0 tcontext=u:r:kernel:s0 tclass=capability permissive=0
01-01 17:28:52.451 0 0 E DTC_Display: screen not ready
03-22 11:04:04.187 0 0 I auditd : type=1400 audit(0.0:21981): avc: denied { kill } for comm="swapper/0" capability=5 scontext=u:r:kernel:s0 tcontext=u:r:kernel:s0 tclass=capability permissive=0
01-01 17:28:53.539 0 0 E DTC_ETH,link_delay_work_func: 3003, SQI=0, link=0
03-22 11:04:05.191 0 0 I auditd : type=1400 audit(0.0:21982): avc: denied { kill } for comm="swapper/0" capability=5 scontext=u:r:kernel:s0 tcontext=u:r:kernel:s0 tclass=capability permissive=0
03-22 11:04:05.303 1512 1619 I am_uid_idle: 10081
03-22 11:04:06.191 0 0 I auditd : type=1400 audit(0.0:21983): avc: denied { kill } for comm="swapper/0" capability=5 scontext=u:r:kernel:s0 tcontext=u:r:kernel:s0 tclass=capability permissive=0
03-22 11:04:07.187 6445 6445 I auditd : type=1400 audit(0.0:21984): avc: denied { kill } for comm="kworker/u16:12" capability=5 scontext=u:r:kernel:s0 tcontext=u:r:kernel:s0 tclass=capability permissive=0
03-22 11:04:07.531 6447 6447 I auditd : type=1400 audit(0.0:21985): avc: granted { nlmsg_readpriv } for comm="tmesec-report" scontext=u:r:untrusted_app_29:s0:c102,c256,c512,c768 tcontext=u:r:untrusted_app_29:s0:c102,c256,c512,c768 tclass=netlink_route_socket app=com.tencent.qqmusic
03-22 11:04:07.553 1512 5088 D CompatibilityChangeReporter: Compat change id reported: 157233955; UID 10102; state: DISABLED
03-22 11:04:07.559 6447 6447 I auditd : type=1400 audit(0.0:21986): avc: denied { read } for comm="tmesec-report" name="u:object_r:oem_unlock_prop:s0" dev="tmpfs" ino=11544 scontext=u:r:untrusted_app_29:s0:c102,c256,c512,c768 tcontext=u:object_r:oem_unlock_prop:s0 tclass=file permissive=0 app=com.tencent.qqmusic
03-22 11:04:07.835 6447 6447 I auditd : type=1400 audit(0.0:21987): avc: granted { nlmsg_readpriv } for comm="tmesec-report" scontext=u:r:untrusted_app_29:s0:c102,c256,c512,c768 tcontext=u:r:untrusted_app_29:s0:c102,c256,c512,c768 tclass=netlink_route_socket app=com.tencent.qqmusic
03-22 11:04:07.855 6447 6447 I auditd : type=1400 audit(0.0:21988): avc: denied { read } for comm="tmesec-report" name="u:object_r:oem_unlock_prop:s0" dev="tmpfs" ino=11544 scontext=u:r:untrusted_app_29:s0:c102,c256,c512,c768 tcontext=u:object_r:oem_unlock_prop:s0 tclass=file permissive=0 app=com.tencent.qqmusic
03-22 11:04:08.187 0 0 I auditd : type=1400 audit(0.0:21989): avc: denied { kill } for comm="swapper/0" capability=5 scontext=u:r:kernel:s0 tcontext=u:r:kernel:s0 tclass=capability permissive=0
03-22 11:04:09.191 0 0 I auditd : type=1400 audit(0.0:21990): avc: denied { kill } for comm="swapper/0" capability=5 scontext=u:r:kernel:s0 tcontext=u:r:kernel:s0 tclass=capability permissive=0
01-01 17:28:58.659 0 0 E DTC_ETH,link_delay_work_func: 3003, SQI=0, link=0
03-22 11:04:10.191 0 0 I auditd : type=1400 audit(0.0:21991): avc: denied { kill } for comm="swapper/0" capability=5 scontext=u:r:kernel:s0 tcontext=u:r:kernel:s0 tclass=capability permissive=0
03-22 11:04:11.187 0 0 I auditd : type=1400 audit(0.0:21992): avc: denied { kill } for comm="swapper/0" capability=5 scontext=u:r:kernel:s0 tcontext=u:r:kernel:s0 tclass=capability permissive=0
01-01 17:29:00.523 0 0 E DTC_Display: screen not ready
03-22 11:04:12.187 0 0 I auditd : type=1400 audit(0.0:21993): avc: denied { kill } for comm="swapper/0" capability=5 scontext=u:r:kernel:s0 tcontext=u:r:kernel:s0 tclass=capability permissive=0
03-22 11:04:13.187 0 0 I auditd : type=1400 audit(0.0:21994): avc: denied { kill } for comm="swapper/0" capability=5 scontext=u:r:kernel:s0 tcontext=u:r:kernel:s0 tclass=capability permissive=0
03-22 11:04:14.187 0 0 I auditd : type=1400 audit(0.0:21995): avc: denied { kill } for comm="swapper/0" capability=5 scontext=u:r:kernel:s0 tcontext=u:r:kernel:s0 tclass=capability permissive=0
01-01 17:29:03.779 0 0 E DTC_ETH,link_delay_work_func: 3003, SQI=0, link=0
03-22 11:04:15.187 0 0 I auditd : type=1400 audit(0.0:21996): avc: denied { kill } for comm="swapper/0" capability=5 scontext=u:r:kernel:s0 tcontext=u:r:kernel:s0 tclass=capability permissive=0
03-22 11:04:15.265 1512 1697 I input_interaction: Interaction with: 570b4cb com.android.gallery3d/com.android.gallery3d.app.GalleryActivity (server), swipe-up (server), edge-swipe (server), PointerEventDispatcher0 (server),
03-22 11:04:15.404 1512 1612 I ActivityTaskManager: clear resize flag in freeform mode
03-22 11:04:15.405 1512 1612 W WindowManager: updateScale : 0.73669064
03-22 11:04:15.418 1512 5223 W WindowManager: updateScale : 0.6877698
03-22 11:04:15.421 1512 1612 I ActivityTaskManager: clear resize flag in freeform mode
03-22 11:04:15.421 1512 1612 W WindowManager: updateScale : 0.6877698
03-22 11:04:15.436 1512 1612 I ActivityTaskManager: clear resize flag in freeform mode
03-22 11:04:15.437 1512 1612 W WindowManager: updateScale : 0.64316547
03-22 11:04:15.450 1512 5223 W WindowManager: updateScale : 0.64316547
03-22 11:04:15.454 1512 1612 I ActivityTaskManager: clear resize flag in freeform mode
03-22 11:04:15.454 1512 1612 W WindowManager: updateScale : 0.60719424
03-22 11:04:15.464 1512 5223 W WindowManager: updateScale : 0.60719424
03-22 11:04:15.469 1512 1612 I ActivityTaskManager: clear resize flag in freeform mode
03-22 11:04:15.469 1512 1612 W WindowManager: updateScale : 0.57697845
03-22 11:04:15.481 1512 5223 W WindowManager: updateScale : 0.57697845
03-22 11:04:15.486 1512 1612 I ActivityTaskManager: clear resize flag in freeform mode
03-22 11:04:15.487 1512 1612 W WindowManager: updateScale : 0.5539568
03-22 11:04:15.503 1512 1612 I ActivityTaskManager: clear resize flag in freeform mode
03-22 11:04:15.504 1512 1612 W WindowManager: updateScale : 0.5352518
03-22 11:04:15.511 1512 5223 W WindowManager: updateScale : 0.5352518
03-22 11:04:15.519 1512 1612 I ActivityTaskManager: clear resize flag in freeform mode
03-22 11:04:15.520 1512 1612 W WindowManager: updateScale : 0.51942444
03-22 11:04:15.536 1512 1612 I ActivityTaskManager: clear resize flag in freeform mode
03-22 11:04:15.536 1512 1612 W WindowManager: updateScale : 0.50791365
03-22 11:04:15.550 1512 5223 W WindowManager: updateScale : 0.50791365
03-22 11:04:15.553 1512 1612 I ActivityTaskManager: clear resize flag in freeform mode
03-22 11:04:15.553 1512 1612 W WindowManager: updateScale : 0.49928057
03-22 11:04:15.570 1512 1612 I ActivityTaskManager: clear resize flag in freeform mode
03-22 11:04:15.570 1512 1612 W WindowManager: updateScale : 0.49208632
03-22 11:04:15.585 1512 5223 W WindowManager: updateScale : 0.49208632
03-22 11:04:15.588 1512 1612 I ActivityTaskManager: clear resize flag in freeform mode
03-22 11:04:15.589 1512 1612 W WindowManager: updateScale : 0.48776978
03-22 11:04:15.603 1512 1612 I ActivityTaskManager: clear resize flag in freeform mode
03-22 11:04:15.604 1512 1612 W WindowManager: updateScale : 0.48345324
03-22 11:04:15.617 1512 5223 W WindowManager: updateScale : 0.48345324
03-22 11:04:15.621 1512 1612 I ActivityTaskManager: clear resize flag in freeform mode
03-22 11:04:15.622 1512 1612 W WindowManager: updateScale : 0.4820144
03-22 11:04:15.636 1512 1612 I ActivityTaskManager: clear resize flag in freeform mode
03-22 11:04:15.637 1512 1612 W WindowManager: updateScale : 0.48057553
03-22 11:04:15.651 1512 5223 W WindowManager: updateScale : 0.48057553
03-22 11:04:15.654 1512 1612 I ActivityTaskManager: clear resize flag in freeform mode
03-22 11:04:15.655 1512 1612 W WindowManager: updateScale : 0.4791367
03-22 11:04:15.671 1512 1612 I ActivityTaskManager: clear resize flag in freeform mode
03-22 11:04:15.671 1512 1612 W WindowManager: updateScale : 0.47769785
03-22 11:04:15.684 1512 5223 W WindowManager: updateScale : 0.47769785
03-22 11:04:15.688 1512 1612 I ActivityTaskManager: clear resize flag in freeform mode
03-22 11:04:15.689 1512 1612 W WindowManager: updateScale : 0.47769785
03-22 11:04:15.698 1512 5223 W WindowManager: updateScale : 0.47769785
03-22 11:04:15.715 1512 5223 W WindowManager: updateScale : 0.47769785
03-22 11:04:16.187 0 0 I auditd : type=1400 audit(0.0:21997): avc: denied { kill } for comm="swapper/0" capability=5 scontext=u:r:kernel:s0 tcontext=u:r:kernel:s0 tclass=capability permissive=0
03-22 11:04:16.340 1512 1612 I ActivityTaskManager: clear resize flag in freeform mode
03-22 11:04:16.341 1512 1612 W WindowManager: updateScale : 0.53669065
03-22 11:04:16.356 1512 1612 I ActivityTaskManager: clear resize flag in freeform mode
03-22 11:04:16.356 1512 1612 W WindowManager: updateScale : 0.58992803
03-22 11:04:16.372 1512 1612 I ActivityTaskManager: clear resize flag in freeform mode
03-22 11:04:16.373 1512 1612 W WindowManager: updateScale : 0.6345324
03-22 11:04:16.386 1512 5088 W WindowManager: updateScale : 0.6345324
03-22 11:04:16.389 1512 1612 I ActivityTaskManager: clear resize flag in freeform mode
03-22 11:04:16.390 1512 1612 W WindowManager: updateScale : 0.66906476
03-22 11:04:16.405 1512 1612 I ActivityTaskManager: clear resize flag in freeform mode
03-22 11:04:16.406 1512 1612 W WindowManager: updateScale : 0.69928056
03-22 11:04:16.420 1512 5088 W WindowManager: updateScale : 0.69928056
03-22 11:04:16.424 1512 1612 I ActivityTaskManager: clear resize flag in freeform mode
03-22 11:04:16.425 1512 1612 W WindowManager: updateScale : 0.723741
03-22 11:04:16.439 1512 1612 I ActivityTaskManager: clear resize flag in freeform mode
03-22 11:04:16.439 1512 1612 W WindowManager: updateScale : 0.74244606
03-22 11:04:16.456 1512 1612 I ActivityTaskManager: clear resize flag in freeform mode
03-22 11:04:16.457 1512 1612 W WindowManager: updateScale : 0.7568345
03-22 11:04:16.469 1512 5088 W WindowManager: updateScale : 0.7568345
03-22 11:04:16.473 1512 1612 I ActivityTaskManager: clear resize flag in freeform mode
03-22 11:04:16.473 1512 1612 W WindowManager: updateScale : 0.76978415
03-22 11:04:16.489 1512 1612 I ActivityTaskManager: clear resize flag in freeform mode
03-22 11:04:16.489 1512 1612 W WindowManager: updateScale : 0.7784173
03-22 11:04:16.503 1512 5088 W WindowManager: updateScale : 0.7784173
03-22 11:04:16.507 1512 1612 I ActivityTaskManager: clear resize flag in freeform mode
03-22 11:04:16.507 1512 1612 W WindowManager: updateScale : 0.78417265
03-22 11:04:16.518 1512 5088 W WindowManager: updateScale : 0.78417265
03-22 11:04:16.522 1512 1612 I ActivityTaskManager: clear resize flag in freeform mode
03-22 11:04:16.523 1512 1612 W WindowManager: updateScale : 0.7899281
03-22 11:04:16.533 1512 5088 W WindowManager: updateScale : 0.7899281
03-22 11:04:16.539 1512 1612 I ActivityTaskManager: clear resize flag in freeform mode
03-22 11:04:16.539 1512 1612 W WindowManager: updateScale : 0.7942446
03-22 11:04:16.550 1512 5088 W WindowManager: updateScale : 0.7942446
03-22 11:04:16.555 1512 1612 I ActivityTaskManager: clear resize flag in freeform mode
03-22 11:04:16.556 1512 1612 W WindowManager: updateScale : 0.79568344
03-22 11:04:16.567 1512 5088 W WindowManager: updateScale : 0.79568344
03-22 11:04:16.572 1512 1612 I ActivityTaskManager: clear resize flag in freeform mode
03-22 11:04:16.573 1512 1612 W WindowManager: updateScale : 0.7971223
03-22 11:04:16.586 1512 5088 W WindowManager: updateScale : 0.7971223
03-22 11:04:16.589 1512 1612 I ActivityTaskManager: clear resize flag in freeform mode
03-22 11:04:16.589 1512 1612 W WindowManager: updateScale : 0.79856116
03-22 11:04:16.600 1512 5088 W WindowManager: updateScale : 0.79856116
03-22 11:04:16.605 1512 1612 I ActivityTaskManager: clear resize flag in freeform mode
03-22 11:04:16.606 1512 1612 W WindowManager: updateScale : 0.8
03-22 11:04:16.623 1512 1612 I ActivityTaskManager: clear resize flag in freeform mode
03-22 11:04:16.623 1512 1612 W WindowManager: updateScale : 0.8
03-22 11:04:16.635 1512 5088 W WindowManager: updateScale : 0.8
03-22 11:04:17.187 0 0 I auditd : type=1400 audit(0.0:21998): avc: denied { kill } for comm="swapper/0" capability=5 scontext=u:r:kernel:s0 tcontext=u:r:kernel:s0 tclass=capability permissive=0
03-22 11:04:17.348 1512 5088 W WindowManager: updateScale : 0.8
03-22 11:04:17.365 1512 1611 W WindowManager: updateScale : 0.8
03-22 11:04:17.450 1512 5223 D FreeFormWindowHelper: Remove freefrom task=Task{6edeb65 #113 type=standard A=10065:com.android.gallery3d U=0 visible=true mode=fullscreen translucent=false sz=1}
03-22 11:04:17.471 1512 5223 I wm_relaunch_resume_activity: [0,107659848,113,com.android.gallery3d/.app.GalleryActivity]
03-22 11:04:17.472 1512 5223 I wm_add_to_stopping: [0,70633193,com.android.launcher3/.uioverrides.QuickstepLauncher,makeInvisible]
03-22 11:04:17.481 6785 6785 I wm_on_top_resumed_lost_called: [107659848,com.android.gallery3d.app.GalleryActivity,pausing]
03-22 11:04:17.489 1512 5088 W WindowManager: Attempted to set replacing window on app token with no content Token{7beacf ActivityRecord{66ac248 u0 com.android.gallery3d/.app.GalleryActivity t113}}
03-22 11:04:17.501 1512 1618 I am_pss : [6785,10065,com.android.gallery3d,57835520,49836032,47104,169385984,0,2,12]
03-22 11:04:17.510 6785 6785 I wm_on_paused_called: [107659848,com.android.gallery3d.app.GalleryActivity,performPause]
03-22 11:04:17.510 6785 6785 I wm_on_stop_called: [107659848,com.android.gallery3d.app.GalleryActivity,handleRelaunchActivity]
03-22 11:04:17.510 1512 1618 I am_pss : [6638,1000,com.android.settings,20277248,12468224,48128,116391936,0,19,8]
03-22 11:04:17.513 6785 6785 I wm_on_destroy_called: [107659848,com.android.gallery3d.app.GalleryActivity,performDestroy]
03-22 11:04:17.521 1512 1618 I am_pss : [6580,10102,com.tencent.qqmusic:QQPlayerService,57655296,21479424,48128,186761216,0,19,9]
03-22 11:04:17.535 1512 1618 I am_pss : [6447,10102,com.tencent.qqmusic,80630784,43212800,45056,216272896,0,19,13]
03-22 11:04:17.536 6785 6785 I wm_on_create_called: [107659848,com.android.gallery3d.app.GalleryActivity,performCreate]
03-22 11:04:17.538 6785 6785 I wm_on_start_called: [107659848,com.android.gallery3d.app.GalleryActivity,handleStartActivity]
03-22 11:04:17.542 1512 1618 I am_pss : [6426,10104,com.thundersoft.notificationtest1,17895424,13471744,48128,101584896,0,19,7]
03-22 11:04:17.547 6785 6785 I wm_on_resume_called: [107659848,com.android.gallery3d.app.GalleryActivity,RESUME_ACTIVITY]
03-22 11:04:17.547 6785 6785 I wm_on_top_resumed_gained_called: [107659848,com.android.gallery3d.app.GalleryActivity,topWhenResuming]
03-22 11:04:17.549 1512 1618 I am_pss : [6062,10081,com.qualcomm.qti.qccauthmgr,6847488,4444160,48128,91021312,0,19,5]
03-22 11:04:17.564 1512 5088 I WindowManager: finishDrawing of relaunch: Window{570b4cb u0 com.android.gallery3d/com.android.gallery3d.app.GalleryActivity} 93ms
03-22 11:04:17.908 1512 1610 I wm_stop_activity: [0,70633193,com.android.launcher3/.uioverrides.QuickstepLauncher]
03-22 11:04:17.946 2573 2573 I wm_on_paused_called: [70633193,com.android.launcher3.uioverrides.QuickstepLauncher,performPause]
03-22 11:04:17.949 2573 2573 I wm_on_stop_called: [70633193,com.android.launcher3.uioverrides.QuickstepLauncher,STOP_ACTIVITY_ITEM]
03-22 11:04:18.187 0 0 I auditd : type=1400 audit(0.0:21999): avc: denied { kill } for comm="swapper/0" capability=5 scontext=u:r:kernel:s0 tcontext=u:r:kernel:s0 tclass=capability permissive=0
03-22 11:04:18.833 1512 5223 W FreeFormWindowHelper: Current Display FreeFormTask is null
03-22 11:04:18.834 1512 5223 W FreeFormWindowHelper: Current Display FreeFormTask is null
03-22 11:04:18.838 1512 5223 W FreeFormWindowHelper: Current Display FreeFormTask is null
03-22 11:04:18.839 1512 5088 I wm_task_moved: [1,0,0]
03-22 11:04:18.840 1512 5088 I wm_task_moved: [1,0,5]
03-22 11:04:18.842 1512 5223 W FreeFormWindowHelper: Current Display FreeFormTask is null
03-22 11:04:18.853 2573 2573 I wm_on_restart_called: [70633193,com.android.launcher3.uioverrides.QuickstepLauncher,performRestartActivity]
03-22 11:04:18.855 1512 5223 W FreeFormWindowHelper: Current Display FreeFormTask is null
03-22 11:04:18.855 1512 5223 W FreeFormWindowHelper: Current Display FreeFormTask is null
03-22 11:04:18.855 1512 11766 W FreeFormWindowHelper: Current Display FreeFormTask is null
03-22 11:04:18.906 2573 2573 I wm_on_start_called: [70633193,com.android.launcher3.uioverrides.QuickstepLauncher,handleStartActivity]
03-22 11:04:18.913 1512 11766 W FreeFormWindowHelper: Current Display FreeFormTask is null
03-22 11:04:18.913 1512 11766 W FreeFormWindowHelper: Current Display FreeFormTask is null
03-22 11:04:18.916 1512 5087 W ActivityTaskManager: getTaskSnapshot: taskId=106 not found
03-22 11:04:18.917 1512 5087 W ActivityTaskManager: getTaskSnapshot: taskId=107 not found
03-22 11:04:18.918 1512 5087 W ActivityTaskManager: getTaskSnapshot: taskId=107 not found
03-22 11:04:18.918 1512 5087 W ActivityTaskManager: getTaskSnapshot: taskId=107 not found
03-22 11:04:18.923 6785 6785 I view_enqueue_input_event: [Motion - Cancel,com.android.gallery3d/com.android.gallery3d.app.GalleryActivity]
03-22 11:04:18.923 2573 2573 I sysui_latency: [1,100]
03-22 11:04:18.926 1512 5087 W FreeFormWindowHelper: Current Display FreeFormTask is null
03-22 11:04:18.927 1512 5087 W FreeFormWindowHelper: Current Display FreeFormTask is null
03-22 11:04:18.932 1512 1697 I input_interaction: Interaction with: swipe-up (server), edge-swipe (server), PointerEventDispatcher0 (server),
03-22 11:04:18.936 1512 1611 I input_focus: [Focus request recents_animation_input_consumer,reason=UpdateInputWindows]
03-22 11:04:18.941 1512 1607 I sysui_multi_action: [319,21,322,89,325,30182,757,761,758,9,759,5,806,com.android.launcher3,871,com.android.launcher3.uioverrides.QuickstepLauncher,905,0,1320,8,1321,5]
03-22 11:04:18.942 1512 5087 W FreeFormWindowHelper: Current Display FreeFormTask is null
03-22 11:04:18.942 1512 5087 W FreeFormWindowHelper: Current Display FreeFormTask is null
03-22 11:04:18.946 1512 5223 W ActivityTaskManager: getTaskSnapshot: taskId=191 not found
03-22 11:04:18.948 1512 5223 W ActivityTaskManager: getTaskSnapshot: taskId=191 not found
03-22 11:04:18.948 1512 5223 W ActivityTaskManager: getTaskSnapshot: taskId=191 not found
03-22 11:04:18.948 1512 5223 W ActivityTaskManager: getTaskSnapshot: taskId=192 not found
03-22 11:04:18.958 1512 5223 W FreeFormWindowHelper: Current Display FreeFormTask is null
03-22 11:04:18.958 1512 5223 W FreeFormWindowHelper: Current Display FreeFormTask is null
03-22 11:04:18.959 1512 1697 I input_focus: [Focus leaving 570b4cb com.android.gallery3d/com.android.gallery3d.app.GalleryActivity (server),reason=NOT_FOCUSABLE]
03-22 11:04:18.959 1512 1697 I input_focus: [Focus entering recents_animation_input_consumer (server),reason=setFocusedWindow]
03-22 11:04:18.975 1512 11766 W FreeFormWindowHelper: Current Display FreeFormTask is null
03-22 11:04:18.975 1512 11766 W FreeFormWindowHelper: Current Display FreeFormTask is null
03-22 11:04:19.115 1512 1684 I commit_sys_config_file: [settings-1-0,10]
03-22 11:04:19.187 0 0 I auditd : type=1400 audit(0.0:22000): avc: denied { kill } for comm="swapper/0" capability=5 scontext=u:r:kernel:s0 tcontext=u:r:kernel:s0 tclass=capability permissive=0
03-22 11:04:19.232 1512 1618 I sysui_latency: [8,107]
03-22 11:04:19.333 1512 11766 W FreeFormWindowHelper: Current Display FreeFormTask is null
03-22 11:04:19.333 1512 11766 W FreeFormWindowHelper: Current Display FreeFormTask is null
03-22 11:04:19.334 1512 5223 W FreeFormWindowHelper: Current Display FreeFormTask is null
01-01 17:29:08.587 0 0 E DTC_Display: Abnormal voltage: 0mV
01-01 17:29:08.587 0 0 E DTC_Display: screen not ready
03-22 11:04:19.754 1512 5087 I wm_task_moved: [1,1,6]
03-22 11:04:19.758 1512 5087 I wm_focused_root_task: [0,0,1,113,RecentsAnimation.onAnimationFinished()]
03-22 11:04:19.759 6785 6785 I wm_on_top_resumed_lost_called: [107659848,com.android.gallery3d.app.GalleryActivity,topStateChangedWhenResumed]
03-22 11:04:19.760 1512 5087 I wm_pause_activity: [0,107659848,com.android.gallery3d/.app.GalleryActivity,userLeaving=false,pauseBackTasks]
03-22 11:04:19.761 1512 5087 I ActivityTaskManager: FOREGROUND_APPLICATION_CHANGED to com.android.launcher3.uioverrides.QuickstepLauncher
03-22 11:04:19.762 1512 5087 I wm_set_resumed_activity: [0,com.android.launcher3/.uioverrides.QuickstepLauncher,resumeTopActivityInnerLocked]
03-22 11:04:19.764 1512 5087 I wm_resume_activity: [0,70633193,32,com.android.launcher3/.uioverrides.QuickstepLauncher]
03-22 11:04:19.765 1512 5087 I wm_add_to_stopping: [0,107659848,com.android.gallery3d/.app.GalleryActivity,makeInvisible]
03-22 11:04:19.765 2573 2573 I wm_on_resume_called: [70633193,com.android.launcher3.uioverrides.QuickstepLauncher,RESUME_ACTIVITY]
03-22 11:04:19.775 1512 1611 I input_focus: [Focus request a81a7d0 com.android.launcher3/com.android.launcher3.uioverrides.QuickstepLauncher,reason=UpdateInputWindows]
03-22 11:04:19.782 1512 1697 I input_focus: [Focus leaving recents_animation_input_consumer (server),reason=NOT_VISIBLE]
03-22 11:04:19.787 1512 1610 I sysui_multi_action: [757,803,799,window_time_2,802,38]
03-22 11:04:19.787 1512 5087 W FreeFormWindowHelper: Current Display FreeFormTask is null
03-22 11:04:19.787 6785 6785 I wm_on_paused_called: [107659848,com.android.gallery3d.app.GalleryActivity,performPause]
03-22 11:04:19.787 1512 5087 W FreeFormWindowHelper: Current Display FreeFormTask is null
03-22 11:04:19.788 1512 5087 W FreeFormWindowHelper: Current Display FreeFormTask is null
03-22 11:04:19.789 1512 11965 I wm_stop_activity: [0,107659848,com.android.gallery3d/.app.GalleryActivity]
03-22 11:04:19.796 1512 1610 I sysui_multi_action: [757,803,799,window_time_0,802,0]
03-22 11:04:19.796 1512 1697 I input_focus: [Focus entering a81a7d0 com.android.launcher3/com.android.launcher3.uioverrides.QuickstepLauncher (server),reason=setFocusedWindow]
01-01 17:29:08.902 0 0 E DTC_ETH,link_delay_work_func: 3003, SQI=0, link=0
03-22 11:04:19.804 2573 2573 I wm_on_top_resumed_gained_called: [70633193,com.android.launcher3.uioverrides.QuickstepLauncher,topStateChangedWhenResumed]
03-22 11:04:19.806 1512 2089 W FreeFormWindowHelper: Current Display FreeFormTask is null
03-22 11:04:19.806 1512 2089 W FreeFormWindowHelper: Current Display FreeFormTask is null
03-22 11:04:19.809 6785 6785 I wm_on_stop_called: [107659848,com.android.gallery3d.app.GalleryActivity,STOP_ACTIVITY_ITEM]
03-22 11:04:19.878 1512 11966 W FreeFormWindowHelper: Current Display FreeFormTask is null
03-22 11:04:20.005 1512 1684 I commit_sys_config_file: [settings-1-0,4]
03-22 11:04:21.106 1512 1697 I input_interaction: Interaction with: a81a7d0 com.android.launcher3/com.android.launcher3.uioverrides.QuickstepLauncher (server), d87d679 com.android.systemui.ImageWallpaper (server), swipe-up (server), edge-swipe (server), PointerEventDispatcher0 (server),
03-22 11:04:21.191 0 0 I auditd : type=1400 audit(0.0:22001): avc: denied { kill } for comm="swapper/0" capability=5 scontext=u:r:kernel:s0 tcontext=u:r:kernel:s0 tclass=capability permissive=0
03-22 11:04:21.257 1512 5088 D FreeFormWindowHelper: Add freeform task=Task{4bef1f1 #101 type=standard A=10082:android.task.music U=0 visible=false mode=freeform translucent=true sz=0}
03-22 11:04:21.260 1512 5088 I wm_task_moved: [1,1,7]
03-22 11:04:21.261 1512 5088 I wm_set_resumed_activity: [0,com.android.launcher3/.uioverrides.QuickstepLauncher,positionChildAt]
03-22 11:04:21.261 1512 5088 I ActivityTaskManager: START u0 {act=android.intent.action.MAIN cat=[android.intent.category.LAUNCHER] flg=0x10300000 cmp=com.android.music/.MusicBrowserActivity} from uid 10076
03-22 11:04:21.268 1512 5088 I wm_task_moved: [101,1,7]
03-22 11:04:21.268 1512 5088 I wm_task_to_front: [0,101]
03-22 11:04:21.268 1512 5088 I wm_focused_root_task: [0,0,101,1,reuseOrNewTask]
03-22 11:04:21.268 1512 5088 I wm_create_activity: [0,111984922,101,com.android.music/.MusicBrowserActivity,android.intent.action.MAIN,NULL,NULL,271581184]
03-22 11:04:21.268 1512 5088 I ActivityTaskManager: FOREGROUND_APPLICATION_CHANGED to com.android.music.MusicBrowserActivity
03-22 11:04:21.269 1512 5088 I ActivityTaskManager: The Process com.android.music Already Exists in BG. So sending its PID: 18332
03-22 11:04:21.269 1512 5088 W ActivityTaskManager: Tried to set launchTime (0) < mLastActivityLaunchTime (19982991)
03-22 11:04:21.269 1512 5088 I wm_restart_activity: [0,111984922,101,com.android.music/.MusicBrowserActivity]
03-22 11:04:21.270 1512 5088 I wm_set_resumed_activity: [0,com.android.music/.MusicBrowserActivity,minimalResumeActivityLocked]
03-22 11:04:21.271 1512 11966 W ActivityManager: Receiver with filter android.content.IntentFilter@e80544b already registered for pid 18332, callerPackage is com.android.music
03-22 11:04:21.277 2573 2573 I wm_on_top_resumed_lost_called: [70633193,com.android.launcher3.uioverrides.QuickstepLauncher,topStateChangedWhenResumed]
03-22 11:04:21.281 1512 11966 W FreeFormWindowHelper: exitRecentTasks type=1
03-22 11:04:21.294 18332 18332 I wm_on_create_called: [111984922,com.android.music.MusicBrowserActivity,performCreate]
03-22 11:04:21.299 18332 18332 I wm_on_start_called: [111984922,com.android.music.MusicBrowserActivity,handleStartActivity]
03-22 11:04:21.299 18332 18332 I wm_on_resume_called: [111984922,com.android.music.MusicBrowserActivity,RESUME_ACTIVITY]
03-22 11:04:21.301 18332 18332 I wm_on_top_resumed_gained_called: [111984922,com.android.music.MusicBrowserActivity,topStateChangedWhenResumed]
03-22 11:04:21.301 1512 1751 I GameModeConfig: isGameModeOn = false
03-22 11:04:21.301 1512 1751 I GameModeConfig: isGameModeOn = false
03-22 11:04:21.302 1512 1751 I GameModeConfig: isGameModeOn = false
03-22 11:04:21.302 1512 1751 I GameModeConfig: isGameModeOn = false
03-22 11:04:21.308 1512 1512 I notification_enqueue: [10082,18332,com.android.music,1,NULL,0,Notification(channel=Channel-music shortcut=null contentView=null vibrate=null sound=null defaults=0x0 flags=0x40 color=0x00000000 category=transport actions=5 vis=PRIVATE),1]
03-22 11:04:21.309 1512 1512 I notification_enqueue: [10082,18332,com.android.music,1,NULL,0,Notification(channel=Channel-music shortcut=null contentView=null vibrate=null sound=null defaults=0x0 flags=0x40 color=0x00000000 category=transport actions=5 vis=PRIVATE),1]
03-22 11:04:21.310 1512 1751 I GameModeConfig: isGameModeOn = false
03-22 11:04:21.310 1512 1751 I GameModeConfig: isGameModeOn = false
03-22 11:04:21.311 1512 1751 I GameModeConfig: isGameModeOn = false
03-22 11:04:21.311 1512 1751 I GameModeConfig: isGameModeOn = false
03-22 11:04:21.318 1512 1512 I notification_enqueue: [10082,18332,com.android.music,1,NULL,0,Notification(channel=Channel-music shortcut=null contentView=null vibrate=null sound=null defaults=0x0 flags=0x40 color=0x00000000 category=transport actions=5 vis=PRIVATE),1]
03-22 11:04:21.319 1512 1512 I notification_enqueue: [10082,18332,com.android.music,1,NULL,0,Notification(channel=Channel-music shortcut=null contentView=null vibrate=null sound=null defaults=0x0 flags=0x40 color=0x00000000 category=transport actions=5 vis=PRIVATE),1]
03-22 11:04:21.328 1512 5223 W WindowManager: updateScale : 0.47769785
03-22 11:04:21.330 1512 1611 I input_focus: [Focus request c4bd370 com.android.music/com.android.music.MusicBrowserActivity,reason=UpdateInputWindows]
03-22 11:04:21.338 1512 1611 W WindowManager: updateScale : 0.47769785
03-22 11:04:21.340 1512 1611 W WindowManager: updateScale : 0.47769785
03-22 11:04:21.341 1512 1607 I sysui_multi_action: [319,79,322,78,325,30184,757,761,758,8,759,2,806,com.android.music,871,com.android.music.MusicBrowserActivity,904,com.android.launcher3,905,0,1320,4,1321,1]
03-22 11:04:21.341 1512 1611 W WindowManager: updateScale : 0.47769785
03-22 11:04:21.341 1512 1607 I wm_activity_launch_time: [0,111984922,com.android.music/.MusicBrowserActivity,78]
03-22 11:04:21.349 1512 1697 I input_focus: [Focus leaving a81a7d0 com.android.launcher3/com.android.launcher3.uioverrides.QuickstepLauncher (server),reason=setFocusedWindow]
